2024-02-15T22:41:52.133+0000 7f91077fe700 1 --2- >> [v2:172.21.15.138:3300/0,v1:172.21.15.138:6789/0] conn(0x7f91081059d0 0x7f9108199660 unknown :-1 s=BANNER_CONNECTING pgs=0 cs=0 l=1 rev1=0 crypto rx=0 tx=0 comp rx=0 tx=0)._handle_peer_banner_payload supported=3 required=0
2024-02-15T22:41:52.843 INFO:teuthology.orchestra.run.smithi138.stdout:/usr/bin/ceph: stderr
2024-02-15T22:41:52.133+0000 7f91077fe700 1 --2- >> [v2:172.21.15.138:3300/0,v1:172.21.15.138:6789/0] conn(0x7f91081059d0 0x7f9108199660 unknown :-1 s=HELLO_CONNECTING pgs=0 cs=0 l=1 rev1=1 crypto rx=0 tx=0 comp rx=0 tx=0).handle_hello peer v2:172.21.15.138:3300/0 says I am v2:172.21.15.138:37418/0 (socket says 172.21.15.138:37418)
2024-02-15T22:41:52.843 INFO:teuthology.orchestra.run.smithi138.stdout:/usr/bin/ceph: stderr
2024-02-15T22:41:52.133+0000 7f91077fe700 1 -- 172.21.15.138:0/4161482731 learned_addr learned my addr 172.21.15.138:0/4161482731 (peer_addr_for_me v2:172.21.15.138:0/0)
2024-02-15T22:41:52.843 INFO:teuthology.orchestra.run.smithi138.stdout:/usr/bin/ceph: stderr
2024-02-15T22:41:52.133+0000 7f91077fe700 1 -- 172.21.15.138:0/4161482731 --> [v2:172.21.15.138:3300/0,v1:172.21.15.138:6789/0] -- mon_subscribe({config=0+,monmap=0+}) v3 -- 0x7f90f8009500 con 0x7f91081059d0
2024-02-15T22:41:52.843 INFO:teuthology.orchestra.run.smithi138.stdout:/usr/bin/ceph: stderr
2024-02-15T22:41:52.134+0000 7f91077fe700 1 --2- 172.21.15.138:0/4161482731 >> [v2:172.21.15.138:3300/0,v1:172.21.15.138:6789/0] conn(0x7f91081059d0 0x7f9108199660 secure :-1 s=READY pgs=36 cs=0 l=1 rev1=1 crypto rx=0x7f90f8006160 tx=0x7f90f8006190 comp rx=0 tx=0).ready entity=mon.0 client_cookie=0 server_cookie=0 in_seq=0 out_seq=0
2024-02-15T22:41:52.844 INFO:teuthology.orchestra.run.smithi138.stdout:/usr/bin/ceph: stderr
2024-02-15T22:41:52.134+0000 7f9104ff9700 1 -- 172.21.15.138:0/4161482731 <== mon.0 v2:172.21.15.138:3300/0 1 ==== mon_map magic: 0 v1 ==== 229+0+0 (secure 0 0 0) 0x7f90f8004430 con 0x7f91081059d0
2024-02-15T22:41:52.844 INFO:teuthology.orchestra.run.smithi138.stdout:/usr/bin/ceph: stderr
2024-02-15T22:41:52.134+0000 7f9104ff9700 1 -- 172.21.15.138:0/4161482731 <== mon.0 v2:172.21.15.138:3300/0 2 ==== config(27 keys) v1 ==== 1037+0+0 (secure 0 0 0) 0x7f90f8006760 con 0x7f91081059d0
2024-02-15T22:41:52.844 INFO:teuthology.orchestra.run.smithi138.stdout:/usr/bin/ceph: stderr
2024-02-15T22:41:52.134+0000 7f9104ff9700 1 -- 172.21.15.138:0/4161482731 <== mon.0 v2:172.21.15.138:3300/0 3 ==== mon_map magic: 0 v1 ==== 229+0+0 (secure 0 0 0) 0x7f90f8011d00 con 0x7f91081059d0
2024-02-15T22:41:52.844 INFO:teuthology.orchestra.run.smithi138.stdout:/usr/bin/ceph: stderr
2024-02-15T22:41:52.134+0000 7f910de5a700 1 -- 172.21.15.138:0/4161482731 --> [v2:172.21.15.138:3300/0,v1:172.21.15.138:6789/0] -- mon_subscribe({mgrmap=0+}) v3 -- 0x7f9108199da0 con 0x7f91081059d0
2024-02-15T22:41:52.844 INFO:teuthology.orchestra.run.smithi138.stdout:/usr/bin/ceph: stderr
2024-02-15T22:41:52.134+0000 7f910de5a700 1 -- 172.21.15.138:0/4161482731 --> [v2:172.21.15.138:3300/0,v1:172.21.15.138:6789/0] -- mon_subscribe({osdmap=0}) v3 -- 0x7f910819a240 con 0x7f91081059d0
2024-02-15T22:41:52.844 INFO:teuthology.orchestra.run.smithi138.stdout:/usr/bin/ceph: stderr
2024-02-15T22:41:52.135+0000 7f9104ff9700 1 -- 172.21.15.138:0/4161482731 <== mon.0 v2:172.21.15.138:3300/0 4 ==== mgrmap(e 7) v1 ==== 44978+0+0 (secure 0 0 0) 0x7f90f8018070 con 0x7f91081059d0
2024-02-15T22:41:52.844 INFO:teuthology.orchestra.run.smithi138.stdout:/usr/bin/ceph: stderr
2024-02-15T22:41:52.135+0000 7f910de5a700 1 -- 172.21.15.138:0/4161482731 --> [v2:172.21.15.138:3300/0,v1:172.21.15.138:6789/0] -- mon_command({"prefix": "get_command_descriptions"} v 0) v1 -- 0x7f9108062380 con 0x7f91081059d0
2024-02-15T22:41:52.844 INFO:teuthology.orchestra.run.smithi138.stdout:/usr/bin/ceph: stderr
2024-02-15T22:41:52.135+0000 7f9104ff9700 1 --2- 172.21.15.138:0/4161482731 >> [v2:172.21.15.138:6800/2928099655,v1:172.21.15.138:6801/2928099655] conn(0x7f90f0038290 0x7f90f003a740 unknown :-1 s=NONE pgs=0 cs=0 l=1 rev1=0 crypto rx=0 tx=0 comp rx=0 tx=0).connect
2024-02-15T22:41:52.844 INFO:teuthology.orchestra.run.smithi138.stdout:/usr/bin/ceph: stderr
2024-02-15T22:41:52.135+0000 7f9104ff9700 1 -- 172.21.15.138:0/4161482731 <== mon.0 v2:172.21.15.138:3300/0 5 ==== osd_map(2..2 src has 1..2) v4 ==== 940+0+0 (secure 0 0 0) 0x7f90f804ba40 con 0x7f91081059d0
2024-02-15T22:41:52.844 INFO:teuthology.orchestra.run.smithi138.stdout:/usr/bin/ceph: stderr
2024-02-15T22:41:52.135+0000 7f9106ffd700 1 --2- 172.21.15.138:0/4161482731 >> [v2:172.21.15.138:6800/2928099655,v1:172.21.15.138:6801/2928099655] conn(0x7f90f0038290 0x7f90f003a740 unknown :-1 s=BANNER_CONNECTING pgs=0 cs=0 l=1 rev1=0 crypto rx=0 tx=0 comp rx=0 tx=0)._handle_peer_banner_payload supported=3 required=0
2024-02-15T22:41:52.844 INFO:teuthology.orchestra.run.smithi138.stdout:/usr/bin/ceph: stderr
2024-02-15T22:41:52.135+0000 7f9106ffd700 1 --2- 172.21.15.138:0/4161482731 >> [v2:172.21.15.138:6800/2928099655,v1:172.21.15.138:6801/2928099655] conn(0x7f90f0038290 0x7f90f003a740 secure :-1 s=READY pgs=7 cs=0 l=1 rev1=1 crypto rx=0x7f90fc006fd0 tx=0x7f90fc006e40 comp rx=0 tx=0).ready entity=mgr.14118 client_cookie=0 server_cookie=0 in_seq=0 out_seq=0
2024-02-15T22:41:52.844 INFO:teuthology.orchestra.run.smithi138.stdout:/usr/bin/ceph: stderr
2024-02-15T22:41:52.140+0000 7f9104ff9700 1 -- 172.21.15.138:0/4161482731 <== mon.0 v2:172.21.15.138:3300/0 6 ==== mon_command_ack([{"prefix": "get_command_descriptions"}]=0 v0) v1 ==== 72+0+177933 (secure 0 0 0) 0x7f90f800bb40 con 0x7f91081059d0
2024-02-15T22:41:52.844 INFO:teuthology.orchestra.run.smithi138.stdout:/usr/bin/ceph: stderr
2024-02-15T22:41:52.229+0000 7f9104ff9700 1 -- 172.21.15.138:0/4161482731 <== mon.0 v2:172.21.15.138:3300/0 7 ==== mgrmap(e 8) v1 ==== 45084+0+0 (secure 0 0 0) 0x7f90f800bd20 con 0x7f91081059d0
2024-02-15T22:41:52.845 INFO:teuthology.orchestra.run.smithi138.stdout:/usr/bin/ceph: stderr
2024-02-15T22:41:52.342+0000 7f910de5a700 1 -- 172.21.15.138:0/4161482731 --> [v2:172.21.15.138:6800/2928099655,v1:172.21.15.138:6801/2928099655] -- mgr_command(tid 0: {"prefix": "orch set backend", "module_name": "cephadm", "target": ["mon-mgr", ""]}) v1 -- 0x7f9108102490 con 0x7f90f0038290
2024-02-15T22:41:52.845 INFO:teuthology.orchestra.run.smithi138.stdout:/usr/bin/ceph: stderr
2024-02-15T22:41:52.349+0000 7f9104ff9700 1 -- 172.21.15.138:0/4161482731 <== mgr.14118 v2:172.21.15.138:6800/2928099655 1 ==== mgr_command_reply(tid 0: 0 ) v1 ==== 8+0+0 (secure 0 0 0) 0x7f9108102490 con 0x7f90f0038290
2024-02-15T22:41:52.845 INFO:teuthology.orchestra.run.smithi138.stdout:/usr/bin/ceph: stderr
2024-02-15T22:41:52.351+0000 7f910de5a700 1 -- 172.21.15.138:0/4161482731 >> [v2:172.21.15.138:6800/2928099655,v1:172.21.15.138:6801/2928099655] conn(0x7f90f0038290 msgr2=0x7f90f003a740 secure :-1 s=STATE_CONNECTION_ESTABLISHED l=1).mark_down
2024-02-15T22:41:52.845 INFO:teuthology.orchestra.run.smithi138.stdout:/usr/bin/ceph: stderr
2024-02-15T22:41:52.351+0000 7f910de5a700 1 --2- 172.21.15.138:0/4161482731 >> [v2:172.21.15.138:6800/2928099655,v1:172.21.15.138:6801/2928099655] conn(0x7f90f0038290 0x7f90f003a740 secure :-1 s=READY pgs=7 cs=0 l=1 rev1=1 crypto rx=0x7f90fc006fd0 tx=0x7f90fc006e40 comp rx=0 tx=0).stop
2024-02-15T22:41:52.845 INFO:teuthology.orchestra.run.smithi138.stdout:/usr/bin/ceph: stderr
2024-02-15T22:41:52.351+0000 7f910de5a700 1 -- 172.21.15.138:0/4161482731 >> [v2:172.21.15.138:3300/0,v1:172.21.15.138:6789/0] conn(0x7f91081059d0 msgr2=0x7f9108199660 secure :-1 s=STATE_CONNECTION_ESTABLISHED l=1).mark_down
2024-02-15T22:41:52.845 INFO:teuthology.orchestra.run.smithi138.stdout:/usr/bin/ceph: stderr
2024-02-15T22:41:52.351+0000 7f910de5a700 1 --2- 172.21.15.138:0/4161482731 >> [v2:172.21.15.138:3300/0,v1:172.21.15.138:6789/0] conn(0x7f91081059d0 0x7f9108199660 secure :-1 s=READY pgs=36 cs=0 l=1 rev1=1 crypto rx=0x7f90f8006160 tx=0x7f90f8006190 comp rx=0 tx=0).stop
2024-02-15T22:41:52.845 INFO:teuthology.orchestra.run.smithi138.stdout:/usr/bin/ceph: stderr
2024-02-15T22:41:52.352+0000 7f910de5a700 1 -- 172.21.15.138:0/4161482731 shutdown_connections
2024-02-15T22:41:52.845 INFO:teuthology.orchestra.run.smithi138.stdout:/usr/bin/ceph: stderr
2024-02-15T22:41:52.352+0000 7f910de5a700 1 --2- 172.21.15.138:0/4161482731 >> [v2:172.21.15.138:6800/2928099655,v1:172.21.15.138:6801/2928099655] conn(0x7f90f0038290 0x7f90f003a740 unknown :-1 s=CLOSED pgs=7 cs=0 l=1 rev1=1 crypto rx=0 tx=0 comp rx=0 tx=0).stop
2024-02-15T22:41:52.845 INFO:teuthology.orchestra.run.smithi138.stdout:/usr/bin/ceph: stderr
2024-02-15T22:41:52.352+0000 7f910de5a700 1 --2- 172.21.15.138:0/4161482731 >> [v2:172.21.15.138:3300/0,v1:172.21.15.138:6789/0] conn(0x7f91081059d0 0x7f9108199660 unknown :-1 s=CLOSED pgs=36 cs=0 l=1 rev1=1 crypto rx=0 tx=0 comp rx=0 tx=0).stop
2024-02-15T22:41:52.845 INFO:teuthology.orchestra.run.smithi138.stdout:/usr/bin/ceph: stderr
2024-02-15T22:41:52.352+0000 7f910de5a700 1 -- 172.21.15.138:0/4161482731 >> 172.21.15.138:0/4161482731 conn(0x7f9108101020 msgr2=0x7f9108101d80 unknown :-1 s=STATE_NONE l=0).mark_down
2024-02-15T22:41:52.845 INFO:teuthology.orchestra.run.smithi138.stdout:/usr/bin/ceph: stderr
2024-02-15T22:41:52.352+0000 7f910de5a700 1 -- 172.21.15.138:0/4161482731 shutdown_connections
2024-02-15T22:41:52.845 INFO:teuthology.orchestra.run.smithi138.stdout:/usr/bin/ceph: stderr
2024-02-15T22:41:52.352+0000 7f910de5a700 1 -- 172.21.15.138:0/4161482731 wait complete.
2024-02-15T22:41:53.483 INFO:journalctl@ceph.mon.smithi138.smithi138.stdout:Feb 15 22:41:53 smithi138 ceph-mon[29229]: mgrmap e8: smithi138.jqscxs(active, since 2s)
2024-02-15T22:41:53.483 INFO:journalctl@ceph.mon.smithi138.smithi138.stdout:Feb 15 22:41:53 smithi138 ceph-mon[29229]: from='client.14130 -' entity='client.admin' cmd=[{"prefix": "orch set backend", "module_name": "cephadm", "target": ["mon-mgr", ""]}]: dispatch
2024-02-15T22:41:53.483 INFO:journalctl@ceph.mon.smithi138.smithi138.stdout:Feb 15 22:41:53 smithi138 ceph-mon[29229]: from='mgr.14118 172.21.15.138:0/3997549400' entity='mgr.smithi138.jqscxs'
2024-02-15T22:41:53.483 INFO:journalctl@ceph.mon.smithi138.smithi138.stdout:Feb 15 22:41:53 smithi138 ceph-mon[29229]: from='mgr.14118 172.21.15.138:0/3997549400' entity='mgr.smithi138.jqscxs' cmd=[{"prefix": "config dump", "format": "json"}]: dispatch
2024-02-15T22:41:54.156 INFO:teuthology.orchestra.run.smithi138.stdout:/usr/bin/ceph: stdout value unchanged
2024-02-15T22:41:54.156 INFO:teuthology.orchestra.run.smithi138.stdout:/usr/bin/ceph: stderr
2024-02-15T22:41:53.290+0000 7f3d2254a700 1 Processor -- start
2024-02-15T22:41:54.156 INFO:teuthology.orchestra.run.smithi138.stdout:/usr/bin/ceph: stderr
2024-02-15T22:41:53.290+0000 7f3d2254a700 1 -- start start
2024-02-15T22:41:54.156 INFO:teuthology.orchestra.run.smithi138.stdout:/usr/bin/ceph: stderr
2024-02-15T22:41:53.290+0000 7f3d2254a700 1 --2- >> [v2:172.21.15.138:3300/0,v1:172.21.15.138:6789/0] conn(0x7f3d1c1059d0 0x7f3d1c105de0 unknown :-1 s=NONE pgs=0 cs=0 l=0 rev1=0 crypto rx=0 tx=0 comp rx=0 tx=0).connect
2024-02-15T22:41:54.156 INFO:teuthology.orchestra.run.smithi138.stdout:/usr/bin/ceph: stderr
2024-02-15T22:41:53.290+0000 7f3d2254a700 1 -- --> [v2:172.21.15.138:3300/0,v1:172.21.15.138:6789/0] -- mon_getmap magic: 0 v1 -- 0x7f3d1c106320 con 0x7f3d1c1059d0
2024-02-15T22:41:54.156 INFO:teuthology.orchestra.run.smithi138.stdout:/usr/bin/ceph: stderr
2024-02-15T22:41:53.290+0000 7f3d1bfff700 1 --2- >> [v2:172.21.15.138:3300/0,v1:172.21.15.138:6789/0] conn(0x7f3d1c1059d0 0x7f3d1c105de0 unknown :-1 s=BANNER_CONNECTING pgs=0 cs=0 l=0 rev1=0 crypto rx=0 tx=0 comp rx=0 tx=0)._handle_peer_banner_payload supported=3 required=0
2024-02-15T22:41:54.157 INFO:teuthology.orchestra.run.smithi138.stdout:/usr/bin/ceph: stderr
2024-02-15T22:41:53.290+0000 7f3d1bfff700 1 --2- >> [v2:172.21.15.138:3300/0,v1:172.21.15.138:6789/0] conn(0x7f3d1c1059d0 0x7f3d1c105de0 unknown :-1 s=HELLO_CONNECTING pgs=0 cs=0 l=0 rev1=1 crypto rx=0 tx=0 comp rx=0 tx=0).handle_hello peer v2:172.21.15.138:3300/0 says I am v2:172.21.15.138:37424/0 (socket says 172.21.15.138:37424)
2024-02-15T22:41:54.157 INFO:teuthology.orchestra.run.smithi138.stdout:/usr/bin/ceph: stderr
2024-02-15T22:41:53.290+0000 7f3d1bfff700 1 -- 172.21.15.138:0/2459800077 learned_addr learned my addr 172.21.15.138:0/2459800077 (peer_addr_for_me v2:172.21.15.138:0/0)
2024-02-15T22:41:54.157 INFO:teuthology.orchestra.run.smithi138.stdout:/usr/bin/ceph: stderr
2024-02-15T22:41:53.291+0000 7f3d1bfff700 1 -- 172.21.15.138:0/2459800077 --> [v2:172.21.15.138:3300/0,v1:172.21.15.138:6789/0] -- mon_subscribe({config=0+,monmap=0+}) v3 -- 0x7f3d1c106460 con 0x7f3d1c1059d0
2024-02-15T22:41:54.157 INFO:teuthology.orchestra.run.smithi138.stdout:/usr/bin/ceph: stderr
2024-02-15T22:41:53.291+0000 7f3d1bfff700 1 --2- 172.21.15.138:0/2459800077 >> [v2:172.21.15.138:3300/0,v1:172.21.15.138:6789/0] conn(0x7f3d1c1059d0 0x7f3d1c105de0 secure :-1 s=READY pgs=37 cs=0 l=1 rev1=1 crypto rx=0x7f3d0c009870 tx=0x7f3d0c009b80 comp rx=0 tx=0).ready entity=mon.0 client_cookie=145ec06a5fda74d5 server_cookie=0 in_seq=0 out_seq=0
2024-02-15T22:41:54.157 INFO:teuthology.orchestra.run.smithi138.stdout:/usr/bin/ceph: stderr
2024-02-15T22:41:53.291+0000 7f3d1affd700 1 -- 172.21.15.138:0/2459800077 <== mon.0 v2:172.21.15.138:3300/0 1 ==== mon_map magic: 0 v1 ==== 229+0+0 (secure 0 0 0) 0x7f3d0c005c30 con 0x7f3d1c1059d0
2024-02-15T22:41:54.157 INFO:teuthology.orchestra.run.smithi138.stdout:/usr/bin/ceph: stderr
2024-02-15T22:41:53.291+0000 7f3d1affd700 1 -- 172.21.15.138:0/2459800077 <== mon.0 v2:172.21.15.138:3300/0 2 ==== config(27 keys) v1 ==== 1037+0+0 (secure 0 0 0) 0x7f3d0c005d90 con 0x7f3d1c1059d0
2024-02-15T22:41:54.157 INFO:teuthology.orchestra.run.smithi138.stdout:/usr/bin/ceph: stderr
2024-02-15T22:41:53.291+0000 7f3d1affd700 1 -- 172.21.15.138:0/2459800077 <== mon.0 v2:172.21.15.138:3300/0 3 ==== mon_map magic: 0 v1 ==== 229+0+0 (secure 0 0 0) 0x7f3d0c006030 con 0x7f3d1c1059d0
2024-02-15T22:41:54.157 INFO:teuthology.orchestra.run.smithi138.stdout:/usr/bin/ceph: stderr
2024-02-15T22:41:53.291+0000 7f3d2254a700 1 -- 172.21.15.138:0/2459800077 >> [v2:172.21.15.138:3300/0,v1:172.21.15.138:6789/0] conn(0x7f3d1c1059d0 msgr2=0x7f3d1c105de0 secure :-1 s=STATE_CONNECTION_ESTABLISHED l=1).mark_down
2024-02-15T22:41:54.157 INFO:teuthology.orchestra.run.smithi138.stdout:/usr/bin/ceph: stderr
2024-02-15T22:41:53.291+0000 7f3d2254a700 1 --2- 172.21.15.138:0/2459800077 >> [v2:172.21.15.138:3300/0,v1:172.21.15.138:6789/0] conn(0x7f3d1c1059d0 0x7f3d1c105de0 secure :-1 s=READY pgs=37 cs=0 l=1 rev1=1 crypto rx=0x7f3d0c009870 tx=0x7f3d0c009b80 comp rx=0 tx=0).stop
2024-02-15T22:41:54.157 INFO:teuthology.orchestra.run.smithi138.stdout:/usr/bin/ceph: stderr
2024-02-15T22:41:53.292+0000 7f3d2254a700 1 -- 172.21.15.138:0/2459800077 shutdown_connections
2024-02-15T22:41:54.157 INFO:teuthology.orchestra.run.smithi138.stdout:/usr/bin/ceph: stderr
2024-02-15T22:41:53.292+0000 7f3d2254a700 1 --2- 172.21.15.138:0/2459800077 >> [v2:172.21.15.138:3300/0,v1:172.21.15.138:6789/0] conn(0x7f3d1c1059d0 0x7f3d1c105de0 unknown :-1 s=CLOSED pgs=37 cs=0 l=1 rev1=1 crypto rx=0 tx=0 comp rx=0 tx=0).stop
2024-02-15T22:41:54.157 INFO:teuthology.orchestra.run.smithi138.stdout:/usr/bin/ceph: stderr
2024-02-15T22:41:53.292+0000 7f3d2254a700 1 -- 172.21.15.138:0/2459800077 >> 172.21.15.138:0/2459800077 conn(0x7f3d1c101020 msgr2=0x7f3d1c103450 unknown :-1 s=STATE_NONE l=0).mark_down
2024-02-15T22:41:54.157 INFO:teuthology.orchestra.run.smithi138.stdout:/usr/bin/ceph: stderr
2024-02-15T22:41:53.292+0000 7f3d2254a700 1 -- 172.21.15.138:0/2459800077 shutdown_connections
2024-02-15T22:41:54.158 INFO:teuthology.orchestra.run.smithi138.stdout:/usr/bin/ceph: stderr
2024-02-15T22:41:53.292+0000 7f3d2254a700 1 -- 172.21.15.138:0/2459800077 wait complete.
2024-02-15T22:41:54.158 INFO:teuthology.orchestra.run.smithi138.stdout:/usr/bin/ceph: stderr
2024-02-15T22:41:53.292+0000 7f3d2254a700 1 Processor -- start
2024-02-15T22:41:54.158 INFO:teuthology.orchestra.run.smithi138.stdout:/usr/bin/ceph: stderr
2024-02-15T22:41:53.292+0000 7f3d2254a700 1 -- start start
2024-02-15T22:41:54.158 INFO:teuthology.orchestra.run.smithi138.stdout:/usr/bin/ceph: stderr
2024-02-15T22:41:53.293+0000 7f3d2254a700 1 --2- >> [v2:172.21.15.138:3300/0,v1:172.21.15.138:6789/0] conn(0x7f3d1c1059d0 0x7f3d1c199660 unknown :-1 s=NONE pgs=0 cs=0 l=1 rev1=0 crypto rx=0 tx=0 comp rx=0 tx=0).connect
2024-02-15T22:41:54.158 INFO:teuthology.orchestra.run.smithi138.stdout:/usr/bin/ceph: stderr
2024-02-15T22:41:53.293+0000 7f3d2254a700 1 -- --> [v2:172.21.15.138:3300/0,v1:172.21.15.138:6789/0] -- mon_getmap magic: 0 v1 -- 0x7f3d1c199ba0 con 0x7f3d1c1059d0
2024-02-15T22:41:54.158 INFO:teuthology.orchestra.run.smithi138.stdout:/usr/bin/ceph: stderr
2024-02-15T22:41:53.293+0000 7f3d1bfff700 1 --2- >> [v2:172.21.15.138:3300/0,v1:172.21.15.138:6789/0] conn(0x7f3d1c1059d0 0x7f3d1c199660 unknown :-1 s=BANNER_CONNECTING pgs=0 cs=0 l=1 rev1=0 crypto rx=0 tx=0 comp rx=0 tx=0)._handle_peer_banner_payload supported=3 required=0
2024-02-15T22:41:54.158 INFO:teuthology.orchestra.run.smithi138.stdout:/usr/bin/ceph: stderr
2024-02-15T22:41:53.293+0000 7f3d1bfff700 1 --2- >> [v2:172.21.15.138:3300/0,v1:172.21.15.138:6789/0] conn(0x7f3d1c1059d0 0x7f3d1c199660 unknown :-1 s=HELLO_CONNECTING pgs=0 cs=0 l=1 rev1=1 crypto rx=0 tx=0 comp rx=0 tx=0).handle_hello peer v2:172.21.15.138:3300/0 says I am v2:172.21.15.138:37430/0 (socket says 172.21.15.138:37430)
2024-02-15T22:41:54.158 INFO:teuthology.orchestra.run.smithi138.stdout:/usr/bin/ceph: stderr
2024-02-15T22:41:53.293+0000 7f3d1bfff700 1 -- 172.21.15.138:0/966660947 learned_addr learned my addr 172.21.15.138:0/966660947 (peer_addr_for_me v2:172.21.15.138:0/0)
2024-02-15T22:41:54.158 INFO:teuthology.orchestra.run.smithi138.stdout:/usr/bin/ceph: stderr
2024-02-15T22:41:53.293+0000 7f3d1bfff700 1 -- 172.21.15.138:0/966660947 --> [v2:172.21.15.138:3300/0,v1:172.21.15.138:6789/0] -- mon_subscribe({config=0+,monmap=0+}) v3 -- 0x7f3d0c009500 con 0x7f3d1c1059d0
2024-02-15T22:41:54.158 INFO:teuthology.orchestra.run.smithi138.stdout:/usr/bin/ceph: stderr
2024-02-15T22:41:53.293+0000 7f3d1bfff700 1 --2- 172.21.15.138:0/966660947 >> [v2:172.21.15.138:3300/0,v1:172.21.15.138:6789/0] conn(0x7f3d1c1059d0 0x7f3d1c199660 secure :-1 s=READY pgs=38 cs=0 l=1 rev1=1 crypto rx=0x7f3d0c006160 tx=0x7f3d0c006190 comp rx=0 tx=0).ready entity=mon.0 client_cookie=0 server_cookie=0 in_seq=0 out_seq=0
2024-02-15T22:41:54.158 INFO:teuthology.orchestra.run.smithi138.stdout:/usr/bin/ceph: stderr
2024-02-15T22:41:53.293+0000 7f3d197fa700 1 -- 172.21.15.138:0/966660947 <== mon.0 v2:172.21.15.138:3300/0 1 ==== mon_map magic: 0 v1 ==== 229+0+0 (secure 0 0 0) 0x7f3d0c004430 con 0x7f3d1c1059d0
2024-02-15T22:41:54.158 INFO:teuthology.orchestra.run.smithi138.stdout:/usr/bin/ceph: stderr
2024-02-15T22:41:53.293+0000 7f3d197fa700 1 -- 172.21.15.138:0/966660947 <== mon.0 v2:172.21.15.138:3300/0 2 ==== config(27 keys) v1 ==== 1037+0+0 (secure 0 0 0) 0x7f3d0c006760 con 0x7f3d1c1059d0
2024-02-15T22:41:54.158 INFO:teuthology.orchestra.run.smithi138.stdout:/usr/bin/ceph: stderr
2024-02-15T22:41:53.293+0000 7f3d2254a700 1 -- 172.21.15.138:0/966660947 --> [v2:172.21.15.138:3300/0,v1:172.21.15.138:6789/0] -- mon_subscribe({mgrmap=0+}) v3 -- 0x7f3d1c199da0 con 0x7f3d1c1059d0
2024-02-15T22:41:54.158 INFO:teuthology.orchestra.run.smithi138.stdout:/usr/bin/ceph: stderr
2024-02-15T22:41:53.293+0000 7f3d197fa700 1 -- 172.21.15.138:0/966660947 <== mon.0 v2:172.21.15.138:3300/0 3 ==== mon_map magic: 0 v1 ==== 229+0+0 (secure 0 0 0) 0x7f3d0c011d00 con 0x7f3d1c1059d0
2024-02-15T22:41:54.158 INFO:teuthology.orchestra.run.smithi138.stdout:/usr/bin/ceph: stderr
2024-02-15T22:41:53.293+0000 7f3d2254a700 1 -- 172.21.15.138:0/966660947 --> [v2:172.21.15.138:3300/0,v1:172.21.15.138:6789/0] -- mon_subscribe({osdmap=0}) v3 -- 0x7f3d1c19a240 con 0x7f3d1c1059d0
2024-02-15T22:41:54.159 INFO:teuthology.orchestra.run.smithi138.stdout:/usr/bin/ceph: stderr
2024-02-15T22:41:53.294+0000 7f3d197fa700 1 -- 172.21.15.138:0/966660947 <== mon.0 v2:172.21.15.138:3300/0 4 ==== mgrmap(e 8) v1 ==== 45084+0+0 (secure 0 0 0) 0x7f3d0c018070 con 0x7f3d1c1059d0
2024-02-15T22:41:54.159 INFO:teuthology.orchestra.run.smithi138.stdout:/usr/bin/ceph: stderr
2024-02-15T22:41:53.294+0000 7f3d2254a700 1 -- 172.21.15.138:0/966660947 --> [v2:172.21.15.138:3300/0,v1:172.21.15.138:6789/0] -- mon_command({"prefix": "get_command_descriptions"} v 0) v1 -- 0x7f3d1c062380 con 0x7f3d1c1059d0
2024-02-15T22:41:54.159 INFO:teuthology.orchestra.run.smithi138.stdout:/usr/bin/ceph: stderr
2024-02-15T22:41:53.294+0000 7f3d197fa700 1 --2- 172.21.15.138:0/966660947 >> [v2:172.21.15.138:6800/2928099655,v1:172.21.15.138:6801/2928099655] conn(0x7f3d040383b0 0x7f3d0403a860 unknown :-1 s=NONE pgs=0 cs=0 l=1 rev1=0 crypto rx=0 tx=0 comp rx=0 tx=0).connect
2024-02-15T22:41:54.159 INFO:teuthology.orchestra.run.smithi138.stdout:/usr/bin/ceph: stderr
2024-02-15T22:41:53.294+0000 7f3d197fa700 1 -- 172.21.15.138:0/966660947 <== mon.0 v2:172.21.15.138:3300/0 5 ==== osd_map(2..2 src has 1..2) v4 ==== 940+0+0 (secure 0 0 0) 0x7f3d0c04ba60 con 0x7f3d1c1059d0
2024-02-15T22:41:54.159 INFO:teuthology.orchestra.run.smithi138.stdout:/usr/bin/ceph: stderr
2024-02-15T22:41:53.294+0000 7f3d1b7fe700 1 --2- 172.21.15.138:0/966660947 >> [v2:172.21.15.138:6800/2928099655,v1:172.21.15.138:6801/2928099655] conn(0x7f3d040383b0 0x7f3d0403a860 unknown :-1 s=BANNER_CONNECTING pgs=0 cs=0 l=1 rev1=0 crypto rx=0 tx=0 comp rx=0 tx=0)._handle_peer_banner_payload supported=3 required=0
2024-02-15T22:41:54.159 INFO:teuthology.orchestra.run.smithi138.stdout:/usr/bin/ceph: stderr
2024-02-15T22:41:53.295+0000 7f3d1b7fe700 1 --2- 172.21.15.138:0/966660947 >> [v2:172.21.15.138:6800/2928099655,v1:172.21.15.138:6801/2928099655] conn(0x7f3d040383b0 0x7f3d0403a860 secure :-1 s=READY pgs=8 cs=0 l=1 rev1=1 crypto rx=0x7f3d10006fd0 tx=0x7f3d10006e40 comp rx=0 tx=0).ready entity=mgr.14118 client_cookie=0 server_cookie=0 in_seq=0 out_seq=0
2024-02-15T22:41:54.159 INFO:teuthology.orchestra.run.smithi138.stdout:/usr/bin/ceph: stderr
2024-02-15T22:41:53.299+0000 7f3d197fa700 1 -- 172.21.15.138:0/966660947 <== mon.0 v2:172.21.15.138:3300/0 6 ==== mon_command_ack([{"prefix": "get_command_descriptions"}]=0 v0) v1 ==== 72+0+177933 (secure 0 0 0) 0x7f3d0c022350 con 0x7f3d1c1059d0
2024-02-15T22:41:54.159 INFO:teuthology.orchestra.run.smithi138.stdout:/usr/bin/ceph: stderr
2024-02-15T22:41:53.488+0000 7f3d2254a700 1 -- 172.21.15.138:0/966660947 --> [v2:172.21.15.138:6800/2928099655,v1:172.21.15.138:6801/2928099655] -- mgr_command(tid 0: {"prefix": "cephadm set-user", "user": "root", "target": ["mon-mgr", ""]}) v1 -- 0x7f3d1c102440 con 0x7f3d040383b0
2024-02-15T22:41:54.159 INFO:teuthology.orchestra.run.smithi138.stdout:/usr/bin/ceph: stderr
2024-02-15T22:41:53.489+0000 7f3d197fa700 1 -- 172.21.15.138:0/966660947 <== mgr.14118 v2:172.21.15.138:6800/2928099655 1 ==== mgr_command_reply(tid 0: 0 ) v1 ==== 8+0+16 (secure 0 0 0) 0x7f3d1c102440 con 0x7f3d040383b0
2024-02-15T22:41:54.159 INFO:teuthology.orchestra.run.smithi138.stdout:/usr/bin/ceph: stderr
2024-02-15T22:41:53.491+0000 7f3d2254a700 1 -- 172.21.15.138:0/966660947 >> [v2:172.21.15.138:6800/2928099655,v1:172.21.15.138:6801/2928099655] conn(0x7f3d040383b0 msgr2=0x7f3d0403a860 secure :-1 s=STATE_CONNECTION_ESTABLISHED l=1).mark_down
2024-02-15T22:41:54.159 INFO:teuthology.orchestra.run.smithi138.stdout:/usr/bin/ceph: stderr
2024-02-15T22:41:53.491+0000 7f3d2254a700 1 --2- 172.21.15.138:0/966660947 >> [v2:172.21.15.138:6800/2928099655,v1:172.21.15.138:6801/2928099655] conn(0x7f3d040383b0 0x7f3d0403a860 secure :-1 s=READY pgs=8 cs=0 l=1 rev1=1 crypto rx=0x7f3d10006fd0 tx=0x7f3d10006e40 comp rx=0 tx=0).stop
2024-02-15T22:41:54.159 INFO:teuthology.orchestra.run.smithi138.stdout:/usr/bin/ceph: stderr
2024-02-15T22:41:53.491+0000 7f3d2254a700 1 -- 172.21.15.138:0/966660947 >> [v2:172.21.15.138:3300/0,v1:172.21.15.138:6789/0] conn(0x7f3d1c1059d0 msgr2=0x7f3d1c199660 secure :-1 s=STATE_CONNECTION_ESTABLISHED l=1).mark_down
2024-02-15T22:41:54.159 INFO:teuthology.orchestra.run.smithi138.stdout:/usr/bin/ceph: stderr
2024-02-15T22:41:53.491+0000 7f3d2254a700 1 --2- 172.21.15.138:0/966660947 >> [v2:172.21.15.138:3300/0,v1:172.21.15.138:6789/0] conn(0x7f3d1c1059d0 0x7f3d1c199660 secure :-1 s=READY pgs=38 cs=0 l=1 rev1=1 crypto rx=0x7f3d0c006160 tx=0x7f3d0c006190 comp rx=0 tx=0).stop
2024-02-15T22:41:54.160 INFO:teuthology.orchestra.run.smithi138.stdout:/usr/bin/ceph: stderr
2024-02-15T22:41:53.491+0000 7f3d2254a700 1 -- 172.21.15.138:0/966660947 shutdown_connections
2024-02-15T22:41:54.160 INFO:teuthology.orchestra.run.smithi138.stdout:/usr/bin/ceph: stderr
2024-02-15T22:41:53.491+0000 7f3d2254a700 1 --2- 172.21.15.138:0/966660947 >> [v2:172.21.15.138:6800/2928099655,v1:172.21.15.138:6801/2928099655] conn(0x7f3d040383b0 0x7f3d0403a860 unknown :-1 s=CLOSED pgs=8 cs=0 l=1 rev1=1 crypto rx=0 tx=0 comp rx=0 tx=0).stop
2024-02-15T22:41:54.160 INFO:teuthology.orchestra.run.smithi138.stdout:/usr/bin/ceph: stderr
2024-02-15T22:41:53.491+0000 7f3d2254a700 1 --2- 172.21.15.138:0/966660947 >> [v2:172.21.15.138:3300/0,v1:172.21.15.138:6789/0] conn(0x7f3d1c1059d0 0x7f3d1c199660 unknown :-1 s=CLOSED pgs=38 cs=0 l=1 rev1=1 crypto rx=0 tx=0 comp rx=0 tx=0).stop
2024-02-15T22:41:54.160 INFO:teuthology.orchestra.run.smithi138.stdout:/usr/bin/ceph: stderr
2024-02-15T22:41:53.491+0000 7f3d2254a700 1 -- 172.21.15.138:0/966660947 >> 172.21.15.138:0/966660947 conn(0x7f3d1c101020 msgr2=0x7f3d1c101d30 unknown :-1 s=STATE_NONE l=0).mark_down
2024-02-15T22:41:54.160 INFO:teuthology.orchestra.run.smithi138.stdout:/usr/bin/ceph: stderr
2024-02-15T22:41:53.491+0000 7f3d2254a700 1 -- 172.21.15.138:0/966660947 shutdown_connections
2024-02-15T22:41:54.160 INFO:teuthology.orchestra.run.smithi138.stdout:/usr/bin/ceph: stderr
2024-02-15T22:41:53.491+0000 7f3d2254a700 1 -- 172.21.15.138:0/966660947 wait complete.
2024-02-15T22:41:54.160 INFO:teuthology.orchestra.run.smithi138.stdout:Generating ssh key...
2024-02-15T22:41:54.478 INFO:journalctl@ceph.mon.smithi138.smithi138.stdout:Feb 15 22:41:54 smithi138 ceph-mon[29229]: from='client.14132 -' entity='client.admin' cmd=[{"prefix": "cephadm set-user", "user": "root", "target": ["mon-mgr", ""]}]: dispatch
2024-02-15T22:41:55.512 INFO:teuthology.orchestra.run.smithi138.stdout:/usr/bin/ceph: stderr
2024-02-15T22:41:54.574+0000 7f307aa4a700 1 Processor -- start
2024-02-15T22:41:55.512 INFO:teuthology.orchestra.run.smithi138.stdout:/usr/bin/ceph: stderr
2024-02-15T22:41:54.574+0000 7f307aa4a700 1 -- start start
2024-02-15T22:41:55.512 INFO:teuthology.orchestra.run.smithi138.stdout:/usr/bin/ceph: stderr
2024-02-15T22:41:54.574+0000 7f307aa4a700 1 --2- >> [v2:172.21.15.138:3300/0,v1:172.21.15.138:6789/0] conn(0x7f3074103cb0 0x7f30741040c0 unknown :-1 s=NONE pgs=0 cs=0 l=0 rev1=0 crypto rx=0 tx=0 comp rx=0 tx=0).connect
2024-02-15T22:41:55.513 INFO:teuthology.orchestra.run.smithi138.stdout:/usr/bin/ceph: stderr
2024-02-15T22:41:54.574+0000 7f307aa4a700 1 -- --> [v2:172.21.15.138:3300/0,v1:172.21.15.138:6789/0] -- mon_getmap magic: 0 v1 -- 0x7f3074104600 con 0x7f3074103cb0
2024-02-15T22:41:55.513 INFO:teuthology.orchestra.run.smithi138.stdout:/usr/bin/ceph: stderr
2024-02-15T22:41:54.574+0000 7f3073fff700 1 --2- >> [v2:172.21.15.138:3300/0,v1:172.21.15.138:6789/0] conn(0x7f3074103cb0 0x7f30741040c0 unknown :-1 s=BANNER_CONNECTING pgs=0 cs=0 l=0 rev1=0 crypto rx=0 tx=0 comp rx=0 tx=0)._handle_peer_banner_payload supported=3 required=0
2024-02-15T22:41:55.513 INFO:teuthology.orchestra.run.smithi138.stdout:/usr/bin/ceph: stderr
2024-02-15T22:41:54.574+0000 7f3073fff700 1 --2- >> [v2:172.21.15.138:3300/0,v1:172.21.15.138:6789/0] conn(0x7f3074103cb0 0x7f30741040c0 unknown :-1 s=HELLO_CONNECTING pgs=0 cs=0 l=0 rev1=1 crypto rx=0 tx=0 comp rx=0 tx=0).handle_hello peer v2:172.21.15.138:3300/0 says I am v2:172.21.15.138:45380/0 (socket says 172.21.15.138:45380)
2024-02-15T22:41:55.513 INFO:teuthology.orchestra.run.smithi138.stdout:/usr/bin/ceph: stderr
2024-02-15T22:41:54.574+0000 7f3073fff700 1 -- 172.21.15.138:0/2665516595 learned_addr learned my addr 172.21.15.138:0/2665516595 (peer_addr_for_me v2:172.21.15.138:0/0)
2024-02-15T22:41:55.513 INFO:teuthology.orchestra.run.smithi138.stdout:/usr/bin/ceph: stderr
2024-02-15T22:41:54.575+0000 7f3073fff700 1 -- 172.21.15.138:0/2665516595 --> [v2:172.21.15.138:3300/0,v1:172.21.15.138:6789/0] -- mon_subscribe({config=0+,monmap=0+}) v3 -- 0x7f3074104740 con 0x7f3074103cb0
2024-02-15T22:41:55.513 INFO:teuthology.orchestra.run.smithi138.stdout:/usr/bin/ceph: stderr
2024-02-15T22:41:54.575+0000 7f3073fff700 1 --2- 172.21.15.138:0/2665516595 >> [v2:172.21.15.138:3300/0,v1:172.21.15.138:6789/0] conn(0x7f3074103cb0 0x7f30741040c0 secure :-1 s=READY pgs=39 cs=0 l=1 rev1=1 crypto rx=0x7f30640098a0 tx=0x7f3064009bb0 comp rx=0 tx=0).ready entity=mon.0 client_cookie=de5b4bcd7e318679 server_cookie=0 in_seq=0 out_seq=0
2024-02-15T22:41:55.513 INFO:teuthology.orchestra.run.smithi138.stdout:/usr/bin/ceph: stderr
2024-02-15T22:41:54.575+0000 7f3072ffd700 1 -- 172.21.15.138:0/2665516595 <== mon.0 v2:172.21.15.138:3300/0 1 ==== mon_map magic: 0 v1 ==== 229+0+0 (secure 0 0 0) 0x7f3064004180 con 0x7f3074103cb0
2024-02-15T22:41:55.513 INFO:teuthology.orchestra.run.smithi138.stdout:/usr/bin/ceph: stderr
2024-02-15T22:41:54.575+0000 7f3072ffd700 1 -- 172.21.15.138:0/2665516595 <== mon.0 v2:172.21.15.138:3300/0 2 ==== config(27 keys) v1 ==== 1037+0+0 (secure 0 0 0) 0x7f30640042e0 con 0x7f3074103cb0
2024-02-15T22:41:55.513 INFO:teuthology.orchestra.run.smithi138.stdout:/usr/bin/ceph: stderr
2024-02-15T22:41:54.575+0000 7f3072ffd700 1 -- 172.21.15.138:0/2665516595 <== mon.0 v2:172.21.15.138:3300/0 3 ==== mon_map magic: 0 v1 ==== 229+0+0 (secure 0 0 0) 0x7f3064011a50 con 0x7f3074103cb0
2024-02-15T22:41:55.513 INFO:teuthology.orchestra.run.smithi138.stdout:/usr/bin/ceph: stderr
2024-02-15T22:41:54.576+0000 7f307aa4a700 1 -- 172.21.15.138:0/2665516595 >> [v2:172.21.15.138:3300/0,v1:172.21.15.138:6789/0] conn(0x7f3074103cb0 msgr2=0x7f30741040c0 secure :-1 s=STATE_CONNECTION_ESTABLISHED l=1).mark_down
2024-02-15T22:41:55.513 INFO:teuthology.orchestra.run.smithi138.stdout:/usr/bin/ceph: stderr
2024-02-15T22:41:54.576+0000 7f307aa4a700 1 --2- 172.21.15.138:0/2665516595 >> [v2:172.21.15.138:3300/0,v1:172.21.15.138:6789/0] conn(0x7f3074103cb0 0x7f30741040c0 secure :-1 s=READY pgs=39 cs=0 l=1 rev1=1 crypto rx=0x7f30640098a0 tx=0x7f3064009bb0 comp rx=0 tx=0).stop
2024-02-15T22:41:55.513 INFO:teuthology.orchestra.run.smithi138.stdout:/usr/bin/ceph: stderr
2024-02-15T22:41:54.576+0000 7f307aa4a700 1 -- 172.21.15.138:0/2665516595 shutdown_connections
2024-02-15T22:41:55.513 INFO:teuthology.orchestra.run.smithi138.stdout:/usr/bin/ceph: stderr
2024-02-15T22:41:54.576+0000 7f307aa4a700 1 --2- 172.21.15.138:0/2665516595 >> [v2:172.21.15.138:3300/0,v1:172.21.15.138:6789/0] conn(0x7f3074103cb0 0x7f30741040c0 unknown :-1 s=CLOSED pgs=39 cs=0 l=1 rev1=1 crypto rx=0 tx=0 comp rx=0 tx=0).stop
2024-02-15T22:41:55.513 INFO:teuthology.orchestra.run.smithi138.stdout:/usr/bin/ceph: stderr
2024-02-15T22:41:54.576+0000 7f307aa4a700 1 -- 172.21.15.138:0/2665516595 >> 172.21.15.138:0/2665516595 conn(0x7f30740ff670 msgr2=0x7f3074101ac0 unknown :-1 s=STATE_NONE l=0).mark_down
2024-02-15T22:41:55.514 INFO:teuthology.orchestra.run.smithi138.stdout:/usr/bin/ceph: stderr
2024-02-15T22:41:54.576+0000 7f307aa4a700 1 -- 172.21.15.138:0/2665516595 shutdown_connections
2024-02-15T22:41:55.514 INFO:teuthology.orchestra.run.smithi138.stdout:/usr/bin/ceph: stderr
2024-02-15T22:41:54.576+0000 7f307aa4a700 1 -- 172.21.15.138:0/2665516595 wait complete.
2024-02-15T22:41:55.514 INFO:teuthology.orchestra.run.smithi138.stdout:/usr/bin/ceph: stderr
2024-02-15T22:41:54.576+0000 7f307aa4a700 1 Processor -- start
2024-02-15T22:41:55.514 INFO:teuthology.orchestra.run.smithi138.stdout:/usr/bin/ceph: stderr
2024-02-15T22:41:54.576+0000 7f307aa4a700 1 -- start start
2024-02-15T22:41:55.514 INFO:teuthology.orchestra.run.smithi138.stdout:/usr/bin/ceph: stderr
2024-02-15T22:41:54.577+0000 7f307aa4a700 1 --2- >> [v2:172.21.15.138:3300/0,v1:172.21.15.138:6789/0] conn(0x7f3074103cb0 0x7f3074199770 unknown :-1 s=NONE pgs=0 cs=0 l=1 rev1=0 crypto rx=0 tx=0 comp rx=0 tx=0).connect
2024-02-15T22:41:55.514 INFO:teuthology.orchestra.run.smithi138.stdout:/usr/bin/ceph: stderr
2024-02-15T22:41:54.577+0000 7f307aa4a700 1 -- --> [v2:172.21.15.138:3300/0,v1:172.21.15.138:6789/0] -- mon_getmap magic: 0 v1 -- 0x7f3074199cb0 con 0x7f3074103cb0
2024-02-15T22:41:55.514 INFO:teuthology.orchestra.run.smithi138.stdout:/usr/bin/ceph: stderr
2024-02-15T22:41:54.577+0000 7f3073fff700 1 --2- >> [v2:172.21.15.138:3300/0,v1:172.21.15.138:6789/0] conn(0x7f3074103cb0 0x7f3074199770 unknown :-1 s=BANNER_CONNECTING pgs=0 cs=0 l=1 rev1=0 crypto rx=0 tx=0 comp rx=0 tx=0)._handle_peer_banner_payload supported=3 required=0
2024-02-15T22:41:55.514 INFO:teuthology.orchestra.run.smithi138.stdout:/usr/bin/ceph: stderr
2024-02-15T22:41:54.577+0000 7f3073fff700 1 --2- >> [v2:172.21.15.138:3300/0,v1:172.21.15.138:6789/0] conn(0x7f3074103cb0 0x7f3074199770 unknown :-1 s=HELLO_CONNECTING pgs=0 cs=0 l=1 rev1=1 crypto rx=0 tx=0 comp rx=0 tx=0).handle_hello peer v2:172.21.15.138:3300/0 says I am v2:172.21.15.138:45392/0 (socket says 172.21.15.138:45392)
2024-02-15T22:41:55.514 INFO:teuthology.orchestra.run.smithi138.stdout:/usr/bin/ceph: stderr
2024-02-15T22:41:54.577+0000 7f3073fff700 1 -- 172.21.15.138:0/5816217 learned_addr learned my addr 172.21.15.138:0/5816217 (peer_addr_for_me v2:172.21.15.138:0/0)
2024-02-15T22:41:55.514 INFO:teuthology.orchestra.run.smithi138.stdout:/usr/bin/ceph: stderr
2024-02-15T22:41:54.577+0000 7f3073fff700 1 -- 172.21.15.138:0/5816217 --> [v2:172.21.15.138:3300/0,v1:172.21.15.138:6789/0] -- mon_subscribe({config=0+,monmap=0+}) v3 -- 0x7f3064009550 con 0x7f3074103cb0
2024-02-15T22:41:55.514 INFO:teuthology.orchestra.run.smithi138.stdout:/usr/bin/ceph: stderr
2024-02-15T22:41:54.577+0000 7f3073fff700 1 --2- 172.21.15.138:0/5816217 >> [v2:172.21.15.138:3300/0,v1:172.21.15.138:6789/0] conn(0x7f3074103cb0 0x7f3074199770 secure :-1 s=READY pgs=40 cs=0 l=1 rev1=1 crypto rx=0x7f3064009520 tx=0x7f3064011ab0 comp rx=0 tx=0).ready entity=mon.0 client_cookie=0 server_cookie=0 in_seq=0 out_seq=0
2024-02-15T22:41:55.514 INFO:teuthology.orchestra.run.smithi138.stdout:/usr/bin/ceph: stderr
2024-02-15T22:41:54.577+0000 7f30717fa700 1 -- 172.21.15.138:0/5816217 <== mon.0 v2:172.21.15.138:3300/0 1 ==== mon_map magic: 0 v1 ==== 229+0+0 (secure 0 0 0) 0x7f3064003a80 con 0x7f3074103cb0
2024-02-15T22:41:55.514 INFO:teuthology.orchestra.run.smithi138.stdout:/usr/bin/ceph: stderr
2024-02-15T22:41:54.577+0000 7f30717fa700 1 -- 172.21.15.138:0/5816217 <== mon.0 v2:172.21.15.138:3300/0 2 ==== config(27 keys) v1 ==== 1037+0+0 (secure 0 0 0) 0x7f3064003be0 con 0x7f3074103cb0
2024-02-15T22:41:55.514 INFO:teuthology.orchestra.run.smithi138.stdout:/usr/bin/ceph: stderr
2024-02-15T22:41:54.577+0000 7f30717fa700 1 -- 172.21.15.138:0/5816217 <== mon.0 v2:172.21.15.138:3300/0 3 ==== mon_map magic: 0 v1 ==== 229+0+0 (secure 0 0 0) 0x7f30640197b0 con 0x7f3074103cb0
2024-02-15T22:41:55.514 INFO:teuthology.orchestra.run.smithi138.stdout:/usr/bin/ceph: stderr
2024-02-15T22:41:54.577+0000 7f307aa4a700 1 -- 172.21.15.138:0/5816217 --> [v2:172.21.15.138:3300/0,v1:172.21.15.138:6789/0] -- mon_subscribe({mgrmap=0+}) v3 -- 0x7f3074199eb0 con 0x7f3074103cb0
2024-02-15T22:41:55.515 INFO:teuthology.orchestra.run.smithi138.stdout:/usr/bin/ceph: stderr
2024-02-15T22:41:54.577+0000 7f307aa4a700 1 -- 172.21.15.138:0/5816217 --> [v2:172.21.15.138:3300/0,v1:172.21.15.138:6789/0] -- mon_subscribe({osdmap=0}) v3 -- 0x7f307419a350 con 0x7f3074103cb0
2024-02-15T22:41:55.515 INFO:teuthology.orchestra.run.smithi138.stdout:/usr/bin/ceph: stderr
2024-02-15T22:41:54.578+0000 7f30717fa700 1 -- 172.21.15.138:0/5816217 <== mon.0 v2:172.21.15.138:3300/0 4 ==== mgrmap(e 8) v1 ==== 45084+0+0 (secure 0 0 0) 0x7f3064019a20 con 0x7f3074103cb0
2024-02-15T22:41:55.515 INFO:teuthology.orchestra.run.smithi138.stdout:/usr/bin/ceph: stderr
2024-02-15T22:41:54.578+0000 7f307aa4a700 1 -- 172.21.15.138:0/5816217 --> [v2:172.21.15.138:3300/0,v1:172.21.15.138:6789/0] -- mon_command({"prefix": "get_command_descriptions"} v 0) v1 -- 0x7f3074107870 con 0x7f3074103cb0
2024-02-15T22:41:55.515 INFO:teuthology.orchestra.run.smithi138.stdout:/usr/bin/ceph: stderr
2024-02-15T22:41:54.578+0000 7f30717fa700 1 --2- 172.21.15.138:0/5816217 >> [v2:172.21.15.138:6800/2928099655,v1:172.21.15.138:6801/2928099655] conn(0x7f305c0383f0 0x7f305c03a8a0 unknown :-1 s=NONE pgs=0 cs=0 l=1 rev1=0 crypto rx=0 tx=0 comp rx=0 tx=0).connect
2024-02-15T22:41:55.515 INFO:teuthology.orchestra.run.smithi138.stdout:/usr/bin/ceph: stderr
2024-02-15T22:41:54.578+0000 7f30717fa700 1 -- 172.21.15.138:0/5816217 <== mon.0 v2:172.21.15.138:3300/0 5 ==== osd_map(2..2 src has 1..2) v4 ==== 940+0+0 (secure 0 0 0) 0x7f306404c770 con 0x7f3074103cb0
2024-02-15T22:41:55.515 INFO:teuthology.orchestra.run.smithi138.stdout:/usr/bin/ceph: stderr
2024-02-15T22:41:54.578+0000 7f30737fe700 1 --2- 172.21.15.138:0/5816217 >> [v2:172.21.15.138:6800/2928099655,v1:172.21.15.138:6801/2928099655] conn(0x7f305c0383f0 0x7f305c03a8a0 unknown :-1 s=BANNER_CONNECTING pgs=0 cs=0 l=1 rev1=0 crypto rx=0 tx=0 comp rx=0 tx=0)._handle_peer_banner_payload supported=3 required=0
2024-02-15T22:41:55.515 INFO:teuthology.orchestra.run.smithi138.stdout:/usr/bin/ceph: stderr
2024-02-15T22:41:54.579+0000 7f30737fe700 1 --2- 172.21.15.138:0/5816217 >> [v2:172.21.15.138:6800/2928099655,v1:172.21.15.138:6801/2928099655] conn(0x7f305c0383f0 0x7f305c03a8a0 secure :-1 s=READY pgs=9 cs=0 l=1 rev1=1 crypto rx=0x7f3068006fd0 tx=0x7f3068006e40 comp rx=0 tx=0).ready entity=mgr.14118 client_cookie=0 server_cookie=0 in_seq=0 out_seq=0
2024-02-15T22:41:55.515 INFO:teuthology.orchestra.run.smithi138.stdout:/usr/bin/ceph: stderr
2024-02-15T22:41:54.583+0000 7f30717fa700 1 -- 172.21.15.138:0/5816217 <== mon.0 v2:172.21.15.138:3300/0 6 ==== mon_command_ack([{"prefix": "get_command_descriptions"}]=0 v0) v1 ==== 72+0+177933 (secure 0 0 0) 0x7f30640189a0 con 0x7f3074103cb0
2024-02-15T22:41:55.515 INFO:teuthology.orchestra.run.smithi138.stdout:/usr/bin/ceph: stderr
2024-02-15T22:41:54.771+0000 7f307aa4a700 1 -- 172.21.15.138:0/5816217 --> [v2:172.21.15.138:6800/2928099655,v1:172.21.15.138:6801/2928099655] -- mgr_command(tid 0: {"prefix": "cephadm generate-key", "target": ["mon-mgr", ""]}) v1 -- 0x7f30741019a0 con 0x7f305c0383f0
2024-02-15T22:41:55.515 INFO:teuthology.orchestra.run.smithi138.stdout:/usr/bin/ceph: stderr
2024-02-15T22:41:54.949+0000 7f30717fa700 1 -- 172.21.15.138:0/5816217 <== mgr.14118 v2:172.21.15.138:6800/2928099655 1 ==== mgr_command_reply(tid 0: 0 ) v1 ==== 8+0+0 (secure 0 0 0) 0x7f30741019a0 con 0x7f305c0383f0
2024-02-15T22:41:55.515 INFO:teuthology.orchestra.run.smithi138.stdout:/usr/bin/ceph: stderr
2024-02-15T22:41:54.951+0000 7f307aa4a700 1 -- 172.21.15.138:0/5816217 >> [v2:172.21.15.138:6800/2928099655,v1:172.21.15.138:6801/2928099655] conn(0x7f305c0383f0 msgr2=0x7f305c03a8a0 secure :-1 s=STATE_CONNECTION_ESTABLISHED l=1).mark_down
2024-02-15T22:41:55.515 INFO:teuthology.orchestra.run.smithi138.stdout:/usr/bin/ceph: stderr
2024-02-15T22:41:54.951+0000 7f307aa4a700 1 --2- 172.21.15.138:0/5816217 >> [v2:172.21.15.138:6800/2928099655,v1:172.21.15.138:6801/2928099655] conn(0x7f305c0383f0 0x7f305c03a8a0 secure :-1 s=READY pgs=9 cs=0 l=1 rev1=1 crypto rx=0x7f3068006fd0 tx=0x7f3068006e40 comp rx=0 tx=0).stop
2024-02-15T22:41:55.515 INFO:teuthology.orchestra.run.smithi138.stdout:/usr/bin/ceph: stderr
2024-02-15T22:41:54.951+0000 7f307aa4a700 1 -- 172.21.15.138:0/5816217 >> [v2:172.21.15.138:3300/0,v1:172.21.15.138:6789/0] conn(0x7f3074103cb0 msgr2=0x7f3074199770 secure :-1 s=STATE_CONNECTION_ESTABLISHED l=1).mark_down
2024-02-15T22:41:55.515 INFO:teuthology.orchestra.run.smithi138.stdout:/usr/bin/ceph: stderr
2024-02-15T22:41:54.951+0000 7f307aa4a700 1 --2- 172.21.15.138:0/5816217 >> [v2:172.21.15.138:3300/0,v1:172.21.15.138:6789/0] conn(0x7f3074103cb0 0x7f3074199770 secure :-1 s=READY pgs=40 cs=0 l=1 rev1=1 crypto rx=0x7f3064009520 tx=0x7f3064011ab0 comp rx=0 tx=0).stop
2024-02-15T22:41:55.516 INFO:teuthology.orchestra.run.smithi138.stdout:/usr/bin/ceph: stderr
2024-02-15T22:41:54.951+0000 7f307aa4a700 1 -- 172.21.15.138:0/5816217 shutdown_connections
2024-02-15T22:41:55.516 INFO:teuthology.orchestra.run.smithi138.stdout:/usr/bin/ceph: stderr
2024-02-15T22:41:54.951+0000 7f307aa4a700 1 --2- 172.21.15.138:0/5816217 >> [v2:172.21.15.138:6800/2928099655,v1:172.21.15.138:6801/2928099655] conn(0x7f305c0383f0 0x7f305c03a8a0 unknown :-1 s=CLOSED pgs=9 cs=0 l=1 rev1=1 crypto rx=0 tx=0 comp rx=0 tx=0).stop
2024-02-15T22:41:55.516 INFO:teuthology.orchestra.run.smithi138.stdout:/usr/bin/ceph: stderr
2024-02-15T22:41:54.951+0000 7f307aa4a700 1 --2- 172.21.15.138:0/5816217 >> [v2:172.21.15.138:3300/0,v1:172.21.15.138:6789/0] conn(0x7f3074103cb0 0x7f3074199770 unknown :-1 s=CLOSED pgs=40 cs=0 l=1 rev1=1 crypto rx=0 tx=0 comp rx=0 tx=0).stop
2024-02-15T22:41:55.516 INFO:teuthology.orchestra.run.smithi138.stdout:/usr/bin/ceph: stderr
2024-02-15T22:41:54.951+0000 7f307aa4a700 1 -- 172.21.15.138:0/5816217 >> 172.21.15.138:0/5816217 conn(0x7f30740ff670 msgr2=0x7f3074100d40 unknown :-1 s=STATE_NONE l=0).mark_down
2024-02-15T22:41:55.516 INFO:teuthology.orchestra.run.smithi138.stdout:/usr/bin/ceph: stderr
2024-02-15T22:41:54.951+0000 7f307aa4a700 1 -- 172.21.15.138:0/5816217 shutdown_connections
2024-02-15T22:41:55.516 INFO:teuthology.orchestra.run.smithi138.stdout:/usr/bin/ceph: stderr
2024-02-15T22:41:54.951+0000 7f307aa4a700 1 -- 172.21.15.138:0/5816217 wait complete.
2024-02-15T22:41:56.233 INFO:journalctl@ceph.mon.smithi138.smithi138.stdout:Feb 15 22:41:55 smithi138 ceph-mon[29229]: from='client.14134 -' entity='client.admin' cmd=[{"prefix": "cephadm generate-key", "target": ["mon-mgr", ""]}]: dispatch
2024-02-15T22:41:56.233 INFO:journalctl@ceph.mon.smithi138.smithi138.stdout:Feb 15 22:41:55 smithi138 ceph-mon[29229]: Generating ssh key...
2024-02-15T22:41:56.233 INFO:journalctl@ceph.mon.smithi138.smithi138.stdout:Feb 15 22:41:55 smithi138 ceph-mon[29229]: from='mgr.14118 172.21.15.138:0/3997549400' entity='mgr.smithi138.jqscxs'
2024-02-15T22:41:56.233 INFO:journalctl@ceph.mon.smithi138.smithi138.stdout:Feb 15 22:41:55 smithi138 ceph-mon[29229]: from='mgr.14118 172.21.15.138:0/3997549400' entity='mgr.smithi138.jqscxs'
2024-02-15T22:41:56.711 INFO:teuthology.orchestra.run.smithi138.stdout:/usr/bin/ceph: stdout ssh-rsa AAAAB3NzaC1yc2EAAAADAQABAAABgQC193HhqFZ8otWaX7PscHE2byjO0dfMwzEuwsPRWdDmGlrcp8yuyjnqUocosp2YiEQT4yKPF7ohwzx8VcjjH88J4B1jynCVYZ1otdOgd4rfY0S0f5miy+IYuUl52oN2oXSL9xG0O4Yk9jf48L91GYd46OXz1aGtng9N3/839lWHPAeYzEc2oTegqSKITmQoW0zIcXbG2eH5DvYBVkgdPV4Fkp3cul13e08ul61ZZfXbxWGu0DktUqveVuNBMJob83jIS0RZNoL92iXLoiIckMm6VyrMP+aGAu6z0u2Dk/do9SwsMl1y3xzRuujrrYScqJ7pt8NmgLBk3NaGCoMwiHDp0TygRgclLC7bcepsBv45345tuzaRAFgzgfFixLkPxJaQYbCxp5ZN5am9r2LMr3K8ly6IMjXTR6T5VLW7AAw4i8PXm3whmvLcOLwr/LSbkdJnC3E0APtn/AhQ0j7G+UBxH4PnUGbsploV8aejJSpsfwW2kyzfcECXRNCz46Mp5ns= ceph-3fa87466-cc53-11ee-95ba-87774f69a715
2024-02-15T22:41:56.711 INFO:teuthology.orchestra.run.smithi138.stdout:/usr/bin/ceph: stderr
2024-02-15T22:41:55.920+0000 7f90a0285700 1 Processor -- start
2024-02-15T22:41:56.711 INFO:teuthology.orchestra.run.smithi138.stdout:/usr/bin/ceph: stderr
2024-02-15T22:41:55.920+0000 7f90a0285700 1 -- start start
2024-02-15T22:41:56.711 INFO:teuthology.orchestra.run.smithi138.stdout:/usr/bin/ceph: stderr
2024-02-15T22:41:55.921+0000 7f90a0285700 1 --2- >> [v2:172.21.15.138:3300/0,v1:172.21.15.138:6789/0] conn(0x7f90981059d0 0x7f9098105de0 unknown :-1 s=NONE pgs=0 cs=0 l=0 rev1=0 crypto rx=0 tx=0 comp rx=0 tx=0).connect
2024-02-15T22:41:56.711 INFO:teuthology.orchestra.run.smithi138.stdout:/usr/bin/ceph: stderr
2024-02-15T22:41:55.921+0000 7f90a0285700 1 -- --> [v2:172.21.15.138:3300/0,v1:172.21.15.138:6789/0] -- mon_getmap magic: 0 v1 -- 0x7f9098106320 con 0x7f90981059d0
2024-02-15T22:41:56.712 INFO:teuthology.orchestra.run.smithi138.stdout:/usr/bin/ceph: stderr
2024-02-15T22:41:55.921+0000 7f909e021700 1 --2- >> [v2:172.21.15.138:3300/0,v1:172.21.15.138:6789/0] conn(0x7f90981059d0 0x7f9098105de0 unknown :-1 s=BANNER_CONNECTING pgs=0 cs=0 l=0 rev1=0 crypto rx=0 tx=0 comp rx=0 tx=0)._handle_peer_banner_payload supported=3 required=0
2024-02-15T22:41:56.712 INFO:teuthology.orchestra.run.smithi138.stdout:/usr/bin/ceph: stderr
2024-02-15T22:41:55.921+0000 7f909e021700 1 --2- >> [v2:172.21.15.138:3300/0,v1:172.21.15.138:6789/0] conn(0x7f90981059d0 0x7f9098105de0 unknown :-1 s=HELLO_CONNECTING pgs=0 cs=0 l=0 rev1=1 crypto rx=0 tx=0 comp rx=0 tx=0).handle_hello peer v2:172.21.15.138:3300/0 says I am v2:172.21.15.138:45402/0 (socket says 172.21.15.138:45402)
2024-02-15T22:41:56.712 INFO:teuthology.orchestra.run.smithi138.stdout:/usr/bin/ceph: stderr
2024-02-15T22:41:55.921+0000 7f909e021700 1 -- 172.21.15.138:0/2291941708 learned_addr learned my addr 172.21.15.138:0/2291941708 (peer_addr_for_me v2:172.21.15.138:0/0)
2024-02-15T22:41:56.712 INFO:teuthology.orchestra.run.smithi138.stdout:/usr/bin/ceph: stderr
2024-02-15T22:41:55.921+0000 7f909e021700 1 -- 172.21.15.138:0/2291941708 --> [v2:172.21.15.138:3300/0,v1:172.21.15.138:6789/0] -- mon_subscribe({config=0+,monmap=0+}) v3 -- 0x7f9098106460 con 0x7f90981059d0
2024-02-15T22:41:56.712 INFO:teuthology.orchestra.run.smithi138.stdout:/usr/bin/ceph: stderr
2024-02-15T22:41:55.921+0000 7f909e021700 1 --2- 172.21.15.138:0/2291941708 >> [v2:172.21.15.138:3300/0,v1:172.21.15.138:6789/0] conn(0x7f90981059d0 0x7f9098105de0 secure :-1 s=READY pgs=41 cs=0 l=1 rev1=1 crypto rx=0x7f9090009870 tx=0x7f9090009b80 comp rx=0 tx=0).ready entity=mon.0 client_cookie=3d49a4566662c86 server_cookie=0 in_seq=0 out_seq=0
2024-02-15T22:41:56.712 INFO:teuthology.orchestra.run.smithi138.stdout:/usr/bin/ceph: stderr
2024-02-15T22:41:55.921+0000 7f909d01f700 1 -- 172.21.15.138:0/2291941708 <== mon.0 v2:172.21.15.138:3300/0 1 ==== mon_map magic: 0 v1 ==== 229+0+0 (secure 0 0 0) 0x7f9090005c30 con 0x7f90981059d0
2024-02-15T22:41:56.712 INFO:teuthology.orchestra.run.smithi138.stdout:/usr/bin/ceph: stderr
2024-02-15T22:41:55.922+0000 7f909d01f700 1 -- 172.21.15.138:0/2291941708 <== mon.0 v2:172.21.15.138:3300/0 2 ==== config(27 keys) v1 ==== 1037+0+0 (secure 0 0 0) 0x7f9090005d90 con 0x7f90981059d0
2024-02-15T22:41:56.712 INFO:teuthology.orchestra.run.smithi138.stdout:/usr/bin/ceph: stderr
2024-02-15T22:41:55.922+0000 7f909d01f700 1 -- 172.21.15.138:0/2291941708 <== mon.0 v2:172.21.15.138:3300/0 3 ==== mon_map magic: 0 v1 ==== 229+0+0 (secure 0 0 0) 0x7f9090006030 con 0x7f90981059d0
2024-02-15T22:41:56.712 INFO:teuthology.orchestra.run.smithi138.stdout:/usr/bin/ceph: stderr
2024-02-15T22:41:55.922+0000 7f90a0285700 1 -- 172.21.15.138:0/2291941708 >> [v2:172.21.15.138:3300/0,v1:172.21.15.138:6789/0] conn(0x7f90981059d0 msgr2=0x7f9098105de0 secure :-1 s=STATE_CONNECTION_ESTABLISHED l=1).mark_down
2024-02-15T22:41:56.712 INFO:teuthology.orchestra.run.smithi138.stdout:/usr/bin/ceph: stderr
2024-02-15T22:41:55.922+0000 7f90a0285700 1 --2- 172.21.15.138:0/2291941708 >> [v2:172.21.15.138:3300/0,v1:172.21.15.138:6789/0] conn(0x7f90981059d0 0x7f9098105de0 secure :-1 s=READY pgs=41 cs=0 l=1 rev1=1 crypto rx=0x7f9090009870 tx=0x7f9090009b80 comp rx=0 tx=0).stop
2024-02-15T22:41:56.712 INFO:teuthology.orchestra.run.smithi138.stdout:/usr/bin/ceph: stderr
2024-02-15T22:41:55.922+0000 7f90a0285700 1 -- 172.21.15.138:0/2291941708 shutdown_connections
2024-02-15T22:41:56.712 INFO:teuthology.orchestra.run.smithi138.stdout:/usr/bin/ceph: stderr
2024-02-15T22:41:55.922+0000 7f90a0285700 1 --2- 172.21.15.138:0/2291941708 >> [v2:172.21.15.138:3300/0,v1:172.21.15.138:6789/0] conn(0x7f90981059d0 0x7f9098105de0 unknown :-1 s=CLOSED pgs=41 cs=0 l=1 rev1=1 crypto rx=0 tx=0 comp rx=0 tx=0).stop
2024-02-15T22:41:56.712 INFO:teuthology.orchestra.run.smithi138.stdout:/usr/bin/ceph: stderr
2024-02-15T22:41:55.922+0000 7f90a0285700 1 -- 172.21.15.138:0/2291941708 >> 172.21.15.138:0/2291941708 conn(0x7f9098101020 msgr2=0x7f9098103450 unknown :-1 s=STATE_NONE l=0).mark_down
2024-02-15T22:41:56.713 INFO:teuthology.orchestra.run.smithi138.stdout:/usr/bin/ceph: stderr
2024-02-15T22:41:55.922+0000 7f90a0285700 1 -- 172.21.15.138:0/2291941708 shutdown_connections
2024-02-15T22:41:56.713 INFO:teuthology.orchestra.run.smithi138.stdout:/usr/bin/ceph: stderr
2024-02-15T22:41:55.922+0000 7f90a0285700 1 -- 172.21.15.138:0/2291941708 wait complete.
2024-02-15T22:41:56.713 INFO:teuthology.orchestra.run.smithi138.stdout:/usr/bin/ceph: stderr
2024-02-15T22:41:55.923+0000 7f90a0285700 1 Processor -- start
2024-02-15T22:41:56.713 INFO:teuthology.orchestra.run.smithi138.stdout:/usr/bin/ceph: stderr
2024-02-15T22:41:55.923+0000 7f90a0285700 1 -- start start
2024-02-15T22:41:56.713 INFO:teuthology.orchestra.run.smithi138.stdout:/usr/bin/ceph: stderr
2024-02-15T22:41:55.923+0000 7f90a0285700 1 --2- >> [v2:172.21.15.138:3300/0,v1:172.21.15.138:6789/0] conn(0x7f90981059d0 0x7f9098199660 unknown :-1 s=NONE pgs=0 cs=0 l=1 rev1=0 crypto rx=0 tx=0 comp rx=0 tx=0).connect
2024-02-15T22:41:56.713 INFO:teuthology.orchestra.run.smithi138.stdout:/usr/bin/ceph: stderr
2024-02-15T22:41:55.923+0000 7f90a0285700 1 -- --> [v2:172.21.15.138:3300/0,v1:172.21.15.138:6789/0] -- mon_getmap magic: 0 v1 -- 0x7f9098199ba0 con 0x7f90981059d0
2024-02-15T22:41:56.713 INFO:teuthology.orchestra.run.smithi138.stdout:/usr/bin/ceph: stderr
