2024-02-15T22:42:02.171+0000 7ff1abfff700 1 --2- >> [v2:172.21.15.138:3300/0,v1:172.21.15.138:6789/0] conn(0x7ff1ac105800 0x7ff1ac199550 unknown :-1 s=HELLO_CONNECTING pgs=0 cs=0 l=1 rev1=1 crypto rx=0 tx=0 comp rx=0 tx=0).handle_hello peer v2:172.21.15.138:3300/0 says I am v2:172.21.15.138:45468/0 (socket says 172.21.15.138:45468)
2024-02-15T22:42:03.550 INFO:teuthology.orchestra.run.smithi138.stdout:/usr/bin/ceph: stderr
2024-02-15T22:42:02.171+0000 7ff1abfff700 1 -- 172.21.15.138:0/1412226684 learned_addr learned my addr 172.21.15.138:0/1412226684 (peer_addr_for_me v2:172.21.15.138:0/0)
2024-02-15T22:42:03.550 INFO:teuthology.orchestra.run.smithi138.stdout:/usr/bin/ceph: stderr
2024-02-15T22:42:02.171+0000 7ff1abfff700 1 -- 172.21.15.138:0/1412226684 --> [v2:172.21.15.138:3300/0,v1:172.21.15.138:6789/0] -- mon_subscribe({config=0+,monmap=0+}) v3 -- 0x7ff1a0009550 con 0x7ff1ac105800
2024-02-15T22:42:03.550 INFO:teuthology.orchestra.run.smithi138.stdout:/usr/bin/ceph: stderr
2024-02-15T22:42:02.172+0000 7ff1abfff700 1 --2- 172.21.15.138:0/1412226684 >> [v2:172.21.15.138:3300/0,v1:172.21.15.138:6789/0] conn(0x7ff1ac105800 0x7ff1ac199550 secure :-1 s=READY pgs=48 cs=0 l=1 rev1=1 crypto rx=0x7ff1a0003de0 tx=0x7ff1a0011ab0 comp rx=0 tx=0).ready entity=mon.0 client_cookie=0 server_cookie=0 in_seq=0 out_seq=0
2024-02-15T22:42:03.550 INFO:teuthology.orchestra.run.smithi138.stdout:/usr/bin/ceph: stderr
2024-02-15T22:42:02.172+0000 7ff1a97fa700 1 -- 172.21.15.138:0/1412226684 <== mon.0 v2:172.21.15.138:3300/0 1 ==== mon_map magic: 0 v1 ==== 229+0+0 (secure 0 0 0) 0x7ff1a0003930 con 0x7ff1ac105800
2024-02-15T22:42:03.550 INFO:teuthology.orchestra.run.smithi138.stdout:/usr/bin/ceph: stderr
2024-02-15T22:42:02.172+0000 7ff1b179d700 1 -- 172.21.15.138:0/1412226684 --> [v2:172.21.15.138:3300/0,v1:172.21.15.138:6789/0] -- mon_subscribe({mgrmap=0+}) v3 -- 0x7ff1ac199c90 con 0x7ff1ac105800
2024-02-15T22:42:03.550 INFO:teuthology.orchestra.run.smithi138.stdout:/usr/bin/ceph: stderr
2024-02-15T22:42:02.172+0000 7ff1a97fa700 1 -- 172.21.15.138:0/1412226684 <== mon.0 v2:172.21.15.138:3300/0 2 ==== config(27 keys) v1 ==== 1037+0+0 (secure 0 0 0) 0x7ff1a0003a90 con 0x7ff1ac105800
2024-02-15T22:42:03.550 INFO:teuthology.orchestra.run.smithi138.stdout:/usr/bin/ceph: stderr
2024-02-15T22:42:02.172+0000 7ff1a97fa700 1 -- 172.21.15.138:0/1412226684 <== mon.0 v2:172.21.15.138:3300/0 3 ==== mon_map magic: 0 v1 ==== 229+0+0 (secure 0 0 0) 0x7ff1a0019730 con 0x7ff1ac105800
2024-02-15T22:42:03.550 INFO:teuthology.orchestra.run.smithi138.stdout:/usr/bin/ceph: stderr
2024-02-15T22:42:02.172+0000 7ff1b179d700 1 -- 172.21.15.138:0/1412226684 --> [v2:172.21.15.138:3300/0,v1:172.21.15.138:6789/0] -- mon_subscribe({osdmap=0}) v3 -- 0x7ff1ac19a130 con 0x7ff1ac105800
2024-02-15T22:42:03.550 INFO:teuthology.orchestra.run.smithi138.stdout:/usr/bin/ceph: stderr
2024-02-15T22:42:02.173+0000 7ff1a97fa700 1 -- 172.21.15.138:0/1412226684 <== mon.0 v2:172.21.15.138:3300/0 4 ==== mgrmap(e 8) v1 ==== 45084+0+0 (secure 0 0 0) 0x7ff1a00199b0 con 0x7ff1ac105800
2024-02-15T22:42:03.550 INFO:teuthology.orchestra.run.smithi138.stdout:/usr/bin/ceph: stderr
2024-02-15T22:42:02.173+0000 7ff1b179d700 1 -- 172.21.15.138:0/1412226684 --> [v2:172.21.15.138:3300/0,v1:172.21.15.138:6789/0] -- mon_command({"prefix": "get_command_descriptions"} v 0) v1 -- 0x7ff1ac062380 con 0x7ff1ac105800
2024-02-15T22:42:03.550 INFO:teuthology.orchestra.run.smithi138.stdout:/usr/bin/ceph: stderr
2024-02-15T22:42:02.173+0000 7ff1a97fa700 1 --2- 172.21.15.138:0/1412226684 >> [v2:172.21.15.138:6800/2928099655,v1:172.21.15.138:6801/2928099655] conn(0x7ff1940383f0 0x7ff19403a8a0 unknown :-1 s=NONE pgs=0 cs=0 l=1 rev1=0 crypto rx=0 tx=0 comp rx=0 tx=0).connect
2024-02-15T22:42:03.550 INFO:teuthology.orchestra.run.smithi138.stdout:/usr/bin/ceph: stderr
2024-02-15T22:42:02.173+0000 7ff1a97fa700 1 -- 172.21.15.138:0/1412226684 <== mon.0 v2:172.21.15.138:3300/0 5 ==== osd_map(2..2 src has 1..2) v4 ==== 940+0+0 (secure 0 0 0) 0x7ff1a004c640 con 0x7ff1ac105800
2024-02-15T22:42:03.550 INFO:teuthology.orchestra.run.smithi138.stdout:/usr/bin/ceph: stderr
2024-02-15T22:42:02.173+0000 7ff1ab7fe700 1 --2- 172.21.15.138:0/1412226684 >> [v2:172.21.15.138:6800/2928099655,v1:172.21.15.138:6801/2928099655] conn(0x7ff1940383f0 0x7ff19403a8a0 unknown :-1 s=BANNER_CONNECTING pgs=0 cs=0 l=1 rev1=0 crypto rx=0 tx=0 comp rx=0 tx=0)._handle_peer_banner_payload supported=3 required=0
2024-02-15T22:42:03.551 INFO:teuthology.orchestra.run.smithi138.stdout:/usr/bin/ceph: stderr
2024-02-15T22:42:02.173+0000 7ff1ab7fe700 1 --2- 172.21.15.138:0/1412226684 >> [v2:172.21.15.138:6800/2928099655,v1:172.21.15.138:6801/2928099655] conn(0x7ff1940383f0 0x7ff19403a8a0 secure :-1 s=READY pgs=13 cs=0 l=1 rev1=1 crypto rx=0x7ff19c006fd0 tx=0x7ff19c006e40 comp rx=0 tx=0).ready entity=mgr.14118 client_cookie=0 server_cookie=0 in_seq=0 out_seq=0
2024-02-15T22:42:03.551 INFO:teuthology.orchestra.run.smithi138.stdout:/usr/bin/ceph: stderr
2024-02-15T22:42:02.177+0000 7ff1a97fa700 1 -- 172.21.15.138:0/1412226684 <== mon.0 v2:172.21.15.138:3300/0 6 ==== mon_command_ack([{"prefix": "get_command_descriptions"}]=0 v0) v1 ==== 72+0+177933 (secure 0 0 0) 0x7ff1a0010560 con 0x7ff1ac105800
2024-02-15T22:42:03.551 INFO:teuthology.orchestra.run.smithi138.stdout:/usr/bin/ceph: stderr
2024-02-15T22:42:02.396+0000 7ff1b179d700 1 -- 172.21.15.138:0/1412226684 --> [v2:172.21.15.138:6800/2928099655,v1:172.21.15.138:6801/2928099655] -- mgr_command(tid 0: {"prefix": "orch apply", "service_type": "mgr", "target": ["mon-mgr", ""]}) v1 -- 0x7ff1ac103110 con 0x7ff1940383f0
2024-02-15T22:42:03.551 INFO:teuthology.orchestra.run.smithi138.stdout:/usr/bin/ceph: stderr
2024-02-15T22:42:02.400+0000 7ff1a97fa700 1 -- 172.21.15.138:0/1412226684 <== mgr.14118 v2:172.21.15.138:6800/2928099655 1 ==== mgr_command_reply(tid 0: 0 ) v1 ==== 8+0+24 (secure 0 0 0) 0x7ff1ac103110 con 0x7ff1940383f0
2024-02-15T22:42:03.551 INFO:teuthology.orchestra.run.smithi138.stdout:/usr/bin/ceph: stderr
2024-02-15T22:42:02.402+0000 7ff1b179d700 1 -- 172.21.15.138:0/1412226684 >> [v2:172.21.15.138:6800/2928099655,v1:172.21.15.138:6801/2928099655] conn(0x7ff1940383f0 msgr2=0x7ff19403a8a0 secure :-1 s=STATE_CONNECTION_ESTABLISHED l=1).mark_down
2024-02-15T22:42:03.551 INFO:teuthology.orchestra.run.smithi138.stdout:/usr/bin/ceph: stderr
2024-02-15T22:42:02.402+0000 7ff1b179d700 1 --2- 172.21.15.138:0/1412226684 >> [v2:172.21.15.138:6800/2928099655,v1:172.21.15.138:6801/2928099655] conn(0x7ff1940383f0 0x7ff19403a8a0 secure :-1 s=READY pgs=13 cs=0 l=1 rev1=1 crypto rx=0x7ff19c006fd0 tx=0x7ff19c006e40 comp rx=0 tx=0).stop
2024-02-15T22:42:03.551 INFO:teuthology.orchestra.run.smithi138.stdout:/usr/bin/ceph: stderr
2024-02-15T22:42:02.402+0000 7ff1b179d700 1 -- 172.21.15.138:0/1412226684 >> [v2:172.21.15.138:3300/0,v1:172.21.15.138:6789/0] conn(0x7ff1ac105800 msgr2=0x7ff1ac199550 secure :-1 s=STATE_CONNECTION_ESTABLISHED l=1).mark_down
2024-02-15T22:42:03.551 INFO:teuthology.orchestra.run.smithi138.stdout:/usr/bin/ceph: stderr
2024-02-15T22:42:02.402+0000 7ff1b179d700 1 --2- 172.21.15.138:0/1412226684 >> [v2:172.21.15.138:3300/0,v1:172.21.15.138:6789/0] conn(0x7ff1ac105800 0x7ff1ac199550 secure :-1 s=READY pgs=48 cs=0 l=1 rev1=1 crypto rx=0x7ff1a0003de0 tx=0x7ff1a0011ab0 comp rx=0 tx=0).stop
2024-02-15T22:42:03.551 INFO:teuthology.orchestra.run.smithi138.stdout:/usr/bin/ceph: stderr
2024-02-15T22:42:02.403+0000 7ff1b179d700 1 -- 172.21.15.138:0/1412226684 shutdown_connections
2024-02-15T22:42:03.551 INFO:teuthology.orchestra.run.smithi138.stdout:/usr/bin/ceph: stderr
2024-02-15T22:42:02.403+0000 7ff1b179d700 1 --2- 172.21.15.138:0/1412226684 >> [v2:172.21.15.138:6800/2928099655,v1:172.21.15.138:6801/2928099655] conn(0x7ff1940383f0 0x7ff19403a8a0 unknown :-1 s=CLOSED pgs=13 cs=0 l=1 rev1=1 crypto rx=0 tx=0 comp rx=0 tx=0).stop
2024-02-15T22:42:03.551 INFO:teuthology.orchestra.run.smithi138.stdout:/usr/bin/ceph: stderr
2024-02-15T22:42:02.403+0000 7ff1b179d700 1 --2- 172.21.15.138:0/1412226684 >> [v2:172.21.15.138:3300/0,v1:172.21.15.138:6789/0] conn(0x7ff1ac105800 0x7ff1ac199550 unknown :-1 s=CLOSED pgs=48 cs=0 l=1 rev1=1 crypto rx=0 tx=0 comp rx=0 tx=0).stop
2024-02-15T22:42:03.551 INFO:teuthology.orchestra.run.smithi138.stdout:/usr/bin/ceph: stderr
2024-02-15T22:42:02.403+0000 7ff1b179d700 1 -- 172.21.15.138:0/1412226684 >> 172.21.15.138:0/1412226684 conn(0x7ff1ac100e50 msgr2=0x7ff1ac1024f0 unknown :-1 s=STATE_NONE l=0).mark_down
2024-02-15T22:42:03.552 INFO:teuthology.orchestra.run.smithi138.stdout:/usr/bin/ceph: stderr
2024-02-15T22:42:02.403+0000 7ff1b179d700 1 -- 172.21.15.138:0/1412226684 shutdown_connections
2024-02-15T22:42:03.552 INFO:teuthology.orchestra.run.smithi138.stdout:/usr/bin/ceph: stderr
2024-02-15T22:42:02.403+0000 7ff1b179d700 1 -- 172.21.15.138:0/1412226684 wait complete.
2024-02-15T22:42:03.552 INFO:teuthology.orchestra.run.smithi138.stdout:Deploying crash service with default placement...
2024-02-15T22:42:03.657 INFO:journalctl@ceph.mon.smithi138.smithi138.stdout:Feb 15 22:42:03 smithi138 ceph-mon[29229]: from='client.14142 -' entity='client.admin' cmd=[{"prefix": "orch apply", "service_type": "mgr", "target": ["mon-mgr", ""]}]: dispatch
2024-02-15T22:42:03.658 INFO:journalctl@ceph.mon.smithi138.smithi138.stdout:Feb 15 22:42:03 smithi138 ceph-mon[29229]: Saving service mgr spec with placement count:2
2024-02-15T22:42:03.658 INFO:journalctl@ceph.mon.smithi138.smithi138.stdout:Feb 15 22:42:03 smithi138 ceph-mon[29229]: from='mgr.14118 172.21.15.138:0/3997549400' entity='mgr.smithi138.jqscxs'
2024-02-15T22:42:03.658 INFO:journalctl@ceph.mon.smithi138.smithi138.stdout:Feb 15 22:42:03 smithi138 ceph-mon[29229]: from='mgr.14118 172.21.15.138:0/3997549400' entity='mgr.smithi138.jqscxs'
2024-02-15T22:42:04.729 INFO:teuthology.orchestra.run.smithi138.stdout:/usr/bin/ceph: stdout Scheduled crash update...
2024-02-15T22:42:04.730 INFO:teuthology.orchestra.run.smithi138.stdout:/usr/bin/ceph: stderr
2024-02-15T22:42:03.931+0000 7fc30e01a700 1 Processor -- start
2024-02-15T22:42:04.730 INFO:teuthology.orchestra.run.smithi138.stdout:/usr/bin/ceph: stderr
2024-02-15T22:42:03.931+0000 7fc30e01a700 1 -- start start
2024-02-15T22:42:04.730 INFO:teuthology.orchestra.run.smithi138.stdout:/usr/bin/ceph: stderr
2024-02-15T22:42:03.932+0000 7fc30e01a700 1 --2- >> [v2:172.21.15.138:3300/0,v1:172.21.15.138:6789/0] conn(0x7fc308104dc0 0x7fc3081051d0 unknown :-1 s=NONE pgs=0 cs=0 l=0 rev1=0 crypto rx=0 tx=0 comp rx=0 tx=0).connect
2024-02-15T22:42:04.730 INFO:teuthology.orchestra.run.smithi138.stdout:/usr/bin/ceph: stderr
2024-02-15T22:42:03.932+0000 7fc30e01a700 1 -- --> [v2:172.21.15.138:3300/0,v1:172.21.15.138:6789/0] -- mon_getmap magic: 0 v1 -- 0x7fc308105710 con 0x7fc308104dc0
2024-02-15T22:42:04.730 INFO:teuthology.orchestra.run.smithi138.stdout:/usr/bin/ceph: stderr
2024-02-15T22:42:03.932+0000 7fc3077fe700 1 --2- >> [v2:172.21.15.138:3300/0,v1:172.21.15.138:6789/0] conn(0x7fc308104dc0 0x7fc3081051d0 unknown :-1 s=BANNER_CONNECTING pgs=0 cs=0 l=0 rev1=0 crypto rx=0 tx=0 comp rx=0 tx=0)._handle_peer_banner_payload supported=3 required=0
2024-02-15T22:42:04.730 INFO:teuthology.orchestra.run.smithi138.stdout:/usr/bin/ceph: stderr
2024-02-15T22:42:03.932+0000 7fc3077fe700 1 --2- >> [v2:172.21.15.138:3300/0,v1:172.21.15.138:6789/0] conn(0x7fc308104dc0 0x7fc3081051d0 unknown :-1 s=HELLO_CONNECTING pgs=0 cs=0 l=0 rev1=1 crypto rx=0 tx=0 comp rx=0 tx=0).handle_hello peer v2:172.21.15.138:3300/0 says I am v2:172.21.15.138:41350/0 (socket says 172.21.15.138:41350)
2024-02-15T22:42:04.730 INFO:teuthology.orchestra.run.smithi138.stdout:/usr/bin/ceph: stderr
2024-02-15T22:42:03.932+0000 7fc3077fe700 1 -- 172.21.15.138:0/740574894 learned_addr learned my addr 172.21.15.138:0/740574894 (peer_addr_for_me v2:172.21.15.138:0/0)
2024-02-15T22:42:04.730 INFO:teuthology.orchestra.run.smithi138.stdout:/usr/bin/ceph: stderr
2024-02-15T22:42:03.932+0000 7fc3077fe700 1 -- 172.21.15.138:0/740574894 --> [v2:172.21.15.138:3300/0,v1:172.21.15.138:6789/0] -- mon_subscribe({config=0+,monmap=0+}) v3 -- 0x7fc308105850 con 0x7fc308104dc0
2024-02-15T22:42:04.730 INFO:teuthology.orchestra.run.smithi138.stdout:/usr/bin/ceph: stderr
2024-02-15T22:42:03.932+0000 7fc3077fe700 1 --2- 172.21.15.138:0/740574894 >> [v2:172.21.15.138:3300/0,v1:172.21.15.138:6789/0] conn(0x7fc308104dc0 0x7fc3081051d0 secure :-1 s=READY pgs=49 cs=0 l=1 rev1=1 crypto rx=0x7fc2f80098a0 tx=0x7fc2f8009bb0 comp rx=0 tx=0).ready entity=mon.0 client_cookie=8e1733b4f22cee9d server_cookie=0 in_seq=0 out_seq=0
2024-02-15T22:42:04.730 INFO:teuthology.orchestra.run.smithi138.stdout:/usr/bin/ceph: stderr
2024-02-15T22:42:03.932+0000 7fc3067fc700 1 -- 172.21.15.138:0/740574894 <== mon.0 v2:172.21.15.138:3300/0 1 ==== mon_map magic: 0 v1 ==== 229+0+0 (secure 0 0 0) 0x7fc2f8004180 con 0x7fc308104dc0
2024-02-15T22:42:04.730 INFO:teuthology.orchestra.run.smithi138.stdout:/usr/bin/ceph: stderr
2024-02-15T22:42:03.932+0000 7fc3067fc700 1 -- 172.21.15.138:0/740574894 <== mon.0 v2:172.21.15.138:3300/0 2 ==== config(27 keys) v1 ==== 1101+0+0 (secure 0 0 0) 0x7fc2f80042e0 con 0x7fc308104dc0
2024-02-15T22:42:04.730 INFO:teuthology.orchestra.run.smithi138.stdout:/usr/bin/ceph: stderr
2024-02-15T22:42:03.932+0000 7fc3067fc700 1 -- 172.21.15.138:0/740574894 <== mon.0 v2:172.21.15.138:3300/0 3 ==== mon_map magic: 0 v1 ==== 229+0+0 (secure 0 0 0) 0x7fc2f8011af0 con 0x7fc308104dc0
2024-02-15T22:42:04.731 INFO:teuthology.orchestra.run.smithi138.stdout:/usr/bin/ceph: stderr
2024-02-15T22:42:03.933+0000 7fc30e01a700 1 -- 172.21.15.138:0/740574894 >> [v2:172.21.15.138:3300/0,v1:172.21.15.138:6789/0] conn(0x7fc308104dc0 msgr2=0x7fc3081051d0 secure :-1 s=STATE_CONNECTION_ESTABLISHED l=1).mark_down
2024-02-15T22:42:04.731 INFO:teuthology.orchestra.run.smithi138.stdout:/usr/bin/ceph: stderr
2024-02-15T22:42:03.933+0000 7fc30e01a700 1 --2- 172.21.15.138:0/740574894 >> [v2:172.21.15.138:3300/0,v1:172.21.15.138:6789/0] conn(0x7fc308104dc0 0x7fc3081051d0 secure :-1 s=READY pgs=49 cs=0 l=1 rev1=1 crypto rx=0x7fc2f80098a0 tx=0x7fc2f8009bb0 comp rx=0 tx=0).stop
2024-02-15T22:42:04.731 INFO:teuthology.orchestra.run.smithi138.stdout:/usr/bin/ceph: stderr
2024-02-15T22:42:03.933+0000 7fc30e01a700 1 -- 172.21.15.138:0/740574894 shutdown_connections
2024-02-15T22:42:04.731 INFO:teuthology.orchestra.run.smithi138.stdout:/usr/bin/ceph: stderr
2024-02-15T22:42:03.933+0000 7fc30e01a700 1 --2- 172.21.15.138:0/740574894 >> [v2:172.21.15.138:3300/0,v1:172.21.15.138:6789/0] conn(0x7fc308104dc0 0x7fc3081051d0 unknown :-1 s=CLOSED pgs=49 cs=0 l=1 rev1=1 crypto rx=0 tx=0 comp rx=0 tx=0).stop
2024-02-15T22:42:04.731 INFO:teuthology.orchestra.run.smithi138.stdout:/usr/bin/ceph: stderr
2024-02-15T22:42:03.933+0000 7fc30e01a700 1 -- 172.21.15.138:0/740574894 >> 172.21.15.138:0/740574894 conn(0x7fc3080ff670 msgr2=0x7fc308101ac0 unknown :-1 s=STATE_NONE l=0).mark_down
2024-02-15T22:42:04.731 INFO:teuthology.orchestra.run.smithi138.stdout:/usr/bin/ceph: stderr
2024-02-15T22:42:03.933+0000 7fc30e01a700 1 -- 172.21.15.138:0/740574894 shutdown_connections
2024-02-15T22:42:04.732 INFO:teuthology.orchestra.run.smithi138.stdout:/usr/bin/ceph: stderr
2024-02-15T22:42:03.933+0000 7fc30e01a700 1 -- 172.21.15.138:0/740574894 wait complete.
2024-02-15T22:42:04.732 INFO:teuthology.orchestra.run.smithi138.stdout:/usr/bin/ceph: stderr
2024-02-15T22:42:03.934+0000 7fc30e01a700 1 Processor -- start
2024-02-15T22:42:04.732 INFO:teuthology.orchestra.run.smithi138.stdout:/usr/bin/ceph: stderr
2024-02-15T22:42:03.934+0000 7fc30e01a700 1 -- start start
2024-02-15T22:42:04.732 INFO:teuthology.orchestra.run.smithi138.stdout:/usr/bin/ceph: stderr
2024-02-15T22:42:03.934+0000 7fc30e01a700 1 --2- >> [v2:172.21.15.138:3300/0,v1:172.21.15.138:6789/0] conn(0x7fc308104dc0 0x7fc308104540 unknown :-1 s=NONE pgs=0 cs=0 l=1 rev1=0 crypto rx=0 tx=0 comp rx=0 tx=0).connect
2024-02-15T22:42:04.732 INFO:teuthology.orchestra.run.smithi138.stdout:/usr/bin/ceph: stderr
2024-02-15T22:42:03.934+0000 7fc30e01a700 1 -- --> [v2:172.21.15.138:3300/0,v1:172.21.15.138:6789/0] -- mon_getmap magic: 0 v1 -- 0x7fc30819c490 con 0x7fc308104dc0
2024-02-15T22:42:04.732 INFO:teuthology.orchestra.run.smithi138.stdout:/usr/bin/ceph: stderr
2024-02-15T22:42:03.934+0000 7fc3077fe700 1 --2- >> [v2:172.21.15.138:3300/0,v1:172.21.15.138:6789/0] conn(0x7fc308104dc0 0x7fc308104540 unknown :-1 s=BANNER_CONNECTING pgs=0 cs=0 l=1 rev1=0 crypto rx=0 tx=0 comp rx=0 tx=0)._handle_peer_banner_payload supported=3 required=0
2024-02-15T22:42:04.733 INFO:teuthology.orchestra.run.smithi138.stdout:/usr/bin/ceph: stderr
2024-02-15T22:42:03.934+0000 7fc3077fe700 1 --2- >> [v2:172.21.15.138:3300/0,v1:172.21.15.138:6789/0] conn(0x7fc308104dc0 0x7fc308104540 unknown :-1 s=HELLO_CONNECTING pgs=0 cs=0 l=1 rev1=1 crypto rx=0 tx=0 comp rx=0 tx=0).handle_hello peer v2:172.21.15.138:3300/0 says I am v2:172.21.15.138:41366/0 (socket says 172.21.15.138:41366)
2024-02-15T22:42:04.733 INFO:teuthology.orchestra.run.smithi138.stdout:/usr/bin/ceph: stderr
2024-02-15T22:42:03.934+0000 7fc3077fe700 1 -- 172.21.15.138:0/3987427553 learned_addr learned my addr 172.21.15.138:0/3987427553 (peer_addr_for_me v2:172.21.15.138:0/0)
2024-02-15T22:42:04.733 INFO:teuthology.orchestra.run.smithi138.stdout:/usr/bin/ceph: stderr
2024-02-15T22:42:03.934+0000 7fc3077fe700 1 -- 172.21.15.138:0/3987427553 --> [v2:172.21.15.138:3300/0,v1:172.21.15.138:6789/0] -- mon_subscribe({config=0+,monmap=0+}) v3 -- 0x7fc2f8009550 con 0x7fc308104dc0
2024-02-15T22:42:04.733 INFO:teuthology.orchestra.run.smithi138.stdout:/usr/bin/ceph: stderr
2024-02-15T22:42:03.934+0000 7fc3077fe700 1 --2- 172.21.15.138:0/3987427553 >> [v2:172.21.15.138:3300/0,v1:172.21.15.138:6789/0] conn(0x7fc308104dc0 0x7fc308104540 secure :-1 s=READY pgs=50 cs=0 l=1 rev1=1 crypto rx=0x7fc2f8011670 tx=0x7fc2f8011aa0 comp rx=0 tx=0).ready entity=mon.0 client_cookie=0 server_cookie=0 in_seq=0 out_seq=0
2024-02-15T22:42:04.733 INFO:teuthology.orchestra.run.smithi138.stdout:/usr/bin/ceph: stderr
2024-02-15T22:42:03.935+0000 7fc304ff9700 1 -- 172.21.15.138:0/3987427553 <== mon.0 v2:172.21.15.138:3300/0 1 ==== mon_map magic: 0 v1 ==== 229+0+0 (secure 0 0 0) 0x7fc2f80039c0 con 0x7fc308104dc0
2024-02-15T22:42:04.733 INFO:teuthology.orchestra.run.smithi138.stdout:/usr/bin/ceph: stderr
2024-02-15T22:42:03.935+0000 7fc304ff9700 1 -- 172.21.15.138:0/3987427553 <== mon.0 v2:172.21.15.138:3300/0 2 ==== config(27 keys) v1 ==== 1101+0+0 (secure 0 0 0) 0x7fc2f8003b20 con 0x7fc308104dc0
2024-02-15T22:42:04.734 INFO:teuthology.orchestra.run.smithi138.stdout:/usr/bin/ceph: stderr
2024-02-15T22:42:03.935+0000 7fc30e01a700 1 -- 172.21.15.138:0/3987427553 --> [v2:172.21.15.138:3300/0,v1:172.21.15.138:6789/0] -- mon_subscribe({mgrmap=0+}) v3 -- 0x7fc30819c5d0 con 0x7fc308104dc0
2024-02-15T22:42:04.734 INFO:teuthology.orchestra.run.smithi138.stdout:/usr/bin/ceph: stderr
2024-02-15T22:42:03.935+0000 7fc304ff9700 1 -- 172.21.15.138:0/3987427553 <== mon.0 v2:172.21.15.138:3300/0 3 ==== mon_map magic: 0 v1 ==== 229+0+0 (secure 0 0 0) 0x7fc2f80247f0 con 0x7fc308104dc0
2024-02-15T22:42:04.734 INFO:teuthology.orchestra.run.smithi138.stdout:/usr/bin/ceph: stderr
2024-02-15T22:42:03.935+0000 7fc30e01a700 1 -- 172.21.15.138:0/3987427553 --> [v2:172.21.15.138:3300/0,v1:172.21.15.138:6789/0] -- mon_subscribe({osdmap=0}) v3 -- 0x7fc30819ca70 con 0x7fc308104dc0
2024-02-15T22:42:04.734 INFO:teuthology.orchestra.run.smithi138.stdout:/usr/bin/ceph: stderr
2024-02-15T22:42:03.935+0000 7fc304ff9700 1 -- 172.21.15.138:0/3987427553 <== mon.0 v2:172.21.15.138:3300/0 4 ==== mgrmap(e 8) v1 ==== 45084+0+0 (secure 0 0 0) 0x7fc2f8024a60 con 0x7fc308104dc0
2024-02-15T22:42:04.734 INFO:teuthology.orchestra.run.smithi138.stdout:/usr/bin/ceph: stderr
2024-02-15T22:42:03.936+0000 7fc304ff9700 1 --2- 172.21.15.138:0/3987427553 >> [v2:172.21.15.138:6800/2928099655,v1:172.21.15.138:6801/2928099655] conn(0x7fc2f4038400 0x7fc2f403a8b0 unknown :-1 s=NONE pgs=0 cs=0 l=1 rev1=0 crypto rx=0 tx=0 comp rx=0 tx=0).connect
2024-02-15T22:42:04.734 INFO:teuthology.orchestra.run.smithi138.stdout:/usr/bin/ceph: stderr
2024-02-15T22:42:03.936+0000 7fc304ff9700 1 -- 172.21.15.138:0/3987427553 <== mon.0 v2:172.21.15.138:3300/0 5 ==== osd_map(2..2 src has 1..2) v4 ==== 940+0+0 (secure 0 0 0) 0x7fc2f804c2f0 con 0x7fc308104dc0
2024-02-15T22:42:04.734 INFO:teuthology.orchestra.run.smithi138.stdout:/usr/bin/ceph: stderr
2024-02-15T22:42:03.936+0000 7fc306ffd700 1 --2- 172.21.15.138:0/3987427553 >> [v2:172.21.15.138:6800/2928099655,v1:172.21.15.138:6801/2928099655] conn(0x7fc2f4038400 0x7fc2f403a8b0 unknown :-1 s=BANNER_CONNECTING pgs=0 cs=0 l=1 rev1=0 crypto rx=0 tx=0 comp rx=0 tx=0)._handle_peer_banner_payload supported=3 required=0
2024-02-15T22:42:04.734 INFO:teuthology.orchestra.run.smithi138.stdout:/usr/bin/ceph: stderr
2024-02-15T22:42:03.936+0000 7fc30e01a700 1 -- 172.21.15.138:0/3987427553 --> [v2:172.21.15.138:3300/0,v1:172.21.15.138:6789/0] -- mon_command({"prefix": "get_command_descriptions"} v 0) v1 -- 0x7fc308062380 con 0x7fc308104dc0
2024-02-15T22:42:04.734 INFO:teuthology.orchestra.run.smithi138.stdout:/usr/bin/ceph: stderr
2024-02-15T22:42:03.936+0000 7fc306ffd700 1 --2- 172.21.15.138:0/3987427553 >> [v2:172.21.15.138:6800/2928099655,v1:172.21.15.138:6801/2928099655] conn(0x7fc2f4038400 0x7fc2f403a8b0 secure :-1 s=READY pgs=14 cs=0 l=1 rev1=1 crypto rx=0x7fc2f0006fd0 tx=0x7fc2f0006e40 comp rx=0 tx=0).ready entity=mgr.14118 client_cookie=0 server_cookie=0 in_seq=0 out_seq=0
2024-02-15T22:42:04.734 INFO:teuthology.orchestra.run.smithi138.stdout:/usr/bin/ceph: stderr
2024-02-15T22:42:03.940+0000 7fc304ff9700 1 -- 172.21.15.138:0/3987427553 <== mon.0 v2:172.21.15.138:3300/0 6 ==== mon_command_ack([{"prefix": "get_command_descriptions"}]=0 v0) v1 ==== 72+0+177933 (secure 0 0 0) 0x7fc2f8024d10 con 0x7fc308104dc0
2024-02-15T22:42:04.734 INFO:teuthology.orchestra.run.smithi138.stdout:/usr/bin/ceph: stderr
2024-02-15T22:42:04.160+0000 7fc30e01a700 1 -- 172.21.15.138:0/3987427553 --> [v2:172.21.15.138:6800/2928099655,v1:172.21.15.138:6801/2928099655] -- mgr_command(tid 0: {"prefix": "orch apply", "service_type": "crash", "target": ["mon-mgr", ""]}) v1 -- 0x7fc308100b00 con 0x7fc2f4038400
2024-02-15T22:42:04.734 INFO:teuthology.orchestra.run.smithi138.stdout:/usr/bin/ceph: stderr
2024-02-15T22:42:04.164+0000 7fc304ff9700 1 -- 172.21.15.138:0/3987427553 <== mgr.14118 v2:172.21.15.138:6800/2928099655 1 ==== mgr_command_reply(tid 0: 0 ) v1 ==== 8+0+26 (secure 0 0 0) 0x7fc308100b00 con 0x7fc2f4038400
2024-02-15T22:42:04.735 INFO:teuthology.orchestra.run.smithi138.stdout:/usr/bin/ceph: stderr
2024-02-15T22:42:04.166+0000 7fc30e01a700 1 -- 172.21.15.138:0/3987427553 >> [v2:172.21.15.138:6800/2928099655,v1:172.21.15.138:6801/2928099655] conn(0x7fc2f4038400 msgr2=0x7fc2f403a8b0 secure :-1 s=STATE_CONNECTION_ESTABLISHED l=1).mark_down
2024-02-15T22:42:04.735 INFO:teuthology.orchestra.run.smithi138.stdout:/usr/bin/ceph: stderr
2024-02-15T22:42:04.166+0000 7fc30e01a700 1 --2- 172.21.15.138:0/3987427553 >> [v2:172.21.15.138:6800/2928099655,v1:172.21.15.138:6801/2928099655] conn(0x7fc2f4038400 0x7fc2f403a8b0 secure :-1 s=READY pgs=14 cs=0 l=1 rev1=1 crypto rx=0x7fc2f0006fd0 tx=0x7fc2f0006e40 comp rx=0 tx=0).stop
2024-02-15T22:42:04.735 INFO:teuthology.orchestra.run.smithi138.stdout:/usr/bin/ceph: stderr
2024-02-15T22:42:04.166+0000 7fc30e01a700 1 -- 172.21.15.138:0/3987427553 >> [v2:172.21.15.138:3300/0,v1:172.21.15.138:6789/0] conn(0x7fc308104dc0 msgr2=0x7fc308104540 secure :-1 s=STATE_CONNECTION_ESTABLISHED l=1).mark_down
2024-02-15T22:42:04.735 INFO:teuthology.orchestra.run.smithi138.stdout:/usr/bin/ceph: stderr
2024-02-15T22:42:04.166+0000 7fc30e01a700 1 --2- 172.21.15.138:0/3987427553 >> [v2:172.21.15.138:3300/0,v1:172.21.15.138:6789/0] conn(0x7fc308104dc0 0x7fc308104540 secure :-1 s=READY pgs=50 cs=0 l=1 rev1=1 crypto rx=0x7fc2f8011670 tx=0x7fc2f8011aa0 comp rx=0 tx=0).stop
2024-02-15T22:42:04.735 INFO:teuthology.orchestra.run.smithi138.stdout:/usr/bin/ceph: stderr
2024-02-15T22:42:04.167+0000 7fc30e01a700 1 -- 172.21.15.138:0/3987427553 shutdown_connections
2024-02-15T22:42:04.735 INFO:teuthology.orchestra.run.smithi138.stdout:/usr/bin/ceph: stderr
2024-02-15T22:42:04.167+0000 7fc30e01a700 1 --2- 172.21.15.138:0/3987427553 >> [v2:172.21.15.138:6800/2928099655,v1:172.21.15.138:6801/2928099655] conn(0x7fc2f4038400 0x7fc2f403a8b0 unknown :-1 s=CLOSED pgs=14 cs=0 l=1 rev1=1 crypto rx=0 tx=0 comp rx=0 tx=0).stop
2024-02-15T22:42:04.735 INFO:teuthology.orchestra.run.smithi138.stdout:/usr/bin/ceph: stderr
2024-02-15T22:42:04.167+0000 7fc30e01a700 1 --2- 172.21.15.138:0/3987427553 >> [v2:172.21.15.138:3300/0,v1:172.21.15.138:6789/0] conn(0x7fc308104dc0 0x7fc308104540 unknown :-1 s=CLOSED pgs=50 cs=0 l=1 rev1=1 crypto rx=0 tx=0 comp rx=0 tx=0).stop
2024-02-15T22:42:04.736 INFO:teuthology.orchestra.run.smithi138.stdout:/usr/bin/ceph: stderr
2024-02-15T22:42:04.167+0000 7fc30e01a700 1 -- 172.21.15.138:0/3987427553 >> 172.21.15.138:0/3987427553 conn(0x7fc3080ff670 msgr2=0x7fc308101ac0 unknown :-1 s=STATE_NONE l=0).mark_down
2024-02-15T22:42:04.736 INFO:teuthology.orchestra.run.smithi138.stdout:/usr/bin/ceph: stderr
2024-02-15T22:42:04.167+0000 7fc30e01a700 1 -- 172.21.15.138:0/3987427553 shutdown_connections
2024-02-15T22:42:04.736 INFO:teuthology.orchestra.run.smithi138.stdout:/usr/bin/ceph: stderr
2024-02-15T22:42:04.167+0000 7fc30e01a700 1 -- 172.21.15.138:0/3987427553 wait complete.
2024-02-15T22:42:04.736 INFO:teuthology.orchestra.run.smithi138.stdout:Deploying ceph-exporter service with default placement...
2024-02-15T22:42:05.351 INFO:journalctl@ceph.mon.smithi138.smithi138.stdout:Feb 15 22:42:05 smithi138 ceph-mon[29229]: from='mgr.14118 172.21.15.138:0/3997549400' entity='mgr.smithi138.jqscxs'
2024-02-15T22:42:05.352 INFO:journalctl@ceph.mon.smithi138.smithi138.stdout:Feb 15 22:42:05 smithi138 ceph-mon[29229]: from='client.14144 -' entity='client.admin' cmd=[{"prefix": "orch apply", "service_type": "crash", "target": ["mon-mgr", ""]}]: dispatch
2024-02-15T22:42:05.352 INFO:journalctl@ceph.mon.smithi138.smithi138.stdout:Feb 15 22:42:05 smithi138 ceph-mon[29229]: Saving service crash spec with placement *
2024-02-15T22:42:05.352 INFO:journalctl@ceph.mon.smithi138.smithi138.stdout:Feb 15 22:42:05 smithi138 ceph-mon[29229]: from='mgr.14118 172.21.15.138:0/3997549400' entity='mgr.smithi138.jqscxs'
2024-02-15T22:42:06.079 INFO:teuthology.orchestra.run.smithi138.stdout:/usr/bin/ceph: stdout Scheduled ceph-exporter update...
2024-02-15T22:42:06.080 INFO:teuthology.orchestra.run.smithi138.stdout:/usr/bin/ceph: stderr
2024-02-15T22:42:05.125+0000 7f623d05e700 1 Processor -- start
2024-02-15T22:42:06.080 INFO:teuthology.orchestra.run.smithi138.stdout:/usr/bin/ceph: stderr
2024-02-15T22:42:05.125+0000 7f623d05e700 1 -- start start
2024-02-15T22:42:06.080 INFO:teuthology.orchestra.run.smithi138.stdout:/usr/bin/ceph: stderr
2024-02-15T22:42:05.126+0000 7f623d05e700 1 --2- >> [v2:172.21.15.138:3300/0,v1:172.21.15.138:6789/0] conn(0x7f6238107000 0x7f6238107410 unknown :-1 s=NONE pgs=0 cs=0 l=0 rev1=0 crypto rx=0 tx=0 comp rx=0 tx=0).connect
2024-02-15T22:42:06.080 INFO:teuthology.orchestra.run.smithi138.stdout:/usr/bin/ceph: stderr
2024-02-15T22:42:05.126+0000 7f623d05e700 1 -- --> [v2:172.21.15.138:3300/0,v1:172.21.15.138:6789/0] -- mon_getmap magic: 0 v1 -- 0x7f6238107950 con 0x7f6238107000
2024-02-15T22:42:06.080 INFO:teuthology.orchestra.run.smithi138.stdout:/usr/bin/ceph: stderr
2024-02-15T22:42:05.126+0000 7f6236d9d700 1 --2- >> [v2:172.21.15.138:3300/0,v1:172.21.15.138:6789/0] conn(0x7f6238107000 0x7f6238107410 unknown :-1 s=BANNER_CONNECTING pgs=0 cs=0 l=0 rev1=0 crypto rx=0 tx=0 comp rx=0 tx=0)._handle_peer_banner_payload supported=3 required=0
2024-02-15T22:42:06.080 INFO:teuthology.orchestra.run.smithi138.stdout:/usr/bin/ceph: stderr
2024-02-15T22:42:05.126+0000 7f6236d9d700 1 --2- >> [v2:172.21.15.138:3300/0,v1:172.21.15.138:6789/0] conn(0x7f6238107000 0x7f6238107410 unknown :-1 s=HELLO_CONNECTING pgs=0 cs=0 l=0 rev1=1 crypto rx=0 tx=0 comp rx=0 tx=0).handle_hello peer v2:172.21.15.138:3300/0 says I am v2:172.21.15.138:41382/0 (socket says 172.21.15.138:41382)
2024-02-15T22:42:06.081 INFO:teuthology.orchestra.run.smithi138.stdout:/usr/bin/ceph: stderr
2024-02-15T22:42:05.126+0000 7f6236d9d700 1 -- 172.21.15.138:0/1302107550 learned_addr learned my addr 172.21.15.138:0/1302107550 (peer_addr_for_me v2:172.21.15.138:0/0)
2024-02-15T22:42:06.081 INFO:teuthology.orchestra.run.smithi138.stdout:/usr/bin/ceph: stderr
2024-02-15T22:42:05.126+0000 7f6236d9d700 1 -- 172.21.15.138:0/1302107550 --> [v2:172.21.15.138:3300/0,v1:172.21.15.138:6789/0] -- mon_subscribe({config=0+,monmap=0+}) v3 -- 0x7f6238107a90 con 0x7f6238107000
2024-02-15T22:42:06.081 INFO:teuthology.orchestra.run.smithi138.stdout:/usr/bin/ceph: stderr
2024-02-15T22:42:05.126+0000 7f6236d9d700 1 --2- 172.21.15.138:0/1302107550 >> [v2:172.21.15.138:3300/0,v1:172.21.15.138:6789/0] conn(0x7f6238107000 0x7f6238107410 secure :-1 s=READY pgs=51 cs=0 l=1 rev1=1 crypto rx=0x7f62280098a0 tx=0x7f6228009bb0 comp rx=0 tx=0).ready entity=mon.0 client_cookie=82969cff51e23034 server_cookie=0 in_seq=0 out_seq=0
2024-02-15T22:42:06.081 INFO:teuthology.orchestra.run.smithi138.stdout:/usr/bin/ceph: stderr
2024-02-15T22:42:05.126+0000 7f6235d9b700 1 -- 172.21.15.138:0/1302107550 <== mon.0 v2:172.21.15.138:3300/0 1 ==== mon_map magic: 0 v1 ==== 229+0+0 (secure 0 0 0) 0x7f6228004180 con 0x7f6238107000
2024-02-15T22:42:06.081 INFO:teuthology.orchestra.run.smithi138.stdout:/usr/bin/ceph: stderr
2024-02-15T22:42:05.126+0000 7f6235d9b700 1 -- 172.21.15.138:0/1302107550 <== mon.0 v2:172.21.15.138:3300/0 2 ==== config(27 keys) v1 ==== 1101+0+0 (secure 0 0 0) 0x7f62280042e0 con 0x7f6238107000
2024-02-15T22:42:06.081 INFO:teuthology.orchestra.run.smithi138.stdout:/usr/bin/ceph: stderr
2024-02-15T22:42:05.126+0000 7f6235d9b700 1 -- 172.21.15.138:0/1302107550 <== mon.0 v2:172.21.15.138:3300/0 3 ==== mon_map magic: 0 v1 ==== 229+0+0 (secure 0 0 0) 0x7f6228011af0 con 0x7f6238107000
2024-02-15T22:42:06.082 INFO:teuthology.orchestra.run.smithi138.stdout:/usr/bin/ceph: stderr
2024-02-15T22:42:05.127+0000 7f623d05e700 1 -- 172.21.15.138:0/1302107550 >> [v2:172.21.15.138:3300/0,v1:172.21.15.138:6789/0] conn(0x7f6238107000 msgr2=0x7f6238107410 secure :-1 s=STATE_CONNECTION_ESTABLISHED l=1).mark_down
2024-02-15T22:42:06.082 INFO:teuthology.orchestra.run.smithi138.stdout:/usr/bin/ceph: stderr
2024-02-15T22:42:05.127+0000 7f623d05e700 1 --2- 172.21.15.138:0/1302107550 >> [v2:172.21.15.138:3300/0,v1:172.21.15.138:6789/0] conn(0x7f6238107000 0x7f6238107410 secure :-1 s=READY pgs=51 cs=0 l=1 rev1=1 crypto rx=0x7f62280098a0 tx=0x7f6228009bb0 comp rx=0 tx=0).stop
2024-02-15T22:42:06.082 INFO:teuthology.orchestra.run.smithi138.stdout:/usr/bin/ceph: stderr
2024-02-15T22:42:05.127+0000 7f623d05e700 1 -- 172.21.15.138:0/1302107550 shutdown_connections
2024-02-15T22:42:06.082 INFO:teuthology.orchestra.run.smithi138.stdout:/usr/bin/ceph: stderr
2024-02-15T22:42:05.127+0000 7f623d05e700 1 --2- 172.21.15.138:0/1302107550 >> [v2:172.21.15.138:3300/0,v1:172.21.15.138:6789/0] conn(0x7f6238107000 0x7f6238107410 unknown :-1 s=CLOSED pgs=51 cs=0 l=1 rev1=1 crypto rx=0 tx=0 comp rx=0 tx=0).stop
2024-02-15T22:42:06.082 INFO:teuthology.orchestra.run.smithi138.stdout:/usr/bin/ceph: stderr
2024-02-15T22:42:05.127+0000 7f623d05e700 1 -- 172.21.15.138:0/1302107550 >> 172.21.15.138:0/1302107550 conn(0x7f62380ff670 msgr2=0x7f6238101ac0 unknown :-1 s=STATE_NONE l=0).mark_down
2024-02-15T22:42:06.082 INFO:teuthology.orchestra.run.smithi138.stdout:/usr/bin/ceph: stderr
2024-02-15T22:42:05.127+0000 7f623d05e700 1 -- 172.21.15.138:0/1302107550 shutdown_connections
2024-02-15T22:42:06.082 INFO:teuthology.orchestra.run.smithi138.stdout:/usr/bin/ceph: stderr
2024-02-15T22:42:05.127+0000 7f623d05e700 1 -- 172.21.15.138:0/1302107550 wait complete.
2024-02-15T22:42:06.082 INFO:teuthology.orchestra.run.smithi138.stdout:/usr/bin/ceph: stderr
2024-02-15T22:42:05.128+0000 7f623d05e700 1 Processor -- start
2024-02-15T22:42:06.082 INFO:teuthology.orchestra.run.smithi138.stdout:/usr/bin/ceph: stderr
2024-02-15T22:42:05.128+0000 7f623d05e700 1 -- start start
2024-02-15T22:42:06.082 INFO:teuthology.orchestra.run.smithi138.stdout:/usr/bin/ceph: stderr
2024-02-15T22:42:05.128+0000 7f623d05e700 1 --2- >> [v2:172.21.15.138:3300/0,v1:172.21.15.138:6789/0] conn(0x7f6238107000 0x7f6238199770 unknown :-1 s=NONE pgs=0 cs=0 l=1 rev1=0 crypto rx=0 tx=0 comp rx=0 tx=0).connect
2024-02-15T22:42:06.083 INFO:teuthology.orchestra.run.smithi138.stdout:/usr/bin/ceph: stderr
2024-02-15T22:42:05.128+0000 7f623d05e700 1 -- --> [v2:172.21.15.138:3300/0,v1:172.21.15.138:6789/0] -- mon_getmap magic: 0 v1 -- 0x7f6238199cb0 con 0x7f6238107000
2024-02-15T22:42:06.083 INFO:teuthology.orchestra.run.smithi138.stdout:/usr/bin/ceph: stderr
2024-02-15T22:42:05.128+0000 7f6236d9d700 1 --2- >> [v2:172.21.15.138:3300/0,v1:172.21.15.138:6789/0] conn(0x7f6238107000 0x7f6238199770 unknown :-1 s=BANNER_CONNECTING pgs=0 cs=0 l=1 rev1=0 crypto rx=0 tx=0 comp rx=0 tx=0)._handle_peer_banner_payload supported=3 required=0
2024-02-15T22:42:06.083 INFO:teuthology.orchestra.run.smithi138.stdout:/usr/bin/ceph: stderr
2024-02-15T22:42:05.128+0000 7f6236d9d700 1 --2- >> [v2:172.21.15.138:3300/0,v1:172.21.15.138:6789/0] conn(0x7f6238107000 0x7f6238199770 unknown :-1 s=HELLO_CONNECTING pgs=0 cs=0 l=1 rev1=1 crypto rx=0 tx=0 comp rx=0 tx=0).handle_hello peer v2:172.21.15.138:3300/0 says I am v2:172.21.15.138:41390/0 (socket says 172.21.15.138:41390)
2024-02-15T22:42:06.083 INFO:teuthology.orchestra.run.smithi138.stdout:/usr/bin/ceph: stderr
2024-02-15T22:42:05.128+0000 7f6236d9d700 1 -- 172.21.15.138:0/2731300330 learned_addr learned my addr 172.21.15.138:0/2731300330 (peer_addr_for_me v2:172.21.15.138:0/0)
2024-02-15T22:42:06.083 INFO:teuthology.orchestra.run.smithi138.stdout:/usr/bin/ceph: stderr
2024-02-15T22:42:05.129+0000 7f6236d9d700 1 -- 172.21.15.138:0/2731300330 --> [v2:172.21.15.138:3300/0,v1:172.21.15.138:6789/0] -- mon_subscribe({config=0+,monmap=0+}) v3 -- 0x7f6228009550 con 0x7f6238107000
2024-02-15T22:42:06.083 INFO:teuthology.orchestra.run.smithi138.stdout:/usr/bin/ceph: stderr
2024-02-15T22:42:05.129+0000 7f6236d9d700 1 --2- 172.21.15.138:0/2731300330 >> [v2:172.21.15.138:3300/0,v1:172.21.15.138:6789/0] conn(0x7f6238107000 0x7f6238199770 secure :-1 s=READY pgs=52 cs=0 l=1 rev1=1 crypto rx=0x7f6228011670 tx=0x7f6228011aa0 comp rx=0 tx=0).ready entity=mon.0 client_cookie=0 server_cookie=0 in_seq=0 out_seq=0
2024-02-15T22:42:06.083 INFO:teuthology.orchestra.run.smithi138.stdout:/usr/bin/ceph: stderr
2024-02-15T22:42:05.129+0000 7f621ffff700 1 -- 172.21.15.138:0/2731300330 <== mon.0 v2:172.21.15.138:3300/0 1 ==== mon_map magic: 0 v1 ==== 229+0+0 (secure 0 0 0) 0x7f6228003a40 con 0x7f6238107000
2024-02-15T22:42:06.083 INFO:teuthology.orchestra.run.smithi138.stdout:/usr/bin/ceph: stderr
2024-02-15T22:42:05.129+0000 7f623d05e700 1 -- 172.21.15.138:0/2731300330 --> [v2:172.21.15.138:3300/0,v1:172.21.15.138:6789/0] -- mon_subscribe({mgrmap=0+}) v3 -- 0x7f6238199eb0 con 0x7f6238107000
2024-02-15T22:42:06.083 INFO:teuthology.orchestra.run.smithi138.stdout:/usr/bin/ceph: stderr
2024-02-15T22:42:05.129+0000 7f621ffff700 1 -- 172.21.15.138:0/2731300330 <== mon.0 v2:172.21.15.138:3300/0 2 ==== config(27 keys) v1 ==== 1101+0+0 (secure 0 0 0) 0x7f6228003ba0 con 0x7f6238107000
2024-02-15T22:42:06.083 INFO:teuthology.orchestra.run.smithi138.stdout:/usr/bin/ceph: stderr
2024-02-15T22:42:05.129+0000 7f621ffff700 1 -- 172.21.15.138:0/2731300330 <== mon.0 v2:172.21.15.138:3300/0 3 ==== mon_map magic: 0 v1 ==== 229+0+0 (secure 0 0 0) 0x7f6228003a40 con 0x7f6238107000
2024-02-15T22:42:06.083 INFO:teuthology.orchestra.run.smithi138.stdout:/usr/bin/ceph: stderr
2024-02-15T22:42:05.129+0000 7f623d05e700 1 -- 172.21.15.138:0/2731300330 --> [v2:172.21.15.138:3300/0,v1:172.21.15.138:6789/0] -- mon_subscribe({osdmap=0}) v3 -- 0x7f623819a350 con 0x7f6238107000
2024-02-15T22:42:06.083 INFO:teuthology.orchestra.run.smithi138.stdout:/usr/bin/ceph: stderr
2024-02-15T22:42:05.130+0000 7f623d05e700 1 -- 172.21.15.138:0/2731300330 --> [v2:172.21.15.138:3300/0,v1:172.21.15.138:6789/0] -- mon_command({"prefix": "get_command_descriptions"} v 0) v1 -- 0x7f6238104550 con 0x7f6238107000
2024-02-15T22:42:06.084 INFO:teuthology.orchestra.run.smithi138.stdout:/usr/bin/ceph: stderr
2024-02-15T22:42:05.130+0000 7f621ffff700 1 -- 172.21.15.138:0/2731300330 <== mon.0 v2:172.21.15.138:3300/0 4 ==== mgrmap(e 8) v1 ==== 45084+0+0 (secure 0 0 0) 0x7f6228024770 con 0x7f6238107000
2024-02-15T22:42:06.084 INFO:teuthology.orchestra.run.smithi138.stdout:/usr/bin/ceph: stderr
2024-02-15T22:42:05.130+0000 7f621ffff700 1 --2- 172.21.15.138:0/2731300330 >> [v2:172.21.15.138:6800/2928099655,v1:172.21.15.138:6801/2928099655] conn(0x7f6220038450 0x7f622003a900 unknown :-1 s=NONE pgs=0 cs=0 l=1 rev1=0 crypto rx=0 tx=0 comp rx=0 tx=0).connect
2024-02-15T22:42:06.084 INFO:teuthology.orchestra.run.smithi138.stdout:/usr/bin/ceph: stderr
2024-02-15T22:42:05.130+0000 7f621ffff700 1 -- 172.21.15.138:0/2731300330 <== mon.0 v2:172.21.15.138:3300/0 5 ==== osd_map(2..2 src has 1..2) v4 ==== 940+0+0 (secure 0 0 0) 0x7f6228018d20 con 0x7f6238107000
2024-02-15T22:42:06.084 INFO:teuthology.orchestra.run.smithi138.stdout:/usr/bin/ceph: stderr
2024-02-15T22:42:05.130+0000 7f623659c700 1 --2- 172.21.15.138:0/2731300330 >> [v2:172.21.15.138:6800/2928099655,v1:172.21.15.138:6801/2928099655] conn(0x7f6220038450 0x7f622003a900 unknown :-1 s=BANNER_CONNECTING pgs=0 cs=0 l=1 rev1=0 crypto rx=0 tx=0 comp rx=0 tx=0)._handle_peer_banner_payload supported=3 required=0
2024-02-15T22:42:06.084 INFO:teuthology.orchestra.run.smithi138.stdout:/usr/bin/ceph: stderr
2024-02-15T22:42:05.131+0000 7f623659c700 1 --2- 172.21.15.138:0/2731300330 >> [v2:172.21.15.138:6800/2928099655,v1:172.21.15.138:6801/2928099655] conn(0x7f6220038450 0x7f622003a900 secure :-1 s=READY pgs=15 cs=0 l=1 rev1=1 crypto rx=0x7f622c006fd0 tx=0x7f622c006e40 comp rx=0 tx=0).ready entity=mgr.14118 client_cookie=0 server_cookie=0 in_seq=0 out_seq=0
2024-02-15T22:42:06.084 INFO:teuthology.orchestra.run.smithi138.stdout:/usr/bin/ceph: stderr
2024-02-15T22:42:05.136+0000 7f621ffff700 1 -- 172.21.15.138:0/2731300330 <== mon.0 v2:172.21.15.138:3300/0 6 ==== mon_command_ack([{"prefix": "get_command_descriptions"}]=0 v0) v1 ==== 72+0+177933 (secure 0 0 0) 0x7f622802dc50 con 0x7f6238107000
2024-02-15T22:42:06.084 INFO:teuthology.orchestra.run.smithi138.stdout:/usr/bin/ceph: stderr
2024-02-15T22:42:05.350+0000 7f623d05e700 1 -- 172.21.15.138:0/2731300330 --> [v2:172.21.15.138:6800/2928099655,v1:172.21.15.138:6801/2928099655] -- mgr_command(tid 0: {"prefix": "orch apply", "service_type": "ceph-exporter", "target": ["mon-mgr", ""]}) v1 -- 0x7f62381019a0 con 0x7f6220038450
2024-02-15T22:42:06.084 INFO:teuthology.orchestra.run.smithi138.stdout:/usr/bin/ceph: stderr
2024-02-15T22:42:05.355+0000 7f621ffff700 1 -- 172.21.15.138:0/2731300330 <== mgr.14118 v2:172.21.15.138:6800/2928099655 1 ==== mgr_command_reply(tid 0: 0 ) v1 ==== 8+0+34 (secure 0 0 0) 0x7f62381019a0 con 0x7f6220038450
2024-02-15T22:42:06.085 INFO:teuthology.orchestra.run.smithi138.stdout:/usr/bin/ceph: stderr
2024-02-15T22:42:05.357+0000 7f623d05e700 1 -- 172.21.15.138:0/2731300330 >> [v2:172.21.15.138:6800/2928099655,v1:172.21.15.138:6801/2928099655] conn(0x7f6220038450 msgr2=0x7f622003a900 secure :-1 s=STATE_CONNECTION_ESTABLISHED l=1).mark_down
2024-02-15T22:42:06.085 INFO:teuthology.orchestra.run.smithi138.stdout:/usr/bin/ceph: stderr
2024-02-15T22:42:05.357+0000 7f623d05e700 1 --2- 172.21.15.138:0/2731300330 >> [v2:172.21.15.138:6800/2928099655,v1:172.21.15.138:6801/2928099655] conn(0x7f6220038450 0x7f622003a900 secure :-1 s=READY pgs=15 cs=0 l=1 rev1=1 crypto rx=0x7f622c006fd0 tx=0x7f622c006e40 comp rx=0 tx=0).stop
2024-02-15T22:42:06.085 INFO:teuthology.orchestra.run.smithi138.stdout:/usr/bin/ceph: stderr
2024-02-15T22:42:05.357+0000 7f623d05e700 1 -- 172.21.15.138:0/2731300330 >> [v2:172.21.15.138:3300/0,v1:172.21.15.138:6789/0] conn(0x7f6238107000 msgr2=0x7f6238199770 secure :-1 s=STATE_CONNECTION_ESTABLISHED l=1).mark_down
2024-02-15T22:42:06.085 INFO:teuthology.orchestra.run.smithi138.stdout:/usr/bin/ceph: stderr
2024-02-15T22:42:05.357+0000 7f623d05e700 1 --2- 172.21.15.138:0/2731300330 >> [v2:172.21.15.138:3300/0,v1:172.21.15.138:6789/0] conn(0x7f6238107000 0x7f6238199770 secure :-1 s=READY pgs=52 cs=0 l=1 rev1=1 crypto rx=0x7f6228011670 tx=0x7f6228011aa0 comp rx=0 tx=0).stop
2024-02-15T22:42:06.085 INFO:teuthology.orchestra.run.smithi138.stdout:/usr/bin/ceph: stderr
2024-02-15T22:42:05.357+0000 7f623d05e700 1 -- 172.21.15.138:0/2731300330 shutdown_connections
2024-02-15T22:42:06.085 INFO:teuthology.orchestra.run.smithi138.stdout:/usr/bin/ceph: stderr
2024-02-15T22:42:05.357+0000 7f623d05e700 1 --2- 172.21.15.138:0/2731300330 >> [v2:172.21.15.138:6800/2928099655,v1:172.21.15.138:6801/2928099655] conn(0x7f6220038450 0x7f622003a900 unknown :-1 s=CLOSED pgs=15 cs=0 l=1 rev1=1 crypto rx=0 tx=0 comp rx=0 tx=0).stop
2024-02-15T22:42:06.085 INFO:teuthology.orchestra.run.smithi138.stdout:/usr/bin/ceph: stderr
2024-02-15T22:42:05.357+0000 7f623d05e700 1 --2- 172.21.15.138:0/2731300330 >> [v2:172.21.15.138:3300/0,v1:172.21.15.138:6789/0] conn(0x7f6238107000 0x7f6238199770 unknown :-1 s=CLOSED pgs=52 cs=0 l=1 rev1=1 crypto rx=0 tx=0 comp rx=0 tx=0).stop
2024-02-15T22:42:06.085 INFO:teuthology.orchestra.run.smithi138.stdout:/usr/bin/ceph: stderr
2024-02-15T22:42:05.357+0000 7f623d05e700 1 -- 172.21.15.138:0/2731300330 >> 172.21.15.138:0/2731300330 conn(0x7f62380ff670 msgr2=0x7f6238100d80 unknown :-1 s=STATE_NONE l=0).mark_down
2024-02-15T22:42:06.085 INFO:teuthology.orchestra.run.smithi138.stdout:/usr/bin/ceph: stderr
2024-02-15T22:42:05.357+0000 7f623d05e700 1 -- 172.21.15.138:0/2731300330 shutdown_connections
2024-02-15T22:42:06.085 INFO:teuthology.orchestra.run.smithi138.stdout:/usr/bin/ceph: stderr
2024-02-15T22:42:05.357+0000 7f623d05e700 1 -- 172.21.15.138:0/2731300330 wait complete.
2024-02-15T22:42:06.085 INFO:teuthology.orchestra.run.smithi138.stdout:Deploying prometheus service with default placement...
2024-02-15T22:42:06.450 INFO:journalctl@ceph.mon.smithi138.smithi138.stdout:Feb 15 22:42:06 smithi138 ceph-mon[29229]: from='client.14146 -' entity='client.admin' cmd=[{"prefix": "orch apply", "service_type": "ceph-exporter", "target": ["mon-mgr", ""]}]: dispatch
2024-02-15T22:42:06.450 INFO:journalctl@ceph.mon.smithi138.smithi138.stdout:Feb 15 22:42:06 smithi138 ceph-mon[29229]: Saving service ceph-exporter spec with placement *
2024-02-15T22:42:06.451 INFO:journalctl@ceph.mon.smithi138.smithi138.stdout:Feb 15 22:42:06 smithi138 ceph-mon[29229]: from='mgr.14118 172.21.15.138:0/3997549400' entity='mgr.smithi138.jqscxs'
2024-02-15T22:42:07.329 INFO:teuthology.orchestra.run.smithi138.stdout:/usr/bin/ceph: stdout Scheduled prometheus update...
2024-02-15T22:42:07.329 INFO:teuthology.orchestra.run.smithi138.stdout:/usr/bin/ceph: stderr
2024-02-15T22:42:06.548+0000 7f3cc3f4f700 1 Processor -- start
2024-02-15T22:42:07.329 INFO:teuthology.orchestra.run.smithi138.stdout:/usr/bin/ceph: stderr
2024-02-15T22:42:06.548+0000 7f3cc3f4f700 1 -- start start
2024-02-15T22:42:07.329 INFO:teuthology.orchestra.run.smithi138.stdout:/usr/bin/ceph: stderr
2024-02-15T22:42:06.548+0000 7f3cc3f4f700 1 --2- >> [v2:172.21.15.138:3300/0,v1:172.21.15.138:6789/0] conn(0x7f3cbc106530 0x7f3cbc108910 unknown :-1 s=NONE pgs=0 cs=0 l=0 rev1=0 crypto rx=0 tx=0 comp rx=0 tx=0).connect
2024-02-15T22:42:07.329 INFO:teuthology.orchestra.run.smithi138.stdout:/usr/bin/ceph: stderr
2024-02-15T22:42:06.548+0000 7f3cc3f4f700 1 -- --> [v2:172.21.15.138:3300/0,v1:172.21.15.138:6789/0] -- mon_getmap magic: 0 v1 -- 0x7f3cbc079cf0 con 0x7f3cbc106530
2024-02-15T22:42:07.329 INFO:teuthology.orchestra.run.smithi138.stdout:/usr/bin/ceph: stderr
2024-02-15T22:42:06.548+0000 7f3cc1ceb700 1 --2- >> [v2:172.21.15.138:3300/0,v1:172.21.15.138:6789/0] conn(0x7f3cbc106530 0x7f3cbc108910 unknown :-1 s=BANNER_CONNECTING pgs=0 cs=0 l=0 rev1=0 crypto rx=0 tx=0 comp rx=0 tx=0)._handle_peer_banner_payload supported=3 required=0
2024-02-15T22:42:07.329 INFO:teuthology.orchestra.run.smithi138.stdout:/usr/bin/ceph: stderr
2024-02-15T22:42:06.548+0000 7f3cc1ceb700 1 --2- >> [v2:172.21.15.138:3300/0,v1:172.21.15.138:6789/0] conn(0x7f3cbc106530 0x7f3cbc108910 unknown :-1 s=HELLO_CONNECTING pgs=0 cs=0 l=0 rev1=1 crypto rx=0 tx=0 comp rx=0 tx=0).handle_hello peer v2:172.21.15.138:3300/0 says I am v2:172.21.15.138:41392/0 (socket says 172.21.15.138:41392)
2024-02-15T22:42:07.329 INFO:teuthology.orchestra.run.smithi138.stdout:/usr/bin/ceph: stderr
2024-02-15T22:42:06.548+0000 7f3cc1ceb700 1 -- 172.21.15.138:0/339004479 learned_addr learned my addr 172.21.15.138:0/339004479 (peer_addr_for_me v2:172.21.15.138:0/0)
2024-02-15T22:42:07.329 INFO:teuthology.orchestra.run.smithi138.stdout:/usr/bin/ceph: stderr
2024-02-15T22:42:06.549+0000 7f3cc1ceb700 1 -- 172.21.15.138:0/339004479 --> [v2:172.21.15.138:3300/0,v1:172.21.15.138:6789/0] -- mon_subscribe({config=0+,monmap=0+}) v3 -- 0x7f3cbc079e30 con 0x7f3cbc106530
2024-02-15T22:42:07.329 INFO:teuthology.orchestra.run.smithi138.stdout:/usr/bin/ceph: stderr
2024-02-15T22:42:06.549+0000 7f3cc1ceb700 1 --2- 172.21.15.138:0/339004479 >> [v2:172.21.15.138:3300/0,v1:172.21.15.138:6789/0] conn(0x7f3cbc106530 0x7f3cbc108910 secure :-1 s=READY pgs=53 cs=0 l=1 rev1=1 crypto rx=0x7f3cb80098a0 tx=0x7f3cb8009bb0 comp rx=0 tx=0).ready entity=mon.0 client_cookie=e87093184bd38d7f server_cookie=0 in_seq=0 out_seq=0
2024-02-15T22:42:07.329 INFO:teuthology.orchestra.run.smithi138.stdout:/usr/bin/ceph: stderr
2024-02-15T22:42:06.549+0000 7f3cc0ce9700 1 -- 172.21.15.138:0/339004479 <== mon.0 v2:172.21.15.138:3300/0 1 ==== mon_map magic: 0 v1 ==== 229+0+0 (secure 0 0 0) 0x7f3cb8004180 con 0x7f3cbc106530
2024-02-15T22:42:07.329 INFO:teuthology.orchestra.run.smithi138.stdout:/usr/bin/ceph: stderr
2024-02-15T22:42:06.549+0000 7f3cc0ce9700 1 -- 172.21.15.138:0/339004479 <== mon.0 v2:172.21.15.138:3300/0 2 ==== config(27 keys) v1 ==== 1101+0+0 (secure 0 0 0) 0x7f3cb80042e0 con 0x7f3cbc106530
2024-02-15T22:42:07.330 INFO:teuthology.orchestra.run.smithi138.stdout:/usr/bin/ceph: stderr
2024-02-15T22:42:06.549+0000 7f3cc0ce9700 1 -- 172.21.15.138:0/339004479 <== mon.0 v2:172.21.15.138:3300/0 3 ==== mon_map magic: 0 v1 ==== 229+0+0 (secure 0 0 0) 0x7f3cb8011af0 con 0x7f3cbc106530
2024-02-15T22:42:07.330 INFO:teuthology.orchestra.run.smithi138.stdout:/usr/bin/ceph: stderr
2024-02-15T22:42:06.549+0000 7f3cc3f4f700 1 -- 172.21.15.138:0/339004479 >> [v2:172.21.15.138:3300/0,v1:172.21.15.138:6789/0] conn(0x7f3cbc106530 msgr2=0x7f3cbc108910 secure :-1 s=STATE_CONNECTION_ESTABLISHED l=1).mark_down
2024-02-15T22:42:07.330 INFO:teuthology.orchestra.run.smithi138.stdout:/usr/bin/ceph: stderr
2024-02-15T22:42:06.549+0000 7f3cc3f4f700 1 --2- 172.21.15.138:0/339004479 >> [v2:172.21.15.138:3300/0,v1:172.21.15.138:6789/0] conn(0x7f3cbc106530 0x7f3cbc108910 secure :-1 s=READY pgs=53 cs=0 l=1 rev1=1 crypto rx=0x7f3cb80098a0 tx=0x7f3cb8009bb0 comp rx=0 tx=0).stop
2024-02-15T22:42:07.330 INFO:teuthology.orchestra.run.smithi138.stdout:/usr/bin/ceph: stderr
2024-02-15T22:42:06.550+0000 7f3cc3f4f700 1 -- 172.21.15.138:0/339004479 shutdown_connections
2024-02-15T22:42:07.330 INFO:teuthology.orchestra.run.smithi138.stdout:/usr/bin/ceph: stderr
2024-02-15T22:42:06.550+0000 7f3cc3f4f700 1 --2- 172.21.15.138:0/339004479 >> [v2:172.21.15.138:3300/0,v1:172.21.15.138:6789/0] conn(0x7f3cbc106530 0x7f3cbc108910 unknown :-1 s=CLOSED pgs=53 cs=0 l=1 rev1=1 crypto rx=0 tx=0 comp rx=0 tx=0).stop
2024-02-15T22:42:07.330 INFO:teuthology.orchestra.run.smithi138.stdout:/usr/bin/ceph: stderr
2024-02-15T22:42:06.550+0000 7f3cc3f4f700 1 -- 172.21.15.138:0/339004479 >> 172.21.15.138:0/339004479 conn(0x7f3cbc0ffed0 msgr2=0x7f3cbc102340 unknown :-1 s=STATE_NONE l=0).mark_down
2024-02-15T22:42:07.330 INFO:teuthology.orchestra.run.smithi138.stdout:/usr/bin/ceph: stderr
2024-02-15T22:42:06.550+0000 7f3cc3f4f700 1 -- 172.21.15.138:0/339004479 shutdown_connections
2024-02-15T22:42:07.330 INFO:teuthology.orchestra.run.smithi138.stdout:/usr/bin/ceph: stderr
2024-02-15T22:42:06.550+0000 7f3cc3f4f700 1 -- 172.21.15.138:0/339004479 wait complete.
2024-02-15T22:42:07.330 INFO:teuthology.orchestra.run.smithi138.stdout:/usr/bin/ceph: stderr
2024-02-15T22:42:06.550+0000 7f3cc3f4f700 1 Processor -- start
2024-02-15T22:42:07.330 INFO:teuthology.orchestra.run.smithi138.stdout:/usr/bin/ceph: stderr
2024-02-15T22:42:06.550+0000 7f3cc3f4f700 1 -- start start
2024-02-15T22:42:07.330 INFO:teuthology.orchestra.run.smithi138.stdout:/usr/bin/ceph: stderr
2024-02-15T22:42:06.550+0000 7f3cc3f4f700 1 --2- >> [v2:172.21.15.138:3300/0,v1:172.21.15.138:6789/0] conn(0x7f3cbc106530 0x7f3cbc199770 unknown :-1 s=NONE pgs=0 cs=0 l=1 rev1=0 crypto rx=0 tx=0 comp rx=0 tx=0).connect
2024-02-15T22:42:07.330 INFO:teuthology.orchestra.run.smithi138.stdout:/usr/bin/ceph: stderr
2024-02-15T22:42:06.550+0000 7f3cc3f4f700 1 -- --> [v2:172.21.15.138:3300/0,v1:172.21.15.138:6789/0] -- mon_getmap magic: 0 v1 -- 0x7f3cbc199cb0 con 0x7f3cbc106530
2024-02-15T22:42:07.330 INFO:teuthology.orchestra.run.smithi138.stdout:/usr/bin/ceph: stderr
2024-02-15T22:42:06.551+0000 7f3cc1ceb700 1 --2- >> [v2:172.21.15.138:3300/0,v1:172.21.15.138:6789/0] conn(0x7f3cbc106530 0x7f3cbc199770 unknown :-1 s=BANNER_CONNECTING pgs=0 cs=0 l=1 rev1=0 crypto rx=0 tx=0 comp rx=0 tx=0)._handle_peer_banner_payload supported=3 required=0
2024-02-15T22:42:07.330 INFO:teuthology.orchestra.run.smithi138.stdout:/usr/bin/ceph: stderr
