2024-02-16T19:28:14.327+0000 7f94e76b0700 1 -- 172.21.15.87:0/2848104273 >> [v2:172.21.15.87:3300/0,v1:172.21.15.87:6789/0] conn(0x7f94e00714a0 msgr2=0x7f94e0105360 secure :-1 s=STATE_CONNECTION_ESTABLISHED l=1).mark_down
2024-02-16T19:28:15.101 INFO:teuthology.orchestra.run.smithi087.stdout:/usr/bin/ceph: stderr
2024-02-16T19:28:14.327+0000 7f94e76b0700 1 --2- 172.21.15.87:0/2848104273 >> [v2:172.21.15.87:3300/0,v1:172.21.15.87:6789/0] conn(0x7f94e00714a0 0x7f94e0105360 secure :-1 s=READY pgs=86 cs=0 l=1 rev1=1 crypto rx=0x7f94dc009e50 tx=0x7f94dc009840 comp rx=0 tx=0).stop
2024-02-16T19:28:15.101 INFO:teuthology.orchestra.run.smithi087.stdout:/usr/bin/ceph: stderr
2024-02-16T19:28:14.327+0000 7f94e76b0700 1 -- 172.21.15.87:0/2848104273 shutdown_connections
2024-02-16T19:28:15.101 INFO:teuthology.orchestra.run.smithi087.stdout:/usr/bin/ceph: stderr
2024-02-16T19:28:14.327+0000 7f94e76b0700 1 --2- 172.21.15.87:0/2848104273 >> [v2:172.21.15.87:3300/0,v1:172.21.15.87:6789/0] conn(0x7f94e00714a0 0x7f94e0105360 unknown :-1 s=CLOSED pgs=86 cs=0 l=1 rev1=1 crypto rx=0 tx=0 comp rx=0 tx=0).stop
2024-02-16T19:28:15.102 INFO:teuthology.orchestra.run.smithi087.stdout:/usr/bin/ceph: stderr
2024-02-16T19:28:14.327+0000 7f94e76b0700 1 -- 172.21.15.87:0/2848104273 >> 172.21.15.87:0/2848104273 conn(0x7f94e00fcdd0 msgr2=0x7f94e00ff200 unknown :-1 s=STATE_NONE l=0).mark_down
2024-02-16T19:28:15.102 INFO:teuthology.orchestra.run.smithi087.stdout:/usr/bin/ceph: stderr
2024-02-16T19:28:14.327+0000 7f94e76b0700 1 -- 172.21.15.87:0/2848104273 shutdown_connections
2024-02-16T19:28:15.102 INFO:teuthology.orchestra.run.smithi087.stdout:/usr/bin/ceph: stderr
2024-02-16T19:28:14.327+0000 7f94e76b0700 1 -- 172.21.15.87:0/2848104273 wait complete.
2024-02-16T19:28:15.102 INFO:teuthology.orchestra.run.smithi087.stdout:/usr/bin/ceph: stderr
2024-02-16T19:28:14.327+0000 7f94e76b0700 1 Processor -- start
2024-02-16T19:28:15.102 INFO:teuthology.orchestra.run.smithi087.stdout:/usr/bin/ceph: stderr
2024-02-16T19:28:14.327+0000 7f94e76b0700 1 -- start start
2024-02-16T19:28:15.102 INFO:teuthology.orchestra.run.smithi087.stdout:/usr/bin/ceph: stderr
2024-02-16T19:28:14.328+0000 7f94e76b0700 1 --2- >> [v2:172.21.15.87:3300/0,v1:172.21.15.87:6789/0] conn(0x7f94e00714a0 0x7f94e0111620 unknown :-1 s=NONE pgs=0 cs=0 l=1 rev1=0 crypto rx=0 tx=0 comp rx=0 tx=0).connect
2024-02-16T19:28:15.102 INFO:teuthology.orchestra.run.smithi087.stdout:/usr/bin/ceph: stderr
2024-02-16T19:28:14.328+0000 7f94e76b0700 1 -- --> [v2:172.21.15.87:3300/0,v1:172.21.15.87:6789/0] -- mon_getmap magic: 0 v1 -- 0x7f94e0111b60 con 0x7f94e00714a0
2024-02-16T19:28:15.102 INFO:teuthology.orchestra.run.smithi087.stdout:/usr/bin/ceph: stderr
2024-02-16T19:28:14.328+0000 7f94e544c700 1 --2- >> [v2:172.21.15.87:3300/0,v1:172.21.15.87:6789/0] conn(0x7f94e00714a0 0x7f94e0111620 unknown :-1 s=BANNER_CONNECTING pgs=0 cs=0 l=1 rev1=0 crypto rx=0 tx=0 comp rx=0 tx=0)._handle_peer_banner_payload supported=3 required=0
2024-02-16T19:28:15.102 INFO:teuthology.orchestra.run.smithi087.stdout:/usr/bin/ceph: stderr
2024-02-16T19:28:14.328+0000 7f94e544c700 1 --2- >> [v2:172.21.15.87:3300/0,v1:172.21.15.87:6789/0] conn(0x7f94e00714a0 0x7f94e0111620 unknown :-1 s=HELLO_CONNECTING pgs=0 cs=0 l=1 rev1=1 crypto rx=0 tx=0 comp rx=0 tx=0).handle_hello peer v2:172.21.15.87:3300/0 says I am v2:172.21.15.87:50526/0 (socket says 172.21.15.87:50526)
2024-02-16T19:28:15.102 INFO:teuthology.orchestra.run.smithi087.stdout:/usr/bin/ceph: stderr
2024-02-16T19:28:14.328+0000 7f94e544c700 1 -- 172.21.15.87:0/572822725 learned_addr learned my addr 172.21.15.87:0/572822725 (peer_addr_for_me v2:172.21.15.87:0/0)
2024-02-16T19:28:15.102 INFO:teuthology.orchestra.run.smithi087.stdout:/usr/bin/ceph: stderr
2024-02-16T19:28:14.328+0000 7f94e544c700 1 -- 172.21.15.87:0/572822725 --> [v2:172.21.15.87:3300/0,v1:172.21.15.87:6789/0] -- mon_subscribe({config=0+,monmap=0+}) v3 -- 0x7f94dc009ae0 con 0x7f94e00714a0
2024-02-16T19:28:15.102 INFO:teuthology.orchestra.run.smithi087.stdout:/usr/bin/ceph: stderr
2024-02-16T19:28:14.328+0000 7f94e544c700 1 --2- 172.21.15.87:0/572822725 >> [v2:172.21.15.87:3300/0,v1:172.21.15.87:6789/0] conn(0x7f94e00714a0 0x7f94e0111620 secure :-1 s=READY pgs=87 cs=0 l=1 rev1=1 crypto rx=0x7f94dc012de0 tx=0x7f94dc009840 comp rx=0 tx=0).ready entity=mon.0 client_cookie=0 server_cookie=0 in_seq=0 out_seq=0
2024-02-16T19:28:15.102 INFO:teuthology.orchestra.run.smithi087.stdout:/usr/bin/ceph: stderr
2024-02-16T19:28:14.328+0000 7f94d5ffb700 1 -- 172.21.15.87:0/572822725 <== mon.0 v2:172.21.15.87:3300/0 1 ==== mon_map magic: 0 v1 ==== 229+0+0 (secure 0 0 0) 0x7f94dc0092e0 con 0x7f94e00714a0
2024-02-16T19:28:15.102 INFO:teuthology.orchestra.run.smithi087.stdout:/usr/bin/ceph: stderr
2024-02-16T19:28:14.328+0000 7f94e76b0700 1 -- 172.21.15.87:0/572822725 --> [v2:172.21.15.87:3300/0,v1:172.21.15.87:6789/0] -- mon_subscribe({mgrmap=0+}) v3 -- 0x7f94e0111d60 con 0x7f94e00714a0
2024-02-16T19:28:15.102 INFO:teuthology.orchestra.run.smithi087.stdout:/usr/bin/ceph: stderr
2024-02-16T19:28:14.328+0000 7f94d5ffb700 1 -- 172.21.15.87:0/572822725 <== mon.0 v2:172.21.15.87:3300/0 2 ==== config(27 keys) v1 ==== 1109+0+0 (secure 0 0 0) 0x7f94dc007d30 con 0x7f94e00714a0
2024-02-16T19:28:15.103 INFO:teuthology.orchestra.run.smithi087.stdout:/usr/bin/ceph: stderr
2024-02-16T19:28:14.328+0000 7f94d5ffb700 1 -- 172.21.15.87:0/572822725 <== mon.0 v2:172.21.15.87:3300/0 3 ==== mon_map magic: 0 v1 ==== 229+0+0 (secure 0 0 0) 0x7f94dc025a00 con 0x7f94e00714a0
2024-02-16T19:28:15.103 INFO:teuthology.orchestra.run.smithi087.stdout:/usr/bin/ceph: stderr
2024-02-16T19:28:14.329+0000 7f94e76b0700 1 -- 172.21.15.87:0/572822725 --> [v2:172.21.15.87:3300/0,v1:172.21.15.87:6789/0] -- mon_subscribe({osdmap=0}) v3 -- 0x7f94e0112a00 con 0x7f94e00714a0
2024-02-16T19:28:15.103 INFO:teuthology.orchestra.run.smithi087.stdout:/usr/bin/ceph: stderr
2024-02-16T19:28:14.329+0000 7f94d5ffb700 1 -- 172.21.15.87:0/572822725 <== mon.0 v2:172.21.15.87:3300/0 4 ==== mgrmap(e 12) v1 ==== 43381+0+0 (secure 0 0 0) 0x7f94dc019050 con 0x7f94e00714a0
2024-02-16T19:28:15.103 INFO:teuthology.orchestra.run.smithi087.stdout:/usr/bin/ceph: stderr
2024-02-16T19:28:14.329+0000 7f94d5ffb700 1 --2- 172.21.15.87:0/572822725 >> [v2:172.21.15.87:6800/1313795861,v1:172.21.15.87:6801/1313795861] conn(0x7f94cc0367e0 0x7f94cc038c90 unknown :-1 s=NONE pgs=0 cs=0 l=1 rev1=0 crypto rx=0 tx=0 comp rx=0 tx=0).connect
2024-02-16T19:28:15.103 INFO:teuthology.orchestra.run.smithi087.stdout:/usr/bin/ceph: stderr
2024-02-16T19:28:14.329+0000 7f94e76b0700 1 -- 172.21.15.87:0/572822725 --> [v2:172.21.15.87:3300/0,v1:172.21.15.87:6789/0] -- mon_command({"prefix": "get_command_descriptions"} v 0) v1 -- 0x7f94e005f5c0 con 0x7f94e00714a0
2024-02-16T19:28:15.103 INFO:teuthology.orchestra.run.smithi087.stdout:/usr/bin/ceph: stderr
2024-02-16T19:28:14.330+0000 7f94d5ffb700 1 -- 172.21.15.87:0/572822725 <== mon.0 v2:172.21.15.87:3300/0 5 ==== osd_map(3..3 src has 1..3) v4 ==== 1151+0+0 (secure 0 0 0) 0x7f94dc04a1b0 con 0x7f94e00714a0
2024-02-16T19:28:15.103 INFO:teuthology.orchestra.run.smithi087.stdout:/usr/bin/ceph: stderr
2024-02-16T19:28:14.330+0000 7f94e4c4b700 1 --2- 172.21.15.87:0/572822725 >> [v2:172.21.15.87:6800/1313795861,v1:172.21.15.87:6801/1313795861] conn(0x7f94cc0367e0 0x7f94cc038c90 unknown :-1 s=BANNER_CONNECTING pgs=0 cs=0 l=1 rev1=0 crypto rx=0 tx=0 comp rx=0 tx=0)._handle_peer_banner_payload supported=3 required=0
2024-02-16T19:28:15.103 INFO:teuthology.orchestra.run.smithi087.stdout:/usr/bin/ceph: stderr
2024-02-16T19:28:14.330+0000 7f94e4c4b700 1 --2- 172.21.15.87:0/572822725 >> [v2:172.21.15.87:6800/1313795861,v1:172.21.15.87:6801/1313795861] conn(0x7f94cc0367e0 0x7f94cc038c90 secure :-1 s=READY pgs=10 cs=0 l=1 rev1=1 crypto rx=0x7f94d0009990 tx=0x7f94d0006e40 comp rx=0 tx=0).ready entity=mgr.14162 client_cookie=0 server_cookie=0 in_seq=0 out_seq=0
2024-02-16T19:28:15.103 INFO:teuthology.orchestra.run.smithi087.stdout:/usr/bin/ceph: stderr
2024-02-16T19:28:14.334+0000 7f94d5ffb700 1 -- 172.21.15.87:0/572822725 <== mon.0 v2:172.21.15.87:3300/0 6 ==== mon_command_ack([{"prefix": "get_command_descriptions"}]=0 v0) v1 ==== 72+0+175031 (secure 0 0 0) 0x7f94dc017020 con 0x7f94e00714a0
2024-02-16T19:28:15.103 INFO:teuthology.orchestra.run.smithi087.stdout:/usr/bin/ceph: stderr
2024-02-16T19:28:14.519+0000 7f94e76b0700 1 -- 172.21.15.87:0/572822725 --> [v2:172.21.15.87:3300/0,v1:172.21.15.87:6789/0] -- mon_command([{prefix=config set, name=osd_memory_target_autotune}] v 0) v1 -- 0x7f94e004bed0 con 0x7f94e00714a0
2024-02-16T19:28:15.103 INFO:teuthology.orchestra.run.smithi087.stdout:/usr/bin/ceph: stderr
2024-02-16T19:28:14.519+0000 7f94d5ffb700 1 -- 172.21.15.87:0/572822725 <== mon.0 v2:172.21.15.87:3300/0 7 ==== mon_command_ack([{prefix=config set, name=osd_memory_target_autotune}]=0 v8)=0 v8) v1 ==== 127+0+0 (secure 0 0 0) 0x7f94dc020070 con 0x7f94e00714a0
2024-02-16T19:28:15.103 INFO:teuthology.orchestra.run.smithi087.stdout:/usr/bin/ceph: stderr
2024-02-16T19:28:14.521+0000 7f94e76b0700 1 -- 172.21.15.87:0/572822725 >> [v2:172.21.15.87:6800/1313795861,v1:172.21.15.87:6801/1313795861] conn(0x7f94cc0367e0 msgr2=0x7f94cc038c90 secure :-1 s=STATE_CONNECTION_ESTABLISHED l=1).mark_down
2024-02-16T19:28:15.104 INFO:teuthology.orchestra.run.smithi087.stdout:/usr/bin/ceph: stderr
2024-02-16T19:28:14.521+0000 7f94e76b0700 1 --2- 172.21.15.87:0/572822725 >> [v2:172.21.15.87:6800/1313795861,v1:172.21.15.87:6801/1313795861] conn(0x7f94cc0367e0 0x7f94cc038c90 secure :-1 s=READY pgs=10 cs=0 l=1 rev1=1 crypto rx=0x7f94d0009990 tx=0x7f94d0006e40 comp rx=0 tx=0).stop
2024-02-16T19:28:15.104 INFO:teuthology.orchestra.run.smithi087.stdout:/usr/bin/ceph: stderr
2024-02-16T19:28:14.521+0000 7f94e76b0700 1 -- 172.21.15.87:0/572822725 >> [v2:172.21.15.87:3300/0,v1:172.21.15.87:6789/0] conn(0x7f94e00714a0 msgr2=0x7f94e0111620 secure :-1 s=STATE_CONNECTION_ESTABLISHED l=1).mark_down
2024-02-16T19:28:15.104 INFO:teuthology.orchestra.run.smithi087.stdout:/usr/bin/ceph: stderr
2024-02-16T19:28:14.521+0000 7f94e76b0700 1 --2- 172.21.15.87:0/572822725 >> [v2:172.21.15.87:3300/0,v1:172.21.15.87:6789/0] conn(0x7f94e00714a0 0x7f94e0111620 secure :-1 s=READY pgs=87 cs=0 l=1 rev1=1 crypto rx=0x7f94dc012de0 tx=0x7f94dc009840 comp rx=0 tx=0).stop
2024-02-16T19:28:15.104 INFO:teuthology.orchestra.run.smithi087.stdout:/usr/bin/ceph: stderr
2024-02-16T19:28:14.521+0000 7f94e76b0700 1 -- 172.21.15.87:0/572822725 shutdown_connections
2024-02-16T19:28:15.104 INFO:teuthology.orchestra.run.smithi087.stdout:/usr/bin/ceph: stderr
2024-02-16T19:28:14.521+0000 7f94e76b0700 1 --2- 172.21.15.87:0/572822725 >> [v2:172.21.15.87:6800/1313795861,v1:172.21.15.87:6801/1313795861] conn(0x7f94cc0367e0 0x7f94cc038c90 unknown :-1 s=CLOSED pgs=10 cs=0 l=1 rev1=1 crypto rx=0 tx=0 comp rx=0 tx=0).stop
2024-02-16T19:28:15.104 INFO:teuthology.orchestra.run.smithi087.stdout:/usr/bin/ceph: stderr
2024-02-16T19:28:14.521+0000 7f94e76b0700 1 --2- 172.21.15.87:0/572822725 >> [v2:172.21.15.87:3300/0,v1:172.21.15.87:6789/0] conn(0x7f94e00714a0 0x7f94e0111620 unknown :-1 s=CLOSED pgs=87 cs=0 l=1 rev1=1 crypto rx=0 tx=0 comp rx=0 tx=0).stop
2024-02-16T19:28:15.104 INFO:teuthology.orchestra.run.smithi087.stdout:/usr/bin/ceph: stderr
2024-02-16T19:28:14.521+0000 7f94e76b0700 1 -- 172.21.15.87:0/572822725 >> 172.21.15.87:0/572822725 conn(0x7f94e00fcdd0 msgr2=0x7f94e00fe530 unknown :-1 s=STATE_NONE l=0).mark_down
2024-02-16T19:28:15.104 INFO:teuthology.orchestra.run.smithi087.stdout:/usr/bin/ceph: stderr
2024-02-16T19:28:14.521+0000 7f94e76b0700 1 -- 172.21.15.87:0/572822725 shutdown_connections
2024-02-16T19:28:15.104 INFO:teuthology.orchestra.run.smithi087.stdout:/usr/bin/ceph: stderr
2024-02-16T19:28:14.521+0000 7f94e76b0700 1 -- 172.21.15.87:0/572822725 wait complete.
2024-02-16T19:28:16.027 INFO:journalctl@ceph.mon.smithi087.smithi087.stdout:Feb 16 19:28:15 smithi087 ceph-mon[29135]: mgrmap e13: smithi087.cojpks(active, since 7s)
2024-02-16T19:28:16.028 INFO:journalctl@ceph.mon.smithi087.smithi087.stdout:Feb 16 19:28:15 smithi087 ceph-mon[29135]: from='client.? 172.21.15.87:0/1840212751' entity='client.admin'
2024-02-16T19:28:16.299 INFO:teuthology.orchestra.run.smithi087.stdout:/usr/bin/ceph: stderr
2024-02-16T19:28:15.450+0000 7fb563001700 1 Processor -- start
2024-02-16T19:28:16.299 INFO:teuthology.orchestra.run.smithi087.stdout:/usr/bin/ceph: stderr
2024-02-16T19:28:15.450+0000 7fb563001700 1 -- start start
2024-02-16T19:28:16.299 INFO:teuthology.orchestra.run.smithi087.stdout:/usr/bin/ceph: stderr
2024-02-16T19:28:15.450+0000 7fb563001700 1 --2- >> [v2:172.21.15.87:3300/0,v1:172.21.15.87:6789/0] conn(0x7fb55c102770 0x7fb55c102b80 unknown :-1 s=NONE pgs=0 cs=0 l=0 rev1=0 crypto rx=0 tx=0 comp rx=0 tx=0).connect
2024-02-16T19:28:16.299 INFO:teuthology.orchestra.run.smithi087.stdout:/usr/bin/ceph: stderr
2024-02-16T19:28:15.450+0000 7fb563001700 1 -- --> [v2:172.21.15.87:3300/0,v1:172.21.15.87:6789/0] -- mon_getmap magic: 0 v1 -- 0x7fb55c1030c0 con 0x7fb55c102770
2024-02-16T19:28:16.299 INFO:teuthology.orchestra.run.smithi087.stdout:/usr/bin/ceph: stderr
2024-02-16T19:28:15.450+0000 7fb560d9d700 1 --2- >> [v2:172.21.15.87:3300/0,v1:172.21.15.87:6789/0] conn(0x7fb55c102770 0x7fb55c102b80 unknown :-1 s=BANNER_CONNECTING pgs=0 cs=0 l=0 rev1=0 crypto rx=0 tx=0 comp rx=0 tx=0)._handle_peer_banner_payload supported=3 required=0
2024-02-16T19:28:16.300 INFO:teuthology.orchestra.run.smithi087.stdout:/usr/bin/ceph: stderr
2024-02-16T19:28:15.450+0000 7fb560d9d700 1 --2- >> [v2:172.21.15.87:3300/0,v1:172.21.15.87:6789/0] conn(0x7fb55c102770 0x7fb55c102b80 unknown :-1 s=HELLO_CONNECTING pgs=0 cs=0 l=0 rev1=1 crypto rx=0 tx=0 comp rx=0 tx=0).handle_hello peer v2:172.21.15.87:3300/0 says I am v2:172.21.15.87:50530/0 (socket says 172.21.15.87:50530)
2024-02-16T19:28:16.300 INFO:teuthology.orchestra.run.smithi087.stdout:/usr/bin/ceph: stderr
2024-02-16T19:28:15.450+0000 7fb560d9d700 1 -- 172.21.15.87:0/2626013307 learned_addr learned my addr 172.21.15.87:0/2626013307 (peer_addr_for_me v2:172.21.15.87:0/0)
2024-02-16T19:28:16.300 INFO:teuthology.orchestra.run.smithi087.stdout:/usr/bin/ceph: stderr
2024-02-16T19:28:15.451+0000 7fb560d9d700 1 -- 172.21.15.87:0/2626013307 --> [v2:172.21.15.87:3300/0,v1:172.21.15.87:6789/0] -- mon_subscribe({config=0+,monmap=0+}) v3 -- 0x7fb55c103200 con 0x7fb55c102770
2024-02-16T19:28:16.300 INFO:teuthology.orchestra.run.smithi087.stdout:/usr/bin/ceph: stderr
2024-02-16T19:28:15.451+0000 7fb560d9d700 1 --2- 172.21.15.87:0/2626013307 >> [v2:172.21.15.87:3300/0,v1:172.21.15.87:6789/0] conn(0x7fb55c102770 0x7fb55c102b80 secure :-1 s=READY pgs=88 cs=0 l=1 rev1=1 crypto rx=0x7fb5500098e0 tx=0x7fb550009250 comp rx=0 tx=0).ready entity=mon.0 client_cookie=3b53a31572a1e4de server_cookie=0 in_seq=0 out_seq=0
2024-02-16T19:28:16.300 INFO:teuthology.orchestra.run.smithi087.stdout:/usr/bin/ceph: stderr
2024-02-16T19:28:15.451+0000 7fb55b7fe700 1 -- 172.21.15.87:0/2626013307 <== mon.0 v2:172.21.15.87:3300/0 1 ==== mon_map magic: 0 v1 ==== 229+0+0 (secure 0 0 0) 0x7fb55000b860 con 0x7fb55c102770
2024-02-16T19:28:16.300 INFO:teuthology.orchestra.run.smithi087.stdout:/usr/bin/ceph: stderr
2024-02-16T19:28:15.451+0000 7fb55b7fe700 1 -- 172.21.15.87:0/2626013307 <== mon.0 v2:172.21.15.87:3300/0 2 ==== config(27 keys) v1 ==== 1109+0+0 (secure 0 0 0) 0x7fb55000be90 con 0x7fb55c102770
2024-02-16T19:28:16.300 INFO:teuthology.orchestra.run.smithi087.stdout:/usr/bin/ceph: stderr
2024-02-16T19:28:15.451+0000 7fb55b7fe700 1 -- 172.21.15.87:0/2626013307 <== mon.0 v2:172.21.15.87:3300/0 3 ==== mon_map magic: 0 v1 ==== 229+0+0 (secure 0 0 0) 0x7fb5500103c0 con 0x7fb55c102770
2024-02-16T19:28:16.300 INFO:teuthology.orchestra.run.smithi087.stdout:/usr/bin/ceph: stderr
2024-02-16T19:28:15.451+0000 7fb563001700 1 -- 172.21.15.87:0/2626013307 >> [v2:172.21.15.87:3300/0,v1:172.21.15.87:6789/0] conn(0x7fb55c102770 msgr2=0x7fb55c102b80 secure :-1 s=STATE_CONNECTION_ESTABLISHED l=1).mark_down
2024-02-16T19:28:16.300 INFO:teuthology.orchestra.run.smithi087.stdout:/usr/bin/ceph: stderr
2024-02-16T19:28:15.451+0000 7fb563001700 1 --2- 172.21.15.87:0/2626013307 >> [v2:172.21.15.87:3300/0,v1:172.21.15.87:6789/0] conn(0x7fb55c102770 0x7fb55c102b80 secure :-1 s=READY pgs=88 cs=0 l=1 rev1=1 crypto rx=0x7fb5500098e0 tx=0x7fb550009250 comp rx=0 tx=0).stop
2024-02-16T19:28:16.300 INFO:teuthology.orchestra.run.smithi087.stdout:/usr/bin/ceph: stderr
2024-02-16T19:28:15.452+0000 7fb563001700 1 -- 172.21.15.87:0/2626013307 shutdown_connections
2024-02-16T19:28:16.301 INFO:teuthology.orchestra.run.smithi087.stdout:/usr/bin/ceph: stderr
2024-02-16T19:28:15.452+0000 7fb563001700 1 --2- 172.21.15.87:0/2626013307 >> [v2:172.21.15.87:3300/0,v1:172.21.15.87:6789/0] conn(0x7fb55c102770 0x7fb55c102b80 unknown :-1 s=CLOSED pgs=88 cs=0 l=1 rev1=1 crypto rx=0 tx=0 comp rx=0 tx=0).stop
2024-02-16T19:28:16.301 INFO:teuthology.orchestra.run.smithi087.stdout:/usr/bin/ceph: stderr
2024-02-16T19:28:15.452+0000 7fb563001700 1 -- 172.21.15.87:0/2626013307 >> 172.21.15.87:0/2626013307 conn(0x7fb55c0fded0 msgr2=0x7fb55c100300 unknown :-1 s=STATE_NONE l=0).mark_down
2024-02-16T19:28:16.301 INFO:teuthology.orchestra.run.smithi087.stdout:/usr/bin/ceph: stderr
2024-02-16T19:28:15.452+0000 7fb563001700 1 -- 172.21.15.87:0/2626013307 shutdown_connections
2024-02-16T19:28:16.301 INFO:teuthology.orchestra.run.smithi087.stdout:/usr/bin/ceph: stderr
2024-02-16T19:28:15.452+0000 7fb563001700 1 -- 172.21.15.87:0/2626013307 wait complete.
2024-02-16T19:28:16.301 INFO:teuthology.orchestra.run.smithi087.stdout:/usr/bin/ceph: stderr
2024-02-16T19:28:15.452+0000 7fb563001700 1 Processor -- start
2024-02-16T19:28:16.301 INFO:teuthology.orchestra.run.smithi087.stdout:/usr/bin/ceph: stderr
2024-02-16T19:28:15.452+0000 7fb563001700 1 -- start start
2024-02-16T19:28:16.301 INFO:teuthology.orchestra.run.smithi087.stdout:/usr/bin/ceph: stderr
2024-02-16T19:28:15.452+0000 7fb563001700 1 --2- >> [v2:172.21.15.87:3300/0,v1:172.21.15.87:6789/0] conn(0x7fb55c102770 0x7fb55c1115c0 unknown :-1 s=NONE pgs=0 cs=0 l=1 rev1=0 crypto rx=0 tx=0 comp rx=0 tx=0).connect
2024-02-16T19:28:16.301 INFO:teuthology.orchestra.run.smithi087.stdout:/usr/bin/ceph: stderr
2024-02-16T19:28:15.452+0000 7fb563001700 1 -- --> [v2:172.21.15.87:3300/0,v1:172.21.15.87:6789/0] -- mon_getmap magic: 0 v1 -- 0x7fb55c111b00 con 0x7fb55c102770
2024-02-16T19:28:16.301 INFO:teuthology.orchestra.run.smithi087.stdout:/usr/bin/ceph: stderr
2024-02-16T19:28:15.452+0000 7fb560d9d700 1 --2- >> [v2:172.21.15.87:3300/0,v1:172.21.15.87:6789/0] conn(0x7fb55c102770 0x7fb55c1115c0 unknown :-1 s=BANNER_CONNECTING pgs=0 cs=0 l=1 rev1=0 crypto rx=0 tx=0 comp rx=0 tx=0)._handle_peer_banner_payload supported=3 required=0
2024-02-16T19:28:16.301 INFO:teuthology.orchestra.run.smithi087.stdout:/usr/bin/ceph: stderr
2024-02-16T19:28:15.453+0000 7fb560d9d700 1 --2- >> [v2:172.21.15.87:3300/0,v1:172.21.15.87:6789/0] conn(0x7fb55c102770 0x7fb55c1115c0 unknown :-1 s=HELLO_CONNECTING pgs=0 cs=0 l=1 rev1=1 crypto rx=0 tx=0 comp rx=0 tx=0).handle_hello peer v2:172.21.15.87:3300/0 says I am v2:172.21.15.87:50544/0 (socket says 172.21.15.87:50544)
2024-02-16T19:28:16.301 INFO:teuthology.orchestra.run.smithi087.stdout:/usr/bin/ceph: stderr
2024-02-16T19:28:15.453+0000 7fb560d9d700 1 -- 172.21.15.87:0/1840212751 learned_addr learned my addr 172.21.15.87:0/1840212751 (peer_addr_for_me v2:172.21.15.87:0/0)
2024-02-16T19:28:16.301 INFO:teuthology.orchestra.run.smithi087.stdout:/usr/bin/ceph: stderr
2024-02-16T19:28:15.453+0000 7fb560d9d700 1 -- 172.21.15.87:0/1840212751 --> [v2:172.21.15.87:3300/0,v1:172.21.15.87:6789/0] -- mon_subscribe({config=0+,monmap=0+}) v3 -- 0x7fb5500094f0 con 0x7fb55c102770
2024-02-16T19:28:16.302 INFO:teuthology.orchestra.run.smithi087.stdout:/usr/bin/ceph: stderr
2024-02-16T19:28:15.453+0000 7fb560d9d700 1 --2- 172.21.15.87:0/1840212751 >> [v2:172.21.15.87:3300/0,v1:172.21.15.87:6789/0] conn(0x7fb55c102770 0x7fb55c1115c0 secure :-1 s=READY pgs=89 cs=0 l=1 rev1=1 crypto rx=0x7fb5500090b0 tx=0x7fb550009250 comp rx=0 tx=0).ready entity=mon.0 client_cookie=0 server_cookie=0 in_seq=0 out_seq=0
2024-02-16T19:28:16.302 INFO:teuthology.orchestra.run.smithi087.stdout:/usr/bin/ceph: stderr
2024-02-16T19:28:15.453+0000 7fb5597fa700 1 -- 172.21.15.87:0/1840212751 <== mon.0 v2:172.21.15.87:3300/0 1 ==== mon_map magic: 0 v1 ==== 229+0+0 (secure 0 0 0) 0x7fb550010840 con 0x7fb55c102770
2024-02-16T19:28:16.302 INFO:teuthology.orchestra.run.smithi087.stdout:/usr/bin/ceph: stderr
2024-02-16T19:28:15.453+0000 7fb5597fa700 1 -- 172.21.15.87:0/1840212751 <== mon.0 v2:172.21.15.87:3300/0 2 ==== config(27 keys) v1 ==== 1109+0+0 (secure 0 0 0) 0x7fb550010e70 con 0x7fb55c102770
2024-02-16T19:28:16.302 INFO:teuthology.orchestra.run.smithi087.stdout:/usr/bin/ceph: stderr
2024-02-16T19:28:15.453+0000 7fb563001700 1 -- 172.21.15.87:0/1840212751 --> [v2:172.21.15.87:3300/0,v1:172.21.15.87:6789/0] -- mon_subscribe({mgrmap=0+}) v3 -- 0x7fb55c111d00 con 0x7fb55c102770
2024-02-16T19:28:16.302 INFO:teuthology.orchestra.run.smithi087.stdout:/usr/bin/ceph: stderr
2024-02-16T19:28:15.453+0000 7fb5597fa700 1 -- 172.21.15.87:0/1840212751 <== mon.0 v2:172.21.15.87:3300/0 3 ==== mon_map magic: 0 v1 ==== 229+0+0 (secure 0 0 0) 0x7fb550024e40 con 0x7fb55c102770
2024-02-16T19:28:16.302 INFO:teuthology.orchestra.run.smithi087.stdout:/usr/bin/ceph: stderr
2024-02-16T19:28:15.453+0000 7fb563001700 1 -- 172.21.15.87:0/1840212751 --> [v2:172.21.15.87:3300/0,v1:172.21.15.87:6789/0] -- mon_subscribe({osdmap=0}) v3 -- 0x7fb55c1129a0 con 0x7fb55c102770
2024-02-16T19:28:16.302 INFO:teuthology.orchestra.run.smithi087.stdout:/usr/bin/ceph: stderr
2024-02-16T19:28:15.454+0000 7fb5597fa700 1 -- 172.21.15.87:0/1840212751 <== mon.0 v2:172.21.15.87:3300/0 4 ==== mgrmap(e 13) v1 ==== 43424+0+0 (secure 0 0 0) 0x7fb5500109a0 con 0x7fb55c102770
2024-02-16T19:28:16.302 INFO:teuthology.orchestra.run.smithi087.stdout:/usr/bin/ceph: stderr
2024-02-16T19:28:15.454+0000 7fb5597fa700 1 --2- 172.21.15.87:0/1840212751 >> [v2:172.21.15.87:6800/1313795861,v1:172.21.15.87:6801/1313795861] conn(0x7fb54c036880 0x7fb54c038d30 unknown :-1 s=NONE pgs=0 cs=0 l=1 rev1=0 crypto rx=0 tx=0 comp rx=0 tx=0).connect
2024-02-16T19:28:16.302 INFO:teuthology.orchestra.run.smithi087.stdout:/usr/bin/ceph: stderr
2024-02-16T19:28:15.454+0000 7fb5597fa700 1 -- 172.21.15.87:0/1840212751 <== mon.0 v2:172.21.15.87:3300/0 5 ==== osd_map(3..3 src has 1..3) v4 ==== 1151+0+0 (secure 0 0 0) 0x7fb55004a8f0 con 0x7fb55c102770
2024-02-16T19:28:16.302 INFO:teuthology.orchestra.run.smithi087.stdout:/usr/bin/ceph: stderr
2024-02-16T19:28:15.454+0000 7fb563001700 1 -- 172.21.15.87:0/1840212751 --> [v2:172.21.15.87:3300/0,v1:172.21.15.87:6789/0] -- mon_command({"prefix": "get_command_descriptions"} v 0) v1 -- 0x7fb55c05f5c0 con 0x7fb55c102770
2024-02-16T19:28:16.302 INFO:teuthology.orchestra.run.smithi087.stdout:/usr/bin/ceph: stderr
2024-02-16T19:28:15.454+0000 7fb55bfff700 1 --2- 172.21.15.87:0/1840212751 >> [v2:172.21.15.87:6800/1313795861,v1:172.21.15.87:6801/1313795861] conn(0x7fb54c036880 0x7fb54c038d30 unknown :-1 s=BANNER_CONNECTING pgs=0 cs=0 l=1 rev1=0 crypto rx=0 tx=0 comp rx=0 tx=0)._handle_peer_banner_payload supported=3 required=0
2024-02-16T19:28:16.302 INFO:teuthology.orchestra.run.smithi087.stdout:/usr/bin/ceph: stderr
2024-02-16T19:28:15.455+0000 7fb55bfff700 1 --2- 172.21.15.87:0/1840212751 >> [v2:172.21.15.87:6800/1313795861,v1:172.21.15.87:6801/1313795861] conn(0x7fb54c036880 0x7fb54c038d30 secure :-1 s=READY pgs=11 cs=0 l=1 rev1=1 crypto rx=0x7fb548009990 tx=0x7fb548006e40 comp rx=0 tx=0).ready entity=mgr.14162 client_cookie=0 server_cookie=0 in_seq=0 out_seq=0
2024-02-16T19:28:16.302 INFO:teuthology.orchestra.run.smithi087.stdout:/usr/bin/ceph: stderr
2024-02-16T19:28:15.459+0000 7fb5597fa700 1 -- 172.21.15.87:0/1840212751 <== mon.0 v2:172.21.15.87:3300/0 6 ==== mon_command_ack([{"prefix": "get_command_descriptions"}]=0 v0) v1 ==== 72+0+175031 (secure 0 0 0) 0x7fb55002e440 con 0x7fb55c102770
2024-02-16T19:28:16.302 INFO:teuthology.orchestra.run.smithi087.stdout:/usr/bin/ceph: stderr
2024-02-16T19:28:15.748+0000 7fb563001700 1 -- 172.21.15.87:0/1840212751 --> [v2:172.21.15.87:3300/0,v1:172.21.15.87:6789/0] -- mon_command([{prefix=config-key set, key=mgr/dashboard/cluster/status}] v 0) v1 -- 0x7fb55c04bed0 con 0x7fb55c102770
2024-02-16T19:28:16.303 INFO:teuthology.orchestra.run.smithi087.stdout:/usr/bin/ceph: stderr
2024-02-16T19:28:15.750+0000 7fb5597fa700 1 -- 172.21.15.87:0/1840212751 <== mon.0 v2:172.21.15.87:3300/0 7 ==== mon_command_ack([{prefix=config-key set, key=mgr/dashboard/cluster/status}]=0 set mgr/dashboard/cluster/status v33)=0 set mgr/dashboard/cluster/status v33) v1 ==== 153+0+0 (secure 0 0 0) 0x7fb55000ee60 con 0x7fb55c102770
2024-02-16T19:28:16.303 INFO:teuthology.orchestra.run.smithi087.stdout:/usr/bin/ceph: stderr
2024-02-16T19:28:15.752+0000 7fb563001700 1 -- 172.21.15.87:0/1840212751 >> [v2:172.21.15.87:6800/1313795861,v1:172.21.15.87:6801/1313795861] conn(0x7fb54c036880 msgr2=0x7fb54c038d30 secure :-1 s=STATE_CONNECTION_ESTABLISHED l=1).mark_down
2024-02-16T19:28:16.303 INFO:teuthology.orchestra.run.smithi087.stdout:/usr/bin/ceph: stderr
2024-02-16T19:28:15.752+0000 7fb563001700 1 --2- 172.21.15.87:0/1840212751 >> [v2:172.21.15.87:6800/1313795861,v1:172.21.15.87:6801/1313795861] conn(0x7fb54c036880 0x7fb54c038d30 secure :-1 s=READY pgs=11 cs=0 l=1 rev1=1 crypto rx=0x7fb548009990 tx=0x7fb548006e40 comp rx=0 tx=0).stop
2024-02-16T19:28:16.303 INFO:teuthology.orchestra.run.smithi087.stdout:/usr/bin/ceph: stderr
2024-02-16T19:28:15.752+0000 7fb563001700 1 -- 172.21.15.87:0/1840212751 >> [v2:172.21.15.87:3300/0,v1:172.21.15.87:6789/0] conn(0x7fb55c102770 msgr2=0x7fb55c1115c0 secure :-1 s=STATE_CONNECTION_ESTABLISHED l=1).mark_down
2024-02-16T19:28:16.303 INFO:teuthology.orchestra.run.smithi087.stdout:/usr/bin/ceph: stderr
2024-02-16T19:28:15.752+0000 7fb563001700 1 --2- 172.21.15.87:0/1840212751 >> [v2:172.21.15.87:3300/0,v1:172.21.15.87:6789/0] conn(0x7fb55c102770 0x7fb55c1115c0 secure :-1 s=READY pgs=89 cs=0 l=1 rev1=1 crypto rx=0x7fb5500090b0 tx=0x7fb550009250 comp rx=0 tx=0).stop
2024-02-16T19:28:16.303 INFO:teuthology.orchestra.run.smithi087.stdout:/usr/bin/ceph: stderr
2024-02-16T19:28:15.752+0000 7fb563001700 1 -- 172.21.15.87:0/1840212751 shutdown_connections
2024-02-16T19:28:16.303 INFO:teuthology.orchestra.run.smithi087.stdout:/usr/bin/ceph: stderr
2024-02-16T19:28:15.752+0000 7fb563001700 1 --2- 172.21.15.87:0/1840212751 >> [v2:172.21.15.87:6800/1313795861,v1:172.21.15.87:6801/1313795861] conn(0x7fb54c036880 0x7fb54c038d30 unknown :-1 s=CLOSED pgs=11 cs=0 l=1 rev1=1 crypto rx=0 tx=0 comp rx=0 tx=0).stop
2024-02-16T19:28:16.303 INFO:teuthology.orchestra.run.smithi087.stdout:/usr/bin/ceph: stderr
2024-02-16T19:28:15.752+0000 7fb563001700 1 --2- 172.21.15.87:0/1840212751 >> [v2:172.21.15.87:3300/0,v1:172.21.15.87:6789/0] conn(0x7fb55c102770 0x7fb55c1115c0 unknown :-1 s=CLOSED pgs=89 cs=0 l=1 rev1=1 crypto rx=0 tx=0 comp rx=0 tx=0).stop
2024-02-16T19:28:16.303 INFO:teuthology.orchestra.run.smithi087.stdout:/usr/bin/ceph: stderr
2024-02-16T19:28:15.752+0000 7fb563001700 1 -- 172.21.15.87:0/1840212751 >> 172.21.15.87:0/1840212751 conn(0x7fb55c0fded0 msgr2=0x7fb55c0ff5b0 unknown :-1 s=STATE_NONE l=0).mark_down
2024-02-16T19:28:16.303 INFO:teuthology.orchestra.run.smithi087.stdout:/usr/bin/ceph: stderr
2024-02-16T19:28:15.752+0000 7fb563001700 1 -- 172.21.15.87:0/1840212751 shutdown_connections
2024-02-16T19:28:16.303 INFO:teuthology.orchestra.run.smithi087.stdout:/usr/bin/ceph: stderr
2024-02-16T19:28:15.752+0000 7fb563001700 1 -- 172.21.15.87:0/1840212751 wait complete.
2024-02-16T19:28:16.303 INFO:teuthology.orchestra.run.smithi087.stdout:/usr/bin/ceph: stderr set mgr/dashboard/cluster/status
2024-02-16T19:28:16.303 INFO:teuthology.orchestra.run.smithi087.stdout:You can access the Ceph CLI as following in case of multi-cluster or non-default config:
2024-02-16T19:28:16.304 INFO:teuthology.orchestra.run.smithi087.stdout:
2024-02-16T19:28:16.304 INFO:teuthology.orchestra.run.smithi087.stdout: sudo /home/ubuntu/cephtest/cephadm shell --fsid 44649cd8-cd01-11ee-95ba-87774f69a715 -c /etc/ceph/ceph.conf -k /etc/ceph/ceph.client.admin.keyring
2024-02-16T19:28:16.304 INFO:teuthology.orchestra.run.smithi087.stdout:
2024-02-16T19:28:16.304 INFO:teuthology.orchestra.run.smithi087.stdout:Or, if you are only running a single cluster on this host:
2024-02-16T19:28:16.304 INFO:teuthology.orchestra.run.smithi087.stdout:
2024-02-16T19:28:16.304 INFO:teuthology.orchestra.run.smithi087.stdout: sudo /home/ubuntu/cephtest/cephadm shell
2024-02-16T19:28:16.304 INFO:teuthology.orchestra.run.smithi087.stdout:
2024-02-16T19:28:16.304 INFO:teuthology.orchestra.run.smithi087.stdout:Please consider enabling telemetry to help improve Ceph:
2024-02-16T19:28:16.304 INFO:teuthology.orchestra.run.smithi087.stdout:
2024-02-16T19:28:16.304 INFO:teuthology.orchestra.run.smithi087.stdout: ceph telemetry on
2024-02-16T19:28:16.304 INFO:teuthology.orchestra.run.smithi087.stdout:
2024-02-16T19:28:16.304 INFO:teuthology.orchestra.run.smithi087.stdout:For more information see:
2024-02-16T19:28:16.305 INFO:teuthology.orchestra.run.smithi087.stdout:
2024-02-16T19:28:16.305 INFO:teuthology.orchestra.run.smithi087.stdout: https://docs.ceph.com/docs/master/mgr/telemetry/
2024-02-16T19:28:16.305 INFO:teuthology.orchestra.run.smithi087.stdout:
2024-02-16T19:28:16.305 INFO:teuthology.orchestra.run.smithi087.stdout:Bootstrap complete.
2024-02-16T19:28:16.335 INFO:tasks.cephadm:Fetching config...
2024-02-16T19:28:16.335 DEBUG:teuthology.orchestra.run.smithi087:> set -ex
2024-02-16T19:28:16.336 DEBUG:teuthology.orchestra.run.smithi087:> dd if=/etc/ceph/ceph.conf of=/dev/stdout
2024-02-16T19:28:16.393 INFO:tasks.cephadm:Fetching client.admin keyring...
2024-02-16T19:28:16.393 DEBUG:teuthology.orchestra.run.smithi087:> set -ex
2024-02-16T19:28:16.393 DEBUG:teuthology.orchestra.run.smithi087:> dd if=/etc/ceph/ceph.client.admin.keyring of=/dev/stdout
2024-02-16T19:28:16.447 INFO:tasks.cephadm:Fetching mon keyring...
2024-02-16T19:28:16.447 DEBUG:teuthology.orchestra.run.smithi087:> set -ex
2024-02-16T19:28:16.447 DEBUG:teuthology.orchestra.run.smithi087:> sudo dd if=/var/lib/ceph/44649cd8-cd01-11ee-95ba-87774f69a715/mon.smithi087/keyring of=/dev/stdout
2024-02-16T19:28:16.515 INFO:tasks.cephadm:Fetching pub ssh key...
2024-02-16T19:28:16.515 DEBUG:teuthology.orchestra.run.smithi087:> set -ex
2024-02-16T19:28:16.515 DEBUG:teuthology.orchestra.run.smithi087:> dd if=/home/ubuntu/cephtest/ceph.pub of=/dev/stdout
2024-02-16T19:28:16.570 INFO:tasks.cephadm:Installing pub ssh key for root users...
2024-02-16T19:28:16.571 DEBUG:teuthology.orchestra.run.smithi087:> sudo install -d -m 0700 /root/.ssh && echo 'ssh-rsa AAAAB3NzaC1yc2EAAAADAQABAAABgQCe3FF1H0qOiP3bqcBtIGPk/HgCJQlAGG/clVSlQb8V32UReFTv1hAMWCjOR6oAFsbgX5mLym9KRR/C/RfZmM3/LtDPWntWWksQN8IW/os111mrhASABYEBi+XS66yF068N0lB4SUDh6bKO3pWs94VHb09+77jCZvbswp3NVnUlkbz3oIuGYdvylodTiqwszQCRe50d8PQC68wZ+6KN9Zroe1j9ZEF53xSQ/8LKFZHchHeXMLYKq8FigkiZ8hC08xmoiTKL7VCUEbLd2DYNrmFSpuuas1RYYzS+mxWfSGZb4CCGGwmoE+DcTcztbkRcQ25tyFwDBB0bbtlYbcaaFDniGEaKZOHLxnQksQ+hQ8IPhYEWiFN5Ra0HQenEkw3edokFR7Uujy2vqQyG8+dz2jLhd4IR2LNieMAqkSUabV8XkIpLYj7ryuMaUK0iAClrOBuI7oE78iB0O/H8iqq7yI/TOBMwBZBloFJaqSD1fsEyPIy1eeqQZslMpGdaDN/w4jU= ceph-44649cd8-cd01-11ee-95ba-87774f69a715' | sudo tee -a /root/.ssh/authorized_keys && sudo chmod 0600 /root/.ssh/authorized_keys
2024-02-16T19:28:16.649 INFO:teuthology.orchestra.run.smithi087.stdout:ssh-rsa AAAAB3NzaC1yc2EAAAADAQABAAABgQCe3FF1H0qOiP3bqcBtIGPk/HgCJQlAGG/clVSlQb8V32UReFTv1hAMWCjOR6oAFsbgX5mLym9KRR/C/RfZmM3/LtDPWntWWksQN8IW/os111mrhASABYEBi+XS66yF068N0lB4SUDh6bKO3pWs94VHb09+77jCZvbswp3NVnUlkbz3oIuGYdvylodTiqwszQCRe50d8PQC68wZ+6KN9Zroe1j9ZEF53xSQ/8LKFZHchHeXMLYKq8FigkiZ8hC08xmoiTKL7VCUEbLd2DYNrmFSpuuas1RYYzS+mxWfSGZb4CCGGwmoE+DcTcztbkRcQ25tyFwDBB0bbtlYbcaaFDniGEaKZOHLxnQksQ+hQ8IPhYEWiFN5Ra0HQenEkw3edokFR7Uujy2vqQyG8+dz2jLhd4IR2LNieMAqkSUabV8XkIpLYj7ryuMaUK0iAClrOBuI7oE78iB0O/H8iqq7yI/TOBMwBZBloFJaqSD1fsEyPIy1eeqQZslMpGdaDN/w4jU= ceph-44649cd8-cd01-11ee-95ba-87774f69a715
2024-02-16T19:28:16.663 DEBUG:teuthology.orchestra.run.smithi161:> sudo install -d -m 0700 /root/.ssh && echo 'ssh-rsa AAAAB3NzaC1yc2EAAAADAQABAAABgQCe3FF1H0qOiP3bqcBtIGPk/HgCJQlAGG/clVSlQb8V32UReFTv1hAMWCjOR6oAFsbgX5mLym9KRR/C/RfZmM3/LtDPWntWWksQN8IW/os111mrhASABYEBi+XS66yF068N0lB4SUDh6bKO3pWs94VHb09+77jCZvbswp3NVnUlkbz3oIuGYdvylodTiqwszQCRe50d8PQC68wZ+6KN9Zroe1j9ZEF53xSQ/8LKFZHchHeXMLYKq8FigkiZ8hC08xmoiTKL7VCUEbLd2DYNrmFSpuuas1RYYzS+mxWfSGZb4CCGGwmoE+DcTcztbkRcQ25tyFwDBB0bbtlYbcaaFDniGEaKZOHLxnQksQ+hQ8IPhYEWiFN5Ra0HQenEkw3edokFR7Uujy2vqQyG8+dz2jLhd4IR2LNieMAqkSUabV8XkIpLYj7ryuMaUK0iAClrOBuI7oE78iB0O/H8iqq7yI/TOBMwBZBloFJaqSD1fsEyPIy1eeqQZslMpGdaDN/w4jU= ceph-44649cd8-cd01-11ee-95ba-87774f69a715' | sudo tee -a /root/.ssh/authorized_keys && sudo chmod 0600 /root/.ssh/authorized_keys
2024-02-16T19:28:16.708 INFO:teuthology.orchestra.run.smithi161.stdout:ssh-rsa AAAAB3NzaC1yc2EAAAADAQABAAABgQCe3FF1H0qOiP3bqcBtIGPk/HgCJQlAGG/clVSlQb8V32UReFTv1hAMWCjOR6oAFsbgX5mLym9KRR/C/RfZmM3/LtDPWntWWksQN8IW/os111mrhASABYEBi+XS66yF068N0lB4SUDh6bKO3pWs94VHb09+77jCZvbswp3NVnUlkbz3oIuGYdvylodTiqwszQCRe50d8PQC68wZ+6KN9Zroe1j9ZEF53xSQ/8LKFZHchHeXMLYKq8FigkiZ8hC08xmoiTKL7VCUEbLd2DYNrmFSpuuas1RYYzS+mxWfSGZb4CCGGwmoE+DcTcztbkRcQ25tyFwDBB0bbtlYbcaaFDniGEaKZOHLxnQksQ+hQ8IPhYEWiFN5Ra0HQenEkw3edokFR7Uujy2vqQyG8+dz2jLhd4IR2LNieMAqkSUabV8XkIpLYj7ryuMaUK0iAClrOBuI7oE78iB0O/H8iqq7yI/TOBMwBZBloFJaqSD1fsEyPIy1eeqQZslMpGdaDN/w4jU= ceph-44649cd8-cd01-11ee-95ba-87774f69a715
2024-02-16T19:28:16.723 DEBUG:teuthology.orchestra.run.smithi087:> sudo /home/ubuntu/cephtest/cephadm --image quay.ceph.io/ceph-ci/ceph:quincy shell -c /etc/ceph/ceph.conf -k /etc/ceph/ceph.client.admin.keyring --fsid 44649cd8-cd01-11ee-95ba-87774f69a715 -- ceph config set mgr mgr/cephadm/allow_ptrace true
2024-02-16T19:28:16.973 INFO:teuthology.orchestra.run.smithi087.stderr:Inferring config /var/lib/ceph/44649cd8-cd01-11ee-95ba-87774f69a715/mon.smithi087/config
2024-02-16T19:28:19.278 INFO:journalctl@ceph.mon.smithi087.smithi087.stdout:Feb 16 19:28:19 smithi087 ceph-mon[29135]: from='mgr.14162 172.21.15.87:0/3184937432' entity='mgr.smithi087.cojpks'
2024-02-16T19:28:19.278 INFO:journalctl@ceph.mon.smithi087.smithi087.stdout:Feb 16 19:28:19 smithi087 ceph-mon[29135]: from='mgr.14162 172.21.15.87:0/3184937432' entity='mgr.smithi087.cojpks'
2024-02-16T19:28:19.278 INFO:journalctl@ceph.mon.smithi087.smithi087.stdout:Feb 16 19:28:19 smithi087 ceph-mon[29135]: from='mgr.14162 172.21.15.87:0/3184937432' entity='mgr.smithi087.cojpks' cmd=[{"prefix": "config rm", "who": "osd/host:smithi087", "name": "osd_memory_target"}]: dispatch
2024-02-16T19:28:19.278 INFO:journalctl@ceph.mon.smithi087.smithi087.stdout:Feb 16 19:28:19 smithi087 ceph-mon[29135]: from='mgr.14162 172.21.15.87:0/3184937432' entity='mgr.smithi087.cojpks'
2024-02-16T19:28:19.278 INFO:journalctl@ceph.mon.smithi087.smithi087.stdout:Feb 16 19:28:19 smithi087 ceph-mon[29135]: from='mgr.14162 172.21.15.87:0/3184937432' entity='mgr.smithi087.cojpks' cmd=[{"prefix": "auth get-or-create", "entity": "client.crash.smithi087", "caps": ["mon", "profile crash", "mgr", "profile crash"]}]: dispatch
2024-02-16T19:28:19.278 INFO:journalctl@ceph.mon.smithi087.smithi087.stdout:Feb 16 19:28:19 smithi087 ceph-mon[29135]: from='mgr.14162 172.21.15.87:0/3184937432' entity='mgr.smithi087.cojpks' cmd='[{"prefix": "auth get-or-create", "entity": "client.crash.smithi087", "caps": ["mon", "profile crash", "mgr", "profile crash"]}]': finished
2024-02-16T19:28:19.278 INFO:journalctl@ceph.mon.smithi087.smithi087.stdout:Feb 16 19:28:19 smithi087 ceph-mon[29135]: from='mgr.14162 172.21.15.87:0/3184937432' entity='mgr.smithi087.cojpks' cmd=[{"prefix": "config generate-minimal-conf"}]: dispatch
2024-02-16T19:28:19.278 INFO:journalctl@ceph.mon.smithi087.smithi087.stdout:Feb 16 19:28:19 smithi087 ceph-mon[29135]: Deploying daemon crash.smithi087 on smithi087
2024-02-16T19:28:19.424 INFO:teuthology.orchestra.run.smithi087.stderr:2024-02-16T19:28:19.422+0000 7f491f73a700 1 -- 172.21.15.87:0/3397180053 >> [v2:172.21.15.87:3300/0,v1:172.21.15.87:6789/0] conn(0x7f49180fcbd0 msgr2=0x7f49180fcfe0 secure :-1 s=STATE_CONNECTION_ESTABLISHED l=1).mark_down
2024-02-16T19:28:19.424 INFO:teuthology.orchestra.run.smithi087.stderr:2024-02-16T19:28:19.422+0000 7f491f73a700 1 --2- 172.21.15.87:0/3397180053 >> [v2:172.21.15.87:3300/0,v1:172.21.15.87:6789/0] conn(0x7f49180fcbd0 0x7f49180fcfe0 secure :-1 s=READY pgs=90 cs=0 l=1 rev1=1 crypto rx=0x7f49140048c0 tx=0x7f4914009e30 comp rx=0 tx=0).stop
2024-02-16T19:28:19.424 INFO:teuthology.orchestra.run.smithi087.stderr:2024-02-16T19:28:19.422+0000 7f491f73a700 1 -- 172.21.15.87:0/3397180053 shutdown_connections
2024-02-16T19:28:19.424 INFO:teuthology.orchestra.run.smithi087.stderr:2024-02-16T19:28:19.422+0000 7f491f73a700 1 --2- 172.21.15.87:0/3397180053 >> [v2:172.21.15.87:3300/0,v1:172.21.15.87:6789/0] conn(0x7f49180fcbd0 0x7f49180fcfe0 unknown :-1 s=CLOSED pgs=90 cs=0 l=1 rev1=1 crypto rx=0 tx=0 comp rx=0 tx=0).stop
2024-02-16T19:28:19.424 INFO:teuthology.orchestra.run.smithi087.stderr:2024-02-16T19:28:19.422+0000 7f491f73a700 1 -- 172.21.15.87:0/3397180053 >> 172.21.15.87:0/3397180053 conn(0x7f49180f8270 msgr2=0x7f49180fa6c0 unknown :-1 s=STATE_NONE l=0).mark_down
2024-02-16T19:28:19.424 INFO:teuthology.orchestra.run.smithi087.stderr:2024-02-16T19:28:19.422+0000 7f491f73a700 1 -- 172.21.15.87:0/3397180053 shutdown_connections
2024-02-16T19:28:19.425 INFO:teuthology.orchestra.run.smithi087.stderr:2024-02-16T19:28:19.422+0000 7f491f73a700 1 -- 172.21.15.87:0/3397180053 wait complete.
2024-02-16T19:28:19.425 INFO:teuthology.orchestra.run.smithi087.stderr:2024-02-16T19:28:19.422+0000 7f491f73a700 1 Processor -- start
2024-02-16T19:28:19.425 INFO:teuthology.orchestra.run.smithi087.stderr:2024-02-16T19:28:19.422+0000 7f491f73a700 1 -- start start
2024-02-16T19:28:19.425 INFO:teuthology.orchestra.run.smithi087.stderr:2024-02-16T19:28:19.422+0000 7f491f73a700 1 --2- >> [v2:172.21.15.87:3300/0,v1:172.21.15.87:6789/0] conn(0x7f49180fcbd0 0x7f4918071e60 unknown :-1 s=NONE pgs=0 cs=0 l=1 rev1=0 crypto rx=0 tx=0 comp rx=0 tx=0).connect
2024-02-16T19:28:19.425 INFO:teuthology.orchestra.run.smithi087.stderr:2024-02-16T19:28:19.423+0000 7f491f73a700 1 -- --> [v2:172.21.15.87:3300/0,v1:172.21.15.87:6789/0] -- mon_getmap magic: 0 v1 -- 0x7f49180702e0 con 0x7f49180fcbd0
2024-02-16T19:28:19.425 INFO:teuthology.orchestra.run.smithi087.stderr:2024-02-16T19:28:19.423+0000 7f491d4d6700 1 --2- >> [v2:172.21.15.87:3300/0,v1:172.21.15.87:6789/0] conn(0x7f49180fcbd0 0x7f4918071e60 unknown :-1 s=BANNER_CONNECTING pgs=0 cs=0 l=1 rev1=0 crypto rx=0 tx=0 comp rx=0 tx=0)._handle_peer_banner_payload supported=3 required=0
2024-02-16T19:28:19.425 INFO:teuthology.orchestra.run.smithi087.stderr:2024-02-16T19:28:19.423+0000 7f491d4d6700 1 --2- >> [v2:172.21.15.87:3300/0,v1:172.21.15.87:6789/0] conn(0x7f49180fcbd0 0x7f4918071e60 unknown :-1 s=HELLO_CONNECTING pgs=0 cs=0 l=1 rev1=1 crypto rx=0 tx=0 comp rx=0 tx=0).handle_hello peer v2:172.21.15.87:3300/0 says I am v2:172.21.15.87:50556/0 (socket says 172.21.15.87:50556)
2024-02-16T19:28:19.425 INFO:teuthology.orchestra.run.smithi087.stderr:2024-02-16T19:28:19.423+0000 7f491d4d6700 1 -- 172.21.15.87:0/2360440913 learned_addr learned my addr 172.21.15.87:0/2360440913 (peer_addr_for_me v2:172.21.15.87:0/0)
2024-02-16T19:28:19.426 INFO:teuthology.orchestra.run.smithi087.stderr:2024-02-16T19:28:19.423+0000 7f491d4d6700 1 -- 172.21.15.87:0/2360440913 --> [v2:172.21.15.87:3300/0,v1:172.21.15.87:6789/0] -- mon_subscribe({config=0+,monmap=0+}) v3 -- 0x7f4914005040 con 0x7f49180fcbd0
2024-02-16T19:28:19.427 INFO:teuthology.orchestra.run.smithi087.stderr:2024-02-16T19:28:19.423+0000 7f491d4d6700 1 --2- 172.21.15.87:0/2360440913 >> [v2:172.21.15.87:3300/0,v1:172.21.15.87:6789/0] conn(0x7f49180fcbd0 0x7f4918071e60 secure :-1 s=READY pgs=91 cs=0 l=1 rev1=1 crypto rx=0x7f4914009680 tx=0x7f4914009e30 comp rx=0 tx=0).ready entity=mon.0 client_cookie=0 server_cookie=0 in_seq=0 out_seq=0
2024-02-16T19:28:19.427 INFO:teuthology.orchestra.run.smithi087.stderr:2024-02-16T19:28:19.423+0000 7f490dffb700 1 -- 172.21.15.87:0/2360440913 <== mon.0 v2:172.21.15.87:3300/0 1 ==== mon_map magic: 0 v1 ==== 229+0+0 (secure 0 0 0) 0x7f491400bed0 con 0x7f49180fcbd0
2024-02-16T19:28:19.427 INFO:teuthology.orchestra.run.smithi087.stderr:2024-02-16T19:28:19.423+0000 7f490dffb700 1 -- 172.21.15.87:0/2360440913 <== mon.0 v2:172.21.15.87:3300/0 2 ==== config(27 keys) v1 ==== 1109+0+0 (secure 0 0 0) 0x7f491400b5c0 con 0x7f49180fcbd0
2024-02-16T19:28:19.427 INFO:teuthology.orchestra.run.smithi087.stderr:2024-02-16T19:28:19.423+0000 7f491f73a700 1 -- 172.21.15.87:0/2360440913 --> [v2:172.21.15.87:3300/0,v1:172.21.15.87:6789/0] -- mon_subscribe({mgrmap=0+}) v3 -- 0x7f49180704e0 con 0x7f49180fcbd0
2024-02-16T19:28:19.427 INFO:teuthology.orchestra.run.smithi087.stderr:2024-02-16T19:28:19.423+0000 7f490dffb700 1 -- 172.21.15.87:0/2360440913 <== mon.0 v2:172.21.15.87:3300/0 3 ==== mon_map magic: 0 v1 ==== 229+0+0 (secure 0 0 0) 0x7f491401c5b0 con 0x7f49180fcbd0
2024-02-16T19:28:19.427 INFO:teuthology.orchestra.run.smithi087.stderr:2024-02-16T19:28:19.423+0000 7f491f73a700 1 -- 172.21.15.87:0/2360440913 --> [v2:172.21.15.87:3300/0,v1:172.21.15.87:6789/0] -- mon_subscribe({osdmap=0}) v3 -- 0x7f49180709d0 con 0x7f49180fcbd0
2024-02-16T19:28:19.427 INFO:teuthology.orchestra.run.smithi087.stderr:2024-02-16T19:28:19.424+0000 7f490dffb700 1 -- 172.21.15.87:0/2360440913 <== mon.0 v2:172.21.15.87:3300/0 4 ==== mgrmap(e 13) v1 ==== 43424+0+0 (secure 0 0 0) 0x7f491401c7d0 con 0x7f49180fcbd0
2024-02-16T19:28:19.427 INFO:teuthology.orchestra.run.smithi087.stderr:2024-02-16T19:28:19.424+0000 7f491f73a700 1 -- 172.21.15.87:0/2360440913 --> [v2:172.21.15.87:3300/0,v1:172.21.15.87:6789/0] -- mon_command({"prefix": "get_command_descriptions"} v 0) v1 -- 0x7f49181069a0 con 0x7f49180fcbd0
2024-02-16T19:28:19.427 INFO:teuthology.orchestra.run.smithi087.stderr:2024-02-16T19:28:19.425+0000 7f490dffb700 1 --2- 172.21.15.87:0/2360440913 >> [v2:172.21.15.87:6800/1313795861,v1:172.21.15.87:6801/1313795861] conn(0x7f4904036870 0x7f4904038d20 unknown :-1 s=NONE pgs=0 cs=0 l=1 rev1=0 crypto rx=0 tx=0 comp rx=0 tx=0).connect
2024-02-16T19:28:19.427 INFO:teuthology.orchestra.run.smithi087.stderr:2024-02-16T19:28:19.425+0000 7f490dffb700 1 -- 172.21.15.87:0/2360440913 <== mon.0 v2:172.21.15.87:3300/0 5 ==== osd_map(3..3 src has 1..3) v4 ==== 1151+0+0 (secure 0 0 0) 0x7f491404aa80 con 0x7f49180fcbd0
2024-02-16T19:28:19.427 INFO:teuthology.orchestra.run.smithi087.stderr:2024-02-16T19:28:19.425+0000 7f491ccd5700 1 --2- 172.21.15.87:0/2360440913 >> [v2:172.21.15.87:6800/1313795861,v1:172.21.15.87:6801/1313795861] conn(0x7f4904036870 0x7f4904038d20 unknown :-1 s=BANNER_CONNECTING pgs=0 cs=0 l=1 rev1=0 crypto rx=0 tx=0 comp rx=0 tx=0)._handle_peer_banner_payload supported=3 required=0
2024-02-16T19:28:19.427 INFO:teuthology.orchestra.run.smithi087.stderr:2024-02-16T19:28:19.425+0000 7f491ccd5700 1 --2- 172.21.15.87:0/2360440913 >> [v2:172.21.15.87:6800/1313795861,v1:172.21.15.87:6801/1313795861] conn(0x7f4904036870 0x7f4904038d20 secure :-1 s=READY pgs=12 cs=0 l=1 rev1=1 crypto rx=0x7f4908009990 tx=0x7f4908006e40 comp rx=0 tx=0).ready entity=mgr.14162 client_cookie=0 server_cookie=0 in_seq=0 out_seq=0
2024-02-16T19:28:19.431 INFO:teuthology.orchestra.run.smithi087.stderr:2024-02-16T19:28:19.430+0000 7f490dffb700 1 -- 172.21.15.87:0/2360440913 <== mon.0 v2:172.21.15.87:3300/0 6 ==== mon_command_ack([{"prefix": "get_command_descriptions"}]=0 v0) v1 ==== 72+0+175031 (secure 0 0 0) 0x7f4914023300 con 0x7f49180fcbd0
2024-02-16T19:28:19.622 INFO:teuthology.orchestra.run.smithi087.stderr:2024-02-16T19:28:19.621+0000 7f491f73a700 1 -- 172.21.15.87:0/2360440913 --> [v2:172.21.15.87:3300/0,v1:172.21.15.87:6789/0] -- mon_command([{prefix=config set, name=mgr/cephadm/allow_ptrace}] v 0) v1 -- 0x7f491805f5c0 con 0x7f49180fcbd0
2024-02-16T19:28:19.626 INFO:teuthology.orchestra.run.smithi087.stderr:2024-02-16T19:28:19.625+0000 7f490dffb700 1 -- 172.21.15.87:0/2360440913 <== mon.0 v2:172.21.15.87:3300/0 7 ==== mon_command_ack([{prefix=config set, name=mgr/cephadm/allow_ptrace}]=0 v9)=0 v9) v1 ==== 125+0+0 (secure 0 0 0) 0x7f4914011b60 con 0x7f49180fcbd0
2024-02-16T19:28:19.629 INFO:teuthology.orchestra.run.smithi087.stderr:2024-02-16T19:28:19.627+0000 7f491f73a700 1 -- 172.21.15.87:0/2360440913 >> [v2:172.21.15.87:6800/1313795861,v1:172.21.15.87:6801/1313795861] conn(0x7f4904036870 msgr2=0x7f4904038d20 secure :-1 s=STATE_CONNECTION_ESTABLISHED l=1).mark_down
2024-02-16T19:28:19.629 INFO:teuthology.orchestra.run.smithi087.stderr:2024-02-16T19:28:19.627+0000 7f491f73a700 1 --2- 172.21.15.87:0/2360440913 >> [v2:172.21.15.87:6800/1313795861,v1:172.21.15.87:6801/1313795861] conn(0x7f4904036870 0x7f4904038d20 secure :-1 s=READY pgs=12 cs=0 l=1 rev1=1 crypto rx=0x7f4908009990 tx=0x7f4908006e40 comp rx=0 tx=0).stop
2024-02-16T19:28:19.629 INFO:teuthology.orchestra.run.smithi087.stderr:2024-02-16T19:28:19.627+0000 7f491f73a700 1 -- 172.21.15.87:0/2360440913 >> [v2:172.21.15.87:3300/0,v1:172.21.15.87:6789/0] conn(0x7f49180fcbd0 msgr2=0x7f4918071e60 secure :-1 s=STATE_CONNECTION_ESTABLISHED l=1).mark_down
2024-02-16T19:28:19.629 INFO:teuthology.orchestra.run.smithi087.stderr:2024-02-16T19:28:19.627+0000 7f491f73a700 1 --2- 172.21.15.87:0/2360440913 >> [v2:172.21.15.87:3300/0,v1:172.21.15.87:6789/0] conn(0x7f49180fcbd0 0x7f4918071e60 secure :-1 s=READY pgs=91 cs=0 l=1 rev1=1 crypto rx=0x7f4914009680 tx=0x7f4914009e30 comp rx=0 tx=0).stop
2024-02-16T19:28:19.629 INFO:teuthology.orchestra.run.smithi087.stderr:2024-02-16T19:28:19.627+0000 7f491f73a700 1 -- 172.21.15.87:0/2360440913 shutdown_connections
2024-02-16T19:28:19.629 INFO:teuthology.orchestra.run.smithi087.stderr:2024-02-16T19:28:19.627+0000 7f491f73a700 1 --2- 172.21.15.87:0/2360440913 >> [v2:172.21.15.87:6800/1313795861,v1:172.21.15.87:6801/1313795861] conn(0x7f4904036870 0x7f4904038d20 unknown :-1 s=CLOSED pgs=12 cs=0 l=1 rev1=1 crypto rx=0 tx=0 comp rx=0 tx=0).stop
2024-02-16T19:28:19.629 INFO:teuthology.orchestra.run.smithi087.stderr:2024-02-16T19:28:19.627+0000 7f491f73a700 1 --2- 172.21.15.87:0/2360440913 >> [v2:172.21.15.87:3300/0,v1:172.21.15.87:6789/0] conn(0x7f49180fcbd0 0x7f4918071e60 unknown :-1 s=CLOSED pgs=91 cs=0 l=1 rev1=1 crypto rx=0 tx=0 comp rx=0 tx=0).stop
2024-02-16T19:28:19.629 INFO:teuthology.orchestra.run.smithi087.stderr:2024-02-16T19:28:19.627+0000 7f491f73a700 1 -- 172.21.15.87:0/2360440913 >> 172.21.15.87:0/2360440913 conn(0x7f49180f8270 msgr2=0x7f49180f9000 unknown :-1 s=STATE_NONE l=0).mark_down
2024-02-16T19:28:19.629 INFO:teuthology.orchestra.run.smithi087.stderr:2024-02-16T19:28:19.627+0000 7f491f73a700 1 -- 172.21.15.87:0/2360440913 shutdown_connections
2024-02-16T19:28:19.630 INFO:teuthology.orchestra.run.smithi087.stderr:2024-02-16T19:28:19.627+0000 7f491f73a700 1 -- 172.21.15.87:0/2360440913 wait complete.
2024-02-16T19:28:20.738 INFO:tasks.cephadm:Distributing conf and client.admin keyring to all hosts + 0755
2024-02-16T19:28:20.738 DEBUG:teuthology.orchestra.run.smithi087:> sudo /home/ubuntu/cephtest/cephadm --image quay.ceph.io/ceph-ci/ceph:quincy shell -c /etc/ceph/ceph.conf -k /etc/ceph/ceph.client.admin.keyring --fsid 44649cd8-cd01-11ee-95ba-87774f69a715 -- ceph orch client-keyring set client.admin '*' --mode 0755
2024-02-16T19:28:20.903 INFO:journalctl@ceph.mon.smithi087.smithi087.stdout:Feb 16 19:28:20 smithi087 ceph-mon[29135]: from='client.? 172.21.15.87:0/2360440913' entity='client.admin'
2024-02-16T19:28:21.941 INFO:teuthology.orchestra.run.smithi087.stderr:Inferring config /var/lib/ceph/44649cd8-cd01-11ee-95ba-87774f69a715/mon.smithi087/config
2024-02-16T19:28:23.396 INFO:teuthology.orchestra.run.smithi087.stderr:2024-02-16T19:28:23.393+0000 7fefdfc27700 1 -- 172.21.15.87:0/2294958501 >> [v2:172.21.15.87:3300/0,v1:172.21.15.87:6789/0] conn(0x7fefd80fcbd0 msgr2=0x7fefd80fcfe0 secure :-1 s=STATE_CONNECTION_ESTABLISHED l=1).mark_down
2024-02-16T19:28:23.396 INFO:teuthology.orchestra.run.smithi087.stderr:2024-02-16T19:28:23.393+0000 7fefdfc27700 1 --2- 172.21.15.87:0/2294958501 >> [v2:172.21.15.87:3300/0,v1:172.21.15.87:6789/0] conn(0x7fefd80fcbd0 0x7fefd80fcfe0 secure :-1 s=READY pgs=92 cs=0 l=1 rev1=1 crypto rx=0x7fefd4009c60 tx=0x7fefd4004d10 comp rx=0 tx=0).stop
2024-02-16T19:28:23.396 INFO:teuthology.orchestra.run.smithi087.stderr:2024-02-16T19:28:23.393+0000 7fefdfc27700 1 -- 172.21.15.87:0/2294958501 shutdown_connections
2024-02-16T19:28:23.396 INFO:teuthology.orchestra.run.smithi087.stderr:2024-02-16T19:28:23.393+0000 7fefdfc27700 1 --2- 172.21.15.87:0/2294958501 >> [v2:172.21.15.87:3300/0,v1:172.21.15.87:6789/0] conn(0x7fefd80fcbd0 0x7fefd80fcfe0 unknown :-1 s=CLOSED pgs=92 cs=0 l=1 rev1=1 crypto rx=0 tx=0 comp rx=0 tx=0).stop
2024-02-16T19:28:23.397 INFO:teuthology.orchestra.run.smithi087.stderr:2024-02-16T19:28:23.393+0000 7fefdfc27700 1 -- 172.21.15.87:0/2294958501 >> 172.21.15.87:0/2294958501 conn(0x7fefd80f8270 msgr2=0x7fefd80fa6c0 unknown :-1 s=STATE_NONE l=0).mark_down
2024-02-16T19:28:23.397 INFO:teuthology.orchestra.run.smithi087.stderr:2024-02-16T19:28:23.393+0000 7fefdfc27700 1 -- 172.21.15.87:0/2294958501 shutdown_connections
2024-02-16T19:28:23.397 INFO:teuthology.orchestra.run.smithi087.stderr:2024-02-16T19:28:23.393+0000 7fefdfc27700 1 -- 172.21.15.87:0/2294958501 wait complete.
2024-02-16T19:28:23.397 INFO:teuthology.orchestra.run.smithi087.stderr:2024-02-16T19:28:23.393+0000 7fefdfc27700 1 Processor -- start
2024-02-16T19:28:23.397 INFO:teuthology.orchestra.run.smithi087.stderr:2024-02-16T19:28:23.393+0000 7fefdfc27700 1 -- start start
