2024-02-16T19:27:17.922 INFO:teuthology.orchestra.run.smithi087.stdout:/usr/bin/ceph: stderr
2024-02-16T19:27:17.316+0000 7eff6dcdb700 1 -- 172.21.15.87:0/2485829591 --> [v2:172.21.15.87:3300/0,v1:172.21.15.87:6789/0] -- mon_command({"prefix": "get_command_descriptions"} v 0) v1 -- 0x7eff6804bed0 con 0x7eff68101670
2024-02-16T19:27:17.922 INFO:teuthology.orchestra.run.smithi087.stdout:/usr/bin/ceph: stderr
2024-02-16T19:27:17.319+0000 7eff5ffff700 1 -- 172.21.15.87:0/2485829591 <== mon.0 v2:172.21.15.87:3300/0 6 ==== mon_command_ack([{"prefix": "get_command_descriptions"}]=0 v0) v1 ==== 72+0+71349 (secure 0 0 0) 0x7eff60017080 con 0x7eff68101670
2024-02-16T19:27:17.922 INFO:teuthology.orchestra.run.smithi087.stdout:/usr/bin/ceph: stderr
2024-02-16T19:27:17.388+0000 7eff6dcdb700 1 -- 172.21.15.87:0/2485829591 --> [v2:172.21.15.87:3300/0,v1:172.21.15.87:6789/0] -- mon_command({"prefix": "status", "format": "json-pretty"} v 0) v1 -- 0x7eff68114cd0 con 0x7eff68101670
2024-02-16T19:27:17.922 INFO:teuthology.orchestra.run.smithi087.stdout:/usr/bin/ceph: stderr
2024-02-16T19:27:17.388+0000 7eff5ffff700 1 -- 172.21.15.87:0/2485829591 <== mon.0 v2:172.21.15.87:3300/0 7 ==== mon_command_ack([{"prefix": "status", "format": "json-pretty"}]=0 v0) v1 ==== 79+0+1248 (secure 0 0 0) 0x7eff60020020 con 0x7eff68101670
2024-02-16T19:27:17.922 INFO:teuthology.orchestra.run.smithi087.stdout:/usr/bin/ceph: stderr
2024-02-16T19:27:17.388+0000 7eff6dcdb700 1 -- 172.21.15.87:0/2485829591 >> [v2:172.21.15.87:3300/0,v1:172.21.15.87:6789/0] conn(0x7eff68101670 msgr2=0x7eff68114220 secure :-1 s=STATE_CONNECTION_ESTABLISHED l=1).mark_down
2024-02-16T19:27:17.922 INFO:teuthology.orchestra.run.smithi087.stdout:/usr/bin/ceph: stderr
2024-02-16T19:27:17.388+0000 7eff6dcdb700 1 --2- 172.21.15.87:0/2485829591 >> [v2:172.21.15.87:3300/0,v1:172.21.15.87:6789/0] conn(0x7eff68101670 0x7eff68114220 secure :-1 s=READY pgs=17 cs=0 l=1 rev1=1 crypto rx=0x7eff600127d0 tx=0x7eff60009840 comp rx=0 tx=0).stop
2024-02-16T19:27:17.922 INFO:teuthology.orchestra.run.smithi087.stdout:/usr/bin/ceph: stderr
2024-02-16T19:27:17.388+0000 7eff6dcdb700 1 -- 172.21.15.87:0/2485829591 shutdown_connections
2024-02-16T19:27:17.922 INFO:teuthology.orchestra.run.smithi087.stdout:/usr/bin/ceph: stderr
2024-02-16T19:27:17.388+0000 7eff6dcdb700 1 --2- 172.21.15.87:0/2485829591 >> [v2:172.21.15.87:3300/0,v1:172.21.15.87:6789/0] conn(0x7eff68101670 0x7eff68114220 unknown :-1 s=CLOSED pgs=17 cs=0 l=1 rev1=1 crypto rx=0 tx=0 comp rx=0 tx=0).stop
2024-02-16T19:27:17.922 INFO:teuthology.orchestra.run.smithi087.stdout:/usr/bin/ceph: stderr
2024-02-16T19:27:17.388+0000 7eff6dcdb700 1 -- 172.21.15.87:0/2485829591 >> 172.21.15.87:0/2485829591 conn(0x7eff680fcdd0 msgr2=0x7eff680fdba0 unknown :-1 s=STATE_NONE l=0).mark_down
2024-02-16T19:27:17.922 INFO:teuthology.orchestra.run.smithi087.stdout:/usr/bin/ceph: stderr
2024-02-16T19:27:17.389+0000 7eff6dcdb700 1 -- 172.21.15.87:0/2485829591 shutdown_connections
2024-02-16T19:27:17.922 INFO:teuthology.orchestra.run.smithi087.stdout:/usr/bin/ceph: stderr
2024-02-16T19:27:17.389+0000 7eff6dcdb700 1 -- 172.21.15.87:0/2485829591 wait complete.
2024-02-16T19:27:17.922 INFO:teuthology.orchestra.run.smithi087.stdout:mgr not available, waiting (3/15)...
2024-02-16T19:27:18.277 INFO:journalctl@ceph.mon.smithi087.smithi087.stdout:Feb 16 19:27:18 smithi087 ceph-mon[29135]: from='client.? 172.21.15.87:0/2485829591' entity='client.admin' cmd=[{"prefix": "status", "format": "json-pretty"}]: dispatch
2024-02-16T19:27:18.277 INFO:journalctl@ceph.mon.smithi087.smithi087.stdout:Feb 16 19:27:18 smithi087 ceph-mon[29135]: mgrmap e3: smithi087.cojpks(active, since 1.00656s)
2024-02-16T19:27:21.027 INFO:journalctl@ceph.mon.smithi087.smithi087.stdout:Feb 16 19:27:20 smithi087 ceph-mon[29135]: mgrmap e4: smithi087.cojpks(active, since 2s)
2024-02-16T19:27:21.027 INFO:journalctl@ceph.mon.smithi087.smithi087.stdout:Feb 16 19:27:20 smithi087 ceph-mon[29135]: from='client.? 172.21.15.87:0/2206085892' entity='client.admin' cmd=[{"prefix": "status", "format": "json-pretty"}]: dispatch
2024-02-16T19:27:21.127 INFO:teuthology.orchestra.run.smithi087.stdout:/usr/bin/ceph: stdout
2024-02-16T19:27:21.128 INFO:teuthology.orchestra.run.smithi087.stdout:/usr/bin/ceph: stdout {
2024-02-16T19:27:21.128 INFO:teuthology.orchestra.run.smithi087.stdout:/usr/bin/ceph: stdout "fsid": "44649cd8-cd01-11ee-95ba-87774f69a715",
2024-02-16T19:27:21.128 INFO:teuthology.orchestra.run.smithi087.stdout:/usr/bin/ceph: stdout "health": {
2024-02-16T19:27:21.128 INFO:teuthology.orchestra.run.smithi087.stdout:/usr/bin/ceph: stdout "status": "HEALTH_OK",
2024-02-16T19:27:21.128 INFO:teuthology.orchestra.run.smithi087.stdout:/usr/bin/ceph: stdout "checks": {},
2024-02-16T19:27:21.128 INFO:teuthology.orchestra.run.smithi087.stdout:/usr/bin/ceph: stdout "mutes": []
2024-02-16T19:27:21.128 INFO:teuthology.orchestra.run.smithi087.stdout:/usr/bin/ceph: stdout },
2024-02-16T19:27:21.128 INFO:teuthology.orchestra.run.smithi087.stdout:/usr/bin/ceph: stdout "election_epoch": 5,
2024-02-16T19:27:21.128 INFO:teuthology.orchestra.run.smithi087.stdout:/usr/bin/ceph: stdout "quorum": [
2024-02-16T19:27:21.128 INFO:teuthology.orchestra.run.smithi087.stdout:/usr/bin/ceph: stdout 0
2024-02-16T19:27:21.128 INFO:teuthology.orchestra.run.smithi087.stdout:/usr/bin/ceph: stdout ],
2024-02-16T19:27:21.128 INFO:teuthology.orchestra.run.smithi087.stdout:/usr/bin/ceph: stdout "quorum_names": [
2024-02-16T19:27:21.128 INFO:teuthology.orchestra.run.smithi087.stdout:/usr/bin/ceph: stdout "smithi087"
2024-02-16T19:27:21.128 INFO:teuthology.orchestra.run.smithi087.stdout:/usr/bin/ceph: stdout ],
2024-02-16T19:27:21.129 INFO:teuthology.orchestra.run.smithi087.stdout:/usr/bin/ceph: stdout "quorum_age": 11,
2024-02-16T19:27:21.129 INFO:teuthology.orchestra.run.smithi087.stdout:/usr/bin/ceph: stdout "monmap": {
2024-02-16T19:27:21.129 INFO:teuthology.orchestra.run.smithi087.stdout:/usr/bin/ceph: stdout "epoch": 1,
2024-02-16T19:27:21.129 INFO:teuthology.orchestra.run.smithi087.stdout:/usr/bin/ceph: stdout "min_mon_release_name": "quincy",
2024-02-16T19:27:21.129 INFO:teuthology.orchestra.run.smithi087.stdout:/usr/bin/ceph: stdout "num_mons": 1
2024-02-16T19:27:21.129 INFO:teuthology.orchestra.run.smithi087.stdout:/usr/bin/ceph: stdout },
2024-02-16T19:27:21.129 INFO:teuthology.orchestra.run.smithi087.stdout:/usr/bin/ceph: stdout "osdmap": {
2024-02-16T19:27:21.129 INFO:teuthology.orchestra.run.smithi087.stdout:/usr/bin/ceph: stdout "epoch": 1,
2024-02-16T19:27:21.129 INFO:teuthology.orchestra.run.smithi087.stdout:/usr/bin/ceph: stdout "num_osds": 0,
2024-02-16T19:27:21.129 INFO:teuthology.orchestra.run.smithi087.stdout:/usr/bin/ceph: stdout "num_up_osds": 0,
2024-02-16T19:27:21.129 INFO:teuthology.orchestra.run.smithi087.stdout:/usr/bin/ceph: stdout "osd_up_since": 0,
2024-02-16T19:27:21.129 INFO:teuthology.orchestra.run.smithi087.stdout:/usr/bin/ceph: stdout "num_in_osds": 0,
2024-02-16T19:27:21.129 INFO:teuthology.orchestra.run.smithi087.stdout:/usr/bin/ceph: stdout "osd_in_since": 0,
2024-02-16T19:27:21.129 INFO:teuthology.orchestra.run.smithi087.stdout:/usr/bin/ceph: stdout "num_remapped_pgs": 0
2024-02-16T19:27:21.130 INFO:teuthology.orchestra.run.smithi087.stdout:/usr/bin/ceph: stdout },
2024-02-16T19:27:21.130 INFO:teuthology.orchestra.run.smithi087.stdout:/usr/bin/ceph: stdout "pgmap": {
2024-02-16T19:27:21.130 INFO:teuthology.orchestra.run.smithi087.stdout:/usr/bin/ceph: stdout "pgs_by_state": [],
2024-02-16T19:27:21.130 INFO:teuthology.orchestra.run.smithi087.stdout:/usr/bin/ceph: stdout "num_pgs": 0,
2024-02-16T19:27:21.130 INFO:teuthology.orchestra.run.smithi087.stdout:/usr/bin/ceph: stdout "num_pools": 0,
2024-02-16T19:27:21.130 INFO:teuthology.orchestra.run.smithi087.stdout:/usr/bin/ceph: stdout "num_objects": 0,
2024-02-16T19:27:21.130 INFO:teuthology.orchestra.run.smithi087.stdout:/usr/bin/ceph: stdout "data_bytes": 0,
2024-02-16T19:27:21.130 INFO:teuthology.orchestra.run.smithi087.stdout:/usr/bin/ceph: stdout "bytes_used": 0,
2024-02-16T19:27:21.130 INFO:teuthology.orchestra.run.smithi087.stdout:/usr/bin/ceph: stdout "bytes_avail": 0,
2024-02-16T19:27:21.130 INFO:teuthology.orchestra.run.smithi087.stdout:/usr/bin/ceph: stdout "bytes_total": 0
2024-02-16T19:27:21.130 INFO:teuthology.orchestra.run.smithi087.stdout:/usr/bin/ceph: stdout },
2024-02-16T19:27:21.130 INFO:teuthology.orchestra.run.smithi087.stdout:/usr/bin/ceph: stdout "fsmap": {
2024-02-16T19:27:21.130 INFO:teuthology.orchestra.run.smithi087.stdout:/usr/bin/ceph: stdout "epoch": 1,
2024-02-16T19:27:21.130 INFO:teuthology.orchestra.run.smithi087.stdout:/usr/bin/ceph: stdout "by_rank": [],
2024-02-16T19:27:21.130 INFO:teuthology.orchestra.run.smithi087.stdout:/usr/bin/ceph: stdout "up:standby": 0
2024-02-16T19:27:21.131 INFO:teuthology.orchestra.run.smithi087.stdout:/usr/bin/ceph: stdout },
2024-02-16T19:27:21.131 INFO:teuthology.orchestra.run.smithi087.stdout:/usr/bin/ceph: stdout "mgrmap": {
2024-02-16T19:27:21.131 INFO:teuthology.orchestra.run.smithi087.stdout:/usr/bin/ceph: stdout "available": true,
2024-02-16T19:27:21.131 INFO:teuthology.orchestra.run.smithi087.stdout:/usr/bin/ceph: stdout "num_standbys": 0,
2024-02-16T19:27:21.131 INFO:teuthology.orchestra.run.smithi087.stdout:/usr/bin/ceph: stdout "modules": [
2024-02-16T19:27:21.131 INFO:teuthology.orchestra.run.smithi087.stdout:/usr/bin/ceph: stdout "iostat",
2024-02-16T19:27:21.131 INFO:teuthology.orchestra.run.smithi087.stdout:/usr/bin/ceph: stdout "nfs",
2024-02-16T19:27:21.131 INFO:teuthology.orchestra.run.smithi087.stdout:/usr/bin/ceph: stdout "restful"
2024-02-16T19:27:21.131 INFO:teuthology.orchestra.run.smithi087.stdout:/usr/bin/ceph: stdout ],
2024-02-16T19:27:21.131 INFO:teuthology.orchestra.run.smithi087.stdout:/usr/bin/ceph: stdout "services": {}
2024-02-16T19:27:21.131 INFO:teuthology.orchestra.run.smithi087.stdout:/usr/bin/ceph: stdout },
2024-02-16T19:27:21.131 INFO:teuthology.orchestra.run.smithi087.stdout:/usr/bin/ceph: stdout "servicemap": {
2024-02-16T19:27:21.131 INFO:teuthology.orchestra.run.smithi087.stdout:/usr/bin/ceph: stdout "epoch": 1,
2024-02-16T19:27:21.131 INFO:teuthology.orchestra.run.smithi087.stdout:/usr/bin/ceph: stdout "modified": "2024-02-16T19:27:04.213332+0000",
2024-02-16T19:27:21.131 INFO:teuthology.orchestra.run.smithi087.stdout:/usr/bin/ceph: stdout "services": {}
2024-02-16T19:27:21.132 INFO:teuthology.orchestra.run.smithi087.stdout:/usr/bin/ceph: stdout },
2024-02-16T19:27:21.132 INFO:teuthology.orchestra.run.smithi087.stdout:/usr/bin/ceph: stdout "progress_events": {}
2024-02-16T19:27:21.132 INFO:teuthology.orchestra.run.smithi087.stdout:/usr/bin/ceph: stdout }
2024-02-16T19:27:21.132 INFO:teuthology.orchestra.run.smithi087.stdout:/usr/bin/ceph: stderr
2024-02-16T19:27:20.308+0000 7fce77a16700 1 Processor -- start
2024-02-16T19:27:21.132 INFO:teuthology.orchestra.run.smithi087.stdout:/usr/bin/ceph: stderr
2024-02-16T19:27:20.308+0000 7fce77a16700 1 -- start start
2024-02-16T19:27:21.132 INFO:teuthology.orchestra.run.smithi087.stdout:/usr/bin/ceph: stderr
2024-02-16T19:27:20.309+0000 7fce77a16700 1 --2- >> [v2:172.21.15.87:3300/0,v1:172.21.15.87:6789/0] conn(0x7fce70071440 0x7fce701077c0 unknown :-1 s=NONE pgs=0 cs=0 l=0 rev1=0 crypto rx=0 tx=0 comp rx=0 tx=0).connect
2024-02-16T19:27:21.132 INFO:teuthology.orchestra.run.smithi087.stdout:/usr/bin/ceph: stderr
2024-02-16T19:27:20.309+0000 7fce77a16700 1 -- --> [v2:172.21.15.87:3300/0,v1:172.21.15.87:6789/0] -- mon_getmap magic: 0 v1 -- 0x7fce701031b0 con 0x7fce70071440
2024-02-16T19:27:21.132 INFO:teuthology.orchestra.run.smithi087.stdout:/usr/bin/ceph: stderr
2024-02-16T19:27:20.309+0000 7fce757b2700 1 --2- >> [v2:172.21.15.87:3300/0,v1:172.21.15.87:6789/0] conn(0x7fce70071440 0x7fce701077c0 unknown :-1 s=BANNER_CONNECTING pgs=0 cs=0 l=0 rev1=0 crypto rx=0 tx=0 comp rx=0 tx=0)._handle_peer_banner_payload supported=3 required=0
2024-02-16T19:27:21.132 INFO:teuthology.orchestra.run.smithi087.stdout:/usr/bin/ceph: stderr
2024-02-16T19:27:20.309+0000 7fce757b2700 1 --2- >> [v2:172.21.15.87:3300/0,v1:172.21.15.87:6789/0] conn(0x7fce70071440 0x7fce701077c0 unknown :-1 s=HELLO_CONNECTING pgs=0 cs=0 l=0 rev1=1 crypto rx=0 tx=0 comp rx=0 tx=0).handle_hello peer v2:172.21.15.87:3300/0 says I am v2:172.21.15.87:57124/0 (socket says 172.21.15.87:57124)
2024-02-16T19:27:21.132 INFO:teuthology.orchestra.run.smithi087.stdout:/usr/bin/ceph: stderr
2024-02-16T19:27:20.309+0000 7fce757b2700 1 -- 172.21.15.87:0/1428949761 learned_addr learned my addr 172.21.15.87:0/1428949761 (peer_addr_for_me v2:172.21.15.87:0/0)
2024-02-16T19:27:21.132 INFO:teuthology.orchestra.run.smithi087.stdout:/usr/bin/ceph: stderr
2024-02-16T19:27:20.309+0000 7fce757b2700 1 -- 172.21.15.87:0/1428949761 --> [v2:172.21.15.87:3300/0,v1:172.21.15.87:6789/0] -- mon_subscribe({config=0+,monmap=0+}) v3 -- 0x7fce70107d00 con 0x7fce70071440
2024-02-16T19:27:21.132 INFO:teuthology.orchestra.run.smithi087.stdout:/usr/bin/ceph: stderr
2024-02-16T19:27:20.309+0000 7fce757b2700 1 --2- 172.21.15.87:0/1428949761 >> [v2:172.21.15.87:3300/0,v1:172.21.15.87:6789/0] conn(0x7fce70071440 0x7fce701077c0 secure :-1 s=READY pgs=18 cs=0 l=1 rev1=1 crypto rx=0x7fce6c0098e0 tx=0x7fce6c009250 comp rx=0 tx=0).ready entity=mon.0 client_cookie=751fcf02a221de9b server_cookie=0 in_seq=0 out_seq=0
2024-02-16T19:27:21.132 INFO:teuthology.orchestra.run.smithi087.stdout:/usr/bin/ceph: stderr
2024-02-16T19:27:20.309+0000 7fce67fff700 1 -- 172.21.15.87:0/1428949761 <== mon.0 v2:172.21.15.87:3300/0 1 ==== mon_map magic: 0 v1 ==== 229+0+0 (secure 0 0 0) 0x7fce6c00b860 con 0x7fce70071440
2024-02-16T19:27:21.132 INFO:teuthology.orchestra.run.smithi087.stdout:/usr/bin/ceph: stderr
2024-02-16T19:27:20.309+0000 7fce67fff700 1 -- 172.21.15.87:0/1428949761 <== mon.0 v2:172.21.15.87:3300/0 2 ==== config(27 keys) v1 ==== 1044+0+0 (secure 0 0 0) 0x7fce6c00be50 con 0x7fce70071440
2024-02-16T19:27:21.133 INFO:teuthology.orchestra.run.smithi087.stdout:/usr/bin/ceph: stderr
2024-02-16T19:27:20.309+0000 7fce67fff700 1 -- 172.21.15.87:0/1428949761 <== mon.0 v2:172.21.15.87:3300/0 3 ==== mon_map magic: 0 v1 ==== 229+0+0 (secure 0 0 0) 0x7fce6c010380 con 0x7fce70071440
2024-02-16T19:27:21.133 INFO:teuthology.orchestra.run.smithi087.stdout:/usr/bin/ceph: stderr
2024-02-16T19:27:20.310+0000 7fce77a16700 1 -- 172.21.15.87:0/1428949761 >> [v2:172.21.15.87:3300/0,v1:172.21.15.87:6789/0] conn(0x7fce70071440 msgr2=0x7fce701077c0 secure :-1 s=STATE_CONNECTION_ESTABLISHED l=1).mark_down
2024-02-16T19:27:21.133 INFO:teuthology.orchestra.run.smithi087.stdout:/usr/bin/ceph: stderr
2024-02-16T19:27:20.310+0000 7fce77a16700 1 --2- 172.21.15.87:0/1428949761 >> [v2:172.21.15.87:3300/0,v1:172.21.15.87:6789/0] conn(0x7fce70071440 0x7fce701077c0 secure :-1 s=READY pgs=18 cs=0 l=1 rev1=1 crypto rx=0x7fce6c0098e0 tx=0x7fce6c009250 comp rx=0 tx=0).stop
2024-02-16T19:27:21.133 INFO:teuthology.orchestra.run.smithi087.stdout:/usr/bin/ceph: stderr
2024-02-16T19:27:20.310+0000 7fce77a16700 1 -- 172.21.15.87:0/1428949761 shutdown_connections
2024-02-16T19:27:21.133 INFO:teuthology.orchestra.run.smithi087.stdout:/usr/bin/ceph: stderr
2024-02-16T19:27:20.310+0000 7fce77a16700 1 --2- 172.21.15.87:0/1428949761 >> [v2:172.21.15.87:3300/0,v1:172.21.15.87:6789/0] conn(0x7fce70071440 0x7fce701077c0 unknown :-1 s=CLOSED pgs=18 cs=0 l=1 rev1=1 crypto rx=0 tx=0 comp rx=0 tx=0).stop
2024-02-16T19:27:21.133 INFO:teuthology.orchestra.run.smithi087.stdout:/usr/bin/ceph: stderr
2024-02-16T19:27:20.310+0000 7fce77a16700 1 -- 172.21.15.87:0/1428949761 >> 172.21.15.87:0/1428949761 conn(0x7fce700fcdd0 msgr2=0x7fce700ff200 unknown :-1 s=STATE_NONE l=0).mark_down
2024-02-16T19:27:21.133 INFO:teuthology.orchestra.run.smithi087.stdout:/usr/bin/ceph: stderr
2024-02-16T19:27:20.310+0000 7fce77a16700 1 -- 172.21.15.87:0/1428949761 shutdown_connections
2024-02-16T19:27:21.133 INFO:teuthology.orchestra.run.smithi087.stdout:/usr/bin/ceph: stderr
2024-02-16T19:27:20.310+0000 7fce77a16700 1 -- 172.21.15.87:0/1428949761 wait complete.
2024-02-16T19:27:21.133 INFO:teuthology.orchestra.run.smithi087.stdout:/usr/bin/ceph: stderr
2024-02-16T19:27:20.311+0000 7fce77a16700 1 Processor -- start
2024-02-16T19:27:21.133 INFO:teuthology.orchestra.run.smithi087.stdout:/usr/bin/ceph: stderr
2024-02-16T19:27:20.311+0000 7fce77a16700 1 -- start start
2024-02-16T19:27:21.133 INFO:teuthology.orchestra.run.smithi087.stdout:/usr/bin/ceph: stderr
2024-02-16T19:27:20.311+0000 7fce77a16700 1 --2- >> [v2:172.21.15.87:3300/0,v1:172.21.15.87:6789/0] conn(0x7fce70071440 0x7fce70113760 unknown :-1 s=NONE pgs=0 cs=0 l=1 rev1=0 crypto rx=0 tx=0 comp rx=0 tx=0).connect
2024-02-16T19:27:21.133 INFO:teuthology.orchestra.run.smithi087.stdout:/usr/bin/ceph: stderr
2024-02-16T19:27:20.311+0000 7fce77a16700 1 -- --> [v2:172.21.15.87:3300/0,v1:172.21.15.87:6789/0] -- mon_getmap magic: 0 v1 -- 0x7fce70113ca0 con 0x7fce70071440
2024-02-16T19:27:21.133 INFO:teuthology.orchestra.run.smithi087.stdout:/usr/bin/ceph: stderr
2024-02-16T19:27:20.311+0000 7fce757b2700 1 --2- >> [v2:172.21.15.87:3300/0,v1:172.21.15.87:6789/0] conn(0x7fce70071440 0x7fce70113760 unknown :-1 s=BANNER_CONNECTING pgs=0 cs=0 l=1 rev1=0 crypto rx=0 tx=0 comp rx=0 tx=0)._handle_peer_banner_payload supported=3 required=0
2024-02-16T19:27:21.133 INFO:teuthology.orchestra.run.smithi087.stdout:/usr/bin/ceph: stderr
2024-02-16T19:27:20.311+0000 7fce757b2700 1 --2- >> [v2:172.21.15.87:3300/0,v1:172.21.15.87:6789/0] conn(0x7fce70071440 0x7fce70113760 unknown :-1 s=HELLO_CONNECTING pgs=0 cs=0 l=1 rev1=1 crypto rx=0 tx=0 comp rx=0 tx=0).handle_hello peer v2:172.21.15.87:3300/0 says I am v2:172.21.15.87:57136/0 (socket says 172.21.15.87:57136)
2024-02-16T19:27:21.133 INFO:teuthology.orchestra.run.smithi087.stdout:/usr/bin/ceph: stderr
2024-02-16T19:27:20.311+0000 7fce757b2700 1 -- 172.21.15.87:0/2206085892 learned_addr learned my addr 172.21.15.87:0/2206085892 (peer_addr_for_me v2:172.21.15.87:0/0)
2024-02-16T19:27:21.134 INFO:teuthology.orchestra.run.smithi087.stdout:/usr/bin/ceph: stderr
2024-02-16T19:27:20.311+0000 7fce757b2700 1 -- 172.21.15.87:0/2206085892 --> [v2:172.21.15.87:3300/0,v1:172.21.15.87:6789/0] -- mon_subscribe({config=0+,monmap=0+}) v3 -- 0x7fce6c0094f0 con 0x7fce70071440
2024-02-16T19:27:21.134 INFO:teuthology.orchestra.run.smithi087.stdout:/usr/bin/ceph: stderr
2024-02-16T19:27:20.311+0000 7fce757b2700 1 --2- 172.21.15.87:0/2206085892 >> [v2:172.21.15.87:3300/0,v1:172.21.15.87:6789/0] conn(0x7fce70071440 0x7fce70113760 secure :-1 s=READY pgs=19 cs=0 l=1 rev1=1 crypto rx=0x7fce6c006b00 tx=0x7fce6c009250 comp rx=0 tx=0).ready entity=mon.0 client_cookie=0 server_cookie=0 in_seq=0 out_seq=0
2024-02-16T19:27:21.134 INFO:teuthology.orchestra.run.smithi087.stdout:/usr/bin/ceph: stderr
2024-02-16T19:27:20.311+0000 7fce65ffb700 1 -- 172.21.15.87:0/2206085892 <== mon.0 v2:172.21.15.87:3300/0 1 ==== mon_map magic: 0 v1 ==== 229+0+0 (secure 0 0 0) 0x7fce6c0107c0 con 0x7fce70071440
2024-02-16T19:27:21.134 INFO:teuthology.orchestra.run.smithi087.stdout:/usr/bin/ceph: stderr
2024-02-16T19:27:20.311+0000 7fce77a16700 1 -- 172.21.15.87:0/2206085892 --> [v2:172.21.15.87:3300/0,v1:172.21.15.87:6789/0] -- mon_subscribe({mgrmap=0+}) v3 -- 0x7fce70113ea0 con 0x7fce70071440
2024-02-16T19:27:21.134 INFO:teuthology.orchestra.run.smithi087.stdout:/usr/bin/ceph: stderr
2024-02-16T19:27:20.312+0000 7fce65ffb700 1 -- 172.21.15.87:0/2206085892 <== mon.0 v2:172.21.15.87:3300/0 2 ==== config(27 keys) v1 ==== 1044+0+0 (secure 0 0 0) 0x7fce6c010db0 con 0x7fce70071440
2024-02-16T19:27:21.134 INFO:teuthology.orchestra.run.smithi087.stdout:/usr/bin/ceph: stderr
2024-02-16T19:27:20.312+0000 7fce65ffb700 1 -- 172.21.15.87:0/2206085892 <== mon.0 v2:172.21.15.87:3300/0 3 ==== mon_map magic: 0 v1 ==== 229+0+0 (secure 0 0 0) 0x7fce6c01acf0 con 0x7fce70071440
2024-02-16T19:27:21.134 INFO:teuthology.orchestra.run.smithi087.stdout:/usr/bin/ceph: stderr
2024-02-16T19:27:20.312+0000 7fce77a16700 1 -- 172.21.15.87:0/2206085892 --> [v2:172.21.15.87:3300/0,v1:172.21.15.87:6789/0] -- mon_subscribe({osdmap=0}) v3 -- 0x7fce70114b40 con 0x7fce70071440
2024-02-16T19:27:21.134 INFO:teuthology.orchestra.run.smithi087.stdout:/usr/bin/ceph: stderr
2024-02-16T19:27:20.312+0000 7fce65ffb700 1 -- 172.21.15.87:0/2206085892 <== mon.0 v2:172.21.15.87:3300/0 4 ==== mgrmap(e 4) v1 ==== 43357+0+0 (secure 0 0 0) 0x7fce6c0193c0 con 0x7fce70071440
2024-02-16T19:27:21.134 INFO:teuthology.orchestra.run.smithi087.stdout:/usr/bin/ceph: stderr
2024-02-16T19:27:20.313+0000 7fce65ffb700 1 --2- 172.21.15.87:0/2206085892 >> [v2:172.21.15.87:6800/1779870185,v1:172.21.15.87:6801/1779870185] conn(0x7fce5c036790 0x7fce5c038c40 unknown :-1 s=NONE pgs=0 cs=0 l=1 rev1=0 crypto rx=0 tx=0 comp rx=0 tx=0).connect
2024-02-16T19:27:21.134 INFO:teuthology.orchestra.run.smithi087.stdout:/usr/bin/ceph: stderr
2024-02-16T19:27:20.313+0000 7fce65ffb700 1 -- 172.21.15.87:0/2206085892 <== mon.0 v2:172.21.15.87:3300/0 5 ==== osd_map(1..1 src has 1..1) v4 ==== 721+0+0 (secure 0 0 0) 0x7fce6c04a6f0 con 0x7fce70071440
2024-02-16T19:27:21.134 INFO:teuthology.orchestra.run.smithi087.stdout:/usr/bin/ceph: stderr
2024-02-16T19:27:20.313+0000 7fce74fb1700 1 --2- 172.21.15.87:0/2206085892 >> [v2:172.21.15.87:6800/1779870185,v1:172.21.15.87:6801/1779870185] conn(0x7fce5c036790 0x7fce5c038c40 unknown :-1 s=BANNER_CONNECTING pgs=0 cs=0 l=1 rev1=0 crypto rx=0 tx=0 comp rx=0 tx=0)._handle_peer_banner_payload supported=3 required=0
2024-02-16T19:27:21.134 INFO:teuthology.orchestra.run.smithi087.stdout:/usr/bin/ceph: stderr
2024-02-16T19:27:20.313+0000 7fce77a16700 1 -- 172.21.15.87:0/2206085892 --> [v2:172.21.15.87:3300/0,v1:172.21.15.87:6789/0] -- mon_command({"prefix": "get_command_descriptions"} v 0) v1 -- 0x7fce70114330 con 0x7fce70071440
2024-02-16T19:27:21.134 INFO:teuthology.orchestra.run.smithi087.stdout:/usr/bin/ceph: stderr
2024-02-16T19:27:20.313+0000 7fce74fb1700 1 --2- 172.21.15.87:0/2206085892 >> [v2:172.21.15.87:6800/1779870185,v1:172.21.15.87:6801/1779870185] conn(0x7fce5c036790 0x7fce5c038c40 secure :-1 s=READY pgs=6 cs=0 l=1 rev1=1 crypto rx=0x7fce60009990 tx=0x7fce60006e40 comp rx=0 tx=0).ready entity=mgr.14100 client_cookie=0 server_cookie=0 in_seq=0 out_seq=0
2024-02-16T19:27:21.134 INFO:teuthology.orchestra.run.smithi087.stdout:/usr/bin/ceph: stderr
2024-02-16T19:27:20.318+0000 7fce65ffb700 1 -- 172.21.15.87:0/2206085892 <== mon.0 v2:172.21.15.87:3300/0 6 ==== mon_command_ack([{"prefix": "get_command_descriptions"}]=0 v0) v1 ==== 72+0+175031 (secure 0 0 0) 0x7fce6c022930 con 0x7fce70071440
2024-02-16T19:27:21.135 INFO:teuthology.orchestra.run.smithi087.stdout:/usr/bin/ceph: stderr
2024-02-16T19:27:20.573+0000 7fce77a16700 1 -- 172.21.15.87:0/2206085892 --> [v2:172.21.15.87:3300/0,v1:172.21.15.87:6789/0] -- mon_command({"prefix": "status", "format": "json-pretty"} v 0) v1 -- 0x7fce70114d80 con 0x7fce70071440
2024-02-16T19:27:21.135 INFO:teuthology.orchestra.run.smithi087.stdout:/usr/bin/ceph: stderr
2024-02-16T19:27:20.574+0000 7fce65ffb700 1 -- 172.21.15.87:0/2206085892 <== mon.0 v2:172.21.15.87:3300/0 7 ==== mon_command_ack([{"prefix": "status", "format": "json-pretty"}]=0 v0) v1 ==== 79+0+1248 (secure 0 0 0) 0x7fce6c031020 con 0x7fce70071440
2024-02-16T19:27:21.135 INFO:teuthology.orchestra.run.smithi087.stdout:/usr/bin/ceph: stderr
2024-02-16T19:27:20.576+0000 7fce77a16700 1 -- 172.21.15.87:0/2206085892 >> [v2:172.21.15.87:6800/1779870185,v1:172.21.15.87:6801/1779870185] conn(0x7fce5c036790 msgr2=0x7fce5c038c40 secure :-1 s=STATE_CONNECTION_ESTABLISHED l=1).mark_down
2024-02-16T19:27:21.135 INFO:teuthology.orchestra.run.smithi087.stdout:/usr/bin/ceph: stderr
2024-02-16T19:27:20.576+0000 7fce77a16700 1 --2- 172.21.15.87:0/2206085892 >> [v2:172.21.15.87:6800/1779870185,v1:172.21.15.87:6801/1779870185] conn(0x7fce5c036790 0x7fce5c038c40 secure :-1 s=READY pgs=6 cs=0 l=1 rev1=1 crypto rx=0x7fce60009990 tx=0x7fce60006e40 comp rx=0 tx=0).stop
2024-02-16T19:27:21.135 INFO:teuthology.orchestra.run.smithi087.stdout:/usr/bin/ceph: stderr
2024-02-16T19:27:20.576+0000 7fce77a16700 1 -- 172.21.15.87:0/2206085892 >> [v2:172.21.15.87:3300/0,v1:172.21.15.87:6789/0] conn(0x7fce70071440 msgr2=0x7fce70113760 secure :-1 s=STATE_CONNECTION_ESTABLISHED l=1).mark_down
2024-02-16T19:27:21.135 INFO:teuthology.orchestra.run.smithi087.stdout:/usr/bin/ceph: stderr
2024-02-16T19:27:20.576+0000 7fce77a16700 1 --2- 172.21.15.87:0/2206085892 >> [v2:172.21.15.87:3300/0,v1:172.21.15.87:6789/0] conn(0x7fce70071440 0x7fce70113760 secure :-1 s=READY pgs=19 cs=0 l=1 rev1=1 crypto rx=0x7fce6c006b00 tx=0x7fce6c009250 comp rx=0 tx=0).stop
2024-02-16T19:27:21.135 INFO:teuthology.orchestra.run.smithi087.stdout:/usr/bin/ceph: stderr
2024-02-16T19:27:20.576+0000 7fce77a16700 1 -- 172.21.15.87:0/2206085892 shutdown_connections
2024-02-16T19:27:21.135 INFO:teuthology.orchestra.run.smithi087.stdout:/usr/bin/ceph: stderr
2024-02-16T19:27:20.576+0000 7fce77a16700 1 --2- 172.21.15.87:0/2206085892 >> [v2:172.21.15.87:6800/1779870185,v1:172.21.15.87:6801/1779870185] conn(0x7fce5c036790 0x7fce5c038c40 unknown :-1 s=CLOSED pgs=6 cs=0 l=1 rev1=1 crypto rx=0 tx=0 comp rx=0 tx=0).stop
2024-02-16T19:27:21.135 INFO:teuthology.orchestra.run.smithi087.stdout:/usr/bin/ceph: stderr
2024-02-16T19:27:20.576+0000 7fce77a16700 1 --2- 172.21.15.87:0/2206085892 >> [v2:172.21.15.87:3300/0,v1:172.21.15.87:6789/0] conn(0x7fce70071440 0x7fce70113760 unknown :-1 s=CLOSED pgs=19 cs=0 l=1 rev1=1 crypto rx=0 tx=0 comp rx=0 tx=0).stop
2024-02-16T19:27:21.135 INFO:teuthology.orchestra.run.smithi087.stdout:/usr/bin/ceph: stderr
2024-02-16T19:27:20.576+0000 7fce77a16700 1 -- 172.21.15.87:0/2206085892 >> 172.21.15.87:0/2206085892 conn(0x7fce700fcdd0 msgr2=0x7fce700fe4a0 unknown :-1 s=STATE_NONE l=0).mark_down
2024-02-16T19:27:21.135 INFO:teuthology.orchestra.run.smithi087.stdout:/usr/bin/ceph: stderr
2024-02-16T19:27:20.576+0000 7fce77a16700 1 -- 172.21.15.87:0/2206085892 shutdown_connections
2024-02-16T19:27:21.135 INFO:teuthology.orchestra.run.smithi087.stdout:/usr/bin/ceph: stderr
2024-02-16T19:27:20.576+0000 7fce77a16700 1 -- 172.21.15.87:0/2206085892 wait complete.
2024-02-16T19:27:21.135 INFO:teuthology.orchestra.run.smithi087.stdout:mgr is available
2024-02-16T19:27:24.027 INFO:journalctl@ceph.mon.smithi087.smithi087.stdout:Feb 16 19:27:23 smithi087 ceph-mon[29135]: from='client.? 172.21.15.87:0/1442238168' entity='client.admin' cmd=[{"prefix": "config assimilate-conf"}]: dispatch
2024-02-16T19:27:30.241 INFO:teuthology.orchestra.run.smithi087.stdout:/usr/bin/ceph: stdout
2024-02-16T19:27:30.241 INFO:teuthology.orchestra.run.smithi087.stdout:/usr/bin/ceph: stdout [global]
2024-02-16T19:27:30.241 INFO:teuthology.orchestra.run.smithi087.stdout:/usr/bin/ceph: stdout fsid = 44649cd8-cd01-11ee-95ba-87774f69a715
2024-02-16T19:27:30.241 INFO:teuthology.orchestra.run.smithi087.stdout:/usr/bin/ceph: stdout mon_osd_allow_pg_remap = true
2024-02-16T19:27:30.241 INFO:teuthology.orchestra.run.smithi087.stdout:/usr/bin/ceph: stdout mon_osd_allow_primary_affinity = true
2024-02-16T19:27:30.241 INFO:teuthology.orchestra.run.smithi087.stdout:/usr/bin/ceph: stdout mon_warn_on_no_sortbitwise = false
2024-02-16T19:27:30.241 INFO:teuthology.orchestra.run.smithi087.stdout:/usr/bin/ceph: stdout osd_crush_chooseleaf_type = 0
2024-02-16T19:27:30.241 INFO:teuthology.orchestra.run.smithi087.stdout:/usr/bin/ceph: stdout
2024-02-16T19:27:30.241 INFO:teuthology.orchestra.run.smithi087.stdout:/usr/bin/ceph: stdout [mgr]
2024-02-16T19:27:30.241 INFO:teuthology.orchestra.run.smithi087.stdout:/usr/bin/ceph: stdout mgr/telemetry/nag = false
2024-02-16T19:27:30.242 INFO:teuthology.orchestra.run.smithi087.stdout:/usr/bin/ceph: stdout
2024-02-16T19:27:30.242 INFO:teuthology.orchestra.run.smithi087.stdout:/usr/bin/ceph: stdout [osd]
2024-02-16T19:27:30.242 INFO:teuthology.orchestra.run.smithi087.stdout:/usr/bin/ceph: stdout mon_osd_backfillfull_ratio = 0.85
2024-02-16T19:27:30.242 INFO:teuthology.orchestra.run.smithi087.stdout:/usr/bin/ceph: stdout mon_osd_full_ratio = 0.9
2024-02-16T19:27:30.242 INFO:teuthology.orchestra.run.smithi087.stdout:/usr/bin/ceph: stdout mon_osd_nearfull_ratio = 0.8
2024-02-16T19:27:30.242 INFO:teuthology.orchestra.run.smithi087.stdout:/usr/bin/ceph: stdout osd_map_max_advance = 10
2024-02-16T19:27:30.242 INFO:teuthology.orchestra.run.smithi087.stdout:/usr/bin/ceph: stdout osd_sloppy_crc = true
2024-02-16T19:27:30.242 INFO:teuthology.orchestra.run.smithi087.stdout:/usr/bin/ceph: stderr
2024-02-16T19:27:23.415+0000 7f8809090700 1 Processor -- start
2024-02-16T19:27:30.242 INFO:teuthology.orchestra.run.smithi087.stdout:/usr/bin/ceph: stderr
2024-02-16T19:27:23.415+0000 7f8809090700 1 -- start start
2024-02-16T19:27:30.242 INFO:teuthology.orchestra.run.smithi087.stdout:/usr/bin/ceph: stderr
2024-02-16T19:27:23.415+0000 7f8809090700 1 --2- >> [v2:172.21.15.87:3300/0,v1:172.21.15.87:6789/0] conn(0x7f88040713e0 0x7f8804105420 unknown :-1 s=NONE pgs=0 cs=0 l=0 rev1=0 crypto rx=0 tx=0 comp rx=0 tx=0).connect
2024-02-16T19:27:30.242 INFO:teuthology.orchestra.run.smithi087.stdout:/usr/bin/ceph: stderr
2024-02-16T19:27:23.415+0000 7f8809090700 1 -- --> [v2:172.21.15.87:3300/0,v1:172.21.15.87:6789/0] -- mon_getmap magic: 0 v1 -- 0x7f8804105960 con 0x7f88040713e0
2024-02-16T19:27:30.242 INFO:teuthology.orchestra.run.smithi087.stdout:/usr/bin/ceph: stderr
2024-02-16T19:27:23.416+0000 7f8802d9d700 1 --2- >> [v2:172.21.15.87:3300/0,v1:172.21.15.87:6789/0] conn(0x7f88040713e0 0x7f8804105420 unknown :-1 s=BANNER_CONNECTING pgs=0 cs=0 l=0 rev1=0 crypto rx=0 tx=0 comp rx=0 tx=0)._handle_peer_banner_payload supported=3 required=0
2024-02-16T19:27:30.242 INFO:teuthology.orchestra.run.smithi087.stdout:/usr/bin/ceph: stderr
2024-02-16T19:27:23.416+0000 7f8802d9d700 1 --2- >> [v2:172.21.15.87:3300/0,v1:172.21.15.87:6789/0] conn(0x7f88040713e0 0x7f8804105420 unknown :-1 s=HELLO_CONNECTING pgs=0 cs=0 l=0 rev1=1 crypto rx=0 tx=0 comp rx=0 tx=0).handle_hello peer v2:172.21.15.87:3300/0 says I am v2:172.21.15.87:53858/0 (socket says 172.21.15.87:53858)
2024-02-16T19:27:30.243 INFO:teuthology.orchestra.run.smithi087.stdout:/usr/bin/ceph: stderr
2024-02-16T19:27:23.416+0000 7f8802d9d700 1 -- 172.21.15.87:0/886954281 learned_addr learned my addr 172.21.15.87:0/886954281 (peer_addr_for_me v2:172.21.15.87:0/0)
2024-02-16T19:27:30.243 INFO:teuthology.orchestra.run.smithi087.stdout:/usr/bin/ceph: stderr
2024-02-16T19:27:23.416+0000 7f8802d9d700 1 -- 172.21.15.87:0/886954281 --> [v2:172.21.15.87:3300/0,v1:172.21.15.87:6789/0] -- mon_subscribe({config=0+,monmap=0+}) v3 -- 0x7f8804105aa0 con 0x7f88040713e0
2024-02-16T19:27:30.243 INFO:teuthology.orchestra.run.smithi087.stdout:/usr/bin/ceph: stderr
2024-02-16T19:27:23.416+0000 7f8802d9d700 1 --2- 172.21.15.87:0/886954281 >> [v2:172.21.15.87:3300/0,v1:172.21.15.87:6789/0] conn(0x7f88040713e0 0x7f8804105420 secure :-1 s=READY pgs=20 cs=0 l=1 rev1=1 crypto rx=0x7f87f40098e0 tx=0x7f87f4009250 comp rx=0 tx=0).ready entity=mon.0 client_cookie=f374a5ab1081eeb server_cookie=0 in_seq=0 out_seq=0
2024-02-16T19:27:30.243 INFO:teuthology.orchestra.run.smithi087.stdout:/usr/bin/ceph: stderr
2024-02-16T19:27:23.416+0000 7f8801d9b700 1 -- 172.21.15.87:0/886954281 <== mon.0 v2:172.21.15.87:3300/0 1 ==== mon_map magic: 0 v1 ==== 229+0+0 (secure 0 0 0) 0x7f87f400b860 con 0x7f88040713e0
2024-02-16T19:27:30.243 INFO:teuthology.orchestra.run.smithi087.stdout:/usr/bin/ceph: stderr
2024-02-16T19:27:23.416+0000 7f8801d9b700 1 -- 172.21.15.87:0/886954281 <== mon.0 v2:172.21.15.87:3300/0 2 ==== config(27 keys) v1 ==== 1044+0+0 (secure 0 0 0) 0x7f87f400be50 con 0x7f88040713e0
2024-02-16T19:27:30.243 INFO:teuthology.orchestra.run.smithi087.stdout:/usr/bin/ceph: stderr
2024-02-16T19:27:23.416+0000 7f8801d9b700 1 -- 172.21.15.87:0/886954281 <== mon.0 v2:172.21.15.87:3300/0 3 ==== mon_map magic: 0 v1 ==== 229+0+0 (secure 0 0 0) 0x7f87f4010380 con 0x7f88040713e0
2024-02-16T19:27:30.243 INFO:teuthology.orchestra.run.smithi087.stdout:/usr/bin/ceph: stderr
2024-02-16T19:27:23.417+0000 7f8809090700 1 -- 172.21.15.87:0/886954281 >> [v2:172.21.15.87:3300/0,v1:172.21.15.87:6789/0] conn(0x7f88040713e0 msgr2=0x7f8804105420 secure :-1 s=STATE_CONNECTION_ESTABLISHED l=1).mark_down
2024-02-16T19:27:30.243 INFO:teuthology.orchestra.run.smithi087.stdout:/usr/bin/ceph: stderr
2024-02-16T19:27:23.417+0000 7f8809090700 1 --2- 172.21.15.87:0/886954281 >> [v2:172.21.15.87:3300/0,v1:172.21.15.87:6789/0] conn(0x7f88040713e0 0x7f8804105420 secure :-1 s=READY pgs=20 cs=0 l=1 rev1=1 crypto rx=0x7f87f40098e0 tx=0x7f87f4009250 comp rx=0 tx=0).stop
2024-02-16T19:27:30.243 INFO:teuthology.orchestra.run.smithi087.stdout:/usr/bin/ceph: stderr
2024-02-16T19:27:23.417+0000 7f8809090700 1 -- 172.21.15.87:0/886954281 shutdown_connections
2024-02-16T19:27:30.243 INFO:teuthology.orchestra.run.smithi087.stdout:/usr/bin/ceph: stderr
2024-02-16T19:27:23.417+0000 7f8809090700 1 --2- 172.21.15.87:0/886954281 >> [v2:172.21.15.87:3300/0,v1:172.21.15.87:6789/0] conn(0x7f88040713e0 0x7f8804105420 unknown :-1 s=CLOSED pgs=20 cs=0 l=1 rev1=1 crypto rx=0 tx=0 comp rx=0 tx=0).stop
2024-02-16T19:27:30.243 INFO:teuthology.orchestra.run.smithi087.stdout:/usr/bin/ceph: stderr
2024-02-16T19:27:23.417+0000 7f8809090700 1 -- 172.21.15.87:0/886954281 >> 172.21.15.87:0/886954281 conn(0x7f88040fcdd0 msgr2=0x7f88040ff200 unknown :-1 s=STATE_NONE l=0).mark_down
2024-02-16T19:27:30.244 INFO:teuthology.orchestra.run.smithi087.stdout:/usr/bin/ceph: stderr
2024-02-16T19:27:23.417+0000 7f8809090700 1 -- 172.21.15.87:0/886954281 shutdown_connections
2024-02-16T19:27:30.244 INFO:teuthology.orchestra.run.smithi087.stdout:/usr/bin/ceph: stderr
2024-02-16T19:27:23.417+0000 7f8809090700 1 -- 172.21.15.87:0/886954281 wait complete.
2024-02-16T19:27:30.244 INFO:teuthology.orchestra.run.smithi087.stdout:/usr/bin/ceph: stderr
2024-02-16T19:27:23.417+0000 7f8809090700 1 Processor -- start
2024-02-16T19:27:30.244 INFO:teuthology.orchestra.run.smithi087.stdout:/usr/bin/ceph: stderr
2024-02-16T19:27:23.417+0000 7f8809090700 1 -- start start
2024-02-16T19:27:30.244 INFO:teuthology.orchestra.run.smithi087.stdout:/usr/bin/ceph: stderr
2024-02-16T19:27:23.417+0000 7f8809090700 1 --2- >> [v2:172.21.15.87:3300/0,v1:172.21.15.87:6789/0] conn(0x7f88040713e0 0x7f88041115a0 unknown :-1 s=NONE pgs=0 cs=0 l=1 rev1=0 crypto rx=0 tx=0 comp rx=0 tx=0).connect
2024-02-16T19:27:30.244 INFO:teuthology.orchestra.run.smithi087.stdout:/usr/bin/ceph: stderr
2024-02-16T19:27:23.417+0000 7f8809090700 1 -- --> [v2:172.21.15.87:3300/0,v1:172.21.15.87:6789/0] -- mon_getmap magic: 0 v1 -- 0x7f8804111ae0 con 0x7f88040713e0
2024-02-16T19:27:30.244 INFO:teuthology.orchestra.run.smithi087.stdout:/usr/bin/ceph: stderr
2024-02-16T19:27:23.418+0000 7f8802d9d700 1 --2- >> [v2:172.21.15.87:3300/0,v1:172.21.15.87:6789/0] conn(0x7f88040713e0 0x7f88041115a0 unknown :-1 s=BANNER_CONNECTING pgs=0 cs=0 l=1 rev1=0 crypto rx=0 tx=0 comp rx=0 tx=0)._handle_peer_banner_payload supported=3 required=0
2024-02-16T19:27:30.244 INFO:teuthology.orchestra.run.smithi087.stdout:/usr/bin/ceph: stderr
2024-02-16T19:27:23.418+0000 7f8802d9d700 1 --2- >> [v2:172.21.15.87:3300/0,v1:172.21.15.87:6789/0] conn(0x7f88040713e0 0x7f88041115a0 unknown :-1 s=HELLO_CONNECTING pgs=0 cs=0 l=1 rev1=1 crypto rx=0 tx=0 comp rx=0 tx=0).handle_hello peer v2:172.21.15.87:3300/0 says I am v2:172.21.15.87:53866/0 (socket says 172.21.15.87:53866)
2024-02-16T19:27:30.244 INFO:teuthology.orchestra.run.smithi087.stdout:/usr/bin/ceph: stderr
2024-02-16T19:27:23.418+0000 7f8802d9d700 1 -- 172.21.15.87:0/1442238168 learned_addr learned my addr 172.21.15.87:0/1442238168 (peer_addr_for_me v2:172.21.15.87:0/0)
2024-02-16T19:27:30.244 INFO:teuthology.orchestra.run.smithi087.stdout:/usr/bin/ceph: stderr
2024-02-16T19:27:23.418+0000 7f8802d9d700 1 -- 172.21.15.87:0/1442238168 --> [v2:172.21.15.87:3300/0,v1:172.21.15.87:6789/0] -- mon_subscribe({config=0+,monmap=0+}) v3 -- 0x7f87f40094f0 con 0x7f88040713e0
2024-02-16T19:27:30.244 INFO:teuthology.orchestra.run.smithi087.stdout:/usr/bin/ceph: stderr
2024-02-16T19:27:23.418+0000 7f8802d9d700 1 --2- 172.21.15.87:0/1442238168 >> [v2:172.21.15.87:3300/0,v1:172.21.15.87:6789/0] conn(0x7f88040713e0 0x7f88041115a0 secure :-1 s=READY pgs=21 cs=0 l=1 rev1=1 crypto rx=0x7f87f4003050 tx=0x7f87f4009250 comp rx=0 tx=0).ready entity=mon.0 client_cookie=0 server_cookie=0 in_seq=0 out_seq=0
2024-02-16T19:27:30.244 INFO:teuthology.orchestra.run.smithi087.stdout:/usr/bin/ceph: stderr
2024-02-16T19:27:23.418+0000 7f87eb7fe700 1 -- 172.21.15.87:0/1442238168 <== mon.0 v2:172.21.15.87:3300/0 1 ==== mon_map magic: 0 v1 ==== 229+0+0 (secure 0 0 0) 0x7f87f4010760 con 0x7f88040713e0
2024-02-16T19:27:30.245 INFO:teuthology.orchestra.run.smithi087.stdout:/usr/bin/ceph: stderr
2024-02-16T19:27:23.418+0000 7f87eb7fe700 1 -- 172.21.15.87:0/1442238168 <== mon.0 v2:172.21.15.87:3300/0 2 ==== config(27 keys) v1 ==== 1044+0+0 (secure 0 0 0) 0x7f87f4010d50 con 0x7f88040713e0
2024-02-16T19:27:30.245 INFO:teuthology.orchestra.run.smithi087.stdout:/usr/bin/ceph: stderr
2024-02-16T19:27:23.418+0000 7f8809090700 1 -- 172.21.15.87:0/1442238168 --> [v2:172.21.15.87:3300/0,v1:172.21.15.87:6789/0] -- mon_subscribe({mgrmap=0+}) v3 -- 0x7f8804111ce0 con 0x7f88040713e0
2024-02-16T19:27:30.245 INFO:teuthology.orchestra.run.smithi087.stdout:/usr/bin/ceph: stderr
2024-02-16T19:27:23.418+0000 7f87eb7fe700 1 -- 172.21.15.87:0/1442238168 <== mon.0 v2:172.21.15.87:3300/0 3 ==== mon_map magic: 0 v1 ==== 229+0+0 (secure 0 0 0) 0x7f87f401ae20 con 0x7f88040713e0
2024-02-16T19:27:30.245 INFO:teuthology.orchestra.run.smithi087.stdout:/usr/bin/ceph: stderr
2024-02-16T19:27:23.418+0000 7f8809090700 1 -- 172.21.15.87:0/1442238168 --> [v2:172.21.15.87:3300/0,v1:172.21.15.87:6789/0] -- mon_subscribe({osdmap=0}) v3 -- 0x7f8804112980 con 0x7f88040713e0
2024-02-16T19:27:30.245 INFO:teuthology.orchestra.run.smithi087.stdout:/usr/bin/ceph: stderr
2024-02-16T19:27:23.419+0000 7f87eb7fe700 1 -- 172.21.15.87:0/1442238168 <== mon.0 v2:172.21.15.87:3300/0 4 ==== mgrmap(e 4) v1 ==== 43357+0+0 (secure 0 0 0) 0x7f87f402e440 con 0x7f88040713e0
2024-02-16T19:27:30.245 INFO:teuthology.orchestra.run.smithi087.stdout:/usr/bin/ceph: stderr
2024-02-16T19:27:23.419+0000 7f87eb7fe700 1 --2- 172.21.15.87:0/1442238168 >> [v2:172.21.15.87:6800/1779870185,v1:172.21.15.87:6801/1779870185] conn(0x7f87ec036720 0x7f87ec038bd0 unknown :-1 s=NONE pgs=0 cs=0 l=1 rev1=0 crypto rx=0 tx=0 comp rx=0 tx=0).connect
2024-02-16T19:27:30.245 INFO:teuthology.orchestra.run.smithi087.stdout:/usr/bin/ceph: stderr
2024-02-16T19:27:23.419+0000 7f87eb7fe700 1 -- 172.21.15.87:0/1442238168 <== mon.0 v2:172.21.15.87:3300/0 5 ==== osd_map(1..1 src has 1..1) v4 ==== 721+0+0 (secure 0 0 0) 0x7f87f404a4b0 con 0x7f88040713e0
2024-02-16T19:27:30.245 INFO:teuthology.orchestra.run.smithi087.stdout:/usr/bin/ceph: stderr
2024-02-16T19:27:23.419+0000 7f880259c700 1 --2- 172.21.15.87:0/1442238168 >> [v2:172.21.15.87:6800/1779870185,v1:172.21.15.87:6801/1779870185] conn(0x7f87ec036720 0x7f87ec038bd0 unknown :-1 s=BANNER_CONNECTING pgs=0 cs=0 l=1 rev1=0 crypto rx=0 tx=0 comp rx=0 tx=0)._handle_peer_banner_payload supported=3 required=0
2024-02-16T19:27:30.245 INFO:teuthology.orchestra.run.smithi087.stdout:/usr/bin/ceph: stderr
2024-02-16T19:27:23.419+0000 7f8809090700 1 -- 172.21.15.87:0/1442238168 --> [v2:172.21.15.87:3300/0,v1:172.21.15.87:6789/0] -- mon_command({"prefix": "get_command_descriptions"} v 0) v1 -- 0x7f880405f5c0 con 0x7f88040713e0
2024-02-16T19:27:30.245 INFO:teuthology.orchestra.run.smithi087.stdout:/usr/bin/ceph: stderr
2024-02-16T19:27:23.420+0000 7f880259c700 1 --2- 172.21.15.87:0/1442238168 >> [v2:172.21.15.87:6800/1779870185,v1:172.21.15.87:6801/1779870185] conn(0x7f87ec036720 0x7f87ec038bd0 secure :-1 s=READY pgs=7 cs=0 l=1 rev1=1 crypto rx=0x7f87f8009990 tx=0x7f87f8006e40 comp rx=0 tx=0).ready entity=mgr.14100 client_cookie=0 server_cookie=0 in_seq=0 out_seq=0
2024-02-16T19:27:30.245 INFO:teuthology.orchestra.run.smithi087.stdout:/usr/bin/ceph: stderr
2024-02-16T19:27:23.424+0000 7f87eb7fe700 1 -- 172.21.15.87:0/1442238168 <== mon.0 v2:172.21.15.87:3300/0 6 ==== mon_command_ack([{"prefix": "get_command_descriptions"}]=0 v0) v1 ==== 72+0+175031 (secure 0 0 0) 0x7f87f40243f0 con 0x7f88040713e0
2024-02-16T19:27:30.245 INFO:teuthology.orchestra.run.smithi087.stdout:/usr/bin/ceph: stderr
2024-02-16T19:27:23.606+0000 7f8809090700 1 -- 172.21.15.87:0/1442238168 --> [v2:172.21.15.87:3300/0,v1:172.21.15.87:6789/0] -- mon_command({"prefix": "config assimilate-conf"} v 0) v1 -- 0x7f880404bed0 con 0x7f88040713e0
2024-02-16T19:27:30.245 INFO:teuthology.orchestra.run.smithi087.stdout:/usr/bin/ceph: stderr
2024-02-16T19:27:23.607+0000 7f87eb7fe700 1 -- 172.21.15.87:0/1442238168 <== mon.0 v2:172.21.15.87:3300/0 7 ==== mon_command_ack([{"prefix": "config assimilate-conf"}]=0 v3) v1 ==== 70+0+373 (secure 0 0 0) 0x7f87f4048030 con 0x7f88040713e0
2024-02-16T19:27:30.246 INFO:teuthology.orchestra.run.smithi087.stdout:/usr/bin/ceph: stderr
2024-02-16T19:27:23.609+0000 7f8809090700 1 -- 172.21.15.87:0/1442238168 >> [v2:172.21.15.87:6800/1779870185,v1:172.21.15.87:6801/1779870185] conn(0x7f87ec036720 msgr2=0x7f87ec038bd0 secure :-1 s=STATE_CONNECTION_ESTABLISHED l=1).mark_down
2024-02-16T19:27:30.246 INFO:teuthology.orchestra.run.smithi087.stdout:/usr/bin/ceph: stderr
2024-02-16T19:27:23.609+0000 7f8809090700 1 --2- 172.21.15.87:0/1442238168 >> [v2:172.21.15.87:6800/1779870185,v1:172.21.15.87:6801/1779870185] conn(0x7f87ec036720 0x7f87ec038bd0 secure :-1 s=READY pgs=7 cs=0 l=1 rev1=1 crypto rx=0x7f87f8009990 tx=0x7f87f8006e40 comp rx=0 tx=0).stop
2024-02-16T19:27:30.246 INFO:teuthology.orchestra.run.smithi087.stdout:/usr/bin/ceph: stderr
2024-02-16T19:27:23.609+0000 7f8809090700 1 -- 172.21.15.87:0/1442238168 >> [v2:172.21.15.87:3300/0,v1:172.21.15.87:6789/0] conn(0x7f88040713e0 msgr2=0x7f88041115a0 secure :-1 s=STATE_CONNECTION_ESTABLISHED l=1).mark_down
2024-02-16T19:27:30.246 INFO:teuthology.orchestra.run.smithi087.stdout:/usr/bin/ceph: stderr
2024-02-16T19:27:23.609+0000 7f8809090700 1 --2- 172.21.15.87:0/1442238168 >> [v2:172.21.15.87:3300/0,v1:172.21.15.87:6789/0] conn(0x7f88040713e0 0x7f88041115a0 secure :-1 s=READY pgs=21 cs=0 l=1 rev1=1 crypto rx=0x7f87f4003050 tx=0x7f87f4009250 comp rx=0 tx=0).stop
2024-02-16T19:27:30.246 INFO:teuthology.orchestra.run.smithi087.stdout:/usr/bin/ceph: stderr
2024-02-16T19:27:23.609+0000 7f8809090700 1 -- 172.21.15.87:0/1442238168 shutdown_connections
2024-02-16T19:27:30.246 INFO:teuthology.orchestra.run.smithi087.stdout:/usr/bin/ceph: stderr
2024-02-16T19:27:23.609+0000 7f8809090700 1 --2- 172.21.15.87:0/1442238168 >> [v2:172.21.15.87:6800/1779870185,v1:172.21.15.87:6801/1779870185] conn(0x7f87ec036720 0x7f87ec038bd0 unknown :-1 s=CLOSED pgs=7 cs=0 l=1 rev1=1 crypto rx=0 tx=0 comp rx=0 tx=0).stop
2024-02-16T19:27:30.246 INFO:teuthology.orchestra.run.smithi087.stdout:/usr/bin/ceph: stderr
2024-02-16T19:27:23.609+0000 7f8809090700 1 --2- 172.21.15.87:0/1442238168 >> [v2:172.21.15.87:3300/0,v1:172.21.15.87:6789/0] conn(0x7f88040713e0 0x7f88041115a0 unknown :-1 s=CLOSED pgs=21 cs=0 l=1 rev1=1 crypto rx=0 tx=0 comp rx=0 tx=0).stop
2024-02-16T19:27:30.246 INFO:teuthology.orchestra.run.smithi087.stdout:/usr/bin/ceph: stderr
2024-02-16T19:27:23.609+0000 7f8809090700 1 -- 172.21.15.87:0/1442238168 >> 172.21.15.87:0/1442238168 conn(0x7f88040fcdd0 msgr2=0x7f88040fe4e0 unknown :-1 s=STATE_NONE l=0).mark_down
2024-02-16T19:27:30.246 INFO:teuthology.orchestra.run.smithi087.stdout:/usr/bin/ceph: stderr
2024-02-16T19:27:23.609+0000 7f8809090700 1 -- 172.21.15.87:0/1442238168 shutdown_connections
2024-02-16T19:27:30.246 INFO:teuthology.orchestra.run.smithi087.stdout:/usr/bin/ceph: stderr
2024-02-16T19:27:23.609+0000 7f8809090700 1 -- 172.21.15.87:0/1442238168 wait complete.
2024-02-16T19:27:30.246 INFO:teuthology.orchestra.run.smithi087.stdout:Enabling cephadm module...
2024-02-16T19:27:31.527 INFO:journalctl@ceph.mon.smithi087.smithi087.stdout:Feb 16 19:27:31 smithi087 ceph-mon[29135]: from='client.? 172.21.15.87:0/2307027301' entity='client.admin' cmd=[{"prefix": "mgr module enable", "module": "cephadm"}]: dispatch
2024-02-16T19:27:31.792 INFO:teuthology.orchestra.run.smithi087.stdout:/usr/bin/ceph: stderr
2024-02-16T19:27:30.942+0000 7f8154129700 1 Processor -- start
2024-02-16T19:27:31.792 INFO:teuthology.orchestra.run.smithi087.stdout:/usr/bin/ceph: stderr
2024-02-16T19:27:30.942+0000 7f8154129700 1 -- start start
2024-02-16T19:27:31.792 INFO:teuthology.orchestra.run.smithi087.stdout:/usr/bin/ceph: stderr
2024-02-16T19:27:30.943+0000 7f8154129700 1 --2- >> [v2:172.21.15.87:3300/0,v1:172.21.15.87:6789/0] conn(0x7f814c103e40 0x7f814c104250 unknown :-1 s=NONE pgs=0 cs=0 l=0 rev1=0 crypto rx=0 tx=0 comp rx=0 tx=0).connect
2024-02-16T19:27:31.792 INFO:teuthology.orchestra.run.smithi087.stdout:/usr/bin/ceph: stderr
2024-02-16T19:27:30.943+0000 7f8154129700 1 -- --> [v2:172.21.15.87:3300/0,v1:172.21.15.87:6789/0] -- mon_getmap magic: 0 v1 -- 0x7f814c104790 con 0x7f814c103e40
2024-02-16T19:27:31.793 INFO:teuthology.orchestra.run.smithi087.stdout:/usr/bin/ceph: stderr
2024-02-16T19:27:30.943+0000 7f8151ec5700 1 --2- >> [v2:172.21.15.87:3300/0,v1:172.21.15.87:6789/0] conn(0x7f814c103e40 0x7f814c104250 unknown :-1 s=BANNER_CONNECTING pgs=0 cs=0 l=0 rev1=0 crypto rx=0 tx=0 comp rx=0 tx=0)._handle_peer_banner_payload supported=3 required=0
2024-02-16T19:27:31.793 INFO:teuthology.orchestra.run.smithi087.stdout:/usr/bin/ceph: stderr
2024-02-16T19:27:30.943+0000 7f8151ec5700 1 --2- >> [v2:172.21.15.87:3300/0,v1:172.21.15.87:6789/0] conn(0x7f814c103e40 0x7f814c104250 unknown :-1 s=HELLO_CONNECTING pgs=0 cs=0 l=0 rev1=1 crypto rx=0 tx=0 comp rx=0 tx=0).handle_hello peer v2:172.21.15.87:3300/0 says I am v2:172.21.15.87:42600/0 (socket says 172.21.15.87:42600)
2024-02-16T19:27:31.793 INFO:teuthology.orchestra.run.smithi087.stdout:/usr/bin/ceph: stderr
2024-02-16T19:27:30.943+0000 7f8151ec5700 1 -- 172.21.15.87:0/2485070055 learned_addr learned my addr 172.21.15.87:0/2485070055 (peer_addr_for_me v2:172.21.15.87:0/0)
2024-02-16T19:27:31.793 INFO:teuthology.orchestra.run.smithi087.stdout:/usr/bin/ceph: stderr
2024-02-16T19:27:30.943+0000 7f8151ec5700 1 -- 172.21.15.87:0/2485070055 --> [v2:172.21.15.87:3300/0,v1:172.21.15.87:6789/0] -- mon_subscribe({config=0+,monmap=0+}) v3 -- 0x7f814c1048d0 con 0x7f814c103e40
2024-02-16T19:27:31.793 INFO:teuthology.orchestra.run.smithi087.stdout:/usr/bin/ceph: stderr
2024-02-16T19:27:30.943+0000 7f8151ec5700 1 --2- 172.21.15.87:0/2485070055 >> [v2:172.21.15.87:3300/0,v1:172.21.15.87:6789/0] conn(0x7f814c103e40 0x7f814c104250 secure :-1 s=READY pgs=22 cs=0 l=1 rev1=1 crypto rx=0x7f813c0098e0 tx=0x7f813c009250 comp rx=0 tx=0).ready entity=mon.0 client_cookie=362d4faa58de01a8 server_cookie=0 in_seq=0 out_seq=0
2024-02-16T19:27:31.793 INFO:teuthology.orchestra.run.smithi087.stdout:/usr/bin/ceph: stderr
2024-02-16T19:27:30.944+0000 7f8150ec3700 1 -- 172.21.15.87:0/2485070055 <== mon.0 v2:172.21.15.87:3300/0 1 ==== mon_map magic: 0 v1 ==== 229+0+0 (secure 0 0 0) 0x7f813c00b860 con 0x7f814c103e40
2024-02-16T19:27:31.793 INFO:teuthology.orchestra.run.smithi087.stdout:/usr/bin/ceph: stderr
2024-02-16T19:27:30.944+0000 7f8150ec3700 1 -- 172.21.15.87:0/2485070055 <== mon.0 v2:172.21.15.87:3300/0 2 ==== config(27 keys) v1 ==== 1044+0+0 (secure 0 0 0) 0x7f813c00be50 con 0x7f814c103e40
2024-02-16T19:27:31.793 INFO:teuthology.orchestra.run.smithi087.stdout:/usr/bin/ceph: stderr
2024-02-16T19:27:30.944+0000 7f8150ec3700 1 -- 172.21.15.87:0/2485070055 <== mon.0 v2:172.21.15.87:3300/0 3 ==== mon_map magic: 0 v1 ==== 229+0+0 (secure 0 0 0) 0x7f813c010380 con 0x7f814c103e40
2024-02-16T19:27:31.793 INFO:teuthology.orchestra.run.smithi087.stdout:/usr/bin/ceph: stderr
2024-02-16T19:27:30.944+0000 7f8154129700 1 -- 172.21.15.87:0/2485070055 >> [v2:172.21.15.87:3300/0,v1:172.21.15.87:6789/0] conn(0x7f814c103e40 msgr2=0x7f814c104250 secure :-1 s=STATE_CONNECTION_ESTABLISHED l=1).mark_down
2024-02-16T19:27:31.793 INFO:teuthology.orchestra.run.smithi087.stdout:/usr/bin/ceph: stderr
2024-02-16T19:27:30.944+0000 7f8154129700 1 --2- 172.21.15.87:0/2485070055 >> [v2:172.21.15.87:3300/0,v1:172.21.15.87:6789/0] conn(0x7f814c103e40 0x7f814c104250 secure :-1 s=READY pgs=22 cs=0 l=1 rev1=1 crypto rx=0x7f813c0098e0 tx=0x7f813c009250 comp rx=0 tx=0).stop
2024-02-16T19:27:31.793 INFO:teuthology.orchestra.run.smithi087.stdout:/usr/bin/ceph: stderr
2024-02-16T19:27:30.944+0000 7f8154129700 1 -- 172.21.15.87:0/2485070055 shutdown_connections
2024-02-16T19:27:31.794 INFO:teuthology.orchestra.run.smithi087.stdout:/usr/bin/ceph: stderr
2024-02-16T19:27:30.944+0000 7f8154129700 1 --2- 172.21.15.87:0/2485070055 >> [v2:172.21.15.87:3300/0,v1:172.21.15.87:6789/0] conn(0x7f814c103e40 0x7f814c104250 unknown :-1 s=CLOSED pgs=22 cs=0 l=1 rev1=1 crypto rx=0 tx=0 comp rx=0 tx=0).stop
2024-02-16T19:27:31.794 INFO:teuthology.orchestra.run.smithi087.stdout:/usr/bin/ceph: stderr
2024-02-16T19:27:30.944+0000 7f8154129700 1 -- 172.21.15.87:0/2485070055 >> 172.21.15.87:0/2485070055 conn(0x7f814c0fc580 msgr2=0x7f814c0fe990 unknown :-1 s=STATE_NONE l=0).mark_down
2024-02-16T19:27:31.794 INFO:teuthology.orchestra.run.smithi087.stdout:/usr/bin/ceph: stderr
2024-02-16T19:27:30.944+0000 7f8154129700 1 -- 172.21.15.87:0/2485070055 shutdown_connections
2024-02-16T19:27:31.794 INFO:teuthology.orchestra.run.smithi087.stdout:/usr/bin/ceph: stderr
2024-02-16T19:27:30.944+0000 7f8154129700 1 -- 172.21.15.87:0/2485070055 wait complete.
2024-02-16T19:27:31.794 INFO:teuthology.orchestra.run.smithi087.stdout:/usr/bin/ceph: stderr
2024-02-16T19:27:30.945+0000 7f8154129700 1 Processor -- start
2024-02-16T19:27:31.794 INFO:teuthology.orchestra.run.smithi087.stdout:/usr/bin/ceph: stderr
2024-02-16T19:27:30.945+0000 7f8154129700 1 -- start start
2024-02-16T19:27:31.794 INFO:teuthology.orchestra.run.smithi087.stdout:/usr/bin/ceph: stderr
