2024-02-16T19:27:52.755+0000 7f7682772700 1 -- 172.21.15.87:0/4036983996 --> [v2:172.21.15.87:6800/2983302054,v1:172.21.15.87:6801/2983302054] -- mgr_command(tid 0: {"prefix": "orch apply", "service_type": "prometheus", "target": ["mon-mgr", ""]}) v1 -- 0x7f767c101530 con 0x7f76640367e0
2024-02-16T19:27:53.727 INFO:teuthology.orchestra.run.smithi087.stdout:/usr/bin/ceph: stderr
2024-02-16T19:27:52.759+0000 7f7678ff9700 1 -- 172.21.15.87:0/4036983996 <== mgr.14120 v2:172.21.15.87:6800/2983302054 1 ==== mgr_command_reply(tid 0: 0 ) v1 ==== 8+0+31 (secure 0 0 0) 0x7f767c101530 con 0x7f76640367e0
2024-02-16T19:27:53.727 INFO:teuthology.orchestra.run.smithi087.stdout:/usr/bin/ceph: stderr
2024-02-16T19:27:52.762+0000 7f7682772700 1 -- 172.21.15.87:0/4036983996 >> [v2:172.21.15.87:6800/2983302054,v1:172.21.15.87:6801/2983302054] conn(0x7f76640367e0 msgr2=0x7f7664038c90 secure :-1 s=STATE_CONNECTION_ESTABLISHED l=1).mark_down
2024-02-16T19:27:53.728 INFO:teuthology.orchestra.run.smithi087.stdout:/usr/bin/ceph: stderr
2024-02-16T19:27:52.762+0000 7f7682772700 1 --2- 172.21.15.87:0/4036983996 >> [v2:172.21.15.87:6800/2983302054,v1:172.21.15.87:6801/2983302054] conn(0x7f76640367e0 0x7f7664038c90 secure :-1 s=READY pgs=15 cs=0 l=1 rev1=1 crypto rx=0x7f7670009990 tx=0x7f7670006e40 comp rx=0 tx=0).stop
2024-02-16T19:27:53.728 INFO:teuthology.orchestra.run.smithi087.stdout:/usr/bin/ceph: stderr
2024-02-16T19:27:52.762+0000 7f7682772700 1 -- 172.21.15.87:0/4036983996 >> [v2:172.21.15.87:3300/0,v1:172.21.15.87:6789/0] conn(0x7f767c102c40 msgr2=0x7f767c1139f0 secure :-1 s=STATE_CONNECTION_ESTABLISHED l=1).mark_down
2024-02-16T19:27:53.728 INFO:teuthology.orchestra.run.smithi087.stdout:/usr/bin/ceph: stderr
2024-02-16T19:27:52.762+0000 7f7682772700 1 --2- 172.21.15.87:0/4036983996 >> [v2:172.21.15.87:3300/0,v1:172.21.15.87:6789/0] conn(0x7f767c102c40 0x7f767c1139f0 secure :-1 s=READY pgs=54 cs=0 l=1 rev1=1 crypto rx=0x7f766c0106a0 tx=0x7f766c00b4f0 comp rx=0 tx=0).stop
2024-02-16T19:27:53.728 INFO:teuthology.orchestra.run.smithi087.stdout:/usr/bin/ceph: stderr
2024-02-16T19:27:52.762+0000 7f7682772700 1 -- 172.21.15.87:0/4036983996 shutdown_connections
2024-02-16T19:27:53.728 INFO:teuthology.orchestra.run.smithi087.stdout:/usr/bin/ceph: stderr
2024-02-16T19:27:52.762+0000 7f7682772700 1 --2- 172.21.15.87:0/4036983996 >> [v2:172.21.15.87:6800/2983302054,v1:172.21.15.87:6801/2983302054] conn(0x7f76640367e0 0x7f7664038c90 unknown :-1 s=CLOSED pgs=15 cs=0 l=1 rev1=1 crypto rx=0 tx=0 comp rx=0 tx=0).stop
2024-02-16T19:27:53.728 INFO:teuthology.orchestra.run.smithi087.stdout:/usr/bin/ceph: stderr
2024-02-16T19:27:52.762+0000 7f7682772700 1 --2- 172.21.15.87:0/4036983996 >> [v2:172.21.15.87:3300/0,v1:172.21.15.87:6789/0] conn(0x7f767c102c40 0x7f767c1139f0 unknown :-1 s=CLOSED pgs=54 cs=0 l=1 rev1=1 crypto rx=0 tx=0 comp rx=0 tx=0).stop
2024-02-16T19:27:53.728 INFO:teuthology.orchestra.run.smithi087.stdout:/usr/bin/ceph: stderr
2024-02-16T19:27:52.762+0000 7f7682772700 1 -- 172.21.15.87:0/4036983996 >> 172.21.15.87:0/4036983996 conn(0x7f767c0fc580 msgr2=0x7f767c106470 unknown :-1 s=STATE_NONE l=0).mark_down
2024-02-16T19:27:53.728 INFO:teuthology.orchestra.run.smithi087.stdout:/usr/bin/ceph: stderr
2024-02-16T19:27:52.762+0000 7f7682772700 1 -- 172.21.15.87:0/4036983996 shutdown_connections
2024-02-16T19:27:53.728 INFO:teuthology.orchestra.run.smithi087.stdout:/usr/bin/ceph: stderr
2024-02-16T19:27:52.762+0000 7f7682772700 1 -- 172.21.15.87:0/4036983996 wait complete.
2024-02-16T19:27:53.728 INFO:teuthology.orchestra.run.smithi087.stdout:Deploying grafana service with default placement...
2024-02-16T19:27:53.971 INFO:journalctl@ceph.mon.smithi087.smithi087.stdout:Feb 16 19:27:53 smithi087 ceph-mon[29135]: from='client.14148 -' entity='client.admin' cmd=[{"prefix": "orch apply", "service_type": "prometheus", "target": ["mon-mgr", ""]}]: dispatch
2024-02-16T19:27:53.971 INFO:journalctl@ceph.mon.smithi087.smithi087.stdout:Feb 16 19:27:53 smithi087 ceph-mon[29135]: Saving service prometheus spec with placement count:1
2024-02-16T19:27:53.971 INFO:journalctl@ceph.mon.smithi087.smithi087.stdout:Feb 16 19:27:53 smithi087 ceph-mon[29135]: from='mgr.14120 172.21.15.87:0/126490938' entity='mgr.smithi087.cojpks'
2024-02-16T19:27:55.167 INFO:teuthology.orchestra.run.smithi087.stdout:/usr/bin/ceph: stdout Scheduled grafana update...
2024-02-16T19:27:55.167 INFO:teuthology.orchestra.run.smithi087.stdout:/usr/bin/ceph: stderr
2024-02-16T19:27:54.150+0000 7fe1a498b700 1 Processor -- start
2024-02-16T19:27:55.167 INFO:teuthology.orchestra.run.smithi087.stdout:/usr/bin/ceph: stderr
2024-02-16T19:27:54.150+0000 7fe1a498b700 1 -- start start
2024-02-16T19:27:55.167 INFO:teuthology.orchestra.run.smithi087.stdout:/usr/bin/ceph: stderr
2024-02-16T19:27:54.150+0000 7fe1a498b700 1 --2- >> [v2:172.21.15.87:3300/0,v1:172.21.15.87:6789/0] conn(0x7fe1a0102770 0x7fe1a0102b80 unknown :-1 s=NONE pgs=0 cs=0 l=0 rev1=0 crypto rx=0 tx=0 comp rx=0 tx=0).connect
2024-02-16T19:27:55.167 INFO:teuthology.orchestra.run.smithi087.stdout:/usr/bin/ceph: stderr
2024-02-16T19:27:54.150+0000 7fe1a498b700 1 -- --> [v2:172.21.15.87:3300/0,v1:172.21.15.87:6789/0] -- mon_getmap magic: 0 v1 -- 0x7fe1a01030c0 con 0x7fe1a0102770
2024-02-16T19:27:55.167 INFO:teuthology.orchestra.run.smithi087.stdout:/usr/bin/ceph: stderr
2024-02-16T19:27:54.150+0000 7fe19e59c700 1 --2- >> [v2:172.21.15.87:3300/0,v1:172.21.15.87:6789/0] conn(0x7fe1a0102770 0x7fe1a0102b80 unknown :-1 s=BANNER_CONNECTING pgs=0 cs=0 l=0 rev1=0 crypto rx=0 tx=0 comp rx=0 tx=0)._handle_peer_banner_payload supported=3 required=0
2024-02-16T19:27:55.167 INFO:teuthology.orchestra.run.smithi087.stdout:/usr/bin/ceph: stderr
2024-02-16T19:27:54.150+0000 7fe19e59c700 1 --2- >> [v2:172.21.15.87:3300/0,v1:172.21.15.87:6789/0] conn(0x7fe1a0102770 0x7fe1a0102b80 unknown :-1 s=HELLO_CONNECTING pgs=0 cs=0 l=0 rev1=1 crypto rx=0 tx=0 comp rx=0 tx=0).handle_hello peer v2:172.21.15.87:3300/0 says I am v2:172.21.15.87:34698/0 (socket says 172.21.15.87:34698)
2024-02-16T19:27:55.167 INFO:teuthology.orchestra.run.smithi087.stdout:/usr/bin/ceph: stderr
2024-02-16T19:27:54.150+0000 7fe19e59c700 1 -- 172.21.15.87:0/3029332609 learned_addr learned my addr 172.21.15.87:0/3029332609 (peer_addr_for_me v2:172.21.15.87:0/0)
2024-02-16T19:27:55.168 INFO:teuthology.orchestra.run.smithi087.stdout:/usr/bin/ceph: stderr
2024-02-16T19:27:54.150+0000 7fe19e59c700 1 -- 172.21.15.87:0/3029332609 --> [v2:172.21.15.87:3300/0,v1:172.21.15.87:6789/0] -- mon_subscribe({config=0+,monmap=0+}) v3 -- 0x7fe1a0103200 con 0x7fe1a0102770
2024-02-16T19:27:55.168 INFO:teuthology.orchestra.run.smithi087.stdout:/usr/bin/ceph: stderr
2024-02-16T19:27:54.151+0000 7fe19e59c700 1 --2- 172.21.15.87:0/3029332609 >> [v2:172.21.15.87:3300/0,v1:172.21.15.87:6789/0] conn(0x7fe1a0102770 0x7fe1a0102b80 secure :-1 s=READY pgs=55 cs=0 l=1 rev1=1 crypto rx=0x7fe1940098e0 tx=0x7fe194009250 comp rx=0 tx=0).ready entity=mon.0 client_cookie=c52b7f0e409a3ec8 server_cookie=0 in_seq=0 out_seq=0
2024-02-16T19:27:55.168 INFO:teuthology.orchestra.run.smithi087.stdout:/usr/bin/ceph: stderr
2024-02-16T19:27:54.151+0000 7fe19d59a700 1 -- 172.21.15.87:0/3029332609 <== mon.0 v2:172.21.15.87:3300/0 1 ==== mon_map magic: 0 v1 ==== 229+0+0 (secure 0 0 0) 0x7fe19400b860 con 0x7fe1a0102770
2024-02-16T19:27:55.168 INFO:teuthology.orchestra.run.smithi087.stdout:/usr/bin/ceph: stderr
2024-02-16T19:27:54.151+0000 7fe19d59a700 1 -- 172.21.15.87:0/3029332609 <== mon.0 v2:172.21.15.87:3300/0 2 ==== config(27 keys) v1 ==== 1109+0+0 (secure 0 0 0) 0x7fe19400be90 con 0x7fe1a0102770
2024-02-16T19:27:55.168 INFO:teuthology.orchestra.run.smithi087.stdout:/usr/bin/ceph: stderr
2024-02-16T19:27:54.151+0000 7fe19d59a700 1 -- 172.21.15.87:0/3029332609 <== mon.0 v2:172.21.15.87:3300/0 3 ==== mon_map magic: 0 v1 ==== 229+0+0 (secure 0 0 0) 0x7fe1940103c0 con 0x7fe1a0102770
2024-02-16T19:27:55.168 INFO:teuthology.orchestra.run.smithi087.stdout:/usr/bin/ceph: stderr
2024-02-16T19:27:54.151+0000 7fe1a498b700 1 -- 172.21.15.87:0/3029332609 >> [v2:172.21.15.87:3300/0,v1:172.21.15.87:6789/0] conn(0x7fe1a0102770 msgr2=0x7fe1a0102b80 secure :-1 s=STATE_CONNECTION_ESTABLISHED l=1).mark_down
2024-02-16T19:27:55.168 INFO:teuthology.orchestra.run.smithi087.stdout:/usr/bin/ceph: stderr
2024-02-16T19:27:54.151+0000 7fe1a498b700 1 --2- 172.21.15.87:0/3029332609 >> [v2:172.21.15.87:3300/0,v1:172.21.15.87:6789/0] conn(0x7fe1a0102770 0x7fe1a0102b80 secure :-1 s=READY pgs=55 cs=0 l=1 rev1=1 crypto rx=0x7fe1940098e0 tx=0x7fe194009250 comp rx=0 tx=0).stop
2024-02-16T19:27:55.168 INFO:teuthology.orchestra.run.smithi087.stdout:/usr/bin/ceph: stderr
2024-02-16T19:27:54.151+0000 7fe1a498b700 1 -- 172.21.15.87:0/3029332609 shutdown_connections
2024-02-16T19:27:55.168 INFO:teuthology.orchestra.run.smithi087.stdout:/usr/bin/ceph: stderr
2024-02-16T19:27:54.151+0000 7fe1a498b700 1 --2- 172.21.15.87:0/3029332609 >> [v2:172.21.15.87:3300/0,v1:172.21.15.87:6789/0] conn(0x7fe1a0102770 0x7fe1a0102b80 unknown :-1 s=CLOSED pgs=55 cs=0 l=1 rev1=1 crypto rx=0 tx=0 comp rx=0 tx=0).stop
2024-02-16T19:27:55.168 INFO:teuthology.orchestra.run.smithi087.stdout:/usr/bin/ceph: stderr
2024-02-16T19:27:54.151+0000 7fe1a498b700 1 -- 172.21.15.87:0/3029332609 >> 172.21.15.87:0/3029332609 conn(0x7fe1a00fded0 msgr2=0x7fe1a0100300 unknown :-1 s=STATE_NONE l=0).mark_down
2024-02-16T19:27:55.168 INFO:teuthology.orchestra.run.smithi087.stdout:/usr/bin/ceph: stderr
2024-02-16T19:27:54.151+0000 7fe1a498b700 1 -- 172.21.15.87:0/3029332609 shutdown_connections
2024-02-16T19:27:55.168 INFO:teuthology.orchestra.run.smithi087.stdout:/usr/bin/ceph: stderr
2024-02-16T19:27:54.151+0000 7fe1a498b700 1 -- 172.21.15.87:0/3029332609 wait complete.
2024-02-16T19:27:55.168 INFO:teuthology.orchestra.run.smithi087.stdout:/usr/bin/ceph: stderr
2024-02-16T19:27:54.152+0000 7fe1a498b700 1 Processor -- start
2024-02-16T19:27:55.168 INFO:teuthology.orchestra.run.smithi087.stdout:/usr/bin/ceph: stderr
2024-02-16T19:27:54.152+0000 7fe1a498b700 1 -- start start
2024-02-16T19:27:55.169 INFO:teuthology.orchestra.run.smithi087.stdout:/usr/bin/ceph: stderr
2024-02-16T19:27:54.152+0000 7fe1a498b700 1 --2- >> [v2:172.21.15.87:3300/0,v1:172.21.15.87:6789/0] conn(0x7fe1a0102770 0x7fe1a01115b0 unknown :-1 s=NONE pgs=0 cs=0 l=1 rev1=0 crypto rx=0 tx=0 comp rx=0 tx=0).connect
2024-02-16T19:27:55.169 INFO:teuthology.orchestra.run.smithi087.stdout:/usr/bin/ceph: stderr
2024-02-16T19:27:54.152+0000 7fe1a498b700 1 -- --> [v2:172.21.15.87:3300/0,v1:172.21.15.87:6789/0] -- mon_getmap magic: 0 v1 -- 0x7fe1a0111af0 con 0x7fe1a0102770
2024-02-16T19:27:55.169 INFO:teuthology.orchestra.run.smithi087.stdout:/usr/bin/ceph: stderr
2024-02-16T19:27:54.152+0000 7fe19e59c700 1 --2- >> [v2:172.21.15.87:3300/0,v1:172.21.15.87:6789/0] conn(0x7fe1a0102770 0x7fe1a01115b0 unknown :-1 s=BANNER_CONNECTING pgs=0 cs=0 l=1 rev1=0 crypto rx=0 tx=0 comp rx=0 tx=0)._handle_peer_banner_payload supported=3 required=0
2024-02-16T19:27:55.169 INFO:teuthology.orchestra.run.smithi087.stdout:/usr/bin/ceph: stderr
2024-02-16T19:27:54.152+0000 7fe19e59c700 1 --2- >> [v2:172.21.15.87:3300/0,v1:172.21.15.87:6789/0] conn(0x7fe1a0102770 0x7fe1a01115b0 unknown :-1 s=HELLO_CONNECTING pgs=0 cs=0 l=1 rev1=1 crypto rx=0 tx=0 comp rx=0 tx=0).handle_hello peer v2:172.21.15.87:3300/0 says I am v2:172.21.15.87:34704/0 (socket says 172.21.15.87:34704)
2024-02-16T19:27:55.169 INFO:teuthology.orchestra.run.smithi087.stdout:/usr/bin/ceph: stderr
2024-02-16T19:27:54.152+0000 7fe19e59c700 1 -- 172.21.15.87:0/3180189433 learned_addr learned my addr 172.21.15.87:0/3180189433 (peer_addr_for_me v2:172.21.15.87:0/0)
2024-02-16T19:27:55.169 INFO:teuthology.orchestra.run.smithi087.stdout:/usr/bin/ceph: stderr
2024-02-16T19:27:54.152+0000 7fe19e59c700 1 -- 172.21.15.87:0/3180189433 --> [v2:172.21.15.87:3300/0,v1:172.21.15.87:6789/0] -- mon_subscribe({config=0+,monmap=0+}) v3 -- 0x7fe1940094f0 con 0x7fe1a0102770
2024-02-16T19:27:55.169 INFO:teuthology.orchestra.run.smithi087.stdout:/usr/bin/ceph: stderr
2024-02-16T19:27:54.152+0000 7fe19e59c700 1 --2- 172.21.15.87:0/3180189433 >> [v2:172.21.15.87:3300/0,v1:172.21.15.87:6789/0] conn(0x7fe1a0102770 0x7fe1a01115b0 secure :-1 s=READY pgs=56 cs=0 l=1 rev1=1 crypto rx=0x7fe194011680 tx=0x7fe194009250 comp rx=0 tx=0).ready entity=mon.0 client_cookie=0 server_cookie=0 in_seq=0 out_seq=0
2024-02-16T19:27:55.169 INFO:teuthology.orchestra.run.smithi087.stdout:/usr/bin/ceph: stderr
2024-02-16T19:27:54.153+0000 7fe18effd700 1 -- 172.21.15.87:0/3180189433 <== mon.0 v2:172.21.15.87:3300/0 1 ==== mon_map magic: 0 v1 ==== 229+0+0 (secure 0 0 0) 0x7fe194010890 con 0x7fe1a0102770
2024-02-16T19:27:55.169 INFO:teuthology.orchestra.run.smithi087.stdout:/usr/bin/ceph: stderr
2024-02-16T19:27:54.153+0000 7fe1a498b700 1 -- 172.21.15.87:0/3180189433 --> [v2:172.21.15.87:3300/0,v1:172.21.15.87:6789/0] -- mon_subscribe({mgrmap=0+}) v3 -- 0x7fe1a0111cf0 con 0x7fe1a0102770
2024-02-16T19:27:55.169 INFO:teuthology.orchestra.run.smithi087.stdout:/usr/bin/ceph: stderr
2024-02-16T19:27:54.153+0000 7fe18effd700 1 -- 172.21.15.87:0/3180189433 <== mon.0 v2:172.21.15.87:3300/0 2 ==== config(27 keys) v1 ==== 1109+0+0 (secure 0 0 0) 0x7fe194010ec0 con 0x7fe1a0102770
2024-02-16T19:27:55.169 INFO:teuthology.orchestra.run.smithi087.stdout:/usr/bin/ceph: stderr
2024-02-16T19:27:54.153+0000 7fe18effd700 1 -- 172.21.15.87:0/3180189433 <== mon.0 v2:172.21.15.87:3300/0 3 ==== mon_map magic: 0 v1 ==== 229+0+0 (secure 0 0 0) 0x7fe1940243f0 con 0x7fe1a0102770
2024-02-16T19:27:55.169 INFO:teuthology.orchestra.run.smithi087.stdout:/usr/bin/ceph: stderr
2024-02-16T19:27:54.153+0000 7fe1a498b700 1 -- 172.21.15.87:0/3180189433 --> [v2:172.21.15.87:3300/0,v1:172.21.15.87:6789/0] -- mon_subscribe({osdmap=0}) v3 -- 0x7fe1a0112990 con 0x7fe1a0102770
2024-02-16T19:27:55.169 INFO:teuthology.orchestra.run.smithi087.stdout:/usr/bin/ceph: stderr
2024-02-16T19:27:54.153+0000 7fe18effd700 1 -- 172.21.15.87:0/3180189433 <== mon.0 v2:172.21.15.87:3300/0 4 ==== mgrmap(e 8) v1 ==== 43368+0+0 (secure 0 0 0) 0x7fe19402d3f0 con 0x7fe1a0102770
2024-02-16T19:27:55.169 INFO:teuthology.orchestra.run.smithi087.stdout:/usr/bin/ceph: stderr
2024-02-16T19:27:54.153+0000 7fe1a498b700 1 -- 172.21.15.87:0/3180189433 --> [v2:172.21.15.87:3300/0,v1:172.21.15.87:6789/0] -- mon_command({"prefix": "get_command_descriptions"} v 0) v1 -- 0x7fe1a005f5c0 con 0x7fe1a0102770
2024-02-16T19:27:55.169 INFO:teuthology.orchestra.run.smithi087.stdout:/usr/bin/ceph: stderr
2024-02-16T19:27:54.154+0000 7fe18effd700 1 --2- 172.21.15.87:0/3180189433 >> [v2:172.21.15.87:6800/2983302054,v1:172.21.15.87:6801/2983302054] conn(0x7fe188036790 0x7fe188038c40 unknown :-1 s=NONE pgs=0 cs=0 l=1 rev1=0 crypto rx=0 tx=0 comp rx=0 tx=0).connect
2024-02-16T19:27:55.170 INFO:teuthology.orchestra.run.smithi087.stdout:/usr/bin/ceph: stderr
2024-02-16T19:27:54.154+0000 7fe18effd700 1 -- 172.21.15.87:0/3180189433 <== mon.0 v2:172.21.15.87:3300/0 5 ==== osd_map(2..2 src has 1..2) v4 ==== 936+0+0 (secure 0 0 0) 0x7fe19404a2c0 con 0x7fe1a0102770
2024-02-16T19:27:55.170 INFO:teuthology.orchestra.run.smithi087.stdout:/usr/bin/ceph: stderr
2024-02-16T19:27:54.154+0000 7fe19dd9b700 1 --2- 172.21.15.87:0/3180189433 >> [v2:172.21.15.87:6800/2983302054,v1:172.21.15.87:6801/2983302054] conn(0x7fe188036790 0x7fe188038c40 unknown :-1 s=BANNER_CONNECTING pgs=0 cs=0 l=1 rev1=0 crypto rx=0 tx=0 comp rx=0 tx=0)._handle_peer_banner_payload supported=3 required=0
2024-02-16T19:27:55.170 INFO:teuthology.orchestra.run.smithi087.stdout:/usr/bin/ceph: stderr
2024-02-16T19:27:54.154+0000 7fe19dd9b700 1 --2- 172.21.15.87:0/3180189433 >> [v2:172.21.15.87:6800/2983302054,v1:172.21.15.87:6801/2983302054] conn(0x7fe188036790 0x7fe188038c40 secure :-1 s=READY pgs=16 cs=0 l=1 rev1=1 crypto rx=0x7fe190009990 tx=0x7fe190006e40 comp rx=0 tx=0).ready entity=mgr.14120 client_cookie=0 server_cookie=0 in_seq=0 out_seq=0
2024-02-16T19:27:55.170 INFO:teuthology.orchestra.run.smithi087.stdout:/usr/bin/ceph: stderr
2024-02-16T19:27:54.158+0000 7fe18effd700 1 -- 172.21.15.87:0/3180189433 <== mon.0 v2:172.21.15.87:3300/0 6 ==== mon_command_ack([{"prefix": "get_command_descriptions"}]=0 v0) v1 ==== 72+0+175031 (secure 0 0 0) 0x7fe194006d70 con 0x7fe1a0102770
2024-02-16T19:27:55.170 INFO:teuthology.orchestra.run.smithi087.stdout:/usr/bin/ceph: stderr
2024-02-16T19:27:54.355+0000 7fe1a498b700 1 -- 172.21.15.87:0/3180189433 --> [v2:172.21.15.87:6800/2983302054,v1:172.21.15.87:6801/2983302054] -- mgr_command(tid 0: {"prefix": "orch apply", "service_type": "grafana", "target": ["mon-mgr", ""]}) v1 -- 0x7fe1a01001b0 con 0x7fe188036790
2024-02-16T19:27:55.170 INFO:teuthology.orchestra.run.smithi087.stdout:/usr/bin/ceph: stderr
2024-02-16T19:27:54.359+0000 7fe18effd700 1 -- 172.21.15.87:0/3180189433 <== mgr.14120 v2:172.21.15.87:6800/2983302054 1 ==== mgr_command_reply(tid 0: 0 ) v1 ==== 8+0+28 (secure 0 0 0) 0x7fe1a01001b0 con 0x7fe188036790
2024-02-16T19:27:55.170 INFO:teuthology.orchestra.run.smithi087.stdout:/usr/bin/ceph: stderr
2024-02-16T19:27:54.361+0000 7fe1a498b700 1 -- 172.21.15.87:0/3180189433 >> [v2:172.21.15.87:6800/2983302054,v1:172.21.15.87:6801/2983302054] conn(0x7fe188036790 msgr2=0x7fe188038c40 secure :-1 s=STATE_CONNECTION_ESTABLISHED l=1).mark_down
2024-02-16T19:27:55.170 INFO:teuthology.orchestra.run.smithi087.stdout:/usr/bin/ceph: stderr
2024-02-16T19:27:54.361+0000 7fe1a498b700 1 --2- 172.21.15.87:0/3180189433 >> [v2:172.21.15.87:6800/2983302054,v1:172.21.15.87:6801/2983302054] conn(0x7fe188036790 0x7fe188038c40 secure :-1 s=READY pgs=16 cs=0 l=1 rev1=1 crypto rx=0x7fe190009990 tx=0x7fe190006e40 comp rx=0 tx=0).stop
2024-02-16T19:27:55.170 INFO:teuthology.orchestra.run.smithi087.stdout:/usr/bin/ceph: stderr
2024-02-16T19:27:54.361+0000 7fe1a498b700 1 -- 172.21.15.87:0/3180189433 >> [v2:172.21.15.87:3300/0,v1:172.21.15.87:6789/0] conn(0x7fe1a0102770 msgr2=0x7fe1a01115b0 secure :-1 s=STATE_CONNECTION_ESTABLISHED l=1).mark_down
2024-02-16T19:27:55.170 INFO:teuthology.orchestra.run.smithi087.stdout:/usr/bin/ceph: stderr
2024-02-16T19:27:54.361+0000 7fe1a498b700 1 --2- 172.21.15.87:0/3180189433 >> [v2:172.21.15.87:3300/0,v1:172.21.15.87:6789/0] conn(0x7fe1a0102770 0x7fe1a01115b0 secure :-1 s=READY pgs=56 cs=0 l=1 rev1=1 crypto rx=0x7fe194011680 tx=0x7fe194009250 comp rx=0 tx=0).stop
2024-02-16T19:27:55.170 INFO:teuthology.orchestra.run.smithi087.stdout:/usr/bin/ceph: stderr
2024-02-16T19:27:54.361+0000 7fe1a498b700 1 -- 172.21.15.87:0/3180189433 shutdown_connections
2024-02-16T19:27:55.170 INFO:teuthology.orchestra.run.smithi087.stdout:/usr/bin/ceph: stderr
2024-02-16T19:27:54.361+0000 7fe1a498b700 1 --2- 172.21.15.87:0/3180189433 >> [v2:172.21.15.87:6800/2983302054,v1:172.21.15.87:6801/2983302054] conn(0x7fe188036790 0x7fe188038c40 unknown :-1 s=CLOSED pgs=16 cs=0 l=1 rev1=1 crypto rx=0 tx=0 comp rx=0 tx=0).stop
2024-02-16T19:27:55.170 INFO:teuthology.orchestra.run.smithi087.stdout:/usr/bin/ceph: stderr
2024-02-16T19:27:54.361+0000 7fe1a498b700 1 --2- 172.21.15.87:0/3180189433 >> [v2:172.21.15.87:3300/0,v1:172.21.15.87:6789/0] conn(0x7fe1a0102770 0x7fe1a01115b0 unknown :-1 s=CLOSED pgs=56 cs=0 l=1 rev1=1 crypto rx=0 tx=0 comp rx=0 tx=0).stop
2024-02-16T19:27:55.170 INFO:teuthology.orchestra.run.smithi087.stdout:/usr/bin/ceph: stderr
2024-02-16T19:27:54.361+0000 7fe1a498b700 1 -- 172.21.15.87:0/3180189433 >> 172.21.15.87:0/3180189433 conn(0x7fe1a00fded0 msgr2=0x7fe1a00ff590 unknown :-1 s=STATE_NONE l=0).mark_down
2024-02-16T19:27:55.170 INFO:teuthology.orchestra.run.smithi087.stdout:/usr/bin/ceph: stderr
2024-02-16T19:27:54.361+0000 7fe1a498b700 1 -- 172.21.15.87:0/3180189433 shutdown_connections
2024-02-16T19:27:55.171 INFO:teuthology.orchestra.run.smithi087.stdout:/usr/bin/ceph: stderr
2024-02-16T19:27:54.362+0000 7fe1a498b700 1 -- 172.21.15.87:0/3180189433 wait complete.
2024-02-16T19:27:55.171 INFO:teuthology.orchestra.run.smithi087.stdout:Deploying node-exporter service with default placement...
2024-02-16T19:27:55.527 INFO:journalctl@ceph.mon.smithi087.smithi087.stdout:Feb 16 19:27:55 smithi087 ceph-mon[29135]: from='client.14150 -' entity='client.admin' cmd=[{"prefix": "orch apply", "service_type": "grafana", "target": ["mon-mgr", ""]}]: dispatch
2024-02-16T19:27:55.527 INFO:journalctl@ceph.mon.smithi087.smithi087.stdout:Feb 16 19:27:55 smithi087 ceph-mon[29135]: Saving service grafana spec with placement count:1
2024-02-16T19:27:55.528 INFO:journalctl@ceph.mon.smithi087.smithi087.stdout:Feb 16 19:27:55 smithi087 ceph-mon[29135]: from='mgr.14120 172.21.15.87:0/126490938' entity='mgr.smithi087.cojpks'
2024-02-16T19:27:56.389 INFO:teuthology.orchestra.run.smithi087.stdout:/usr/bin/ceph: stdout Scheduled node-exporter update...
2024-02-16T19:27:56.390 INFO:teuthology.orchestra.run.smithi087.stdout:/usr/bin/ceph: stderr
2024-02-16T19:27:55.575+0000 7f34d5cc6700 1 Processor -- start
2024-02-16T19:27:56.390 INFO:teuthology.orchestra.run.smithi087.stdout:/usr/bin/ceph: stderr
2024-02-16T19:27:55.575+0000 7f34d5cc6700 1 -- start start
2024-02-16T19:27:56.390 INFO:teuthology.orchestra.run.smithi087.stdout:/usr/bin/ceph: stderr
2024-02-16T19:27:55.575+0000 7f34d5cc6700 1 --2- >> [v2:172.21.15.87:3300/0,v1:172.21.15.87:6789/0] conn(0x7f34d0102770 0x7f34d0102b80 unknown :-1 s=NONE pgs=0 cs=0 l=0 rev1=0 crypto rx=0 tx=0 comp rx=0 tx=0).connect
2024-02-16T19:27:56.390 INFO:teuthology.orchestra.run.smithi087.stdout:/usr/bin/ceph: stderr
2024-02-16T19:27:55.576+0000 7f34d5cc6700 1 -- --> [v2:172.21.15.87:3300/0,v1:172.21.15.87:6789/0] -- mon_getmap magic: 0 v1 -- 0x7f34d01030c0 con 0x7f34d0102770
2024-02-16T19:27:56.390 INFO:teuthology.orchestra.run.smithi087.stdout:/usr/bin/ceph: stderr
2024-02-16T19:27:55.576+0000 7f34cf7fe700 1 --2- >> [v2:172.21.15.87:3300/0,v1:172.21.15.87:6789/0] conn(0x7f34d0102770 0x7f34d0102b80 unknown :-1 s=BANNER_CONNECTING pgs=0 cs=0 l=0 rev1=0 crypto rx=0 tx=0 comp rx=0 tx=0)._handle_peer_banner_payload supported=3 required=0
2024-02-16T19:27:56.390 INFO:teuthology.orchestra.run.smithi087.stdout:/usr/bin/ceph: stderr
2024-02-16T19:27:55.576+0000 7f34cf7fe700 1 --2- >> [v2:172.21.15.87:3300/0,v1:172.21.15.87:6789/0] conn(0x7f34d0102770 0x7f34d0102b80 unknown :-1 s=HELLO_CONNECTING pgs=0 cs=0 l=0 rev1=1 crypto rx=0 tx=0 comp rx=0 tx=0).handle_hello peer v2:172.21.15.87:3300/0 says I am v2:172.21.15.87:34706/0 (socket says 172.21.15.87:34706)
2024-02-16T19:27:56.390 INFO:teuthology.orchestra.run.smithi087.stdout:/usr/bin/ceph: stderr
2024-02-16T19:27:55.576+0000 7f34cf7fe700 1 -- 172.21.15.87:0/1086190039 learned_addr learned my addr 172.21.15.87:0/1086190039 (peer_addr_for_me v2:172.21.15.87:0/0)
2024-02-16T19:27:56.390 INFO:teuthology.orchestra.run.smithi087.stdout:/usr/bin/ceph: stderr
2024-02-16T19:27:55.576+0000 7f34cf7fe700 1 -- 172.21.15.87:0/1086190039 --> [v2:172.21.15.87:3300/0,v1:172.21.15.87:6789/0] -- mon_subscribe({config=0+,monmap=0+}) v3 -- 0x7f34d0103200 con 0x7f34d0102770
2024-02-16T19:27:56.390 INFO:teuthology.orchestra.run.smithi087.stdout:/usr/bin/ceph: stderr
2024-02-16T19:27:55.576+0000 7f34cf7fe700 1 --2- 172.21.15.87:0/1086190039 >> [v2:172.21.15.87:3300/0,v1:172.21.15.87:6789/0] conn(0x7f34d0102770 0x7f34d0102b80 secure :-1 s=READY pgs=57 cs=0 l=1 rev1=1 crypto rx=0x7f34c00098e0 tx=0x7f34c0009250 comp rx=0 tx=0).ready entity=mon.0 client_cookie=5954695d04526e1c server_cookie=0 in_seq=0 out_seq=0
2024-02-16T19:27:56.390 INFO:teuthology.orchestra.run.smithi087.stdout:/usr/bin/ceph: stderr
2024-02-16T19:27:55.576+0000 7f34ce7fc700 1 -- 172.21.15.87:0/1086190039 <== mon.0 v2:172.21.15.87:3300/0 1 ==== mon_map magic: 0 v1 ==== 229+0+0 (secure 0 0 0) 0x7f34c000b860 con 0x7f34d0102770
2024-02-16T19:27:56.390 INFO:teuthology.orchestra.run.smithi087.stdout:/usr/bin/ceph: stderr
2024-02-16T19:27:55.576+0000 7f34ce7fc700 1 -- 172.21.15.87:0/1086190039 <== mon.0 v2:172.21.15.87:3300/0 2 ==== config(27 keys) v1 ==== 1109+0+0 (secure 0 0 0) 0x7f34c000be90 con 0x7f34d0102770
2024-02-16T19:27:56.390 INFO:teuthology.orchestra.run.smithi087.stdout:/usr/bin/ceph: stderr
2024-02-16T19:27:55.576+0000 7f34ce7fc700 1 -- 172.21.15.87:0/1086190039 <== mon.0 v2:172.21.15.87:3300/0 3 ==== mon_map magic: 0 v1 ==== 229+0+0 (secure 0 0 0) 0x7f34c00103c0 con 0x7f34d0102770
2024-02-16T19:27:56.391 INFO:teuthology.orchestra.run.smithi087.stdout:/usr/bin/ceph: stderr
2024-02-16T19:27:55.577+0000 7f34d5cc6700 1 -- 172.21.15.87:0/1086190039 >> [v2:172.21.15.87:3300/0,v1:172.21.15.87:6789/0] conn(0x7f34d0102770 msgr2=0x7f34d0102b80 secure :-1 s=STATE_CONNECTION_ESTABLISHED l=1).mark_down
2024-02-16T19:27:56.391 INFO:teuthology.orchestra.run.smithi087.stdout:/usr/bin/ceph: stderr
2024-02-16T19:27:55.577+0000 7f34d5cc6700 1 --2- 172.21.15.87:0/1086190039 >> [v2:172.21.15.87:3300/0,v1:172.21.15.87:6789/0] conn(0x7f34d0102770 0x7f34d0102b80 secure :-1 s=READY pgs=57 cs=0 l=1 rev1=1 crypto rx=0x7f34c00098e0 tx=0x7f34c0009250 comp rx=0 tx=0).stop
2024-02-16T19:27:56.391 INFO:teuthology.orchestra.run.smithi087.stdout:/usr/bin/ceph: stderr
2024-02-16T19:27:55.577+0000 7f34d5cc6700 1 -- 172.21.15.87:0/1086190039 shutdown_connections
2024-02-16T19:27:56.391 INFO:teuthology.orchestra.run.smithi087.stdout:/usr/bin/ceph: stderr
2024-02-16T19:27:55.577+0000 7f34d5cc6700 1 --2- 172.21.15.87:0/1086190039 >> [v2:172.21.15.87:3300/0,v1:172.21.15.87:6789/0] conn(0x7f34d0102770 0x7f34d0102b80 unknown :-1 s=CLOSED pgs=57 cs=0 l=1 rev1=1 crypto rx=0 tx=0 comp rx=0 tx=0).stop
2024-02-16T19:27:56.391 INFO:teuthology.orchestra.run.smithi087.stdout:/usr/bin/ceph: stderr
2024-02-16T19:27:55.577+0000 7f34d5cc6700 1 -- 172.21.15.87:0/1086190039 >> 172.21.15.87:0/1086190039 conn(0x7f34d00fded0 msgr2=0x7f34d0100300 unknown :-1 s=STATE_NONE l=0).mark_down
2024-02-16T19:27:56.391 INFO:teuthology.orchestra.run.smithi087.stdout:/usr/bin/ceph: stderr
2024-02-16T19:27:55.577+0000 7f34d5cc6700 1 -- 172.21.15.87:0/1086190039 shutdown_connections
2024-02-16T19:27:56.391 INFO:teuthology.orchestra.run.smithi087.stdout:/usr/bin/ceph: stderr
2024-02-16T19:27:55.577+0000 7f34d5cc6700 1 -- 172.21.15.87:0/1086190039 wait complete.
2024-02-16T19:27:56.391 INFO:teuthology.orchestra.run.smithi087.stdout:/usr/bin/ceph: stderr
2024-02-16T19:27:55.578+0000 7f34d5cc6700 1 Processor -- start
2024-02-16T19:27:56.391 INFO:teuthology.orchestra.run.smithi087.stdout:/usr/bin/ceph: stderr
2024-02-16T19:27:55.578+0000 7f34d5cc6700 1 -- start start
2024-02-16T19:27:56.391 INFO:teuthology.orchestra.run.smithi087.stdout:/usr/bin/ceph: stderr
2024-02-16T19:27:55.578+0000 7f34d5cc6700 1 --2- >> [v2:172.21.15.87:3300/0,v1:172.21.15.87:6789/0] conn(0x7f34d0102770 0x7f34d0111540 unknown :-1 s=NONE pgs=0 cs=0 l=1 rev1=0 crypto rx=0 tx=0 comp rx=0 tx=0).connect
2024-02-16T19:27:56.391 INFO:teuthology.orchestra.run.smithi087.stdout:/usr/bin/ceph: stderr
2024-02-16T19:27:55.578+0000 7f34d5cc6700 1 -- --> [v2:172.21.15.87:3300/0,v1:172.21.15.87:6789/0] -- mon_getmap magic: 0 v1 -- 0x7f34d0111a80 con 0x7f34d0102770
2024-02-16T19:27:56.391 INFO:teuthology.orchestra.run.smithi087.stdout:/usr/bin/ceph: stderr
2024-02-16T19:27:55.579+0000 7f34cf7fe700 1 --2- >> [v2:172.21.15.87:3300/0,v1:172.21.15.87:6789/0] conn(0x7f34d0102770 0x7f34d0111540 unknown :-1 s=BANNER_CONNECTING pgs=0 cs=0 l=1 rev1=0 crypto rx=0 tx=0 comp rx=0 tx=0)._handle_peer_banner_payload supported=3 required=0
2024-02-16T19:27:56.391 INFO:teuthology.orchestra.run.smithi087.stdout:/usr/bin/ceph: stderr
2024-02-16T19:27:55.579+0000 7f34cf7fe700 1 --2- >> [v2:172.21.15.87:3300/0,v1:172.21.15.87:6789/0] conn(0x7f34d0102770 0x7f34d0111540 unknown :-1 s=HELLO_CONNECTING pgs=0 cs=0 l=1 rev1=1 crypto rx=0 tx=0 comp rx=0 tx=0).handle_hello peer v2:172.21.15.87:3300/0 says I am v2:172.21.15.87:34712/0 (socket says 172.21.15.87:34712)
2024-02-16T19:27:56.392 INFO:teuthology.orchestra.run.smithi087.stdout:/usr/bin/ceph: stderr
2024-02-16T19:27:55.579+0000 7f34cf7fe700 1 -- 172.21.15.87:0/1825358476 learned_addr learned my addr 172.21.15.87:0/1825358476 (peer_addr_for_me v2:172.21.15.87:0/0)
2024-02-16T19:27:56.392 INFO:teuthology.orchestra.run.smithi087.stdout:/usr/bin/ceph: stderr
2024-02-16T19:27:55.579+0000 7f34cf7fe700 1 -- 172.21.15.87:0/1825358476 --> [v2:172.21.15.87:3300/0,v1:172.21.15.87:6789/0] -- mon_subscribe({config=0+,monmap=0+}) v3 -- 0x7f34c00094f0 con 0x7f34d0102770
2024-02-16T19:27:56.392 INFO:teuthology.orchestra.run.smithi087.stdout:/usr/bin/ceph: stderr
2024-02-16T19:27:55.579+0000 7f34cf7fe700 1 --2- 172.21.15.87:0/1825358476 >> [v2:172.21.15.87:3300/0,v1:172.21.15.87:6789/0] conn(0x7f34d0102770 0x7f34d0111540 secure :-1 s=READY pgs=58 cs=0 l=1 rev1=1 crypto rx=0x7f34c0011650 tx=0x7f34c0009250 comp rx=0 tx=0).ready entity=mon.0 client_cookie=0 server_cookie=0 in_seq=0 out_seq=0
2024-02-16T19:27:56.392 INFO:teuthology.orchestra.run.smithi087.stdout:/usr/bin/ceph: stderr
2024-02-16T19:27:55.579+0000 7f34b7fff700 1 -- 172.21.15.87:0/1825358476 <== mon.0 v2:172.21.15.87:3300/0 1 ==== mon_map magic: 0 v1 ==== 229+0+0 (secure 0 0 0) 0x7f34c0010890 con 0x7f34d0102770
2024-02-16T19:27:56.392 INFO:teuthology.orchestra.run.smithi087.stdout:/usr/bin/ceph: stderr
2024-02-16T19:27:55.579+0000 7f34b7fff700 1 -- 172.21.15.87:0/1825358476 <== mon.0 v2:172.21.15.87:3300/0 2 ==== config(27 keys) v1 ==== 1109+0+0 (secure 0 0 0) 0x7f34c0010ec0 con 0x7f34d0102770
2024-02-16T19:27:56.392 INFO:teuthology.orchestra.run.smithi087.stdout:/usr/bin/ceph: stderr
2024-02-16T19:27:55.579+0000 7f34b7fff700 1 -- 172.21.15.87:0/1825358476 <== mon.0 v2:172.21.15.87:3300/0 3 ==== mon_map magic: 0 v1 ==== 229+0+0 (secure 0 0 0) 0x7f34c001a430 con 0x7f34d0102770
2024-02-16T19:27:56.392 INFO:teuthology.orchestra.run.smithi087.stdout:/usr/bin/ceph: stderr
2024-02-16T19:27:55.579+0000 7f34d5cc6700 1 -- 172.21.15.87:0/1825358476 --> [v2:172.21.15.87:3300/0,v1:172.21.15.87:6789/0] -- mon_subscribe({mgrmap=0+}) v3 -- 0x7f34d0111c80 con 0x7f34d0102770
2024-02-16T19:27:56.392 INFO:teuthology.orchestra.run.smithi087.stdout:/usr/bin/ceph: stderr
2024-02-16T19:27:55.579+0000 7f34d5cc6700 1 -- 172.21.15.87:0/1825358476 --> [v2:172.21.15.87:3300/0,v1:172.21.15.87:6789/0] -- mon_subscribe({osdmap=0}) v3 -- 0x7f34d0112920 con 0x7f34d0102770
2024-02-16T19:27:56.392 INFO:teuthology.orchestra.run.smithi087.stdout:/usr/bin/ceph: stderr
2024-02-16T19:27:55.580+0000 7f34b7fff700 1 -- 172.21.15.87:0/1825358476 <== mon.0 v2:172.21.15.87:3300/0 4 ==== mgrmap(e 8) v1 ==== 43368+0+0 (secure 0 0 0) 0x7f34c001a6b0 con 0x7f34d0102770
2024-02-16T19:27:56.392 INFO:teuthology.orchestra.run.smithi087.stdout:/usr/bin/ceph: stderr
2024-02-16T19:27:55.580+0000 7f34d5cc6700 1 -- 172.21.15.87:0/1825358476 --> [v2:172.21.15.87:3300/0,v1:172.21.15.87:6789/0] -- mon_command({"prefix": "get_command_descriptions"} v 0) v1 -- 0x7f34d005f5c0 con 0x7f34d0102770
2024-02-16T19:27:56.392 INFO:teuthology.orchestra.run.smithi087.stdout:/usr/bin/ceph: stderr
2024-02-16T19:27:55.580+0000 7f34b7fff700 1 --2- 172.21.15.87:0/1825358476 >> [v2:172.21.15.87:6800/2983302054,v1:172.21.15.87:6801/2983302054] conn(0x7f34b8036790 0x7f34b8038c40 unknown :-1 s=NONE pgs=0 cs=0 l=1 rev1=0 crypto rx=0 tx=0 comp rx=0 tx=0).connect
2024-02-16T19:27:56.392 INFO:teuthology.orchestra.run.smithi087.stdout:/usr/bin/ceph: stderr
2024-02-16T19:27:55.580+0000 7f34b7fff700 1 -- 172.21.15.87:0/1825358476 <== mon.0 v2:172.21.15.87:3300/0 5 ==== osd_map(2..2 src has 1..2) v4 ==== 936+0+0 (secure 0 0 0) 0x7f34c004b590 con 0x7f34d0102770
2024-02-16T19:27:56.392 INFO:teuthology.orchestra.run.smithi087.stdout:/usr/bin/ceph: stderr
2024-02-16T19:27:55.581+0000 7f34ceffd700 1 --2- 172.21.15.87:0/1825358476 >> [v2:172.21.15.87:6800/2983302054,v1:172.21.15.87:6801/2983302054] conn(0x7f34b8036790 0x7f34b8038c40 unknown :-1 s=BANNER_CONNECTING pgs=0 cs=0 l=1 rev1=0 crypto rx=0 tx=0 comp rx=0 tx=0)._handle_peer_banner_payload supported=3 required=0
2024-02-16T19:27:56.393 INFO:teuthology.orchestra.run.smithi087.stdout:/usr/bin/ceph: stderr
2024-02-16T19:27:55.581+0000 7f34ceffd700 1 --2- 172.21.15.87:0/1825358476 >> [v2:172.21.15.87:6800/2983302054,v1:172.21.15.87:6801/2983302054] conn(0x7f34b8036790 0x7f34b8038c40 secure :-1 s=READY pgs=17 cs=0 l=1 rev1=1 crypto rx=0x7f34c4009990 tx=0x7f34c4006e40 comp rx=0 tx=0).ready entity=mgr.14120 client_cookie=0 server_cookie=0 in_seq=0 out_seq=0
2024-02-16T19:27:56.393 INFO:teuthology.orchestra.run.smithi087.stdout:/usr/bin/ceph: stderr
2024-02-16T19:27:55.585+0000 7f34b7fff700 1 -- 172.21.15.87:0/1825358476 <== mon.0 v2:172.21.15.87:3300/0 6 ==== mon_command_ack([{"prefix": "get_command_descriptions"}]=0 v0) v1 ==== 72+0+175031 (secure 0 0 0) 0x7f34c002d3f0 con 0x7f34d0102770
2024-02-16T19:27:56.393 INFO:teuthology.orchestra.run.smithi087.stdout:/usr/bin/ceph: stderr
2024-02-16T19:27:55.785+0000 7f34d5cc6700 1 -- 172.21.15.87:0/1825358476 --> [v2:172.21.15.87:6800/2983302054,v1:172.21.15.87:6801/2983302054] -- mgr_command(tid 0: {"prefix": "orch apply", "service_type": "node-exporter", "target": ["mon-mgr", ""]}) v1 -- 0x7f34d00ff3a0 con 0x7f34b8036790
2024-02-16T19:27:56.393 INFO:teuthology.orchestra.run.smithi087.stdout:/usr/bin/ceph: stderr
2024-02-16T19:27:55.790+0000 7f34b7fff700 1 -- 172.21.15.87:0/1825358476 <== mgr.14120 v2:172.21.15.87:6800/2983302054 1 ==== mgr_command_reply(tid 0: 0 ) v1 ==== 8+0+34 (secure 0 0 0) 0x7f34d00ff3a0 con 0x7f34b8036790
2024-02-16T19:27:56.393 INFO:teuthology.orchestra.run.smithi087.stdout:/usr/bin/ceph: stderr
2024-02-16T19:27:55.792+0000 7f34d5cc6700 1 -- 172.21.15.87:0/1825358476 >> [v2:172.21.15.87:6800/2983302054,v1:172.21.15.87:6801/2983302054] conn(0x7f34b8036790 msgr2=0x7f34b8038c40 secure :-1 s=STATE_CONNECTION_ESTABLISHED l=1).mark_down
2024-02-16T19:27:56.393 INFO:teuthology.orchestra.run.smithi087.stdout:/usr/bin/ceph: stderr
2024-02-16T19:27:55.792+0000 7f34d5cc6700 1 --2- 172.21.15.87:0/1825358476 >> [v2:172.21.15.87:6800/2983302054,v1:172.21.15.87:6801/2983302054] conn(0x7f34b8036790 0x7f34b8038c40 secure :-1 s=READY pgs=17 cs=0 l=1 rev1=1 crypto rx=0x7f34c4009990 tx=0x7f34c4006e40 comp rx=0 tx=0).stop
2024-02-16T19:27:56.393 INFO:teuthology.orchestra.run.smithi087.stdout:/usr/bin/ceph: stderr
2024-02-16T19:27:55.792+0000 7f34d5cc6700 1 -- 172.21.15.87:0/1825358476 >> [v2:172.21.15.87:3300/0,v1:172.21.15.87:6789/0] conn(0x7f34d0102770 msgr2=0x7f34d0111540 secure :-1 s=STATE_CONNECTION_ESTABLISHED l=1).mark_down
2024-02-16T19:27:56.393 INFO:teuthology.orchestra.run.smithi087.stdout:/usr/bin/ceph: stderr
2024-02-16T19:27:55.792+0000 7f34d5cc6700 1 --2- 172.21.15.87:0/1825358476 >> [v2:172.21.15.87:3300/0,v1:172.21.15.87:6789/0] conn(0x7f34d0102770 0x7f34d0111540 secure :-1 s=READY pgs=58 cs=0 l=1 rev1=1 crypto rx=0x7f34c0011650 tx=0x7f34c0009250 comp rx=0 tx=0).stop
2024-02-16T19:27:56.393 INFO:teuthology.orchestra.run.smithi087.stdout:/usr/bin/ceph: stderr
2024-02-16T19:27:55.792+0000 7f34d5cc6700 1 -- 172.21.15.87:0/1825358476 shutdown_connections
2024-02-16T19:27:56.393 INFO:teuthology.orchestra.run.smithi087.stdout:/usr/bin/ceph: stderr
2024-02-16T19:27:55.792+0000 7f34d5cc6700 1 --2- 172.21.15.87:0/1825358476 >> [v2:172.21.15.87:6800/2983302054,v1:172.21.15.87:6801/2983302054] conn(0x7f34b8036790 0x7f34b8038c40 unknown :-1 s=CLOSED pgs=17 cs=0 l=1 rev1=1 crypto rx=0 tx=0 comp rx=0 tx=0).stop
2024-02-16T19:27:56.393 INFO:teuthology.orchestra.run.smithi087.stdout:/usr/bin/ceph: stderr
2024-02-16T19:27:55.792+0000 7f34d5cc6700 1 --2- 172.21.15.87:0/1825358476 >> [v2:172.21.15.87:3300/0,v1:172.21.15.87:6789/0] conn(0x7f34d0102770 0x7f34d0111540 unknown :-1 s=CLOSED pgs=58 cs=0 l=1 rev1=1 crypto rx=0 tx=0 comp rx=0 tx=0).stop
2024-02-16T19:27:56.393 INFO:teuthology.orchestra.run.smithi087.stdout:/usr/bin/ceph: stderr
2024-02-16T19:27:55.792+0000 7f34d5cc6700 1 -- 172.21.15.87:0/1825358476 >> 172.21.15.87:0/1825358476 conn(0x7f34d00fded0 msgr2=0x7f34d00fec90 unknown :-1 s=STATE_NONE l=0).mark_down
2024-02-16T19:27:56.393 INFO:teuthology.orchestra.run.smithi087.stdout:/usr/bin/ceph: stderr
2024-02-16T19:27:55.792+0000 7f34d5cc6700 1 -- 172.21.15.87:0/1825358476 shutdown_connections
2024-02-16T19:27:56.394 INFO:teuthology.orchestra.run.smithi087.stdout:/usr/bin/ceph: stderr
2024-02-16T19:27:55.792+0000 7f34d5cc6700 1 -- 172.21.15.87:0/1825358476 wait complete.
2024-02-16T19:27:56.394 INFO:teuthology.orchestra.run.smithi087.stdout:Deploying alertmanager service with default placement...
2024-02-16T19:27:57.027 INFO:journalctl@ceph.mon.smithi087.smithi087.stdout:Feb 16 19:27:56 smithi087 ceph-mon[29135]: from='client.14152 -' entity='client.admin' cmd=[{"prefix": "orch apply", "service_type": "node-exporter", "target": ["mon-mgr", ""]}]: dispatch
2024-02-16T19:27:57.027 INFO:journalctl@ceph.mon.smithi087.smithi087.stdout:Feb 16 19:27:56 smithi087 ceph-mon[29135]: Saving service node-exporter spec with placement *
2024-02-16T19:27:57.027 INFO:journalctl@ceph.mon.smithi087.smithi087.stdout:Feb 16 19:27:56 smithi087 ceph-mon[29135]: from='mgr.14120 172.21.15.87:0/126490938' entity='mgr.smithi087.cojpks'
2024-02-16T19:27:57.504 INFO:teuthology.orchestra.run.smithi087.stdout:/usr/bin/ceph: stdout Scheduled alertmanager update...
2024-02-16T19:27:57.505 INFO:teuthology.orchestra.run.smithi087.stdout:/usr/bin/ceph: stderr
2024-02-16T19:27:56.755+0000 7f99db29e700 1 Processor -- start
2024-02-16T19:27:57.505 INFO:teuthology.orchestra.run.smithi087.stdout:/usr/bin/ceph: stderr
2024-02-16T19:27:56.755+0000 7f99db29e700 1 -- start start
2024-02-16T19:27:57.505 INFO:teuthology.orchestra.run.smithi087.stdout:/usr/bin/ceph: stderr
2024-02-16T19:27:56.755+0000 7f99db29e700 1 --2- >> [v2:172.21.15.87:3300/0,v1:172.21.15.87:6789/0] conn(0x7f99d4102770 0x7f99d4102b80 unknown :-1 s=NONE pgs=0 cs=0 l=0 rev1=0 crypto rx=0 tx=0 comp rx=0 tx=0).connect
2024-02-16T19:27:57.505 INFO:teuthology.orchestra.run.smithi087.stdout:/usr/bin/ceph: stderr
2024-02-16T19:27:56.755+0000 7f99db29e700 1 -- --> [v2:172.21.15.87:3300/0,v1:172.21.15.87:6789/0] -- mon_getmap magic: 0 v1 -- 0x7f99d41030c0 con 0x7f99d4102770
2024-02-16T19:27:57.505 INFO:teuthology.orchestra.run.smithi087.stdout:/usr/bin/ceph: stderr
2024-02-16T19:27:56.755+0000 7f99d903a700 1 --2- >> [v2:172.21.15.87:3300/0,v1:172.21.15.87:6789/0] conn(0x7f99d4102770 0x7f99d4102b80 unknown :-1 s=BANNER_CONNECTING pgs=0 cs=0 l=0 rev1=0 crypto rx=0 tx=0 comp rx=0 tx=0)._handle_peer_banner_payload supported=3 required=0
2024-02-16T19:27:57.505 INFO:teuthology.orchestra.run.smithi087.stdout:/usr/bin/ceph: stderr
2024-02-16T19:27:56.755+0000 7f99d903a700 1 --2- >> [v2:172.21.15.87:3300/0,v1:172.21.15.87:6789/0] conn(0x7f99d4102770 0x7f99d4102b80 unknown :-1 s=HELLO_CONNECTING pgs=0 cs=0 l=0 rev1=1 crypto rx=0 tx=0 comp rx=0 tx=0).handle_hello peer v2:172.21.15.87:3300/0 says I am v2:172.21.15.87:34724/0 (socket says 172.21.15.87:34724)
2024-02-16T19:27:57.505 INFO:teuthology.orchestra.run.smithi087.stdout:/usr/bin/ceph: stderr
2024-02-16T19:27:56.755+0000 7f99d903a700 1 -- 172.21.15.87:0/2748459147 learned_addr learned my addr 172.21.15.87:0/2748459147 (peer_addr_for_me v2:172.21.15.87:0/0)
2024-02-16T19:27:57.505 INFO:teuthology.orchestra.run.smithi087.stdout:/usr/bin/ceph: stderr
2024-02-16T19:27:56.755+0000 7f99d903a700 1 -- 172.21.15.87:0/2748459147 --> [v2:172.21.15.87:3300/0,v1:172.21.15.87:6789/0] -- mon_subscribe({config=0+,monmap=0+}) v3 -- 0x7f99d4103200 con 0x7f99d4102770
2024-02-16T19:27:57.505 INFO:teuthology.orchestra.run.smithi087.stdout:/usr/bin/ceph: stderr
2024-02-16T19:27:56.756+0000 7f99d903a700 1 --2- 172.21.15.87:0/2748459147 >> [v2:172.21.15.87:3300/0,v1:172.21.15.87:6789/0] conn(0x7f99d4102770 0x7f99d4102b80 secure :-1 s=READY pgs=59 cs=0 l=1 rev1=1 crypto rx=0x7f99c40098e0 tx=0x7f99c4009250 comp rx=0 tx=0).ready entity=mon.0 client_cookie=1bc95e2293617d46 server_cookie=0 in_seq=0 out_seq=0
2024-02-16T19:27:57.505 INFO:teuthology.orchestra.run.smithi087.stdout:/usr/bin/ceph: stderr
2024-02-16T19:27:56.756+0000 7f99cbfff700 1 -- 172.21.15.87:0/2748459147 <== mon.0 v2:172.21.15.87:3300/0 1 ==== mon_map magic: 0 v1 ==== 229+0+0 (secure 0 0 0) 0x7f99c400b860 con 0x7f99d4102770
2024-02-16T19:27:57.505 INFO:teuthology.orchestra.run.smithi087.stdout:/usr/bin/ceph: stderr
2024-02-16T19:27:56.756+0000 7f99cbfff700 1 -- 172.21.15.87:0/2748459147 <== mon.0 v2:172.21.15.87:3300/0 2 ==== config(27 keys) v1 ==== 1109+0+0 (secure 0 0 0) 0x7f99c400be90 con 0x7f99d4102770
2024-02-16T19:27:57.506 INFO:teuthology.orchestra.run.smithi087.stdout:/usr/bin/ceph: stderr
2024-02-16T19:27:56.756+0000 7f99cbfff700 1 -- 172.21.15.87:0/2748459147 <== mon.0 v2:172.21.15.87:3300/0 3 ==== mon_map magic: 0 v1 ==== 229+0+0 (secure 0 0 0) 0x7f99c40103c0 con 0x7f99d4102770
2024-02-16T19:27:57.506 INFO:teuthology.orchestra.run.smithi087.stdout:/usr/bin/ceph: stderr
2024-02-16T19:27:56.756+0000 7f99db29e700 1 -- 172.21.15.87:0/2748459147 >> [v2:172.21.15.87:3300/0,v1:172.21.15.87:6789/0] conn(0x7f99d4102770 msgr2=0x7f99d4102b80 secure :-1 s=STATE_CONNECTION_ESTABLISHED l=1).mark_down
2024-02-16T19:27:57.506 INFO:teuthology.orchestra.run.smithi087.stdout:/usr/bin/ceph: stderr
2024-02-16T19:27:56.756+0000 7f99db29e700 1 --2- 172.21.15.87:0/2748459147 >> [v2:172.21.15.87:3300/0,v1:172.21.15.87:6789/0] conn(0x7f99d4102770 0x7f99d4102b80 secure :-1 s=READY pgs=59 cs=0 l=1 rev1=1 crypto rx=0x7f99c40098e0 tx=0x7f99c4009250 comp rx=0 tx=0).stop
2024-02-16T19:27:57.506 INFO:teuthology.orchestra.run.smithi087.stdout:/usr/bin/ceph: stderr
2024-02-16T19:27:56.756+0000 7f99db29e700 1 -- 172.21.15.87:0/2748459147 shutdown_connections
2024-02-16T19:27:57.506 INFO:teuthology.orchestra.run.smithi087.stdout:/usr/bin/ceph: stderr
2024-02-16T19:27:56.756+0000 7f99db29e700 1 --2- 172.21.15.87:0/2748459147 >> [v2:172.21.15.87:3300/0,v1:172.21.15.87:6789/0] conn(0x7f99d4102770 0x7f99d4102b80 unknown :-1 s=CLOSED pgs=59 cs=0 l=1 rev1=1 crypto rx=0 tx=0 comp rx=0 tx=0).stop
2024-02-16T19:27:57.506 INFO:teuthology.orchestra.run.smithi087.stdout:/usr/bin/ceph: stderr
2024-02-16T19:27:56.756+0000 7f99db29e700 1 -- 172.21.15.87:0/2748459147 >> 172.21.15.87:0/2748459147 conn(0x7f99d40fded0 msgr2=0x7f99d4100300 unknown :-1 s=STATE_NONE l=0).mark_down
2024-02-16T19:27:57.506 INFO:teuthology.orchestra.run.smithi087.stdout:/usr/bin/ceph: stderr
2024-02-16T19:27:56.757+0000 7f99db29e700 1 -- 172.21.15.87:0/2748459147 shutdown_connections
2024-02-16T19:27:57.506 INFO:teuthology.orchestra.run.smithi087.stdout:/usr/bin/ceph: stderr
2024-02-16T19:27:56.757+0000 7f99db29e700 1 -- 172.21.15.87:0/2748459147 wait complete.
2024-02-16T19:27:57.506 INFO:teuthology.orchestra.run.smithi087.stdout:/usr/bin/ceph: stderr
2024-02-16T19:27:56.757+0000 7f99db29e700 1 Processor -- start
2024-02-16T19:27:57.506 INFO:teuthology.orchestra.run.smithi087.stdout:/usr/bin/ceph: stderr
2024-02-16T19:27:56.757+0000 7f99db29e700 1 -- start start
2024-02-16T19:27:57.506 INFO:teuthology.orchestra.run.smithi087.stdout:/usr/bin/ceph: stderr
2024-02-16T19:27:56.757+0000 7f99db29e700 1 --2- >> [v2:172.21.15.87:3300/0,v1:172.21.15.87:6789/0] conn(0x7f99d4102770 0x7f99d41115b0 unknown :-1 s=NONE pgs=0 cs=0 l=1 rev1=0 crypto rx=0 tx=0 comp rx=0 tx=0).connect
2024-02-16T19:27:57.506 INFO:teuthology.orchestra.run.smithi087.stdout:/usr/bin/ceph: stderr
2024-02-16T19:27:56.757+0000 7f99db29e700 1 -- --> [v2:172.21.15.87:3300/0,v1:172.21.15.87:6789/0] -- mon_getmap magic: 0 v1 -- 0x7f99d4111af0 con 0x7f99d4102770
2024-02-16T19:27:57.506 INFO:teuthology.orchestra.run.smithi087.stdout:/usr/bin/ceph: stderr
2024-02-16T19:27:56.757+0000 7f99d903a700 1 --2- >> [v2:172.21.15.87:3300/0,v1:172.21.15.87:6789/0] conn(0x7f99d4102770 0x7f99d41115b0 unknown :-1 s=BANNER_CONNECTING pgs=0 cs=0 l=1 rev1=0 crypto rx=0 tx=0 comp rx=0 tx=0)._handle_peer_banner_payload supported=3 required=0
2024-02-16T19:27:57.507 INFO:teuthology.orchestra.run.smithi087.stdout:/usr/bin/ceph: stderr
2024-02-16T19:27:56.757+0000 7f99d903a700 1 --2- >> [v2:172.21.15.87:3300/0,v1:172.21.15.87:6789/0] conn(0x7f99d4102770 0x7f99d41115b0 unknown :-1 s=HELLO_CONNECTING pgs=0 cs=0 l=1 rev1=1 crypto rx=0 tx=0 comp rx=0 tx=0).handle_hello peer v2:172.21.15.87:3300/0 says I am v2:172.21.15.87:34728/0 (socket says 172.21.15.87:34728)
2024-02-16T19:27:57.507 INFO:teuthology.orchestra.run.smithi087.stdout:/usr/bin/ceph: stderr
2024-02-16T19:27:56.757+0000 7f99d903a700 1 -- 172.21.15.87:0/1664706262 learned_addr learned my addr 172.21.15.87:0/1664706262 (peer_addr_for_me v2:172.21.15.87:0/0)
2024-02-16T19:27:57.507 INFO:teuthology.orchestra.run.smithi087.stdout:/usr/bin/ceph: stderr
2024-02-16T19:27:56.758+0000 7f99d903a700 1 -- 172.21.15.87:0/1664706262 --> [v2:172.21.15.87:3300/0,v1:172.21.15.87:6789/0] -- mon_subscribe({config=0+,monmap=0+}) v3 -- 0x7f99c40094f0 con 0x7f99d4102770
2024-02-16T19:27:57.507 INFO:teuthology.orchestra.run.smithi087.stdout:/usr/bin/ceph: stderr
2024-02-16T19:27:56.758+0000 7f99d903a700 1 --2- 172.21.15.87:0/1664706262 >> [v2:172.21.15.87:3300/0,v1:172.21.15.87:6789/0] conn(0x7f99d4102770 0x7f99d41115b0 secure :-1 s=READY pgs=60 cs=0 l=1 rev1=1 crypto rx=0x7f99c40090b0 tx=0x7f99c4009250 comp rx=0 tx=0).ready entity=mon.0 client_cookie=0 server_cookie=0 in_seq=0 out_seq=0
2024-02-16T19:27:57.507 INFO:teuthology.orchestra.run.smithi087.stdout:/usr/bin/ceph: stderr
2024-02-16T19:27:56.758+0000 7f99c9ffb700 1 -- 172.21.15.87:0/1664706262 <== mon.0 v2:172.21.15.87:3300/0 1 ==== mon_map magic: 0 v1 ==== 229+0+0 (secure 0 0 0) 0x7f99c4010840 con 0x7f99d4102770
2024-02-16T19:27:57.507 INFO:teuthology.orchestra.run.smithi087.stdout:/usr/bin/ceph: stderr
2024-02-16T19:27:56.758+0000 7f99c9ffb700 1 -- 172.21.15.87:0/1664706262 <== mon.0 v2:172.21.15.87:3300/0 2 ==== config(27 keys) v1 ==== 1109+0+0 (secure 0 0 0) 0x7f99c4010e70 con 0x7f99d4102770
2024-02-16T19:27:57.507 INFO:teuthology.orchestra.run.smithi087.stdout:/usr/bin/ceph: stderr
2024-02-16T19:27:56.758+0000 7f99db29e700 1 -- 172.21.15.87:0/1664706262 --> [v2:172.21.15.87:3300/0,v1:172.21.15.87:6789/0] -- mon_subscribe({mgrmap=0+}) v3 -- 0x7f99d4111cf0 con 0x7f99d4102770
2024-02-16T19:27:57.507 INFO:teuthology.orchestra.run.smithi087.stdout:/usr/bin/ceph: stderr
2024-02-16T19:27:56.758+0000 7f99c9ffb700 1 -- 172.21.15.87:0/1664706262 <== mon.0 v2:172.21.15.87:3300/0 3 ==== mon_map magic: 0 v1 ==== 229+0+0 (secure 0 0 0) 0x7f99c4024e40 con 0x7f99d4102770
2024-02-16T19:27:57.507 INFO:teuthology.orchestra.run.smithi087.stdout:/usr/bin/ceph: stderr
2024-02-16T19:27:56.758+0000 7f99db29e700 1 -- 172.21.15.87:0/1664706262 --> [v2:172.21.15.87:3300/0,v1:172.21.15.87:6789/0] -- mon_subscribe({osdmap=0}) v3 -- 0x7f99d4112990 con 0x7f99d4102770
2024-02-16T19:27:57.507 INFO:teuthology.orchestra.run.smithi087.stdout:/usr/bin/ceph: stderr
2024-02-16T19:27:56.759+0000 7f99c9ffb700 1 -- 172.21.15.87:0/1664706262 <== mon.0 v2:172.21.15.87:3300/0 4 ==== mgrmap(e 8) v1 ==== 43368+0+0 (secure 0 0 0) 0x7f99c401a4e0 con 0x7f99d4102770
2024-02-16T19:27:57.507 INFO:teuthology.orchestra.run.smithi087.stdout:/usr/bin/ceph: stderr
2024-02-16T19:27:56.759+0000 7f99db29e700 1 -- 172.21.15.87:0/1664706262 --> [v2:172.21.15.87:3300/0,v1:172.21.15.87:6789/0] -- mon_command({"prefix": "get_command_descriptions"} v 0) v1 -- 0x7f99d405f5c0 con 0x7f99d4102770
2024-02-16T19:27:57.507 INFO:teuthology.orchestra.run.smithi087.stdout:/usr/bin/ceph: stderr
2024-02-16T19:27:56.759+0000 7f99c9ffb700 1 --2- 172.21.15.87:0/1664706262 >> [v2:172.21.15.87:6800/2983302054,v1:172.21.15.87:6801/2983302054] conn(0x7f99c0036790 0x7f99c0038c40 unknown :-1 s=NONE pgs=0 cs=0 l=1 rev1=0 crypto rx=0 tx=0 comp rx=0 tx=0).connect
2024-02-16T19:27:57.507 INFO:teuthology.orchestra.run.smithi087.stdout:/usr/bin/ceph: stderr
2024-02-16T19:27:56.759+0000 7f99c9ffb700 1 -- 172.21.15.87:0/1664706262 <== mon.0 v2:172.21.15.87:3300/0 5 ==== osd_map(2..2 src has 1..2) v4 ==== 936+0+0 (secure 0 0 0) 0x7f99c404a910 con 0x7f99d4102770
2024-02-16T19:27:57.508 INFO:teuthology.orchestra.run.smithi087.stdout:/usr/bin/ceph: stderr
2024-02-16T19:27:56.759+0000 7f99d8839700 1 --2- 172.21.15.87:0/1664706262 >> [v2:172.21.15.87:6800/2983302054,v1:172.21.15.87:6801/2983302054] conn(0x7f99c0036790 0x7f99c0038c40 unknown :-1 s=BANNER_CONNECTING pgs=0 cs=0 l=1 rev1=0 crypto rx=0 tx=0 comp rx=0 tx=0)._handle_peer_banner_payload supported=3 required=0
2024-02-16T19:27:57.508 INFO:teuthology.orchestra.run.smithi087.stdout:/usr/bin/ceph: stderr
2024-02-16T19:27:56.760+0000 7f99d8839700 1 --2- 172.21.15.87:0/1664706262 >> [v2:172.21.15.87:6800/2983302054,v1:172.21.15.87:6801/2983302054] conn(0x7f99c0036790 0x7f99c0038c40 secure :-1 s=READY pgs=18 cs=0 l=1 rev1=1 crypto rx=0x7f99d0009990 tx=0x7f99d0006e40 comp rx=0 tx=0).ready entity=mgr.14120 client_cookie=0 server_cookie=0 in_seq=0 out_seq=0
2024-02-16T19:27:57.508 INFO:teuthology.orchestra.run.smithi087.stdout:/usr/bin/ceph: stderr
2024-02-16T19:27:56.764+0000 7f99c9ffb700 1 -- 172.21.15.87:0/1664706262 <== mon.0 v2:172.21.15.87:3300/0 6 ==== mon_command_ack([{"prefix": "get_command_descriptions"}]=0 v0) v1 ==== 72+0+175031 (secure 0 0 0) 0x7f99c4018940 con 0x7f99d4102770
2024-02-16T19:27:57.508 INFO:teuthology.orchestra.run.smithi087.stdout:/usr/bin/ceph: stderr
2024-02-16T19:27:56.955+0000 7f99db29e700 1 -- 172.21.15.87:0/1664706262 --> [v2:172.21.15.87:6800/2983302054,v1:172.21.15.87:6801/2983302054] -- mgr_command(tid 0: {"prefix": "orch apply", "service_type": "alertmanager", "target": ["mon-mgr", ""]}) v1 -- 0x7f99d41001b0 con 0x7f99c0036790
2024-02-16T19:27:57.508 INFO:teuthology.orchestra.run.smithi087.stdout:/usr/bin/ceph: stderr
2024-02-16T19:27:56.962+0000 7f99c9ffb700 1 -- 172.21.15.87:0/1664706262 <== mgr.14120 v2:172.21.15.87:6800/2983302054 1 ==== mgr_command_reply(tid 0: 0 ) v1 ==== 8+0+33 (secure 0 0 0) 0x7f99d41001b0 con 0x7f99c0036790
2024-02-16T19:27:57.508 INFO:teuthology.orchestra.run.smithi087.stdout:/usr/bin/ceph: stderr
