2024-02-16T19:42:22.800+0000 7f2aebd73700 1 -- 172.21.15.19:0/201574719 >> [v2:172.21.15.19:3300/0,v1:172.21.15.19:6789/0] conn(0x7f2ae407beb0 msgr2=0x7f2ae419c340 secure :-1 s=STATE_CONNECTION_ESTABLISHED l=1).mark_down
2024-02-16T19:42:23.398 INFO:teuthology.orchestra.run.smithi019.stdout:/usr/bin/ceph: stderr
2024-02-16T19:42:22.800+0000 7f2aebd73700 1 --2- 172.21.15.19:0/201574719 >> [v2:172.21.15.19:3300/0,v1:172.21.15.19:6789/0] conn(0x7f2ae407beb0 0x7f2ae419c340 secure :-1 s=READY pgs=54 cs=0 l=1 rev1=1 crypto rx=0x7f2adc006ba0 tx=0x7f2adc011b50 comp rx=0 tx=0).stop
2024-02-16T19:42:23.398 INFO:teuthology.orchestra.run.smithi019.stdout:/usr/bin/ceph: stderr
2024-02-16T19:42:22.800+0000 7f2aebd73700 1 -- 172.21.15.19:0/201574719 shutdown_connections
2024-02-16T19:42:23.398 INFO:teuthology.orchestra.run.smithi019.stdout:/usr/bin/ceph: stderr
2024-02-16T19:42:22.800+0000 7f2aebd73700 1 --2- 172.21.15.19:0/201574719 >> [v2:172.21.15.19:6800/867584742,v1:172.21.15.19:6801/867584742] conn(0x7f2acc0382d0 0x7f2acc03a790 unknown :-1 s=CLOSED pgs=17 cs=0 l=1 rev1=1 crypto rx=0 tx=0 comp rx=0 tx=0).stop
2024-02-16T19:42:23.398 INFO:teuthology.orchestra.run.smithi019.stdout:/usr/bin/ceph: stderr
2024-02-16T19:42:22.800+0000 7f2aebd73700 1 --2- 172.21.15.19:0/201574719 >> [v2:172.21.15.19:3300/0,v1:172.21.15.19:6789/0] conn(0x7f2ae407beb0 0x7f2ae419c340 unknown :-1 s=CLOSED pgs=54 cs=0 l=1 rev1=1 crypto rx=0 tx=0 comp rx=0 tx=0).stop
2024-02-16T19:42:23.398 INFO:teuthology.orchestra.run.smithi019.stdout:/usr/bin/ceph: stderr
2024-02-16T19:42:22.800+0000 7f2aebd73700 1 -- 172.21.15.19:0/201574719 >> 172.21.15.19:0/201574719 conn(0x7f2ae4101a00 msgr2=0x7f2ae41030a0 unknown :-1 s=STATE_NONE l=0).mark_down
2024-02-16T19:42:23.398 INFO:teuthology.orchestra.run.smithi019.stdout:/usr/bin/ceph: stderr
2024-02-16T19:42:22.800+0000 7f2aebd73700 1 -- 172.21.15.19:0/201574719 shutdown_connections
2024-02-16T19:42:23.398 INFO:teuthology.orchestra.run.smithi019.stdout:/usr/bin/ceph: stderr
2024-02-16T19:42:22.800+0000 7f2aebd73700 1 -- 172.21.15.19:0/201574719 wait complete.
2024-02-16T19:42:23.398 INFO:teuthology.orchestra.run.smithi019.stdout:Deploying node-exporter service with default placement...
2024-02-16T19:42:24.059 INFO:journalctl@ceph.mon.smithi019.smithi019.stdout:Feb 16 19:42:23 smithi019 ceph-mon[28862]: from='client.14148 -' entity='client.admin' cmd=[{"prefix": "orch apply", "service_type": "grafana", "target": ["mon-mgr", ""]}]: dispatch
2024-02-16T19:42:24.059 INFO:journalctl@ceph.mon.smithi019.smithi019.stdout:Feb 16 19:42:23 smithi019 ceph-mon[28862]: Saving service grafana spec with placement count:1
2024-02-16T19:42:24.059 INFO:journalctl@ceph.mon.smithi019.smithi019.stdout:Feb 16 19:42:23 smithi019 ceph-mon[28862]: from='mgr.14116 172.21.15.19:0/1277565775' entity='mgr.smithi019.anpxxi'
2024-02-16T19:42:24.059 INFO:journalctl@ceph.mon.smithi019.smithi019.stdout:Feb 16 19:42:23 smithi019 ceph-mon[28862]: pgmap v3: 0 pgs: ; 0 B data, 0 B used, 0 B / 0 B avail
2024-02-16T19:42:24.608 INFO:teuthology.orchestra.run.smithi019.stdout:/usr/bin/ceph: stdout Scheduled node-exporter update...
2024-02-16T19:42:24.608 INFO:teuthology.orchestra.run.smithi019.stdout:/usr/bin/ceph: stderr
2024-02-16T19:42:23.838+0000 7f18269c5700 1 Processor -- start
2024-02-16T19:42:24.608 INFO:teuthology.orchestra.run.smithi019.stdout:/usr/bin/ceph: stderr
2024-02-16T19:42:23.838+0000 7f18269c5700 1 -- start start
2024-02-16T19:42:24.608 INFO:teuthology.orchestra.run.smithi019.stdout:/usr/bin/ceph: stderr
2024-02-16T19:42:23.838+0000 7f18269c5700 1 --2- >> [v2:172.21.15.19:3300/0,v1:172.21.15.19:6789/0] conn(0x7f1820106920 0x7f1820106d40 unknown :-1 s=NONE pgs=0 cs=0 l=0 rev1=0 crypto rx=0 tx=0 comp rx=0 tx=0).connect
2024-02-16T19:42:24.608 INFO:teuthology.orchestra.run.smithi019.stdout:/usr/bin/ceph: stderr
2024-02-16T19:42:23.838+0000 7f18269c5700 1 -- --> [v2:172.21.15.19:3300/0,v1:172.21.15.19:6789/0] -- mon_getmap magic: 0 v1 -- 0x7f1820107310 con 0x7f1820106920
2024-02-16T19:42:24.609 INFO:teuthology.orchestra.run.smithi019.stdout:/usr/bin/ceph: stderr
2024-02-16T19:42:23.838+0000 7f181ffff700 1 --2- >> [v2:172.21.15.19:3300/0,v1:172.21.15.19:6789/0] conn(0x7f1820106920 0x7f1820106d40 unknown :-1 s=BANNER_CONNECTING pgs=0 cs=0 l=0 rev1=0 crypto rx=0 tx=0 comp rx=0 tx=0)._handle_peer_banner_payload supported=3 required=0
2024-02-16T19:42:24.609 INFO:teuthology.orchestra.run.smithi019.stdout:/usr/bin/ceph: stderr
2024-02-16T19:42:23.838+0000 7f181ffff700 1 --2- >> [v2:172.21.15.19:3300/0,v1:172.21.15.19:6789/0] conn(0x7f1820106920 0x7f1820106d40 unknown :-1 s=HELLO_CONNECTING pgs=0 cs=0 l=0 rev1=1 crypto rx=0 tx=0 comp rx=0 tx=0).handle_hello peer v2:172.21.15.19:3300/0 says I am v2:172.21.15.19:51222/0 (socket says 172.21.15.19:51222)
2024-02-16T19:42:24.609 INFO:teuthology.orchestra.run.smithi019.stdout:/usr/bin/ceph: stderr
2024-02-16T19:42:23.838+0000 7f181ffff700 1 -- 172.21.15.19:0/2421503470 learned_addr learned my addr 172.21.15.19:0/2421503470 (peer_addr_for_me v2:172.21.15.19:0/0)
2024-02-16T19:42:24.609 INFO:teuthology.orchestra.run.smithi019.stdout:/usr/bin/ceph: stderr
2024-02-16T19:42:23.839+0000 7f181ffff700 1 -- 172.21.15.19:0/2421503470 --> [v2:172.21.15.19:3300/0,v1:172.21.15.19:6789/0] -- mon_subscribe({config=0+,monmap=0+}) v3 -- 0x7f1820105530 con 0x7f1820106920
2024-02-16T19:42:24.609 INFO:teuthology.orchestra.run.smithi019.stdout:/usr/bin/ceph: stderr
2024-02-16T19:42:23.839+0000 7f181ffff700 1 --2- 172.21.15.19:0/2421503470 >> [v2:172.21.15.19:3300/0,v1:172.21.15.19:6789/0] conn(0x7f1820106920 0x7f1820106d40 secure :-1 s=READY pgs=55 cs=0 l=1 rev1=1 crypto rx=0x7f18100098a0 tx=0x7f1810009bb0 comp rx=0 tx=0).ready entity=mon.0 client_cookie=853e6d53f5ffea80 server_cookie=0 in_seq=0 out_seq=0
2024-02-16T19:42:24.609 INFO:teuthology.orchestra.run.smithi019.stdout:/usr/bin/ceph: stderr
2024-02-16T19:42:23.839+0000 7f181effd700 1 -- 172.21.15.19:0/2421503470 <== mon.0 v2:172.21.15.19:3300/0 1 ==== mon_map magic: 0 v1 ==== 229+0+0 (secure 0 0 0) 0x7f1810004180 con 0x7f1820106920
2024-02-16T19:42:24.609 INFO:teuthology.orchestra.run.smithi019.stdout:/usr/bin/ceph: stderr
2024-02-16T19:42:23.839+0000 7f181effd700 1 -- 172.21.15.19:0/2421503470 <== mon.0 v2:172.21.15.19:3300/0 2 ==== config(27 keys) v1 ==== 1101+0+0 (secure 0 0 0) 0x7f18100042e0 con 0x7f1820106920
2024-02-16T19:42:24.609 INFO:teuthology.orchestra.run.smithi019.stdout:/usr/bin/ceph: stderr
2024-02-16T19:42:23.839+0000 7f181effd700 1 -- 172.21.15.19:0/2421503470 <== mon.0 v2:172.21.15.19:3300/0 3 ==== mon_map magic: 0 v1 ==== 229+0+0 (secure 0 0 0) 0x7f1810011af0 con 0x7f1820106920
2024-02-16T19:42:24.609 INFO:teuthology.orchestra.run.smithi019.stdout:/usr/bin/ceph: stderr
2024-02-16T19:42:23.840+0000 7f18269c5700 1 -- 172.21.15.19:0/2421503470 >> [v2:172.21.15.19:3300/0,v1:172.21.15.19:6789/0] conn(0x7f1820106920 msgr2=0x7f1820106d40 secure :-1 s=STATE_CONNECTION_ESTABLISHED l=1).mark_down
2024-02-16T19:42:24.609 INFO:teuthology.orchestra.run.smithi019.stdout:/usr/bin/ceph: stderr
2024-02-16T19:42:23.840+0000 7f18269c5700 1 --2- 172.21.15.19:0/2421503470 >> [v2:172.21.15.19:3300/0,v1:172.21.15.19:6789/0] conn(0x7f1820106920 0x7f1820106d40 secure :-1 s=READY pgs=55 cs=0 l=1 rev1=1 crypto rx=0x7f18100098a0 tx=0x7f1810009bb0 comp rx=0 tx=0).stop
2024-02-16T19:42:24.609 INFO:teuthology.orchestra.run.smithi019.stdout:/usr/bin/ceph: stderr
2024-02-16T19:42:23.840+0000 7f18269c5700 1 -- 172.21.15.19:0/2421503470 shutdown_connections
2024-02-16T19:42:24.609 INFO:teuthology.orchestra.run.smithi019.stdout:/usr/bin/ceph: stderr
2024-02-16T19:42:23.840+0000 7f18269c5700 1 --2- 172.21.15.19:0/2421503470 >> [v2:172.21.15.19:3300/0,v1:172.21.15.19:6789/0] conn(0x7f1820106920 0x7f1820106d40 unknown :-1 s=CLOSED pgs=55 cs=0 l=1 rev1=1 crypto rx=0 tx=0 comp rx=0 tx=0).stop
2024-02-16T19:42:24.609 INFO:teuthology.orchestra.run.smithi019.stdout:/usr/bin/ceph: stderr
2024-02-16T19:42:23.840+0000 7f18269c5700 1 -- 172.21.15.19:0/2421503470 >> 172.21.15.19:0/2421503470 conn(0x7f1820100040 msgr2=0x7f18201024a0 unknown :-1 s=STATE_NONE l=0).mark_down
2024-02-16T19:42:24.609 INFO:teuthology.orchestra.run.smithi019.stdout:/usr/bin/ceph: stderr
2024-02-16T19:42:23.840+0000 7f18269c5700 1 -- 172.21.15.19:0/2421503470 shutdown_connections
2024-02-16T19:42:24.610 INFO:teuthology.orchestra.run.smithi019.stdout:/usr/bin/ceph: stderr
2024-02-16T19:42:23.840+0000 7f18269c5700 1 -- 172.21.15.19:0/2421503470 wait complete.
2024-02-16T19:42:24.610 INFO:teuthology.orchestra.run.smithi019.stdout:/usr/bin/ceph: stderr
2024-02-16T19:42:23.840+0000 7f18269c5700 1 Processor -- start
2024-02-16T19:42:24.610 INFO:teuthology.orchestra.run.smithi019.stdout:/usr/bin/ceph: stderr
2024-02-16T19:42:23.840+0000 7f18269c5700 1 -- start start
2024-02-16T19:42:24.610 INFO:teuthology.orchestra.run.smithi019.stdout:/usr/bin/ceph: stderr
2024-02-16T19:42:23.841+0000 7f18269c5700 1 --2- >> [v2:172.21.15.19:3300/0,v1:172.21.15.19:6789/0] conn(0x7f1820106920 0x7f182019a1a0 unknown :-1 s=NONE pgs=0 cs=0 l=1 rev1=0 crypto rx=0 tx=0 comp rx=0 tx=0).connect
2024-02-16T19:42:24.610 INFO:teuthology.orchestra.run.smithi019.stdout:/usr/bin/ceph: stderr
2024-02-16T19:42:23.841+0000 7f18269c5700 1 -- --> [v2:172.21.15.19:3300/0,v1:172.21.15.19:6789/0] -- mon_getmap magic: 0 v1 -- 0x7f182019a6e0 con 0x7f1820106920
2024-02-16T19:42:24.610 INFO:teuthology.orchestra.run.smithi019.stdout:/usr/bin/ceph: stderr
2024-02-16T19:42:23.841+0000 7f181ffff700 1 --2- >> [v2:172.21.15.19:3300/0,v1:172.21.15.19:6789/0] conn(0x7f1820106920 0x7f182019a1a0 unknown :-1 s=BANNER_CONNECTING pgs=0 cs=0 l=1 rev1=0 crypto rx=0 tx=0 comp rx=0 tx=0)._handle_peer_banner_payload supported=3 required=0
2024-02-16T19:42:24.610 INFO:teuthology.orchestra.run.smithi019.stdout:/usr/bin/ceph: stderr
2024-02-16T19:42:23.841+0000 7f181ffff700 1 --2- >> [v2:172.21.15.19:3300/0,v1:172.21.15.19:6789/0] conn(0x7f1820106920 0x7f182019a1a0 unknown :-1 s=HELLO_CONNECTING pgs=0 cs=0 l=1 rev1=1 crypto rx=0 tx=0 comp rx=0 tx=0).handle_hello peer v2:172.21.15.19:3300/0 says I am v2:172.21.15.19:51236/0 (socket says 172.21.15.19:51236)
2024-02-16T19:42:24.610 INFO:teuthology.orchestra.run.smithi019.stdout:/usr/bin/ceph: stderr
2024-02-16T19:42:23.841+0000 7f181ffff700 1 -- 172.21.15.19:0/2388235987 learned_addr learned my addr 172.21.15.19:0/2388235987 (peer_addr_for_me v2:172.21.15.19:0/0)
2024-02-16T19:42:24.610 INFO:teuthology.orchestra.run.smithi019.stdout:/usr/bin/ceph: stderr
2024-02-16T19:42:23.841+0000 7f181ffff700 1 -- 172.21.15.19:0/2388235987 --> [v2:172.21.15.19:3300/0,v1:172.21.15.19:6789/0] -- mon_subscribe({config=0+,monmap=0+}) v3 -- 0x7f1810009550 con 0x7f1820106920
2024-02-16T19:42:24.610 INFO:teuthology.orchestra.run.smithi019.stdout:/usr/bin/ceph: stderr
2024-02-16T19:42:23.841+0000 7f181ffff700 1 --2- 172.21.15.19:0/2388235987 >> [v2:172.21.15.19:3300/0,v1:172.21.15.19:6789/0] conn(0x7f1820106920 0x7f182019a1a0 secure :-1 s=READY pgs=56 cs=0 l=1 rev1=1 crypto rx=0x7f1810011670 tx=0x7f1810011aa0 comp rx=0 tx=0).ready entity=mon.0 client_cookie=0 server_cookie=0 in_seq=0 out_seq=0
2024-02-16T19:42:24.610 INFO:teuthology.orchestra.run.smithi019.stdout:/usr/bin/ceph: stderr
2024-02-16T19:42:23.841+0000 7f181d7fa700 1 -- 172.21.15.19:0/2388235987 <== mon.0 v2:172.21.15.19:3300/0 1 ==== mon_map magic: 0 v1 ==== 229+0+0 (secure 0 0 0) 0x7f18100039c0 con 0x7f1820106920
2024-02-16T19:42:24.610 INFO:teuthology.orchestra.run.smithi019.stdout:/usr/bin/ceph: stderr
2024-02-16T19:42:23.841+0000 7f181d7fa700 1 -- 172.21.15.19:0/2388235987 <== mon.0 v2:172.21.15.19:3300/0 2 ==== config(27 keys) v1 ==== 1101+0+0 (secure 0 0 0) 0x7f1810003b20 con 0x7f1820106920
2024-02-16T19:42:24.610 INFO:teuthology.orchestra.run.smithi019.stdout:/usr/bin/ceph: stderr
2024-02-16T19:42:23.841+0000 7f18269c5700 1 -- 172.21.15.19:0/2388235987 --> [v2:172.21.15.19:3300/0,v1:172.21.15.19:6789/0] -- mon_subscribe({mgrmap=0+}) v3 -- 0x7f182019a8e0 con 0x7f1820106920
2024-02-16T19:42:24.610 INFO:teuthology.orchestra.run.smithi019.stdout:/usr/bin/ceph: stderr
2024-02-16T19:42:23.841+0000 7f181d7fa700 1 -- 172.21.15.19:0/2388235987 <== mon.0 v2:172.21.15.19:3300/0 3 ==== mon_map magic: 0 v1 ==== 229+0+0 (secure 0 0 0) 0x7f18100247f0 con 0x7f1820106920
2024-02-16T19:42:24.611 INFO:teuthology.orchestra.run.smithi019.stdout:/usr/bin/ceph: stderr
2024-02-16T19:42:23.842+0000 7f18269c5700 1 -- 172.21.15.19:0/2388235987 --> [v2:172.21.15.19:3300/0,v1:172.21.15.19:6789/0] -- mon_subscribe({osdmap=0}) v3 -- 0x7f182019ad80 con 0x7f1820106920
2024-02-16T19:42:24.611 INFO:teuthology.orchestra.run.smithi019.stdout:/usr/bin/ceph: stderr
2024-02-16T19:42:23.842+0000 7f181d7fa700 1 -- 172.21.15.19:0/2388235987 <== mon.0 v2:172.21.15.19:3300/0 4 ==== mgrmap(e 8) v1 ==== 45283+0+0 (secure 0 0 0) 0x7f1810024ab0 con 0x7f1820106920
2024-02-16T19:42:24.611 INFO:teuthology.orchestra.run.smithi019.stdout:/usr/bin/ceph: stderr
2024-02-16T19:42:23.842+0000 7f18269c5700 1 -- 172.21.15.19:0/2388235987 --> [v2:172.21.15.19:3300/0,v1:172.21.15.19:6789/0] -- mon_command({"prefix": "get_command_descriptions"} v 0) v1 -- 0x7f18200623c0 con 0x7f1820106920
2024-02-16T19:42:24.611 INFO:teuthology.orchestra.run.smithi019.stdout:/usr/bin/ceph: stderr
2024-02-16T19:42:23.843+0000 7f181d7fa700 1 --2- 172.21.15.19:0/2388235987 >> [v2:172.21.15.19:6800/867584742,v1:172.21.15.19:6801/867584742] conn(0x7f18080382e0 0x7f180803a7a0 unknown :-1 s=NONE pgs=0 cs=0 l=1 rev1=0 crypto rx=0 tx=0 comp rx=0 tx=0).connect
2024-02-16T19:42:24.611 INFO:teuthology.orchestra.run.smithi019.stdout:/usr/bin/ceph: stderr
2024-02-16T19:42:23.843+0000 7f181d7fa700 1 -- 172.21.15.19:0/2388235987 <== mon.0 v2:172.21.15.19:3300/0 5 ==== osd_map(2..2 src has 1..2) v4 ==== 940+0+0 (secure 0 0 0) 0x7f181004c450 con 0x7f1820106920
2024-02-16T19:42:24.611 INFO:teuthology.orchestra.run.smithi019.stdout:/usr/bin/ceph: stderr
2024-02-16T19:42:23.843+0000 7f181f7fe700 1 --2- 172.21.15.19:0/2388235987 >> [v2:172.21.15.19:6800/867584742,v1:172.21.15.19:6801/867584742] conn(0x7f18080382e0 0x7f180803a7a0 unknown :-1 s=BANNER_CONNECTING pgs=0 cs=0 l=1 rev1=0 crypto rx=0 tx=0 comp rx=0 tx=0)._handle_peer_banner_payload supported=3 required=0
2024-02-16T19:42:24.611 INFO:teuthology.orchestra.run.smithi019.stdout:/usr/bin/ceph: stderr
2024-02-16T19:42:23.843+0000 7f181f7fe700 1 --2- 172.21.15.19:0/2388235987 >> [v2:172.21.15.19:6800/867584742,v1:172.21.15.19:6801/867584742] conn(0x7f18080382e0 0x7f180803a7a0 secure :-1 s=READY pgs=18 cs=0 l=1 rev1=1 crypto rx=0x7f1814006fd0 tx=0x7f1814006e40 comp rx=0 tx=0).ready entity=mgr.14116 client_cookie=0 server_cookie=0 in_seq=0 out_seq=0
2024-02-16T19:42:24.611 INFO:teuthology.orchestra.run.smithi019.stdout:/usr/bin/ceph: stderr
2024-02-16T19:42:23.847+0000 7f181d7fa700 1 -- 172.21.15.19:0/2388235987 <== mon.0 v2:172.21.15.19:3300/0 6 ==== mon_command_ack([{"prefix": "get_command_descriptions"}]=0 v0) v1 ==== 72+0+180422 (secure 0 0 0) 0x7f1810022310 con 0x7f1820106920
2024-02-16T19:42:24.611 INFO:teuthology.orchestra.run.smithi019.stdout:/usr/bin/ceph: stderr
2024-02-16T19:42:24.058+0000 7f18269c5700 1 -- 172.21.15.19:0/2388235987 --> [v2:172.21.15.19:6800/867584742,v1:172.21.15.19:6801/867584742] -- mgr_command(tid 0: {"prefix": "orch apply", "service_type": "node-exporter", "target": ["mon-mgr", ""]}) v1 -- 0x7f1820102290 con 0x7f18080382e0
2024-02-16T19:42:24.611 INFO:teuthology.orchestra.run.smithi019.stdout:/usr/bin/ceph: stderr
2024-02-16T19:42:24.063+0000 7f181d7fa700 1 -- 172.21.15.19:0/2388235987 <== mgr.14116 v2:172.21.15.19:6800/867584742 1 ==== mgr_command_reply(tid 0: 0 ) v1 ==== 8+0+34 (secure 0 0 0) 0x7f1820102290 con 0x7f18080382e0
2024-02-16T19:42:24.611 INFO:teuthology.orchestra.run.smithi019.stdout:/usr/bin/ceph: stderr
2024-02-16T19:42:24.065+0000 7f18269c5700 1 -- 172.21.15.19:0/2388235987 >> [v2:172.21.15.19:6800/867584742,v1:172.21.15.19:6801/867584742] conn(0x7f18080382e0 msgr2=0x7f180803a7a0 secure :-1 s=STATE_CONNECTION_ESTABLISHED l=1).mark_down
2024-02-16T19:42:24.611 INFO:teuthology.orchestra.run.smithi019.stdout:/usr/bin/ceph: stderr
2024-02-16T19:42:24.065+0000 7f18269c5700 1 --2- 172.21.15.19:0/2388235987 >> [v2:172.21.15.19:6800/867584742,v1:172.21.15.19:6801/867584742] conn(0x7f18080382e0 0x7f180803a7a0 secure :-1 s=READY pgs=18 cs=0 l=1 rev1=1 crypto rx=0x7f1814006fd0 tx=0x7f1814006e40 comp rx=0 tx=0).stop
2024-02-16T19:42:24.611 INFO:teuthology.orchestra.run.smithi019.stdout:/usr/bin/ceph: stderr
2024-02-16T19:42:24.065+0000 7f18269c5700 1 -- 172.21.15.19:0/2388235987 >> [v2:172.21.15.19:3300/0,v1:172.21.15.19:6789/0] conn(0x7f1820106920 msgr2=0x7f182019a1a0 secure :-1 s=STATE_CONNECTION_ESTABLISHED l=1).mark_down
2024-02-16T19:42:24.611 INFO:teuthology.orchestra.run.smithi019.stdout:/usr/bin/ceph: stderr
2024-02-16T19:42:24.065+0000 7f18269c5700 1 --2- 172.21.15.19:0/2388235987 >> [v2:172.21.15.19:3300/0,v1:172.21.15.19:6789/0] conn(0x7f1820106920 0x7f182019a1a0 secure :-1 s=READY pgs=56 cs=0 l=1 rev1=1 crypto rx=0x7f1810011670 tx=0x7f1810011aa0 comp rx=0 tx=0).stop
2024-02-16T19:42:24.612 INFO:teuthology.orchestra.run.smithi019.stdout:/usr/bin/ceph: stderr
2024-02-16T19:42:24.065+0000 7f18269c5700 1 -- 172.21.15.19:0/2388235987 shutdown_connections
2024-02-16T19:42:24.612 INFO:teuthology.orchestra.run.smithi019.stdout:/usr/bin/ceph: stderr
2024-02-16T19:42:24.065+0000 7f18269c5700 1 --2- 172.21.15.19:0/2388235987 >> [v2:172.21.15.19:6800/867584742,v1:172.21.15.19:6801/867584742] conn(0x7f18080382e0 0x7f180803a7a0 unknown :-1 s=CLOSED pgs=18 cs=0 l=1 rev1=1 crypto rx=0 tx=0 comp rx=0 tx=0).stop
2024-02-16T19:42:24.612 INFO:teuthology.orchestra.run.smithi019.stdout:/usr/bin/ceph: stderr
2024-02-16T19:42:24.065+0000 7f18269c5700 1 --2- 172.21.15.19:0/2388235987 >> [v2:172.21.15.19:3300/0,v1:172.21.15.19:6789/0] conn(0x7f1820106920 0x7f182019a1a0 unknown :-1 s=CLOSED pgs=56 cs=0 l=1 rev1=1 crypto rx=0 tx=0 comp rx=0 tx=0).stop
2024-02-16T19:42:24.612 INFO:teuthology.orchestra.run.smithi019.stdout:/usr/bin/ceph: stderr
2024-02-16T19:42:24.065+0000 7f18269c5700 1 -- 172.21.15.19:0/2388235987 >> 172.21.15.19:0/2388235987 conn(0x7f1820100040 msgr2=0x7f1820104d30 unknown :-1 s=STATE_NONE l=0).mark_down
2024-02-16T19:42:24.612 INFO:teuthology.orchestra.run.smithi019.stdout:/usr/bin/ceph: stderr
2024-02-16T19:42:24.065+0000 7f18269c5700 1 -- 172.21.15.19:0/2388235987 shutdown_connections
2024-02-16T19:42:24.612 INFO:teuthology.orchestra.run.smithi019.stdout:/usr/bin/ceph: stderr
2024-02-16T19:42:24.065+0000 7f18269c5700 1 -- 172.21.15.19:0/2388235987 wait complete.
2024-02-16T19:42:24.612 INFO:teuthology.orchestra.run.smithi019.stdout:Deploying alertmanager service with default placement...
2024-02-16T19:42:25.244 INFO:journalctl@ceph.mon.smithi019.smithi019.stdout:Feb 16 19:42:25 smithi019 ceph-mon[28862]: from='client.14150 -' entity='client.admin' cmd=[{"prefix": "orch apply", "service_type": "node-exporter", "target": ["mon-mgr", ""]}]: dispatch
2024-02-16T19:42:25.244 INFO:journalctl@ceph.mon.smithi019.smithi019.stdout:Feb 16 19:42:25 smithi019 ceph-mon[28862]: Saving service node-exporter spec with placement *
2024-02-16T19:42:25.244 INFO:journalctl@ceph.mon.smithi019.smithi019.stdout:Feb 16 19:42:25 smithi019 ceph-mon[28862]: from='mgr.14116 172.21.15.19:0/1277565775' entity='mgr.smithi019.anpxxi'
2024-02-16T19:42:25.798 INFO:teuthology.orchestra.run.smithi019.stdout:/usr/bin/ceph: stdout Scheduled alertmanager update...
2024-02-16T19:42:25.799 INFO:teuthology.orchestra.run.smithi019.stdout:/usr/bin/ceph: stderr
2024-02-16T19:42:25.005+0000 7f9e48af6700 1 Processor -- start
2024-02-16T19:42:25.799 INFO:teuthology.orchestra.run.smithi019.stdout:/usr/bin/ceph: stderr
2024-02-16T19:42:25.005+0000 7f9e48af6700 1 -- start start
2024-02-16T19:42:25.799 INFO:teuthology.orchestra.run.smithi019.stdout:/usr/bin/ceph: stderr
2024-02-16T19:42:25.006+0000 7f9e48af6700 1 --2- >> [v2:172.21.15.19:3300/0,v1:172.21.15.19:6789/0] conn(0x7f9e441068f0 0x7f9e44106d10 unknown :-1 s=NONE pgs=0 cs=0 l=0 rev1=0 crypto rx=0 tx=0 comp rx=0 tx=0).connect
2024-02-16T19:42:25.799 INFO:teuthology.orchestra.run.smithi019.stdout:/usr/bin/ceph: stderr
2024-02-16T19:42:25.006+0000 7f9e48af6700 1 -- --> [v2:172.21.15.19:3300/0,v1:172.21.15.19:6789/0] -- mon_getmap magic: 0 v1 -- 0x7f9e441072e0 con 0x7f9e441068f0
2024-02-16T19:42:25.799 INFO:teuthology.orchestra.run.smithi019.stdout:/usr/bin/ceph: stderr
2024-02-16T19:42:25.006+0000 7f9e4259c700 1 --2- >> [v2:172.21.15.19:3300/0,v1:172.21.15.19:6789/0] conn(0x7f9e441068f0 0x7f9e44106d10 unknown :-1 s=BANNER_CONNECTING pgs=0 cs=0 l=0 rev1=0 crypto rx=0 tx=0 comp rx=0 tx=0)._handle_peer_banner_payload supported=3 required=0
2024-02-16T19:42:25.799 INFO:teuthology.orchestra.run.smithi019.stdout:/usr/bin/ceph: stderr
2024-02-16T19:42:25.006+0000 7f9e4259c700 1 --2- >> [v2:172.21.15.19:3300/0,v1:172.21.15.19:6789/0] conn(0x7f9e441068f0 0x7f9e44106d10 unknown :-1 s=HELLO_CONNECTING pgs=0 cs=0 l=0 rev1=1 crypto rx=0 tx=0 comp rx=0 tx=0).handle_hello peer v2:172.21.15.19:3300/0 says I am v2:172.21.15.19:51250/0 (socket says 172.21.15.19:51250)
2024-02-16T19:42:25.799 INFO:teuthology.orchestra.run.smithi019.stdout:/usr/bin/ceph: stderr
2024-02-16T19:42:25.006+0000 7f9e4259c700 1 -- 172.21.15.19:0/3265660612 learned_addr learned my addr 172.21.15.19:0/3265660612 (peer_addr_for_me v2:172.21.15.19:0/0)
2024-02-16T19:42:25.799 INFO:teuthology.orchestra.run.smithi019.stdout:/usr/bin/ceph: stderr
2024-02-16T19:42:25.006+0000 7f9e4259c700 1 -- 172.21.15.19:0/3265660612 --> [v2:172.21.15.19:3300/0,v1:172.21.15.19:6789/0] -- mon_subscribe({config=0+,monmap=0+}) v3 -- 0x7f9e44105550 con 0x7f9e441068f0
2024-02-16T19:42:25.799 INFO:teuthology.orchestra.run.smithi019.stdout:/usr/bin/ceph: stderr
2024-02-16T19:42:25.006+0000 7f9e4259c700 1 --2- 172.21.15.19:0/3265660612 >> [v2:172.21.15.19:3300/0,v1:172.21.15.19:6789/0] conn(0x7f9e441068f0 0x7f9e44106d10 secure :-1 s=READY pgs=57 cs=0 l=1 rev1=1 crypto rx=0x7f9e340098a0 tx=0x7f9e34009bb0 comp rx=0 tx=0).ready entity=mon.0 client_cookie=d84bcf3650f6379c server_cookie=0 in_seq=0 out_seq=0
2024-02-16T19:42:25.799 INFO:teuthology.orchestra.run.smithi019.stdout:/usr/bin/ceph: stderr
2024-02-16T19:42:25.006+0000 7f9e4159a700 1 -- 172.21.15.19:0/3265660612 <== mon.0 v2:172.21.15.19:3300/0 1 ==== mon_map magic: 0 v1 ==== 229+0+0 (secure 0 0 0) 0x7f9e34004180 con 0x7f9e441068f0
2024-02-16T19:42:25.799 INFO:teuthology.orchestra.run.smithi019.stdout:/usr/bin/ceph: stderr
2024-02-16T19:42:25.006+0000 7f9e4159a700 1 -- 172.21.15.19:0/3265660612 <== mon.0 v2:172.21.15.19:3300/0 2 ==== config(27 keys) v1 ==== 1101+0+0 (secure 0 0 0) 0x7f9e340042e0 con 0x7f9e441068f0
2024-02-16T19:42:25.799 INFO:teuthology.orchestra.run.smithi019.stdout:/usr/bin/ceph: stderr
2024-02-16T19:42:25.006+0000 7f9e4159a700 1 -- 172.21.15.19:0/3265660612 <== mon.0 v2:172.21.15.19:3300/0 3 ==== mon_map magic: 0 v1 ==== 229+0+0 (secure 0 0 0) 0x7f9e34011af0 con 0x7f9e441068f0
2024-02-16T19:42:25.799 INFO:teuthology.orchestra.run.smithi019.stdout:/usr/bin/ceph: stderr
2024-02-16T19:42:25.007+0000 7f9e48af6700 1 -- 172.21.15.19:0/3265660612 >> [v2:172.21.15.19:3300/0,v1:172.21.15.19:6789/0] conn(0x7f9e441068f0 msgr2=0x7f9e44106d10 secure :-1 s=STATE_CONNECTION_ESTABLISHED l=1).mark_down
2024-02-16T19:42:25.799 INFO:teuthology.orchestra.run.smithi019.stdout:/usr/bin/ceph: stderr
2024-02-16T19:42:25.007+0000 7f9e48af6700 1 --2- 172.21.15.19:0/3265660612 >> [v2:172.21.15.19:3300/0,v1:172.21.15.19:6789/0] conn(0x7f9e441068f0 0x7f9e44106d10 secure :-1 s=READY pgs=57 cs=0 l=1 rev1=1 crypto rx=0x7f9e340098a0 tx=0x7f9e34009bb0 comp rx=0 tx=0).stop
2024-02-16T19:42:25.800 INFO:teuthology.orchestra.run.smithi019.stdout:/usr/bin/ceph: stderr
2024-02-16T19:42:25.007+0000 7f9e48af6700 1 -- 172.21.15.19:0/3265660612 shutdown_connections
2024-02-16T19:42:25.800 INFO:teuthology.orchestra.run.smithi019.stdout:/usr/bin/ceph: stderr
2024-02-16T19:42:25.007+0000 7f9e48af6700 1 --2- 172.21.15.19:0/3265660612 >> [v2:172.21.15.19:3300/0,v1:172.21.15.19:6789/0] conn(0x7f9e441068f0 0x7f9e44106d10 unknown :-1 s=CLOSED pgs=57 cs=0 l=1 rev1=1 crypto rx=0 tx=0 comp rx=0 tx=0).stop
2024-02-16T19:42:25.800 INFO:teuthology.orchestra.run.smithi019.stdout:/usr/bin/ceph: stderr
2024-02-16T19:42:25.007+0000 7f9e48af6700 1 -- 172.21.15.19:0/3265660612 >> 172.21.15.19:0/3265660612 conn(0x7f9e44100040 msgr2=0x7f9e441024a0 unknown :-1 s=STATE_NONE l=0).mark_down
2024-02-16T19:42:25.800 INFO:teuthology.orchestra.run.smithi019.stdout:/usr/bin/ceph: stderr
2024-02-16T19:42:25.007+0000 7f9e48af6700 1 -- 172.21.15.19:0/3265660612 shutdown_connections
2024-02-16T19:42:25.800 INFO:teuthology.orchestra.run.smithi019.stdout:/usr/bin/ceph: stderr
2024-02-16T19:42:25.007+0000 7f9e48af6700 1 -- 172.21.15.19:0/3265660612 wait complete.
2024-02-16T19:42:25.800 INFO:teuthology.orchestra.run.smithi019.stdout:/usr/bin/ceph: stderr
2024-02-16T19:42:25.008+0000 7f9e48af6700 1 Processor -- start
2024-02-16T19:42:25.800 INFO:teuthology.orchestra.run.smithi019.stdout:/usr/bin/ceph: stderr
2024-02-16T19:42:25.008+0000 7f9e48af6700 1 -- start start
2024-02-16T19:42:25.800 INFO:teuthology.orchestra.run.smithi019.stdout:/usr/bin/ceph: stderr
2024-02-16T19:42:25.008+0000 7f9e48af6700 1 --2- >> [v2:172.21.15.19:3300/0,v1:172.21.15.19:6789/0] conn(0x7f9e441068f0 0x7f9e441905a0 unknown :-1 s=NONE pgs=0 cs=0 l=1 rev1=0 crypto rx=0 tx=0 comp rx=0 tx=0).connect
2024-02-16T19:42:25.800 INFO:teuthology.orchestra.run.smithi019.stdout:/usr/bin/ceph: stderr
2024-02-16T19:42:25.008+0000 7f9e48af6700 1 -- --> [v2:172.21.15.19:3300/0,v1:172.21.15.19:6789/0] -- mon_getmap magic: 0 v1 -- 0x7f9e44190ae0 con 0x7f9e441068f0
2024-02-16T19:42:25.800 INFO:teuthology.orchestra.run.smithi019.stdout:/usr/bin/ceph: stderr
2024-02-16T19:42:25.008+0000 7f9e4259c700 1 --2- >> [v2:172.21.15.19:3300/0,v1:172.21.15.19:6789/0] conn(0x7f9e441068f0 0x7f9e441905a0 unknown :-1 s=BANNER_CONNECTING pgs=0 cs=0 l=1 rev1=0 crypto rx=0 tx=0 comp rx=0 tx=0)._handle_peer_banner_payload supported=3 required=0
2024-02-16T19:42:25.800 INFO:teuthology.orchestra.run.smithi019.stdout:/usr/bin/ceph: stderr
2024-02-16T19:42:25.008+0000 7f9e4259c700 1 --2- >> [v2:172.21.15.19:3300/0,v1:172.21.15.19:6789/0] conn(0x7f9e441068f0 0x7f9e441905a0 unknown :-1 s=HELLO_CONNECTING pgs=0 cs=0 l=1 rev1=1 crypto rx=0 tx=0 comp rx=0 tx=0).handle_hello peer v2:172.21.15.19:3300/0 says I am v2:172.21.15.19:51258/0 (socket says 172.21.15.19:51258)
2024-02-16T19:42:25.800 INFO:teuthology.orchestra.run.smithi019.stdout:/usr/bin/ceph: stderr
2024-02-16T19:42:25.008+0000 7f9e4259c700 1 -- 172.21.15.19:0/1809524539 learned_addr learned my addr 172.21.15.19:0/1809524539 (peer_addr_for_me v2:172.21.15.19:0/0)
2024-02-16T19:42:25.801 INFO:teuthology.orchestra.run.smithi019.stdout:/usr/bin/ceph: stderr
2024-02-16T19:42:25.008+0000 7f9e4259c700 1 -- 172.21.15.19:0/1809524539 --> [v2:172.21.15.19:3300/0,v1:172.21.15.19:6789/0] -- mon_subscribe({config=0+,monmap=0+}) v3 -- 0x7f9e34009550 con 0x7f9e441068f0
2024-02-16T19:42:25.801 INFO:teuthology.orchestra.run.smithi019.stdout:/usr/bin/ceph: stderr
2024-02-16T19:42:25.008+0000 7f9e4259c700 1 --2- 172.21.15.19:0/1809524539 >> [v2:172.21.15.19:3300/0,v1:172.21.15.19:6789/0] conn(0x7f9e441068f0 0x7f9e441905a0 secure :-1 s=READY pgs=58 cs=0 l=1 rev1=1 crypto rx=0x7f9e34011670 tx=0x7f9e34011aa0 comp rx=0 tx=0).ready entity=mon.0 client_cookie=0 server_cookie=0 in_seq=0 out_seq=0
2024-02-16T19:42:25.801 INFO:teuthology.orchestra.run.smithi019.stdout:/usr/bin/ceph: stderr
2024-02-16T19:42:25.009+0000 7f9e337fe700 1 -- 172.21.15.19:0/1809524539 <== mon.0 v2:172.21.15.19:3300/0 1 ==== mon_map magic: 0 v1 ==== 229+0+0 (secure 0 0 0) 0x7f9e34003a40 con 0x7f9e441068f0
2024-02-16T19:42:25.801 INFO:teuthology.orchestra.run.smithi019.stdout:/usr/bin/ceph: stderr
2024-02-16T19:42:25.009+0000 7f9e48af6700 1 -- 172.21.15.19:0/1809524539 --> [v2:172.21.15.19:3300/0,v1:172.21.15.19:6789/0] -- mon_subscribe({mgrmap=0+}) v3 -- 0x7f9e4418ebf0 con 0x7f9e441068f0
2024-02-16T19:42:25.801 INFO:teuthology.orchestra.run.smithi019.stdout:/usr/bin/ceph: stderr
2024-02-16T19:42:25.009+0000 7f9e337fe700 1 -- 172.21.15.19:0/1809524539 <== mon.0 v2:172.21.15.19:3300/0 2 ==== config(27 keys) v1 ==== 1101+0+0 (secure 0 0 0) 0x7f9e34003ba0 con 0x7f9e441068f0
2024-02-16T19:42:25.801 INFO:teuthology.orchestra.run.smithi019.stdout:/usr/bin/ceph: stderr
2024-02-16T19:42:25.009+0000 7f9e337fe700 1 -- 172.21.15.19:0/1809524539 <== mon.0 v2:172.21.15.19:3300/0 3 ==== mon_map magic: 0 v1 ==== 229+0+0 (secure 0 0 0) 0x7f9e34024820 con 0x7f9e441068f0
2024-02-16T19:42:25.801 INFO:teuthology.orchestra.run.smithi019.stdout:/usr/bin/ceph: stderr
2024-02-16T19:42:25.009+0000 7f9e48af6700 1 -- 172.21.15.19:0/1809524539 --> [v2:172.21.15.19:3300/0,v1:172.21.15.19:6789/0] -- mon_subscribe({osdmap=0}) v3 -- 0x7f9e4418f090 con 0x7f9e441068f0
2024-02-16T19:42:25.801 INFO:teuthology.orchestra.run.smithi019.stdout:/usr/bin/ceph: stderr
2024-02-16T19:42:25.009+0000 7f9e337fe700 1 -- 172.21.15.19:0/1809524539 <== mon.0 v2:172.21.15.19:3300/0 4 ==== mgrmap(e 8) v1 ==== 45283+0+0 (secure 0 0 0) 0x7f9e34024ae0 con 0x7f9e441068f0
2024-02-16T19:42:25.801 INFO:teuthology.orchestra.run.smithi019.stdout:/usr/bin/ceph: stderr
2024-02-16T19:42:25.010+0000 7f9e337fe700 1 --2- 172.21.15.19:0/1809524539 >> [v2:172.21.15.19:6800/867584742,v1:172.21.15.19:6801/867584742] conn(0x7f9e2c0382e0 0x7f9e2c03a7a0 unknown :-1 s=NONE pgs=0 cs=0 l=1 rev1=0 crypto rx=0 tx=0 comp rx=0 tx=0).connect
2024-02-16T19:42:25.801 INFO:teuthology.orchestra.run.smithi019.stdout:/usr/bin/ceph: stderr
2024-02-16T19:42:25.010+0000 7f9e337fe700 1 -- 172.21.15.19:0/1809524539 <== mon.0 v2:172.21.15.19:3300/0 5 ==== osd_map(2..2 src has 1..2) v4 ==== 940+0+0 (secure 0 0 0) 0x7f9e3404c390 con 0x7f9e441068f0
2024-02-16T19:42:25.801 INFO:teuthology.orchestra.run.smithi019.stdout:/usr/bin/ceph: stderr
2024-02-16T19:42:25.010+0000 7f9e41d9b700 1 --2- 172.21.15.19:0/1809524539 >> [v2:172.21.15.19:6800/867584742,v1:172.21.15.19:6801/867584742] conn(0x7f9e2c0382e0 0x7f9e2c03a7a0 unknown :-1 s=BANNER_CONNECTING pgs=0 cs=0 l=1 rev1=0 crypto rx=0 tx=0 comp rx=0 tx=0)._handle_peer_banner_payload supported=3 required=0
2024-02-16T19:42:25.801 INFO:teuthology.orchestra.run.smithi019.stdout:/usr/bin/ceph: stderr
2024-02-16T19:42:25.010+0000 7f9e48af6700 1 -- 172.21.15.19:0/1809524539 --> [v2:172.21.15.19:3300/0,v1:172.21.15.19:6789/0] -- mon_command({"prefix": "get_command_descriptions"} v 0) v1 -- 0x7f9e440623c0 con 0x7f9e441068f0
2024-02-16T19:42:25.801 INFO:teuthology.orchestra.run.smithi019.stdout:/usr/bin/ceph: stderr
2024-02-16T19:42:25.010+0000 7f9e41d9b700 1 --2- 172.21.15.19:0/1809524539 >> [v2:172.21.15.19:6800/867584742,v1:172.21.15.19:6801/867584742] conn(0x7f9e2c0382e0 0x7f9e2c03a7a0 secure :-1 s=READY pgs=19 cs=0 l=1 rev1=1 crypto rx=0x7f9e38006fd0 tx=0x7f9e38006e40 comp rx=0 tx=0).ready entity=mgr.14116 client_cookie=0 server_cookie=0 in_seq=0 out_seq=0
2024-02-16T19:42:25.802 INFO:teuthology.orchestra.run.smithi019.stdout:/usr/bin/ceph: stderr
2024-02-16T19:42:25.015+0000 7f9e337fe700 1 -- 172.21.15.19:0/1809524539 <== mon.0 v2:172.21.15.19:3300/0 6 ==== mon_command_ack([{"prefix": "get_command_descriptions"}]=0 v0) v1 ==== 72+0+180422 (secure 0 0 0) 0x7f9e34024d90 con 0x7f9e441068f0
2024-02-16T19:42:25.802 INFO:teuthology.orchestra.run.smithi019.stdout:/usr/bin/ceph: stderr
2024-02-16T19:42:25.225+0000 7f9e48af6700 1 -- 172.21.15.19:0/1809524539 --> [v2:172.21.15.19:6800/867584742,v1:172.21.15.19:6801/867584742] -- mgr_command(tid 0: {"prefix": "orch apply", "service_type": "alertmanager", "target": ["mon-mgr", ""]}) v1 -- 0x7f9e44109760 con 0x7f9e2c0382e0
2024-02-16T19:42:25.802 INFO:teuthology.orchestra.run.smithi019.stdout:/usr/bin/ceph: stderr
2024-02-16T19:42:25.230+0000 7f9e337fe700 1 -- 172.21.15.19:0/1809524539 <== mgr.14116 v2:172.21.15.19:6800/867584742 1 ==== mgr_command_reply(tid 0: 0 ) v1 ==== 8+0+33 (secure 0 0 0) 0x7f9e44109760 con 0x7f9e2c0382e0
2024-02-16T19:42:25.802 INFO:teuthology.orchestra.run.smithi019.stdout:/usr/bin/ceph: stderr
2024-02-16T19:42:25.232+0000 7f9e48af6700 1 -- 172.21.15.19:0/1809524539 >> [v2:172.21.15.19:6800/867584742,v1:172.21.15.19:6801/867584742] conn(0x7f9e2c0382e0 msgr2=0x7f9e2c03a7a0 secure :-1 s=STATE_CONNECTION_ESTABLISHED l=1).mark_down
2024-02-16T19:42:25.802 INFO:teuthology.orchestra.run.smithi019.stdout:/usr/bin/ceph: stderr
2024-02-16T19:42:25.232+0000 7f9e48af6700 1 --2- 172.21.15.19:0/1809524539 >> [v2:172.21.15.19:6800/867584742,v1:172.21.15.19:6801/867584742] conn(0x7f9e2c0382e0 0x7f9e2c03a7a0 secure :-1 s=READY pgs=19 cs=0 l=1 rev1=1 crypto rx=0x7f9e38006fd0 tx=0x7f9e38006e40 comp rx=0 tx=0).stop
2024-02-16T19:42:25.802 INFO:teuthology.orchestra.run.smithi019.stdout:/usr/bin/ceph: stderr
2024-02-16T19:42:25.232+0000 7f9e48af6700 1 -- 172.21.15.19:0/1809524539 >> [v2:172.21.15.19:3300/0,v1:172.21.15.19:6789/0] conn(0x7f9e441068f0 msgr2=0x7f9e441905a0 secure :-1 s=STATE_CONNECTION_ESTABLISHED l=1).mark_down
2024-02-16T19:42:25.802 INFO:teuthology.orchestra.run.smithi019.stdout:/usr/bin/ceph: stderr
2024-02-16T19:42:25.232+0000 7f9e48af6700 1 --2- 172.21.15.19:0/1809524539 >> [v2:172.21.15.19:3300/0,v1:172.21.15.19:6789/0] conn(0x7f9e441068f0 0x7f9e441905a0 secure :-1 s=READY pgs=58 cs=0 l=1 rev1=1 crypto rx=0x7f9e34011670 tx=0x7f9e34011aa0 comp rx=0 tx=0).stop
2024-02-16T19:42:25.802 INFO:teuthology.orchestra.run.smithi019.stdout:/usr/bin/ceph: stderr
2024-02-16T19:42:25.232+0000 7f9e48af6700 1 -- 172.21.15.19:0/1809524539 shutdown_connections
2024-02-16T19:42:25.802 INFO:teuthology.orchestra.run.smithi019.stdout:/usr/bin/ceph: stderr
2024-02-16T19:42:25.232+0000 7f9e48af6700 1 --2- 172.21.15.19:0/1809524539 >> [v2:172.21.15.19:6800/867584742,v1:172.21.15.19:6801/867584742] conn(0x7f9e2c0382e0 0x7f9e2c03a7a0 unknown :-1 s=CLOSED pgs=19 cs=0 l=1 rev1=1 crypto rx=0 tx=0 comp rx=0 tx=0).stop
2024-02-16T19:42:25.802 INFO:teuthology.orchestra.run.smithi019.stdout:/usr/bin/ceph: stderr
2024-02-16T19:42:25.232+0000 7f9e48af6700 1 --2- 172.21.15.19:0/1809524539 >> [v2:172.21.15.19:3300/0,v1:172.21.15.19:6789/0] conn(0x7f9e441068f0 0x7f9e441905a0 unknown :-1 s=CLOSED pgs=58 cs=0 l=1 rev1=1 crypto rx=0 tx=0 comp rx=0 tx=0).stop
2024-02-16T19:42:25.802 INFO:teuthology.orchestra.run.smithi019.stdout:/usr/bin/ceph: stderr
2024-02-16T19:42:25.232+0000 7f9e48af6700 1 -- 172.21.15.19:0/1809524539 >> 172.21.15.19:0/1809524539 conn(0x7f9e44100040 msgr2=0x7f9e44104cd0 unknown :-1 s=STATE_NONE l=0).mark_down
2024-02-16T19:42:25.802 INFO:teuthology.orchestra.run.smithi019.stdout:/usr/bin/ceph: stderr
2024-02-16T19:42:25.232+0000 7f9e48af6700 1 -- 172.21.15.19:0/1809524539 shutdown_connections
2024-02-16T19:42:25.803 INFO:teuthology.orchestra.run.smithi019.stdout:/usr/bin/ceph: stderr
2024-02-16T19:42:25.232+0000 7f9e48af6700 1 -- 172.21.15.19:0/1809524539 wait complete.
2024-02-16T19:42:26.318 INFO:journalctl@ceph.mon.smithi019.smithi019.stdout:Feb 16 19:42:26 smithi019 ceph-mon[28862]: from='client.14152 -' entity='client.admin' cmd=[{"prefix": "orch apply", "service_type": "alertmanager", "target": ["mon-mgr", ""]}]: dispatch
2024-02-16T19:42:26.318 INFO:journalctl@ceph.mon.smithi019.smithi019.stdout:Feb 16 19:42:26 smithi019 ceph-mon[28862]: Saving service alertmanager spec with placement count:1
2024-02-16T19:42:26.318 INFO:journalctl@ceph.mon.smithi019.smithi019.stdout:Feb 16 19:42:26 smithi019 ceph-mon[28862]: from='mgr.14116 172.21.15.19:0/1277565775' entity='mgr.smithi019.anpxxi'
2024-02-16T19:42:26.319 INFO:journalctl@ceph.mon.smithi019.smithi019.stdout:Feb 16 19:42:26 smithi019 ceph-mon[28862]: pgmap v4: 0 pgs: ; 0 B data, 0 B used, 0 B / 0 B avail
2024-02-16T19:42:26.963 INFO:teuthology.orchestra.run.smithi019.stdout:/usr/bin/ceph: stderr
2024-02-16T19:42:26.207+0000 7fd170885700 1 Processor -- start
2024-02-16T19:42:26.963 INFO:teuthology.orchestra.run.smithi019.stdout:/usr/bin/ceph: stderr
2024-02-16T19:42:26.207+0000 7fd170885700 1 -- start start
2024-02-16T19:42:26.963 INFO:teuthology.orchestra.run.smithi019.stdout:/usr/bin/ceph: stderr
2024-02-16T19:42:26.207+0000 7fd170885700 1 --2- >> [v2:172.21.15.19:3300/0,v1:172.21.15.19:6789/0] conn(0x7fd16c106eb0 0x7fd16c1092a0 unknown :-1 s=NONE pgs=0 cs=0 l=0 rev1=0 crypto rx=0 tx=0 comp rx=0 tx=0).connect
2024-02-16T19:42:26.963 INFO:teuthology.orchestra.run.smithi019.stdout:/usr/bin/ceph: stderr
2024-02-16T19:42:26.207+0000 7fd170885700 1 -- --> [v2:172.21.15.19:3300/0,v1:172.21.15.19:6789/0] -- mon_getmap magic: 0 v1 -- 0x7fd16c074680 con 0x7fd16c106eb0
2024-02-16T19:42:26.963 INFO:teuthology.orchestra.run.smithi019.stdout:/usr/bin/ceph: stderr
2024-02-16T19:42:26.208+0000 7fd16a59c700 1 --2- >> [v2:172.21.15.19:3300/0,v1:172.21.15.19:6789/0] conn(0x7fd16c106eb0 0x7fd16c1092a0 unknown :-1 s=BANNER_CONNECTING pgs=0 cs=0 l=0 rev1=0 crypto rx=0 tx=0 comp rx=0 tx=0)._handle_peer_banner_payload supported=3 required=0
2024-02-16T19:42:26.963 INFO:teuthology.orchestra.run.smithi019.stdout:/usr/bin/ceph: stderr
2024-02-16T19:42:26.208+0000 7fd16a59c700 1 --2- >> [v2:172.21.15.19:3300/0,v1:172.21.15.19:6789/0] conn(0x7fd16c106eb0 0x7fd16c1092a0 unknown :-1 s=HELLO_CONNECTING pgs=0 cs=0 l=0 rev1=1 crypto rx=0 tx=0 comp rx=0 tx=0).handle_hello peer v2:172.21.15.19:3300/0 says I am v2:172.21.15.19:42232/0 (socket says 172.21.15.19:42232)
2024-02-16T19:42:26.963 INFO:teuthology.orchestra.run.smithi019.stdout:/usr/bin/ceph: stderr
2024-02-16T19:42:26.208+0000 7fd16a59c700 1 -- 172.21.15.19:0/4123378306 learned_addr learned my addr 172.21.15.19:0/4123378306 (peer_addr_for_me v2:172.21.15.19:0/0)
2024-02-16T19:42:26.964 INFO:teuthology.orchestra.run.smithi019.stdout:/usr/bin/ceph: stderr
2024-02-16T19:42:26.208+0000 7fd16a59c700 1 -- 172.21.15.19:0/4123378306 --> [v2:172.21.15.19:3300/0,v1:172.21.15.19:6789/0] -- mon_subscribe({config=0+,monmap=0+}) v3 -- 0x7fd16c1097e0 con 0x7fd16c106eb0
2024-02-16T19:42:26.964 INFO:teuthology.orchestra.run.smithi019.stdout:/usr/bin/ceph: stderr
2024-02-16T19:42:26.208+0000 7fd16a59c700 1 --2- 172.21.15.19:0/4123378306 >> [v2:172.21.15.19:3300/0,v1:172.21.15.19:6789/0] conn(0x7fd16c106eb0 0x7fd16c1092a0 secure :-1 s=READY pgs=59 cs=0 l=1 rev1=1 crypto rx=0x7fd164009e80 tx=0x7fd16400b330 comp rx=0 tx=0).ready entity=mon.0 client_cookie=b750f8bfecb4f0ba server_cookie=0 in_seq=0 out_seq=0
2024-02-16T19:42:26.964 INFO:teuthology.orchestra.run.smithi019.stdout:/usr/bin/ceph: stderr
2024-02-16T19:42:26.208+0000 7fd16959a700 1 -- 172.21.15.19:0/4123378306 <== mon.0 v2:172.21.15.19:3300/0 1 ==== mon_map magic: 0 v1 ==== 229+0+0 (secure 0 0 0) 0x7fd16400e070 con 0x7fd16c106eb0
2024-02-16T19:42:26.964 INFO:teuthology.orchestra.run.smithi019.stdout:/usr/bin/ceph: stderr
2024-02-16T19:42:26.208+0000 7fd16959a700 1 -- 172.21.15.19:0/4123378306 <== mon.0 v2:172.21.15.19:3300/0 2 ==== config(27 keys) v1 ==== 1101+0+0 (secure 0 0 0) 0x7fd16400b8c0 con 0x7fd16c106eb0
2024-02-16T19:42:26.964 INFO:teuthology.orchestra.run.smithi019.stdout:/usr/bin/ceph: stderr
2024-02-16T19:42:26.208+0000 7fd16959a700 1 -- 172.21.15.19:0/4123378306 <== mon.0 v2:172.21.15.19:3300/0 3 ==== mon_map magic: 0 v1 ==== 229+0+0 (secure 0 0 0) 0x7fd1640044d0 con 0x7fd16c106eb0
2024-02-16T19:42:26.964 INFO:teuthology.orchestra.run.smithi019.stdout:/usr/bin/ceph: stderr
2024-02-16T19:42:26.209+0000 7fd170885700 1 -- 172.21.15.19:0/4123378306 >> [v2:172.21.15.19:3300/0,v1:172.21.15.19:6789/0] conn(0x7fd16c106eb0 msgr2=0x7fd16c1092a0 secure :-1 s=STATE_CONNECTION_ESTABLISHED l=1).mark_down
2024-02-16T19:42:26.964 INFO:teuthology.orchestra.run.smithi019.stdout:/usr/bin/ceph: stderr
2024-02-16T19:42:26.209+0000 7fd170885700 1 --2- 172.21.15.19:0/4123378306 >> [v2:172.21.15.19:3300/0,v1:172.21.15.19:6789/0] conn(0x7fd16c106eb0 0x7fd16c1092a0 secure :-1 s=READY pgs=59 cs=0 l=1 rev1=1 crypto rx=0x7fd164009e80 tx=0x7fd16400b330 comp rx=0 tx=0).stop
2024-02-16T19:42:26.964 INFO:teuthology.orchestra.run.smithi019.stdout:/usr/bin/ceph: stderr
2024-02-16T19:42:26.209+0000 7fd170885700 1 -- 172.21.15.19:0/4123378306 shutdown_connections
2024-02-16T19:42:26.964 INFO:teuthology.orchestra.run.smithi019.stdout:/usr/bin/ceph: stderr
2024-02-16T19:42:26.209+0000 7fd170885700 1 --2- 172.21.15.19:0/4123378306 >> [v2:172.21.15.19:3300/0,v1:172.21.15.19:6789/0] conn(0x7fd16c106eb0 0x7fd16c1092a0 unknown :-1 s=CLOSED pgs=59 cs=0 l=1 rev1=1 crypto rx=0 tx=0 comp rx=0 tx=0).stop
2024-02-16T19:42:26.964 INFO:teuthology.orchestra.run.smithi019.stdout:/usr/bin/ceph: stderr
2024-02-16T19:42:26.209+0000 7fd170885700 1 -- 172.21.15.19:0/4123378306 >> 172.21.15.19:0/4123378306 conn(0x7fd16c1008c0 msgr2=0x7fd16c102d20 unknown :-1 s=STATE_NONE l=0).mark_down
2024-02-16T19:42:26.964 INFO:teuthology.orchestra.run.smithi019.stdout:/usr/bin/ceph: stderr
2024-02-16T19:42:26.209+0000 7fd170885700 1 -- 172.21.15.19:0/4123378306 shutdown_connections
2024-02-16T19:42:26.964 INFO:teuthology.orchestra.run.smithi019.stdout:/usr/bin/ceph: stderr
2024-02-16T19:42:26.209+0000 7fd170885700 1 -- 172.21.15.19:0/4123378306 wait complete.
2024-02-16T19:42:26.964 INFO:teuthology.orchestra.run.smithi019.stdout:/usr/bin/ceph: stderr
2024-02-16T19:42:26.210+0000 7fd170885700 1 Processor -- start
2024-02-16T19:42:26.965 INFO:teuthology.orchestra.run.smithi019.stdout:/usr/bin/ceph: stderr
2024-02-16T19:42:26.210+0000 7fd170885700 1 -- start start
2024-02-16T19:42:26.965 INFO:teuthology.orchestra.run.smithi019.stdout:/usr/bin/ceph: stderr
2024-02-16T19:42:26.210+0000 7fd170885700 1 --2- >> [v2:172.21.15.19:3300/0,v1:172.21.15.19:6789/0] conn(0x7fd16c106eb0 0x7fd16c19a0f0 unknown :-1 s=NONE pgs=0 cs=0 l=1 rev1=0 crypto rx=0 tx=0 comp rx=0 tx=0).connect
2024-02-16T19:42:26.965 INFO:teuthology.orchestra.run.smithi019.stdout:/usr/bin/ceph: stderr
2024-02-16T19:42:26.210+0000 7fd170885700 1 -- --> [v2:172.21.15.19:3300/0,v1:172.21.15.19:6789/0] -- mon_getmap magic: 0 v1 -- 0x7fd16c19a630 con 0x7fd16c106eb0
2024-02-16T19:42:26.965 INFO:teuthology.orchestra.run.smithi019.stdout:/usr/bin/ceph: stderr
2024-02-16T19:42:26.210+0000 7fd16a59c700 1 --2- >> [v2:172.21.15.19:3300/0,v1:172.21.15.19:6789/0] conn(0x7fd16c106eb0 0x7fd16c19a0f0 unknown :-1 s=BANNER_CONNECTING pgs=0 cs=0 l=1 rev1=0 crypto rx=0 tx=0 comp rx=0 tx=0)._handle_peer_banner_payload supported=3 required=0
2024-02-16T19:42:26.965 INFO:teuthology.orchestra.run.smithi019.stdout:/usr/bin/ceph: stderr
2024-02-16T19:42:26.210+0000 7fd16a59c700 1 --2- >> [v2:172.21.15.19:3300/0,v1:172.21.15.19:6789/0] conn(0x7fd16c106eb0 0x7fd16c19a0f0 unknown :-1 s=HELLO_CONNECTING pgs=0 cs=0 l=1 rev1=1 crypto rx=0 tx=0 comp rx=0 tx=0).handle_hello peer v2:172.21.15.19:3300/0 says I am v2:172.21.15.19:42244/0 (socket says 172.21.15.19:42244)
2024-02-16T19:42:26.965 INFO:teuthology.orchestra.run.smithi019.stdout:/usr/bin/ceph: stderr
2024-02-16T19:42:26.210+0000 7fd16a59c700 1 -- 172.21.15.19:0/3924216428 learned_addr learned my addr 172.21.15.19:0/3924216428 (peer_addr_for_me v2:172.21.15.19:0/0)
2024-02-16T19:42:26.965 INFO:teuthology.orchestra.run.smithi019.stdout:/usr/bin/ceph: stderr
2024-02-16T19:42:26.210+0000 7fd16a59c700 1 -- 172.21.15.19:0/3924216428 --> [v2:172.21.15.19:3300/0,v1:172.21.15.19:6789/0] -- mon_subscribe({config=0+,monmap=0+}) v3 -- 0x7fd164009b30 con 0x7fd16c106eb0
2024-02-16T19:42:26.965 INFO:teuthology.orchestra.run.smithi019.stdout:/usr/bin/ceph: stderr
2024-02-16T19:42:26.211+0000 7fd16a59c700 1 --2- 172.21.15.19:0/3924216428 >> [v2:172.21.15.19:3300/0,v1:172.21.15.19:6789/0] conn(0x7fd16c106eb0 0x7fd16c19a0f0 secure :-1 s=READY pgs=60 cs=0 l=1 rev1=1 crypto rx=0x7fd164009e50 tx=0x7fd1640049f0 comp rx=0 tx=0).ready entity=mon.0 client_cookie=0 server_cookie=0 in_seq=0 out_seq=0
2024-02-16T19:42:26.965 INFO:teuthology.orchestra.run.smithi019.stdout:/usr/bin/ceph: stderr
2024-02-16T19:42:26.211+0000 7fd1637fe700 1 -- 172.21.15.19:0/3924216428 <== mon.0 v2:172.21.15.19:3300/0 1 ==== mon_map magic: 0 v1 ==== 229+0+0 (secure 0 0 0) 0x7fd16400e040 con 0x7fd16c106eb0
2024-02-16T19:42:26.965 INFO:teuthology.orchestra.run.smithi019.stdout:/usr/bin/ceph: stderr
2024-02-16T19:42:26.211+0000 7fd1637fe700 1 -- 172.21.15.19:0/3924216428 <== mon.0 v2:172.21.15.19:3300/0 2 ==== config(27 keys) v1 ==== 1101+0+0 (secure 0 0 0) 0x7fd16400bcc0 con 0x7fd16c106eb0
2024-02-16T19:42:26.965 INFO:teuthology.orchestra.run.smithi019.stdout:/usr/bin/ceph: stderr
2024-02-16T19:42:26.211+0000 7fd170885700 1 -- 172.21.15.19:0/3924216428 --> [v2:172.21.15.19:3300/0,v1:172.21.15.19:6789/0] -- mon_subscribe({mgrmap=0+}) v3 -- 0x7fd16c19a830 con 0x7fd16c106eb0
2024-02-16T19:42:26.965 INFO:teuthology.orchestra.run.smithi019.stdout:/usr/bin/ceph: stderr
2024-02-16T19:42:26.211+0000 7fd1637fe700 1 -- 172.21.15.19:0/3924216428 <== mon.0 v2:172.21.15.19:3300/0 3 ==== mon_map magic: 0 v1 ==== 229+0+0 (secure 0 0 0) 0x7fd164012670 con 0x7fd16c106eb0
2024-02-16T19:42:26.965 INFO:teuthology.orchestra.run.smithi019.stdout:/usr/bin/ceph: stderr
2024-02-16T19:42:26.211+0000 7fd170885700 1 -- 172.21.15.19:0/3924216428 --> [v2:172.21.15.19:3300/0,v1:172.21.15.19:6789/0] -- mon_subscribe({osdmap=0}) v3 -- 0x7fd16c19ad30 con 0x7fd16c106eb0
2024-02-16T19:42:26.965 INFO:teuthology.orchestra.run.smithi019.stdout:/usr/bin/ceph: stderr
2024-02-16T19:42:26.212+0000 7fd1637fe700 1 -- 172.21.15.19:0/3924216428 <== mon.0 v2:172.21.15.19:3300/0 4 ==== mgrmap(e 8) v1 ==== 45283+0+0 (secure 0 0 0) 0x7fd164019040 con 0x7fd16c106eb0
2024-02-16T19:42:26.965 INFO:teuthology.orchestra.run.smithi019.stdout:/usr/bin/ceph: stderr
2024-02-16T19:42:26.212+0000 7fd170885700 1 -- 172.21.15.19:0/3924216428 --> [v2:172.21.15.19:3300/0,v1:172.21.15.19:6789/0] -- mon_command({"prefix": "get_command_descriptions"} v 0) v1 -- 0x7fd16c10a5d0 con 0x7fd16c106eb0
2024-02-16T19:42:26.966 INFO:teuthology.orchestra.run.smithi019.stdout:/usr/bin/ceph: stderr
2024-02-16T19:42:26.212+0000 7fd1637fe700 1 --2- 172.21.15.19:0/3924216428 >> [v2:172.21.15.19:6800/867584742,v1:172.21.15.19:6801/867584742] conn(0x7fd158038330 0x7fd15803a7f0 unknown :-1 s=NONE pgs=0 cs=0 l=1 rev1=0 crypto rx=0 tx=0 comp rx=0 tx=0).connect
2024-02-16T19:42:26.966 INFO:teuthology.orchestra.run.smithi019.stdout:/usr/bin/ceph: stderr
2024-02-16T19:42:26.212+0000 7fd1637fe700 1 -- 172.21.15.19:0/3924216428 <== mon.0 v2:172.21.15.19:3300/0 5 ==== osd_map(2..2 src has 1..2) v4 ==== 940+0+0 (secure 0 0 0) 0x7fd16404bec0 con 0x7fd16c106eb0
2024-02-16T19:42:26.966 INFO:teuthology.orchestra.run.smithi019.stdout:/usr/bin/ceph: stderr
2024-02-16T19:42:26.212+0000 7fd169d9b700 1 --2- 172.21.15.19:0/3924216428 >> [v2:172.21.15.19:6800/867584742,v1:172.21.15.19:6801/867584742] conn(0x7fd158038330 0x7fd15803a7f0 unknown :-1 s=BANNER_CONNECTING pgs=0 cs=0 l=1 rev1=0 crypto rx=0 tx=0 comp rx=0 tx=0)._handle_peer_banner_payload supported=3 required=0
2024-02-16T19:42:26.966 INFO:teuthology.orchestra.run.smithi019.stdout:/usr/bin/ceph: stderr
2024-02-16T19:42:26.212+0000 7fd169d9b700 1 --2- 172.21.15.19:0/3924216428 >> [v2:172.21.15.19:6800/867584742,v1:172.21.15.19:6801/867584742] conn(0x7fd158038330 0x7fd15803a7f0 secure :-1 s=READY pgs=20 cs=0 l=1 rev1=1 crypto rx=0x7fd154006fd0 tx=0x7fd154006e40 comp rx=0 tx=0).ready entity=mgr.14116 client_cookie=0 server_cookie=0 in_seq=0 out_seq=0
2024-02-16T19:42:26.966 INFO:teuthology.orchestra.run.smithi019.stdout:/usr/bin/ceph: stderr
2024-02-16T19:42:26.217+0000 7fd1637fe700 1 -- 172.21.15.19:0/3924216428 <== mon.0 v2:172.21.15.19:3300/0 6 ==== mon_command_ack([{"prefix": "get_command_descriptions"}]=0 v0) v1 ==== 72+0+180422 (secure 0 0 0) 0x7fd164011750 con 0x7fd16c106eb0
2024-02-16T19:42:26.966 INFO:teuthology.orchestra.run.smithi019.stdout:/usr/bin/ceph: stderr
2024-02-16T19:42:26.419+0000 7fd170885700 1 -- 172.21.15.19:0/3924216428 --> [v2:172.21.15.19:3300/0,v1:172.21.15.19:6789/0] -- mon_command([{prefix=config set, name=mgr/cephadm/container_init}] v 0) v1 -- 0x7fd16c10a7f0 con 0x7fd16c106eb0
2024-02-16T19:42:26.966 INFO:teuthology.orchestra.run.smithi019.stdout:/usr/bin/ceph: stderr
2024-02-16T19:42:26.422+0000 7fd1637fe700 1 -- 172.21.15.19:0/3924216428 <== mon.0 v2:172.21.15.19:3300/0 7 ==== mon_command_ack([{prefix=config set, name=mgr/cephadm/container_init}]=0 v7)=0 v7) v1 ==== 142+0+0 (secure 0 0 0) 0x7fd16401f020 con 0x7fd16c106eb0
2024-02-16T19:42:26.966 INFO:teuthology.orchestra.run.smithi019.stdout:/usr/bin/ceph: stderr
2024-02-16T19:42:26.424+0000 7fd170885700 1 -- 172.21.15.19:0/3924216428 >> [v2:172.21.15.19:6800/867584742,v1:172.21.15.19:6801/867584742] conn(0x7fd158038330 msgr2=0x7fd15803a7f0 secure :-1 s=STATE_CONNECTION_ESTABLISHED l=1).mark_down
2024-02-16T19:42:26.966 INFO:teuthology.orchestra.run.smithi019.stdout:/usr/bin/ceph: stderr
2024-02-16T19:42:26.424+0000 7fd170885700 1 --2- 172.21.15.19:0/3924216428 >> [v2:172.21.15.19:6800/867584742,v1:172.21.15.19:6801/867584742] conn(0x7fd158038330 0x7fd15803a7f0 secure :-1 s=READY pgs=20 cs=0 l=1 rev1=1 crypto rx=0x7fd154006fd0 tx=0x7fd154006e40 comp rx=0 tx=0).stop
2024-02-16T19:42:26.966 INFO:teuthology.orchestra.run.smithi019.stdout:/usr/bin/ceph: stderr
2024-02-16T19:42:26.424+0000 7fd170885700 1 -- 172.21.15.19:0/3924216428 >> [v2:172.21.15.19:3300/0,v1:172.21.15.19:6789/0] conn(0x7fd16c106eb0 msgr2=0x7fd16c19a0f0 secure :-1 s=STATE_CONNECTION_ESTABLISHED l=1).mark_down
2024-02-16T19:42:26.966 INFO:teuthology.orchestra.run.smithi019.stdout:/usr/bin/ceph: stderr
2024-02-16T19:42:26.424+0000 7fd170885700 1 --2- 172.21.15.19:0/3924216428 >> [v2:172.21.15.19:3300/0,v1:172.21.15.19:6789/0] conn(0x7fd16c106eb0 0x7fd16c19a0f0 secure :-1 s=READY pgs=60 cs=0 l=1 rev1=1 crypto rx=0x7fd164009e50 tx=0x7fd1640049f0 comp rx=0 tx=0).stop
2024-02-16T19:42:26.966 INFO:teuthology.orchestra.run.smithi019.stdout:/usr/bin/ceph: stderr
2024-02-16T19:42:26.424+0000 7fd170885700 1 -- 172.21.15.19:0/3924216428 shutdown_connections
