2024-02-16T19:42:39.968+0000 7f5d5d542700 1 -- 172.21.15.19:0/2509987978 >> 172.21.15.19:0/2509987978 conn(0x7f5d581019b0 msgr2=0x7f5d58103e10 unknown :-1 s=STATE_NONE l=0).mark_down
2024-02-16T19:42:41.016 INFO:teuthology.orchestra.run.smithi019.stdout:/usr/bin/ceph: stderr
2024-02-16T19:42:39.969+0000 7f5d5d542700 1 -- 172.21.15.19:0/2509987978 shutdown_connections
2024-02-16T19:42:41.016 INFO:teuthology.orchestra.run.smithi019.stdout:/usr/bin/ceph: stderr
2024-02-16T19:42:39.969+0000 7f5d5d542700 1 -- 172.21.15.19:0/2509987978 wait complete.
2024-02-16T19:42:41.016 INFO:teuthology.orchestra.run.smithi019.stdout:/usr/bin/ceph: stderr
2024-02-16T19:42:39.969+0000 7f5d5d542700 1 Processor -- start
2024-02-16T19:42:41.016 INFO:teuthology.orchestra.run.smithi019.stdout:/usr/bin/ceph: stderr
2024-02-16T19:42:39.969+0000 7f5d5d542700 1 -- start start
2024-02-16T19:42:41.017 INFO:teuthology.orchestra.run.smithi019.stdout:/usr/bin/ceph: stderr
2024-02-16T19:42:39.969+0000 7f5d5d542700 1 --2- >> [v2:172.21.15.19:3300/0,v1:172.21.15.19:6789/0] conn(0x7f5d5807ad60 0x7f5d5819c380 unknown :-1 s=NONE pgs=0 cs=0 l=1 rev1=0 crypto rx=0 tx=0 comp rx=0 tx=0).connect
2024-02-16T19:42:41.017 INFO:teuthology.orchestra.run.smithi019.stdout:/usr/bin/ceph: stderr
2024-02-16T19:42:39.969+0000 7f5d5d542700 1 -- --> [v2:172.21.15.19:3300/0,v1:172.21.15.19:6789/0] -- mon_getmap magic: 0 v1 -- 0x7f5d5819c8c0 con 0x7f5d5807ad60
2024-02-16T19:42:41.017 INFO:teuthology.orchestra.run.smithi019.stdout:/usr/bin/ceph: stderr
2024-02-16T19:42:39.970+0000 7f5d56ffd700 1 --2- >> [v2:172.21.15.19:3300/0,v1:172.21.15.19:6789/0] conn(0x7f5d5807ad60 0x7f5d5819c380 unknown :-1 s=BANNER_CONNECTING pgs=0 cs=0 l=1 rev1=0 crypto rx=0 tx=0 comp rx=0 tx=0)._handle_peer_banner_payload supported=3 required=0
2024-02-16T19:42:41.017 INFO:teuthology.orchestra.run.smithi019.stdout:/usr/bin/ceph: stderr
2024-02-16T19:42:39.970+0000 7f5d56ffd700 1 --2- >> [v2:172.21.15.19:3300/0,v1:172.21.15.19:6789/0] conn(0x7f5d5807ad60 0x7f5d5819c380 unknown :-1 s=HELLO_CONNECTING pgs=0 cs=0 l=1 rev1=1 crypto rx=0 tx=0 comp rx=0 tx=0).handle_hello peer v2:172.21.15.19:3300/0 says I am v2:172.21.15.19:47260/0 (socket says 172.21.15.19:47260)
2024-02-16T19:42:41.017 INFO:teuthology.orchestra.run.smithi019.stdout:/usr/bin/ceph: stderr
2024-02-16T19:42:39.970+0000 7f5d56ffd700 1 -- 172.21.15.19:0/1193000194 learned_addr learned my addr 172.21.15.19:0/1193000194 (peer_addr_for_me v2:172.21.15.19:0/0)
2024-02-16T19:42:41.017 INFO:teuthology.orchestra.run.smithi019.stdout:/usr/bin/ceph: stderr
2024-02-16T19:42:39.970+0000 7f5d56ffd700 1 -- 172.21.15.19:0/1193000194 --> [v2:172.21.15.19:3300/0,v1:172.21.15.19:6789/0] -- mon_subscribe({config=0+,monmap=0+}) v3 -- 0x7f5d48009550 con 0x7f5d5807ad60
2024-02-16T19:42:41.017 INFO:teuthology.orchestra.run.smithi019.stdout:/usr/bin/ceph: stderr
2024-02-16T19:42:39.970+0000 7f5d56ffd700 1 --2- 172.21.15.19:0/1193000194 >> [v2:172.21.15.19:3300/0,v1:172.21.15.19:6789/0] conn(0x7f5d5807ad60 0x7f5d5819c380 secure :-1 s=READY pgs=81 cs=0 l=1 rev1=1 crypto rx=0x7f5d48011670 tx=0x7f5d48011aa0 comp rx=0 tx=0).ready entity=mon.0 client_cookie=0 server_cookie=0 in_seq=0 out_seq=0
2024-02-16T19:42:41.017 INFO:teuthology.orchestra.run.smithi019.stdout:/usr/bin/ceph: stderr
2024-02-16T19:42:39.970+0000 7f5d3ffff700 1 -- 172.21.15.19:0/1193000194 <== mon.0 v2:172.21.15.19:3300/0 1 ==== mon_map magic: 0 v1 ==== 229+0+0 (secure 0 0 0) 0x7f5d48003a40 con 0x7f5d5807ad60
2024-02-16T19:42:41.017 INFO:teuthology.orchestra.run.smithi019.stdout:/usr/bin/ceph: stderr
2024-02-16T19:42:39.970+0000 7f5d3ffff700 1 -- 172.21.15.19:0/1193000194 <== mon.0 v2:172.21.15.19:3300/0 2 ==== config(27 keys) v1 ==== 1101+0+0 (secure 0 0 0) 0x7f5d48003ba0 con 0x7f5d5807ad60
2024-02-16T19:42:41.017 INFO:teuthology.orchestra.run.smithi019.stdout:/usr/bin/ceph: stderr
2024-02-16T19:42:39.970+0000 7f5d5d542700 1 -- 172.21.15.19:0/1193000194 --> [v2:172.21.15.19:3300/0,v1:172.21.15.19:6789/0] -- mon_subscribe({mgrmap=0+}) v3 -- 0x7f5d5819cac0 con 0x7f5d5807ad60
2024-02-16T19:42:41.017 INFO:teuthology.orchestra.run.smithi019.stdout:/usr/bin/ceph: stderr
2024-02-16T19:42:39.970+0000 7f5d3ffff700 1 -- 172.21.15.19:0/1193000194 <== mon.0 v2:172.21.15.19:3300/0 3 ==== mon_map magic: 0 v1 ==== 229+0+0 (secure 0 0 0) 0x7f5d48024820 con 0x7f5d5807ad60
2024-02-16T19:42:41.017 INFO:teuthology.orchestra.run.smithi019.stdout:/usr/bin/ceph: stderr
2024-02-16T19:42:39.970+0000 7f5d5d542700 1 -- 172.21.15.19:0/1193000194 --> [v2:172.21.15.19:3300/0,v1:172.21.15.19:6789/0] -- mon_subscribe({osdmap=0}) v3 -- 0x7f5d5819cf60 con 0x7f5d5807ad60
2024-02-16T19:42:41.017 INFO:teuthology.orchestra.run.smithi019.stdout:/usr/bin/ceph: stderr
2024-02-16T19:42:39.971+0000 7f5d3ffff700 1 -- 172.21.15.19:0/1193000194 <== mon.0 v2:172.21.15.19:3300/0 4 ==== mgrmap(e 12) v1 ==== 45296+0+0 (secure 0 0 0) 0x7f5d48024a90 con 0x7f5d5807ad60
2024-02-16T19:42:41.017 INFO:teuthology.orchestra.run.smithi019.stdout:/usr/bin/ceph: stderr
2024-02-16T19:42:39.971+0000 7f5d3ffff700 1 --2- 172.21.15.19:0/1193000194 >> [v2:172.21.15.19:6800/1934135402,v1:172.21.15.19:6801/1934135402] conn(0x7f5d40038380 0x7f5d4003a840 unknown :-1 s=NONE pgs=0 cs=0 l=1 rev1=0 crypto rx=0 tx=0 comp rx=0 tx=0).connect
2024-02-16T19:42:41.017 INFO:teuthology.orchestra.run.smithi019.stdout:/usr/bin/ceph: stderr
2024-02-16T19:42:39.971+0000 7f5d3ffff700 1 -- 172.21.15.19:0/1193000194 <== mon.0 v2:172.21.15.19:3300/0 5 ==== osd_map(3..3 src has 1..3) v4 ==== 1155+0+0 (secure 0 0 0) 0x7f5d4804d460 con 0x7f5d5807ad60
2024-02-16T19:42:41.017 INFO:teuthology.orchestra.run.smithi019.stdout:/usr/bin/ceph: stderr
2024-02-16T19:42:39.971+0000 7f5d5d542700 1 -- 172.21.15.19:0/1193000194 --> [v2:172.21.15.19:3300/0,v1:172.21.15.19:6789/0] -- mon_command({"prefix": "get_command_descriptions"} v 0) v1 -- 0x7f5d5810c7d0 con 0x7f5d5807ad60
2024-02-16T19:42:41.018 INFO:teuthology.orchestra.run.smithi019.stdout:/usr/bin/ceph: stderr
2024-02-16T19:42:39.971+0000 7f5d567fc700 1 --2- 172.21.15.19:0/1193000194 >> [v2:172.21.15.19:6800/1934135402,v1:172.21.15.19:6801/1934135402] conn(0x7f5d40038380 0x7f5d4003a840 unknown :-1 s=BANNER_CONNECTING pgs=0 cs=0 l=1 rev1=0 crypto rx=0 tx=0 comp rx=0 tx=0)._handle_peer_banner_payload supported=3 required=0
2024-02-16T19:42:41.018 INFO:teuthology.orchestra.run.smithi019.stdout:/usr/bin/ceph: stderr
2024-02-16T19:42:39.972+0000 7f5d567fc700 1 --2- 172.21.15.19:0/1193000194 >> [v2:172.21.15.19:6800/1934135402,v1:172.21.15.19:6801/1934135402] conn(0x7f5d40038380 0x7f5d4003a840 secure :-1 s=READY pgs=8 cs=0 l=1 rev1=1 crypto rx=0x7f5d4c006fd0 tx=0x7f5d4c006e40 comp rx=0 tx=0).ready entity=mgr.14160 client_cookie=0 server_cookie=0 in_seq=0 out_seq=0
2024-02-16T19:42:41.018 INFO:teuthology.orchestra.run.smithi019.stdout:/usr/bin/ceph: stderr
2024-02-16T19:42:39.976+0000 7f5d3ffff700 1 -- 172.21.15.19:0/1193000194 <== mon.0 v2:172.21.15.19:3300/0 6 ==== mon_command_ack([{"prefix": "get_command_descriptions"}]=0 v0) v1 ==== 72+0+180422 (secure 0 0 0) 0x7f5d48024d90 con 0x7f5d5807ad60
2024-02-16T19:42:41.018 INFO:teuthology.orchestra.run.smithi019.stdout:/usr/bin/ceph: stderr
2024-02-16T19:42:40.191+0000 7f5d5d542700 1 -- 172.21.15.19:0/1193000194 --> [v2:172.21.15.19:6800/1934135402,v1:172.21.15.19:6801/1934135402] -- mgr_command(tid 0: {"prefix": "dashboard ac-user-create", "username": "admin", "rolename": "administrator", "force_password": true, "pwd_update_required": true, "target": ["mon-mgr", ""]}) v1 -- 0x7f5d580621e0 con 0x7f5d40038380
2024-02-16T19:42:41.018 INFO:teuthology.orchestra.run.smithi019.stdout:/usr/bin/ceph: stderr
2024-02-16T19:42:40.438+0000 7f5d3ffff700 1 -- 172.21.15.19:0/1193000194 <== mgr.14160 v2:172.21.15.19:6800/1934135402 1 ==== mgr_command_reply(tid 0: 0 ) v1 ==== 8+0+252 (secure 0 0 0) 0x7f5d580621e0 con 0x7f5d40038380
2024-02-16T19:42:41.018 INFO:teuthology.orchestra.run.smithi019.stdout:/usr/bin/ceph: stderr
2024-02-16T19:42:40.440+0000 7f5d5d542700 1 -- 172.21.15.19:0/1193000194 >> [v2:172.21.15.19:6800/1934135402,v1:172.21.15.19:6801/1934135402] conn(0x7f5d40038380 msgr2=0x7f5d4003a840 secure :-1 s=STATE_CONNECTION_ESTABLISHED l=1).mark_down
2024-02-16T19:42:41.018 INFO:teuthology.orchestra.run.smithi019.stdout:/usr/bin/ceph: stderr
2024-02-16T19:42:40.440+0000 7f5d5d542700 1 --2- 172.21.15.19:0/1193000194 >> [v2:172.21.15.19:6800/1934135402,v1:172.21.15.19:6801/1934135402] conn(0x7f5d40038380 0x7f5d4003a840 secure :-1 s=READY pgs=8 cs=0 l=1 rev1=1 crypto rx=0x7f5d4c006fd0 tx=0x7f5d4c006e40 comp rx=0 tx=0).stop
2024-02-16T19:42:41.018 INFO:teuthology.orchestra.run.smithi019.stdout:/usr/bin/ceph: stderr
2024-02-16T19:42:40.440+0000 7f5d5d542700 1 -- 172.21.15.19:0/1193000194 >> [v2:172.21.15.19:3300/0,v1:172.21.15.19:6789/0] conn(0x7f5d5807ad60 msgr2=0x7f5d5819c380 secure :-1 s=STATE_CONNECTION_ESTABLISHED l=1).mark_down
2024-02-16T19:42:41.018 INFO:teuthology.orchestra.run.smithi019.stdout:/usr/bin/ceph: stderr
2024-02-16T19:42:40.440+0000 7f5d5d542700 1 --2- 172.21.15.19:0/1193000194 >> [v2:172.21.15.19:3300/0,v1:172.21.15.19:6789/0] conn(0x7f5d5807ad60 0x7f5d5819c380 secure :-1 s=READY pgs=81 cs=0 l=1 rev1=1 crypto rx=0x7f5d48011670 tx=0x7f5d48011aa0 comp rx=0 tx=0).stop
2024-02-16T19:42:41.018 INFO:teuthology.orchestra.run.smithi019.stdout:/usr/bin/ceph: stderr
2024-02-16T19:42:40.440+0000 7f5d5d542700 1 -- 172.21.15.19:0/1193000194 shutdown_connections
2024-02-16T19:42:41.018 INFO:teuthology.orchestra.run.smithi019.stdout:/usr/bin/ceph: stderr
2024-02-16T19:42:40.440+0000 7f5d5d542700 1 --2- 172.21.15.19:0/1193000194 >> [v2:172.21.15.19:6800/1934135402,v1:172.21.15.19:6801/1934135402] conn(0x7f5d40038380 0x7f5d4003a840 unknown :-1 s=CLOSED pgs=8 cs=0 l=1 rev1=1 crypto rx=0 tx=0 comp rx=0 tx=0).stop
2024-02-16T19:42:41.018 INFO:teuthology.orchestra.run.smithi019.stdout:/usr/bin/ceph: stderr
2024-02-16T19:42:40.440+0000 7f5d5d542700 1 --2- 172.21.15.19:0/1193000194 >> [v2:172.21.15.19:3300/0,v1:172.21.15.19:6789/0] conn(0x7f5d5807ad60 0x7f5d5819c380 unknown :-1 s=CLOSED pgs=81 cs=0 l=1 rev1=1 crypto rx=0 tx=0 comp rx=0 tx=0).stop
2024-02-16T19:42:41.018 INFO:teuthology.orchestra.run.smithi019.stdout:/usr/bin/ceph: stderr
2024-02-16T19:42:40.440+0000 7f5d5d542700 1 -- 172.21.15.19:0/1193000194 >> 172.21.15.19:0/1193000194 conn(0x7f5d581019b0 msgr2=0x7f5d58103110 unknown :-1 s=STATE_NONE l=0).mark_down
2024-02-16T19:42:41.018 INFO:teuthology.orchestra.run.smithi019.stdout:/usr/bin/ceph: stderr
2024-02-16T19:42:40.440+0000 7f5d5d542700 1 -- 172.21.15.19:0/1193000194 shutdown_connections
2024-02-16T19:42:41.018 INFO:teuthology.orchestra.run.smithi019.stdout:/usr/bin/ceph: stderr
2024-02-16T19:42:40.440+0000 7f5d5d542700 1 -- 172.21.15.19:0/1193000194 wait complete.
2024-02-16T19:42:41.019 INFO:teuthology.orchestra.run.smithi019.stdout:Fetching dashboard port number...
2024-02-16T19:42:41.973 INFO:journalctl@ceph.mon.smithi019.smithi019.stdout:Feb 16 19:42:41 smithi019 ceph-mon[28862]: from='client.? 172.21.15.19:0/508760568' entity='client.admin' cmd=[{"prefix": "config get", "who": "mgr", "key": "mgr/dashboard/ssl_server_port"}]: dispatch
2024-02-16T19:42:42.784 INFO:teuthology.orchestra.run.smithi019.stdout:/usr/bin/ceph: stdout 8443
2024-02-16T19:42:42.785 INFO:teuthology.orchestra.run.smithi019.stdout:/usr/bin/ceph: stderr
2024-02-16T19:42:41.411+0000 7f8948463700 1 Processor -- start
2024-02-16T19:42:42.785 INFO:teuthology.orchestra.run.smithi019.stdout:/usr/bin/ceph: stderr
2024-02-16T19:42:41.411+0000 7f8948463700 1 -- start start
2024-02-16T19:42:42.785 INFO:teuthology.orchestra.run.smithi019.stdout:/usr/bin/ceph: stderr
2024-02-16T19:42:41.411+0000 7f8948463700 1 --2- >> [v2:172.21.15.19:3300/0,v1:172.21.15.19:6789/0] conn(0x7f8940106430 0x7f8940106850 unknown :-1 s=NONE pgs=0 cs=0 l=0 rev1=0 crypto rx=0 tx=0 comp rx=0 tx=0).connect
2024-02-16T19:42:42.785 INFO:teuthology.orchestra.run.smithi019.stdout:/usr/bin/ceph: stderr
2024-02-16T19:42:41.411+0000 7f8948463700 1 -- --> [v2:172.21.15.19:3300/0,v1:172.21.15.19:6789/0] -- mon_getmap magic: 0 v1 -- 0x7f8940106e20 con 0x7f8940106430
2024-02-16T19:42:42.785 INFO:teuthology.orchestra.run.smithi019.stdout:/usr/bin/ceph: stderr
2024-02-16T19:42:41.412+0000 7f89461ff700 1 --2- >> [v2:172.21.15.19:3300/0,v1:172.21.15.19:6789/0] conn(0x7f8940106430 0x7f8940106850 unknown :-1 s=BANNER_CONNECTING pgs=0 cs=0 l=0 rev1=0 crypto rx=0 tx=0 comp rx=0 tx=0)._handle_peer_banner_payload supported=3 required=0
2024-02-16T19:42:42.785 INFO:teuthology.orchestra.run.smithi019.stdout:/usr/bin/ceph: stderr
2024-02-16T19:42:41.412+0000 7f89461ff700 1 --2- >> [v2:172.21.15.19:3300/0,v1:172.21.15.19:6789/0] conn(0x7f8940106430 0x7f8940106850 unknown :-1 s=HELLO_CONNECTING pgs=0 cs=0 l=0 rev1=1 crypto rx=0 tx=0 comp rx=0 tx=0).handle_hello peer v2:172.21.15.19:3300/0 says I am v2:172.21.15.19:47268/0 (socket says 172.21.15.19:47268)
2024-02-16T19:42:42.785 INFO:teuthology.orchestra.run.smithi019.stdout:/usr/bin/ceph: stderr
2024-02-16T19:42:41.412+0000 7f89461ff700 1 -- 172.21.15.19:0/655015326 learned_addr learned my addr 172.21.15.19:0/655015326 (peer_addr_for_me v2:172.21.15.19:0/0)
2024-02-16T19:42:42.785 INFO:teuthology.orchestra.run.smithi019.stdout:/usr/bin/ceph: stderr
2024-02-16T19:42:41.412+0000 7f89461ff700 1 -- 172.21.15.19:0/655015326 --> [v2:172.21.15.19:3300/0,v1:172.21.15.19:6789/0] -- mon_subscribe({config=0+,monmap=0+}) v3 -- 0x7f8940107630 con 0x7f8940106430
2024-02-16T19:42:42.785 INFO:teuthology.orchestra.run.smithi019.stdout:/usr/bin/ceph: stderr
2024-02-16T19:42:41.412+0000 7f89461ff700 1 --2- 172.21.15.19:0/655015326 >> [v2:172.21.15.19:3300/0,v1:172.21.15.19:6789/0] conn(0x7f8940106430 0x7f8940106850 secure :-1 s=READY pgs=82 cs=0 l=1 rev1=1 crypto rx=0x7f89340098a0 tx=0x7f8934009bb0 comp rx=0 tx=0).ready entity=mon.0 client_cookie=e5347503990e5ac1 server_cookie=0 in_seq=0 out_seq=0
2024-02-16T19:42:42.785 INFO:teuthology.orchestra.run.smithi019.stdout:/usr/bin/ceph: stderr
2024-02-16T19:42:41.412+0000 7f89451fd700 1 -- 172.21.15.19:0/655015326 <== mon.0 v2:172.21.15.19:3300/0 1 ==== mon_map magic: 0 v1 ==== 229+0+0 (secure 0 0 0) 0x7f8934004180 con 0x7f8940106430
2024-02-16T19:42:42.785 INFO:teuthology.orchestra.run.smithi019.stdout:/usr/bin/ceph: stderr
2024-02-16T19:42:41.413+0000 7f89451fd700 1 -- 172.21.15.19:0/655015326 <== mon.0 v2:172.21.15.19:3300/0 2 ==== config(27 keys) v1 ==== 1101+0+0 (secure 0 0 0) 0x7f89340042e0 con 0x7f8940106430
2024-02-16T19:42:42.785 INFO:teuthology.orchestra.run.smithi019.stdout:/usr/bin/ceph: stderr
2024-02-16T19:42:41.413+0000 7f89451fd700 1 -- 172.21.15.19:0/655015326 <== mon.0 v2:172.21.15.19:3300/0 3 ==== mon_map magic: 0 v1 ==== 229+0+0 (secure 0 0 0) 0x7f8934011af0 con 0x7f8940106430
2024-02-16T19:42:42.785 INFO:teuthology.orchestra.run.smithi019.stdout:/usr/bin/ceph: stderr
2024-02-16T19:42:41.413+0000 7f8948463700 1 -- 172.21.15.19:0/655015326 >> [v2:172.21.15.19:3300/0,v1:172.21.15.19:6789/0] conn(0x7f8940106430 msgr2=0x7f8940106850 secure :-1 s=STATE_CONNECTION_ESTABLISHED l=1).mark_down
2024-02-16T19:42:42.785 INFO:teuthology.orchestra.run.smithi019.stdout:/usr/bin/ceph: stderr
2024-02-16T19:42:41.413+0000 7f8948463700 1 --2- 172.21.15.19:0/655015326 >> [v2:172.21.15.19:3300/0,v1:172.21.15.19:6789/0] conn(0x7f8940106430 0x7f8940106850 secure :-1 s=READY pgs=82 cs=0 l=1 rev1=1 crypto rx=0x7f89340098a0 tx=0x7f8934009bb0 comp rx=0 tx=0).stop
2024-02-16T19:42:42.785 INFO:teuthology.orchestra.run.smithi019.stdout:/usr/bin/ceph: stderr
2024-02-16T19:42:41.413+0000 7f8948463700 1 -- 172.21.15.19:0/655015326 shutdown_connections
2024-02-16T19:42:42.786 INFO:teuthology.orchestra.run.smithi019.stdout:/usr/bin/ceph: stderr
2024-02-16T19:42:41.413+0000 7f8948463700 1 --2- 172.21.15.19:0/655015326 >> [v2:172.21.15.19:3300/0,v1:172.21.15.19:6789/0] conn(0x7f8940106430 0x7f8940106850 unknown :-1 s=CLOSED pgs=82 cs=0 l=1 rev1=1 crypto rx=0 tx=0 comp rx=0 tx=0).stop
2024-02-16T19:42:42.786 INFO:teuthology.orchestra.run.smithi019.stdout:/usr/bin/ceph: stderr
2024-02-16T19:42:41.413+0000 7f8948463700 1 -- 172.21.15.19:0/655015326 >> 172.21.15.19:0/655015326 conn(0x7f89401019b0 msgr2=0x7f8940103e10 unknown :-1 s=STATE_NONE l=0).mark_down
2024-02-16T19:42:42.786 INFO:teuthology.orchestra.run.smithi019.stdout:/usr/bin/ceph: stderr
2024-02-16T19:42:41.413+0000 7f8948463700 1 -- 172.21.15.19:0/655015326 shutdown_connections
2024-02-16T19:42:42.786 INFO:teuthology.orchestra.run.smithi019.stdout:/usr/bin/ceph: stderr
2024-02-16T19:42:41.413+0000 7f8948463700 1 -- 172.21.15.19:0/655015326 wait complete.
2024-02-16T19:42:42.786 INFO:teuthology.orchestra.run.smithi019.stdout:/usr/bin/ceph: stderr
2024-02-16T19:42:41.414+0000 7f8948463700 1 Processor -- start
2024-02-16T19:42:42.786 INFO:teuthology.orchestra.run.smithi019.stdout:/usr/bin/ceph: stderr
2024-02-16T19:42:41.414+0000 7f8948463700 1 -- start start
2024-02-16T19:42:42.786 INFO:teuthology.orchestra.run.smithi019.stdout:/usr/bin/ceph: stderr
2024-02-16T19:42:41.414+0000 7f8948463700 1 --2- >> [v2:172.21.15.19:3300/0,v1:172.21.15.19:6789/0] conn(0x7f8940106430 0x7f894019a190 unknown :-1 s=NONE pgs=0 cs=0 l=1 rev1=0 crypto rx=0 tx=0 comp rx=0 tx=0).connect
2024-02-16T19:42:42.786 INFO:teuthology.orchestra.run.smithi019.stdout:/usr/bin/ceph: stderr
2024-02-16T19:42:41.414+0000 7f8948463700 1 -- --> [v2:172.21.15.19:3300/0,v1:172.21.15.19:6789/0] -- mon_getmap magic: 0 v1 -- 0x7f894019a6d0 con 0x7f8940106430
2024-02-16T19:42:42.786 INFO:teuthology.orchestra.run.smithi019.stdout:/usr/bin/ceph: stderr
2024-02-16T19:42:41.414+0000 7f89461ff700 1 --2- >> [v2:172.21.15.19:3300/0,v1:172.21.15.19:6789/0] conn(0x7f8940106430 0x7f894019a190 unknown :-1 s=BANNER_CONNECTING pgs=0 cs=0 l=1 rev1=0 crypto rx=0 tx=0 comp rx=0 tx=0)._handle_peer_banner_payload supported=3 required=0
2024-02-16T19:42:42.786 INFO:teuthology.orchestra.run.smithi019.stdout:/usr/bin/ceph: stderr
2024-02-16T19:42:41.414+0000 7f89461ff700 1 --2- >> [v2:172.21.15.19:3300/0,v1:172.21.15.19:6789/0] conn(0x7f8940106430 0x7f894019a190 unknown :-1 s=HELLO_CONNECTING pgs=0 cs=0 l=1 rev1=1 crypto rx=0 tx=0 comp rx=0 tx=0).handle_hello peer v2:172.21.15.19:3300/0 says I am v2:172.21.15.19:47278/0 (socket says 172.21.15.19:47278)
2024-02-16T19:42:42.786 INFO:teuthology.orchestra.run.smithi019.stdout:/usr/bin/ceph: stderr
2024-02-16T19:42:41.414+0000 7f89461ff700 1 -- 172.21.15.19:0/508760568 learned_addr learned my addr 172.21.15.19:0/508760568 (peer_addr_for_me v2:172.21.15.19:0/0)
2024-02-16T19:42:42.786 INFO:teuthology.orchestra.run.smithi019.stdout:/usr/bin/ceph: stderr
2024-02-16T19:42:41.415+0000 7f89461ff700 1 -- 172.21.15.19:0/508760568 --> [v2:172.21.15.19:3300/0,v1:172.21.15.19:6789/0] -- mon_subscribe({config=0+,monmap=0+}) v3 -- 0x7f8934009550 con 0x7f8940106430
2024-02-16T19:42:42.786 INFO:teuthology.orchestra.run.smithi019.stdout:/usr/bin/ceph: stderr
2024-02-16T19:42:41.415+0000 7f89461ff700 1 --2- 172.21.15.19:0/508760568 >> [v2:172.21.15.19:3300/0,v1:172.21.15.19:6789/0] conn(0x7f8940106430 0x7f894019a190 secure :-1 s=READY pgs=83 cs=0 l=1 rev1=1 crypto rx=0x7f8934011670 tx=0x7f8934011aa0 comp rx=0 tx=0).ready entity=mon.0 client_cookie=0 server_cookie=0 in_seq=0 out_seq=0
2024-02-16T19:42:42.786 INFO:teuthology.orchestra.run.smithi019.stdout:/usr/bin/ceph: stderr
2024-02-16T19:42:41.415+0000 7f89337fe700 1 -- 172.21.15.19:0/508760568 <== mon.0 v2:172.21.15.19:3300/0 1 ==== mon_map magic: 0 v1 ==== 229+0+0 (secure 0 0 0) 0x7f89340039c0 con 0x7f8940106430
2024-02-16T19:42:42.786 INFO:teuthology.orchestra.run.smithi019.stdout:/usr/bin/ceph: stderr
2024-02-16T19:42:41.415+0000 7f89337fe700 1 -- 172.21.15.19:0/508760568 <== mon.0 v2:172.21.15.19:3300/0 2 ==== config(27 keys) v1 ==== 1101+0+0 (secure 0 0 0) 0x7f8934003b20 con 0x7f8940106430
2024-02-16T19:42:42.786 INFO:teuthology.orchestra.run.smithi019.stdout:/usr/bin/ceph: stderr
2024-02-16T19:42:41.415+0000 7f8948463700 1 -- 172.21.15.19:0/508760568 --> [v2:172.21.15.19:3300/0,v1:172.21.15.19:6789/0] -- mon_subscribe({mgrmap=0+}) v3 -- 0x7f894019a8d0 con 0x7f8940106430
2024-02-16T19:42:42.787 INFO:teuthology.orchestra.run.smithi019.stdout:/usr/bin/ceph: stderr
2024-02-16T19:42:41.415+0000 7f89337fe700 1 -- 172.21.15.19:0/508760568 <== mon.0 v2:172.21.15.19:3300/0 3 ==== mon_map magic: 0 v1 ==== 229+0+0 (secure 0 0 0) 0x7f89340247f0 con 0x7f8940106430
2024-02-16T19:42:42.787 INFO:teuthology.orchestra.run.smithi019.stdout:/usr/bin/ceph: stderr
2024-02-16T19:42:41.415+0000 7f8948463700 1 -- 172.21.15.19:0/508760568 --> [v2:172.21.15.19:3300/0,v1:172.21.15.19:6789/0] -- mon_subscribe({osdmap=0}) v3 -- 0x7f894019ad70 con 0x7f8940106430
2024-02-16T19:42:42.787 INFO:teuthology.orchestra.run.smithi019.stdout:/usr/bin/ceph: stderr
2024-02-16T19:42:41.416+0000 7f89337fe700 1 -- 172.21.15.19:0/508760568 <== mon.0 v2:172.21.15.19:3300/0 4 ==== mgrmap(e 12) v1 ==== 45296+0+0 (secure 0 0 0) 0x7f893401ac70 con 0x7f8940106430
2024-02-16T19:42:42.787 INFO:teuthology.orchestra.run.smithi019.stdout:/usr/bin/ceph: stderr
2024-02-16T19:42:41.416+0000 7f8948463700 1 -- 172.21.15.19:0/508760568 --> [v2:172.21.15.19:3300/0,v1:172.21.15.19:6789/0] -- mon_command({"prefix": "get_command_descriptions"} v 0) v1 -- 0x7f89400623c0 con 0x7f8940106430
2024-02-16T19:42:42.787 INFO:teuthology.orchestra.run.smithi019.stdout:/usr/bin/ceph: stderr
2024-02-16T19:42:41.416+0000 7f89337fe700 1 --2- 172.21.15.19:0/508760568 >> [v2:172.21.15.19:6800/1934135402,v1:172.21.15.19:6801/1934135402] conn(0x7f892c038380 0x7f892c03a840 unknown :-1 s=NONE pgs=0 cs=0 l=1 rev1=0 crypto rx=0 tx=0 comp rx=0 tx=0).connect
2024-02-16T19:42:42.787 INFO:teuthology.orchestra.run.smithi019.stdout:/usr/bin/ceph: stderr
2024-02-16T19:42:41.416+0000 7f89337fe700 1 -- 172.21.15.19:0/508760568 <== mon.0 v2:172.21.15.19:3300/0 5 ==== osd_map(3..3 src has 1..3) v4 ==== 1155+0+0 (secure 0 0 0) 0x7f893404c370 con 0x7f8940106430
2024-02-16T19:42:42.787 INFO:teuthology.orchestra.run.smithi019.stdout:/usr/bin/ceph: stderr
2024-02-16T19:42:41.416+0000 7f89459fe700 1 --2- 172.21.15.19:0/508760568 >> [v2:172.21.15.19:6800/1934135402,v1:172.21.15.19:6801/1934135402] conn(0x7f892c038380 0x7f892c03a840 unknown :-1 s=BANNER_CONNECTING pgs=0 cs=0 l=1 rev1=0 crypto rx=0 tx=0 comp rx=0 tx=0)._handle_peer_banner_payload supported=3 required=0
2024-02-16T19:42:42.787 INFO:teuthology.orchestra.run.smithi019.stdout:/usr/bin/ceph: stderr
2024-02-16T19:42:41.417+0000 7f89459fe700 1 --2- 172.21.15.19:0/508760568 >> [v2:172.21.15.19:6800/1934135402,v1:172.21.15.19:6801/1934135402] conn(0x7f892c038380 0x7f892c03a840 secure :-1 s=READY pgs=9 cs=0 l=1 rev1=1 crypto rx=0x7f893c006fd0 tx=0x7f893c006e40 comp rx=0 tx=0).ready entity=mgr.14160 client_cookie=0 server_cookie=0 in_seq=0 out_seq=0
2024-02-16T19:42:42.787 INFO:teuthology.orchestra.run.smithi019.stdout:/usr/bin/ceph: stderr
2024-02-16T19:42:41.421+0000 7f89337fe700 1 -- 172.21.15.19:0/508760568 <== mon.0 v2:172.21.15.19:3300/0 6 ==== mon_command_ack([{"prefix": "get_command_descriptions"}]=0 v0) v1 ==== 72+0+180422 (secure 0 0 0) 0x7f8934018740 con 0x7f8940106430
2024-02-16T19:42:42.787 INFO:teuthology.orchestra.run.smithi019.stdout:/usr/bin/ceph: stderr
2024-02-16T19:42:41.626+0000 7f8948463700 1 -- 172.21.15.19:0/508760568 --> [v2:172.21.15.19:3300/0,v1:172.21.15.19:6789/0] -- mon_command({"prefix": "config get", "who": "mgr", "key": "mgr/dashboard/ssl_server_port"} v 0) v1 -- 0x7f894019dc70 con 0x7f8940106430
2024-02-16T19:42:42.787 INFO:teuthology.orchestra.run.smithi019.stdout:/usr/bin/ceph: stderr
2024-02-16T19:42:41.626+0000 7f89337fe700 1 -- 172.21.15.19:0/508760568 <== mon.0 v2:172.21.15.19:3300/0 7 ==== mon_command_ack([{"prefix": "config get", "who": "mgr", "key": "mgr/dashboard/ssl_server_port"}]=0 v8) v1 ==== 112+0+5 (secure 0 0 0) 0x7f8934018350 con 0x7f8940106430
2024-02-16T19:42:42.787 INFO:teuthology.orchestra.run.smithi019.stdout:/usr/bin/ceph: stderr
2024-02-16T19:42:41.629+0000 7f8948463700 1 -- 172.21.15.19:0/508760568 >> [v2:172.21.15.19:6800/1934135402,v1:172.21.15.19:6801/1934135402] conn(0x7f892c038380 msgr2=0x7f892c03a840 secure :-1 s=STATE_CONNECTION_ESTABLISHED l=1).mark_down
2024-02-16T19:42:42.787 INFO:teuthology.orchestra.run.smithi019.stdout:/usr/bin/ceph: stderr
2024-02-16T19:42:41.629+0000 7f8948463700 1 --2- 172.21.15.19:0/508760568 >> [v2:172.21.15.19:6800/1934135402,v1:172.21.15.19:6801/1934135402] conn(0x7f892c038380 0x7f892c03a840 secure :-1 s=READY pgs=9 cs=0 l=1 rev1=1 crypto rx=0x7f893c006fd0 tx=0x7f893c006e40 comp rx=0 tx=0).stop
2024-02-16T19:42:42.787 INFO:teuthology.orchestra.run.smithi019.stdout:/usr/bin/ceph: stderr
2024-02-16T19:42:41.629+0000 7f8948463700 1 -- 172.21.15.19:0/508760568 >> [v2:172.21.15.19:3300/0,v1:172.21.15.19:6789/0] conn(0x7f8940106430 msgr2=0x7f894019a190 secure :-1 s=STATE_CONNECTION_ESTABLISHED l=1).mark_down
2024-02-16T19:42:42.787 INFO:teuthology.orchestra.run.smithi019.stdout:/usr/bin/ceph: stderr
2024-02-16T19:42:41.629+0000 7f8948463700 1 --2- 172.21.15.19:0/508760568 >> [v2:172.21.15.19:3300/0,v1:172.21.15.19:6789/0] conn(0x7f8940106430 0x7f894019a190 secure :-1 s=READY pgs=83 cs=0 l=1 rev1=1 crypto rx=0x7f8934011670 tx=0x7f8934011aa0 comp rx=0 tx=0).stop
2024-02-16T19:42:42.787 INFO:teuthology.orchestra.run.smithi019.stdout:/usr/bin/ceph: stderr
2024-02-16T19:42:41.629+0000 7f8948463700 1 -- 172.21.15.19:0/508760568 shutdown_connections
2024-02-16T19:42:42.788 INFO:teuthology.orchestra.run.smithi019.stdout:/usr/bin/ceph: stderr
2024-02-16T19:42:41.629+0000 7f8948463700 1 --2- 172.21.15.19:0/508760568 >> [v2:172.21.15.19:6800/1934135402,v1:172.21.15.19:6801/1934135402] conn(0x7f892c038380 0x7f892c03a840 unknown :-1 s=CLOSED pgs=9 cs=0 l=1 rev1=1 crypto rx=0 tx=0 comp rx=0 tx=0).stop
2024-02-16T19:42:42.788 INFO:teuthology.orchestra.run.smithi019.stdout:/usr/bin/ceph: stderr
2024-02-16T19:42:41.629+0000 7f8948463700 1 --2- 172.21.15.19:0/508760568 >> [v2:172.21.15.19:3300/0,v1:172.21.15.19:6789/0] conn(0x7f8940106430 0x7f894019a190 unknown :-1 s=CLOSED pgs=83 cs=0 l=1 rev1=1 crypto rx=0 tx=0 comp rx=0 tx=0).stop
2024-02-16T19:42:42.788 INFO:teuthology.orchestra.run.smithi019.stdout:/usr/bin/ceph: stderr
2024-02-16T19:42:41.629+0000 7f8948463700 1 -- 172.21.15.19:0/508760568 >> 172.21.15.19:0/508760568 conn(0x7f89401019b0 msgr2=0x7f89401030e0 unknown :-1 s=STATE_NONE l=0).mark_down
2024-02-16T19:42:42.788 INFO:teuthology.orchestra.run.smithi019.stdout:/usr/bin/ceph: stderr
2024-02-16T19:42:41.629+0000 7f8948463700 1 -- 172.21.15.19:0/508760568 shutdown_connections
2024-02-16T19:42:42.788 INFO:teuthology.orchestra.run.smithi019.stdout:/usr/bin/ceph: stderr
2024-02-16T19:42:41.629+0000 7f8948463700 1 -- 172.21.15.19:0/508760568 wait complete.
2024-02-16T19:42:42.794 INFO:teuthology.orchestra.run.smithi019.stdout:Non-zero exit code 1 from systemctl is-enabled firewalld.service
2024-02-16T19:42:42.794 INFO:teuthology.orchestra.run.smithi019.stdout:systemctl: stdout disabled
2024-02-16T19:42:42.802 INFO:teuthology.orchestra.run.smithi019.stdout:Non-zero exit code 3 from systemctl is-active firewalld.service
2024-02-16T19:42:42.802 INFO:teuthology.orchestra.run.smithi019.stdout:systemctl: stdout inactive
2024-02-16T19:42:42.802 INFO:teuthology.orchestra.run.smithi019.stdout:firewalld.service is not enabled
2024-02-16T19:42:42.802 INFO:teuthology.orchestra.run.smithi019.stdout:Not possible to open ports <[8443]>. firewalld.service is not available
2024-02-16T19:42:42.805 INFO:teuthology.orchestra.run.smithi019.stdout:Ceph Dashboard is now available at:
2024-02-16T19:42:42.805 INFO:teuthology.orchestra.run.smithi019.stdout:
2024-02-16T19:42:42.805 INFO:teuthology.orchestra.run.smithi019.stdout: URL: https://smithi019.front.sepia.ceph.com:8443/
2024-02-16T19:42:42.805 INFO:teuthology.orchestra.run.smithi019.stdout: User: admin
2024-02-16T19:42:42.805 INFO:teuthology.orchestra.run.smithi019.stdout: Password: 6z1qqon3p7
2024-02-16T19:42:42.805 INFO:teuthology.orchestra.run.smithi019.stdout:
2024-02-16T19:42:42.806 INFO:teuthology.orchestra.run.smithi019.stdout:Saving cluster configuration to /var/lib/ceph/4f5806e6-cd03-11ee-95ba-87774f69a715/config directory
2024-02-16T19:42:42.806 INFO:teuthology.orchestra.run.smithi019.stdout:Enabling autotune for osd_memory_target
2024-02-16T19:42:44.015 INFO:journalctl@ceph.mon.smithi019.smithi019.stdout:Feb 16 19:42:43 smithi019 ceph-mon[28862]: mgrmap e13: smithi019.anpxxi(active, since 6s)
2024-02-16T19:42:44.022 INFO:teuthology.orchestra.run.smithi019.stdout:/usr/bin/ceph: stderr
2024-02-16T19:42:43.235+0000 7f50af04e700 1 Processor -- start
2024-02-16T19:42:44.023 INFO:teuthology.orchestra.run.smithi019.stdout:/usr/bin/ceph: stderr
2024-02-16T19:42:43.235+0000 7f50af04e700 1 -- start start
2024-02-16T19:42:44.023 INFO:teuthology.orchestra.run.smithi019.stdout:/usr/bin/ceph: stderr
2024-02-16T19:42:43.235+0000 7f50af04e700 1 --2- >> [v2:172.21.15.19:3300/0,v1:172.21.15.19:6789/0] conn(0x7f50a8104700 0x7f50a8104b20 unknown :-1 s=NONE pgs=0 cs=0 l=0 rev1=0 crypto rx=0 tx=0 comp rx=0 tx=0).connect
2024-02-16T19:42:44.023 INFO:teuthology.orchestra.run.smithi019.stdout:/usr/bin/ceph: stderr
2024-02-16T19:42:43.235+0000 7f50af04e700 1 -- --> [v2:172.21.15.19:3300/0,v1:172.21.15.19:6789/0] -- mon_getmap magic: 0 v1 -- 0x7f50a81050f0 con 0x7f50a8104700
2024-02-16T19:42:44.023 INFO:teuthology.orchestra.run.smithi019.stdout:/usr/bin/ceph: stderr
2024-02-16T19:42:43.235+0000 7f50acdea700 1 --2- >> [v2:172.21.15.19:3300/0,v1:172.21.15.19:6789/0] conn(0x7f50a8104700 0x7f50a8104b20 unknown :-1 s=BANNER_CONNECTING pgs=0 cs=0 l=0 rev1=0 crypto rx=0 tx=0 comp rx=0 tx=0)._handle_peer_banner_payload supported=3 required=0
2024-02-16T19:42:44.023 INFO:teuthology.orchestra.run.smithi019.stdout:/usr/bin/ceph: stderr
2024-02-16T19:42:43.235+0000 7f50acdea700 1 --2- >> [v2:172.21.15.19:3300/0,v1:172.21.15.19:6789/0] conn(0x7f50a8104700 0x7f50a8104b20 unknown :-1 s=HELLO_CONNECTING pgs=0 cs=0 l=0 rev1=1 crypto rx=0 tx=0 comp rx=0 tx=0).handle_hello peer v2:172.21.15.19:3300/0 says I am v2:172.21.15.19:47282/0 (socket says 172.21.15.19:47282)
2024-02-16T19:42:44.023 INFO:teuthology.orchestra.run.smithi019.stdout:/usr/bin/ceph: stderr
2024-02-16T19:42:43.235+0000 7f50acdea700 1 -- 172.21.15.19:0/2430067342 learned_addr learned my addr 172.21.15.19:0/2430067342 (peer_addr_for_me v2:172.21.15.19:0/0)
2024-02-16T19:42:44.023 INFO:teuthology.orchestra.run.smithi019.stdout:/usr/bin/ceph: stderr
2024-02-16T19:42:43.236+0000 7f50acdea700 1 -- 172.21.15.19:0/2430067342 --> [v2:172.21.15.19:3300/0,v1:172.21.15.19:6789/0] -- mon_subscribe({config=0+,monmap=0+}) v3 -- 0x7f50a8105230 con 0x7f50a8104700
2024-02-16T19:42:44.023 INFO:teuthology.orchestra.run.smithi019.stdout:/usr/bin/ceph: stderr
2024-02-16T19:42:43.236+0000 7f50acdea700 1 --2- 172.21.15.19:0/2430067342 >> [v2:172.21.15.19:3300/0,v1:172.21.15.19:6789/0] conn(0x7f50a8104700 0x7f50a8104b20 secure :-1 s=READY pgs=84 cs=0 l=1 rev1=1 crypto rx=0x7f509c0098a0 tx=0x7f509c009bb0 comp rx=0 tx=0).ready entity=mon.0 client_cookie=6454f3b17943f4f8 server_cookie=0 in_seq=0 out_seq=0
2024-02-16T19:42:44.023 INFO:teuthology.orchestra.run.smithi019.stdout:/usr/bin/ceph: stderr
2024-02-16T19:42:43.236+0000 7f50a77fe700 1 -- 172.21.15.19:0/2430067342 <== mon.0 v2:172.21.15.19:3300/0 1 ==== mon_map magic: 0 v1 ==== 229+0+0 (secure 0 0 0) 0x7f509c004180 con 0x7f50a8104700
2024-02-16T19:42:44.023 INFO:teuthology.orchestra.run.smithi019.stdout:/usr/bin/ceph: stderr
2024-02-16T19:42:43.236+0000 7f50a77fe700 1 -- 172.21.15.19:0/2430067342 <== mon.0 v2:172.21.15.19:3300/0 2 ==== config(27 keys) v1 ==== 1101+0+0 (secure 0 0 0) 0x7f509c0042e0 con 0x7f50a8104700
2024-02-16T19:42:44.023 INFO:teuthology.orchestra.run.smithi019.stdout:/usr/bin/ceph: stderr
2024-02-16T19:42:43.236+0000 7f50a77fe700 1 -- 172.21.15.19:0/2430067342 <== mon.0 v2:172.21.15.19:3300/0 3 ==== mon_map magic: 0 v1 ==== 229+0+0 (secure 0 0 0) 0x7f509c011af0 con 0x7f50a8104700
2024-02-16T19:42:44.023 INFO:teuthology.orchestra.run.smithi019.stdout:/usr/bin/ceph: stderr
2024-02-16T19:42:43.237+0000 7f50af04e700 1 -- 172.21.15.19:0/2430067342 >> [v2:172.21.15.19:3300/0,v1:172.21.15.19:6789/0] conn(0x7f50a8104700 msgr2=0x7f50a8104b20 secure :-1 s=STATE_CONNECTION_ESTABLISHED l=1).mark_down
2024-02-16T19:42:44.023 INFO:teuthology.orchestra.run.smithi019.stdout:/usr/bin/ceph: stderr
2024-02-16T19:42:43.237+0000 7f50af04e700 1 --2- 172.21.15.19:0/2430067342 >> [v2:172.21.15.19:3300/0,v1:172.21.15.19:6789/0] conn(0x7f50a8104700 0x7f50a8104b20 secure :-1 s=READY pgs=84 cs=0 l=1 rev1=1 crypto rx=0x7f509c0098a0 tx=0x7f509c009bb0 comp rx=0 tx=0).stop
2024-02-16T19:42:44.023 INFO:teuthology.orchestra.run.smithi019.stdout:/usr/bin/ceph: stderr
2024-02-16T19:42:43.237+0000 7f50af04e700 1 -- 172.21.15.19:0/2430067342 shutdown_connections
2024-02-16T19:42:44.023 INFO:teuthology.orchestra.run.smithi019.stdout:/usr/bin/ceph: stderr
2024-02-16T19:42:43.237+0000 7f50af04e700 1 --2- 172.21.15.19:0/2430067342 >> [v2:172.21.15.19:3300/0,v1:172.21.15.19:6789/0] conn(0x7f50a8104700 0x7f50a8104b20 unknown :-1 s=CLOSED pgs=84 cs=0 l=1 rev1=1 crypto rx=0 tx=0 comp rx=0 tx=0).stop
2024-02-16T19:42:44.024 INFO:teuthology.orchestra.run.smithi019.stdout:/usr/bin/ceph: stderr
2024-02-16T19:42:43.237+0000 7f50af04e700 1 -- 172.21.15.19:0/2430067342 >> 172.21.15.19:0/2430067342 conn(0x7f50a8100040 msgr2=0x7f50a81024a0 unknown :-1 s=STATE_NONE l=0).mark_down
2024-02-16T19:42:44.024 INFO:teuthology.orchestra.run.smithi019.stdout:/usr/bin/ceph: stderr
2024-02-16T19:42:43.237+0000 7f50af04e700 1 -- 172.21.15.19:0/2430067342 shutdown_connections
2024-02-16T19:42:44.024 INFO:teuthology.orchestra.run.smithi019.stdout:/usr/bin/ceph: stderr
2024-02-16T19:42:43.237+0000 7f50af04e700 1 -- 172.21.15.19:0/2430067342 wait complete.
2024-02-16T19:42:44.024 INFO:teuthology.orchestra.run.smithi019.stdout:/usr/bin/ceph: stderr
2024-02-16T19:42:43.237+0000 7f50af04e700 1 Processor -- start
2024-02-16T19:42:44.024 INFO:teuthology.orchestra.run.smithi019.stdout:/usr/bin/ceph: stderr
2024-02-16T19:42:43.237+0000 7f50af04e700 1 -- start start
2024-02-16T19:42:44.024 INFO:teuthology.orchestra.run.smithi019.stdout:/usr/bin/ceph: stderr
2024-02-16T19:42:43.238+0000 7f50af04e700 1 --2- >> [v2:172.21.15.19:3300/0,v1:172.21.15.19:6789/0] conn(0x7f50a8104700 0x7f50a819a190 unknown :-1 s=NONE pgs=0 cs=0 l=1 rev1=0 crypto rx=0 tx=0 comp rx=0 tx=0).connect
2024-02-16T19:42:44.024 INFO:teuthology.orchestra.run.smithi019.stdout:/usr/bin/ceph: stderr
2024-02-16T19:42:43.238+0000 7f50af04e700 1 -- --> [v2:172.21.15.19:3300/0,v1:172.21.15.19:6789/0] -- mon_getmap magic: 0 v1 -- 0x7f50a819a6d0 con 0x7f50a8104700
2024-02-16T19:42:44.024 INFO:teuthology.orchestra.run.smithi019.stdout:/usr/bin/ceph: stderr
2024-02-16T19:42:43.238+0000 7f50acdea700 1 --2- >> [v2:172.21.15.19:3300/0,v1:172.21.15.19:6789/0] conn(0x7f50a8104700 0x7f50a819a190 unknown :-1 s=BANNER_CONNECTING pgs=0 cs=0 l=1 rev1=0 crypto rx=0 tx=0 comp rx=0 tx=0)._handle_peer_banner_payload supported=3 required=0
2024-02-16T19:42:44.024 INFO:teuthology.orchestra.run.smithi019.stdout:/usr/bin/ceph: stderr
2024-02-16T19:42:43.238+0000 7f50acdea700 1 --2- >> [v2:172.21.15.19:3300/0,v1:172.21.15.19:6789/0] conn(0x7f50a8104700 0x7f50a819a190 unknown :-1 s=HELLO_CONNECTING pgs=0 cs=0 l=1 rev1=1 crypto rx=0 tx=0 comp rx=0 tx=0).handle_hello peer v2:172.21.15.19:3300/0 says I am v2:172.21.15.19:47288/0 (socket says 172.21.15.19:47288)
2024-02-16T19:42:44.024 INFO:teuthology.orchestra.run.smithi019.stdout:/usr/bin/ceph: stderr
2024-02-16T19:42:43.238+0000 7f50acdea700 1 -- 172.21.15.19:0/2998590172 learned_addr learned my addr 172.21.15.19:0/2998590172 (peer_addr_for_me v2:172.21.15.19:0/0)
2024-02-16T19:42:44.024 INFO:teuthology.orchestra.run.smithi019.stdout:/usr/bin/ceph: stderr
2024-02-16T19:42:43.238+0000 7f50acdea700 1 -- 172.21.15.19:0/2998590172 --> [v2:172.21.15.19:3300/0,v1:172.21.15.19:6789/0] -- mon_subscribe({config=0+,monmap=0+}) v3 -- 0x7f509c009550 con 0x7f50a8104700
2024-02-16T19:42:44.024 INFO:teuthology.orchestra.run.smithi019.stdout:/usr/bin/ceph: stderr
2024-02-16T19:42:43.238+0000 7f50acdea700 1 --2- 172.21.15.19:0/2998590172 >> [v2:172.21.15.19:3300/0,v1:172.21.15.19:6789/0] conn(0x7f50a8104700 0x7f50a819a190 secure :-1 s=READY pgs=85 cs=0 l=1 rev1=1 crypto rx=0x7f509c011670 tx=0x7f509c011b50 comp rx=0 tx=0).ready entity=mon.0 client_cookie=0 server_cookie=0 in_seq=0 out_seq=0
2024-02-16T19:42:44.024 INFO:teuthology.orchestra.run.smithi019.stdout:/usr/bin/ceph: stderr
2024-02-16T19:42:43.238+0000 7f50a5ffb700 1 -- 172.21.15.19:0/2998590172 <== mon.0 v2:172.21.15.19:3300/0 1 ==== mon_map magic: 0 v1 ==== 229+0+0 (secure 0 0 0) 0x7f509c0039f0 con 0x7f50a8104700
2024-02-16T19:42:44.024 INFO:teuthology.orchestra.run.smithi019.stdout:/usr/bin/ceph: stderr
2024-02-16T19:42:43.238+0000 7f50a5ffb700 1 -- 172.21.15.19:0/2998590172 <== mon.0 v2:172.21.15.19:3300/0 2 ==== config(27 keys) v1 ==== 1101+0+0 (secure 0 0 0) 0x7f509c003b50 con 0x7f50a8104700
2024-02-16T19:42:44.024 INFO:teuthology.orchestra.run.smithi019.stdout:/usr/bin/ceph: stderr
2024-02-16T19:42:43.238+0000 7f50af04e700 1 -- 172.21.15.19:0/2998590172 --> [v2:172.21.15.19:3300/0,v1:172.21.15.19:6789/0] -- mon_subscribe({mgrmap=0+}) v3 -- 0x7f50a819a8d0 con 0x7f50a8104700
2024-02-16T19:42:44.024 INFO:teuthology.orchestra.run.smithi019.stdout:/usr/bin/ceph: stderr
2024-02-16T19:42:43.238+0000 7f50a5ffb700 1 -- 172.21.15.19:0/2998590172 <== mon.0 v2:172.21.15.19:3300/0 3 ==== mon_map magic: 0 v1 ==== 229+0+0 (secure 0 0 0) 0x7f509c0247c0 con 0x7f50a8104700
2024-02-16T19:42:44.025 INFO:teuthology.orchestra.run.smithi019.stdout:/usr/bin/ceph: stderr
2024-02-16T19:42:43.239+0000 7f50af04e700 1 -- 172.21.15.19:0/2998590172 --> [v2:172.21.15.19:3300/0,v1:172.21.15.19:6789/0] -- mon_subscribe({osdmap=0}) v3 -- 0x7f50a819ad70 con 0x7f50a8104700
2024-02-16T19:42:44.025 INFO:teuthology.orchestra.run.smithi019.stdout:/usr/bin/ceph: stderr
2024-02-16T19:42:43.239+0000 7f50a5ffb700 1 -- 172.21.15.19:0/2998590172 <== mon.0 v2:172.21.15.19:3300/0 4 ==== mgrmap(e 13) v1 ==== 45339+0+0 (secure 0 0 0) 0x7f509c01a430 con 0x7f50a8104700
2024-02-16T19:42:44.025 INFO:teuthology.orchestra.run.smithi019.stdout:/usr/bin/ceph: stderr
2024-02-16T19:42:43.240+0000 7f50af04e700 1 -- 172.21.15.19:0/2998590172 --> [v2:172.21.15.19:3300/0,v1:172.21.15.19:6789/0] -- mon_command({"prefix": "get_command_descriptions"} v 0) v1 -- 0x7f50a80623c0 con 0x7f50a8104700
2024-02-16T19:42:44.025 INFO:teuthology.orchestra.run.smithi019.stdout:/usr/bin/ceph: stderr
2024-02-16T19:42:43.240+0000 7f50a5ffb700 1 --2- 172.21.15.19:0/2998590172 >> [v2:172.21.15.19:6800/1934135402,v1:172.21.15.19:6801/1934135402] conn(0x7f5098038460 0x7f509803a920 unknown :-1 s=NONE pgs=0 cs=0 l=1 rev1=0 crypto rx=0 tx=0 comp rx=0 tx=0).connect
2024-02-16T19:42:44.025 INFO:teuthology.orchestra.run.smithi019.stdout:/usr/bin/ceph: stderr
2024-02-16T19:42:43.240+0000 7f50a5ffb700 1 -- 172.21.15.19:0/2998590172 <== mon.0 v2:172.21.15.19:3300/0 5 ==== osd_map(3..3 src has 1..3) v4 ==== 1155+0+0 (secure 0 0 0) 0x7f509c04c570 con 0x7f50a8104700
2024-02-16T19:42:44.025 INFO:teuthology.orchestra.run.smithi019.stdout:/usr/bin/ceph: stderr
2024-02-16T19:42:43.240+0000 7f50a7fff700 1 --2- 172.21.15.19:0/2998590172 >> [v2:172.21.15.19:6800/1934135402,v1:172.21.15.19:6801/1934135402] conn(0x7f5098038460 0x7f509803a920 unknown :-1 s=BANNER_CONNECTING pgs=0 cs=0 l=1 rev1=0 crypto rx=0 tx=0 comp rx=0 tx=0)._handle_peer_banner_payload supported=3 required=0
2024-02-16T19:42:44.025 INFO:teuthology.orchestra.run.smithi019.stdout:/usr/bin/ceph: stderr
2024-02-16T19:42:43.240+0000 7f50a7fff700 1 --2- 172.21.15.19:0/2998590172 >> [v2:172.21.15.19:6800/1934135402,v1:172.21.15.19:6801/1934135402] conn(0x7f5098038460 0x7f509803a920 secure :-1 s=READY pgs=10 cs=0 l=1 rev1=1 crypto rx=0x7f5094006fd0 tx=0x7f5094006e40 comp rx=0 tx=0).ready entity=mgr.14160 client_cookie=0 server_cookie=0 in_seq=0 out_seq=0
2024-02-16T19:42:44.025 INFO:teuthology.orchestra.run.smithi019.stdout:/usr/bin/ceph: stderr
2024-02-16T19:42:43.245+0000 7f50a5ffb700 1 -- 172.21.15.19:0/2998590172 <== mon.0 v2:172.21.15.19:3300/0 6 ==== mon_command_ack([{"prefix": "get_command_descriptions"}]=0 v0) v1 ==== 72+0+180422 (secure 0 0 0) 0x7f509c018d20 con 0x7f50a8104700
2024-02-16T19:42:44.025 INFO:teuthology.orchestra.run.smithi019.stdout:/usr/bin/ceph: stderr
2024-02-16T19:42:43.442+0000 7f50af04e700 1 -- 172.21.15.19:0/2998590172 --> [v2:172.21.15.19:3300/0,v1:172.21.15.19:6789/0] -- mon_command([{prefix=config set, name=osd_memory_target_autotune}] v 0) v1 -- 0x7f50a819dbb0 con 0x7f50a8104700
2024-02-16T19:42:44.025 INFO:teuthology.orchestra.run.smithi019.stdout:/usr/bin/ceph: stderr
2024-02-16T19:42:43.442+0000 7f50a5ffb700 1 -- 172.21.15.19:0/2998590172 <== mon.0 v2:172.21.15.19:3300/0 7 ==== mon_command_ack([{prefix=config set, name=osd_memory_target_autotune}]=0 v8)=0 v8) v1 ==== 127+0+0 (secure 0 0 0) 0x7f509c018b40 con 0x7f50a8104700
2024-02-16T19:42:44.025 INFO:teuthology.orchestra.run.smithi019.stdout:/usr/bin/ceph: stderr
2024-02-16T19:42:43.444+0000 7f50af04e700 1 -- 172.21.15.19:0/2998590172 >> [v2:172.21.15.19:6800/1934135402,v1:172.21.15.19:6801/1934135402] conn(0x7f5098038460 msgr2=0x7f509803a920 secure :-1 s=STATE_CONNECTION_ESTABLISHED l=1).mark_down
2024-02-16T19:42:44.025 INFO:teuthology.orchestra.run.smithi019.stdout:/usr/bin/ceph: stderr
2024-02-16T19:42:43.444+0000 7f50af04e700 1 --2- 172.21.15.19:0/2998590172 >> [v2:172.21.15.19:6800/1934135402,v1:172.21.15.19:6801/1934135402] conn(0x7f5098038460 0x7f509803a920 secure :-1 s=READY pgs=10 cs=0 l=1 rev1=1 crypto rx=0x7f5094006fd0 tx=0x7f5094006e40 comp rx=0 tx=0).stop
2024-02-16T19:42:44.025 INFO:teuthology.orchestra.run.smithi019.stdout:/usr/bin/ceph: stderr
2024-02-16T19:42:43.444+0000 7f50af04e700 1 -- 172.21.15.19:0/2998590172 >> [v2:172.21.15.19:3300/0,v1:172.21.15.19:6789/0] conn(0x7f50a8104700 msgr2=0x7f50a819a190 secure :-1 s=STATE_CONNECTION_ESTABLISHED l=1).mark_down
2024-02-16T19:42:44.025 INFO:teuthology.orchestra.run.smithi019.stdout:/usr/bin/ceph: stderr
2024-02-16T19:42:43.444+0000 7f50af04e700 1 --2- 172.21.15.19:0/2998590172 >> [v2:172.21.15.19:3300/0,v1:172.21.15.19:6789/0] conn(0x7f50a8104700 0x7f50a819a190 secure :-1 s=READY pgs=85 cs=0 l=1 rev1=1 crypto rx=0x7f509c011670 tx=0x7f509c011b50 comp rx=0 tx=0).stop
2024-02-16T19:42:44.025 INFO:teuthology.orchestra.run.smithi019.stdout:/usr/bin/ceph: stderr
2024-02-16T19:42:43.445+0000 7f50af04e700 1 -- 172.21.15.19:0/2998590172 shutdown_connections
2024-02-16T19:42:44.025 INFO:teuthology.orchestra.run.smithi019.stdout:/usr/bin/ceph: stderr
2024-02-16T19:42:43.445+0000 7f50af04e700 1 --2- 172.21.15.19:0/2998590172 >> [v2:172.21.15.19:6800/1934135402,v1:172.21.15.19:6801/1934135402] conn(0x7f5098038460 0x7f509803a920 unknown :-1 s=CLOSED pgs=10 cs=0 l=1 rev1=1 crypto rx=0 tx=0 comp rx=0 tx=0).stop
2024-02-16T19:42:44.026 INFO:teuthology.orchestra.run.smithi019.stdout:/usr/bin/ceph: stderr
2024-02-16T19:42:43.445+0000 7f50af04e700 1 --2- 172.21.15.19:0/2998590172 >> [v2:172.21.15.19:3300/0,v1:172.21.15.19:6789/0] conn(0x7f50a8104700 0x7f50a819a190 unknown :-1 s=CLOSED pgs=85 cs=0 l=1 rev1=1 crypto rx=0 tx=0 comp rx=0 tx=0).stop
2024-02-16T19:42:44.026 INFO:teuthology.orchestra.run.smithi019.stdout:/usr/bin/ceph: stderr
2024-02-16T19:42:43.445+0000 7f50af04e700 1 -- 172.21.15.19:0/2998590172 >> 172.21.15.19:0/2998590172 conn(0x7f50a8100040 msgr2=0x7f50a8101750 unknown :-1 s=STATE_NONE l=0).mark_down
2024-02-16T19:42:44.026 INFO:teuthology.orchestra.run.smithi019.stdout:/usr/bin/ceph: stderr
2024-02-16T19:42:43.445+0000 7f50af04e700 1 -- 172.21.15.19:0/2998590172 shutdown_connections
2024-02-16T19:42:44.026 INFO:teuthology.orchestra.run.smithi019.stdout:/usr/bin/ceph: stderr
2024-02-16T19:42:43.445+0000 7f50af04e700 1 -- 172.21.15.19:0/2998590172 wait complete.
2024-02-16T19:42:45.337 INFO:teuthology.orchestra.run.smithi019.stdout:/usr/bin/ceph: stderr
2024-02-16T19:42:44.442+0000 7fa0ac3b2700 1 Processor -- start
2024-02-16T19:42:45.337 INFO:teuthology.orchestra.run.smithi019.stdout:/usr/bin/ceph: stderr
2024-02-16T19:42:44.442+0000 7fa0ac3b2700 1 -- start start
2024-02-16T19:42:45.337 INFO:teuthology.orchestra.run.smithi019.stdout:/usr/bin/ceph: stderr
2024-02-16T19:42:44.443+0000 7fa0ac3b2700 1 --2- >> [v2:172.21.15.19:3300/0,v1:172.21.15.19:6789/0] conn(0x7fa0a407bed0 0x7fa0a407a330 unknown :-1 s=NONE pgs=0 cs=0 l=0 rev1=0 crypto rx=0 tx=0 comp rx=0 tx=0).connect
2024-02-16T19:42:45.337 INFO:teuthology.orchestra.run.smithi019.stdout:/usr/bin/ceph: stderr
2024-02-16T19:42:44.443+0000 7fa0ac3b2700 1 -- --> [v2:172.21.15.19:3300/0,v1:172.21.15.19:6789/0] -- mon_getmap magic: 0 v1 -- 0x7fa0a407a900 con 0x7fa0a407bed0
2024-02-16T19:42:45.338 INFO:teuthology.orchestra.run.smithi019.stdout:/usr/bin/ceph: stderr
2024-02-16T19:42:44.443+0000 7fa0aa14e700 1 --2- >> [v2:172.21.15.19:3300/0,v1:172.21.15.19:6789/0] conn(0x7fa0a407bed0 0x7fa0a407a330 unknown :-1 s=BANNER_CONNECTING pgs=0 cs=0 l=0 rev1=0 crypto rx=0 tx=0 comp rx=0 tx=0)._handle_peer_banner_payload supported=3 required=0
2024-02-16T19:42:45.338 INFO:teuthology.orchestra.run.smithi019.stdout:/usr/bin/ceph: stderr
2024-02-16T19:42:44.443+0000 7fa0aa14e700 1 --2- >> [v2:172.21.15.19:3300/0,v1:172.21.15.19:6789/0] conn(0x7fa0a407bed0 0x7fa0a407a330 unknown :-1 s=HELLO_CONNECTING pgs=0 cs=0 l=0 rev1=1 crypto rx=0 tx=0 comp rx=0 tx=0).handle_hello peer v2:172.21.15.19:3300/0 says I am v2:172.21.15.19:47296/0 (socket says 172.21.15.19:47296)
2024-02-16T19:42:45.338 INFO:teuthology.orchestra.run.smithi019.stdout:/usr/bin/ceph: stderr
2024-02-16T19:42:44.443+0000 7fa0aa14e700 1 -- 172.21.15.19:0/2936891478 learned_addr learned my addr 172.21.15.19:0/2936891478 (peer_addr_for_me v2:172.21.15.19:0/0)
2024-02-16T19:42:45.338 INFO:teuthology.orchestra.run.smithi019.stdout:/usr/bin/ceph: stderr
2024-02-16T19:42:44.443+0000 7fa0aa14e700 1 -- 172.21.15.19:0/2936891478 --> [v2:172.21.15.19:3300/0,v1:172.21.15.19:6789/0] -- mon_subscribe({config=0+,monmap=0+}) v3 -- 0x7fa0a407aa40 con 0x7fa0a407bed0
2024-02-16T19:42:45.338 INFO:teuthology.orchestra.run.smithi019.stdout:/usr/bin/ceph: stderr
2024-02-16T19:42:44.443+0000 7fa0aa14e700 1 --2- 172.21.15.19:0/2936891478 >> [v2:172.21.15.19:3300/0,v1:172.21.15.19:6789/0] conn(0x7fa0a407bed0 0x7fa0a407a330 secure :-1 s=READY pgs=86 cs=0 l=1 rev1=1 crypto rx=0x7fa0940098a0 tx=0x7fa094009bb0 comp rx=0 tx=0).ready entity=mon.0 client_cookie=61b0c545b20d430a server_cookie=0 in_seq=0 out_seq=0
2024-02-16T19:42:45.338 INFO:teuthology.orchestra.run.smithi019.stdout:/usr/bin/ceph: stderr
2024-02-16T19:42:44.444+0000 7fa0a914c700 1 -- 172.21.15.19:0/2936891478 <== mon.0 v2:172.21.15.19:3300/0 1 ==== mon_map magic: 0 v1 ==== 229+0+0 (secure 0 0 0) 0x7fa094004180 con 0x7fa0a407bed0
2024-02-16T19:42:45.338 INFO:teuthology.orchestra.run.smithi019.stdout:/usr/bin/ceph: stderr
2024-02-16T19:42:44.444+0000 7fa0a914c700 1 -- 172.21.15.19:0/2936891478 <== mon.0 v2:172.21.15.19:3300/0 2 ==== config(27 keys) v1 ==== 1101+0+0 (secure 0 0 0) 0x7fa0940042e0 con 0x7fa0a407bed0
2024-02-16T19:42:45.338 INFO:teuthology.orchestra.run.smithi019.stdout:/usr/bin/ceph: stderr
2024-02-16T19:42:44.444+0000 7fa0a914c700 1 -- 172.21.15.19:0/2936891478 <== mon.0 v2:172.21.15.19:3300/0 3 ==== mon_map magic: 0 v1 ==== 229+0+0 (secure 0 0 0) 0x7fa094011af0 con 0x7fa0a407bed0
2024-02-16T19:42:45.338 INFO:teuthology.orchestra.run.smithi019.stdout:/usr/bin/ceph: stderr
2024-02-16T19:42:44.444+0000 7fa0ac3b2700 1 -- 172.21.15.19:0/2936891478 >> [v2:172.21.15.19:3300/0,v1:172.21.15.19:6789/0] conn(0x7fa0a407bed0 msgr2=0x7fa0a407a330 secure :-1 s=STATE_CONNECTION_ESTABLISHED l=1).mark_down
2024-02-16T19:42:45.338 INFO:teuthology.orchestra.run.smithi019.stdout:/usr/bin/ceph: stderr
2024-02-16T19:42:44.444+0000 7fa0ac3b2700 1 --2- 172.21.15.19:0/2936891478 >> [v2:172.21.15.19:3300/0,v1:172.21.15.19:6789/0] conn(0x7fa0a407bed0 0x7fa0a407a330 secure :-1 s=READY pgs=86 cs=0 l=1 rev1=1 crypto rx=0x7fa0940098a0 tx=0x7fa094009bb0 comp rx=0 tx=0).stop
2024-02-16T19:42:45.338 INFO:teuthology.orchestra.run.smithi019.stdout:/usr/bin/ceph: stderr
2024-02-16T19:42:44.444+0000 7fa0ac3b2700 1 -- 172.21.15.19:0/2936891478 shutdown_connections
2024-02-16T19:42:45.338 INFO:teuthology.orchestra.run.smithi019.stdout:/usr/bin/ceph: stderr
2024-02-16T19:42:44.444+0000 7fa0ac3b2700 1 --2- 172.21.15.19:0/2936891478 >> [v2:172.21.15.19:3300/0,v1:172.21.15.19:6789/0] conn(0x7fa0a407bed0 0x7fa0a407a330 unknown :-1 s=CLOSED pgs=86 cs=0 l=1 rev1=1 crypto rx=0 tx=0 comp rx=0 tx=0).stop
2024-02-16T19:42:45.338 INFO:teuthology.orchestra.run.smithi019.stdout:/usr/bin/ceph: stderr
2024-02-16T19:42:44.444+0000 7fa0ac3b2700 1 -- 172.21.15.19:0/2936891478 >> 172.21.15.19:0/2936891478 conn(0x7fa0a4101a00 msgr2=0x7fa0a4103e20 unknown :-1 s=STATE_NONE l=0).mark_down
2024-02-16T19:42:45.338 INFO:teuthology.orchestra.run.smithi019.stdout:/usr/bin/ceph: stderr
2024-02-16T19:42:44.444+0000 7fa0ac3b2700 1 -- 172.21.15.19:0/2936891478 shutdown_connections
2024-02-16T19:42:45.338 INFO:teuthology.orchestra.run.smithi019.stdout:/usr/bin/ceph: stderr
2024-02-16T19:42:44.444+0000 7fa0ac3b2700 1 -- 172.21.15.19:0/2936891478 wait complete.
2024-02-16T19:42:45.339 INFO:teuthology.orchestra.run.smithi019.stdout:/usr/bin/ceph: stderr
2024-02-16T19:42:44.445+0000 7fa0ac3b2700 1 Processor -- start
2024-02-16T19:42:45.339 INFO:teuthology.orchestra.run.smithi019.stdout:/usr/bin/ceph: stderr
2024-02-16T19:42:44.445+0000 7fa0ac3b2700 1 -- start start
2024-02-16T19:42:45.339 INFO:teuthology.orchestra.run.smithi019.stdout:/usr/bin/ceph: stderr
2024-02-16T19:42:44.445+0000 7fa0ac3b2700 1 --2- >> [v2:172.21.15.19:3300/0,v1:172.21.15.19:6789/0] conn(0x7fa0a407bed0 0x7fa0a419c2d0 unknown :-1 s=NONE pgs=0 cs=0 l=1 rev1=0 crypto rx=0 tx=0 comp rx=0 tx=0).connect
