2024-02-16T22:10:11.149 INFO:teuthology.orchestra.run.smithi134.stdout:/usr/bin/ceph: stderr
2024-02-16T22:10:10.132+0000 7ffb9259c700 1 --2- 172.21.15.134:0/4038065691 >> [v2:172.21.15.134:6800/3520115315,v1:172.21.15.134:6801/3520115315] conn(0x7ffb7c0367e0 0x7ffb7c038c90 secure :-1 s=READY pgs=12 cs=0 l=1 rev1=1 crypto rx=0x7ffb88009990 tx=0x7ffb88006e40 comp rx=0 tx=0).ready entity=mgr.14120 client_cookie=0 server_cookie=0 in_seq=0 out_seq=0
2024-02-16T22:10:11.149 INFO:teuthology.orchestra.run.smithi134.stdout:/usr/bin/ceph: stderr
2024-02-16T22:10:10.136+0000 7ffb7b7fe700 1 -- 172.21.15.134:0/4038065691 <== mon.0 v2:172.21.15.134:3300/0 6 ==== mon_command_ack([{"prefix": "get_command_descriptions"}]=0 v0) v1 ==== 72+0+175031 (secure 0 0 0) 0x7ffb84018350 con 0x7ffb94076c20
2024-02-16T22:10:11.149 INFO:teuthology.orchestra.run.smithi134.stdout:/usr/bin/ceph: stderr
2024-02-16T22:10:10.340+0000 7ffb991e7700 1 -- 172.21.15.134:0/4038065691 --> [v2:172.21.15.134:6800/3520115315,v1:172.21.15.134:6801/3520115315] -- mgr_command(tid 0: {"prefix": "orch apply", "service_type": "mon", "target": ["mon-mgr", ""]}) v1 -- 0x7ffb940ff0c0 con 0x7ffb7c0367e0
2024-02-16T22:10:11.149 INFO:teuthology.orchestra.run.smithi134.stdout:/usr/bin/ceph: stderr
2024-02-16T22:10:10.345+0000 7ffb7b7fe700 1 -- 172.21.15.134:0/4038065691 <== mgr.14120 v2:172.21.15.134:6800/3520115315 1 ==== mgr_command_reply(tid 0: 0 ) v1 ==== 8+0+24 (secure 0 0 0) 0x7ffb940ff0c0 con 0x7ffb7c0367e0
2024-02-16T22:10:11.149 INFO:teuthology.orchestra.run.smithi134.stdout:/usr/bin/ceph: stderr
2024-02-16T22:10:10.347+0000 7ffb991e7700 1 -- 172.21.15.134:0/4038065691 >> [v2:172.21.15.134:6800/3520115315,v1:172.21.15.134:6801/3520115315] conn(0x7ffb7c0367e0 msgr2=0x7ffb7c038c90 secure :-1 s=STATE_CONNECTION_ESTABLISHED l=1).mark_down
2024-02-16T22:10:11.149 INFO:teuthology.orchestra.run.smithi134.stdout:/usr/bin/ceph: stderr
2024-02-16T22:10:10.347+0000 7ffb991e7700 1 --2- 172.21.15.134:0/4038065691 >> [v2:172.21.15.134:6800/3520115315,v1:172.21.15.134:6801/3520115315] conn(0x7ffb7c0367e0 0x7ffb7c038c90 secure :-1 s=READY pgs=12 cs=0 l=1 rev1=1 crypto rx=0x7ffb88009990 tx=0x7ffb88006e40 comp rx=0 tx=0).stop
2024-02-16T22:10:11.149 INFO:teuthology.orchestra.run.smithi134.stdout:/usr/bin/ceph: stderr
2024-02-16T22:10:10.347+0000 7ffb991e7700 1 -- 172.21.15.134:0/4038065691 >> [v2:172.21.15.134:3300/0,v1:172.21.15.134:6789/0] conn(0x7ffb94076c20 msgr2=0x7ffb94111520 secure :-1 s=STATE_CONNECTION_ESTABLISHED l=1).mark_down
2024-02-16T22:10:11.149 INFO:teuthology.orchestra.run.smithi134.stdout:/usr/bin/ceph: stderr
2024-02-16T22:10:10.347+0000 7ffb991e7700 1 --2- 172.21.15.134:0/4038065691 >> [v2:172.21.15.134:3300/0,v1:172.21.15.134:6789/0] conn(0x7ffb94076c20 0x7ffb94111520 secure :-1 s=READY pgs=48 cs=0 l=1 rev1=1 crypto rx=0x7ffb8400b440 tx=0x7ffb84009250 comp rx=0 tx=0).stop
2024-02-16T22:10:11.149 INFO:teuthology.orchestra.run.smithi134.stdout:/usr/bin/ceph: stderr
2024-02-16T22:10:10.347+0000 7ffb991e7700 1 -- 172.21.15.134:0/4038065691 shutdown_connections
2024-02-16T22:10:11.149 INFO:teuthology.orchestra.run.smithi134.stdout:/usr/bin/ceph: stderr
2024-02-16T22:10:10.347+0000 7ffb991e7700 1 --2- 172.21.15.134:0/4038065691 >> [v2:172.21.15.134:6800/3520115315,v1:172.21.15.134:6801/3520115315] conn(0x7ffb7c0367e0 0x7ffb7c038c90 unknown :-1 s=CLOSED pgs=12 cs=0 l=1 rev1=1 crypto rx=0 tx=0 comp rx=0 tx=0).stop
2024-02-16T22:10:11.149 INFO:teuthology.orchestra.run.smithi134.stdout:/usr/bin/ceph: stderr
2024-02-16T22:10:10.347+0000 7ffb991e7700 1 --2- 172.21.15.134:0/4038065691 >> [v2:172.21.15.134:3300/0,v1:172.21.15.134:6789/0] conn(0x7ffb94076c20 0x7ffb94111520 unknown :-1 s=CLOSED pgs=48 cs=0 l=1 rev1=1 crypto rx=0 tx=0 comp rx=0 tx=0).stop
2024-02-16T22:10:11.149 INFO:teuthology.orchestra.run.smithi134.stdout:/usr/bin/ceph: stderr
2024-02-16T22:10:10.347+0000 7ffb991e7700 1 -- 172.21.15.134:0/4038065691 >> 172.21.15.134:0/4038065691 conn(0x7ffb940fcdd0 msgr2=0x7ffb940fe4a0 unknown :-1 s=STATE_NONE l=0).mark_down
2024-02-16T22:10:11.150 INFO:teuthology.orchestra.run.smithi134.stdout:/usr/bin/ceph: stderr
2024-02-16T22:10:10.347+0000 7ffb991e7700 1 -- 172.21.15.134:0/4038065691 shutdown_connections
2024-02-16T22:10:11.150 INFO:teuthology.orchestra.run.smithi134.stdout:/usr/bin/ceph: stderr
2024-02-16T22:10:10.347+0000 7ffb991e7700 1 -- 172.21.15.134:0/4038065691 wait complete.
2024-02-16T22:10:11.150 INFO:teuthology.orchestra.run.smithi134.stdout:Deploying mgr service with default placement...
2024-02-16T22:10:11.714 INFO:journalctl@ceph.mon.smithi134.smithi134.stdout:Feb 16 22:10:11 smithi134 ceph-mon[28869]: from='client.14142 -' entity='client.admin' cmd=[{"prefix": "orch apply", "service_type": "mon", "target": ["mon-mgr", ""]}]: dispatch
2024-02-16T22:10:11.714 INFO:journalctl@ceph.mon.smithi134.smithi134.stdout:Feb 16 22:10:11 smithi134 ceph-mon[28869]: Saving service mon spec with placement count:5
2024-02-16T22:10:12.976 INFO:journalctl@ceph.mon.smithi134.smithi134.stdout:Feb 16 22:10:12 smithi134 ceph-mon[28869]: from='client.14144 -' entity='client.admin' cmd=[{"prefix": "orch apply", "service_type": "mgr", "target": ["mon-mgr", ""]}]: dispatch
2024-02-16T22:10:12.977 INFO:journalctl@ceph.mon.smithi134.smithi134.stdout:Feb 16 22:10:12 smithi134 ceph-mon[28869]: Saving service mgr spec with placement count:2
2024-02-16T22:10:12.977 INFO:journalctl@ceph.mon.smithi134.smithi134.stdout:Feb 16 22:10:12 smithi134 ceph-mon[28869]: from='mgr.14120 172.21.15.134:0/2757622451' entity='mgr.smithi134.ordace'
2024-02-16T22:10:13.109 INFO:teuthology.orchestra.run.smithi134.stdout:/usr/bin/ceph: stdout Scheduled mgr update...
2024-02-16T22:10:13.109 INFO:teuthology.orchestra.run.smithi134.stdout:/usr/bin/ceph: stderr
2024-02-16T22:10:11.559+0000 7f6c6d4d8700 1 Processor -- start
2024-02-16T22:10:13.109 INFO:teuthology.orchestra.run.smithi134.stdout:/usr/bin/ceph: stderr
2024-02-16T22:10:11.559+0000 7f6c6d4d8700 1 -- start start
2024-02-16T22:10:13.109 INFO:teuthology.orchestra.run.smithi134.stdout:/usr/bin/ceph: stderr
2024-02-16T22:10:11.559+0000 7f6c6d4d8700 1 --2- >> [v2:172.21.15.134:3300/0,v1:172.21.15.134:6789/0] conn(0x7f6c681015f0 0x7f6c68101a00 unknown :-1 s=NONE pgs=0 cs=0 l=0 rev1=0 crypto rx=0 tx=0 comp rx=0 tx=0).connect
2024-02-16T22:10:13.109 INFO:teuthology.orchestra.run.smithi134.stdout:/usr/bin/ceph: stderr
2024-02-16T22:10:11.559+0000 7f6c6d4d8700 1 -- --> [v2:172.21.15.134:3300/0,v1:172.21.15.134:6789/0] -- mon_getmap magic: 0 v1 -- 0x7f6c68101f40 con 0x7f6c681015f0
2024-02-16T22:10:13.109 INFO:teuthology.orchestra.run.smithi134.stdout:/usr/bin/ceph: stderr
2024-02-16T22:10:11.559+0000 7f6c66ffd700 1 --2- >> [v2:172.21.15.134:3300/0,v1:172.21.15.134:6789/0] conn(0x7f6c681015f0 0x7f6c68101a00 unknown :-1 s=BANNER_CONNECTING pgs=0 cs=0 l=0 rev1=0 crypto rx=0 tx=0 comp rx=0 tx=0)._handle_peer_banner_payload supported=3 required=0
2024-02-16T22:10:13.110 INFO:teuthology.orchestra.run.smithi134.stdout:/usr/bin/ceph: stderr
2024-02-16T22:10:11.559+0000 7f6c66ffd700 1 --2- >> [v2:172.21.15.134:3300/0,v1:172.21.15.134:6789/0] conn(0x7f6c681015f0 0x7f6c68101a00 unknown :-1 s=HELLO_CONNECTING pgs=0 cs=0 l=0 rev1=1 crypto rx=0 tx=0 comp rx=0 tx=0).handle_hello peer v2:172.21.15.134:3300/0 says I am v2:172.21.15.134:39510/0 (socket says 172.21.15.134:39510)
2024-02-16T22:10:13.110 INFO:teuthology.orchestra.run.smithi134.stdout:/usr/bin/ceph: stderr
2024-02-16T22:10:11.559+0000 7f6c66ffd700 1 -- 172.21.15.134:0/2630765091 learned_addr learned my addr 172.21.15.134:0/2630765091 (peer_addr_for_me v2:172.21.15.134:0/0)
2024-02-16T22:10:13.110 INFO:teuthology.orchestra.run.smithi134.stdout:/usr/bin/ceph: stderr
2024-02-16T22:10:11.559+0000 7f6c66ffd700 1 -- 172.21.15.134:0/2630765091 --> [v2:172.21.15.134:3300/0,v1:172.21.15.134:6789/0] -- mon_subscribe({config=0+,monmap=0+}) v3 -- 0x7f6c68102080 con 0x7f6c681015f0
2024-02-16T22:10:13.110 INFO:teuthology.orchestra.run.smithi134.stdout:/usr/bin/ceph: stderr
2024-02-16T22:10:11.560+0000 7f6c66ffd700 1 --2- 172.21.15.134:0/2630765091 >> [v2:172.21.15.134:3300/0,v1:172.21.15.134:6789/0] conn(0x7f6c681015f0 0x7f6c68101a00 secure :-1 s=READY pgs=49 cs=0 l=1 rev1=1 crypto rx=0x7f6c5800bb80 tx=0x7f6c5800b4f0 comp rx=0 tx=0).ready entity=mon.0 client_cookie=a1069094e7e4393 server_cookie=0 in_seq=0 out_seq=0
2024-02-16T22:10:13.110 INFO:teuthology.orchestra.run.smithi134.stdout:/usr/bin/ceph: stderr
2024-02-16T22:10:11.560+0000 7f6c65ffb700 1 -- 172.21.15.134:0/2630765091 <== mon.0 v2:172.21.15.134:3300/0 1 ==== mon_map magic: 0 v1 ==== 229+0+0 (secure 0 0 0) 0x7f6c5800dd00 con 0x7f6c681015f0
2024-02-16T22:10:13.110 INFO:teuthology.orchestra.run.smithi134.stdout:/usr/bin/ceph: stderr
2024-02-16T22:10:11.560+0000 7f6c65ffb700 1 -- 172.21.15.134:0/2630765091 <== mon.0 v2:172.21.15.134:3300/0 2 ==== config(27 keys) v1 ==== 1044+0+0 (secure 0 0 0) 0x7f6c5800de60 con 0x7f6c681015f0
2024-02-16T22:10:13.110 INFO:teuthology.orchestra.run.smithi134.stdout:/usr/bin/ceph: stderr
2024-02-16T22:10:11.560+0000 7f6c65ffb700 1 -- 172.21.15.134:0/2630765091 <== mon.0 v2:172.21.15.134:3300/0 3 ==== mon_map magic: 0 v1 ==== 229+0+0 (secure 0 0 0) 0x7f6c580188a0 con 0x7f6c681015f0
2024-02-16T22:10:13.110 INFO:teuthology.orchestra.run.smithi134.stdout:/usr/bin/ceph: stderr
2024-02-16T22:10:11.560+0000 7f6c6d4d8700 1 -- 172.21.15.134:0/2630765091 >> [v2:172.21.15.134:3300/0,v1:172.21.15.134:6789/0] conn(0x7f6c681015f0 msgr2=0x7f6c68101a00 secure :-1 s=STATE_CONNECTION_ESTABLISHED l=1).mark_down
2024-02-16T22:10:13.110 INFO:teuthology.orchestra.run.smithi134.stdout:/usr/bin/ceph: stderr
2024-02-16T22:10:11.560+0000 7f6c6d4d8700 1 --2- 172.21.15.134:0/2630765091 >> [v2:172.21.15.134:3300/0,v1:172.21.15.134:6789/0] conn(0x7f6c681015f0 0x7f6c68101a00 secure :-1 s=READY pgs=49 cs=0 l=1 rev1=1 crypto rx=0x7f6c5800bb80 tx=0x7f6c5800b4f0 comp rx=0 tx=0).stop
2024-02-16T22:10:13.110 INFO:teuthology.orchestra.run.smithi134.stdout:/usr/bin/ceph: stderr
2024-02-16T22:10:11.560+0000 7f6c6d4d8700 1 -- 172.21.15.134:0/2630765091 shutdown_connections
2024-02-16T22:10:13.110 INFO:teuthology.orchestra.run.smithi134.stdout:/usr/bin/ceph: stderr
2024-02-16T22:10:11.560+0000 7f6c6d4d8700 1 --2- 172.21.15.134:0/2630765091 >> [v2:172.21.15.134:3300/0,v1:172.21.15.134:6789/0] conn(0x7f6c681015f0 0x7f6c68101a00 unknown :-1 s=CLOSED pgs=49 cs=0 l=1 rev1=1 crypto rx=0 tx=0 comp rx=0 tx=0).stop
2024-02-16T22:10:13.110 INFO:teuthology.orchestra.run.smithi134.stdout:/usr/bin/ceph: stderr
2024-02-16T22:10:11.560+0000 7f6c6d4d8700 1 -- 172.21.15.134:0/2630765091 >> 172.21.15.134:0/2630765091 conn(0x7f6c680fcd90 msgr2=0x7f6c680ff1a0 unknown :-1 s=STATE_NONE l=0).mark_down
2024-02-16T22:10:13.110 INFO:teuthology.orchestra.run.smithi134.stdout:/usr/bin/ceph: stderr
2024-02-16T22:10:11.560+0000 7f6c6d4d8700 1 -- 172.21.15.134:0/2630765091 shutdown_connections
2024-02-16T22:10:13.111 INFO:teuthology.orchestra.run.smithi134.stdout:/usr/bin/ceph: stderr
2024-02-16T22:10:11.560+0000 7f6c6d4d8700 1 -- 172.21.15.134:0/2630765091 wait complete.
2024-02-16T22:10:13.111 INFO:teuthology.orchestra.run.smithi134.stdout:/usr/bin/ceph: stderr
2024-02-16T22:10:11.561+0000 7f6c6d4d8700 1 Processor -- start
2024-02-16T22:10:13.111 INFO:teuthology.orchestra.run.smithi134.stdout:/usr/bin/ceph: stderr
2024-02-16T22:10:11.561+0000 7f6c6d4d8700 1 -- start start
2024-02-16T22:10:13.111 INFO:teuthology.orchestra.run.smithi134.stdout:/usr/bin/ceph: stderr
2024-02-16T22:10:11.561+0000 7f6c6d4d8700 1 --2- >> [v2:172.21.15.134:3300/0,v1:172.21.15.134:6789/0] conn(0x7f6c681015f0 0x7f6c6810f230 unknown :-1 s=NONE pgs=0 cs=0 l=1 rev1=0 crypto rx=0 tx=0 comp rx=0 tx=0).connect
2024-02-16T22:10:13.111 INFO:teuthology.orchestra.run.smithi134.stdout:/usr/bin/ceph: stderr
2024-02-16T22:10:11.561+0000 7f6c6d4d8700 1 -- --> [v2:172.21.15.134:3300/0,v1:172.21.15.134:6789/0] -- mon_getmap magic: 0 v1 -- 0x7f6c6810f770 con 0x7f6c681015f0
2024-02-16T22:10:13.111 INFO:teuthology.orchestra.run.smithi134.stdout:/usr/bin/ceph: stderr
2024-02-16T22:10:11.561+0000 7f6c66ffd700 1 --2- >> [v2:172.21.15.134:3300/0,v1:172.21.15.134:6789/0] conn(0x7f6c681015f0 0x7f6c6810f230 unknown :-1 s=BANNER_CONNECTING pgs=0 cs=0 l=1 rev1=0 crypto rx=0 tx=0 comp rx=0 tx=0)._handle_peer_banner_payload supported=3 required=0
2024-02-16T22:10:13.111 INFO:teuthology.orchestra.run.smithi134.stdout:/usr/bin/ceph: stderr
2024-02-16T22:10:11.561+0000 7f6c66ffd700 1 --2- >> [v2:172.21.15.134:3300/0,v1:172.21.15.134:6789/0] conn(0x7f6c681015f0 0x7f6c6810f230 unknown :-1 s=HELLO_CONNECTING pgs=0 cs=0 l=1 rev1=1 crypto rx=0 tx=0 comp rx=0 tx=0).handle_hello peer v2:172.21.15.134:3300/0 says I am v2:172.21.15.134:39526/0 (socket says 172.21.15.134:39526)
2024-02-16T22:10:13.111 INFO:teuthology.orchestra.run.smithi134.stdout:/usr/bin/ceph: stderr
2024-02-16T22:10:11.561+0000 7f6c66ffd700 1 -- 172.21.15.134:0/3810269447 learned_addr learned my addr 172.21.15.134:0/3810269447 (peer_addr_for_me v2:172.21.15.134:0/0)
2024-02-16T22:10:13.111 INFO:teuthology.orchestra.run.smithi134.stdout:/usr/bin/ceph: stderr
2024-02-16T22:10:11.562+0000 7f6c66ffd700 1 -- 172.21.15.134:0/3810269447 --> [v2:172.21.15.134:3300/0,v1:172.21.15.134:6789/0] -- mon_subscribe({config=0+,monmap=0+}) v3 -- 0x7f6c5800b790 con 0x7f6c681015f0
2024-02-16T22:10:13.111 INFO:teuthology.orchestra.run.smithi134.stdout:/usr/bin/ceph: stderr
2024-02-16T22:10:11.562+0000 7f6c66ffd700 1 --2- 172.21.15.134:0/3810269447 >> [v2:172.21.15.134:3300/0,v1:172.21.15.134:6789/0] conn(0x7f6c681015f0 0x7f6c6810f230 secure :-1 s=READY pgs=50 cs=0 l=1 rev1=1 crypto rx=0x7f6c5800d650 tx=0x7f6c5800b4f0 comp rx=0 tx=0).ready entity=mon.0 client_cookie=0 server_cookie=0 in_seq=0 out_seq=0
2024-02-16T22:10:13.111 INFO:teuthology.orchestra.run.smithi134.stdout:/usr/bin/ceph: stderr
2024-02-16T22:10:11.562+0000 7f6c4f7fe700 1 -- 172.21.15.134:0/3810269447 <== mon.0 v2:172.21.15.134:3300/0 1 ==== mon_map magic: 0 v1 ==== 229+0+0 (secure 0 0 0) 0x7f6c5800dc70 con 0x7f6c681015f0
2024-02-16T22:10:13.111 INFO:teuthology.orchestra.run.smithi134.stdout:/usr/bin/ceph: stderr
2024-02-16T22:10:11.562+0000 7f6c6d4d8700 1 -- 172.21.15.134:0/3810269447 --> [v2:172.21.15.134:3300/0,v1:172.21.15.134:6789/0] -- mon_subscribe({mgrmap=0+}) v3 -- 0x7f6c6810f970 con 0x7f6c681015f0
2024-02-16T22:10:13.111 INFO:teuthology.orchestra.run.smithi134.stdout:/usr/bin/ceph: stderr
2024-02-16T22:10:11.562+0000 7f6c4f7fe700 1 -- 172.21.15.134:0/3810269447 <== mon.0 v2:172.21.15.134:3300/0 2 ==== config(27 keys) v1 ==== 1044+0+0 (secure 0 0 0) 0x7f6c5801d050 con 0x7f6c681015f0
2024-02-16T22:10:13.111 INFO:teuthology.orchestra.run.smithi134.stdout:/usr/bin/ceph: stderr
2024-02-16T22:10:11.562+0000 7f6c4f7fe700 1 -- 172.21.15.134:0/3810269447 <== mon.0 v2:172.21.15.134:3300/0 3 ==== mon_map magic: 0 v1 ==== 229+0+0 (secure 0 0 0) 0x7f6c580223d0 con 0x7f6c681015f0
2024-02-16T22:10:13.111 INFO:teuthology.orchestra.run.smithi134.stdout:/usr/bin/ceph: stderr
2024-02-16T22:10:11.562+0000 7f6c6d4d8700 1 -- 172.21.15.134:0/3810269447 --> [v2:172.21.15.134:3300/0,v1:172.21.15.134:6789/0] -- mon_subscribe({osdmap=0}) v3 -- 0x7f6c68110610 con 0x7f6c681015f0
2024-02-16T22:10:13.112 INFO:teuthology.orchestra.run.smithi134.stdout:/usr/bin/ceph: stderr
2024-02-16T22:10:11.563+0000 7f6c4f7fe700 1 -- 172.21.15.134:0/3810269447 <== mon.0 v2:172.21.15.134:3300/0 4 ==== mgrmap(e 8) v1 ==== 43368+0+0 (secure 0 0 0) 0x7f6c58022650 con 0x7f6c681015f0
2024-02-16T22:10:13.112 INFO:teuthology.orchestra.run.smithi134.stdout:/usr/bin/ceph: stderr
2024-02-16T22:10:11.563+0000 7f6c4f7fe700 1 --2- 172.21.15.134:0/3810269447 >> [v2:172.21.15.134:6800/3520115315,v1:172.21.15.134:6801/3520115315] conn(0x7f6c50036790 0x7f6c50038c40 unknown :-1 s=NONE pgs=0 cs=0 l=1 rev1=0 crypto rx=0 tx=0 comp rx=0 tx=0).connect
2024-02-16T22:10:13.112 INFO:teuthology.orchestra.run.smithi134.stdout:/usr/bin/ceph: stderr
2024-02-16T22:10:11.563+0000 7f6c4f7fe700 1 -- 172.21.15.134:0/3810269447 <== mon.0 v2:172.21.15.134:3300/0 5 ==== osd_map(2..2 src has 1..2) v4 ==== 936+0+0 (secure 0 0 0) 0x7f6c58014070 con 0x7f6c681015f0
2024-02-16T22:10:13.112 INFO:teuthology.orchestra.run.smithi134.stdout:/usr/bin/ceph: stderr
2024-02-16T22:10:11.563+0000 7f6c6d4d8700 1 -- 172.21.15.134:0/3810269447 --> [v2:172.21.15.134:3300/0,v1:172.21.15.134:6789/0] -- mon_command({"prefix": "get_command_descriptions"} v 0) v1 -- 0x7f6c6805f5c0 con 0x7f6c681015f0
2024-02-16T22:10:13.112 INFO:teuthology.orchestra.run.smithi134.stdout:/usr/bin/ceph: stderr
2024-02-16T22:10:11.563+0000 7f6c667fc700 1 --2- 172.21.15.134:0/3810269447 >> [v2:172.21.15.134:6800/3520115315,v1:172.21.15.134:6801/3520115315] conn(0x7f6c50036790 0x7f6c50038c40 unknown :-1 s=BANNER_CONNECTING pgs=0 cs=0 l=1 rev1=0 crypto rx=0 tx=0 comp rx=0 tx=0)._handle_peer_banner_payload supported=3 required=0
2024-02-16T22:10:13.112 INFO:teuthology.orchestra.run.smithi134.stdout:/usr/bin/ceph: stderr
2024-02-16T22:10:11.563+0000 7f6c667fc700 1 --2- 172.21.15.134:0/3810269447 >> [v2:172.21.15.134:6800/3520115315,v1:172.21.15.134:6801/3520115315] conn(0x7f6c50036790 0x7f6c50038c40 secure :-1 s=READY pgs=13 cs=0 l=1 rev1=1 crypto rx=0x7f6c5c009990 tx=0x7f6c5c006e40 comp rx=0 tx=0).ready entity=mgr.14120 client_cookie=0 server_cookie=0 in_seq=0 out_seq=0
2024-02-16T22:10:13.112 INFO:teuthology.orchestra.run.smithi134.stdout:/usr/bin/ceph: stderr
2024-02-16T22:10:11.568+0000 7f6c4f7fe700 1 -- 172.21.15.134:0/3810269447 <== mon.0 v2:172.21.15.134:3300/0 6 ==== mon_command_ack([{"prefix": "get_command_descriptions"}]=0 v0) v1 ==== 72+0+175031 (secure 0 0 0) 0x7f6c5800eda0 con 0x7f6c681015f0
2024-02-16T22:10:13.112 INFO:teuthology.orchestra.run.smithi134.stdout:/usr/bin/ceph: stderr
2024-02-16T22:10:11.766+0000 7f6c6d4d8700 1 -- 172.21.15.134:0/3810269447 --> [v2:172.21.15.134:6800/3520115315,v1:172.21.15.134:6801/3520115315] -- mgr_command(tid 0: {"prefix": "orch apply", "service_type": "mgr", "target": ["mon-mgr", ""]}) v1 -- 0x7f6c68111130 con 0x7f6c50036790
2024-02-16T22:10:13.112 INFO:teuthology.orchestra.run.smithi134.stdout:/usr/bin/ceph: stderr
2024-02-16T22:10:11.773+0000 7f6c4f7fe700 1 -- 172.21.15.134:0/3810269447 <== mgr.14120 v2:172.21.15.134:6800/3520115315 1 ==== mgr_command_reply(tid 0: 0 ) v1 ==== 8+0+24 (secure 0 0 0) 0x7f6c68111130 con 0x7f6c50036790
2024-02-16T22:10:13.112 INFO:teuthology.orchestra.run.smithi134.stdout:/usr/bin/ceph: stderr
2024-02-16T22:10:11.776+0000 7f6c6d4d8700 1 -- 172.21.15.134:0/3810269447 >> [v2:172.21.15.134:6800/3520115315,v1:172.21.15.134:6801/3520115315] conn(0x7f6c50036790 msgr2=0x7f6c50038c40 secure :-1 s=STATE_CONNECTION_ESTABLISHED l=1).mark_down
2024-02-16T22:10:13.112 INFO:teuthology.orchestra.run.smithi134.stdout:/usr/bin/ceph: stderr
2024-02-16T22:10:11.776+0000 7f6c6d4d8700 1 --2- 172.21.15.134:0/3810269447 >> [v2:172.21.15.134:6800/3520115315,v1:172.21.15.134:6801/3520115315] conn(0x7f6c50036790 0x7f6c50038c40 secure :-1 s=READY pgs=13 cs=0 l=1 rev1=1 crypto rx=0x7f6c5c009990 tx=0x7f6c5c006e40 comp rx=0 tx=0).stop
2024-02-16T22:10:13.112 INFO:teuthology.orchestra.run.smithi134.stdout:/usr/bin/ceph: stderr
2024-02-16T22:10:11.776+0000 7f6c6d4d8700 1 -- 172.21.15.134:0/3810269447 >> [v2:172.21.15.134:3300/0,v1:172.21.15.134:6789/0] conn(0x7f6c681015f0 msgr2=0x7f6c6810f230 secure :-1 s=STATE_CONNECTION_ESTABLISHED l=1).mark_down
2024-02-16T22:10:13.112 INFO:teuthology.orchestra.run.smithi134.stdout:/usr/bin/ceph: stderr
2024-02-16T22:10:11.776+0000 7f6c6d4d8700 1 --2- 172.21.15.134:0/3810269447 >> [v2:172.21.15.134:3300/0,v1:172.21.15.134:6789/0] conn(0x7f6c681015f0 0x7f6c6810f230 secure :-1 s=READY pgs=50 cs=0 l=1 rev1=1 crypto rx=0x7f6c5800d650 tx=0x7f6c5800b4f0 comp rx=0 tx=0).stop
2024-02-16T22:10:13.113 INFO:teuthology.orchestra.run.smithi134.stdout:/usr/bin/ceph: stderr
2024-02-16T22:10:11.776+0000 7f6c6d4d8700 1 -- 172.21.15.134:0/3810269447 shutdown_connections
2024-02-16T22:10:13.113 INFO:teuthology.orchestra.run.smithi134.stdout:/usr/bin/ceph: stderr
2024-02-16T22:10:11.776+0000 7f6c6d4d8700 1 --2- 172.21.15.134:0/3810269447 >> [v2:172.21.15.134:6800/3520115315,v1:172.21.15.134:6801/3520115315] conn(0x7f6c50036790 0x7f6c50038c40 unknown :-1 s=CLOSED pgs=13 cs=0 l=1 rev1=1 crypto rx=0 tx=0 comp rx=0 tx=0).stop
2024-02-16T22:10:13.113 INFO:teuthology.orchestra.run.smithi134.stdout:/usr/bin/ceph: stderr
2024-02-16T22:10:11.776+0000 7f6c6d4d8700 1 --2- 172.21.15.134:0/3810269447 >> [v2:172.21.15.134:3300/0,v1:172.21.15.134:6789/0] conn(0x7f6c681015f0 0x7f6c6810f230 unknown :-1 s=CLOSED pgs=50 cs=0 l=1 rev1=1 crypto rx=0 tx=0 comp rx=0 tx=0).stop
2024-02-16T22:10:13.113 INFO:teuthology.orchestra.run.smithi134.stdout:/usr/bin/ceph: stderr
2024-02-16T22:10:11.776+0000 7f6c6d4d8700 1 -- 172.21.15.134:0/3810269447 >> 172.21.15.134:0/3810269447 conn(0x7f6c680fcd90 msgr2=0x7f6c680ff140 unknown :-1 s=STATE_NONE l=0).mark_down
2024-02-16T22:10:13.113 INFO:teuthology.orchestra.run.smithi134.stdout:/usr/bin/ceph: stderr
2024-02-16T22:10:11.776+0000 7f6c6d4d8700 1 -- 172.21.15.134:0/3810269447 shutdown_connections
2024-02-16T22:10:13.113 INFO:teuthology.orchestra.run.smithi134.stdout:/usr/bin/ceph: stderr
2024-02-16T22:10:11.776+0000 7f6c6d4d8700 1 -- 172.21.15.134:0/3810269447 wait complete.
2024-02-16T22:10:13.113 INFO:teuthology.orchestra.run.smithi134.stdout:Deploying crash service with default placement...
2024-02-16T22:10:14.227 INFO:journalctl@ceph.mon.smithi134.smithi134.stdout:Feb 16 22:10:13 smithi134 ceph-mon[28869]: from='mgr.14120 172.21.15.134:0/2757622451' entity='mgr.smithi134.ordace'
2024-02-16T22:10:14.227 INFO:journalctl@ceph.mon.smithi134.smithi134.stdout:Feb 16 22:10:13 smithi134 ceph-mon[28869]: from='mgr.14120 172.21.15.134:0/2757622451' entity='mgr.smithi134.ordace'
2024-02-16T22:10:14.845 INFO:journalctl@ceph.mon.smithi134.smithi134.stdout:Feb 16 22:10:14 smithi134 ceph-mon[28869]: from='client.14146 -' entity='client.admin' cmd=[{"prefix": "orch apply", "service_type": "crash", "target": ["mon-mgr", ""]}]: dispatch
2024-02-16T22:10:14.845 INFO:journalctl@ceph.mon.smithi134.smithi134.stdout:Feb 16 22:10:14 smithi134 ceph-mon[28869]: Saving service crash spec with placement *
2024-02-16T22:10:14.845 INFO:journalctl@ceph.mon.smithi134.smithi134.stdout:Feb 16 22:10:14 smithi134 ceph-mon[28869]: from='mgr.14120 172.21.15.134:0/2757622451' entity='mgr.smithi134.ordace'
2024-02-16T22:10:14.845 INFO:journalctl@ceph.mon.smithi134.smithi134.stdout:Feb 16 22:10:14 smithi134 ceph-mon[28869]: from='mgr.14120 172.21.15.134:0/2757622451' entity='mgr.smithi134.ordace'
2024-02-16T22:10:14.853 INFO:teuthology.orchestra.run.smithi134.stdout:/usr/bin/ceph: stdout Scheduled crash update...
2024-02-16T22:10:14.853 INFO:teuthology.orchestra.run.smithi134.stdout:/usr/bin/ceph: stderr
2024-02-16T22:10:13.599+0000 7f5f5ec62700 1 Processor -- start
2024-02-16T22:10:14.853 INFO:teuthology.orchestra.run.smithi134.stdout:/usr/bin/ceph: stderr
2024-02-16T22:10:13.599+0000 7f5f5ec62700 1 -- start start
2024-02-16T22:10:14.853 INFO:teuthology.orchestra.run.smithi134.stdout:/usr/bin/ceph: stderr
2024-02-16T22:10:13.599+0000 7f5f5ec62700 1 --2- >> [v2:172.21.15.134:3300/0,v1:172.21.15.134:6789/0] conn(0x7f5f58076ba0 0x7f5f58105400 unknown :-1 s=NONE pgs=0 cs=0 l=0 rev1=0 crypto rx=0 tx=0 comp rx=0 tx=0).connect
2024-02-16T22:10:14.854 INFO:teuthology.orchestra.run.smithi134.stdout:/usr/bin/ceph: stderr
2024-02-16T22:10:13.599+0000 7f5f5ec62700 1 -- --> [v2:172.21.15.134:3300/0,v1:172.21.15.134:6789/0] -- mon_getmap magic: 0 v1 -- 0x7f5f58105940 con 0x7f5f58076ba0
2024-02-16T22:10:14.854 INFO:teuthology.orchestra.run.smithi134.stdout:/usr/bin/ceph: stderr
2024-02-16T22:10:13.599+0000 7f5f5c9fe700 1 --2- >> [v2:172.21.15.134:3300/0,v1:172.21.15.134:6789/0] conn(0x7f5f58076ba0 0x7f5f58105400 unknown :-1 s=BANNER_CONNECTING pgs=0 cs=0 l=0 rev1=0 crypto rx=0 tx=0 comp rx=0 tx=0)._handle_peer_banner_payload supported=3 required=0
2024-02-16T22:10:14.854 INFO:teuthology.orchestra.run.smithi134.stdout:/usr/bin/ceph: stderr
2024-02-16T22:10:13.600+0000 7f5f5c9fe700 1 --2- >> [v2:172.21.15.134:3300/0,v1:172.21.15.134:6789/0] conn(0x7f5f58076ba0 0x7f5f58105400 unknown :-1 s=HELLO_CONNECTING pgs=0 cs=0 l=0 rev1=1 crypto rx=0 tx=0 comp rx=0 tx=0).handle_hello peer v2:172.21.15.134:3300/0 says I am v2:172.21.15.134:39536/0 (socket says 172.21.15.134:39536)
2024-02-16T22:10:14.854 INFO:teuthology.orchestra.run.smithi134.stdout:/usr/bin/ceph: stderr
2024-02-16T22:10:13.600+0000 7f5f5c9fe700 1 -- 172.21.15.134:0/1639862847 learned_addr learned my addr 172.21.15.134:0/1639862847 (peer_addr_for_me v2:172.21.15.134:0/0)
2024-02-16T22:10:14.854 INFO:teuthology.orchestra.run.smithi134.stdout:/usr/bin/ceph: stderr
2024-02-16T22:10:13.600+0000 7f5f5c9fe700 1 -- 172.21.15.134:0/1639862847 --> [v2:172.21.15.134:3300/0,v1:172.21.15.134:6789/0] -- mon_subscribe({config=0+,monmap=0+}) v3 -- 0x7f5f58105a80 con 0x7f5f58076ba0
2024-02-16T22:10:14.854 INFO:teuthology.orchestra.run.smithi134.stdout:/usr/bin/ceph: stderr
2024-02-16T22:10:13.600+0000 7f5f5c9fe700 1 --2- 172.21.15.134:0/1639862847 >> [v2:172.21.15.134:3300/0,v1:172.21.15.134:6789/0] conn(0x7f5f58076ba0 0x7f5f58105400 secure :-1 s=READY pgs=51 cs=0 l=1 rev1=1 crypto rx=0x7f5f480098e0 tx=0x7f5f48009250 comp rx=0 tx=0).ready entity=mon.0 client_cookie=5b7c1d9c7509092d server_cookie=0 in_seq=0 out_seq=0
2024-02-16T22:10:14.854 INFO:teuthology.orchestra.run.smithi134.stdout:/usr/bin/ceph: stderr
2024-02-16T22:10:13.600+0000 7f5f577fe700 1 -- 172.21.15.134:0/1639862847 <== mon.0 v2:172.21.15.134:3300/0 1 ==== mon_map magic: 0 v1 ==== 229+0+0 (secure 0 0 0) 0x7f5f4800b8f0 con 0x7f5f58076ba0
2024-02-16T22:10:14.854 INFO:teuthology.orchestra.run.smithi134.stdout:/usr/bin/ceph: stderr
2024-02-16T22:10:13.600+0000 7f5f577fe700 1 -- 172.21.15.134:0/1639862847 <== mon.0 v2:172.21.15.134:3300/0 2 ==== config(27 keys) v1 ==== 1109+0+0 (secure 0 0 0) 0x7f5f48011420 con 0x7f5f58076ba0
2024-02-16T22:10:14.854 INFO:teuthology.orchestra.run.smithi134.stdout:/usr/bin/ceph: stderr
2024-02-16T22:10:13.600+0000 7f5f577fe700 1 -- 172.21.15.134:0/1639862847 <== mon.0 v2:172.21.15.134:3300/0 3 ==== mon_map magic: 0 v1 ==== 229+0+0 (secure 0 0 0) 0x7f5f48010540 con 0x7f5f58076ba0
2024-02-16T22:10:14.854 INFO:teuthology.orchestra.run.smithi134.stdout:/usr/bin/ceph: stderr
2024-02-16T22:10:13.601+0000 7f5f5ec62700 1 -- 172.21.15.134:0/1639862847 >> [v2:172.21.15.134:3300/0,v1:172.21.15.134:6789/0] conn(0x7f5f58076ba0 msgr2=0x7f5f58105400 secure :-1 s=STATE_CONNECTION_ESTABLISHED l=1).mark_down
2024-02-16T22:10:14.854 INFO:teuthology.orchestra.run.smithi134.stdout:/usr/bin/ceph: stderr
2024-02-16T22:10:13.601+0000 7f5f5ec62700 1 --2- 172.21.15.134:0/1639862847 >> [v2:172.21.15.134:3300/0,v1:172.21.15.134:6789/0] conn(0x7f5f58076ba0 0x7f5f58105400 secure :-1 s=READY pgs=51 cs=0 l=1 rev1=1 crypto rx=0x7f5f480098e0 tx=0x7f5f48009250 comp rx=0 tx=0).stop
2024-02-16T22:10:14.854 INFO:teuthology.orchestra.run.smithi134.stdout:/usr/bin/ceph: stderr
2024-02-16T22:10:13.601+0000 7f5f5ec62700 1 -- 172.21.15.134:0/1639862847 shutdown_connections
2024-02-16T22:10:14.854 INFO:teuthology.orchestra.run.smithi134.stdout:/usr/bin/ceph: stderr
2024-02-16T22:10:13.601+0000 7f5f5ec62700 1 --2- 172.21.15.134:0/1639862847 >> [v2:172.21.15.134:3300/0,v1:172.21.15.134:6789/0] conn(0x7f5f58076ba0 0x7f5f58105400 unknown :-1 s=CLOSED pgs=51 cs=0 l=1 rev1=1 crypto rx=0 tx=0 comp rx=0 tx=0).stop
2024-02-16T22:10:14.854 INFO:teuthology.orchestra.run.smithi134.stdout:/usr/bin/ceph: stderr
2024-02-16T22:10:13.601+0000 7f5f5ec62700 1 -- 172.21.15.134:0/1639862847 >> 172.21.15.134:0/1639862847 conn(0x7f5f580fcdd0 msgr2=0x7f5f580ff200 unknown :-1 s=STATE_NONE l=0).mark_down
2024-02-16T22:10:14.855 INFO:teuthology.orchestra.run.smithi134.stdout:/usr/bin/ceph: stderr
2024-02-16T22:10:13.601+0000 7f5f5ec62700 1 -- 172.21.15.134:0/1639862847 shutdown_connections
2024-02-16T22:10:14.855 INFO:teuthology.orchestra.run.smithi134.stdout:/usr/bin/ceph: stderr
2024-02-16T22:10:13.601+0000 7f5f5ec62700 1 -- 172.21.15.134:0/1639862847 wait complete.
2024-02-16T22:10:14.855 INFO:teuthology.orchestra.run.smithi134.stdout:/usr/bin/ceph: stderr
2024-02-16T22:10:13.601+0000 7f5f5ec62700 1 Processor -- start
2024-02-16T22:10:14.855 INFO:teuthology.orchestra.run.smithi134.stdout:/usr/bin/ceph: stderr
2024-02-16T22:10:13.601+0000 7f5f5ec62700 1 -- start start
2024-02-16T22:10:14.855 INFO:teuthology.orchestra.run.smithi134.stdout:/usr/bin/ceph: stderr
2024-02-16T22:10:13.602+0000 7f5f5ec62700 1 --2- >> [v2:172.21.15.134:3300/0,v1:172.21.15.134:6789/0] conn(0x7f5f58076ba0 0x7f5f58111860 unknown :-1 s=NONE pgs=0 cs=0 l=1 rev1=0 crypto rx=0 tx=0 comp rx=0 tx=0).connect
2024-02-16T22:10:14.855 INFO:teuthology.orchestra.run.smithi134.stdout:/usr/bin/ceph: stderr
2024-02-16T22:10:13.602+0000 7f5f5ec62700 1 -- --> [v2:172.21.15.134:3300/0,v1:172.21.15.134:6789/0] -- mon_getmap magic: 0 v1 -- 0x7f5f58111da0 con 0x7f5f58076ba0
2024-02-16T22:10:14.855 INFO:teuthology.orchestra.run.smithi134.stdout:/usr/bin/ceph: stderr
2024-02-16T22:10:13.602+0000 7f5f5c9fe700 1 --2- >> [v2:172.21.15.134:3300/0,v1:172.21.15.134:6789/0] conn(0x7f5f58076ba0 0x7f5f58111860 unknown :-1 s=BANNER_CONNECTING pgs=0 cs=0 l=1 rev1=0 crypto rx=0 tx=0 comp rx=0 tx=0)._handle_peer_banner_payload supported=3 required=0
2024-02-16T22:10:14.855 INFO:teuthology.orchestra.run.smithi134.stdout:/usr/bin/ceph: stderr
2024-02-16T22:10:13.602+0000 7f5f5c9fe700 1 --2- >> [v2:172.21.15.134:3300/0,v1:172.21.15.134:6789/0] conn(0x7f5f58076ba0 0x7f5f58111860 unknown :-1 s=HELLO_CONNECTING pgs=0 cs=0 l=1 rev1=1 crypto rx=0 tx=0 comp rx=0 tx=0).handle_hello peer v2:172.21.15.134:3300/0 says I am v2:172.21.15.134:39552/0 (socket says 172.21.15.134:39552)
2024-02-16T22:10:14.855 INFO:teuthology.orchestra.run.smithi134.stdout:/usr/bin/ceph: stderr
2024-02-16T22:10:13.602+0000 7f5f5c9fe700 1 -- 172.21.15.134:0/866235554 learned_addr learned my addr 172.21.15.134:0/866235554 (peer_addr_for_me v2:172.21.15.134:0/0)
2024-02-16T22:10:14.855 INFO:teuthology.orchestra.run.smithi134.stdout:/usr/bin/ceph: stderr
2024-02-16T22:10:13.602+0000 7f5f5c9fe700 1 -- 172.21.15.134:0/866235554 --> [v2:172.21.15.134:3300/0,v1:172.21.15.134:6789/0] -- mon_subscribe({config=0+,monmap=0+}) v3 -- 0x7f5f480094f0 con 0x7f5f58076ba0
2024-02-16T22:10:14.855 INFO:teuthology.orchestra.run.smithi134.stdout:/usr/bin/ceph: stderr
2024-02-16T22:10:13.602+0000 7f5f5c9fe700 1 --2- 172.21.15.134:0/866235554 >> [v2:172.21.15.134:3300/0,v1:172.21.15.134:6789/0] conn(0x7f5f58076ba0 0x7f5f58111860 secure :-1 s=READY pgs=52 cs=0 l=1 rev1=1 crypto rx=0x7f5f480094c0 tx=0x7f5f48009250 comp rx=0 tx=0).ready entity=mon.0 client_cookie=0 server_cookie=0 in_seq=0 out_seq=0
2024-02-16T22:10:14.855 INFO:teuthology.orchestra.run.smithi134.stdout:/usr/bin/ceph: stderr
2024-02-16T22:10:13.602+0000 7f5f557fa700 1 -- 172.21.15.134:0/866235554 <== mon.0 v2:172.21.15.134:3300/0 1 ==== mon_map magic: 0 v1 ==== 229+0+0 (secure 0 0 0) 0x7f5f480107b0 con 0x7f5f58076ba0
2024-02-16T22:10:14.855 INFO:teuthology.orchestra.run.smithi134.stdout:/usr/bin/ceph: stderr
2024-02-16T22:10:13.602+0000 7f5f5ec62700 1 -- 172.21.15.134:0/866235554 --> [v2:172.21.15.134:3300/0,v1:172.21.15.134:6789/0] -- mon_subscribe({mgrmap=0+}) v3 -- 0x7f5f58111fa0 con 0x7f5f58076ba0
2024-02-16T22:10:14.855 INFO:teuthology.orchestra.run.smithi134.stdout:/usr/bin/ceph: stderr
2024-02-16T22:10:13.602+0000 7f5f5ec62700 1 -- 172.21.15.134:0/866235554 --> [v2:172.21.15.134:3300/0,v1:172.21.15.134:6789/0] -- mon_subscribe({osdmap=0}) v3 -- 0x7f5f58112c40 con 0x7f5f58076ba0
2024-02-16T22:10:14.856 INFO:teuthology.orchestra.run.smithi134.stdout:/usr/bin/ceph: stderr
2024-02-16T22:10:13.602+0000 7f5f557fa700 1 -- 172.21.15.134:0/866235554 <== mon.0 v2:172.21.15.134:3300/0 2 ==== config(27 keys) v1 ==== 1109+0+0 (secure 0 0 0) 0x7f5f48010de0 con 0x7f5f58076ba0
2024-02-16T22:10:14.856 INFO:teuthology.orchestra.run.smithi134.stdout:/usr/bin/ceph: stderr
2024-02-16T22:10:13.602+0000 7f5f557fa700 1 -- 172.21.15.134:0/866235554 <== mon.0 v2:172.21.15.134:3300/0 3 ==== mon_map magic: 0 v1 ==== 229+0+0 (secure 0 0 0) 0x7f5f4801ae70 con 0x7f5f58076ba0
2024-02-16T22:10:14.856 INFO:teuthology.orchestra.run.smithi134.stdout:/usr/bin/ceph: stderr
2024-02-16T22:10:13.603+0000 7f5f557fa700 1 -- 172.21.15.134:0/866235554 <== mon.0 v2:172.21.15.134:3300/0 4 ==== mgrmap(e 8) v1 ==== 43368+0+0 (secure 0 0 0) 0x7f5f4802d3f0 con 0x7f5f58076ba0
2024-02-16T22:10:14.856 INFO:teuthology.orchestra.run.smithi134.stdout:/usr/bin/ceph: stderr
2024-02-16T22:10:13.603+0000 7f5f5ec62700 1 -- 172.21.15.134:0/866235554 --> [v2:172.21.15.134:3300/0,v1:172.21.15.134:6789/0] -- mon_command({"prefix": "get_command_descriptions"} v 0) v1 -- 0x7f5f440052e0 con 0x7f5f58076ba0
2024-02-16T22:10:14.856 INFO:teuthology.orchestra.run.smithi134.stdout:/usr/bin/ceph: stderr
2024-02-16T22:10:13.604+0000 7f5f557fa700 1 --2- 172.21.15.134:0/866235554 >> [v2:172.21.15.134:6800/3520115315,v1:172.21.15.134:6801/3520115315] conn(0x7f5f40036870 0x7f5f40038d20 unknown :-1 s=NONE pgs=0 cs=0 l=1 rev1=0 crypto rx=0 tx=0 comp rx=0 tx=0).connect
2024-02-16T22:10:14.856 INFO:teuthology.orchestra.run.smithi134.stdout:/usr/bin/ceph: stderr
2024-02-16T22:10:13.604+0000 7f5f557fa700 1 -- 172.21.15.134:0/866235554 <== mon.0 v2:172.21.15.134:3300/0 5 ==== osd_map(2..2 src has 1..2) v4 ==== 936+0+0 (secure 0 0 0) 0x7f5f4804a370 con 0x7f5f58076ba0
2024-02-16T22:10:14.856 INFO:teuthology.orchestra.run.smithi134.stdout:/usr/bin/ceph: stderr
2024-02-16T22:10:13.604+0000 7f5f57fff700 1 --2- 172.21.15.134:0/866235554 >> [v2:172.21.15.134:6800/3520115315,v1:172.21.15.134:6801/3520115315] conn(0x7f5f40036870 0x7f5f40038d20 unknown :-1 s=BANNER_CONNECTING pgs=0 cs=0 l=1 rev1=0 crypto rx=0 tx=0 comp rx=0 tx=0)._handle_peer_banner_payload supported=3 required=0
2024-02-16T22:10:14.856 INFO:teuthology.orchestra.run.smithi134.stdout:/usr/bin/ceph: stderr
2024-02-16T22:10:13.604+0000 7f5f57fff700 1 --2- 172.21.15.134:0/866235554 >> [v2:172.21.15.134:6800/3520115315,v1:172.21.15.134:6801/3520115315] conn(0x7f5f40036870 0x7f5f40038d20 secure :-1 s=READY pgs=14 cs=0 l=1 rev1=1 crypto rx=0x7f5f4c009990 tx=0x7f5f4c006e40 comp rx=0 tx=0).ready entity=mgr.14120 client_cookie=0 server_cookie=0 in_seq=0 out_seq=0
2024-02-16T22:10:14.856 INFO:teuthology.orchestra.run.smithi134.stdout:/usr/bin/ceph: stderr
2024-02-16T22:10:13.608+0000 7f5f557fa700 1 -- 172.21.15.134:0/866235554 <== mon.0 v2:172.21.15.134:3300/0 6 ==== mon_command_ack([{"prefix": "get_command_descriptions"}]=0 v0) v1 ==== 72+0+175031 (secure 0 0 0) 0x7f5f48018710 con 0x7f5f58076ba0
2024-02-16T22:10:14.856 INFO:teuthology.orchestra.run.smithi134.stdout:/usr/bin/ceph: stderr
2024-02-16T22:10:13.823+0000 7f5f5ec62700 1 -- 172.21.15.134:0/866235554 --> [v2:172.21.15.134:6800/3520115315,v1:172.21.15.134:6801/3520115315] -- mgr_command(tid 0: {"prefix": "orch apply", "service_type": "crash", "target": ["mon-mgr", ""]}) v1 -- 0x7f5f44000bf0 con 0x7f5f40036870
2024-02-16T22:10:14.857 INFO:teuthology.orchestra.run.smithi134.stdout:/usr/bin/ceph: stderr
2024-02-16T22:10:13.827+0000 7f5f557fa700 1 -- 172.21.15.134:0/866235554 <== mgr.14120 v2:172.21.15.134:6800/3520115315 1 ==== mgr_command_reply(tid 0: 0 ) v1 ==== 8+0+26 (secure 0 0 0) 0x7f5f44000bf0 con 0x7f5f40036870
2024-02-16T22:10:14.857 INFO:teuthology.orchestra.run.smithi134.stdout:/usr/bin/ceph: stderr
2024-02-16T22:10:13.829+0000 7f5f5ec62700 1 -- 172.21.15.134:0/866235554 >> [v2:172.21.15.134:6800/3520115315,v1:172.21.15.134:6801/3520115315] conn(0x7f5f40036870 msgr2=0x7f5f40038d20 secure :-1 s=STATE_CONNECTION_ESTABLISHED l=1).mark_down
2024-02-16T22:10:14.857 INFO:teuthology.orchestra.run.smithi134.stdout:/usr/bin/ceph: stderr
2024-02-16T22:10:13.829+0000 7f5f5ec62700 1 --2- 172.21.15.134:0/866235554 >> [v2:172.21.15.134:6800/3520115315,v1:172.21.15.134:6801/3520115315] conn(0x7f5f40036870 0x7f5f40038d20 secure :-1 s=READY pgs=14 cs=0 l=1 rev1=1 crypto rx=0x7f5f4c009990 tx=0x7f5f4c006e40 comp rx=0 tx=0).stop
2024-02-16T22:10:14.857 INFO:teuthology.orchestra.run.smithi134.stdout:/usr/bin/ceph: stderr
2024-02-16T22:10:13.829+0000 7f5f5ec62700 1 -- 172.21.15.134:0/866235554 >> [v2:172.21.15.134:3300/0,v1:172.21.15.134:6789/0] conn(0x7f5f58076ba0 msgr2=0x7f5f58111860 secure :-1 s=STATE_CONNECTION_ESTABLISHED l=1).mark_down
2024-02-16T22:10:14.857 INFO:teuthology.orchestra.run.smithi134.stdout:/usr/bin/ceph: stderr
2024-02-16T22:10:13.829+0000 7f5f5ec62700 1 --2- 172.21.15.134:0/866235554 >> [v2:172.21.15.134:3300/0,v1:172.21.15.134:6789/0] conn(0x7f5f58076ba0 0x7f5f58111860 secure :-1 s=READY pgs=52 cs=0 l=1 rev1=1 crypto rx=0x7f5f480094c0 tx=0x7f5f48009250 comp rx=0 tx=0).stop
2024-02-16T22:10:14.857 INFO:teuthology.orchestra.run.smithi134.stdout:/usr/bin/ceph: stderr
2024-02-16T22:10:13.829+0000 7f5f5ec62700 1 -- 172.21.15.134:0/866235554 shutdown_connections
2024-02-16T22:10:14.857 INFO:teuthology.orchestra.run.smithi134.stdout:/usr/bin/ceph: stderr
2024-02-16T22:10:13.829+0000 7f5f5ec62700 1 --2- 172.21.15.134:0/866235554 >> [v2:172.21.15.134:6800/3520115315,v1:172.21.15.134:6801/3520115315] conn(0x7f5f40036870 0x7f5f40038d20 unknown :-1 s=CLOSED pgs=14 cs=0 l=1 rev1=1 crypto rx=0 tx=0 comp rx=0 tx=0).stop
2024-02-16T22:10:14.859 INFO:teuthology.orchestra.run.smithi134.stdout:/usr/bin/ceph: stderr
2024-02-16T22:10:13.829+0000 7f5f5ec62700 1 --2- 172.21.15.134:0/866235554 >> [v2:172.21.15.134:3300/0,v1:172.21.15.134:6789/0] conn(0x7f5f58076ba0 0x7f5f58111860 unknown :-1 s=CLOSED pgs=52 cs=0 l=1 rev1=1 crypto rx=0 tx=0 comp rx=0 tx=0).stop
2024-02-16T22:10:14.859 INFO:teuthology.orchestra.run.smithi134.stdout:/usr/bin/ceph: stderr
2024-02-16T22:10:13.829+0000 7f5f5ec62700 1 -- 172.21.15.134:0/866235554 >> 172.21.15.134:0/866235554 conn(0x7f5f580fcdd0 msgr2=0x7f5f580ff0b0 unknown :-1 s=STATE_NONE l=0).mark_down
2024-02-16T22:10:14.859 INFO:teuthology.orchestra.run.smithi134.stdout:/usr/bin/ceph: stderr
2024-02-16T22:10:13.829+0000 7f5f5ec62700 1 -- 172.21.15.134:0/866235554 shutdown_connections
2024-02-16T22:10:14.859 INFO:teuthology.orchestra.run.smithi134.stdout:/usr/bin/ceph: stderr
2024-02-16T22:10:13.829+0000 7f5f5ec62700 1 -- 172.21.15.134:0/866235554 wait complete.
2024-02-16T22:10:14.859 INFO:teuthology.orchestra.run.smithi134.stdout:Deploying prometheus service with default placement...
2024-02-16T22:10:16.111 INFO:teuthology.orchestra.run.smithi134.stdout:/usr/bin/ceph: stdout Scheduled prometheus update...
2024-02-16T22:10:16.111 INFO:teuthology.orchestra.run.smithi134.stdout:/usr/bin/ceph: stderr
2024-02-16T22:10:15.305+0000 7fee2e2b4700 1 Processor -- start
2024-02-16T22:10:16.111 INFO:teuthology.orchestra.run.smithi134.stdout:/usr/bin/ceph: stderr
2024-02-16T22:10:15.305+0000 7fee2e2b4700 1 -- start start
2024-02-16T22:10:16.111 INFO:teuthology.orchestra.run.smithi134.stdout:/usr/bin/ceph: stderr
2024-02-16T22:10:15.306+0000 7fee2e2b4700 1 --2- >> [v2:172.21.15.134:3300/0,v1:172.21.15.134:6789/0] conn(0x7fee28102770 0x7fee28102b80 unknown :-1 s=NONE pgs=0 cs=0 l=0 rev1=0 crypto rx=0 tx=0 comp rx=0 tx=0).connect
2024-02-16T22:10:16.111 INFO:teuthology.orchestra.run.smithi134.stdout:/usr/bin/ceph: stderr
2024-02-16T22:10:15.306+0000 7fee2e2b4700 1 -- --> [v2:172.21.15.134:3300/0,v1:172.21.15.134:6789/0] -- mon_getmap magic: 0 v1 -- 0x7fee281030c0 con 0x7fee28102770
2024-02-16T22:10:16.111 INFO:teuthology.orchestra.run.smithi134.stdout:/usr/bin/ceph: stderr
2024-02-16T22:10:15.306+0000 7fee27fff700 1 --2- >> [v2:172.21.15.134:3300/0,v1:172.21.15.134:6789/0] conn(0x7fee28102770 0x7fee28102b80 unknown :-1 s=BANNER_CONNECTING pgs=0 cs=0 l=0 rev1=0 crypto rx=0 tx=0 comp rx=0 tx=0)._handle_peer_banner_payload supported=3 required=0
2024-02-16T22:10:16.111 INFO:teuthology.orchestra.run.smithi134.stdout:/usr/bin/ceph: stderr
2024-02-16T22:10:15.306+0000 7fee27fff700 1 --2- >> [v2:172.21.15.134:3300/0,v1:172.21.15.134:6789/0] conn(0x7fee28102770 0x7fee28102b80 unknown :-1 s=HELLO_CONNECTING pgs=0 cs=0 l=0 rev1=1 crypto rx=0 tx=0 comp rx=0 tx=0).handle_hello peer v2:172.21.15.134:3300/0 says I am v2:172.21.15.134:39554/0 (socket says 172.21.15.134:39554)
2024-02-16T22:10:16.111 INFO:teuthology.orchestra.run.smithi134.stdout:/usr/bin/ceph: stderr
2024-02-16T22:10:15.306+0000 7fee27fff700 1 -- 172.21.15.134:0/3266147281 learned_addr learned my addr 172.21.15.134:0/3266147281 (peer_addr_for_me v2:172.21.15.134:0/0)
2024-02-16T22:10:16.111 INFO:teuthology.orchestra.run.smithi134.stdout:/usr/bin/ceph: stderr
2024-02-16T22:10:15.306+0000 7fee27fff700 1 -- 172.21.15.134:0/3266147281 --> [v2:172.21.15.134:3300/0,v1:172.21.15.134:6789/0] -- mon_subscribe({config=0+,monmap=0+}) v3 -- 0x7fee28103200 con 0x7fee28102770
2024-02-16T22:10:16.111 INFO:teuthology.orchestra.run.smithi134.stdout:/usr/bin/ceph: stderr
2024-02-16T22:10:15.306+0000 7fee27fff700 1 --2- 172.21.15.134:0/3266147281 >> [v2:172.21.15.134:3300/0,v1:172.21.15.134:6789/0] conn(0x7fee28102770 0x7fee28102b80 secure :-1 s=READY pgs=53 cs=0 l=1 rev1=1 crypto rx=0x7fee180098e0 tx=0x7fee18009250 comp rx=0 tx=0).ready entity=mon.0 client_cookie=30295f3d97b2b4fa server_cookie=0 in_seq=0 out_seq=0
2024-02-16T22:10:16.111 INFO:teuthology.orchestra.run.smithi134.stdout:/usr/bin/ceph: stderr
2024-02-16T22:10:15.306+0000 7fee26ffd700 1 -- 172.21.15.134:0/3266147281 <== mon.0 v2:172.21.15.134:3300/0 1 ==== mon_map magic: 0 v1 ==== 229+0+0 (secure 0 0 0) 0x7fee1800b860 con 0x7fee28102770
2024-02-16T22:10:16.111 INFO:teuthology.orchestra.run.smithi134.stdout:/usr/bin/ceph: stderr
2024-02-16T22:10:15.306+0000 7fee26ffd700 1 -- 172.21.15.134:0/3266147281 <== mon.0 v2:172.21.15.134:3300/0 2 ==== config(27 keys) v1 ==== 1109+0+0 (secure 0 0 0) 0x7fee1800be90 con 0x7fee28102770
2024-02-16T22:10:16.112 INFO:teuthology.orchestra.run.smithi134.stdout:/usr/bin/ceph: stderr
2024-02-16T22:10:15.306+0000 7fee26ffd700 1 -- 172.21.15.134:0/3266147281 <== mon.0 v2:172.21.15.134:3300/0 3 ==== mon_map magic: 0 v1 ==== 229+0+0 (secure 0 0 0) 0x7fee180103c0 con 0x7fee28102770
2024-02-16T22:10:16.112 INFO:teuthology.orchestra.run.smithi134.stdout:/usr/bin/ceph: stderr
2024-02-16T22:10:15.307+0000 7fee2e2b4700 1 -- 172.21.15.134:0/3266147281 >> [v2:172.21.15.134:3300/0,v1:172.21.15.134:6789/0] conn(0x7fee28102770 msgr2=0x7fee28102b80 secure :-1 s=STATE_CONNECTION_ESTABLISHED l=1).mark_down
2024-02-16T22:10:16.112 INFO:teuthology.orchestra.run.smithi134.stdout:/usr/bin/ceph: stderr
2024-02-16T22:10:15.307+0000 7fee2e2b4700 1 --2- 172.21.15.134:0/3266147281 >> [v2:172.21.15.134:3300/0,v1:172.21.15.134:6789/0] conn(0x7fee28102770 0x7fee28102b80 secure :-1 s=READY pgs=53 cs=0 l=1 rev1=1 crypto rx=0x7fee180098e0 tx=0x7fee18009250 comp rx=0 tx=0).stop
2024-02-16T22:10:16.112 INFO:teuthology.orchestra.run.smithi134.stdout:/usr/bin/ceph: stderr
2024-02-16T22:10:15.307+0000 7fee2e2b4700 1 -- 172.21.15.134:0/3266147281 shutdown_connections
2024-02-16T22:10:16.112 INFO:teuthology.orchestra.run.smithi134.stdout:/usr/bin/ceph: stderr
2024-02-16T22:10:15.307+0000 7fee2e2b4700 1 --2- 172.21.15.134:0/3266147281 >> [v2:172.21.15.134:3300/0,v1:172.21.15.134:6789/0] conn(0x7fee28102770 0x7fee28102b80 unknown :-1 s=CLOSED pgs=53 cs=0 l=1 rev1=1 crypto rx=0 tx=0 comp rx=0 tx=0).stop
2024-02-16T22:10:16.112 INFO:teuthology.orchestra.run.smithi134.stdout:/usr/bin/ceph: stderr
2024-02-16T22:10:15.307+0000 7fee2e2b4700 1 -- 172.21.15.134:0/3266147281 >> 172.21.15.134:0/3266147281 conn(0x7fee280fded0 msgr2=0x7fee28100300 unknown :-1 s=STATE_NONE l=0).mark_down
2024-02-16T22:10:16.112 INFO:teuthology.orchestra.run.smithi134.stdout:/usr/bin/ceph: stderr
2024-02-16T22:10:15.307+0000 7fee2e2b4700 1 -- 172.21.15.134:0/3266147281 shutdown_connections
2024-02-16T22:10:16.112 INFO:teuthology.orchestra.run.smithi134.stdout:/usr/bin/ceph: stderr
2024-02-16T22:10:15.307+0000 7fee2e2b4700 1 -- 172.21.15.134:0/3266147281 wait complete.
2024-02-16T22:10:16.112 INFO:teuthology.orchestra.run.smithi134.stdout:/usr/bin/ceph: stderr
2024-02-16T22:10:15.308+0000 7fee2e2b4700 1 Processor -- start
2024-02-16T22:10:16.112 INFO:teuthology.orchestra.run.smithi134.stdout:/usr/bin/ceph: stderr
2024-02-16T22:10:15.308+0000 7fee2e2b4700 1 -- start start
2024-02-16T22:10:16.112 INFO:teuthology.orchestra.run.smithi134.stdout:/usr/bin/ceph: stderr
2024-02-16T22:10:15.308+0000 7fee2e2b4700 1 --2- >> [v2:172.21.15.134:3300/0,v1:172.21.15.134:6789/0] conn(0x7fee28102770 0x7fee28111540 unknown :-1 s=NONE pgs=0 cs=0 l=1 rev1=0 crypto rx=0 tx=0 comp rx=0 tx=0).connect
2024-02-16T22:10:16.112 INFO:teuthology.orchestra.run.smithi134.stdout:/usr/bin/ceph: stderr
2024-02-16T22:10:15.308+0000 7fee2e2b4700 1 -- --> [v2:172.21.15.134:3300/0,v1:172.21.15.134:6789/0] -- mon_getmap magic: 0 v1 -- 0x7fee28111a80 con 0x7fee28102770
2024-02-16T22:10:16.113 INFO:teuthology.orchestra.run.smithi134.stdout:/usr/bin/ceph: stderr
2024-02-16T22:10:15.308+0000 7fee27fff700 1 --2- >> [v2:172.21.15.134:3300/0,v1:172.21.15.134:6789/0] conn(0x7fee28102770 0x7fee28111540 unknown :-1 s=BANNER_CONNECTING pgs=0 cs=0 l=1 rev1=0 crypto rx=0 tx=0 comp rx=0 tx=0)._handle_peer_banner_payload supported=3 required=0
2024-02-16T22:10:16.113 INFO:teuthology.orchestra.run.smithi134.stdout:/usr/bin/ceph: stderr
2024-02-16T22:10:15.308+0000 7fee27fff700 1 --2- >> [v2:172.21.15.134:3300/0,v1:172.21.15.134:6789/0] conn(0x7fee28102770 0x7fee28111540 unknown :-1 s=HELLO_CONNECTING pgs=0 cs=0 l=1 rev1=1 crypto rx=0 tx=0 comp rx=0 tx=0).handle_hello peer v2:172.21.15.134:3300/0 says I am v2:172.21.15.134:39556/0 (socket says 172.21.15.134:39556)
2024-02-16T22:10:16.113 INFO:teuthology.orchestra.run.smithi134.stdout:/usr/bin/ceph: stderr
2024-02-16T22:10:15.308+0000 7fee27fff700 1 -- 172.21.15.134:0/659705847 learned_addr learned my addr 172.21.15.134:0/659705847 (peer_addr_for_me v2:172.21.15.134:0/0)
2024-02-16T22:10:16.113 INFO:teuthology.orchestra.run.smithi134.stdout:/usr/bin/ceph: stderr
2024-02-16T22:10:15.309+0000 7fee27fff700 1 -- 172.21.15.134:0/659705847 --> [v2:172.21.15.134:3300/0,v1:172.21.15.134:6789/0] -- mon_subscribe({config=0+,monmap=0+}) v3 -- 0x7fee180094f0 con 0x7fee28102770
2024-02-16T22:10:16.113 INFO:teuthology.orchestra.run.smithi134.stdout:/usr/bin/ceph: stderr
2024-02-16T22:10:15.309+0000 7fee27fff700 1 --2- 172.21.15.134:0/659705847 >> [v2:172.21.15.134:3300/0,v1:172.21.15.134:6789/0] conn(0x7fee28102770 0x7fee28111540 secure :-1 s=READY pgs=54 cs=0 l=1 rev1=1 crypto rx=0x7fee18006b00 tx=0x7fee18009250 comp rx=0 tx=0).ready entity=mon.0 client_cookie=0 server_cookie=0 in_seq=0 out_seq=0
2024-02-16T22:10:16.113 INFO:teuthology.orchestra.run.smithi134.stdout:/usr/bin/ceph: stderr
2024-02-16T22:10:15.309+0000 7fee24ff9700 1 -- 172.21.15.134:0/659705847 <== mon.0 v2:172.21.15.134:3300/0 1 ==== mon_map magic: 0 v1 ==== 229+0+0 (secure 0 0 0) 0x7fee180109a0 con 0x7fee28102770
2024-02-16T22:10:16.113 INFO:teuthology.orchestra.run.smithi134.stdout:/usr/bin/ceph: stderr
2024-02-16T22:10:15.309+0000 7fee24ff9700 1 -- 172.21.15.134:0/659705847 <== mon.0 v2:172.21.15.134:3300/0 2 ==== config(27 keys) v1 ==== 1109+0+0 (secure 0 0 0) 0x7fee1801a430 con 0x7fee28102770
2024-02-16T22:10:16.113 INFO:teuthology.orchestra.run.smithi134.stdout:/usr/bin/ceph: stderr
2024-02-16T22:10:15.309+0000 7fee2e2b4700 1 -- 172.21.15.134:0/659705847 --> [v2:172.21.15.134:3300/0,v1:172.21.15.134:6789/0] -- mon_subscribe({mgrmap=0+}) v3 -- 0x7fee28111c80 con 0x7fee28102770
2024-02-16T22:10:16.113 INFO:teuthology.orchestra.run.smithi134.stdout:/usr/bin/ceph: stderr
2024-02-16T22:10:15.309+0000 7fee24ff9700 1 -- 172.21.15.134:0/659705847 <== mon.0 v2:172.21.15.134:3300/0 3 ==== mon_map magic: 0 v1 ==== 229+0+0 (secure 0 0 0) 0x7fee180245b0 con 0x7fee28102770
2024-02-16T22:10:16.113 INFO:teuthology.orchestra.run.smithi134.stdout:/usr/bin/ceph: stderr
2024-02-16T22:10:15.309+0000 7fee2e2b4700 1 -- 172.21.15.134:0/659705847 --> [v2:172.21.15.134:3300/0,v1:172.21.15.134:6789/0] -- mon_subscribe({osdmap=0}) v3 -- 0x7fee28112920 con 0x7fee28102770
2024-02-16T22:10:16.113 INFO:teuthology.orchestra.run.smithi134.stdout:/usr/bin/ceph: stderr
2024-02-16T22:10:15.310+0000 7fee24ff9700 1 -- 172.21.15.134:0/659705847 <== mon.0 v2:172.21.15.134:3300/0 4 ==== mgrmap(e 8) v1 ==== 43368+0+0 (secure 0 0 0) 0x7fee180247e0 con 0x7fee28102770
2024-02-16T22:10:16.113 INFO:teuthology.orchestra.run.smithi134.stdout:/usr/bin/ceph: stderr
2024-02-16T22:10:15.310+0000 7fee24ff9700 1 --2- 172.21.15.134:0/659705847 >> [v2:172.21.15.134:6800/3520115315,v1:172.21.15.134:6801/3520115315] conn(0x7fee100367e0 0x7fee10038c90 unknown :-1 s=NONE pgs=0 cs=0 l=1 rev1=0 crypto rx=0 tx=0 comp rx=0 tx=0).connect
2024-02-16T22:10:16.113 INFO:teuthology.orchestra.run.smithi134.stdout:/usr/bin/ceph: stderr
2024-02-16T22:10:15.310+0000 7fee2e2b4700 1 -- 172.21.15.134:0/659705847 --> [v2:172.21.15.134:3300/0,v1:172.21.15.134:6789/0] -- mon_command({"prefix": "get_command_descriptions"} v 0) v1 -- 0x7fee2805f5c0 con 0x7fee28102770
2024-02-16T22:10:16.113 INFO:teuthology.orchestra.run.smithi134.stdout:/usr/bin/ceph: stderr
2024-02-16T22:10:15.310+0000 7fee24ff9700 1 -- 172.21.15.134:0/659705847 <== mon.0 v2:172.21.15.134:3300/0 5 ==== osd_map(2..2 src has 1..2) v4 ==== 936+0+0 (secure 0 0 0) 0x7fee1801aaa0 con 0x7fee28102770
2024-02-16T22:10:16.113 INFO:teuthology.orchestra.run.smithi134.stdout:/usr/bin/ceph: stderr
2024-02-16T22:10:15.310+0000 7fee277fe700 1 --2- 172.21.15.134:0/659705847 >> [v2:172.21.15.134:6800/3520115315,v1:172.21.15.134:6801/3520115315] conn(0x7fee100367e0 0x7fee10038c90 unknown :-1 s=BANNER_CONNECTING pgs=0 cs=0 l=1 rev1=0 crypto rx=0 tx=0 comp rx=0 tx=0)._handle_peer_banner_payload supported=3 required=0
2024-02-16T22:10:16.114 INFO:teuthology.orchestra.run.smithi134.stdout:/usr/bin/ceph: stderr
