2024-02-16T22:10:32.842+0000 7fab3ffff700 1 --2- 172.21.15.134:0/1906224121 >> [v2:172.21.15.134:3300/0,v1:172.21.15.134:6789/0] conn(0x7fab40076c20 0x7fab40105380 secure :-1 s=READY pgs=80 cs=0 l=1 rev1=1 crypto rx=0x7fab300098e0 tx=0x7fab30009250 comp rx=0 tx=0).ready entity=mon.0 client_cookie=6c52ddcd3775bb9d server_cookie=0 in_seq=0 out_seq=0
2024-02-16T22:10:33.675 INFO:teuthology.orchestra.run.smithi134.stdout:/usr/bin/ceph: stderr
2024-02-16T22:10:32.842+0000 7fab3effd700 1 -- 172.21.15.134:0/1906224121 <== mon.0 v2:172.21.15.134:3300/0 1 ==== mon_map magic: 0 v1 ==== 229+0+0 (secure 0 0 0) 0x7fab3000b860 con 0x7fab40076c20
2024-02-16T22:10:33.675 INFO:teuthology.orchestra.run.smithi134.stdout:/usr/bin/ceph: stderr
2024-02-16T22:10:32.842+0000 7fab3effd700 1 -- 172.21.15.134:0/1906224121 <== mon.0 v2:172.21.15.134:3300/0 2 ==== config(27 keys) v1 ==== 1109+0+0 (secure 0 0 0) 0x7fab3000be90 con 0x7fab40076c20
2024-02-16T22:10:33.675 INFO:teuthology.orchestra.run.smithi134.stdout:/usr/bin/ceph: stderr
2024-02-16T22:10:32.842+0000 7fab3effd700 1 -- 172.21.15.134:0/1906224121 <== mon.0 v2:172.21.15.134:3300/0 3 ==== mon_map magic: 0 v1 ==== 229+0+0 (secure 0 0 0) 0x7fab300103c0 con 0x7fab40076c20
2024-02-16T22:10:33.675 INFO:teuthology.orchestra.run.smithi134.stdout:/usr/bin/ceph: stderr
2024-02-16T22:10:32.842+0000 7fab46518700 1 -- 172.21.15.134:0/1906224121 >> [v2:172.21.15.134:3300/0,v1:172.21.15.134:6789/0] conn(0x7fab40076c20 msgr2=0x7fab40105380 secure :-1 s=STATE_CONNECTION_ESTABLISHED l=1).mark_down
2024-02-16T22:10:33.675 INFO:teuthology.orchestra.run.smithi134.stdout:/usr/bin/ceph: stderr
2024-02-16T22:10:32.842+0000 7fab46518700 1 --2- 172.21.15.134:0/1906224121 >> [v2:172.21.15.134:3300/0,v1:172.21.15.134:6789/0] conn(0x7fab40076c20 0x7fab40105380 secure :-1 s=READY pgs=80 cs=0 l=1 rev1=1 crypto rx=0x7fab300098e0 tx=0x7fab30009250 comp rx=0 tx=0).stop
2024-02-16T22:10:33.675 INFO:teuthology.orchestra.run.smithi134.stdout:/usr/bin/ceph: stderr
2024-02-16T22:10:32.843+0000 7fab46518700 1 -- 172.21.15.134:0/1906224121 shutdown_connections
2024-02-16T22:10:33.675 INFO:teuthology.orchestra.run.smithi134.stdout:/usr/bin/ceph: stderr
2024-02-16T22:10:32.843+0000 7fab46518700 1 --2- 172.21.15.134:0/1906224121 >> [v2:172.21.15.134:3300/0,v1:172.21.15.134:6789/0] conn(0x7fab40076c20 0x7fab40105380 unknown :-1 s=CLOSED pgs=80 cs=0 l=1 rev1=1 crypto rx=0 tx=0 comp rx=0 tx=0).stop
2024-02-16T22:10:33.676 INFO:teuthology.orchestra.run.smithi134.stdout:/usr/bin/ceph: stderr
2024-02-16T22:10:32.843+0000 7fab46518700 1 -- 172.21.15.134:0/1906224121 >> 172.21.15.134:0/1906224121 conn(0x7fab400fcdd0 msgr2=0x7fab400ff200 unknown :-1 s=STATE_NONE l=0).mark_down
2024-02-16T22:10:33.676 INFO:teuthology.orchestra.run.smithi134.stdout:/usr/bin/ceph: stderr
2024-02-16T22:10:32.843+0000 7fab46518700 1 -- 172.21.15.134:0/1906224121 shutdown_connections
2024-02-16T22:10:33.676 INFO:teuthology.orchestra.run.smithi134.stdout:/usr/bin/ceph: stderr
2024-02-16T22:10:32.843+0000 7fab46518700 1 -- 172.21.15.134:0/1906224121 wait complete.
2024-02-16T22:10:33.676 INFO:teuthology.orchestra.run.smithi134.stdout:/usr/bin/ceph: stderr
2024-02-16T22:10:32.843+0000 7fab46518700 1 Processor -- start
2024-02-16T22:10:33.676 INFO:teuthology.orchestra.run.smithi134.stdout:/usr/bin/ceph: stderr
2024-02-16T22:10:32.843+0000 7fab46518700 1 -- start start
2024-02-16T22:10:33.676 INFO:teuthology.orchestra.run.smithi134.stdout:/usr/bin/ceph: stderr
2024-02-16T22:10:32.843+0000 7fab46518700 1 --2- >> [v2:172.21.15.134:3300/0,v1:172.21.15.134:6789/0] conn(0x7fab40076c20 0x7fab40111870 unknown :-1 s=NONE pgs=0 cs=0 l=1 rev1=0 crypto rx=0 tx=0 comp rx=0 tx=0).connect
2024-02-16T22:10:33.676 INFO:teuthology.orchestra.run.smithi134.stdout:/usr/bin/ceph: stderr
2024-02-16T22:10:32.843+0000 7fab46518700 1 -- --> [v2:172.21.15.134:3300/0,v1:172.21.15.134:6789/0] -- mon_getmap magic: 0 v1 -- 0x7fab40111db0 con 0x7fab40076c20
2024-02-16T22:10:33.676 INFO:teuthology.orchestra.run.smithi134.stdout:/usr/bin/ceph: stderr
2024-02-16T22:10:32.843+0000 7fab3ffff700 1 --2- >> [v2:172.21.15.134:3300/0,v1:172.21.15.134:6789/0] conn(0x7fab40076c20 0x7fab40111870 unknown :-1 s=BANNER_CONNECTING pgs=0 cs=0 l=1 rev1=0 crypto rx=0 tx=0 comp rx=0 tx=0)._handle_peer_banner_payload supported=3 required=0
2024-02-16T22:10:33.676 INFO:teuthology.orchestra.run.smithi134.stdout:/usr/bin/ceph: stderr
2024-02-16T22:10:32.843+0000 7fab3ffff700 1 --2- >> [v2:172.21.15.134:3300/0,v1:172.21.15.134:6789/0] conn(0x7fab40076c20 0x7fab40111870 unknown :-1 s=HELLO_CONNECTING pgs=0 cs=0 l=1 rev1=1 crypto rx=0 tx=0 comp rx=0 tx=0).handle_hello peer v2:172.21.15.134:3300/0 says I am v2:172.21.15.134:60686/0 (socket says 172.21.15.134:60686)
2024-02-16T22:10:33.676 INFO:teuthology.orchestra.run.smithi134.stdout:/usr/bin/ceph: stderr
2024-02-16T22:10:32.843+0000 7fab3ffff700 1 -- 172.21.15.134:0/1316275111 learned_addr learned my addr 172.21.15.134:0/1316275111 (peer_addr_for_me v2:172.21.15.134:0/0)
2024-02-16T22:10:33.676 INFO:teuthology.orchestra.run.smithi134.stdout:/usr/bin/ceph: stderr
2024-02-16T22:10:32.844+0000 7fab3ffff700 1 -- 172.21.15.134:0/1316275111 --> [v2:172.21.15.134:3300/0,v1:172.21.15.134:6789/0] -- mon_subscribe({config=0+,monmap=0+}) v3 -- 0x7fab300094f0 con 0x7fab40076c20
2024-02-16T22:10:33.676 INFO:teuthology.orchestra.run.smithi134.stdout:/usr/bin/ceph: stderr
2024-02-16T22:10:32.844+0000 7fab3ffff700 1 --2- 172.21.15.134:0/1316275111 >> [v2:172.21.15.134:3300/0,v1:172.21.15.134:6789/0] conn(0x7fab40076c20 0x7fab40111870 secure :-1 s=READY pgs=81 cs=0 l=1 rev1=1 crypto rx=0x7fab30003080 tx=0x7fab30009250 comp rx=0 tx=0).ready entity=mon.0 client_cookie=0 server_cookie=0 in_seq=0 out_seq=0
2024-02-16T22:10:33.676 INFO:teuthology.orchestra.run.smithi134.stdout:/usr/bin/ceph: stderr
2024-02-16T22:10:32.844+0000 7fab3cff9700 1 -- 172.21.15.134:0/1316275111 <== mon.0 v2:172.21.15.134:3300/0 1 ==== mon_map magic: 0 v1 ==== 229+0+0 (secure 0 0 0) 0x7fab30011920 con 0x7fab40076c20
2024-02-16T22:10:33.676 INFO:teuthology.orchestra.run.smithi134.stdout:/usr/bin/ceph: stderr
2024-02-16T22:10:32.844+0000 7fab3cff9700 1 -- 172.21.15.134:0/1316275111 <== mon.0 v2:172.21.15.134:3300/0 2 ==== config(27 keys) v1 ==== 1109+0+0 (secure 0 0 0) 0x7fab30010d60 con 0x7fab40076c20
2024-02-16T22:10:33.676 INFO:teuthology.orchestra.run.smithi134.stdout:/usr/bin/ceph: stderr
2024-02-16T22:10:32.844+0000 7fab46518700 1 -- 172.21.15.134:0/1316275111 --> [v2:172.21.15.134:3300/0,v1:172.21.15.134:6789/0] -- mon_subscribe({mgrmap=0+}) v3 -- 0x7fab40111fb0 con 0x7fab40076c20
2024-02-16T22:10:33.676 INFO:teuthology.orchestra.run.smithi134.stdout:/usr/bin/ceph: stderr
2024-02-16T22:10:32.844+0000 7fab3cff9700 1 -- 172.21.15.134:0/1316275111 <== mon.0 v2:172.21.15.134:3300/0 3 ==== mon_map magic: 0 v1 ==== 229+0+0 (secure 0 0 0) 0x7fab300243f0 con 0x7fab40076c20
2024-02-16T22:10:33.677 INFO:teuthology.orchestra.run.smithi134.stdout:/usr/bin/ceph: stderr
2024-02-16T22:10:32.844+0000 7fab46518700 1 -- 172.21.15.134:0/1316275111 --> [v2:172.21.15.134:3300/0,v1:172.21.15.134:6789/0] -- mon_subscribe({osdmap=0}) v3 -- 0x7fab40112c50 con 0x7fab40076c20
2024-02-16T22:10:33.677 INFO:teuthology.orchestra.run.smithi134.stdout:/usr/bin/ceph: stderr
2024-02-16T22:10:32.845+0000 7fab3cff9700 1 -- 172.21.15.134:0/1316275111 <== mon.0 v2:172.21.15.134:3300/0 4 ==== mgrmap(e 11) v1 ==== 43275+0+0 (secure 0 0 0) 0x7fab3002d3f0 con 0x7fab40076c20
2024-02-16T22:10:33.677 INFO:teuthology.orchestra.run.smithi134.stdout:/usr/bin/ceph: stderr
2024-02-16T22:10:32.845+0000 7fab3cff9700 1 --2- 172.21.15.134:0/1316275111 >> [v2:172.21.15.134:6800/2987045407,v1:172.21.15.134:6801/2987045407] conn(0x7fab280366b0 0x7fab28038b60 unknown :-1 s=NONE pgs=0 cs=0 l=1 rev1=0 crypto rx=0 tx=0 comp rx=0 tx=0).connect
2024-02-16T22:10:33.677 INFO:teuthology.orchestra.run.smithi134.stdout:/usr/bin/ceph: stderr
2024-02-16T22:10:32.845+0000 7fab3cff9700 1 -- 172.21.15.134:0/1316275111 <== mon.0 v2:172.21.15.134:3300/0 5 ==== osd_map(3..3 src has 1..3) v4 ==== 1151+0+0 (secure 0 0 0) 0x7fab3004a360 con 0x7fab40076c20
2024-02-16T22:10:33.677 INFO:teuthology.orchestra.run.smithi134.stdout:/usr/bin/ceph: stderr
2024-02-16T22:10:32.845+0000 7fab3f7fe700 1 --2- 172.21.15.134:0/1316275111 >> [v2:172.21.15.134:6800/2987045407,v1:172.21.15.134:6801/2987045407] conn(0x7fab280366b0 0x7fab28038b60 unknown :-1 s=BANNER_CONNECTING pgs=0 cs=0 l=1 rev1=0 crypto rx=0 tx=0 comp rx=0 tx=0)._handle_peer_banner_payload supported=3 required=0
2024-02-16T22:10:33.677 INFO:teuthology.orchestra.run.smithi134.stdout:/usr/bin/ceph: stderr
2024-02-16T22:10:32.845+0000 7fab46518700 1 -- 172.21.15.134:0/1316275111 --> [v2:172.21.15.134:3300/0,v1:172.21.15.134:6789/0] -- mon_command({"prefix": "get_command_descriptions"} v 0) v1 -- 0x7fab40112440 con 0x7fab40076c20
2024-02-16T22:10:33.677 INFO:teuthology.orchestra.run.smithi134.stdout:/usr/bin/ceph: stderr
2024-02-16T22:10:32.845+0000 7fab3f7fe700 1 --2- 172.21.15.134:0/1316275111 >> [v2:172.21.15.134:6800/2987045407,v1:172.21.15.134:6801/2987045407] conn(0x7fab280366b0 0x7fab28038b60 secure :-1 s=READY pgs=7 cs=0 l=1 rev1=1 crypto rx=0x7fab34009990 tx=0x7fab34006e40 comp rx=0 tx=0).ready entity=mgr.14162 client_cookie=0 server_cookie=0 in_seq=0 out_seq=0
2024-02-16T22:10:33.677 INFO:teuthology.orchestra.run.smithi134.stdout:/usr/bin/ceph: stderr
2024-02-16T22:10:32.850+0000 7fab3cff9700 1 -- 172.21.15.134:0/1316275111 <== mon.0 v2:172.21.15.134:3300/0 6 ==== mon_command_ack([{"prefix": "get_command_descriptions"}]=0 v0) v1 ==== 72+0+175031 (secure 0 0 0) 0x7fab3002b8e0 con 0x7fab40076c20
2024-02-16T22:10:33.677 INFO:teuthology.orchestra.run.smithi134.stdout:/usr/bin/ceph: stderr
2024-02-16T22:10:33.092+0000 7fab46518700 1 -- 172.21.15.134:0/1316275111 --> [v2:172.21.15.134:6800/2987045407,v1:172.21.15.134:6801/2987045407] -- mgr_command(tid 0: {"prefix": "dashboard create-self-signed-cert", "target": ["mon-mgr", ""]}) v1 -- 0x7fab40106850 con 0x7fab280366b0
2024-02-16T22:10:33.677 INFO:teuthology.orchestra.run.smithi134.stdout:/usr/bin/ceph: stderr
2024-02-16T22:10:33.171+0000 7fab3cff9700 1 -- 172.21.15.134:0/1316275111 <== mgr.14162 v2:172.21.15.134:6800/2987045407 1 ==== mgr_command_reply(tid 0: 0 ) v1 ==== 8+0+32 (secure 0 0 0) 0x7fab40106850 con 0x7fab280366b0
2024-02-16T22:10:33.677 INFO:teuthology.orchestra.run.smithi134.stdout:/usr/bin/ceph: stderr
2024-02-16T22:10:33.174+0000 7fab46518700 1 -- 172.21.15.134:0/1316275111 >> [v2:172.21.15.134:6800/2987045407,v1:172.21.15.134:6801/2987045407] conn(0x7fab280366b0 msgr2=0x7fab28038b60 secure :-1 s=STATE_CONNECTION_ESTABLISHED l=1).mark_down
2024-02-16T22:10:33.677 INFO:teuthology.orchestra.run.smithi134.stdout:/usr/bin/ceph: stderr
2024-02-16T22:10:33.174+0000 7fab46518700 1 --2- 172.21.15.134:0/1316275111 >> [v2:172.21.15.134:6800/2987045407,v1:172.21.15.134:6801/2987045407] conn(0x7fab280366b0 0x7fab28038b60 secure :-1 s=READY pgs=7 cs=0 l=1 rev1=1 crypto rx=0x7fab34009990 tx=0x7fab34006e40 comp rx=0 tx=0).stop
2024-02-16T22:10:33.677 INFO:teuthology.orchestra.run.smithi134.stdout:/usr/bin/ceph: stderr
2024-02-16T22:10:33.174+0000 7fab46518700 1 -- 172.21.15.134:0/1316275111 >> [v2:172.21.15.134:3300/0,v1:172.21.15.134:6789/0] conn(0x7fab40076c20 msgr2=0x7fab40111870 secure :-1 s=STATE_CONNECTION_ESTABLISHED l=1).mark_down
2024-02-16T22:10:33.678 INFO:teuthology.orchestra.run.smithi134.stdout:/usr/bin/ceph: stderr
2024-02-16T22:10:33.174+0000 7fab46518700 1 --2- 172.21.15.134:0/1316275111 >> [v2:172.21.15.134:3300/0,v1:172.21.15.134:6789/0] conn(0x7fab40076c20 0x7fab40111870 secure :-1 s=READY pgs=81 cs=0 l=1 rev1=1 crypto rx=0x7fab30003080 tx=0x7fab30009250 comp rx=0 tx=0).stop
2024-02-16T22:10:33.678 INFO:teuthology.orchestra.run.smithi134.stdout:/usr/bin/ceph: stderr
2024-02-16T22:10:33.174+0000 7fab46518700 1 -- 172.21.15.134:0/1316275111 shutdown_connections
2024-02-16T22:10:33.678 INFO:teuthology.orchestra.run.smithi134.stdout:/usr/bin/ceph: stderr
2024-02-16T22:10:33.174+0000 7fab46518700 1 --2- 172.21.15.134:0/1316275111 >> [v2:172.21.15.134:6800/2987045407,v1:172.21.15.134:6801/2987045407] conn(0x7fab280366b0 0x7fab28038b60 unknown :-1 s=CLOSED pgs=7 cs=0 l=1 rev1=1 crypto rx=0 tx=0 comp rx=0 tx=0).stop
2024-02-16T22:10:33.678 INFO:teuthology.orchestra.run.smithi134.stdout:/usr/bin/ceph: stderr
2024-02-16T22:10:33.174+0000 7fab46518700 1 --2- 172.21.15.134:0/1316275111 >> [v2:172.21.15.134:3300/0,v1:172.21.15.134:6789/0] conn(0x7fab40076c20 0x7fab40111870 unknown :-1 s=CLOSED pgs=81 cs=0 l=1 rev1=1 crypto rx=0 tx=0 comp rx=0 tx=0).stop
2024-02-16T22:10:33.678 INFO:teuthology.orchestra.run.smithi134.stdout:/usr/bin/ceph: stderr
2024-02-16T22:10:33.174+0000 7fab46518700 1 -- 172.21.15.134:0/1316275111 >> 172.21.15.134:0/1316275111 conn(0x7fab400fcdd0 msgr2=0x7fab400fdd90 unknown :-1 s=STATE_NONE l=0).mark_down
2024-02-16T22:10:33.678 INFO:teuthology.orchestra.run.smithi134.stdout:/usr/bin/ceph: stderr
2024-02-16T22:10:33.174+0000 7fab46518700 1 -- 172.21.15.134:0/1316275111 shutdown_connections
2024-02-16T22:10:33.678 INFO:teuthology.orchestra.run.smithi134.stdout:/usr/bin/ceph: stderr
2024-02-16T22:10:33.174+0000 7fab46518700 1 -- 172.21.15.134:0/1316275111 wait complete.
2024-02-16T22:10:33.678 INFO:teuthology.orchestra.run.smithi134.stdout:Creating initial admin user...
2024-02-16T22:10:34.320 INFO:journalctl@ceph.mon.smithi134.smithi134.stdout:Feb 16 22:10:34 smithi134 ceph-mon[28869]: from='client.14174 -' entity='client.admin' cmd=[{"prefix": "dashboard create-self-signed-cert", "target": ["mon-mgr", ""]}]: dispatch
2024-02-16T22:10:34.320 INFO:journalctl@ceph.mon.smithi134.smithi134.stdout:Feb 16 22:10:34 smithi134 ceph-mon[28869]: mgrmap e12: smithi134.ordace(active, since 2s)
2024-02-16T22:10:34.320 INFO:journalctl@ceph.mon.smithi134.smithi134.stdout:Feb 16 22:10:34 smithi134 ceph-mon[28869]: from='mgr.14162 172.21.15.134:0/2582387303' entity='mgr.smithi134.ordace'
2024-02-16T22:10:35.788 INFO:teuthology.orchestra.run.smithi134.stdout:/usr/bin/ceph: stdout {"username": "admin", "password": "$2b$12$U78UdbznLi9SUm8irRDf3OXz3a3Pw.yIabbk5uxGhD6vZ3FUC9AdK", "roles": ["administrator"], "name": null, "email": null, "lastUpdate": 1708121434, "enabled": true, "pwdExpirationDate": null, "pwdUpdateRequired": true}
2024-02-16T22:10:35.789 INFO:teuthology.orchestra.run.smithi134.stdout:/usr/bin/ceph: stderr
2024-02-16T22:10:34.097+0000 7ff282a9b700 1 Processor -- start
2024-02-16T22:10:35.789 INFO:teuthology.orchestra.run.smithi134.stdout:/usr/bin/ceph: stderr
2024-02-16T22:10:34.097+0000 7ff282a9b700 1 -- start start
2024-02-16T22:10:35.789 INFO:teuthology.orchestra.run.smithi134.stdout:/usr/bin/ceph: stderr
2024-02-16T22:10:34.097+0000 7ff282a9b700 1 --2- >> [v2:172.21.15.134:3300/0,v1:172.21.15.134:6789/0] conn(0x7ff27c076c60 0x7ff27c103130 unknown :-1 s=NONE pgs=0 cs=0 l=0 rev1=0 crypto rx=0 tx=0 comp rx=0 tx=0).connect
2024-02-16T22:10:35.789 INFO:teuthology.orchestra.run.smithi134.stdout:/usr/bin/ceph: stderr
2024-02-16T22:10:34.097+0000 7ff282a9b700 1 -- --> [v2:172.21.15.134:3300/0,v1:172.21.15.134:6789/0] -- mon_getmap magic: 0 v1 -- 0x7ff27c103670 con 0x7ff27c076c60
2024-02-16T22:10:35.789 INFO:teuthology.orchestra.run.smithi134.stdout:/usr/bin/ceph: stderr
2024-02-16T22:10:34.097+0000 7ff280837700 1 --2- >> [v2:172.21.15.134:3300/0,v1:172.21.15.134:6789/0] conn(0x7ff27c076c60 0x7ff27c103130 unknown :-1 s=BANNER_CONNECTING pgs=0 cs=0 l=0 rev1=0 crypto rx=0 tx=0 comp rx=0 tx=0)._handle_peer_banner_payload supported=3 required=0
2024-02-16T22:10:35.789 INFO:teuthology.orchestra.run.smithi134.stdout:/usr/bin/ceph: stderr
2024-02-16T22:10:34.097+0000 7ff280837700 1 --2- >> [v2:172.21.15.134:3300/0,v1:172.21.15.134:6789/0] conn(0x7ff27c076c60 0x7ff27c103130 unknown :-1 s=HELLO_CONNECTING pgs=0 cs=0 l=0 rev1=1 crypto rx=0 tx=0 comp rx=0 tx=0).handle_hello peer v2:172.21.15.134:3300/0 says I am v2:172.21.15.134:60688/0 (socket says 172.21.15.134:60688)
2024-02-16T22:10:35.789 INFO:teuthology.orchestra.run.smithi134.stdout:/usr/bin/ceph: stderr
2024-02-16T22:10:34.097+0000 7ff280837700 1 -- 172.21.15.134:0/3096672926 learned_addr learned my addr 172.21.15.134:0/3096672926 (peer_addr_for_me v2:172.21.15.134:0/0)
2024-02-16T22:10:35.789 INFO:teuthology.orchestra.run.smithi134.stdout:/usr/bin/ceph: stderr
2024-02-16T22:10:34.097+0000 7ff280837700 1 -- 172.21.15.134:0/3096672926 --> [v2:172.21.15.134:3300/0,v1:172.21.15.134:6789/0] -- mon_subscribe({config=0+,monmap=0+}) v3 -- 0x7ff27c1037b0 con 0x7ff27c076c60
2024-02-16T22:10:35.789 INFO:teuthology.orchestra.run.smithi134.stdout:/usr/bin/ceph: stderr
2024-02-16T22:10:34.097+0000 7ff280837700 1 --2- 172.21.15.134:0/3096672926 >> [v2:172.21.15.134:3300/0,v1:172.21.15.134:6789/0] conn(0x7ff27c076c60 0x7ff27c103130 secure :-1 s=READY pgs=82 cs=0 l=1 rev1=1 crypto rx=0x7ff2700098e0 tx=0x7ff270009250 comp rx=0 tx=0).ready entity=mon.0 client_cookie=fe85e1b81538800c server_cookie=0 in_seq=0 out_seq=0
2024-02-16T22:10:35.789 INFO:teuthology.orchestra.run.smithi134.stdout:/usr/bin/ceph: stderr
2024-02-16T22:10:34.098+0000 7ff27b7fe700 1 -- 172.21.15.134:0/3096672926 <== mon.0 v2:172.21.15.134:3300/0 1 ==== mon_map magic: 0 v1 ==== 229+0+0 (secure 0 0 0) 0x7ff27000b860 con 0x7ff27c076c60
2024-02-16T22:10:35.789 INFO:teuthology.orchestra.run.smithi134.stdout:/usr/bin/ceph: stderr
2024-02-16T22:10:34.098+0000 7ff27b7fe700 1 -- 172.21.15.134:0/3096672926 <== mon.0 v2:172.21.15.134:3300/0 2 ==== config(27 keys) v1 ==== 1109+0+0 (secure 0 0 0) 0x7ff27000be90 con 0x7ff27c076c60
2024-02-16T22:10:35.789 INFO:teuthology.orchestra.run.smithi134.stdout:/usr/bin/ceph: stderr
2024-02-16T22:10:34.098+0000 7ff27b7fe700 1 -- 172.21.15.134:0/3096672926 <== mon.0 v2:172.21.15.134:3300/0 3 ==== mon_map magic: 0 v1 ==== 229+0+0 (secure 0 0 0) 0x7ff2700103c0 con 0x7ff27c076c60
2024-02-16T22:10:35.789 INFO:teuthology.orchestra.run.smithi134.stdout:/usr/bin/ceph: stderr
2024-02-16T22:10:34.098+0000 7ff282a9b700 1 -- 172.21.15.134:0/3096672926 >> [v2:172.21.15.134:3300/0,v1:172.21.15.134:6789/0] conn(0x7ff27c076c60 msgr2=0x7ff27c103130 secure :-1 s=STATE_CONNECTION_ESTABLISHED l=1).mark_down
2024-02-16T22:10:35.789 INFO:teuthology.orchestra.run.smithi134.stdout:/usr/bin/ceph: stderr
2024-02-16T22:10:34.098+0000 7ff282a9b700 1 --2- 172.21.15.134:0/3096672926 >> [v2:172.21.15.134:3300/0,v1:172.21.15.134:6789/0] conn(0x7ff27c076c60 0x7ff27c103130 secure :-1 s=READY pgs=82 cs=0 l=1 rev1=1 crypto rx=0x7ff2700098e0 tx=0x7ff270009250 comp rx=0 tx=0).stop
2024-02-16T22:10:35.790 INFO:teuthology.orchestra.run.smithi134.stdout:/usr/bin/ceph: stderr
2024-02-16T22:10:34.098+0000 7ff282a9b700 1 -- 172.21.15.134:0/3096672926 shutdown_connections
2024-02-16T22:10:35.790 INFO:teuthology.orchestra.run.smithi134.stdout:/usr/bin/ceph: stderr
2024-02-16T22:10:34.098+0000 7ff282a9b700 1 --2- 172.21.15.134:0/3096672926 >> [v2:172.21.15.134:3300/0,v1:172.21.15.134:6789/0] conn(0x7ff27c076c60 0x7ff27c103130 unknown :-1 s=CLOSED pgs=82 cs=0 l=1 rev1=1 crypto rx=0 tx=0 comp rx=0 tx=0).stop
2024-02-16T22:10:35.790 INFO:teuthology.orchestra.run.smithi134.stdout:/usr/bin/ceph: stderr
2024-02-16T22:10:34.098+0000 7ff282a9b700 1 -- 172.21.15.134:0/3096672926 >> 172.21.15.134:0/3096672926 conn(0x7ff27c0fcdd0 msgr2=0x7ff27c0ff200 unknown :-1 s=STATE_NONE l=0).mark_down
2024-02-16T22:10:35.790 INFO:teuthology.orchestra.run.smithi134.stdout:/usr/bin/ceph: stderr
2024-02-16T22:10:34.098+0000 7ff282a9b700 1 -- 172.21.15.134:0/3096672926 shutdown_connections
2024-02-16T22:10:35.790 INFO:teuthology.orchestra.run.smithi134.stdout:/usr/bin/ceph: stderr
2024-02-16T22:10:34.098+0000 7ff282a9b700 1 -- 172.21.15.134:0/3096672926 wait complete.
2024-02-16T22:10:35.790 INFO:teuthology.orchestra.run.smithi134.stdout:/usr/bin/ceph: stderr
2024-02-16T22:10:34.099+0000 7ff282a9b700 1 Processor -- start
2024-02-16T22:10:35.790 INFO:teuthology.orchestra.run.smithi134.stdout:/usr/bin/ceph: stderr
2024-02-16T22:10:34.099+0000 7ff282a9b700 1 -- start start
2024-02-16T22:10:35.790 INFO:teuthology.orchestra.run.smithi134.stdout:/usr/bin/ceph: stderr
2024-02-16T22:10:34.099+0000 7ff282a9b700 1 --2- >> [v2:172.21.15.134:3300/0,v1:172.21.15.134:6789/0] conn(0x7ff27c076c60 0x7ff27c117b60 unknown :-1 s=NONE pgs=0 cs=0 l=1 rev1=0 crypto rx=0 tx=0 comp rx=0 tx=0).connect
2024-02-16T22:10:35.790 INFO:teuthology.orchestra.run.smithi134.stdout:/usr/bin/ceph: stderr
2024-02-16T22:10:34.099+0000 7ff282a9b700 1 -- --> [v2:172.21.15.134:3300/0,v1:172.21.15.134:6789/0] -- mon_getmap magic: 0 v1 -- 0x7ff27c1180a0 con 0x7ff27c076c60
2024-02-16T22:10:35.790 INFO:teuthology.orchestra.run.smithi134.stdout:/usr/bin/ceph: stderr
2024-02-16T22:10:34.099+0000 7ff280837700 1 --2- >> [v2:172.21.15.134:3300/0,v1:172.21.15.134:6789/0] conn(0x7ff27c076c60 0x7ff27c117b60 unknown :-1 s=BANNER_CONNECTING pgs=0 cs=0 l=1 rev1=0 crypto rx=0 tx=0 comp rx=0 tx=0)._handle_peer_banner_payload supported=3 required=0
2024-02-16T22:10:35.790 INFO:teuthology.orchestra.run.smithi134.stdout:/usr/bin/ceph: stderr
2024-02-16T22:10:34.099+0000 7ff280837700 1 --2- >> [v2:172.21.15.134:3300/0,v1:172.21.15.134:6789/0] conn(0x7ff27c076c60 0x7ff27c117b60 unknown :-1 s=HELLO_CONNECTING pgs=0 cs=0 l=1 rev1=1 crypto rx=0 tx=0 comp rx=0 tx=0).handle_hello peer v2:172.21.15.134:3300/0 says I am v2:172.21.15.134:60702/0 (socket says 172.21.15.134:60702)
2024-02-16T22:10:35.790 INFO:teuthology.orchestra.run.smithi134.stdout:/usr/bin/ceph: stderr
2024-02-16T22:10:34.099+0000 7ff280837700 1 -- 172.21.15.134:0/3351946840 learned_addr learned my addr 172.21.15.134:0/3351946840 (peer_addr_for_me v2:172.21.15.134:0/0)
2024-02-16T22:10:35.790 INFO:teuthology.orchestra.run.smithi134.stdout:/usr/bin/ceph: stderr
2024-02-16T22:10:34.100+0000 7ff280837700 1 -- 172.21.15.134:0/3351946840 --> [v2:172.21.15.134:3300/0,v1:172.21.15.134:6789/0] -- mon_subscribe({config=0+,monmap=0+}) v3 -- 0x7ff2700094f0 con 0x7ff27c076c60
2024-02-16T22:10:35.790 INFO:teuthology.orchestra.run.smithi134.stdout:/usr/bin/ceph: stderr
2024-02-16T22:10:34.100+0000 7ff280837700 1 --2- 172.21.15.134:0/3351946840 >> [v2:172.21.15.134:3300/0,v1:172.21.15.134:6789/0] conn(0x7ff27c076c60 0x7ff27c117b60 secure :-1 s=READY pgs=83 cs=0 l=1 rev1=1 crypto rx=0x7ff2700090b0 tx=0x7ff270009250 comp rx=0 tx=0).ready entity=mon.0 client_cookie=0 server_cookie=0 in_seq=0 out_seq=0
2024-02-16T22:10:35.790 INFO:teuthology.orchestra.run.smithi134.stdout:/usr/bin/ceph: stderr
2024-02-16T22:10:34.100+0000 7ff2797fa700 1 -- 172.21.15.134:0/3351946840 <== mon.0 v2:172.21.15.134:3300/0 1 ==== mon_map magic: 0 v1 ==== 229+0+0 (secure 0 0 0) 0x7ff2700118f0 con 0x7ff27c076c60
2024-02-16T22:10:35.791 INFO:teuthology.orchestra.run.smithi134.stdout:/usr/bin/ceph: stderr
2024-02-16T22:10:34.100+0000 7ff2797fa700 1 -- 172.21.15.134:0/3351946840 <== mon.0 v2:172.21.15.134:3300/0 2 ==== config(27 keys) v1 ==== 1109+0+0 (secure 0 0 0) 0x7ff270010d10 con 0x7ff27c076c60
2024-02-16T22:10:35.791 INFO:teuthology.orchestra.run.smithi134.stdout:/usr/bin/ceph: stderr
2024-02-16T22:10:34.100+0000 7ff282a9b700 1 -- 172.21.15.134:0/3351946840 --> [v2:172.21.15.134:3300/0,v1:172.21.15.134:6789/0] -- mon_subscribe({mgrmap=0+}) v3 -- 0x7ff27c1182a0 con 0x7ff27c076c60
2024-02-16T22:10:35.791 INFO:teuthology.orchestra.run.smithi134.stdout:/usr/bin/ceph: stderr
2024-02-16T22:10:34.100+0000 7ff2797fa700 1 -- 172.21.15.134:0/3351946840 <== mon.0 v2:172.21.15.134:3300/0 3 ==== mon_map magic: 0 v1 ==== 229+0+0 (secure 0 0 0) 0x7ff270024e70 con 0x7ff27c076c60
2024-02-16T22:10:35.791 INFO:teuthology.orchestra.run.smithi134.stdout:/usr/bin/ceph: stderr
2024-02-16T22:10:34.100+0000 7ff282a9b700 1 -- 172.21.15.134:0/3351946840 --> [v2:172.21.15.134:3300/0,v1:172.21.15.134:6789/0] -- mon_subscribe({osdmap=0}) v3 -- 0x7ff27c118f40 con 0x7ff27c076c60
2024-02-16T22:10:35.791 INFO:teuthology.orchestra.run.smithi134.stdout:/usr/bin/ceph: stderr
2024-02-16T22:10:34.101+0000 7ff2797fa700 1 -- 172.21.15.134:0/3351946840 <== mon.0 v2:172.21.15.134:3300/0 4 ==== mgrmap(e 12) v1 ==== 43381+0+0 (secure 0 0 0) 0x7ff27001a550 con 0x7ff27c076c60
2024-02-16T22:10:35.791 INFO:teuthology.orchestra.run.smithi134.stdout:/usr/bin/ceph: stderr
2024-02-16T22:10:34.101+0000 7ff282a9b700 1 -- 172.21.15.134:0/3351946840 --> [v2:172.21.15.134:3300/0,v1:172.21.15.134:6789/0] -- mon_command({"prefix": "get_command_descriptions"} v 0) v1 -- 0x7ff27c05f5c0 con 0x7ff27c076c60
2024-02-16T22:10:35.791 INFO:teuthology.orchestra.run.smithi134.stdout:/usr/bin/ceph: stderr
2024-02-16T22:10:34.101+0000 7ff2797fa700 1 --2- 172.21.15.134:0/3351946840 >> [v2:172.21.15.134:6800/2987045407,v1:172.21.15.134:6801/2987045407] conn(0x7ff26c036790 0x7ff26c038c40 unknown :-1 s=NONE pgs=0 cs=0 l=1 rev1=0 crypto rx=0 tx=0 comp rx=0 tx=0).connect
2024-02-16T22:10:35.791 INFO:teuthology.orchestra.run.smithi134.stdout:/usr/bin/ceph: stderr
2024-02-16T22:10:34.101+0000 7ff2797fa700 1 -- 172.21.15.134:0/3351946840 <== mon.0 v2:172.21.15.134:3300/0 5 ==== osd_map(3..3 src has 1..3) v4 ==== 1151+0+0 (secure 0 0 0) 0x7ff27004a6b0 con 0x7ff27c076c60
2024-02-16T22:10:35.791 INFO:teuthology.orchestra.run.smithi134.stdout:/usr/bin/ceph: stderr
2024-02-16T22:10:34.101+0000 7ff27bfff700 1 --2- 172.21.15.134:0/3351946840 >> [v2:172.21.15.134:6800/2987045407,v1:172.21.15.134:6801/2987045407] conn(0x7ff26c036790 0x7ff26c038c40 unknown :-1 s=BANNER_CONNECTING pgs=0 cs=0 l=1 rev1=0 crypto rx=0 tx=0 comp rx=0 tx=0)._handle_peer_banner_payload supported=3 required=0
2024-02-16T22:10:35.791 INFO:teuthology.orchestra.run.smithi134.stdout:/usr/bin/ceph: stderr
2024-02-16T22:10:34.102+0000 7ff27bfff700 1 --2- 172.21.15.134:0/3351946840 >> [v2:172.21.15.134:6800/2987045407,v1:172.21.15.134:6801/2987045407] conn(0x7ff26c036790 0x7ff26c038c40 secure :-1 s=READY pgs=8 cs=0 l=1 rev1=1 crypto rx=0x7ff268009990 tx=0x7ff268006e40 comp rx=0 tx=0).ready entity=mgr.14162 client_cookie=0 server_cookie=0 in_seq=0 out_seq=0
2024-02-16T22:10:35.791 INFO:teuthology.orchestra.run.smithi134.stdout:/usr/bin/ceph: stderr
2024-02-16T22:10:34.106+0000 7ff2797fa700 1 -- 172.21.15.134:0/3351946840 <== mon.0 v2:172.21.15.134:3300/0 6 ==== mon_command_ack([{"prefix": "get_command_descriptions"}]=0 v0) v1 ==== 72+0+175031 (secure 0 0 0) 0x7ff270018db0 con 0x7ff27c076c60
2024-02-16T22:10:35.791 INFO:teuthology.orchestra.run.smithi134.stdout:/usr/bin/ceph: stderr
2024-02-16T22:10:34.318+0000 7ff282a9b700 1 -- 172.21.15.134:0/3351946840 --> [v2:172.21.15.134:6800/2987045407,v1:172.21.15.134:6801/2987045407] -- mgr_command(tid 0: {"prefix": "dashboard ac-user-create", "username": "admin", "rolename": "administrator", "force_password": true, "pwd_update_required": true, "target": ["mon-mgr", ""]}) v1 -- 0x7ff27c05f3e0 con 0x7ff26c036790
2024-02-16T22:10:35.791 INFO:teuthology.orchestra.run.smithi134.stdout:/usr/bin/ceph: stderr
2024-02-16T22:10:34.541+0000 7ff2797fa700 1 -- 172.21.15.134:0/3351946840 <== mgr.14162 v2:172.21.15.134:6800/2987045407 1 ==== mgr_command_reply(tid 0: 0 ) v1 ==== 8+0+252 (secure 0 0 0) 0x7ff27c05f3e0 con 0x7ff26c036790
2024-02-16T22:10:35.791 INFO:teuthology.orchestra.run.smithi134.stdout:/usr/bin/ceph: stderr
2024-02-16T22:10:34.544+0000 7ff282a9b700 1 -- 172.21.15.134:0/3351946840 >> [v2:172.21.15.134:6800/2987045407,v1:172.21.15.134:6801/2987045407] conn(0x7ff26c036790 msgr2=0x7ff26c038c40 secure :-1 s=STATE_CONNECTION_ESTABLISHED l=1).mark_down
2024-02-16T22:10:35.792 INFO:teuthology.orchestra.run.smithi134.stdout:/usr/bin/ceph: stderr
2024-02-16T22:10:34.544+0000 7ff282a9b700 1 --2- 172.21.15.134:0/3351946840 >> [v2:172.21.15.134:6800/2987045407,v1:172.21.15.134:6801/2987045407] conn(0x7ff26c036790 0x7ff26c038c40 secure :-1 s=READY pgs=8 cs=0 l=1 rev1=1 crypto rx=0x7ff268009990 tx=0x7ff268006e40 comp rx=0 tx=0).stop
2024-02-16T22:10:35.792 INFO:teuthology.orchestra.run.smithi134.stdout:/usr/bin/ceph: stderr
2024-02-16T22:10:34.544+0000 7ff282a9b700 1 -- 172.21.15.134:0/3351946840 >> [v2:172.21.15.134:3300/0,v1:172.21.15.134:6789/0] conn(0x7ff27c076c60 msgr2=0x7ff27c117b60 secure :-1 s=STATE_CONNECTION_ESTABLISHED l=1).mark_down
2024-02-16T22:10:35.792 INFO:teuthology.orchestra.run.smithi134.stdout:/usr/bin/ceph: stderr
2024-02-16T22:10:34.544+0000 7ff282a9b700 1 --2- 172.21.15.134:0/3351946840 >> [v2:172.21.15.134:3300/0,v1:172.21.15.134:6789/0] conn(0x7ff27c076c60 0x7ff27c117b60 secure :-1 s=READY pgs=83 cs=0 l=1 rev1=1 crypto rx=0x7ff2700090b0 tx=0x7ff270009250 comp rx=0 tx=0).stop
2024-02-16T22:10:35.792 INFO:teuthology.orchestra.run.smithi134.stdout:/usr/bin/ceph: stderr
2024-02-16T22:10:34.544+0000 7ff282a9b700 1 -- 172.21.15.134:0/3351946840 shutdown_connections
2024-02-16T22:10:35.792 INFO:teuthology.orchestra.run.smithi134.stdout:/usr/bin/ceph: stderr
2024-02-16T22:10:34.544+0000 7ff282a9b700 1 --2- 172.21.15.134:0/3351946840 >> [v2:172.21.15.134:6800/2987045407,v1:172.21.15.134:6801/2987045407] conn(0x7ff26c036790 0x7ff26c038c40 unknown :-1 s=CLOSED pgs=8 cs=0 l=1 rev1=1 crypto rx=0 tx=0 comp rx=0 tx=0).stop
2024-02-16T22:10:35.792 INFO:teuthology.orchestra.run.smithi134.stdout:/usr/bin/ceph: stderr
2024-02-16T22:10:34.544+0000 7ff282a9b700 1 --2- 172.21.15.134:0/3351946840 >> [v2:172.21.15.134:3300/0,v1:172.21.15.134:6789/0] conn(0x7ff27c076c60 0x7ff27c117b60 unknown :-1 s=CLOSED pgs=83 cs=0 l=1 rev1=1 crypto rx=0 tx=0 comp rx=0 tx=0).stop
2024-02-16T22:10:35.792 INFO:teuthology.orchestra.run.smithi134.stdout:/usr/bin/ceph: stderr
2024-02-16T22:10:34.544+0000 7ff282a9b700 1 -- 172.21.15.134:0/3351946840 >> 172.21.15.134:0/3351946840 conn(0x7ff27c0fcdd0 msgr2=0x7ff27c106d00 unknown :-1 s=STATE_NONE l=0).mark_down
2024-02-16T22:10:35.792 INFO:teuthology.orchestra.run.smithi134.stdout:/usr/bin/ceph: stderr
2024-02-16T22:10:34.544+0000 7ff282a9b700 1 -- 172.21.15.134:0/3351946840 shutdown_connections
2024-02-16T22:10:35.792 INFO:teuthology.orchestra.run.smithi134.stdout:/usr/bin/ceph: stderr
2024-02-16T22:10:34.544+0000 7ff282a9b700 1 -- 172.21.15.134:0/3351946840 wait complete.
2024-02-16T22:10:35.792 INFO:teuthology.orchestra.run.smithi134.stdout:Fetching dashboard port number...
2024-02-16T22:10:35.911 INFO:journalctl@ceph.mon.smithi134.smithi134.stdout:Feb 16 22:10:35 smithi134 ceph-mon[28869]: from='client.14176 -' entity='client.admin' cmd=[{"prefix": "dashboard ac-user-create", "username": "admin", "rolename": "administrator", "force_password": true, "pwd_update_required": true, "target": ["mon-mgr", ""]}]: dispatch
2024-02-16T22:10:35.911 INFO:journalctl@ceph.mon.smithi134.smithi134.stdout:Feb 16 22:10:35 smithi134 ceph-mon[28869]: from='mgr.14162 172.21.15.134:0/2582387303' entity='mgr.smithi134.ordace'
2024-02-16T22:10:37.053 INFO:teuthology.orchestra.run.smithi134.stdout:/usr/bin/ceph: stdout 8443
2024-02-16T22:10:37.053 INFO:teuthology.orchestra.run.smithi134.stdout:/usr/bin/ceph: stderr
2024-02-16T22:10:36.294+0000 7fbeab95a700 1 Processor -- start
2024-02-16T22:10:37.053 INFO:teuthology.orchestra.run.smithi134.stdout:/usr/bin/ceph: stderr
2024-02-16T22:10:36.294+0000 7fbeab95a700 1 -- start start
2024-02-16T22:10:37.053 INFO:teuthology.orchestra.run.smithi134.stdout:/usr/bin/ceph: stderr
2024-02-16T22:10:36.295+0000 7fbeab95a700 1 --2- >> [v2:172.21.15.134:3300/0,v1:172.21.15.134:6789/0] conn(0x7fbea4076c40 0x7fbea4105360 unknown :-1 s=NONE pgs=0 cs=0 l=0 rev1=0 crypto rx=0 tx=0 comp rx=0 tx=0).connect
2024-02-16T22:10:37.053 INFO:teuthology.orchestra.run.smithi134.stdout:/usr/bin/ceph: stderr
2024-02-16T22:10:36.295+0000 7fbeab95a700 1 -- --> [v2:172.21.15.134:3300/0,v1:172.21.15.134:6789/0] -- mon_getmap magic: 0 v1 -- 0x7fbea41058a0 con 0x7fbea4076c40
2024-02-16T22:10:37.053 INFO:teuthology.orchestra.run.smithi134.stdout:/usr/bin/ceph: stderr
2024-02-16T22:10:36.295+0000 7fbea96f6700 1 --2- >> [v2:172.21.15.134:3300/0,v1:172.21.15.134:6789/0] conn(0x7fbea4076c40 0x7fbea4105360 unknown :-1 s=BANNER_CONNECTING pgs=0 cs=0 l=0 rev1=0 crypto rx=0 tx=0 comp rx=0 tx=0)._handle_peer_banner_payload supported=3 required=0
2024-02-16T22:10:37.053 INFO:teuthology.orchestra.run.smithi134.stdout:/usr/bin/ceph: stderr
2024-02-16T22:10:36.295+0000 7fbea96f6700 1 --2- >> [v2:172.21.15.134:3300/0,v1:172.21.15.134:6789/0] conn(0x7fbea4076c40 0x7fbea4105360 unknown :-1 s=HELLO_CONNECTING pgs=0 cs=0 l=0 rev1=1 crypto rx=0 tx=0 comp rx=0 tx=0).handle_hello peer v2:172.21.15.134:3300/0 says I am v2:172.21.15.134:60704/0 (socket says 172.21.15.134:60704)
2024-02-16T22:10:37.053 INFO:teuthology.orchestra.run.smithi134.stdout:/usr/bin/ceph: stderr
2024-02-16T22:10:36.295+0000 7fbea96f6700 1 -- 172.21.15.134:0/2641875723 learned_addr learned my addr 172.21.15.134:0/2641875723 (peer_addr_for_me v2:172.21.15.134:0/0)
2024-02-16T22:10:37.053 INFO:teuthology.orchestra.run.smithi134.stdout:/usr/bin/ceph: stderr
2024-02-16T22:10:36.295+0000 7fbea96f6700 1 -- 172.21.15.134:0/2641875723 --> [v2:172.21.15.134:3300/0,v1:172.21.15.134:6789/0] -- mon_subscribe({config=0+,monmap=0+}) v3 -- 0x7fbea41059e0 con 0x7fbea4076c40
2024-02-16T22:10:37.053 INFO:teuthology.orchestra.run.smithi134.stdout:/usr/bin/ceph: stderr
2024-02-16T22:10:36.295+0000 7fbea96f6700 1 --2- 172.21.15.134:0/2641875723 >> [v2:172.21.15.134:3300/0,v1:172.21.15.134:6789/0] conn(0x7fbea4076c40 0x7fbea4105360 secure :-1 s=READY pgs=84 cs=0 l=1 rev1=1 crypto rx=0x7fbe980098e0 tx=0x7fbe98009250 comp rx=0 tx=0).ready entity=mon.0 client_cookie=7fc06ab4643b00f6 server_cookie=0 in_seq=0 out_seq=0
2024-02-16T22:10:37.054 INFO:teuthology.orchestra.run.smithi134.stdout:/usr/bin/ceph: stderr
2024-02-16T22:10:36.295+0000 7fbe97fff700 1 -- 172.21.15.134:0/2641875723 <== mon.0 v2:172.21.15.134:3300/0 1 ==== mon_map magic: 0 v1 ==== 229+0+0 (secure 0 0 0) 0x7fbe9800b860 con 0x7fbea4076c40
2024-02-16T22:10:37.054 INFO:teuthology.orchestra.run.smithi134.stdout:/usr/bin/ceph: stderr
2024-02-16T22:10:36.295+0000 7fbe97fff700 1 -- 172.21.15.134:0/2641875723 <== mon.0 v2:172.21.15.134:3300/0 2 ==== config(27 keys) v1 ==== 1109+0+0 (secure 0 0 0) 0x7fbe9800be90 con 0x7fbea4076c40
2024-02-16T22:10:37.054 INFO:teuthology.orchestra.run.smithi134.stdout:/usr/bin/ceph: stderr
2024-02-16T22:10:36.295+0000 7fbe97fff700 1 -- 172.21.15.134:0/2641875723 <== mon.0 v2:172.21.15.134:3300/0 3 ==== mon_map magic: 0 v1 ==== 229+0+0 (secure 0 0 0) 0x7fbe980103c0 con 0x7fbea4076c40
2024-02-16T22:10:37.054 INFO:teuthology.orchestra.run.smithi134.stdout:/usr/bin/ceph: stderr
2024-02-16T22:10:36.296+0000 7fbeab95a700 1 -- 172.21.15.134:0/2641875723 >> [v2:172.21.15.134:3300/0,v1:172.21.15.134:6789/0] conn(0x7fbea4076c40 msgr2=0x7fbea4105360 secure :-1 s=STATE_CONNECTION_ESTABLISHED l=1).mark_down
2024-02-16T22:10:37.054 INFO:teuthology.orchestra.run.smithi134.stdout:/usr/bin/ceph: stderr
2024-02-16T22:10:36.296+0000 7fbeab95a700 1 --2- 172.21.15.134:0/2641875723 >> [v2:172.21.15.134:3300/0,v1:172.21.15.134:6789/0] conn(0x7fbea4076c40 0x7fbea4105360 secure :-1 s=READY pgs=84 cs=0 l=1 rev1=1 crypto rx=0x7fbe980098e0 tx=0x7fbe98009250 comp rx=0 tx=0).stop
2024-02-16T22:10:37.054 INFO:teuthology.orchestra.run.smithi134.stdout:/usr/bin/ceph: stderr
2024-02-16T22:10:36.296+0000 7fbeab95a700 1 -- 172.21.15.134:0/2641875723 shutdown_connections
2024-02-16T22:10:37.054 INFO:teuthology.orchestra.run.smithi134.stdout:/usr/bin/ceph: stderr
2024-02-16T22:10:36.296+0000 7fbeab95a700 1 --2- 172.21.15.134:0/2641875723 >> [v2:172.21.15.134:3300/0,v1:172.21.15.134:6789/0] conn(0x7fbea4076c40 0x7fbea4105360 unknown :-1 s=CLOSED pgs=84 cs=0 l=1 rev1=1 crypto rx=0 tx=0 comp rx=0 tx=0).stop
2024-02-16T22:10:37.054 INFO:teuthology.orchestra.run.smithi134.stdout:/usr/bin/ceph: stderr
2024-02-16T22:10:36.296+0000 7fbeab95a700 1 -- 172.21.15.134:0/2641875723 >> 172.21.15.134:0/2641875723 conn(0x7fbea40fcdd0 msgr2=0x7fbea40ff200 unknown :-1 s=STATE_NONE l=0).mark_down
2024-02-16T22:10:37.054 INFO:teuthology.orchestra.run.smithi134.stdout:/usr/bin/ceph: stderr
2024-02-16T22:10:36.296+0000 7fbeab95a700 1 -- 172.21.15.134:0/2641875723 shutdown_connections
2024-02-16T22:10:37.054 INFO:teuthology.orchestra.run.smithi134.stdout:/usr/bin/ceph: stderr
2024-02-16T22:10:36.296+0000 7fbeab95a700 1 -- 172.21.15.134:0/2641875723 wait complete.
2024-02-16T22:10:37.054 INFO:teuthology.orchestra.run.smithi134.stdout:/usr/bin/ceph: stderr
2024-02-16T22:10:36.297+0000 7fbeab95a700 1 Processor -- start
2024-02-16T22:10:37.054 INFO:teuthology.orchestra.run.smithi134.stdout:/usr/bin/ceph: stderr
2024-02-16T22:10:36.297+0000 7fbeab95a700 1 -- start start
2024-02-16T22:10:37.054 INFO:teuthology.orchestra.run.smithi134.stdout:/usr/bin/ceph: stderr
2024-02-16T22:10:36.297+0000 7fbeab95a700 1 --2- >> [v2:172.21.15.134:3300/0,v1:172.21.15.134:6789/0] conn(0x7fbea4076c40 0x7fbea4111560 unknown :-1 s=NONE pgs=0 cs=0 l=1 rev1=0 crypto rx=0 tx=0 comp rx=0 tx=0).connect
2024-02-16T22:10:37.054 INFO:teuthology.orchestra.run.smithi134.stdout:/usr/bin/ceph: stderr
2024-02-16T22:10:36.297+0000 7fbeab95a700 1 -- --> [v2:172.21.15.134:3300/0,v1:172.21.15.134:6789/0] -- mon_getmap magic: 0 v1 -- 0x7fbea4111aa0 con 0x7fbea4076c40
2024-02-16T22:10:37.055 INFO:teuthology.orchestra.run.smithi134.stdout:/usr/bin/ceph: stderr
2024-02-16T22:10:36.297+0000 7fbea96f6700 1 --2- >> [v2:172.21.15.134:3300/0,v1:172.21.15.134:6789/0] conn(0x7fbea4076c40 0x7fbea4111560 unknown :-1 s=BANNER_CONNECTING pgs=0 cs=0 l=1 rev1=0 crypto rx=0 tx=0 comp rx=0 tx=0)._handle_peer_banner_payload supported=3 required=0
2024-02-16T22:10:37.055 INFO:teuthology.orchestra.run.smithi134.stdout:/usr/bin/ceph: stderr
2024-02-16T22:10:36.297+0000 7fbea96f6700 1 --2- >> [v2:172.21.15.134:3300/0,v1:172.21.15.134:6789/0] conn(0x7fbea4076c40 0x7fbea4111560 unknown :-1 s=HELLO_CONNECTING pgs=0 cs=0 l=1 rev1=1 crypto rx=0 tx=0 comp rx=0 tx=0).handle_hello peer v2:172.21.15.134:3300/0 says I am v2:172.21.15.134:60718/0 (socket says 172.21.15.134:60718)
2024-02-16T22:10:37.055 INFO:teuthology.orchestra.run.smithi134.stdout:/usr/bin/ceph: stderr
2024-02-16T22:10:36.297+0000 7fbea96f6700 1 -- 172.21.15.134:0/3837480701 learned_addr learned my addr 172.21.15.134:0/3837480701 (peer_addr_for_me v2:172.21.15.134:0/0)
2024-02-16T22:10:37.055 INFO:teuthology.orchestra.run.smithi134.stdout:/usr/bin/ceph: stderr
2024-02-16T22:10:36.297+0000 7fbea96f6700 1 -- 172.21.15.134:0/3837480701 --> [v2:172.21.15.134:3300/0,v1:172.21.15.134:6789/0] -- mon_subscribe({config=0+,monmap=0+}) v3 -- 0x7fbe980094f0 con 0x7fbea4076c40
2024-02-16T22:10:37.055 INFO:teuthology.orchestra.run.smithi134.stdout:/usr/bin/ceph: stderr
2024-02-16T22:10:36.297+0000 7fbea96f6700 1 --2- 172.21.15.134:0/3837480701 >> [v2:172.21.15.134:3300/0,v1:172.21.15.134:6789/0] conn(0x7fbea4076c40 0x7fbea4111560 secure :-1 s=READY pgs=85 cs=0 l=1 rev1=1 crypto rx=0x7fbe98003080 tx=0x7fbe98009250 comp rx=0 tx=0).ready entity=mon.0 client_cookie=0 server_cookie=0 in_seq=0 out_seq=0
2024-02-16T22:10:37.055 INFO:teuthology.orchestra.run.smithi134.stdout:/usr/bin/ceph: stderr
2024-02-16T22:10:36.298+0000 7fbe95ffb700 1 -- 172.21.15.134:0/3837480701 <== mon.0 v2:172.21.15.134:3300/0 1 ==== mon_map magic: 0 v1 ==== 229+0+0 (secure 0 0 0) 0x7fbe98011920 con 0x7fbea4076c40
2024-02-16T22:10:37.055 INFO:teuthology.orchestra.run.smithi134.stdout:/usr/bin/ceph: stderr
2024-02-16T22:10:36.298+0000 7fbe95ffb700 1 -- 172.21.15.134:0/3837480701 <== mon.0 v2:172.21.15.134:3300/0 2 ==== config(27 keys) v1 ==== 1109+0+0 (secure 0 0 0) 0x7fbe98010d60 con 0x7fbea4076c40
2024-02-16T22:10:37.055 INFO:teuthology.orchestra.run.smithi134.stdout:/usr/bin/ceph: stderr
2024-02-16T22:10:36.298+0000 7fbeab95a700 1 -- 172.21.15.134:0/3837480701 --> [v2:172.21.15.134:3300/0,v1:172.21.15.134:6789/0] -- mon_subscribe({mgrmap=0+}) v3 -- 0x7fbea4111ca0 con 0x7fbea4076c40
2024-02-16T22:10:37.055 INFO:teuthology.orchestra.run.smithi134.stdout:/usr/bin/ceph: stderr
2024-02-16T22:10:36.298+0000 7fbe95ffb700 1 -- 172.21.15.134:0/3837480701 <== mon.0 v2:172.21.15.134:3300/0 3 ==== mon_map magic: 0 v1 ==== 229+0+0 (secure 0 0 0) 0x7fbe980243f0 con 0x7fbea4076c40
2024-02-16T22:10:37.055 INFO:teuthology.orchestra.run.smithi134.stdout:/usr/bin/ceph: stderr
2024-02-16T22:10:36.298+0000 7fbeab95a700 1 -- 172.21.15.134:0/3837480701 --> [v2:172.21.15.134:3300/0,v1:172.21.15.134:6789/0] -- mon_subscribe({osdmap=0}) v3 -- 0x7fbea4112940 con 0x7fbea4076c40
2024-02-16T22:10:37.055 INFO:teuthology.orchestra.run.smithi134.stdout:/usr/bin/ceph: stderr
2024-02-16T22:10:36.298+0000 7fbe95ffb700 1 -- 172.21.15.134:0/3837480701 <== mon.0 v2:172.21.15.134:3300/0 4 ==== mgrmap(e 12) v1 ==== 43381+0+0 (secure 0 0 0) 0x7fbe9802d3f0 con 0x7fbea4076c40
2024-02-16T22:10:37.055 INFO:teuthology.orchestra.run.smithi134.stdout:/usr/bin/ceph: stderr
2024-02-16T22:10:36.299+0000 7fbeab95a700 1 -- 172.21.15.134:0/3837480701 --> [v2:172.21.15.134:3300/0,v1:172.21.15.134:6789/0] -- mon_command({"prefix": "get_command_descriptions"} v 0) v1 -- 0x7fbea405f5c0 con 0x7fbea4076c40
2024-02-16T22:10:37.055 INFO:teuthology.orchestra.run.smithi134.stdout:/usr/bin/ceph: stderr
2024-02-16T22:10:36.299+0000 7fbe95ffb700 1 --2- 172.21.15.134:0/3837480701 >> [v2:172.21.15.134:6800/2987045407,v1:172.21.15.134:6801/2987045407] conn(0x7fbe900367e0 0x7fbe90038c90 unknown :-1 s=NONE pgs=0 cs=0 l=1 rev1=0 crypto rx=0 tx=0 comp rx=0 tx=0).connect
2024-02-16T22:10:37.055 INFO:teuthology.orchestra.run.smithi134.stdout:/usr/bin/ceph: stderr
2024-02-16T22:10:36.299+0000 7fbe95ffb700 1 -- 172.21.15.134:0/3837480701 <== mon.0 v2:172.21.15.134:3300/0 5 ==== osd_map(3..3 src has 1..3) v4 ==== 1151+0+0 (secure 0 0 0) 0x7fbe9804a690 con 0x7fbea4076c40
2024-02-16T22:10:37.055 INFO:teuthology.orchestra.run.smithi134.stdout:/usr/bin/ceph: stderr
2024-02-16T22:10:36.299+0000 7fbea8ef5700 1 --2- 172.21.15.134:0/3837480701 >> [v2:172.21.15.134:6800/2987045407,v1:172.21.15.134:6801/2987045407] conn(0x7fbe900367e0 0x7fbe90038c90 unknown :-1 s=BANNER_CONNECTING pgs=0 cs=0 l=1 rev1=0 crypto rx=0 tx=0 comp rx=0 tx=0)._handle_peer_banner_payload supported=3 required=0
2024-02-16T22:10:37.055 INFO:teuthology.orchestra.run.smithi134.stdout:/usr/bin/ceph: stderr
2024-02-16T22:10:36.299+0000 7fbea8ef5700 1 --2- 172.21.15.134:0/3837480701 >> [v2:172.21.15.134:6800/2987045407,v1:172.21.15.134:6801/2987045407] conn(0x7fbe900367e0 0x7fbe90038c90 secure :-1 s=READY pgs=9 cs=0 l=1 rev1=1 crypto rx=0x7fbea0009990 tx=0x7fbea0006e40 comp rx=0 tx=0).ready entity=mgr.14162 client_cookie=0 server_cookie=0 in_seq=0 out_seq=0
2024-02-16T22:10:37.056 INFO:teuthology.orchestra.run.smithi134.stdout:/usr/bin/ceph: stderr
2024-02-16T22:10:36.303+0000 7fbe95ffb700 1 -- 172.21.15.134:0/3837480701 <== mon.0 v2:172.21.15.134:3300/0 6 ==== mon_command_ack([{"prefix": "get_command_descriptions"}]=0 v0) v1 ==== 72+0+175031 (secure 0 0 0) 0x7fbe980193c0 con 0x7fbea4076c40
2024-02-16T22:10:37.056 INFO:teuthology.orchestra.run.smithi134.stdout:/usr/bin/ceph: stderr
2024-02-16T22:10:36.487+0000 7fbeab95a700 1 -- 172.21.15.134:0/3837480701 --> [v2:172.21.15.134:3300/0,v1:172.21.15.134:6789/0] -- mon_command({"prefix": "config get", "who": "mgr", "key": "mgr/dashboard/ssl_server_port"} v 0) v1 -- 0x7fbea404bed0 con 0x7fbea4076c40
2024-02-16T22:10:37.056 INFO:teuthology.orchestra.run.smithi134.stdout:/usr/bin/ceph: stderr
2024-02-16T22:10:36.487+0000 7fbe95ffb700 1 -- 172.21.15.134:0/3837480701 <== mon.0 v2:172.21.15.134:3300/0 7 ==== mon_command_ack([{"prefix": "config get", "who": "mgr", "key": "mgr/dashboard/ssl_server_port"}]=0 v8) v1 ==== 112+0+5 (secure 0 0 0) 0x7fbe98009350 con 0x7fbea4076c40
2024-02-16T22:10:37.056 INFO:teuthology.orchestra.run.smithi134.stdout:/usr/bin/ceph: stderr
2024-02-16T22:10:36.489+0000 7fbeab95a700 1 -- 172.21.15.134:0/3837480701 >> [v2:172.21.15.134:6800/2987045407,v1:172.21.15.134:6801/2987045407] conn(0x7fbe900367e0 msgr2=0x7fbe90038c90 secure :-1 s=STATE_CONNECTION_ESTABLISHED l=1).mark_down
2024-02-16T22:10:37.056 INFO:teuthology.orchestra.run.smithi134.stdout:/usr/bin/ceph: stderr
2024-02-16T22:10:36.489+0000 7fbeab95a700 1 --2- 172.21.15.134:0/3837480701 >> [v2:172.21.15.134:6800/2987045407,v1:172.21.15.134:6801/2987045407] conn(0x7fbe900367e0 0x7fbe90038c90 secure :-1 s=READY pgs=9 cs=0 l=1 rev1=1 crypto rx=0x7fbea0009990 tx=0x7fbea0006e40 comp rx=0 tx=0).stop
2024-02-16T22:10:37.056 INFO:teuthology.orchestra.run.smithi134.stdout:/usr/bin/ceph: stderr
2024-02-16T22:10:36.489+0000 7fbeab95a700 1 -- 172.21.15.134:0/3837480701 >> [v2:172.21.15.134:3300/0,v1:172.21.15.134:6789/0] conn(0x7fbea4076c40 msgr2=0x7fbea4111560 secure :-1 s=STATE_CONNECTION_ESTABLISHED l=1).mark_down
2024-02-16T22:10:37.056 INFO:teuthology.orchestra.run.smithi134.stdout:/usr/bin/ceph: stderr
2024-02-16T22:10:36.489+0000 7fbeab95a700 1 --2- 172.21.15.134:0/3837480701 >> [v2:172.21.15.134:3300/0,v1:172.21.15.134:6789/0] conn(0x7fbea4076c40 0x7fbea4111560 secure :-1 s=READY pgs=85 cs=0 l=1 rev1=1 crypto rx=0x7fbe98003080 tx=0x7fbe98009250 comp rx=0 tx=0).stop
2024-02-16T22:10:37.056 INFO:teuthology.orchestra.run.smithi134.stdout:/usr/bin/ceph: stderr
2024-02-16T22:10:36.489+0000 7fbeab95a700 1 -- 172.21.15.134:0/3837480701 shutdown_connections
2024-02-16T22:10:37.056 INFO:teuthology.orchestra.run.smithi134.stdout:/usr/bin/ceph: stderr
2024-02-16T22:10:36.489+0000 7fbeab95a700 1 --2- 172.21.15.134:0/3837480701 >> [v2:172.21.15.134:6800/2987045407,v1:172.21.15.134:6801/2987045407] conn(0x7fbe900367e0 0x7fbe90038c90 unknown :-1 s=CLOSED pgs=9 cs=0 l=1 rev1=1 crypto rx=0 tx=0 comp rx=0 tx=0).stop
2024-02-16T22:10:37.056 INFO:teuthology.orchestra.run.smithi134.stdout:/usr/bin/ceph: stderr
2024-02-16T22:10:36.489+0000 7fbeab95a700 1 --2- 172.21.15.134:0/3837480701 >> [v2:172.21.15.134:3300/0,v1:172.21.15.134:6789/0] conn(0x7fbea4076c40 0x7fbea4111560 unknown :-1 s=CLOSED pgs=85 cs=0 l=1 rev1=1 crypto rx=0 tx=0 comp rx=0 tx=0).stop
2024-02-16T22:10:37.056 INFO:teuthology.orchestra.run.smithi134.stdout:/usr/bin/ceph: stderr
2024-02-16T22:10:36.489+0000 7fbeab95a700 1 -- 172.21.15.134:0/3837480701 >> 172.21.15.134:0/3837480701 conn(0x7fbea40fcdd0 msgr2=0x7fbea40fdbd0 unknown :-1 s=STATE_NONE l=0).mark_down
2024-02-16T22:10:37.056 INFO:teuthology.orchestra.run.smithi134.stdout:/usr/bin/ceph: stderr
2024-02-16T22:10:36.489+0000 7fbeab95a700 1 -- 172.21.15.134:0/3837480701 shutdown_connections
2024-02-16T22:10:37.056 INFO:teuthology.orchestra.run.smithi134.stdout:/usr/bin/ceph: stderr
2024-02-16T22:10:36.490+0000 7fbeab95a700 1 -- 172.21.15.134:0/3837480701 wait complete.
2024-02-16T22:10:37.060 INFO:teuthology.orchestra.run.smithi134.stdout:Non-zero exit code 1 from systemctl is-enabled firewalld.service
2024-02-16T22:10:37.060 INFO:teuthology.orchestra.run.smithi134.stdout:systemctl: stdout disabled
2024-02-16T22:10:37.067 INFO:teuthology.orchestra.run.smithi134.stdout:Non-zero exit code 3 from systemctl is-active firewalld.service
2024-02-16T22:10:37.067 INFO:teuthology.orchestra.run.smithi134.stdout:systemctl: stdout inactive
2024-02-16T22:10:37.067 INFO:teuthology.orchestra.run.smithi134.stdout:firewalld.service is not enabled
2024-02-16T22:10:37.067 INFO:teuthology.orchestra.run.smithi134.stdout:Not possible to open ports <[8443]>. firewalld.service is not available
2024-02-16T22:10:37.069 INFO:teuthology.orchestra.run.smithi134.stdout:Ceph Dashboard is now available at:
2024-02-16T22:10:37.069 INFO:teuthology.orchestra.run.smithi134.stdout:
2024-02-16T22:10:37.069 INFO:teuthology.orchestra.run.smithi134.stdout: URL: https://smithi134.front.sepia.ceph.com:8443/
2024-02-16T22:10:37.069 INFO:teuthology.orchestra.run.smithi134.stdout: User: admin
2024-02-16T22:10:37.069 INFO:teuthology.orchestra.run.smithi134.stdout: Password: 637esolqpa
2024-02-16T22:10:37.069 INFO:teuthology.orchestra.run.smithi134.stdout:
2024-02-16T22:10:37.070 INFO:teuthology.orchestra.run.smithi134.stdout:Saving cluster configuration to /var/lib/ceph/f29a5372-cd17-11ee-95ba-87774f69a715/config directory
2024-02-16T22:10:37.070 INFO:teuthology.orchestra.run.smithi134.stdout:Enabling autotune for osd_memory_target
2024-02-16T22:10:37.650 INFO:journalctl@ceph.mon.smithi134.smithi134.stdout:Feb 16 22:10:37 smithi134 ceph-mon[28869]: from='client.? 172.21.15.134:0/3837480701' entity='client.admin' cmd=[{"prefix": "config get", "who": "mgr", "key": "mgr/dashboard/ssl_server_port"}]: dispatch
2024-02-16T22:10:38.233 INFO:teuthology.orchestra.run.smithi134.stdout:/usr/bin/ceph: stderr
2024-02-16T22:10:37.456+0000 7f159e68a700 1 Processor -- start
2024-02-16T22:10:38.233 INFO:teuthology.orchestra.run.smithi134.stdout:/usr/bin/ceph: stderr
2024-02-16T22:10:37.456+0000 7f159e68a700 1 -- start start
2024-02-16T22:10:38.233 INFO:teuthology.orchestra.run.smithi134.stdout:/usr/bin/ceph: stderr
2024-02-16T22:10:37.456+0000 7f159e68a700 1 --2- >> [v2:172.21.15.134:3300/0,v1:172.21.15.134:6789/0] conn(0x7f1598102c60 0x7f1598103070 unknown :-1 s=NONE pgs=0 cs=0 l=0 rev1=0 crypto rx=0 tx=0 comp rx=0 tx=0).connect
2024-02-16T22:10:38.234 INFO:teuthology.orchestra.run.smithi134.stdout:/usr/bin/ceph: stderr
2024-02-16T22:10:37.456+0000 7f159e68a700 1 -- --> [v2:172.21.15.134:3300/0,v1:172.21.15.134:6789/0] -- mon_getmap magic: 0 v1 -- 0x7f15981035b0 con 0x7f1598102c60
2024-02-16T22:10:38.234 INFO:teuthology.orchestra.run.smithi134.stdout:/usr/bin/ceph: stderr
2024-02-16T22:10:37.456+0000 7f1597fff700 1 --2- >> [v2:172.21.15.134:3300/0,v1:172.21.15.134:6789/0] conn(0x7f1598102c60 0x7f1598103070 unknown :-1 s=BANNER_CONNECTING pgs=0 cs=0 l=0 rev1=0 crypto rx=0 tx=0 comp rx=0 tx=0)._handle_peer_banner_payload supported=3 required=0
2024-02-16T22:10:38.234 INFO:teuthology.orchestra.run.smithi134.stdout:/usr/bin/ceph: stderr
2024-02-16T22:10:37.456+0000 7f1597fff700 1 --2- >> [v2:172.21.15.134:3300/0,v1:172.21.15.134:6789/0] conn(0x7f1598102c60 0x7f1598103070 unknown :-1 s=HELLO_CONNECTING pgs=0 cs=0 l=0 rev1=1 crypto rx=0 tx=0 comp rx=0 tx=0).handle_hello peer v2:172.21.15.134:3300/0 says I am v2:172.21.15.134:60730/0 (socket says 172.21.15.134:60730)
