2024-02-16T22:10:24.811 INFO:teuthology.orchestra.run.smithi134.stdout:/usr/bin/ceph: stderr
2024-02-16T22:10:24.167+0000 7feff4897700 1 -- 172.21.15.134:0/3583051475 >> [v2:172.21.15.134:6800/3520115315,v1:172.21.15.134:6801/3520115315] conn(0x7fefd80367e0 msgr2=0x7fefd8038c90 secure :-1 s=STATE_CONNECTION_ESTABLISHED l=1).mark_down
2024-02-16T22:10:24.811 INFO:teuthology.orchestra.run.smithi134.stdout:/usr/bin/ceph: stderr
2024-02-16T22:10:24.167+0000 7feff4897700 1 --2- 172.21.15.134:0/3583051475 >> [v2:172.21.15.134:6800/3520115315,v1:172.21.15.134:6801/3520115315] conn(0x7fefd80367e0 0x7fefd8038c90 secure :-1 s=READY pgs=21 cs=0 l=1 rev1=1 crypto rx=0x7fefe0009990 tx=0x7fefe0006e40 comp rx=0 tx=0).stop
2024-02-16T22:10:24.811 INFO:teuthology.orchestra.run.smithi134.stdout:/usr/bin/ceph: stderr
2024-02-16T22:10:24.167+0000 7feff4897700 1 -- 172.21.15.134:0/3583051475 >> [v2:172.21.15.134:3300/0,v1:172.21.15.134:6789/0] conn(0x7feff0102770 msgr2=0x7feff0078d10 secure :-1 s=STATE_CONNECTION_ESTABLISHED l=1).mark_down
2024-02-16T22:10:24.811 INFO:teuthology.orchestra.run.smithi134.stdout:/usr/bin/ceph: stderr
2024-02-16T22:10:24.167+0000 7feff4897700 1 --2- 172.21.15.134:0/3583051475 >> [v2:172.21.15.134:3300/0,v1:172.21.15.134:6789/0] conn(0x7feff0102770 0x7feff0078d10 secure :-1 s=READY pgs=66 cs=0 l=1 rev1=1 crypto rx=0x7fefe4011680 tx=0x7fefe4009250 comp rx=0 tx=0).stop
2024-02-16T22:10:24.811 INFO:teuthology.orchestra.run.smithi134.stdout:/usr/bin/ceph: stderr
2024-02-16T22:10:24.167+0000 7feff4897700 1 -- 172.21.15.134:0/3583051475 shutdown_connections
2024-02-16T22:10:24.811 INFO:teuthology.orchestra.run.smithi134.stdout:/usr/bin/ceph: stderr
2024-02-16T22:10:24.167+0000 7feff4897700 1 --2- 172.21.15.134:0/3583051475 >> [v2:172.21.15.134:6800/3520115315,v1:172.21.15.134:6801/3520115315] conn(0x7fefd80367e0 0x7fefd8038c90 unknown :-1 s=CLOSED pgs=21 cs=0 l=1 rev1=1 crypto rx=0 tx=0 comp rx=0 tx=0).stop
2024-02-16T22:10:24.811 INFO:teuthology.orchestra.run.smithi134.stdout:/usr/bin/ceph: stderr
2024-02-16T22:10:24.167+0000 7feff4897700 1 --2- 172.21.15.134:0/3583051475 >> [v2:172.21.15.134:3300/0,v1:172.21.15.134:6789/0] conn(0x7feff0102770 0x7feff0078d10 unknown :-1 s=CLOSED pgs=66 cs=0 l=1 rev1=1 crypto rx=0 tx=0 comp rx=0 tx=0).stop
2024-02-16T22:10:24.811 INFO:teuthology.orchestra.run.smithi134.stdout:/usr/bin/ceph: stderr
2024-02-16T22:10:24.167+0000 7feff4897700 1 -- 172.21.15.134:0/3583051475 >> 172.21.15.134:0/3583051475 conn(0x7feff00fded0 msgr2=0x7feff00ff5b0 unknown :-1 s=STATE_NONE l=0).mark_down
2024-02-16T22:10:24.811 INFO:teuthology.orchestra.run.smithi134.stdout:/usr/bin/ceph: stderr
2024-02-16T22:10:24.167+0000 7feff4897700 1 -- 172.21.15.134:0/3583051475 shutdown_connections
2024-02-16T22:10:24.811 INFO:teuthology.orchestra.run.smithi134.stdout:/usr/bin/ceph: stderr
2024-02-16T22:10:24.167+0000 7feff4897700 1 -- 172.21.15.134:0/3583051475 wait complete.
2024-02-16T22:10:25.414 INFO:journalctl@ceph.mon.smithi134.smithi134.stdout:Feb 16 22:10:25 smithi134 ceph-mon[28869]: from='client.? 172.21.15.134:0/3583051475' entity='client.admin' cmd='[{"prefix": "mgr module enable", "module": "dashboard"}]': finished
2024-02-16T22:10:25.414 INFO:journalctl@ceph.mon.smithi134.smithi134.stdout:Feb 16 22:10:25 smithi134 ceph-mon[28869]: mgrmap e9: smithi134.ordace(active, since 24s)
2024-02-16T22:10:26.091 INFO:teuthology.orchestra.run.smithi134.stdout:/usr/bin/ceph: stdout {
2024-02-16T22:10:26.091 INFO:teuthology.orchestra.run.smithi134.stdout:/usr/bin/ceph: stdout "epoch": 9,
2024-02-16T22:10:26.091 INFO:teuthology.orchestra.run.smithi134.stdout:/usr/bin/ceph: stdout "available": true,
2024-02-16T22:10:26.091 INFO:teuthology.orchestra.run.smithi134.stdout:/usr/bin/ceph: stdout "active_name": "smithi134.ordace",
2024-02-16T22:10:26.092 INFO:teuthology.orchestra.run.smithi134.stdout:/usr/bin/ceph: stdout "num_standby": 0
2024-02-16T22:10:26.092 INFO:teuthology.orchestra.run.smithi134.stdout:/usr/bin/ceph: stdout }
2024-02-16T22:10:26.092 INFO:teuthology.orchestra.run.smithi134.stdout:/usr/bin/ceph: stderr
2024-02-16T22:10:25.207+0000 7f538e8ed700 1 Processor -- start
2024-02-16T22:10:26.092 INFO:teuthology.orchestra.run.smithi134.stdout:/usr/bin/ceph: stderr
2024-02-16T22:10:25.207+0000 7f538e8ed700 1 -- start start
2024-02-16T22:10:26.092 INFO:teuthology.orchestra.run.smithi134.stdout:/usr/bin/ceph: stderr
2024-02-16T22:10:25.207+0000 7f538e8ed700 1 --2- >> [v2:172.21.15.134:3300/0,v1:172.21.15.134:6789/0] conn(0x7f5388102770 0x7f5388102b80 unknown :-1 s=NONE pgs=0 cs=0 l=0 rev1=0 crypto rx=0 tx=0 comp rx=0 tx=0).connect
2024-02-16T22:10:26.092 INFO:teuthology.orchestra.run.smithi134.stdout:/usr/bin/ceph: stderr
2024-02-16T22:10:25.207+0000 7f538e8ed700 1 -- --> [v2:172.21.15.134:3300/0,v1:172.21.15.134:6789/0] -- mon_getmap magic: 0 v1 -- 0x7f53881030c0 con 0x7f5388102770
2024-02-16T22:10:26.092 INFO:teuthology.orchestra.run.smithi134.stdout:/usr/bin/ceph: stderr
2024-02-16T22:10:25.207+0000 7f5387fff700 1 --2- >> [v2:172.21.15.134:3300/0,v1:172.21.15.134:6789/0] conn(0x7f5388102770 0x7f5388102b80 unknown :-1 s=BANNER_CONNECTING pgs=0 cs=0 l=0 rev1=0 crypto rx=0 tx=0 comp rx=0 tx=0)._handle_peer_banner_payload supported=3 required=0
2024-02-16T22:10:26.092 INFO:teuthology.orchestra.run.smithi134.stdout:/usr/bin/ceph: stderr
2024-02-16T22:10:25.207+0000 7f5387fff700 1 --2- >> [v2:172.21.15.134:3300/0,v1:172.21.15.134:6789/0] conn(0x7f5388102770 0x7f5388102b80 unknown :-1 s=HELLO_CONNECTING pgs=0 cs=0 l=0 rev1=1 crypto rx=0 tx=0 comp rx=0 tx=0).handle_hello peer v2:172.21.15.134:3300/0 says I am v2:172.21.15.134:45354/0 (socket says 172.21.15.134:45354)
2024-02-16T22:10:26.092 INFO:teuthology.orchestra.run.smithi134.stdout:/usr/bin/ceph: stderr
2024-02-16T22:10:25.207+0000 7f5387fff700 1 -- 172.21.15.134:0/1663893939 learned_addr learned my addr 172.21.15.134:0/1663893939 (peer_addr_for_me v2:172.21.15.134:0/0)
2024-02-16T22:10:26.092 INFO:teuthology.orchestra.run.smithi134.stdout:/usr/bin/ceph: stderr
2024-02-16T22:10:25.207+0000 7f5387fff700 1 -- 172.21.15.134:0/1663893939 --> [v2:172.21.15.134:3300/0,v1:172.21.15.134:6789/0] -- mon_subscribe({config=0+,monmap=0+}) v3 -- 0x7f5388103200 con 0x7f5388102770
2024-02-16T22:10:26.092 INFO:teuthology.orchestra.run.smithi134.stdout:/usr/bin/ceph: stderr
2024-02-16T22:10:25.208+0000 7f5387fff700 1 --2- 172.21.15.134:0/1663893939 >> [v2:172.21.15.134:3300/0,v1:172.21.15.134:6789/0] conn(0x7f5388102770 0x7f5388102b80 secure :-1 s=READY pgs=69 cs=0 l=1 rev1=1 crypto rx=0x7f53780098e0 tx=0x7f5378009250 comp rx=0 tx=0).ready entity=mon.0 client_cookie=cd85b7fad5d002dc server_cookie=0 in_seq=0 out_seq=0
2024-02-16T22:10:26.092 INFO:teuthology.orchestra.run.smithi134.stdout:/usr/bin/ceph: stderr
2024-02-16T22:10:25.208+0000 7f5386ffd700 1 -- 172.21.15.134:0/1663893939 <== mon.0 v2:172.21.15.134:3300/0 1 ==== mon_map magic: 0 v1 ==== 229+0+0 (secure 0 0 0) 0x7f537800b860 con 0x7f5388102770
2024-02-16T22:10:26.092 INFO:teuthology.orchestra.run.smithi134.stdout:/usr/bin/ceph: stderr
2024-02-16T22:10:25.208+0000 7f5386ffd700 1 -- 172.21.15.134:0/1663893939 <== mon.0 v2:172.21.15.134:3300/0 2 ==== config(27 keys) v1 ==== 1109+0+0 (secure 0 0 0) 0x7f537800be90 con 0x7f5388102770
2024-02-16T22:10:26.092 INFO:teuthology.orchestra.run.smithi134.stdout:/usr/bin/ceph: stderr
2024-02-16T22:10:25.208+0000 7f5386ffd700 1 -- 172.21.15.134:0/1663893939 <== mon.0 v2:172.21.15.134:3300/0 3 ==== mon_map magic: 0 v1 ==== 229+0+0 (secure 0 0 0) 0x7f53780103c0 con 0x7f5388102770
2024-02-16T22:10:26.093 INFO:teuthology.orchestra.run.smithi134.stdout:/usr/bin/ceph: stderr
2024-02-16T22:10:25.209+0000 7f538e8ed700 1 -- 172.21.15.134:0/1663893939 >> [v2:172.21.15.134:3300/0,v1:172.21.15.134:6789/0] conn(0x7f5388102770 msgr2=0x7f5388102b80 secure :-1 s=STATE_CONNECTION_ESTABLISHED l=1).mark_down
2024-02-16T22:10:26.093 INFO:teuthology.orchestra.run.smithi134.stdout:/usr/bin/ceph: stderr
2024-02-16T22:10:25.209+0000 7f538e8ed700 1 --2- 172.21.15.134:0/1663893939 >> [v2:172.21.15.134:3300/0,v1:172.21.15.134:6789/0] conn(0x7f5388102770 0x7f5388102b80 secure :-1 s=READY pgs=69 cs=0 l=1 rev1=1 crypto rx=0x7f53780098e0 tx=0x7f5378009250 comp rx=0 tx=0).stop
2024-02-16T22:10:26.093 INFO:teuthology.orchestra.run.smithi134.stdout:/usr/bin/ceph: stderr
2024-02-16T22:10:25.209+0000 7f538e8ed700 1 -- 172.21.15.134:0/1663893939 shutdown_connections
2024-02-16T22:10:26.093 INFO:teuthology.orchestra.run.smithi134.stdout:/usr/bin/ceph: stderr
2024-02-16T22:10:25.209+0000 7f538e8ed700 1 --2- 172.21.15.134:0/1663893939 >> [v2:172.21.15.134:3300/0,v1:172.21.15.134:6789/0] conn(0x7f5388102770 0x7f5388102b80 unknown :-1 s=CLOSED pgs=69 cs=0 l=1 rev1=1 crypto rx=0 tx=0 comp rx=0 tx=0).stop
2024-02-16T22:10:26.093 INFO:teuthology.orchestra.run.smithi134.stdout:/usr/bin/ceph: stderr
2024-02-16T22:10:25.209+0000 7f538e8ed700 1 -- 172.21.15.134:0/1663893939 >> 172.21.15.134:0/1663893939 conn(0x7f53880fded0 msgr2=0x7f5388100300 unknown :-1 s=STATE_NONE l=0).mark_down
2024-02-16T22:10:26.093 INFO:teuthology.orchestra.run.smithi134.stdout:/usr/bin/ceph: stderr
2024-02-16T22:10:25.209+0000 7f538e8ed700 1 -- 172.21.15.134:0/1663893939 shutdown_connections
2024-02-16T22:10:26.093 INFO:teuthology.orchestra.run.smithi134.stdout:/usr/bin/ceph: stderr
2024-02-16T22:10:25.209+0000 7f538e8ed700 1 -- 172.21.15.134:0/1663893939 wait complete.
2024-02-16T22:10:26.093 INFO:teuthology.orchestra.run.smithi134.stdout:/usr/bin/ceph: stderr
2024-02-16T22:10:25.209+0000 7f538e8ed700 1 Processor -- start
2024-02-16T22:10:26.093 INFO:teuthology.orchestra.run.smithi134.stdout:/usr/bin/ceph: stderr
2024-02-16T22:10:25.209+0000 7f538e8ed700 1 -- start start
2024-02-16T22:10:26.093 INFO:teuthology.orchestra.run.smithi134.stdout:/usr/bin/ceph: stderr
2024-02-16T22:10:25.210+0000 7f538e8ed700 1 --2- >> [v2:172.21.15.134:3300/0,v1:172.21.15.134:6789/0] conn(0x7f5388102770 0x7f5388078d10 unknown :-1 s=NONE pgs=0 cs=0 l=1 rev1=0 crypto rx=0 tx=0 comp rx=0 tx=0).connect
2024-02-16T22:10:26.093 INFO:teuthology.orchestra.run.smithi134.stdout:/usr/bin/ceph: stderr
2024-02-16T22:10:25.210+0000 7f538e8ed700 1 -- --> [v2:172.21.15.134:3300/0,v1:172.21.15.134:6789/0] -- mon_getmap magic: 0 v1 -- 0x7f5388077190 con 0x7f5388102770
2024-02-16T22:10:26.093 INFO:teuthology.orchestra.run.smithi134.stdout:/usr/bin/ceph: stderr
2024-02-16T22:10:25.210+0000 7f5387fff700 1 --2- >> [v2:172.21.15.134:3300/0,v1:172.21.15.134:6789/0] conn(0x7f5388102770 0x7f5388078d10 unknown :-1 s=BANNER_CONNECTING pgs=0 cs=0 l=1 rev1=0 crypto rx=0 tx=0 comp rx=0 tx=0)._handle_peer_banner_payload supported=3 required=0
2024-02-16T22:10:26.093 INFO:teuthology.orchestra.run.smithi134.stdout:/usr/bin/ceph: stderr
2024-02-16T22:10:25.210+0000 7f5387fff700 1 --2- >> [v2:172.21.15.134:3300/0,v1:172.21.15.134:6789/0] conn(0x7f5388102770 0x7f5388078d10 unknown :-1 s=HELLO_CONNECTING pgs=0 cs=0 l=1 rev1=1 crypto rx=0 tx=0 comp rx=0 tx=0).handle_hello peer v2:172.21.15.134:3300/0 says I am v2:172.21.15.134:45364/0 (socket says 172.21.15.134:45364)
2024-02-16T22:10:26.094 INFO:teuthology.orchestra.run.smithi134.stdout:/usr/bin/ceph: stderr
2024-02-16T22:10:25.210+0000 7f5387fff700 1 -- 172.21.15.134:0/3220359808 learned_addr learned my addr 172.21.15.134:0/3220359808 (peer_addr_for_me v2:172.21.15.134:0/0)
2024-02-16T22:10:26.094 INFO:teuthology.orchestra.run.smithi134.stdout:/usr/bin/ceph: stderr
2024-02-16T22:10:25.210+0000 7f5387fff700 1 -- 172.21.15.134:0/3220359808 --> [v2:172.21.15.134:3300/0,v1:172.21.15.134:6789/0] -- mon_subscribe({config=0+,monmap=0+}) v3 -- 0x7f53780094f0 con 0x7f5388102770
2024-02-16T22:10:26.094 INFO:teuthology.orchestra.run.smithi134.stdout:/usr/bin/ceph: stderr
2024-02-16T22:10:25.210+0000 7f5387fff700 1 --2- 172.21.15.134:0/3220359808 >> [v2:172.21.15.134:3300/0,v1:172.21.15.134:6789/0] conn(0x7f5388102770 0x7f5388078d10 secure :-1 s=READY pgs=70 cs=0 l=1 rev1=1 crypto rx=0x7f5378006b00 tx=0x7f5378009250 comp rx=0 tx=0).ready entity=mon.0 client_cookie=0 server_cookie=0 in_seq=0 out_seq=0
2024-02-16T22:10:26.094 INFO:teuthology.orchestra.run.smithi134.stdout:/usr/bin/ceph: stderr
2024-02-16T22:10:25.210+0000 7f5384ff9700 1 -- 172.21.15.134:0/3220359808 <== mon.0 v2:172.21.15.134:3300/0 1 ==== mon_map magic: 0 v1 ==== 229+0+0 (secure 0 0 0) 0x7f53780109a0 con 0x7f5388102770
2024-02-16T22:10:26.094 INFO:teuthology.orchestra.run.smithi134.stdout:/usr/bin/ceph: stderr
2024-02-16T22:10:25.210+0000 7f5384ff9700 1 -- 172.21.15.134:0/3220359808 <== mon.0 v2:172.21.15.134:3300/0 2 ==== config(27 keys) v1 ==== 1109+0+0 (secure 0 0 0) 0x7f537801a430 con 0x7f5388102770
2024-02-16T22:10:26.094 INFO:teuthology.orchestra.run.smithi134.stdout:/usr/bin/ceph: stderr
2024-02-16T22:10:25.210+0000 7f5384ff9700 1 -- 172.21.15.134:0/3220359808 <== mon.0 v2:172.21.15.134:3300/0 3 ==== mon_map magic: 0 v1 ==== 229+0+0 (secure 0 0 0) 0x7f53780245b0 con 0x7f5388102770
2024-02-16T22:10:26.094 INFO:teuthology.orchestra.run.smithi134.stdout:/usr/bin/ceph: stderr
2024-02-16T22:10:25.210+0000 7f538e8ed700 1 -- 172.21.15.134:0/3220359808 --> [v2:172.21.15.134:3300/0,v1:172.21.15.134:6789/0] -- mon_subscribe({mgrmap=0+}) v3 -- 0x7f5388077390 con 0x7f5388102770
2024-02-16T22:10:26.094 INFO:teuthology.orchestra.run.smithi134.stdout:/usr/bin/ceph: stderr
2024-02-16T22:10:25.210+0000 7f538e8ed700 1 -- 172.21.15.134:0/3220359808 --> [v2:172.21.15.134:3300/0,v1:172.21.15.134:6789/0] -- mon_subscribe({osdmap=0}) v3 -- 0x7f5388077820 con 0x7f5388102770
2024-02-16T22:10:26.094 INFO:teuthology.orchestra.run.smithi134.stdout:/usr/bin/ceph: stderr
2024-02-16T22:10:25.211+0000 7f5384ff9700 1 -- 172.21.15.134:0/3220359808 <== mon.0 v2:172.21.15.134:3300/0 4 ==== mgrmap(e 9) v1 ==== 43381+0+0 (secure 0 0 0) 0x7f53780247e0 con 0x7f5388102770
2024-02-16T22:10:26.094 INFO:teuthology.orchestra.run.smithi134.stdout:/usr/bin/ceph: stderr
2024-02-16T22:10:25.211+0000 7f5384ff9700 1 --2- 172.21.15.134:0/3220359808 >> [v2:172.21.15.134:6800/3520115315,v1:172.21.15.134:6801/3520115315] conn(0x7f5370036830 0x7f5370038ce0 unknown :-1 s=NONE pgs=0 cs=0 l=1 rev1=0 crypto rx=0 tx=0 comp rx=0 tx=0).connect
2024-02-16T22:10:26.094 INFO:teuthology.orchestra.run.smithi134.stdout:/usr/bin/ceph: stderr
2024-02-16T22:10:25.211+0000 7f5384ff9700 1 -- 172.21.15.134:0/3220359808 <== mon.0 v2:172.21.15.134:3300/0 5 ==== osd_map(2..2 src has 1..2) v4 ==== 936+0+0 (secure 0 0 0) 0x7f537804a6c0 con 0x7f5388102770
2024-02-16T22:10:26.094 INFO:teuthology.orchestra.run.smithi134.stdout:/usr/bin/ceph: stderr
2024-02-16T22:10:25.211+0000 7f53877fe700 1 -- 172.21.15.134:0/3220359808 >> [v2:172.21.15.134:6800/3520115315,v1:172.21.15.134:6801/3520115315] conn(0x7f5370036830 msgr2=0x7f5370038ce0 unknown :-1 s=STATE_CONNECTING_RE l=1).process reconnect failed to v2:172.21.15.134:6800/3520115315
2024-02-16T22:10:26.094 INFO:teuthology.orchestra.run.smithi134.stdout:/usr/bin/ceph: stderr
2024-02-16T22:10:25.211+0000 7f53877fe700 1 --2- 172.21.15.134:0/3220359808 >> [v2:172.21.15.134:6800/3520115315,v1:172.21.15.134:6801/3520115315] conn(0x7f5370036830 0x7f5370038ce0 unknown :-1 s=START_CONNECT pgs=0 cs=0 l=1 rev1=0 crypto rx=0 tx=0 comp rx=0 tx=0)._fault waiting 0.200000
2024-02-16T22:10:26.094 INFO:teuthology.orchestra.run.smithi134.stdout:/usr/bin/ceph: stderr
2024-02-16T22:10:25.212+0000 7f538e8ed700 1 -- 172.21.15.134:0/3220359808 --> [v2:172.21.15.134:3300/0,v1:172.21.15.134:6789/0] -- mon_command({"prefix": "get_command_descriptions"} v 0) v1 -- 0x7f538805f5c0 con 0x7f5388102770
2024-02-16T22:10:26.095 INFO:teuthology.orchestra.run.smithi134.stdout:/usr/bin/ceph: stderr
2024-02-16T22:10:25.216+0000 7f5384ff9700 1 -- 172.21.15.134:0/3220359808 <== mon.0 v2:172.21.15.134:3300/0 6 ==== mon_command_ack([{"prefix": "get_command_descriptions"}]=0 v0) v1 ==== 72+0+175031 (secure 0 0 0) 0x7f53780189a0 con 0x7f5388102770
2024-02-16T22:10:26.095 INFO:teuthology.orchestra.run.smithi134.stdout:/usr/bin/ceph: stderr
2024-02-16T22:10:25.412+0000 7f53877fe700 1 -- 172.21.15.134:0/3220359808 >> [v2:172.21.15.134:6800/3520115315,v1:172.21.15.134:6801/3520115315] conn(0x7f5370036830 msgr2=0x7f5370038ce0 unknown :-1 s=STATE_CONNECTING_RE l=1).process reconnect failed to v2:172.21.15.134:6800/3520115315
2024-02-16T22:10:26.095 INFO:teuthology.orchestra.run.smithi134.stdout:/usr/bin/ceph: stderr
2024-02-16T22:10:25.412+0000 7f53877fe700 1 --2- 172.21.15.134:0/3220359808 >> [v2:172.21.15.134:6800/3520115315,v1:172.21.15.134:6801/3520115315] conn(0x7f5370036830 0x7f5370038ce0 unknown :-1 s=START_CONNECT pgs=0 cs=0 l=1 rev1=0 crypto rx=0 tx=0 comp rx=0 tx=0)._fault waiting 0.400000
2024-02-16T22:10:26.095 INFO:teuthology.orchestra.run.smithi134.stdout:/usr/bin/ceph: stderr
2024-02-16T22:10:25.477+0000 7f538e8ed700 1 -- 172.21.15.134:0/3220359808 --> [v2:172.21.15.134:3300/0,v1:172.21.15.134:6789/0] -- mon_command({"prefix": "mgr stat"} v 0) v1 -- 0x7f5388077c20 con 0x7f5388102770
2024-02-16T22:10:26.095 INFO:teuthology.orchestra.run.smithi134.stdout:/usr/bin/ceph: stderr
2024-02-16T22:10:25.477+0000 7f5384ff9700 1 -- 172.21.15.134:0/3220359808 <== mon.0 v2:172.21.15.134:3300/0 7 ==== mon_command_ack([{"prefix": "mgr stat"}]=0 v9) v1 ==== 56+0+103 (secure 0 0 0) 0x7f5378018350 con 0x7f5388102770
2024-02-16T22:10:26.095 INFO:teuthology.orchestra.run.smithi134.stdout:/usr/bin/ceph: stderr
2024-02-16T22:10:25.479+0000 7f538e8ed700 1 -- 172.21.15.134:0/3220359808 >> [v2:172.21.15.134:6800/3520115315,v1:172.21.15.134:6801/3520115315] conn(0x7f5370036830 msgr2=0x7f5370038ce0 unknown :-1 s=STATE_CONNECTING l=1).mark_down
2024-02-16T22:10:26.095 INFO:teuthology.orchestra.run.smithi134.stdout:/usr/bin/ceph: stderr
2024-02-16T22:10:25.479+0000 7f538e8ed700 1 --2- 172.21.15.134:0/3220359808 >> [v2:172.21.15.134:6800/3520115315,v1:172.21.15.134:6801/3520115315] conn(0x7f5370036830 0x7f5370038ce0 unknown :-1 s=START_CONNECT pgs=0 cs=0 l=1 rev1=0 crypto rx=0 tx=0 comp rx=0 tx=0).stop
2024-02-16T22:10:26.095 INFO:teuthology.orchestra.run.smithi134.stdout:/usr/bin/ceph: stderr
2024-02-16T22:10:25.479+0000 7f538e8ed700 1 -- 172.21.15.134:0/3220359808 >> [v2:172.21.15.134:3300/0,v1:172.21.15.134:6789/0] conn(0x7f5388102770 msgr2=0x7f5388078d10 secure :-1 s=STATE_CONNECTION_ESTABLISHED l=1).mark_down
2024-02-16T22:10:26.095 INFO:teuthology.orchestra.run.smithi134.stdout:/usr/bin/ceph: stderr
2024-02-16T22:10:25.479+0000 7f538e8ed700 1 --2- 172.21.15.134:0/3220359808 >> [v2:172.21.15.134:3300/0,v1:172.21.15.134:6789/0] conn(0x7f5388102770 0x7f5388078d10 secure :-1 s=READY pgs=70 cs=0 l=1 rev1=1 crypto rx=0x7f5378006b00 tx=0x7f5378009250 comp rx=0 tx=0).stop
2024-02-16T22:10:26.095 INFO:teuthology.orchestra.run.smithi134.stdout:/usr/bin/ceph: stderr
2024-02-16T22:10:25.479+0000 7f538e8ed700 1 -- 172.21.15.134:0/3220359808 shutdown_connections
2024-02-16T22:10:26.095 INFO:teuthology.orchestra.run.smithi134.stdout:/usr/bin/ceph: stderr
2024-02-16T22:10:25.479+0000 7f538e8ed700 1 --2- 172.21.15.134:0/3220359808 >> [v2:172.21.15.134:6800/3520115315,v1:172.21.15.134:6801/3520115315] conn(0x7f5370036830 0x7f5370038ce0 unknown :-1 s=CLOSED pgs=0 cs=0 l=1 rev1=0 crypto rx=0 tx=0 comp rx=0 tx=0).stop
2024-02-16T22:10:26.095 INFO:teuthology.orchestra.run.smithi134.stdout:/usr/bin/ceph: stderr
2024-02-16T22:10:25.479+0000 7f538e8ed700 1 --2- 172.21.15.134:0/3220359808 >> [v2:172.21.15.134:3300/0,v1:172.21.15.134:6789/0] conn(0x7f5388102770 0x7f5388078d10 unknown :-1 s=CLOSED pgs=70 cs=0 l=1 rev1=1 crypto rx=0 tx=0 comp rx=0 tx=0).stop
2024-02-16T22:10:26.095 INFO:teuthology.orchestra.run.smithi134.stdout:/usr/bin/ceph: stderr
2024-02-16T22:10:25.479+0000 7f538e8ed700 1 -- 172.21.15.134:0/3220359808 >> 172.21.15.134:0/3220359808 conn(0x7f53880fded0 msgr2=0x7f53880fec90 unknown :-1 s=STATE_NONE l=0).mark_down
2024-02-16T22:10:26.095 INFO:teuthology.orchestra.run.smithi134.stdout:/usr/bin/ceph: stderr
2024-02-16T22:10:25.480+0000 7f538e8ed700 1 -- 172.21.15.134:0/3220359808 shutdown_connections
2024-02-16T22:10:26.095 INFO:teuthology.orchestra.run.smithi134.stdout:/usr/bin/ceph: stderr
2024-02-16T22:10:25.480+0000 7f538e8ed700 1 -- 172.21.15.134:0/3220359808 wait complete.
2024-02-16T22:10:26.096 INFO:teuthology.orchestra.run.smithi134.stdout:Waiting for the mgr to restart...
2024-02-16T22:10:26.096 INFO:teuthology.orchestra.run.smithi134.stdout:Waiting for mgr epoch 9...
2024-02-16T22:10:26.320 INFO:journalctl@ceph.mon.smithi134.smithi134.stdout:Feb 16 22:10:26 smithi134 ceph-mon[28869]: from='client.? 172.21.15.134:0/3220359808' entity='client.admin' cmd=[{"prefix": "mgr stat"}]: dispatch
2024-02-16T22:10:31.227 INFO:journalctl@ceph.mon.smithi134.smithi134.stdout:Feb 16 22:10:30 smithi134 ceph-mon[28869]: Active manager daemon smithi134.ordace restarted
2024-02-16T22:10:31.227 INFO:journalctl@ceph.mon.smithi134.smithi134.stdout:Feb 16 22:10:30 smithi134 ceph-mon[28869]: Activating manager daemon smithi134.ordace
2024-02-16T22:10:31.227 INFO:journalctl@ceph.mon.smithi134.smithi134.stdout:Feb 16 22:10:30 smithi134 ceph-mon[28869]: osdmap e3: 0 total, 0 up, 0 in
2024-02-16T22:10:31.227 INFO:journalctl@ceph.mon.smithi134.smithi134.stdout:Feb 16 22:10:30 smithi134 ceph-mon[28869]: mgrmap e10: smithi134.ordace(active, starting, since 0.00387991s)
2024-02-16T22:10:31.227 INFO:journalctl@ceph.mon.smithi134.smithi134.stdout:Feb 16 22:10:30 smithi134 ceph-mon[28869]: from='mgr.14162 172.21.15.134:0/2582387303' entity='mgr.smithi134.ordace' cmd=[{"prefix": "mon metadata", "id": "smithi134"}]: dispatch
2024-02-16T22:10:31.227 INFO:journalctl@ceph.mon.smithi134.smithi134.stdout:Feb 16 22:10:30 smithi134 ceph-mon[28869]: from='mgr.14162 172.21.15.134:0/2582387303' entity='mgr.smithi134.ordace' cmd=[{"prefix": "mgr metadata", "who": "smithi134.ordace", "id": "smithi134.ordace"}]: dispatch
2024-02-16T22:10:31.227 INFO:journalctl@ceph.mon.smithi134.smithi134.stdout:Feb 16 22:10:30 smithi134 ceph-mon[28869]: from='mgr.14162 172.21.15.134:0/2582387303' entity='mgr.smithi134.ordace' cmd=[{"prefix": "mds metadata"}]: dispatch
2024-02-16T22:10:31.227 INFO:journalctl@ceph.mon.smithi134.smithi134.stdout:Feb 16 22:10:30 smithi134 ceph-mon[28869]: from='mgr.14162 172.21.15.134:0/2582387303' entity='mgr.smithi134.ordace' cmd=[{"prefix": "osd metadata"}]: dispatch
2024-02-16T22:10:31.227 INFO:journalctl@ceph.mon.smithi134.smithi134.stdout:Feb 16 22:10:30 smithi134 ceph-mon[28869]: from='mgr.14162 172.21.15.134:0/2582387303' entity='mgr.smithi134.ordace' cmd=[{"prefix": "mon metadata"}]: dispatch
2024-02-16T22:10:31.228 INFO:journalctl@ceph.mon.smithi134.smithi134.stdout:Feb 16 22:10:30 smithi134 ceph-mon[28869]: Manager daemon smithi134.ordace is now available
2024-02-16T22:10:31.228 INFO:journalctl@ceph.mon.smithi134.smithi134.stdout:Feb 16 22:10:30 smithi134 ceph-mon[28869]: from='mgr.14162 172.21.15.134:0/2582387303' entity='mgr.smithi134.ordace' cmd=[{"prefix": "config dump", "format": "json"}]: dispatch
2024-02-16T22:10:31.228 INFO:journalctl@ceph.mon.smithi134.smithi134.stdout:Feb 16 22:10:30 smithi134 ceph-mon[28869]: from='mgr.14162 172.21.15.134:0/2582387303' entity='mgr.smithi134.ordace' cmd=[{"prefix": "config dump", "format": "json"}]: dispatch
2024-02-16T22:10:32.091 INFO:journalctl@ceph.mon.smithi134.smithi134.stdout:Feb 16 22:10:31 smithi134 ceph-mon[28869]: from='mgr.14162 172.21.15.134:0/2582387303' entity='mgr.smithi134.ordace' cmd=[{"prefix":"config rm","who":"mgr","name":"mgr/rbd_support/smithi134.ordace/mirror_snapshot_schedule"}]: dispatch
2024-02-16T22:10:32.092 INFO:journalctl@ceph.mon.smithi134.smithi134.stdout:Feb 16 22:10:31 smithi134 ceph-mon[28869]: from='mgr.14162 172.21.15.134:0/2582387303' entity='mgr.smithi134.ordace' cmd=[{"prefix":"config rm","who":"mgr","name":"mgr/rbd_support/smithi134.ordace/trash_purge_schedule"}]: dispatch
2024-02-16T22:10:32.092 INFO:journalctl@ceph.mon.smithi134.smithi134.stdout:Feb 16 22:10:31 smithi134 ceph-mon[28869]: mgrmap e11: smithi134.ordace(active, since 1.00616s)
2024-02-16T22:10:32.393 INFO:teuthology.orchestra.run.smithi134.stdout:/usr/bin/ceph: stdout {
2024-02-16T22:10:32.393 INFO:teuthology.orchestra.run.smithi134.stdout:/usr/bin/ceph: stdout "mgrmap_epoch": 11,
2024-02-16T22:10:32.393 INFO:teuthology.orchestra.run.smithi134.stdout:/usr/bin/ceph: stdout "initialized": true
2024-02-16T22:10:32.393 INFO:teuthology.orchestra.run.smithi134.stdout:/usr/bin/ceph: stdout }
2024-02-16T22:10:32.393 INFO:teuthology.orchestra.run.smithi134.stdout:/usr/bin/ceph: stderr
2024-02-16T22:10:26.548+0000 7f07ad43a700 1 Processor -- start
2024-02-16T22:10:32.393 INFO:teuthology.orchestra.run.smithi134.stdout:/usr/bin/ceph: stderr
2024-02-16T22:10:26.548+0000 7f07ad43a700 1 -- start start
2024-02-16T22:10:32.393 INFO:teuthology.orchestra.run.smithi134.stdout:/usr/bin/ceph: stderr
2024-02-16T22:10:26.548+0000 7f07ad43a700 1 --2- >> [v2:172.21.15.134:3300/0,v1:172.21.15.134:6789/0] conn(0x7f07a8102770 0x7f07a8102b80 unknown :-1 s=NONE pgs=0 cs=0 l=0 rev1=0 crypto rx=0 tx=0 comp rx=0 tx=0).connect
2024-02-16T22:10:32.393 INFO:teuthology.orchestra.run.smithi134.stdout:/usr/bin/ceph: stderr
2024-02-16T22:10:26.548+0000 7f07ad43a700 1 -- --> [v2:172.21.15.134:3300/0,v1:172.21.15.134:6789/0] -- mon_getmap magic: 0 v1 -- 0x7f07a81030c0 con 0x7f07a8102770
2024-02-16T22:10:32.393 INFO:teuthology.orchestra.run.smithi134.stdout:/usr/bin/ceph: stderr
2024-02-16T22:10:26.549+0000 7f07a6ffd700 1 --2- >> [v2:172.21.15.134:3300/0,v1:172.21.15.134:6789/0] conn(0x7f07a8102770 0x7f07a8102b80 unknown :-1 s=BANNER_CONNECTING pgs=0 cs=0 l=0 rev1=0 crypto rx=0 tx=0 comp rx=0 tx=0)._handle_peer_banner_payload supported=3 required=0
2024-02-16T22:10:32.393 INFO:teuthology.orchestra.run.smithi134.stdout:/usr/bin/ceph: stderr
2024-02-16T22:10:26.549+0000 7f07a6ffd700 1 --2- >> [v2:172.21.15.134:3300/0,v1:172.21.15.134:6789/0] conn(0x7f07a8102770 0x7f07a8102b80 unknown :-1 s=HELLO_CONNECTING pgs=0 cs=0 l=0 rev1=1 crypto rx=0 tx=0 comp rx=0 tx=0).handle_hello peer v2:172.21.15.134:3300/0 says I am v2:172.21.15.134:45374/0 (socket says 172.21.15.134:45374)
2024-02-16T22:10:32.393 INFO:teuthology.orchestra.run.smithi134.stdout:/usr/bin/ceph: stderr
2024-02-16T22:10:26.549+0000 7f07a6ffd700 1 -- 172.21.15.134:0/922303839 learned_addr learned my addr 172.21.15.134:0/922303839 (peer_addr_for_me v2:172.21.15.134:0/0)
2024-02-16T22:10:32.394 INFO:teuthology.orchestra.run.smithi134.stdout:/usr/bin/ceph: stderr
2024-02-16T22:10:26.549+0000 7f07a6ffd700 1 -- 172.21.15.134:0/922303839 --> [v2:172.21.15.134:3300/0,v1:172.21.15.134:6789/0] -- mon_subscribe({config=0+,monmap=0+}) v3 -- 0x7f07a8103200 con 0x7f07a8102770
2024-02-16T22:10:32.394 INFO:teuthology.orchestra.run.smithi134.stdout:/usr/bin/ceph: stderr
2024-02-16T22:10:26.549+0000 7f07a6ffd700 1 --2- 172.21.15.134:0/922303839 >> [v2:172.21.15.134:3300/0,v1:172.21.15.134:6789/0] conn(0x7f07a8102770 0x7f07a8102b80 secure :-1 s=READY pgs=71 cs=0 l=1 rev1=1 crypto rx=0x7f07980098e0 tx=0x7f0798009250 comp rx=0 tx=0).ready entity=mon.0 client_cookie=6d019ddfd642facf server_cookie=0 in_seq=0 out_seq=0
2024-02-16T22:10:32.394 INFO:teuthology.orchestra.run.smithi134.stdout:/usr/bin/ceph: stderr
2024-02-16T22:10:26.549+0000 7f07a5ffb700 1 -- 172.21.15.134:0/922303839 <== mon.0 v2:172.21.15.134:3300/0 1 ==== mon_map magic: 0 v1 ==== 229+0+0 (secure 0 0 0) 0x7f079800b860 con 0x7f07a8102770
2024-02-16T22:10:32.394 INFO:teuthology.orchestra.run.smithi134.stdout:/usr/bin/ceph: stderr
2024-02-16T22:10:26.549+0000 7f07a5ffb700 1 -- 172.21.15.134:0/922303839 <== mon.0 v2:172.21.15.134:3300/0 2 ==== config(27 keys) v1 ==== 1109+0+0 (secure 0 0 0) 0x7f079800be90 con 0x7f07a8102770
2024-02-16T22:10:32.394 INFO:teuthology.orchestra.run.smithi134.stdout:/usr/bin/ceph: stderr
2024-02-16T22:10:26.549+0000 7f07a5ffb700 1 -- 172.21.15.134:0/922303839 <== mon.0 v2:172.21.15.134:3300/0 3 ==== mon_map magic: 0 v1 ==== 229+0+0 (secure 0 0 0) 0x7f07980103c0 con 0x7f07a8102770
2024-02-16T22:10:32.394 INFO:teuthology.orchestra.run.smithi134.stdout:/usr/bin/ceph: stderr
2024-02-16T22:10:26.550+0000 7f07ad43a700 1 -- 172.21.15.134:0/922303839 >> [v2:172.21.15.134:3300/0,v1:172.21.15.134:6789/0] conn(0x7f07a8102770 msgr2=0x7f07a8102b80 secure :-1 s=STATE_CONNECTION_ESTABLISHED l=1).mark_down
2024-02-16T22:10:32.394 INFO:teuthology.orchestra.run.smithi134.stdout:/usr/bin/ceph: stderr
2024-02-16T22:10:26.550+0000 7f07ad43a700 1 --2- 172.21.15.134:0/922303839 >> [v2:172.21.15.134:3300/0,v1:172.21.15.134:6789/0] conn(0x7f07a8102770 0x7f07a8102b80 secure :-1 s=READY pgs=71 cs=0 l=1 rev1=1 crypto rx=0x7f07980098e0 tx=0x7f0798009250 comp rx=0 tx=0).stop
2024-02-16T22:10:32.394 INFO:teuthology.orchestra.run.smithi134.stdout:/usr/bin/ceph: stderr
2024-02-16T22:10:26.550+0000 7f07ad43a700 1 -- 172.21.15.134:0/922303839 shutdown_connections
2024-02-16T22:10:32.394 INFO:teuthology.orchestra.run.smithi134.stdout:/usr/bin/ceph: stderr
2024-02-16T22:10:26.550+0000 7f07ad43a700 1 --2- 172.21.15.134:0/922303839 >> [v2:172.21.15.134:3300/0,v1:172.21.15.134:6789/0] conn(0x7f07a8102770 0x7f07a8102b80 unknown :-1 s=CLOSED pgs=71 cs=0 l=1 rev1=1 crypto rx=0 tx=0 comp rx=0 tx=0).stop
2024-02-16T22:10:32.394 INFO:teuthology.orchestra.run.smithi134.stdout:/usr/bin/ceph: stderr
2024-02-16T22:10:26.550+0000 7f07ad43a700 1 -- 172.21.15.134:0/922303839 >> 172.21.15.134:0/922303839 conn(0x7f07a80fded0 msgr2=0x7f07a8100300 unknown :-1 s=STATE_NONE l=0).mark_down
2024-02-16T22:10:32.394 INFO:teuthology.orchestra.run.smithi134.stdout:/usr/bin/ceph: stderr
2024-02-16T22:10:26.550+0000 7f07ad43a700 1 -- 172.21.15.134:0/922303839 shutdown_connections
2024-02-16T22:10:32.394 INFO:teuthology.orchestra.run.smithi134.stdout:/usr/bin/ceph: stderr
2024-02-16T22:10:26.550+0000 7f07ad43a700 1 -- 172.21.15.134:0/922303839 wait complete.
2024-02-16T22:10:32.394 INFO:teuthology.orchestra.run.smithi134.stdout:/usr/bin/ceph: stderr
2024-02-16T22:10:26.551+0000 7f07ad43a700 1 Processor -- start
2024-02-16T22:10:32.394 INFO:teuthology.orchestra.run.smithi134.stdout:/usr/bin/ceph: stderr
2024-02-16T22:10:26.551+0000 7f07ad43a700 1 -- start start
2024-02-16T22:10:32.394 INFO:teuthology.orchestra.run.smithi134.stdout:/usr/bin/ceph: stderr
2024-02-16T22:10:26.551+0000 7f07ad43a700 1 --2- >> [v2:172.21.15.134:3300/0,v1:172.21.15.134:6789/0] conn(0x7f07a8102770 0x7f07a81115b0 unknown :-1 s=NONE pgs=0 cs=0 l=1 rev1=0 crypto rx=0 tx=0 comp rx=0 tx=0).connect
2024-02-16T22:10:32.395 INFO:teuthology.orchestra.run.smithi134.stdout:/usr/bin/ceph: stderr
2024-02-16T22:10:26.551+0000 7f07ad43a700 1 -- --> [v2:172.21.15.134:3300/0,v1:172.21.15.134:6789/0] -- mon_getmap magic: 0 v1 -- 0x7f07a8111af0 con 0x7f07a8102770
2024-02-16T22:10:32.395 INFO:teuthology.orchestra.run.smithi134.stdout:/usr/bin/ceph: stderr
2024-02-16T22:10:26.551+0000 7f07a6ffd700 1 --2- >> [v2:172.21.15.134:3300/0,v1:172.21.15.134:6789/0] conn(0x7f07a8102770 0x7f07a81115b0 unknown :-1 s=BANNER_CONNECTING pgs=0 cs=0 l=1 rev1=0 crypto rx=0 tx=0 comp rx=0 tx=0)._handle_peer_banner_payload supported=3 required=0
2024-02-16T22:10:32.395 INFO:teuthology.orchestra.run.smithi134.stdout:/usr/bin/ceph: stderr
2024-02-16T22:10:26.551+0000 7f07a6ffd700 1 --2- >> [v2:172.21.15.134:3300/0,v1:172.21.15.134:6789/0] conn(0x7f07a8102770 0x7f07a81115b0 unknown :-1 s=HELLO_CONNECTING pgs=0 cs=0 l=1 rev1=1 crypto rx=0 tx=0 comp rx=0 tx=0).handle_hello peer v2:172.21.15.134:3300/0 says I am v2:172.21.15.134:45386/0 (socket says 172.21.15.134:45386)
2024-02-16T22:10:32.395 INFO:teuthology.orchestra.run.smithi134.stdout:/usr/bin/ceph: stderr
2024-02-16T22:10:26.551+0000 7f07a6ffd700 1 -- 172.21.15.134:0/3780358033 learned_addr learned my addr 172.21.15.134:0/3780358033 (peer_addr_for_me v2:172.21.15.134:0/0)
2024-02-16T22:10:32.395 INFO:teuthology.orchestra.run.smithi134.stdout:/usr/bin/ceph: stderr
2024-02-16T22:10:26.552+0000 7f07a6ffd700 1 -- 172.21.15.134:0/3780358033 --> [v2:172.21.15.134:3300/0,v1:172.21.15.134:6789/0] -- mon_subscribe({config=0+,monmap=0+}) v3 -- 0x7f07980094f0 con 0x7f07a8102770
2024-02-16T22:10:32.395 INFO:teuthology.orchestra.run.smithi134.stdout:/usr/bin/ceph: stderr
2024-02-16T22:10:26.552+0000 7f07a6ffd700 1 --2- 172.21.15.134:0/3780358033 >> [v2:172.21.15.134:3300/0,v1:172.21.15.134:6789/0] conn(0x7f07a8102770 0x7f07a81115b0 secure :-1 s=READY pgs=72 cs=0 l=1 rev1=1 crypto rx=0x7f0798011680 tx=0x7f0798009250 comp rx=0 tx=0).ready entity=mon.0 client_cookie=0 server_cookie=0 in_seq=0 out_seq=0
2024-02-16T22:10:32.395 INFO:teuthology.orchestra.run.smithi134.stdout:/usr/bin/ceph: stderr
2024-02-16T22:10:26.552+0000 7f079f7fe700 1 -- 172.21.15.134:0/3780358033 <== mon.0 v2:172.21.15.134:3300/0 1 ==== mon_map magic: 0 v1 ==== 229+0+0 (secure 0 0 0) 0x7f0798010890 con 0x7f07a8102770
2024-02-16T22:10:32.395 INFO:teuthology.orchestra.run.smithi134.stdout:/usr/bin/ceph: stderr
2024-02-16T22:10:26.552+0000 7f079f7fe700 1 -- 172.21.15.134:0/3780358033 <== mon.0 v2:172.21.15.134:3300/0 2 ==== config(27 keys) v1 ==== 1109+0+0 (secure 0 0 0) 0x7f0798010ec0 con 0x7f07a8102770
2024-02-16T22:10:32.395 INFO:teuthology.orchestra.run.smithi134.stdout:/usr/bin/ceph: stderr
2024-02-16T22:10:26.552+0000 7f079f7fe700 1 -- 172.21.15.134:0/3780358033 <== mon.0 v2:172.21.15.134:3300/0 3 ==== mon_map magic: 0 v1 ==== 229+0+0 (secure 0 0 0) 0x7f07980243f0 con 0x7f07a8102770
2024-02-16T22:10:32.395 INFO:teuthology.orchestra.run.smithi134.stdout:/usr/bin/ceph: stderr
2024-02-16T22:10:26.552+0000 7f07ad43a700 1 -- 172.21.15.134:0/3780358033 --> [v2:172.21.15.134:3300/0,v1:172.21.15.134:6789/0] -- mon_subscribe({mgrmap=0+}) v3 -- 0x7f07a8111cf0 con 0x7f07a8102770
2024-02-16T22:10:32.395 INFO:teuthology.orchestra.run.smithi134.stdout:/usr/bin/ceph: stderr
2024-02-16T22:10:26.552+0000 7f07ad43a700 1 -- 172.21.15.134:0/3780358033 --> [v2:172.21.15.134:3300/0,v1:172.21.15.134:6789/0] -- mon_subscribe({osdmap=0}) v3 -- 0x7f07a8112990 con 0x7f07a8102770
2024-02-16T22:10:32.395 INFO:teuthology.orchestra.run.smithi134.stdout:/usr/bin/ceph: stderr
2024-02-16T22:10:26.553+0000 7f079f7fe700 1 -- 172.21.15.134:0/3780358033 <== mon.0 v2:172.21.15.134:3300/0 4 ==== mgrmap(e 9) v1 ==== 43381+0+0 (secure 0 0 0) 0x7f079802d3f0 con 0x7f07a8102770
2024-02-16T22:10:32.395 INFO:teuthology.orchestra.run.smithi134.stdout:/usr/bin/ceph: stderr
2024-02-16T22:10:26.553+0000 7f079f7fe700 1 --2- 172.21.15.134:0/3780358033 >> [v2:172.21.15.134:6800/3520115315,v1:172.21.15.134:6801/3520115315] conn(0x7f0794036830 0x7f0794038ce0 unknown :-1 s=NONE pgs=0 cs=0 l=1 rev1=0 crypto rx=0 tx=0 comp rx=0 tx=0).connect
2024-02-16T22:10:32.395 INFO:teuthology.orchestra.run.smithi134.stdout:/usr/bin/ceph: stderr
2024-02-16T22:10:26.553+0000 7f07ad43a700 1 -- 172.21.15.134:0/3780358033 --> [v2:172.21.15.134:6800/3520115315,v1:172.21.15.134:6801/3520115315] -- command(tid 0: {"prefix": "get_command_descriptions"}) v1 -- 0x7f07a805f5c0 con 0x7f0794036830
2024-02-16T22:10:32.396 INFO:teuthology.orchestra.run.smithi134.stdout:/usr/bin/ceph: stderr
2024-02-16T22:10:26.553+0000 7f079f7fe700 1 -- 172.21.15.134:0/3780358033 <== mon.0 v2:172.21.15.134:3300/0 5 ==== osd_map(2..2 src has 1..2) v4 ==== 936+0+0 (secure 0 0 0) 0x7f079804a2f0 con 0x7f07a8102770
2024-02-16T22:10:32.396 INFO:teuthology.orchestra.run.smithi134.stdout:/usr/bin/ceph: stderr
2024-02-16T22:10:26.553+0000 7f07a67fc700 1 -- 172.21.15.134:0/3780358033 >> [v2:172.21.15.134:6800/3520115315,v1:172.21.15.134:6801/3520115315] conn(0x7f0794036830 msgr2=0x7f0794038ce0 unknown :-1 s=STATE_CONNECTING_RE l=1).process reconnect failed to v2:172.21.15.134:6800/3520115315
2024-02-16T22:10:32.396 INFO:teuthology.orchestra.run.smithi134.stdout:/usr/bin/ceph: stderr
2024-02-16T22:10:26.553+0000 7f07a67fc700 1 --2- 172.21.15.134:0/3780358033 >> [v2:172.21.15.134:6800/3520115315,v1:172.21.15.134:6801/3520115315] conn(0x7f0794036830 0x7f0794038ce0 unknown :-1 s=START_CONNECT pgs=0 cs=0 l=1 rev1=0 crypto rx=0 tx=0 comp rx=0 tx=0)._fault waiting 0.200000
2024-02-16T22:10:32.396 INFO:teuthology.orchestra.run.smithi134.stdout:/usr/bin/ceph: stderr
2024-02-16T22:10:26.754+0000 7f07a67fc700 1 -- 172.21.15.134:0/3780358033 >> [v2:172.21.15.134:6800/3520115315,v1:172.21.15.134:6801/3520115315] conn(0x7f0794036830 msgr2=0x7f0794038ce0 unknown :-1 s=STATE_CONNECTING_RE l=1).process reconnect failed to v2:172.21.15.134:6800/3520115315
2024-02-16T22:10:32.396 INFO:teuthology.orchestra.run.smithi134.stdout:/usr/bin/ceph: stderr
2024-02-16T22:10:26.754+0000 7f07a67fc700 1 --2- 172.21.15.134:0/3780358033 >> [v2:172.21.15.134:6800/3520115315,v1:172.21.15.134:6801/3520115315] conn(0x7f0794036830 0x7f0794038ce0 unknown :-1 s=START_CONNECT pgs=0 cs=0 l=1 rev1=0 crypto rx=0 tx=0 comp rx=0 tx=0)._fault waiting 0.400000
2024-02-16T22:10:32.396 INFO:teuthology.orchestra.run.smithi134.stdout:/usr/bin/ceph: stderr
2024-02-16T22:10:27.155+0000 7f07a67fc700 1 -- 172.21.15.134:0/3780358033 >> [v2:172.21.15.134:6800/3520115315,v1:172.21.15.134:6801/3520115315] conn(0x7f0794036830 msgr2=0x7f0794038ce0 unknown :-1 s=STATE_CONNECTING_RE l=1).process reconnect failed to v2:172.21.15.134:6800/3520115315
2024-02-16T22:10:32.396 INFO:teuthology.orchestra.run.smithi134.stdout:/usr/bin/ceph: stderr
2024-02-16T22:10:27.155+0000 7f07a67fc700 1 --2- 172.21.15.134:0/3780358033 >> [v2:172.21.15.134:6800/3520115315,v1:172.21.15.134:6801/3520115315] conn(0x7f0794036830 0x7f0794038ce0 unknown :-1 s=START_CONNECT pgs=0 cs=0 l=1 rev1=0 crypto rx=0 tx=0 comp rx=0 tx=0)._fault waiting 0.800000
2024-02-16T22:10:32.396 INFO:teuthology.orchestra.run.smithi134.stdout:/usr/bin/ceph: stderr
2024-02-16T22:10:27.956+0000 7f07a67fc700 1 -- 172.21.15.134:0/3780358033 >> [v2:172.21.15.134:6800/3520115315,v1:172.21.15.134:6801/3520115315] conn(0x7f0794036830 msgr2=0x7f0794038ce0 unknown :-1 s=STATE_CONNECTING_RE l=1).process reconnect failed to v2:172.21.15.134:6800/3520115315
2024-02-16T22:10:32.396 INFO:teuthology.orchestra.run.smithi134.stdout:/usr/bin/ceph: stderr
2024-02-16T22:10:27.956+0000 7f07a67fc700 1 --2- 172.21.15.134:0/3780358033 >> [v2:172.21.15.134:6800/3520115315,v1:172.21.15.134:6801/3520115315] conn(0x7f0794036830 0x7f0794038ce0 unknown :-1 s=START_CONNECT pgs=0 cs=0 l=1 rev1=0 crypto rx=0 tx=0 comp rx=0 tx=0)._fault waiting 1.600000
2024-02-16T22:10:32.396 INFO:teuthology.orchestra.run.smithi134.stdout:/usr/bin/ceph: stderr
2024-02-16T22:10:29.557+0000 7f07a67fc700 1 -- 172.21.15.134:0/3780358033 >> [v2:172.21.15.134:6800/3520115315,v1:172.21.15.134:6801/3520115315] conn(0x7f0794036830 msgr2=0x7f0794038ce0 unknown :-1 s=STATE_CONNECTING_RE l=1).process reconnect failed to v2:172.21.15.134:6800/3520115315
2024-02-16T22:10:32.396 INFO:teuthology.orchestra.run.smithi134.stdout:/usr/bin/ceph: stderr
2024-02-16T22:10:29.557+0000 7f07a67fc700 1 --2- 172.21.15.134:0/3780358033 >> [v2:172.21.15.134:6800/3520115315,v1:172.21.15.134:6801/3520115315] conn(0x7f0794036830 0x7f0794038ce0 unknown :-1 s=START_CONNECT pgs=0 cs=0 l=1 rev1=0 crypto rx=0 tx=0 comp rx=0 tx=0)._fault waiting 3.200000
2024-02-16T22:10:32.396 INFO:teuthology.orchestra.run.smithi134.stdout:/usr/bin/ceph: stderr
2024-02-16T22:10:30.768+0000 7f079f7fe700 1 -- 172.21.15.134:0/3780358033 <== mon.0 v2:172.21.15.134:3300/0 6 ==== mgrmap(e 10) v1 ==== 43148+0+0 (secure 0 0 0) 0x7f079801a8c0 con 0x7f07a8102770
2024-02-16T22:10:32.396 INFO:teuthology.orchestra.run.smithi134.stdout:/usr/bin/ceph: stderr
2024-02-16T22:10:30.769+0000 7f079f7fe700 1 -- 172.21.15.134:0/3780358033 >> [v2:172.21.15.134:6800/3520115315,v1:172.21.15.134:6801/3520115315] conn(0x7f0794036830 msgr2=0x7f0794038ce0 unknown :-1 s=STATE_CONNECTING l=1).mark_down
2024-02-16T22:10:32.397 INFO:teuthology.orchestra.run.smithi134.stdout:/usr/bin/ceph: stderr
2024-02-16T22:10:30.769+0000 7f079f7fe700 1 --2- 172.21.15.134:0/3780358033 >> [v2:172.21.15.134:6800/3520115315,v1:172.21.15.134:6801/3520115315] conn(0x7f0794036830 0x7f0794038ce0 unknown :-1 s=START_CONNECT pgs=0 cs=0 l=1 rev1=0 crypto rx=0 tx=0 comp rx=0 tx=0).stop
2024-02-16T22:10:32.397 INFO:teuthology.orchestra.run.smithi134.stdout:/usr/bin/ceph: stderr
2024-02-16T22:10:31.769+0000 7f079f7fe700 1 -- 172.21.15.134:0/3780358033 <== mon.0 v2:172.21.15.134:3300/0 7 ==== mgrmap(e 11) v1 ==== 43275+0+0 (secure 0 0 0) 0x7f079802d6a0 con 0x7f07a8102770
2024-02-16T22:10:32.397 INFO:teuthology.orchestra.run.smithi134.stdout:/usr/bin/ceph: stderr
2024-02-16T22:10:31.770+0000 7f079f7fe700 1 --2- 172.21.15.134:0/3780358033 >> [v2:172.21.15.134:6800/2987045407,v1:172.21.15.134:6801/2987045407] conn(0x7f0794039ff0 0x7f079403c3d0 unknown :-1 s=NONE pgs=0 cs=0 l=1 rev1=0 crypto rx=0 tx=0 comp rx=0 tx=0).connect
2024-02-16T22:10:32.397 INFO:teuthology.orchestra.run.smithi134.stdout:/usr/bin/ceph: stderr
2024-02-16T22:10:31.770+0000 7f079f7fe700 1 -- 172.21.15.134:0/3780358033 --> [v2:172.21.15.134:6800/2987045407,v1:172.21.15.134:6801/2987045407] -- command(tid 0: {"prefix": "get_command_descriptions"}) v1 -- 0x7f07a805f5c0 con 0x7f0794039ff0
2024-02-16T22:10:32.397 INFO:teuthology.orchestra.run.smithi134.stdout:/usr/bin/ceph: stderr
2024-02-16T22:10:31.770+0000 7f07a67fc700 1 --2- 172.21.15.134:0/3780358033 >> [v2:172.21.15.134:6800/2987045407,v1:172.21.15.134:6801/2987045407] conn(0x7f0794039ff0 0x7f079403c3d0 unknown :-1 s=BANNER_CONNECTING pgs=0 cs=0 l=1 rev1=0 crypto rx=0 tx=0 comp rx=0 tx=0)._handle_peer_banner_payload supported=3 required=0
2024-02-16T22:10:32.397 INFO:teuthology.orchestra.run.smithi134.stdout:/usr/bin/ceph: stderr
2024-02-16T22:10:31.771+0000 7f07a67fc700 1 --2- 172.21.15.134:0/3780358033 >> [v2:172.21.15.134:6800/2987045407,v1:172.21.15.134:6801/2987045407] conn(0x7f0794039ff0 0x7f079403c3d0 secure :-1 s=READY pgs=3 cs=0 l=1 rev1=1 crypto rx=0x7f07900039d0 tx=0x7f0790009350 comp rx=0 tx=0).ready entity=mgr.14162 client_cookie=0 server_cookie=0 in_seq=0 out_seq=0
2024-02-16T22:10:32.397 INFO:teuthology.orchestra.run.smithi134.stdout:/usr/bin/ceph: stderr
2024-02-16T22:10:31.771+0000 7f079f7fe700 1 -- 172.21.15.134:0/3780358033 <== mgr.14162 v2:172.21.15.134:6800/2987045407 1 ==== command_reply(tid 0: 0 ) v1 ==== 8+0+6549 (secure 0 0 0) 0x7f07a805f5c0 con 0x7f0794039ff0
2024-02-16T22:10:32.397 INFO:teuthology.orchestra.run.smithi134.stdout:/usr/bin/ceph: stderr
2024-02-16T22:10:31.777+0000 7f07ad43a700 1 -- 172.21.15.134:0/3780358033 --> [v2:172.21.15.134:6800/2987045407,v1:172.21.15.134:6801/2987045407] -- command(tid 1: {"prefix": "mgr_status"}) v1 -- 0x7f07a8112180 con 0x7f0794039ff0
2024-02-16T22:10:32.397 INFO:teuthology.orchestra.run.smithi134.stdout:/usr/bin/ceph: stderr
2024-02-16T22:10:31.777+0000 7f079f7fe700 1 -- 172.21.15.134:0/3780358033 <== mgr.14162 v2:172.21.15.134:6800/2987045407 2 ==== command_reply(tid 1: 0 ) v1 ==== 8+0+52 (secure 0 0 0) 0x7f07a8112180 con 0x7f0794039ff0
2024-02-16T22:10:32.397 INFO:teuthology.orchestra.run.smithi134.stdout:/usr/bin/ceph: stderr
2024-02-16T22:10:31.777+0000 7f07ad43a700 1 -- 172.21.15.134:0/3780358033 >> [v2:172.21.15.134:6800/2987045407,v1:172.21.15.134:6801/2987045407] conn(0x7f0794039ff0 msgr2=0x7f079403c3d0 secure :-1 s=STATE_CONNECTION_ESTABLISHED l=1).mark_down
2024-02-16T22:10:32.397 INFO:teuthology.orchestra.run.smithi134.stdout:/usr/bin/ceph: stderr
2024-02-16T22:10:31.778+0000 7f07ad43a700 1 --2- 172.21.15.134:0/3780358033 >> [v2:172.21.15.134:6800/2987045407,v1:172.21.15.134:6801/2987045407] conn(0x7f0794039ff0 0x7f079403c3d0 secure :-1 s=READY pgs=3 cs=0 l=1 rev1=1 crypto rx=0x7f07900039d0 tx=0x7f0790009350 comp rx=0 tx=0).stop
2024-02-16T22:10:32.397 INFO:teuthology.orchestra.run.smithi134.stdout:/usr/bin/ceph: stderr
2024-02-16T22:10:31.778+0000 7f07ad43a700 1 -- 172.21.15.134:0/3780358033 >> [v2:172.21.15.134:3300/0,v1:172.21.15.134:6789/0] conn(0x7f07a8102770 msgr2=0x7f07a81115b0 secure :-1 s=STATE_CONNECTION_ESTABLISHED l=1).mark_down
2024-02-16T22:10:32.397 INFO:teuthology.orchestra.run.smithi134.stdout:/usr/bin/ceph: stderr
2024-02-16T22:10:31.778+0000 7f07ad43a700 1 --2- 172.21.15.134:0/3780358033 >> [v2:172.21.15.134:3300/0,v1:172.21.15.134:6789/0] conn(0x7f07a8102770 0x7f07a81115b0 secure :-1 s=READY pgs=72 cs=0 l=1 rev1=1 crypto rx=0x7f0798011680 tx=0x7f0798009250 comp rx=0 tx=0).stop
2024-02-16T22:10:32.397 INFO:teuthology.orchestra.run.smithi134.stdout:/usr/bin/ceph: stderr
2024-02-16T22:10:31.778+0000 7f07ad43a700 1 -- 172.21.15.134:0/3780358033 shutdown_connections
2024-02-16T22:10:32.397 INFO:teuthology.orchestra.run.smithi134.stdout:/usr/bin/ceph: stderr
2024-02-16T22:10:31.778+0000 7f07ad43a700 1 --2- 172.21.15.134:0/3780358033 >> [v2:172.21.15.134:6800/2987045407,v1:172.21.15.134:6801/2987045407] conn(0x7f0794039ff0 0x7f079403c3d0 unknown :-1 s=CLOSED pgs=3 cs=0 l=1 rev1=1 crypto rx=0 tx=0 comp rx=0 tx=0).stop
2024-02-16T22:10:32.398 INFO:teuthology.orchestra.run.smithi134.stdout:/usr/bin/ceph: stderr
2024-02-16T22:10:31.778+0000 7f07ad43a700 1 --2- 172.21.15.134:0/3780358033 >> [v2:172.21.15.134:3300/0,v1:172.21.15.134:6789/0] conn(0x7f07a8102770 0x7f07a81115b0 unknown :-1 s=CLOSED pgs=72 cs=0 l=1 rev1=1 crypto rx=0 tx=0 comp rx=0 tx=0).stop
2024-02-16T22:10:32.398 INFO:teuthology.orchestra.run.smithi134.stdout:/usr/bin/ceph: stderr
2024-02-16T22:10:31.778+0000 7f07ad43a700 1 --2- 172.21.15.134:0/3780358033 >> [v2:172.21.15.134:6800/3520115315,v1:172.21.15.134:6801/3520115315] conn(0x7f0794036830 0x7f0794038ce0 unknown :-1 s=CLOSED pgs=0 cs=0 l=1 rev1=0 crypto rx=0 tx=0 comp rx=0 tx=0).stop
2024-02-16T22:10:32.398 INFO:teuthology.orchestra.run.smithi134.stdout:/usr/bin/ceph: stderr
2024-02-16T22:10:31.778+0000 7f07ad43a700 1 -- 172.21.15.134:0/3780358033 >> 172.21.15.134:0/3780358033 conn(0x7f07a80fded0 msgr2=0x7f07a80ff590 unknown :-1 s=STATE_NONE l=0).mark_down
2024-02-16T22:10:32.398 INFO:teuthology.orchestra.run.smithi134.stdout:/usr/bin/ceph: stderr
2024-02-16T22:10:31.778+0000 7f07ad43a700 1 -- 172.21.15.134:0/3780358033 shutdown_connections
2024-02-16T22:10:32.398 INFO:teuthology.orchestra.run.smithi134.stdout:/usr/bin/ceph: stderr
2024-02-16T22:10:31.778+0000 7f07ad43a700 1 -- 172.21.15.134:0/3780358033 wait complete.
2024-02-16T22:10:32.398 INFO:teuthology.orchestra.run.smithi134.stdout:mgr epoch 9 is available
2024-02-16T22:10:32.398 INFO:teuthology.orchestra.run.smithi134.stdout:Generating a dashboard self-signed certificate...
2024-02-16T22:10:33.477 INFO:journalctl@ceph.mon.smithi134.smithi134.stdout:Feb 16 22:10:33 smithi134 ceph-mon[28869]: [16/Feb/2024:22:10:32] ENGINE Bus STARTING
2024-02-16T22:10:33.477 INFO:journalctl@ceph.mon.smithi134.smithi134.stdout:Feb 16 22:10:33 smithi134 ceph-mon[28869]: [16/Feb/2024:22:10:32] ENGINE Serving on https://172.21.15.134:7150
2024-02-16T22:10:33.477 INFO:journalctl@ceph.mon.smithi134.smithi134.stdout:Feb 16 22:10:33 smithi134 ceph-mon[28869]: [16/Feb/2024:22:10:32] ENGINE Bus STARTED
2024-02-16T22:10:33.477 INFO:journalctl@ceph.mon.smithi134.smithi134.stdout:Feb 16 22:10:33 smithi134 ceph-mon[28869]: from='mgr.14162 172.21.15.134:0/2582387303' entity='mgr.smithi134.ordace'
2024-02-16T22:10:33.477 INFO:journalctl@ceph.mon.smithi134.smithi134.stdout:Feb 16 22:10:33 smithi134 ceph-mon[28869]: from='mgr.14162 172.21.15.134:0/2582387303' entity='mgr.smithi134.ordace'
2024-02-16T22:10:33.477 INFO:journalctl@ceph.mon.smithi134.smithi134.stdout:Feb 16 22:10:33 smithi134 ceph-mon[28869]: from='mgr.14162 172.21.15.134:0/2582387303' entity='mgr.smithi134.ordace'
2024-02-16T22:10:33.477 INFO:journalctl@ceph.mon.smithi134.smithi134.stdout:Feb 16 22:10:33 smithi134 ceph-mon[28869]: from='mgr.14162 172.21.15.134:0/2582387303' entity='mgr.smithi134.ordace'
2024-02-16T22:10:33.674 INFO:teuthology.orchestra.run.smithi134.stdout:/usr/bin/ceph: stdout Self-signed certificate created
2024-02-16T22:10:33.674 INFO:teuthology.orchestra.run.smithi134.stdout:/usr/bin/ceph: stderr
2024-02-16T22:10:32.841+0000 7fab46518700 1 Processor -- start
2024-02-16T22:10:33.674 INFO:teuthology.orchestra.run.smithi134.stdout:/usr/bin/ceph: stderr
2024-02-16T22:10:32.841+0000 7fab46518700 1 -- start start
2024-02-16T22:10:33.675 INFO:teuthology.orchestra.run.smithi134.stdout:/usr/bin/ceph: stderr
2024-02-16T22:10:32.841+0000 7fab46518700 1 --2- >> [v2:172.21.15.134:3300/0,v1:172.21.15.134:6789/0] conn(0x7fab40076c20 0x7fab40105380 unknown :-1 s=NONE pgs=0 cs=0 l=0 rev1=0 crypto rx=0 tx=0 comp rx=0 tx=0).connect
2024-02-16T22:10:33.675 INFO:teuthology.orchestra.run.smithi134.stdout:/usr/bin/ceph: stderr
2024-02-16T22:10:32.841+0000 7fab46518700 1 -- --> [v2:172.21.15.134:3300/0,v1:172.21.15.134:6789/0] -- mon_getmap magic: 0 v1 -- 0x7fab401058c0 con 0x7fab40076c20
2024-02-16T22:10:33.675 INFO:teuthology.orchestra.run.smithi134.stdout:/usr/bin/ceph: stderr
2024-02-16T22:10:32.841+0000 7fab3ffff700 1 --2- >> [v2:172.21.15.134:3300/0,v1:172.21.15.134:6789/0] conn(0x7fab40076c20 0x7fab40105380 unknown :-1 s=BANNER_CONNECTING pgs=0 cs=0 l=0 rev1=0 crypto rx=0 tx=0 comp rx=0 tx=0)._handle_peer_banner_payload supported=3 required=0
2024-02-16T22:10:33.675 INFO:teuthology.orchestra.run.smithi134.stdout:/usr/bin/ceph: stderr
2024-02-16T22:10:32.841+0000 7fab3ffff700 1 --2- >> [v2:172.21.15.134:3300/0,v1:172.21.15.134:6789/0] conn(0x7fab40076c20 0x7fab40105380 unknown :-1 s=HELLO_CONNECTING pgs=0 cs=0 l=0 rev1=1 crypto rx=0 tx=0 comp rx=0 tx=0).handle_hello peer v2:172.21.15.134:3300/0 says I am v2:172.21.15.134:60680/0 (socket says 172.21.15.134:60680)
2024-02-16T22:10:33.675 INFO:teuthology.orchestra.run.smithi134.stdout:/usr/bin/ceph: stderr
2024-02-16T22:10:32.841+0000 7fab3ffff700 1 -- 172.21.15.134:0/1906224121 learned_addr learned my addr 172.21.15.134:0/1906224121 (peer_addr_for_me v2:172.21.15.134:0/0)
2024-02-16T22:10:33.675 INFO:teuthology.orchestra.run.smithi134.stdout:/usr/bin/ceph: stderr
2024-02-16T22:10:32.842+0000 7fab3ffff700 1 -- 172.21.15.134:0/1906224121 --> [v2:172.21.15.134:3300/0,v1:172.21.15.134:6789/0] -- mon_subscribe({config=0+,monmap=0+}) v3 -- 0x7fab40105a00 con 0x7fab40076c20
2024-02-16T22:10:33.675 INFO:teuthology.orchestra.run.smithi134.stdout:/usr/bin/ceph: stderr
