2024-02-16T22:11:38.653+0000 7fde8e7fc700 1 -- 172.21.15.114:0/59710660 <== mon.0 v2:172.21.15.114:3300/0 3 ==== mon_map magic: 0 v1 ==== 229+0+0 (secure 0 0 0) 0x7fde80011a50 con 0x7fde90106ea0
2024-02-16T22:11:39.427 INFO:teuthology.orchestra.run.smithi114.stdout:/usr/bin/ceph: stderr
2024-02-16T22:11:38.654+0000 7fde95418700 1 -- 172.21.15.114:0/59710660 >> [v2:172.21.15.114:3300/0,v1:172.21.15.114:6789/0] conn(0x7fde90106ea0 msgr2=0x7fde90109290 secure :-1 s=STATE_CONNECTION_ESTABLISHED l=1).mark_down
2024-02-16T22:11:39.427 INFO:teuthology.orchestra.run.smithi114.stdout:/usr/bin/ceph: stderr
2024-02-16T22:11:38.654+0000 7fde95418700 1 --2- 172.21.15.114:0/59710660 >> [v2:172.21.15.114:3300/0,v1:172.21.15.114:6789/0] conn(0x7fde90106ea0 0x7fde90109290 secure :-1 s=READY pgs=47 cs=0 l=1 rev1=1 crypto rx=0x7fde800098a0 tx=0x7fde80009bb0 comp rx=0 tx=0).stop
2024-02-16T22:11:39.427 INFO:teuthology.orchestra.run.smithi114.stdout:/usr/bin/ceph: stderr
2024-02-16T22:11:38.654+0000 7fde95418700 1 -- 172.21.15.114:0/59710660 shutdown_connections
2024-02-16T22:11:39.427 INFO:teuthology.orchestra.run.smithi114.stdout:/usr/bin/ceph: stderr
2024-02-16T22:11:38.654+0000 7fde95418700 1 --2- 172.21.15.114:0/59710660 >> [v2:172.21.15.114:3300/0,v1:172.21.15.114:6789/0] conn(0x7fde90106ea0 0x7fde90109290 unknown :-1 s=CLOSED pgs=47 cs=0 l=1 rev1=1 crypto rx=0 tx=0 comp rx=0 tx=0).stop
2024-02-16T22:11:39.428 INFO:teuthology.orchestra.run.smithi114.stdout:/usr/bin/ceph: stderr
2024-02-16T22:11:38.654+0000 7fde95418700 1 -- 172.21.15.114:0/59710660 >> 172.21.15.114:0/59710660 conn(0x7fde901008b0 msgr2=0x7fde90102d10 unknown :-1 s=STATE_NONE l=0).mark_down
2024-02-16T22:11:39.428 INFO:teuthology.orchestra.run.smithi114.stdout:/usr/bin/ceph: stderr
2024-02-16T22:11:38.654+0000 7fde95418700 1 -- 172.21.15.114:0/59710660 shutdown_connections
2024-02-16T22:11:39.428 INFO:teuthology.orchestra.run.smithi114.stdout:/usr/bin/ceph: stderr
2024-02-16T22:11:38.654+0000 7fde95418700 1 -- 172.21.15.114:0/59710660 wait complete.
2024-02-16T22:11:39.428 INFO:teuthology.orchestra.run.smithi114.stdout:/usr/bin/ceph: stderr
2024-02-16T22:11:38.654+0000 7fde95418700 1 Processor -- start
2024-02-16T22:11:39.428 INFO:teuthology.orchestra.run.smithi114.stdout:/usr/bin/ceph: stderr
2024-02-16T22:11:38.654+0000 7fde95418700 1 -- start start
2024-02-16T22:11:39.428 INFO:teuthology.orchestra.run.smithi114.stdout:/usr/bin/ceph: stderr
2024-02-16T22:11:38.655+0000 7fde95418700 1 --2- >> [v2:172.21.15.114:3300/0,v1:172.21.15.114:6789/0] conn(0x7fde90106ea0 0x7fde9019a0a0 unknown :-1 s=NONE pgs=0 cs=0 l=1 rev1=0 crypto rx=0 tx=0 comp rx=0 tx=0).connect
2024-02-16T22:11:39.429 INFO:teuthology.orchestra.run.smithi114.stdout:/usr/bin/ceph: stderr
2024-02-16T22:11:38.655+0000 7fde95418700 1 -- --> [v2:172.21.15.114:3300/0,v1:172.21.15.114:6789/0] -- mon_getmap magic: 0 v1 -- 0x7fde9019a5e0 con 0x7fde90106ea0
2024-02-16T22:11:39.429 INFO:teuthology.orchestra.run.smithi114.stdout:/usr/bin/ceph: stderr
2024-02-16T22:11:38.655+0000 7fde8effd700 1 --2- >> [v2:172.21.15.114:3300/0,v1:172.21.15.114:6789/0] conn(0x7fde90106ea0 0x7fde9019a0a0 unknown :-1 s=BANNER_CONNECTING pgs=0 cs=0 l=1 rev1=0 crypto rx=0 tx=0 comp rx=0 tx=0)._handle_peer_banner_payload supported=3 required=0
2024-02-16T22:11:39.429 INFO:teuthology.orchestra.run.smithi114.stdout:/usr/bin/ceph: stderr
2024-02-16T22:11:38.655+0000 7fde8effd700 1 --2- >> [v2:172.21.15.114:3300/0,v1:172.21.15.114:6789/0] conn(0x7fde90106ea0 0x7fde9019a0a0 unknown :-1 s=HELLO_CONNECTING pgs=0 cs=0 l=1 rev1=1 crypto rx=0 tx=0 comp rx=0 tx=0).handle_hello peer v2:172.21.15.114:3300/0 says I am v2:172.21.15.114:53024/0 (socket says 172.21.15.114:53024)
2024-02-16T22:11:39.429 INFO:teuthology.orchestra.run.smithi114.stdout:/usr/bin/ceph: stderr
2024-02-16T22:11:38.655+0000 7fde8effd700 1 -- 172.21.15.114:0/3575364640 learned_addr learned my addr 172.21.15.114:0/3575364640 (peer_addr_for_me v2:172.21.15.114:0/0)
2024-02-16T22:11:39.429 INFO:teuthology.orchestra.run.smithi114.stdout:/usr/bin/ceph: stderr
2024-02-16T22:11:38.655+0000 7fde8effd700 1 -- 172.21.15.114:0/3575364640 --> [v2:172.21.15.114:3300/0,v1:172.21.15.114:6789/0] -- mon_subscribe({config=0+,monmap=0+}) v3 -- 0x7fde80009550 con 0x7fde90106ea0
2024-02-16T22:11:39.429 INFO:teuthology.orchestra.run.smithi114.stdout:/usr/bin/ceph: stderr
2024-02-16T22:11:38.655+0000 7fde8effd700 1 --2- 172.21.15.114:0/3575364640 >> [v2:172.21.15.114:3300/0,v1:172.21.15.114:6789/0] conn(0x7fde90106ea0 0x7fde9019a0a0 secure :-1 s=READY pgs=48 cs=0 l=1 rev1=1 crypto rx=0x7fde80003f80 tx=0x7fde80011ab0 comp rx=0 tx=0).ready entity=mon.0 client_cookie=0 server_cookie=0 in_seq=0 out_seq=0
2024-02-16T22:11:39.429 INFO:teuthology.orchestra.run.smithi114.stdout:/usr/bin/ceph: stderr
2024-02-16T22:11:38.655+0000 7fde8cff9700 1 -- 172.21.15.114:0/3575364640 <== mon.0 v2:172.21.15.114:3300/0 1 ==== mon_map magic: 0 v1 ==== 229+0+0 (secure 0 0 0) 0x7fde80003a80 con 0x7fde90106ea0
2024-02-16T22:11:39.429 INFO:teuthology.orchestra.run.smithi114.stdout:/usr/bin/ceph: stderr
2024-02-16T22:11:38.655+0000 7fde8cff9700 1 -- 172.21.15.114:0/3575364640 <== mon.0 v2:172.21.15.114:3300/0 2 ==== config(27 keys) v1 ==== 1037+0+0 (secure 0 0 0) 0x7fde80003be0 con 0x7fde90106ea0
2024-02-16T22:11:39.429 INFO:teuthology.orchestra.run.smithi114.stdout:/usr/bin/ceph: stderr
2024-02-16T22:11:38.655+0000 7fde95418700 1 -- 172.21.15.114:0/3575364640 --> [v2:172.21.15.114:3300/0,v1:172.21.15.114:6789/0] -- mon_subscribe({mgrmap=0+}) v3 -- 0x7fde9019a7e0 con 0x7fde90106ea0
2024-02-16T22:11:39.429 INFO:teuthology.orchestra.run.smithi114.stdout:/usr/bin/ceph: stderr
2024-02-16T22:11:38.655+0000 7fde8cff9700 1 -- 172.21.15.114:0/3575364640 <== mon.0 v2:172.21.15.114:3300/0 3 ==== mon_map magic: 0 v1 ==== 229+0+0 (secure 0 0 0) 0x7fde80019820 con 0x7fde90106ea0
2024-02-16T22:11:39.429 INFO:teuthology.orchestra.run.smithi114.stdout:/usr/bin/ceph: stderr
2024-02-16T22:11:38.655+0000 7fde95418700 1 -- 172.21.15.114:0/3575364640 --> [v2:172.21.15.114:3300/0,v1:172.21.15.114:6789/0] -- mon_subscribe({osdmap=0}) v3 -- 0x7fde9019ac80 con 0x7fde90106ea0
2024-02-16T22:11:39.429 INFO:teuthology.orchestra.run.smithi114.stdout:/usr/bin/ceph: stderr
2024-02-16T22:11:38.656+0000 7fde8cff9700 1 -- 172.21.15.114:0/3575364640 <== mon.0 v2:172.21.15.114:3300/0 4 ==== mgrmap(e 8) v1 ==== 45283+0+0 (secure 0 0 0) 0x7fde80019b20 con 0x7fde90106ea0
2024-02-16T22:11:39.429 INFO:teuthology.orchestra.run.smithi114.stdout:/usr/bin/ceph: stderr
2024-02-16T22:11:38.656+0000 7fde95418700 1 -- 172.21.15.114:0/3575364640 --> [v2:172.21.15.114:3300/0,v1:172.21.15.114:6789/0] -- mon_command({"prefix": "get_command_descriptions"} v 0) v1 -- 0x7fde9010a550 con 0x7fde90106ea0
2024-02-16T22:11:39.430 INFO:teuthology.orchestra.run.smithi114.stdout:/usr/bin/ceph: stderr
2024-02-16T22:11:38.656+0000 7fde8cff9700 1 --2- 172.21.15.114:0/3575364640 >> [v2:172.21.15.114:6800/625910309,v1:172.21.15.114:6801/625910309] conn(0x7fde7c0382d0 0x7fde7c03a790 unknown :-1 s=NONE pgs=0 cs=0 l=1 rev1=0 crypto rx=0 tx=0 comp rx=0 tx=0).connect
2024-02-16T22:11:39.430 INFO:teuthology.orchestra.run.smithi114.stdout:/usr/bin/ceph: stderr
2024-02-16T22:11:38.656+0000 7fde8cff9700 1 -- 172.21.15.114:0/3575364640 <== mon.0 v2:172.21.15.114:3300/0 5 ==== osd_map(2..2 src has 1..2) v4 ==== 940+0+0 (secure 0 0 0) 0x7fde8004c7a0 con 0x7fde90106ea0
2024-02-16T22:11:39.430 INFO:teuthology.orchestra.run.smithi114.stdout:/usr/bin/ceph: stderr
2024-02-16T22:11:38.656+0000 7fde867fc700 1 --2- 172.21.15.114:0/3575364640 >> [v2:172.21.15.114:6800/625910309,v1:172.21.15.114:6801/625910309] conn(0x7fde7c0382d0 0x7fde7c03a790 unknown :-1 s=BANNER_CONNECTING pgs=0 cs=0 l=1 rev1=0 crypto rx=0 tx=0 comp rx=0 tx=0)._handle_peer_banner_payload supported=3 required=0
2024-02-16T22:11:39.430 INFO:teuthology.orchestra.run.smithi114.stdout:/usr/bin/ceph: stderr
2024-02-16T22:11:38.657+0000 7fde867fc700 1 --2- 172.21.15.114:0/3575364640 >> [v2:172.21.15.114:6800/625910309,v1:172.21.15.114:6801/625910309] conn(0x7fde7c0382d0 0x7fde7c03a790 secure :-1 s=READY pgs=12 cs=0 l=1 rev1=1 crypto rx=0x7fde78006fd0 tx=0x7fde78006e40 comp rx=0 tx=0).ready entity=mgr.14120 client_cookie=0 server_cookie=0 in_seq=0 out_seq=0
2024-02-16T22:11:39.430 INFO:teuthology.orchestra.run.smithi114.stdout:/usr/bin/ceph: stderr
2024-02-16T22:11:38.661+0000 7fde8cff9700 1 -- 172.21.15.114:0/3575364640 <== mon.0 v2:172.21.15.114:3300/0 6 ==== mon_command_ack([{"prefix": "get_command_descriptions"}]=0 v0) v1 ==== 72+0+180422 (secure 0 0 0) 0x7fde8002b750 con 0x7fde90106ea0
2024-02-16T22:11:39.430 INFO:teuthology.orchestra.run.smithi114.stdout:/usr/bin/ceph: stderr
2024-02-16T22:11:38.867+0000 7fde95418700 1 -- 172.21.15.114:0/3575364640 --> [v2:172.21.15.114:6800/625910309,v1:172.21.15.114:6801/625910309] -- mgr_command(tid 0: {"prefix": "orch apply", "service_type": "mon", "target": ["mon-mgr", ""]}) v1 -- 0x7fde90101dc0 con 0x7fde7c0382d0
2024-02-16T22:11:39.430 INFO:teuthology.orchestra.run.smithi114.stdout:/usr/bin/ceph: stderr
2024-02-16T22:11:38.872+0000 7fde8cff9700 1 -- 172.21.15.114:0/3575364640 <== mgr.14120 v2:172.21.15.114:6800/625910309 1 ==== mgr_command_reply(tid 0: 0 ) v1 ==== 8+0+24 (secure 0 0 0) 0x7fde90101dc0 con 0x7fde7c0382d0
2024-02-16T22:11:39.430 INFO:teuthology.orchestra.run.smithi114.stdout:/usr/bin/ceph: stderr
2024-02-16T22:11:38.874+0000 7fde95418700 1 -- 172.21.15.114:0/3575364640 >> [v2:172.21.15.114:6800/625910309,v1:172.21.15.114:6801/625910309] conn(0x7fde7c0382d0 msgr2=0x7fde7c03a790 secure :-1 s=STATE_CONNECTION_ESTABLISHED l=1).mark_down
2024-02-16T22:11:39.430 INFO:teuthology.orchestra.run.smithi114.stdout:/usr/bin/ceph: stderr
2024-02-16T22:11:38.874+0000 7fde95418700 1 --2- 172.21.15.114:0/3575364640 >> [v2:172.21.15.114:6800/625910309,v1:172.21.15.114:6801/625910309] conn(0x7fde7c0382d0 0x7fde7c03a790 secure :-1 s=READY pgs=12 cs=0 l=1 rev1=1 crypto rx=0x7fde78006fd0 tx=0x7fde78006e40 comp rx=0 tx=0).stop
2024-02-16T22:11:39.430 INFO:teuthology.orchestra.run.smithi114.stdout:/usr/bin/ceph: stderr
2024-02-16T22:11:38.874+0000 7fde95418700 1 -- 172.21.15.114:0/3575364640 >> [v2:172.21.15.114:3300/0,v1:172.21.15.114:6789/0] conn(0x7fde90106ea0 msgr2=0x7fde9019a0a0 secure :-1 s=STATE_CONNECTION_ESTABLISHED l=1).mark_down
2024-02-16T22:11:39.430 INFO:teuthology.orchestra.run.smithi114.stdout:/usr/bin/ceph: stderr
2024-02-16T22:11:38.874+0000 7fde95418700 1 --2- 172.21.15.114:0/3575364640 >> [v2:172.21.15.114:3300/0,v1:172.21.15.114:6789/0] conn(0x7fde90106ea0 0x7fde9019a0a0 secure :-1 s=READY pgs=48 cs=0 l=1 rev1=1 crypto rx=0x7fde80003f80 tx=0x7fde80011ab0 comp rx=0 tx=0).stop
2024-02-16T22:11:39.430 INFO:teuthology.orchestra.run.smithi114.stdout:/usr/bin/ceph: stderr
2024-02-16T22:11:38.874+0000 7fde95418700 1 -- 172.21.15.114:0/3575364640 shutdown_connections
2024-02-16T22:11:39.430 INFO:teuthology.orchestra.run.smithi114.stdout:/usr/bin/ceph: stderr
2024-02-16T22:11:38.874+0000 7fde95418700 1 --2- 172.21.15.114:0/3575364640 >> [v2:172.21.15.114:6800/625910309,v1:172.21.15.114:6801/625910309] conn(0x7fde7c0382d0 0x7fde7c03a790 unknown :-1 s=CLOSED pgs=12 cs=0 l=1 rev1=1 crypto rx=0 tx=0 comp rx=0 tx=0).stop
2024-02-16T22:11:39.430 INFO:teuthology.orchestra.run.smithi114.stdout:/usr/bin/ceph: stderr
2024-02-16T22:11:38.874+0000 7fde95418700 1 --2- 172.21.15.114:0/3575364640 >> [v2:172.21.15.114:3300/0,v1:172.21.15.114:6789/0] conn(0x7fde90106ea0 0x7fde9019a0a0 unknown :-1 s=CLOSED pgs=48 cs=0 l=1 rev1=1 crypto rx=0 tx=0 comp rx=0 tx=0).stop
2024-02-16T22:11:39.430 INFO:teuthology.orchestra.run.smithi114.stdout:/usr/bin/ceph: stderr
2024-02-16T22:11:38.874+0000 7fde95418700 1 -- 172.21.15.114:0/3575364640 >> 172.21.15.114:0/3575364640 conn(0x7fde901008b0 msgr2=0x7fde901016b0 unknown :-1 s=STATE_NONE l=0).mark_down
2024-02-16T22:11:39.431 INFO:teuthology.orchestra.run.smithi114.stdout:/usr/bin/ceph: stderr
2024-02-16T22:11:38.874+0000 7fde95418700 1 -- 172.21.15.114:0/3575364640 shutdown_connections
2024-02-16T22:11:39.431 INFO:teuthology.orchestra.run.smithi114.stdout:/usr/bin/ceph: stderr
2024-02-16T22:11:38.874+0000 7fde95418700 1 -- 172.21.15.114:0/3575364640 wait complete.
2024-02-16T22:11:39.431 INFO:teuthology.orchestra.run.smithi114.stdout:Deploying mgr service with default placement...
2024-02-16T22:11:40.080 INFO:journalctl@ceph.mon.smithi114.smithi114.stdout:Feb 16 22:11:39 smithi114 ceph-mon[29235]: from='client.14142 -' entity='client.admin' cmd=[{"prefix": "orch apply", "service_type": "mon", "target": ["mon-mgr", ""]}]: dispatch
2024-02-16T22:11:40.080 INFO:journalctl@ceph.mon.smithi114.smithi114.stdout:Feb 16 22:11:39 smithi114 ceph-mon[29235]: Saving service mon spec with placement count:5
2024-02-16T22:11:40.080 INFO:journalctl@ceph.mon.smithi114.smithi114.stdout:Feb 16 22:11:39 smithi114 ceph-mon[29235]: from='mgr.14120 172.21.15.114:0/2164534274' entity='mgr.smithi114.vcullz'
2024-02-16T22:11:41.201 INFO:journalctl@ceph.mon.smithi114.smithi114.stdout:Feb 16 22:11:41 smithi114 ceph-mon[29235]: from='client.14144 -' entity='client.admin' cmd=[{"prefix": "orch apply", "service_type": "mgr", "target": ["mon-mgr", ""]}]: dispatch
2024-02-16T22:11:41.201 INFO:journalctl@ceph.mon.smithi114.smithi114.stdout:Feb 16 22:11:41 smithi114 ceph-mon[29235]: Saving service mgr spec with placement count:2
2024-02-16T22:11:41.201 INFO:journalctl@ceph.mon.smithi114.smithi114.stdout:Feb 16 22:11:41 smithi114 ceph-mon[29235]: from='mgr.14120 172.21.15.114:0/2164534274' entity='mgr.smithi114.vcullz'
2024-02-16T22:11:41.202 INFO:journalctl@ceph.mon.smithi114.smithi114.stdout:Feb 16 22:11:41 smithi114 ceph-mon[29235]: from='mgr.14120 172.21.15.114:0/2164534274' entity='mgr.smithi114.vcullz'
2024-02-16T22:11:41.211 INFO:teuthology.orchestra.run.smithi114.stdout:/usr/bin/ceph: stdout Scheduled mgr update...
2024-02-16T22:11:41.211 INFO:teuthology.orchestra.run.smithi114.stdout:/usr/bin/ceph: stderr
2024-02-16T22:11:39.810+0000 7fba22b8d700 1 Processor -- start
2024-02-16T22:11:41.211 INFO:teuthology.orchestra.run.smithi114.stdout:/usr/bin/ceph: stderr
2024-02-16T22:11:39.810+0000 7fba22b8d700 1 -- start start
2024-02-16T22:11:41.211 INFO:teuthology.orchestra.run.smithi114.stdout:/usr/bin/ceph: stderr
2024-02-16T22:11:39.810+0000 7fba22b8d700 1 --2- >> [v2:172.21.15.114:3300/0,v1:172.21.15.114:6789/0] conn(0x7fba1c106420 0x7fba1c106840 unknown :-1 s=NONE pgs=0 cs=0 l=0 rev1=0 crypto rx=0 tx=0 comp rx=0 tx=0).connect
2024-02-16T22:11:41.211 INFO:teuthology.orchestra.run.smithi114.stdout:/usr/bin/ceph: stderr
2024-02-16T22:11:39.810+0000 7fba22b8d700 1 -- --> [v2:172.21.15.114:3300/0,v1:172.21.15.114:6789/0] -- mon_getmap magic: 0 v1 -- 0x7fba1c106e10 con 0x7fba1c106420
2024-02-16T22:11:41.211 INFO:teuthology.orchestra.run.smithi114.stdout:/usr/bin/ceph: stderr
2024-02-16T22:11:39.810+0000 7fba20929700 1 --2- >> [v2:172.21.15.114:3300/0,v1:172.21.15.114:6789/0] conn(0x7fba1c106420 0x7fba1c106840 unknown :-1 s=BANNER_CONNECTING pgs=0 cs=0 l=0 rev1=0 crypto rx=0 tx=0 comp rx=0 tx=0)._handle_peer_banner_payload supported=3 required=0
2024-02-16T22:11:41.211 INFO:teuthology.orchestra.run.smithi114.stdout:/usr/bin/ceph: stderr
2024-02-16T22:11:39.810+0000 7fba20929700 1 --2- >> [v2:172.21.15.114:3300/0,v1:172.21.15.114:6789/0] conn(0x7fba1c106420 0x7fba1c106840 unknown :-1 s=HELLO_CONNECTING pgs=0 cs=0 l=0 rev1=1 crypto rx=0 tx=0 comp rx=0 tx=0).handle_hello peer v2:172.21.15.114:3300/0 says I am v2:172.21.15.114:53034/0 (socket says 172.21.15.114:53034)
2024-02-16T22:11:41.211 INFO:teuthology.orchestra.run.smithi114.stdout:/usr/bin/ceph: stderr
2024-02-16T22:11:39.810+0000 7fba20929700 1 -- 172.21.15.114:0/1562093079 learned_addr learned my addr 172.21.15.114:0/1562093079 (peer_addr_for_me v2:172.21.15.114:0/0)
2024-02-16T22:11:41.211 INFO:teuthology.orchestra.run.smithi114.stdout:/usr/bin/ceph: stderr
2024-02-16T22:11:39.811+0000 7fba20929700 1 -- 172.21.15.114:0/1562093079 --> [v2:172.21.15.114:3300/0,v1:172.21.15.114:6789/0] -- mon_subscribe({config=0+,monmap=0+}) v3 -- 0x7fba1c107620 con 0x7fba1c106420
2024-02-16T22:11:41.211 INFO:teuthology.orchestra.run.smithi114.stdout:/usr/bin/ceph: stderr
2024-02-16T22:11:39.811+0000 7fba20929700 1 --2- 172.21.15.114:0/1562093079 >> [v2:172.21.15.114:3300/0,v1:172.21.15.114:6789/0] conn(0x7fba1c106420 0x7fba1c106840 secure :-1 s=READY pgs=49 cs=0 l=1 rev1=1 crypto rx=0x7fba100098a0 tx=0x7fba10009bb0 comp rx=0 tx=0).ready entity=mon.0 client_cookie=40357a646d17d55d server_cookie=0 in_seq=0 out_seq=0
2024-02-16T22:11:41.211 INFO:teuthology.orchestra.run.smithi114.stdout:/usr/bin/ceph: stderr
2024-02-16T22:11:39.811+0000 7fba1b7fe700 1 -- 172.21.15.114:0/1562093079 <== mon.0 v2:172.21.15.114:3300/0 1 ==== mon_map magic: 0 v1 ==== 229+0+0 (secure 0 0 0) 0x7fba10004180 con 0x7fba1c106420
2024-02-16T22:11:41.211 INFO:teuthology.orchestra.run.smithi114.stdout:/usr/bin/ceph: stderr
2024-02-16T22:11:39.811+0000 7fba1b7fe700 1 -- 172.21.15.114:0/1562093079 <== mon.0 v2:172.21.15.114:3300/0 2 ==== config(27 keys) v1 ==== 1037+0+0 (secure 0 0 0) 0x7fba100042e0 con 0x7fba1c106420
2024-02-16T22:11:41.211 INFO:teuthology.orchestra.run.smithi114.stdout:/usr/bin/ceph: stderr
2024-02-16T22:11:39.811+0000 7fba1b7fe700 1 -- 172.21.15.114:0/1562093079 <== mon.0 v2:172.21.15.114:3300/0 3 ==== mon_map magic: 0 v1 ==== 229+0+0 (secure 0 0 0) 0x7fba10011a50 con 0x7fba1c106420
2024-02-16T22:11:41.211 INFO:teuthology.orchestra.run.smithi114.stdout:/usr/bin/ceph: stderr
2024-02-16T22:11:39.811+0000 7fba22b8d700 1 -- 172.21.15.114:0/1562093079 >> [v2:172.21.15.114:3300/0,v1:172.21.15.114:6789/0] conn(0x7fba1c106420 msgr2=0x7fba1c106840 secure :-1 s=STATE_CONNECTION_ESTABLISHED l=1).mark_down
2024-02-16T22:11:41.212 INFO:teuthology.orchestra.run.smithi114.stdout:/usr/bin/ceph: stderr
2024-02-16T22:11:39.811+0000 7fba22b8d700 1 --2- 172.21.15.114:0/1562093079 >> [v2:172.21.15.114:3300/0,v1:172.21.15.114:6789/0] conn(0x7fba1c106420 0x7fba1c106840 secure :-1 s=READY pgs=49 cs=0 l=1 rev1=1 crypto rx=0x7fba100098a0 tx=0x7fba10009bb0 comp rx=0 tx=0).stop
2024-02-16T22:11:41.212 INFO:teuthology.orchestra.run.smithi114.stdout:/usr/bin/ceph: stderr
2024-02-16T22:11:39.811+0000 7fba22b8d700 1 -- 172.21.15.114:0/1562093079 shutdown_connections
2024-02-16T22:11:41.212 INFO:teuthology.orchestra.run.smithi114.stdout:/usr/bin/ceph: stderr
2024-02-16T22:11:39.811+0000 7fba22b8d700 1 --2- 172.21.15.114:0/1562093079 >> [v2:172.21.15.114:3300/0,v1:172.21.15.114:6789/0] conn(0x7fba1c106420 0x7fba1c106840 unknown :-1 s=CLOSED pgs=49 cs=0 l=1 rev1=1 crypto rx=0 tx=0 comp rx=0 tx=0).stop
2024-02-16T22:11:41.212 INFO:teuthology.orchestra.run.smithi114.stdout:/usr/bin/ceph: stderr
2024-02-16T22:11:39.811+0000 7fba22b8d700 1 -- 172.21.15.114:0/1562093079 >> 172.21.15.114:0/1562093079 conn(0x7fba1c101a00 msgr2=0x7fba1c103e20 unknown :-1 s=STATE_NONE l=0).mark_down
2024-02-16T22:11:41.212 INFO:teuthology.orchestra.run.smithi114.stdout:/usr/bin/ceph: stderr
2024-02-16T22:11:39.811+0000 7fba22b8d700 1 -- 172.21.15.114:0/1562093079 shutdown_connections
2024-02-16T22:11:41.212 INFO:teuthology.orchestra.run.smithi114.stdout:/usr/bin/ceph: stderr
2024-02-16T22:11:39.811+0000 7fba22b8d700 1 -- 172.21.15.114:0/1562093079 wait complete.
2024-02-16T22:11:41.212 INFO:teuthology.orchestra.run.smithi114.stdout:/usr/bin/ceph: stderr
2024-02-16T22:11:39.812+0000 7fba22b8d700 1 Processor -- start
2024-02-16T22:11:41.212 INFO:teuthology.orchestra.run.smithi114.stdout:/usr/bin/ceph: stderr
2024-02-16T22:11:39.812+0000 7fba22b8d700 1 -- start start
2024-02-16T22:11:41.212 INFO:teuthology.orchestra.run.smithi114.stdout:/usr/bin/ceph: stderr
2024-02-16T22:11:39.812+0000 7fba22b8d700 1 --2- >> [v2:172.21.15.114:3300/0,v1:172.21.15.114:6789/0] conn(0x7fba1c106420 0x7fba1c19a0b0 unknown :-1 s=NONE pgs=0 cs=0 l=1 rev1=0 crypto rx=0 tx=0 comp rx=0 tx=0).connect
2024-02-16T22:11:41.212 INFO:teuthology.orchestra.run.smithi114.stdout:/usr/bin/ceph: stderr
2024-02-16T22:11:39.812+0000 7fba22b8d700 1 -- --> [v2:172.21.15.114:3300/0,v1:172.21.15.114:6789/0] -- mon_getmap magic: 0 v1 -- 0x7fba1c19a5f0 con 0x7fba1c106420
2024-02-16T22:11:41.212 INFO:teuthology.orchestra.run.smithi114.stdout:/usr/bin/ceph: stderr
2024-02-16T22:11:39.812+0000 7fba20929700 1 --2- >> [v2:172.21.15.114:3300/0,v1:172.21.15.114:6789/0] conn(0x7fba1c106420 0x7fba1c19a0b0 unknown :-1 s=BANNER_CONNECTING pgs=0 cs=0 l=1 rev1=0 crypto rx=0 tx=0 comp rx=0 tx=0)._handle_peer_banner_payload supported=3 required=0
2024-02-16T22:11:41.212 INFO:teuthology.orchestra.run.smithi114.stdout:/usr/bin/ceph: stderr
2024-02-16T22:11:39.812+0000 7fba20929700 1 --2- >> [v2:172.21.15.114:3300/0,v1:172.21.15.114:6789/0] conn(0x7fba1c106420 0x7fba1c19a0b0 unknown :-1 s=HELLO_CONNECTING pgs=0 cs=0 l=1 rev1=1 crypto rx=0 tx=0 comp rx=0 tx=0).handle_hello peer v2:172.21.15.114:3300/0 says I am v2:172.21.15.114:53050/0 (socket says 172.21.15.114:53050)
2024-02-16T22:11:41.212 INFO:teuthology.orchestra.run.smithi114.stdout:/usr/bin/ceph: stderr
2024-02-16T22:11:39.812+0000 7fba20929700 1 -- 172.21.15.114:0/1576758369 learned_addr learned my addr 172.21.15.114:0/1576758369 (peer_addr_for_me v2:172.21.15.114:0/0)
2024-02-16T22:11:41.212 INFO:teuthology.orchestra.run.smithi114.stdout:/usr/bin/ceph: stderr
2024-02-16T22:11:39.813+0000 7fba20929700 1 -- 172.21.15.114:0/1576758369 --> [v2:172.21.15.114:3300/0,v1:172.21.15.114:6789/0] -- mon_subscribe({config=0+,monmap=0+}) v3 -- 0x7fba10009550 con 0x7fba1c106420
2024-02-16T22:11:41.213 INFO:teuthology.orchestra.run.smithi114.stdout:/usr/bin/ceph: stderr
2024-02-16T22:11:39.813+0000 7fba20929700 1 --2- 172.21.15.114:0/1576758369 >> [v2:172.21.15.114:3300/0,v1:172.21.15.114:6789/0] conn(0x7fba1c106420 0x7fba1c19a0b0 secure :-1 s=READY pgs=50 cs=0 l=1 rev1=1 crypto rx=0x7fba10000c00 tx=0x7fba10011ab0 comp rx=0 tx=0).ready entity=mon.0 client_cookie=0 server_cookie=0 in_seq=0 out_seq=0
2024-02-16T22:11:41.213 INFO:teuthology.orchestra.run.smithi114.stdout:/usr/bin/ceph: stderr
2024-02-16T22:11:39.813+0000 7fba19ffb700 1 -- 172.21.15.114:0/1576758369 <== mon.0 v2:172.21.15.114:3300/0 1 ==== mon_map magic: 0 v1 ==== 229+0+0 (secure 0 0 0) 0x7fba10003b90 con 0x7fba1c106420
2024-02-16T22:11:41.213 INFO:teuthology.orchestra.run.smithi114.stdout:/usr/bin/ceph: stderr
2024-02-16T22:11:39.813+0000 7fba19ffb700 1 -- 172.21.15.114:0/1576758369 <== mon.0 v2:172.21.15.114:3300/0 2 ==== config(27 keys) v1 ==== 1037+0+0 (secure 0 0 0) 0x7fba100248b0 con 0x7fba1c106420
2024-02-16T22:11:41.213 INFO:teuthology.orchestra.run.smithi114.stdout:/usr/bin/ceph: stderr
2024-02-16T22:11:39.813+0000 7fba22b8d700 1 -- 172.21.15.114:0/1576758369 --> [v2:172.21.15.114:3300/0,v1:172.21.15.114:6789/0] -- mon_subscribe({mgrmap=0+}) v3 -- 0x7fba1c19a7f0 con 0x7fba1c106420
2024-02-16T22:11:41.213 INFO:teuthology.orchestra.run.smithi114.stdout:/usr/bin/ceph: stderr
2024-02-16T22:11:39.813+0000 7fba19ffb700 1 -- 172.21.15.114:0/1576758369 <== mon.0 v2:172.21.15.114:3300/0 3 ==== mon_map magic: 0 v1 ==== 229+0+0 (secure 0 0 0) 0x7fba1001a8e0 con 0x7fba1c106420
2024-02-16T22:11:41.213 INFO:teuthology.orchestra.run.smithi114.stdout:/usr/bin/ceph: stderr
2024-02-16T22:11:39.813+0000 7fba22b8d700 1 -- 172.21.15.114:0/1576758369 --> [v2:172.21.15.114:3300/0,v1:172.21.15.114:6789/0] -- mon_subscribe({osdmap=0}) v3 -- 0x7fba1c19ac90 con 0x7fba1c106420
2024-02-16T22:11:41.213 INFO:teuthology.orchestra.run.smithi114.stdout:/usr/bin/ceph: stderr
2024-02-16T22:11:39.814+0000 7fba19ffb700 1 -- 172.21.15.114:0/1576758369 <== mon.0 v2:172.21.15.114:3300/0 4 ==== mgrmap(e 8) v1 ==== 45283+0+0 (secure 0 0 0) 0x7fba1001aba0 con 0x7fba1c106420
2024-02-16T22:11:41.213 INFO:teuthology.orchestra.run.smithi114.stdout:/usr/bin/ceph: stderr
2024-02-16T22:11:39.814+0000 7fba22b8d700 1 -- 172.21.15.114:0/1576758369 --> [v2:172.21.15.114:3300/0,v1:172.21.15.114:6789/0] -- mon_command({"prefix": "get_command_descriptions"} v 0) v1 -- 0x7fba1c0623c0 con 0x7fba1c106420
2024-02-16T22:11:41.213 INFO:teuthology.orchestra.run.smithi114.stdout:/usr/bin/ceph: stderr
2024-02-16T22:11:39.814+0000 7fba19ffb700 1 --2- 172.21.15.114:0/1576758369 >> [v2:172.21.15.114:6800/625910309,v1:172.21.15.114:6801/625910309] conn(0x7fba0c038320 0x7fba0c03a7e0 unknown :-1 s=NONE pgs=0 cs=0 l=1 rev1=0 crypto rx=0 tx=0 comp rx=0 tx=0).connect
2024-02-16T22:11:41.213 INFO:teuthology.orchestra.run.smithi114.stdout:/usr/bin/ceph: stderr
2024-02-16T22:11:39.814+0000 7fba19ffb700 1 -- 172.21.15.114:0/1576758369 <== mon.0 v2:172.21.15.114:3300/0 5 ==== osd_map(2..2 src has 1..2) v4 ==== 940+0+0 (secure 0 0 0) 0x7fba1004c430 con 0x7fba1c106420
2024-02-16T22:11:41.213 INFO:teuthology.orchestra.run.smithi114.stdout:/usr/bin/ceph: stderr
2024-02-16T22:11:39.814+0000 7fba1bfff700 1 --2- 172.21.15.114:0/1576758369 >> [v2:172.21.15.114:6800/625910309,v1:172.21.15.114:6801/625910309] conn(0x7fba0c038320 0x7fba0c03a7e0 unknown :-1 s=BANNER_CONNECTING pgs=0 cs=0 l=1 rev1=0 crypto rx=0 tx=0 comp rx=0 tx=0)._handle_peer_banner_payload supported=3 required=0
2024-02-16T22:11:41.213 INFO:teuthology.orchestra.run.smithi114.stdout:/usr/bin/ceph: stderr
2024-02-16T22:11:39.815+0000 7fba1bfff700 1 --2- 172.21.15.114:0/1576758369 >> [v2:172.21.15.114:6800/625910309,v1:172.21.15.114:6801/625910309] conn(0x7fba0c038320 0x7fba0c03a7e0 secure :-1 s=READY pgs=13 cs=0 l=1 rev1=1 crypto rx=0x7fba08006fd0 tx=0x7fba08006e40 comp rx=0 tx=0).ready entity=mgr.14120 client_cookie=0 server_cookie=0 in_seq=0 out_seq=0
2024-02-16T22:11:41.213 INFO:teuthology.orchestra.run.smithi114.stdout:/usr/bin/ceph: stderr
2024-02-16T22:11:39.819+0000 7fba19ffb700 1 -- 172.21.15.114:0/1576758369 <== mon.0 v2:172.21.15.114:3300/0 6 ==== mon_command_ack([{"prefix": "get_command_descriptions"}]=0 v0) v1 ==== 72+0+180422 (secure 0 0 0) 0x7fba100233a0 con 0x7fba1c106420
2024-02-16T22:11:41.214 INFO:teuthology.orchestra.run.smithi114.stdout:/usr/bin/ceph: stderr
2024-02-16T22:11:40.024+0000 7fba22b8d700 1 -- 172.21.15.114:0/1576758369 --> [v2:172.21.15.114:6800/625910309,v1:172.21.15.114:6801/625910309] -- mgr_command(tid 0: {"prefix": "orch apply", "service_type": "mgr", "target": ["mon-mgr", ""]}) v1 -- 0x7fba1c10a820 con 0x7fba0c038320
2024-02-16T22:11:41.214 INFO:teuthology.orchestra.run.smithi114.stdout:/usr/bin/ceph: stderr
2024-02-16T22:11:40.029+0000 7fba19ffb700 1 -- 172.21.15.114:0/1576758369 <== mgr.14120 v2:172.21.15.114:6800/625910309 1 ==== mgr_command_reply(tid 0: 0 ) v1 ==== 8+0+24 (secure 0 0 0) 0x7fba1c10a820 con 0x7fba0c038320
2024-02-16T22:11:41.214 INFO:teuthology.orchestra.run.smithi114.stdout:/usr/bin/ceph: stderr
2024-02-16T22:11:40.031+0000 7fba22b8d700 1 -- 172.21.15.114:0/1576758369 >> [v2:172.21.15.114:6800/625910309,v1:172.21.15.114:6801/625910309] conn(0x7fba0c038320 msgr2=0x7fba0c03a7e0 secure :-1 s=STATE_CONNECTION_ESTABLISHED l=1).mark_down
2024-02-16T22:11:41.214 INFO:teuthology.orchestra.run.smithi114.stdout:/usr/bin/ceph: stderr
2024-02-16T22:11:40.031+0000 7fba22b8d700 1 --2- 172.21.15.114:0/1576758369 >> [v2:172.21.15.114:6800/625910309,v1:172.21.15.114:6801/625910309] conn(0x7fba0c038320 0x7fba0c03a7e0 secure :-1 s=READY pgs=13 cs=0 l=1 rev1=1 crypto rx=0x7fba08006fd0 tx=0x7fba08006e40 comp rx=0 tx=0).stop
2024-02-16T22:11:41.214 INFO:teuthology.orchestra.run.smithi114.stdout:/usr/bin/ceph: stderr
2024-02-16T22:11:40.031+0000 7fba22b8d700 1 -- 172.21.15.114:0/1576758369 >> [v2:172.21.15.114:3300/0,v1:172.21.15.114:6789/0] conn(0x7fba1c106420 msgr2=0x7fba1c19a0b0 secure :-1 s=STATE_CONNECTION_ESTABLISHED l=1).mark_down
2024-02-16T22:11:41.214 INFO:teuthology.orchestra.run.smithi114.stdout:/usr/bin/ceph: stderr
2024-02-16T22:11:40.031+0000 7fba22b8d700 1 --2- 172.21.15.114:0/1576758369 >> [v2:172.21.15.114:3300/0,v1:172.21.15.114:6789/0] conn(0x7fba1c106420 0x7fba1c19a0b0 secure :-1 s=READY pgs=50 cs=0 l=1 rev1=1 crypto rx=0x7fba10000c00 tx=0x7fba10011ab0 comp rx=0 tx=0).stop
2024-02-16T22:11:41.214 INFO:teuthology.orchestra.run.smithi114.stdout:/usr/bin/ceph: stderr
2024-02-16T22:11:40.031+0000 7fba22b8d700 1 -- 172.21.15.114:0/1576758369 shutdown_connections
2024-02-16T22:11:41.214 INFO:teuthology.orchestra.run.smithi114.stdout:/usr/bin/ceph: stderr
2024-02-16T22:11:40.031+0000 7fba22b8d700 1 --2- 172.21.15.114:0/1576758369 >> [v2:172.21.15.114:6800/625910309,v1:172.21.15.114:6801/625910309] conn(0x7fba0c038320 0x7fba0c03a7e0 unknown :-1 s=CLOSED pgs=13 cs=0 l=1 rev1=1 crypto rx=0 tx=0 comp rx=0 tx=0).stop
2024-02-16T22:11:41.214 INFO:teuthology.orchestra.run.smithi114.stdout:/usr/bin/ceph: stderr
2024-02-16T22:11:40.031+0000 7fba22b8d700 1 --2- 172.21.15.114:0/1576758369 >> [v2:172.21.15.114:3300/0,v1:172.21.15.114:6789/0] conn(0x7fba1c106420 0x7fba1c19a0b0 unknown :-1 s=CLOSED pgs=50 cs=0 l=1 rev1=1 crypto rx=0 tx=0 comp rx=0 tx=0).stop
2024-02-16T22:11:41.214 INFO:teuthology.orchestra.run.smithi114.stdout:/usr/bin/ceph: stderr
2024-02-16T22:11:40.031+0000 7fba22b8d700 1 -- 172.21.15.114:0/1576758369 >> 172.21.15.114:0/1576758369 conn(0x7fba1c101a00 msgr2=0x7fba1c1027f0 unknown :-1 s=STATE_NONE l=0).mark_down
2024-02-16T22:11:41.214 INFO:teuthology.orchestra.run.smithi114.stdout:/usr/bin/ceph: stderr
2024-02-16T22:11:40.031+0000 7fba22b8d700 1 -- 172.21.15.114:0/1576758369 shutdown_connections
2024-02-16T22:11:41.214 INFO:teuthology.orchestra.run.smithi114.stdout:/usr/bin/ceph: stderr
2024-02-16T22:11:40.031+0000 7fba22b8d700 1 -- 172.21.15.114:0/1576758369 wait complete.
2024-02-16T22:11:41.214 INFO:teuthology.orchestra.run.smithi114.stdout:Deploying crash service with default placement...
2024-02-16T22:11:42.702 INFO:journalctl@ceph.mon.smithi114.smithi114.stdout:Feb 16 22:11:42 smithi114 ceph-mon[29235]: from='mgr.14120 172.21.15.114:0/2164534274' entity='mgr.smithi114.vcullz'
2024-02-16T22:11:42.702 INFO:journalctl@ceph.mon.smithi114.smithi114.stdout:Feb 16 22:11:42 smithi114 ceph-mon[29235]: from='client.14146 -' entity='client.admin' cmd=[{"prefix": "orch apply", "service_type": "crash", "target": ["mon-mgr", ""]}]: dispatch
2024-02-16T22:11:42.702 INFO:journalctl@ceph.mon.smithi114.smithi114.stdout:Feb 16 22:11:42 smithi114 ceph-mon[29235]: Saving service crash spec with placement *
2024-02-16T22:11:42.702 INFO:journalctl@ceph.mon.smithi114.smithi114.stdout:Feb 16 22:11:42 smithi114 ceph-mon[29235]: from='mgr.14120 172.21.15.114:0/2164534274' entity='mgr.smithi114.vcullz'
2024-02-16T22:11:42.998 INFO:teuthology.orchestra.run.smithi114.stdout:/usr/bin/ceph: stdout Scheduled crash update...
2024-02-16T22:11:42.998 INFO:teuthology.orchestra.run.smithi114.stdout:/usr/bin/ceph: stderr
2024-02-16T22:11:41.680+0000 7f50a7136700 1 Processor -- start
2024-02-16T22:11:42.998 INFO:teuthology.orchestra.run.smithi114.stdout:/usr/bin/ceph: stderr
2024-02-16T22:11:41.680+0000 7f50a7136700 1 -- start start
2024-02-16T22:11:42.998 INFO:teuthology.orchestra.run.smithi114.stdout:/usr/bin/ceph: stderr
2024-02-16T22:11:41.680+0000 7f50a7136700 1 --2- >> [v2:172.21.15.114:3300/0,v1:172.21.15.114:6789/0] conn(0x7f50a0105340 0x7f50a0105760 unknown :-1 s=NONE pgs=0 cs=0 l=0 rev1=0 crypto rx=0 tx=0 comp rx=0 tx=0).connect
2024-02-16T22:11:42.998 INFO:teuthology.orchestra.run.smithi114.stdout:/usr/bin/ceph: stderr
2024-02-16T22:11:41.680+0000 7f50a7136700 1 -- --> [v2:172.21.15.114:3300/0,v1:172.21.15.114:6789/0] -- mon_getmap magic: 0 v1 -- 0x7f50a0105d30 con 0x7f50a0105340
2024-02-16T22:11:42.998 INFO:teuthology.orchestra.run.smithi114.stdout:/usr/bin/ceph: stderr
2024-02-16T22:11:41.680+0000 7f50a4ed2700 1 --2- >> [v2:172.21.15.114:3300/0,v1:172.21.15.114:6789/0] conn(0x7f50a0105340 0x7f50a0105760 unknown :-1 s=BANNER_CONNECTING pgs=0 cs=0 l=0 rev1=0 crypto rx=0 tx=0 comp rx=0 tx=0)._handle_peer_banner_payload supported=3 required=0
2024-02-16T22:11:42.998 INFO:teuthology.orchestra.run.smithi114.stdout:/usr/bin/ceph: stderr
2024-02-16T22:11:41.680+0000 7f50a4ed2700 1 --2- >> [v2:172.21.15.114:3300/0,v1:172.21.15.114:6789/0] conn(0x7f50a0105340 0x7f50a0105760 unknown :-1 s=HELLO_CONNECTING pgs=0 cs=0 l=0 rev1=1 crypto rx=0 tx=0 comp rx=0 tx=0).handle_hello peer v2:172.21.15.114:3300/0 says I am v2:172.21.15.114:34200/0 (socket says 172.21.15.114:34200)
2024-02-16T22:11:42.998 INFO:teuthology.orchestra.run.smithi114.stdout:/usr/bin/ceph: stderr
2024-02-16T22:11:41.680+0000 7f50a4ed2700 1 -- 172.21.15.114:0/533728611 learned_addr learned my addr 172.21.15.114:0/533728611 (peer_addr_for_me v2:172.21.15.114:0/0)
2024-02-16T22:11:42.998 INFO:teuthology.orchestra.run.smithi114.stdout:/usr/bin/ceph: stderr
2024-02-16T22:11:41.681+0000 7f50a4ed2700 1 -- 172.21.15.114:0/533728611 --> [v2:172.21.15.114:3300/0,v1:172.21.15.114:6789/0] -- mon_subscribe({config=0+,monmap=0+}) v3 -- 0x7f50a0106540 con 0x7f50a0105340
2024-02-16T22:11:42.998 INFO:teuthology.orchestra.run.smithi114.stdout:/usr/bin/ceph: stderr
2024-02-16T22:11:41.681+0000 7f50a4ed2700 1 --2- 172.21.15.114:0/533728611 >> [v2:172.21.15.114:3300/0,v1:172.21.15.114:6789/0] conn(0x7f50a0105340 0x7f50a0105760 secure :-1 s=READY pgs=51 cs=0 l=1 rev1=1 crypto rx=0x7f509400bb40 tx=0x7f509400be50 comp rx=0 tx=0).ready entity=mon.0 client_cookie=35871fb21e47f9a8 server_cookie=0 in_seq=0 out_seq=0
2024-02-16T22:11:42.998 INFO:teuthology.orchestra.run.smithi114.stdout:/usr/bin/ceph: stderr
2024-02-16T22:11:41.681+0000 7f509f7fe700 1 -- 172.21.15.114:0/533728611 <== mon.0 v2:172.21.15.114:3300/0 1 ==== mon_map magic: 0 v1 ==== 229+0+0 (secure 0 0 0) 0x7f509400dc00 con 0x7f50a0105340
2024-02-16T22:11:42.999 INFO:teuthology.orchestra.run.smithi114.stdout:/usr/bin/ceph: stderr
2024-02-16T22:11:41.681+0000 7f509f7fe700 1 -- 172.21.15.114:0/533728611 <== mon.0 v2:172.21.15.114:3300/0 2 ==== config(27 keys) v1 ==== 1101+0+0 (secure 0 0 0) 0x7f50940044e0 con 0x7f50a0105340
2024-02-16T22:11:42.999 INFO:teuthology.orchestra.run.smithi114.stdout:/usr/bin/ceph: stderr
2024-02-16T22:11:41.681+0000 7f509f7fe700 1 -- 172.21.15.114:0/533728611 <== mon.0 v2:172.21.15.114:3300/0 3 ==== mon_map magic: 0 v1 ==== 229+0+0 (secure 0 0 0) 0x7f5094010470 con 0x7f50a0105340
2024-02-16T22:11:42.999 INFO:teuthology.orchestra.run.smithi114.stdout:/usr/bin/ceph: stderr
2024-02-16T22:11:41.682+0000 7f50a7136700 1 -- 172.21.15.114:0/533728611 >> [v2:172.21.15.114:3300/0,v1:172.21.15.114:6789/0] conn(0x7f50a0105340 msgr2=0x7f50a0105760 secure :-1 s=STATE_CONNECTION_ESTABLISHED l=1).mark_down
2024-02-16T22:11:42.999 INFO:teuthology.orchestra.run.smithi114.stdout:/usr/bin/ceph: stderr
2024-02-16T22:11:41.682+0000 7f50a7136700 1 --2- 172.21.15.114:0/533728611 >> [v2:172.21.15.114:3300/0,v1:172.21.15.114:6789/0] conn(0x7f50a0105340 0x7f50a0105760 secure :-1 s=READY pgs=51 cs=0 l=1 rev1=1 crypto rx=0x7f509400bb40 tx=0x7f509400be50 comp rx=0 tx=0).stop
2024-02-16T22:11:42.999 INFO:teuthology.orchestra.run.smithi114.stdout:/usr/bin/ceph: stderr
2024-02-16T22:11:41.682+0000 7f50a7136700 1 -- 172.21.15.114:0/533728611 shutdown_connections
2024-02-16T22:11:42.999 INFO:teuthology.orchestra.run.smithi114.stdout:/usr/bin/ceph: stderr
2024-02-16T22:11:41.682+0000 7f50a7136700 1 --2- 172.21.15.114:0/533728611 >> [v2:172.21.15.114:3300/0,v1:172.21.15.114:6789/0] conn(0x7f50a0105340 0x7f50a0105760 unknown :-1 s=CLOSED pgs=51 cs=0 l=1 rev1=1 crypto rx=0 tx=0 comp rx=0 tx=0).stop
2024-02-16T22:11:42.999 INFO:teuthology.orchestra.run.smithi114.stdout:/usr/bin/ceph: stderr
2024-02-16T22:11:41.682+0000 7f50a7136700 1 -- 172.21.15.114:0/533728611 >> 172.21.15.114:0/533728611 conn(0x7f50a01008c0 msgr2=0x7f50a0102d20 unknown :-1 s=STATE_NONE l=0).mark_down
2024-02-16T22:11:42.999 INFO:teuthology.orchestra.run.smithi114.stdout:/usr/bin/ceph: stderr
2024-02-16T22:11:41.682+0000 7f50a7136700 1 -- 172.21.15.114:0/533728611 shutdown_connections
2024-02-16T22:11:42.999 INFO:teuthology.orchestra.run.smithi114.stdout:/usr/bin/ceph: stderr
2024-02-16T22:11:41.682+0000 7f50a7136700 1 -- 172.21.15.114:0/533728611 wait complete.
2024-02-16T22:11:42.999 INFO:teuthology.orchestra.run.smithi114.stdout:/usr/bin/ceph: stderr
2024-02-16T22:11:41.682+0000 7f50a7136700 1 Processor -- start
2024-02-16T22:11:42.999 INFO:teuthology.orchestra.run.smithi114.stdout:/usr/bin/ceph: stderr
2024-02-16T22:11:41.682+0000 7f50a7136700 1 -- start start
2024-02-16T22:11:42.999 INFO:teuthology.orchestra.run.smithi114.stdout:/usr/bin/ceph: stderr
2024-02-16T22:11:41.683+0000 7f50a7136700 1 --2- >> [v2:172.21.15.114:3300/0,v1:172.21.15.114:6789/0] conn(0x7f50a0105340 0x7f50a0197f70 unknown :-1 s=NONE pgs=0 cs=0 l=1 rev1=0 crypto rx=0 tx=0 comp rx=0 tx=0).connect
2024-02-16T22:11:42.999 INFO:teuthology.orchestra.run.smithi114.stdout:/usr/bin/ceph: stderr
2024-02-16T22:11:41.683+0000 7f50a7136700 1 -- --> [v2:172.21.15.114:3300/0,v1:172.21.15.114:6789/0] -- mon_getmap magic: 0 v1 -- 0x7f50a01984b0 con 0x7f50a0105340
2024-02-16T22:11:42.999 INFO:teuthology.orchestra.run.smithi114.stdout:/usr/bin/ceph: stderr
2024-02-16T22:11:41.683+0000 7f50a4ed2700 1 --2- >> [v2:172.21.15.114:3300/0,v1:172.21.15.114:6789/0] conn(0x7f50a0105340 0x7f50a0197f70 unknown :-1 s=BANNER_CONNECTING pgs=0 cs=0 l=1 rev1=0 crypto rx=0 tx=0 comp rx=0 tx=0)._handle_peer_banner_payload supported=3 required=0
2024-02-16T22:11:43.000 INFO:teuthology.orchestra.run.smithi114.stdout:/usr/bin/ceph: stderr
2024-02-16T22:11:41.683+0000 7f50a4ed2700 1 --2- >> [v2:172.21.15.114:3300/0,v1:172.21.15.114:6789/0] conn(0x7f50a0105340 0x7f50a0197f70 unknown :-1 s=HELLO_CONNECTING pgs=0 cs=0 l=1 rev1=1 crypto rx=0 tx=0 comp rx=0 tx=0).handle_hello peer v2:172.21.15.114:3300/0 says I am v2:172.21.15.114:34202/0 (socket says 172.21.15.114:34202)
2024-02-16T22:11:43.000 INFO:teuthology.orchestra.run.smithi114.stdout:/usr/bin/ceph: stderr
2024-02-16T22:11:41.683+0000 7f50a4ed2700 1 -- 172.21.15.114:0/647114015 learned_addr learned my addr 172.21.15.114:0/647114015 (peer_addr_for_me v2:172.21.15.114:0/0)
2024-02-16T22:11:43.000 INFO:teuthology.orchestra.run.smithi114.stdout:/usr/bin/ceph: stderr
2024-02-16T22:11:41.683+0000 7f50a4ed2700 1 -- 172.21.15.114:0/647114015 --> [v2:172.21.15.114:3300/0,v1:172.21.15.114:6789/0] -- mon_subscribe({config=0+,monmap=0+}) v3 -- 0x7f509400b7f0 con 0x7f50a0105340
2024-02-16T22:11:43.000 INFO:teuthology.orchestra.run.smithi114.stdout:/usr/bin/ceph: stderr
2024-02-16T22:11:41.683+0000 7f50a4ed2700 1 --2- 172.21.15.114:0/647114015 >> [v2:172.21.15.114:3300/0,v1:172.21.15.114:6789/0] conn(0x7f50a0105340 0x7f50a0197f70 secure :-1 s=READY pgs=52 cs=0 l=1 rev1=1 crypto rx=0x7f509400b340 tx=0x7f5094004070 comp rx=0 tx=0).ready entity=mon.0 client_cookie=0 server_cookie=0 in_seq=0 out_seq=0
2024-02-16T22:11:43.000 INFO:teuthology.orchestra.run.smithi114.stdout:/usr/bin/ceph: stderr
2024-02-16T22:11:41.683+0000 7f509dffb700 1 -- 172.21.15.114:0/647114015 <== mon.0 v2:172.21.15.114:3300/0 1 ==== mon_map magic: 0 v1 ==== 229+0+0 (secure 0 0 0) 0x7f509401e070 con 0x7f50a0105340
2024-02-16T22:11:43.000 INFO:teuthology.orchestra.run.smithi114.stdout:/usr/bin/ceph: stderr
2024-02-16T22:11:41.683+0000 7f509dffb700 1 -- 172.21.15.114:0/647114015 <== mon.0 v2:172.21.15.114:3300/0 2 ==== config(27 keys) v1 ==== 1101+0+0 (secure 0 0 0) 0x7f509400de20 con 0x7f50a0105340
2024-02-16T22:11:43.000 INFO:teuthology.orchestra.run.smithi114.stdout:/usr/bin/ceph: stderr
2024-02-16T22:11:41.683+0000 7f50a7136700 1 -- 172.21.15.114:0/647114015 --> [v2:172.21.15.114:3300/0,v1:172.21.15.114:6789/0] -- mon_subscribe({mgrmap=0+}) v3 -- 0x7f50a01986b0 con 0x7f50a0105340
2024-02-16T22:11:43.000 INFO:teuthology.orchestra.run.smithi114.stdout:/usr/bin/ceph: stderr
2024-02-16T22:11:41.683+0000 7f509dffb700 1 -- 172.21.15.114:0/647114015 <== mon.0 v2:172.21.15.114:3300/0 3 ==== mon_map magic: 0 v1 ==== 229+0+0 (secure 0 0 0) 0x7f5094022a00 con 0x7f50a0105340
2024-02-16T22:11:43.000 INFO:teuthology.orchestra.run.smithi114.stdout:/usr/bin/ceph: stderr
2024-02-16T22:11:41.684+0000 7f50a7136700 1 -- 172.21.15.114:0/647114015 --> [v2:172.21.15.114:3300/0,v1:172.21.15.114:6789/0] -- mon_subscribe({osdmap=0}) v3 -- 0x7f50a0198b50 con 0x7f50a0105340
2024-02-16T22:11:43.000 INFO:teuthology.orchestra.run.smithi114.stdout:/usr/bin/ceph: stderr
2024-02-16T22:11:41.684+0000 7f509dffb700 1 -- 172.21.15.114:0/647114015 <== mon.0 v2:172.21.15.114:3300/0 4 ==== mgrmap(e 8) v1 ==== 45283+0+0 (secure 0 0 0) 0x7f5094010730 con 0x7f50a0105340
2024-02-16T22:11:43.000 INFO:teuthology.orchestra.run.smithi114.stdout:/usr/bin/ceph: stderr
2024-02-16T22:11:41.684+0000 7f50a7136700 1 -- 172.21.15.114:0/647114015 --> [v2:172.21.15.114:3300/0,v1:172.21.15.114:6789/0] -- mon_command({"prefix": "get_command_descriptions"} v 0) v1 -- 0x7f50a0191bd0 con 0x7f50a0105340
2024-02-16T22:11:43.000 INFO:teuthology.orchestra.run.smithi114.stdout:/usr/bin/ceph: stderr
2024-02-16T22:11:41.684+0000 7f509dffb700 1 --2- 172.21.15.114:0/647114015 >> [v2:172.21.15.114:6800/625910309,v1:172.21.15.114:6801/625910309] conn(0x7f50900382d0 0x7f509003a790 unknown :-1 s=NONE pgs=0 cs=0 l=1 rev1=0 crypto rx=0 tx=0 comp rx=0 tx=0).connect
2024-02-16T22:11:43.000 INFO:teuthology.orchestra.run.smithi114.stdout:/usr/bin/ceph: stderr
2024-02-16T22:11:41.685+0000 7f509dffb700 1 -- 172.21.15.114:0/647114015 <== mon.0 v2:172.21.15.114:3300/0 5 ==== osd_map(2..2 src has 1..2) v4 ==== 940+0+0 (secure 0 0 0) 0x7f509404e5f0 con 0x7f50a0105340
2024-02-16T22:11:43.001 INFO:teuthology.orchestra.run.smithi114.stdout:/usr/bin/ceph: stderr
2024-02-16T22:11:41.685+0000 7f509ffff700 1 --2- 172.21.15.114:0/647114015 >> [v2:172.21.15.114:6800/625910309,v1:172.21.15.114:6801/625910309] conn(0x7f50900382d0 0x7f509003a790 unknown :-1 s=BANNER_CONNECTING pgs=0 cs=0 l=1 rev1=0 crypto rx=0 tx=0 comp rx=0 tx=0)._handle_peer_banner_payload supported=3 required=0
2024-02-16T22:11:43.001 INFO:teuthology.orchestra.run.smithi114.stdout:/usr/bin/ceph: stderr
2024-02-16T22:11:41.685+0000 7f509ffff700 1 --2- 172.21.15.114:0/647114015 >> [v2:172.21.15.114:6800/625910309,v1:172.21.15.114:6801/625910309] conn(0x7f50900382d0 0x7f509003a790 secure :-1 s=READY pgs=14 cs=0 l=1 rev1=1 crypto rx=0x7f508c006fd0 tx=0x7f508c006e40 comp rx=0 tx=0).ready entity=mgr.14120 client_cookie=0 server_cookie=0 in_seq=0 out_seq=0
2024-02-16T22:11:43.001 INFO:teuthology.orchestra.run.smithi114.stdout:/usr/bin/ceph: stderr
2024-02-16T22:11:41.690+0000 7f509dffb700 1 -- 172.21.15.114:0/647114015 <== mon.0 v2:172.21.15.114:3300/0 6 ==== mon_command_ack([{"prefix": "get_command_descriptions"}]=0 v0) v1 ==== 72+0+180422 (secure 0 0 0) 0x7f5094021ba0 con 0x7f50a0105340
2024-02-16T22:11:43.001 INFO:teuthology.orchestra.run.smithi114.stdout:/usr/bin/ceph: stderr
2024-02-16T22:11:41.942+0000 7f50a7136700 1 -- 172.21.15.114:0/647114015 --> [v2:172.21.15.114:6800/625910309,v1:172.21.15.114:6801/625910309] -- mgr_command(tid 0: {"prefix": "orch apply", "service_type": "crash", "target": ["mon-mgr", ""]}) v1 -- 0x7f50a00611d0 con 0x7f50900382d0
2024-02-16T22:11:43.001 INFO:teuthology.orchestra.run.smithi114.stdout:/usr/bin/ceph: stderr
2024-02-16T22:11:41.949+0000 7f509dffb700 1 -- 172.21.15.114:0/647114015 <== mgr.14120 v2:172.21.15.114:6800/625910309 1 ==== mgr_command_reply(tid 0: 0 ) v1 ==== 8+0+26 (secure 0 0 0) 0x7f50a00611d0 con 0x7f50900382d0
2024-02-16T22:11:43.001 INFO:teuthology.orchestra.run.smithi114.stdout:/usr/bin/ceph: stderr
2024-02-16T22:11:41.951+0000 7f50a7136700 1 -- 172.21.15.114:0/647114015 >> [v2:172.21.15.114:6800/625910309,v1:172.21.15.114:6801/625910309] conn(0x7f50900382d0 msgr2=0x7f509003a790 secure :-1 s=STATE_CONNECTION_ESTABLISHED l=1).mark_down
2024-02-16T22:11:43.001 INFO:teuthology.orchestra.run.smithi114.stdout:/usr/bin/ceph: stderr
2024-02-16T22:11:41.951+0000 7f50a7136700 1 --2- 172.21.15.114:0/647114015 >> [v2:172.21.15.114:6800/625910309,v1:172.21.15.114:6801/625910309] conn(0x7f50900382d0 0x7f509003a790 secure :-1 s=READY pgs=14 cs=0 l=1 rev1=1 crypto rx=0x7f508c006fd0 tx=0x7f508c006e40 comp rx=0 tx=0).stop
2024-02-16T22:11:43.001 INFO:teuthology.orchestra.run.smithi114.stdout:/usr/bin/ceph: stderr
2024-02-16T22:11:41.951+0000 7f50a7136700 1 -- 172.21.15.114:0/647114015 >> [v2:172.21.15.114:3300/0,v1:172.21.15.114:6789/0] conn(0x7f50a0105340 msgr2=0x7f50a0197f70 secure :-1 s=STATE_CONNECTION_ESTABLISHED l=1).mark_down
2024-02-16T22:11:43.001 INFO:teuthology.orchestra.run.smithi114.stdout:/usr/bin/ceph: stderr
2024-02-16T22:11:41.952+0000 7f50a7136700 1 --2- 172.21.15.114:0/647114015 >> [v2:172.21.15.114:3300/0,v1:172.21.15.114:6789/0] conn(0x7f50a0105340 0x7f50a0197f70 secure :-1 s=READY pgs=52 cs=0 l=1 rev1=1 crypto rx=0x7f509400b340 tx=0x7f5094004070 comp rx=0 tx=0).stop
2024-02-16T22:11:43.001 INFO:teuthology.orchestra.run.smithi114.stdout:/usr/bin/ceph: stderr
2024-02-16T22:11:41.952+0000 7f50a7136700 1 -- 172.21.15.114:0/647114015 shutdown_connections
2024-02-16T22:11:43.001 INFO:teuthology.orchestra.run.smithi114.stdout:/usr/bin/ceph: stderr
2024-02-16T22:11:41.952+0000 7f50a7136700 1 --2- 172.21.15.114:0/647114015 >> [v2:172.21.15.114:6800/625910309,v1:172.21.15.114:6801/625910309] conn(0x7f50900382d0 0x7f509003a790 unknown :-1 s=CLOSED pgs=14 cs=0 l=1 rev1=1 crypto rx=0 tx=0 comp rx=0 tx=0).stop
2024-02-16T22:11:43.002 INFO:teuthology.orchestra.run.smithi114.stdout:/usr/bin/ceph: stderr
2024-02-16T22:11:41.952+0000 7f50a7136700 1 --2- 172.21.15.114:0/647114015 >> [v2:172.21.15.114:3300/0,v1:172.21.15.114:6789/0] conn(0x7f50a0105340 0x7f50a0197f70 unknown :-1 s=CLOSED pgs=52 cs=0 l=1 rev1=1 crypto rx=0 tx=0 comp rx=0 tx=0).stop
2024-02-16T22:11:43.002 INFO:teuthology.orchestra.run.smithi114.stdout:/usr/bin/ceph: stderr
2024-02-16T22:11:41.952+0000 7f50a7136700 1 -- 172.21.15.114:0/647114015 >> 172.21.15.114:0/647114015 conn(0x7f50a01008c0 msgr2=0x7f50a018ed10 unknown :-1 s=STATE_NONE l=0).mark_down
2024-02-16T22:11:43.002 INFO:teuthology.orchestra.run.smithi114.stdout:/usr/bin/ceph: stderr
2024-02-16T22:11:41.952+0000 7f50a7136700 1 -- 172.21.15.114:0/647114015 shutdown_connections
2024-02-16T22:11:43.002 INFO:teuthology.orchestra.run.smithi114.stdout:/usr/bin/ceph: stderr
2024-02-16T22:11:41.952+0000 7f50a7136700 1 -- 172.21.15.114:0/647114015 wait complete.
2024-02-16T22:11:43.002 INFO:teuthology.orchestra.run.smithi114.stdout:Deploying ceph-exporter service with default placement...
2024-02-16T22:11:43.951 INFO:journalctl@ceph.mon.smithi114.smithi114.stdout:Feb 16 22:11:43 smithi114 ceph-mon[29235]: from='mgr.14120 172.21.15.114:0/2164534274' entity='mgr.smithi114.vcullz'
2024-02-16T22:11:43.951 INFO:journalctl@ceph.mon.smithi114.smithi114.stdout:Feb 16 22:11:43 smithi114 ceph-mon[29235]: from='mgr.14120 172.21.15.114:0/2164534274' entity='mgr.smithi114.vcullz'
2024-02-16T22:11:44.204 INFO:teuthology.orchestra.run.smithi114.stdout:/usr/bin/ceph: stdout Scheduled ceph-exporter update...
2024-02-16T22:11:44.204 INFO:teuthology.orchestra.run.smithi114.stdout:/usr/bin/ceph: stderr
2024-02-16T22:11:43.428+0000 7f993a6f7700 1 Processor -- start
2024-02-16T22:11:44.204 INFO:teuthology.orchestra.run.smithi114.stdout:/usr/bin/ceph: stderr
2024-02-16T22:11:43.428+0000 7f993a6f7700 1 -- start start
2024-02-16T22:11:44.204 INFO:teuthology.orchestra.run.smithi114.stdout:/usr/bin/ceph: stderr
2024-02-16T22:11:43.428+0000 7f993a6f7700 1 --2- >> [v2:172.21.15.114:3300/0,v1:172.21.15.114:6789/0] conn(0x7f993407bed0 0x7f993407a330 unknown :-1 s=NONE pgs=0 cs=0 l=0 rev1=0 crypto rx=0 tx=0 comp rx=0 tx=0).connect
2024-02-16T22:11:44.205 INFO:teuthology.orchestra.run.smithi114.stdout:/usr/bin/ceph: stderr
2024-02-16T22:11:43.428+0000 7f993a6f7700 1 -- --> [v2:172.21.15.114:3300/0,v1:172.21.15.114:6789/0] -- mon_getmap magic: 0 v1 -- 0x7f993407a900 con 0x7f993407bed0
2024-02-16T22:11:44.205 INFO:teuthology.orchestra.run.smithi114.stdout:/usr/bin/ceph: stderr
2024-02-16T22:11:43.429+0000 7f9933fff700 1 --2- >> [v2:172.21.15.114:3300/0,v1:172.21.15.114:6789/0] conn(0x7f993407bed0 0x7f993407a330 unknown :-1 s=BANNER_CONNECTING pgs=0 cs=0 l=0 rev1=0 crypto rx=0 tx=0 comp rx=0 tx=0)._handle_peer_banner_payload supported=3 required=0
2024-02-16T22:11:44.205 INFO:teuthology.orchestra.run.smithi114.stdout:/usr/bin/ceph: stderr
2024-02-16T22:11:43.429+0000 7f9933fff700 1 --2- >> [v2:172.21.15.114:3300/0,v1:172.21.15.114:6789/0] conn(0x7f993407bed0 0x7f993407a330 unknown :-1 s=HELLO_CONNECTING pgs=0 cs=0 l=0 rev1=1 crypto rx=0 tx=0 comp rx=0 tx=0).handle_hello peer v2:172.21.15.114:3300/0 says I am v2:172.21.15.114:34212/0 (socket says 172.21.15.114:34212)
2024-02-16T22:11:44.205 INFO:teuthology.orchestra.run.smithi114.stdout:/usr/bin/ceph: stderr
2024-02-16T22:11:43.429+0000 7f9933fff700 1 -- 172.21.15.114:0/3448502099 learned_addr learned my addr 172.21.15.114:0/3448502099 (peer_addr_for_me v2:172.21.15.114:0/0)
2024-02-16T22:11:44.205 INFO:teuthology.orchestra.run.smithi114.stdout:/usr/bin/ceph: stderr
2024-02-16T22:11:43.429+0000 7f9933fff700 1 -- 172.21.15.114:0/3448502099 --> [v2:172.21.15.114:3300/0,v1:172.21.15.114:6789/0] -- mon_subscribe({config=0+,monmap=0+}) v3 -- 0x7f993407aa40 con 0x7f993407bed0
2024-02-16T22:11:44.205 INFO:teuthology.orchestra.run.smithi114.stdout:/usr/bin/ceph: stderr
2024-02-16T22:11:43.429+0000 7f9933fff700 1 --2- 172.21.15.114:0/3448502099 >> [v2:172.21.15.114:3300/0,v1:172.21.15.114:6789/0] conn(0x7f993407bed0 0x7f993407a330 secure :-1 s=READY pgs=53 cs=0 l=1 rev1=1 crypto rx=0x7f99240098a0 tx=0x7f9924009bb0 comp rx=0 tx=0).ready entity=mon.0 client_cookie=84fcb543c1d043f7 server_cookie=0 in_seq=0 out_seq=0
2024-02-16T22:11:44.205 INFO:teuthology.orchestra.run.smithi114.stdout:/usr/bin/ceph: stderr
2024-02-16T22:11:43.430+0000 7f9932ffd700 1 -- 172.21.15.114:0/3448502099 <== mon.0 v2:172.21.15.114:3300/0 1 ==== mon_map magic: 0 v1 ==== 229+0+0 (secure 0 0 0) 0x7f9924004180 con 0x7f993407bed0
2024-02-16T22:11:44.205 INFO:teuthology.orchestra.run.smithi114.stdout:/usr/bin/ceph: stderr
2024-02-16T22:11:43.430+0000 7f9932ffd700 1 -- 172.21.15.114:0/3448502099 <== mon.0 v2:172.21.15.114:3300/0 2 ==== config(27 keys) v1 ==== 1101+0+0 (secure 0 0 0) 0x7f99240042e0 con 0x7f993407bed0
