2024-02-16T22:11:52.177 INFO:teuthology.orchestra.run.smithi114.stdout:/usr/bin/ceph: stderr
2024-02-16T22:11:51.355+0000 7f7af3f1c700 1 -- 172.21.15.114:0/2249985295 shutdown_connections
2024-02-16T22:11:52.178 INFO:teuthology.orchestra.run.smithi114.stdout:/usr/bin/ceph: stderr
2024-02-16T22:11:51.355+0000 7f7af3f1c700 1 -- 172.21.15.114:0/2249985295 wait complete.
2024-02-16T22:11:52.178 INFO:teuthology.orchestra.run.smithi114.stdout:/usr/bin/ceph: stderr
2024-02-16T22:11:51.355+0000 7f7af3f1c700 1 Processor -- start
2024-02-16T22:11:52.178 INFO:teuthology.orchestra.run.smithi114.stdout:/usr/bin/ceph: stderr
2024-02-16T22:11:51.355+0000 7f7af3f1c700 1 -- start start
2024-02-16T22:11:52.178 INFO:teuthology.orchestra.run.smithi114.stdout:/usr/bin/ceph: stderr
2024-02-16T22:11:51.355+0000 7f7af3f1c700 1 --2- >> [v2:172.21.15.114:3300/0,v1:172.21.15.114:6789/0] conn(0x7f7aec104730 0x7f7aec19a180 unknown :-1 s=NONE pgs=0 cs=0 l=1 rev1=0 crypto rx=0 tx=0 comp rx=0 tx=0).connect
2024-02-16T22:11:52.178 INFO:teuthology.orchestra.run.smithi114.stdout:/usr/bin/ceph: stderr
2024-02-16T22:11:51.355+0000 7f7af3f1c700 1 -- --> [v2:172.21.15.114:3300/0,v1:172.21.15.114:6789/0] -- mon_getmap magic: 0 v1 -- 0x7f7aec19a6c0 con 0x7f7aec104730
2024-02-16T22:11:52.178 INFO:teuthology.orchestra.run.smithi114.stdout:/usr/bin/ceph: stderr
2024-02-16T22:11:51.355+0000 7f7af1cb8700 1 --2- >> [v2:172.21.15.114:3300/0,v1:172.21.15.114:6789/0] conn(0x7f7aec104730 0x7f7aec19a180 unknown :-1 s=BANNER_CONNECTING pgs=0 cs=0 l=1 rev1=0 crypto rx=0 tx=0 comp rx=0 tx=0)._handle_peer_banner_payload supported=3 required=0
2024-02-16T22:11:52.178 INFO:teuthology.orchestra.run.smithi114.stdout:/usr/bin/ceph: stderr
2024-02-16T22:11:51.355+0000 7f7af1cb8700 1 --2- >> [v2:172.21.15.114:3300/0,v1:172.21.15.114:6789/0] conn(0x7f7aec104730 0x7f7aec19a180 unknown :-1 s=HELLO_CONNECTING pgs=0 cs=0 l=1 rev1=1 crypto rx=0 tx=0 comp rx=0 tx=0).handle_hello peer v2:172.21.15.114:3300/0 says I am v2:172.21.15.114:34314/0 (socket says 172.21.15.114:34314)
2024-02-16T22:11:52.178 INFO:teuthology.orchestra.run.smithi114.stdout:/usr/bin/ceph: stderr
2024-02-16T22:11:51.355+0000 7f7af1cb8700 1 -- 172.21.15.114:0/920158197 learned_addr learned my addr 172.21.15.114:0/920158197 (peer_addr_for_me v2:172.21.15.114:0/0)
2024-02-16T22:11:52.178 INFO:teuthology.orchestra.run.smithi114.stdout:/usr/bin/ceph: stderr
2024-02-16T22:11:51.356+0000 7f7af1cb8700 1 -- 172.21.15.114:0/920158197 --> [v2:172.21.15.114:3300/0,v1:172.21.15.114:6789/0] -- mon_subscribe({config=0+,monmap=0+}) v3 -- 0x7f7ae8009550 con 0x7f7aec104730
2024-02-16T22:11:52.178 INFO:teuthology.orchestra.run.smithi114.stdout:/usr/bin/ceph: stderr
2024-02-16T22:11:51.356+0000 7f7af1cb8700 1 --2- 172.21.15.114:0/920158197 >> [v2:172.21.15.114:3300/0,v1:172.21.15.114:6789/0] conn(0x7f7aec104730 0x7f7aec19a180 secure :-1 s=READY pgs=66 cs=0 l=1 rev1=1 crypto rx=0x7f7ae8011670 tx=0x7f7ae8011b50 comp rx=0 tx=0).ready entity=mon.0 client_cookie=0 server_cookie=0 in_seq=0 out_seq=0
2024-02-16T22:11:52.178 INFO:teuthology.orchestra.run.smithi114.stdout:/usr/bin/ceph: stderr
2024-02-16T22:11:51.356+0000 7f7ae2ffd700 1 -- 172.21.15.114:0/920158197 <== mon.0 v2:172.21.15.114:3300/0 1 ==== mon_map magic: 0 v1 ==== 229+0+0 (secure 0 0 0) 0x7f7ae80039f0 con 0x7f7aec104730
2024-02-16T22:11:52.178 INFO:teuthology.orchestra.run.smithi114.stdout:/usr/bin/ceph: stderr
2024-02-16T22:11:51.356+0000 7f7ae2ffd700 1 -- 172.21.15.114:0/920158197 <== mon.0 v2:172.21.15.114:3300/0 2 ==== config(27 keys) v1 ==== 1101+0+0 (secure 0 0 0) 0x7f7ae8003b50 con 0x7f7aec104730
2024-02-16T22:11:52.178 INFO:teuthology.orchestra.run.smithi114.stdout:/usr/bin/ceph: stderr
2024-02-16T22:11:51.356+0000 7f7af3f1c700 1 -- 172.21.15.114:0/920158197 --> [v2:172.21.15.114:3300/0,v1:172.21.15.114:6789/0] -- mon_subscribe({mgrmap=0+}) v3 -- 0x7f7aec19a8c0 con 0x7f7aec104730
2024-02-16T22:11:52.178 INFO:teuthology.orchestra.run.smithi114.stdout:/usr/bin/ceph: stderr
2024-02-16T22:11:51.356+0000 7f7ae2ffd700 1 -- 172.21.15.114:0/920158197 <== mon.0 v2:172.21.15.114:3300/0 3 ==== mon_map magic: 0 v1 ==== 229+0+0 (secure 0 0 0) 0x7f7ae80247c0 con 0x7f7aec104730
2024-02-16T22:11:52.178 INFO:teuthology.orchestra.run.smithi114.stdout:/usr/bin/ceph: stderr
2024-02-16T22:11:51.356+0000 7f7af3f1c700 1 -- 172.21.15.114:0/920158197 --> [v2:172.21.15.114:3300/0,v1:172.21.15.114:6789/0] -- mon_subscribe({osdmap=0}) v3 -- 0x7f7aec19ad60 con 0x7f7aec104730
2024-02-16T22:11:52.179 INFO:teuthology.orchestra.run.smithi114.stdout:/usr/bin/ceph: stderr
2024-02-16T22:11:51.357+0000 7f7ae2ffd700 1 -- 172.21.15.114:0/920158197 <== mon.0 v2:172.21.15.114:3300/0 4 ==== mgrmap(e 8) v1 ==== 45283+0+0 (secure 0 0 0) 0x7f7ae802d3f0 con 0x7f7aec104730
2024-02-16T22:11:52.179 INFO:teuthology.orchestra.run.smithi114.stdout:/usr/bin/ceph: stderr
2024-02-16T22:11:51.357+0000 7f7ae2ffd700 1 --2- 172.21.15.114:0/920158197 >> [v2:172.21.15.114:6800/625910309,v1:172.21.15.114:6801/625910309] conn(0x7f7ad8038370 0x7f7ad803a830 unknown :-1 s=NONE pgs=0 cs=0 l=1 rev1=0 crypto rx=0 tx=0 comp rx=0 tx=0).connect
2024-02-16T22:11:52.179 INFO:teuthology.orchestra.run.smithi114.stdout:/usr/bin/ceph: stderr
2024-02-16T22:11:51.357+0000 7f7ae2ffd700 1 -- 172.21.15.114:0/920158197 <== mon.0 v2:172.21.15.114:3300/0 5 ==== osd_map(2..2 src has 1..2) v4 ==== 940+0+0 (secure 0 0 0) 0x7f7ae804c360 con 0x7f7aec104730
2024-02-16T22:11:52.179 INFO:teuthology.orchestra.run.smithi114.stdout:/usr/bin/ceph: stderr
2024-02-16T22:11:51.357+0000 7f7af3f1c700 1 -- 172.21.15.114:0/920158197 --> [v2:172.21.15.114:3300/0,v1:172.21.15.114:6789/0] -- mon_command({"prefix": "get_command_descriptions"} v 0) v1 -- 0x7f7aec0623c0 con 0x7f7aec104730
2024-02-16T22:11:52.179 INFO:teuthology.orchestra.run.smithi114.stdout:/usr/bin/ceph: stderr
2024-02-16T22:11:51.357+0000 7f7af14b7700 1 --2- 172.21.15.114:0/920158197 >> [v2:172.21.15.114:6800/625910309,v1:172.21.15.114:6801/625910309] conn(0x7f7ad8038370 0x7f7ad803a830 unknown :-1 s=BANNER_CONNECTING pgs=0 cs=0 l=1 rev1=0 crypto rx=0 tx=0 comp rx=0 tx=0)._handle_peer_banner_payload supported=3 required=0
2024-02-16T22:11:52.179 INFO:teuthology.orchestra.run.smithi114.stdout:/usr/bin/ceph: stderr
2024-02-16T22:11:51.358+0000 7f7af14b7700 1 --2- 172.21.15.114:0/920158197 >> [v2:172.21.15.114:6800/625910309,v1:172.21.15.114:6801/625910309] conn(0x7f7ad8038370 0x7f7ad803a830 secure :-1 s=READY pgs=21 cs=0 l=1 rev1=1 crypto rx=0x7f7adc006fd0 tx=0x7f7adc006e40 comp rx=0 tx=0).ready entity=mgr.14120 client_cookie=0 server_cookie=0 in_seq=0 out_seq=0
2024-02-16T22:11:52.179 INFO:teuthology.orchestra.run.smithi114.stdout:/usr/bin/ceph: stderr
2024-02-16T22:11:51.362+0000 7f7ae2ffd700 1 -- 172.21.15.114:0/920158197 <== mon.0 v2:172.21.15.114:3300/0 6 ==== mon_command_ack([{"prefix": "get_command_descriptions"}]=0 v0) v1 ==== 72+0+180422 (secure 0 0 0) 0x7f7ae802d6f0 con 0x7f7aec104730
2024-02-16T22:11:52.179 INFO:teuthology.orchestra.run.smithi114.stdout:/usr/bin/ceph: stderr
2024-02-16T22:11:51.549+0000 7f7af3f1c700 1 -- 172.21.15.114:0/920158197 --> [v2:172.21.15.114:3300/0,v1:172.21.15.114:6789/0] -- mon_command([{prefix=config set, name=mgr/dashboard/ssl_server_port}] v 0) v1 -- 0x7f7aec1083d0 con 0x7f7aec104730
2024-02-16T22:11:52.179 INFO:teuthology.orchestra.run.smithi114.stdout:/usr/bin/ceph: stderr
2024-02-16T22:11:51.553+0000 7f7ae2ffd700 1 -- 172.21.15.114:0/920158197 <== mon.0 v2:172.21.15.114:3300/0 7 ==== mon_command_ack([{prefix=config set, name=mgr/dashboard/ssl_server_port}]=0 v8)=0 v8) v1 ==== 130+0+0 (secure 0 0 0) 0x7f7ae8020220 con 0x7f7aec104730
2024-02-16T22:11:52.179 INFO:teuthology.orchestra.run.smithi114.stdout:/usr/bin/ceph: stderr
2024-02-16T22:11:51.555+0000 7f7af3f1c700 1 -- 172.21.15.114:0/920158197 >> [v2:172.21.15.114:6800/625910309,v1:172.21.15.114:6801/625910309] conn(0x7f7ad8038370 msgr2=0x7f7ad803a830 secure :-1 s=STATE_CONNECTION_ESTABLISHED l=1).mark_down
2024-02-16T22:11:52.179 INFO:teuthology.orchestra.run.smithi114.stdout:/usr/bin/ceph: stderr
2024-02-16T22:11:51.555+0000 7f7af3f1c700 1 --2- 172.21.15.114:0/920158197 >> [v2:172.21.15.114:6800/625910309,v1:172.21.15.114:6801/625910309] conn(0x7f7ad8038370 0x7f7ad803a830 secure :-1 s=READY pgs=21 cs=0 l=1 rev1=1 crypto rx=0x7f7adc006fd0 tx=0x7f7adc006e40 comp rx=0 tx=0).stop
2024-02-16T22:11:52.179 INFO:teuthology.orchestra.run.smithi114.stdout:/usr/bin/ceph: stderr
2024-02-16T22:11:51.555+0000 7f7af3f1c700 1 -- 172.21.15.114:0/920158197 >> [v2:172.21.15.114:3300/0,v1:172.21.15.114:6789/0] conn(0x7f7aec104730 msgr2=0x7f7aec19a180 secure :-1 s=STATE_CONNECTION_ESTABLISHED l=1).mark_down
2024-02-16T22:11:52.179 INFO:teuthology.orchestra.run.smithi114.stdout:/usr/bin/ceph: stderr
2024-02-16T22:11:51.555+0000 7f7af3f1c700 1 --2- 172.21.15.114:0/920158197 >> [v2:172.21.15.114:3300/0,v1:172.21.15.114:6789/0] conn(0x7f7aec104730 0x7f7aec19a180 secure :-1 s=READY pgs=66 cs=0 l=1 rev1=1 crypto rx=0x7f7ae8011670 tx=0x7f7ae8011b50 comp rx=0 tx=0).stop
2024-02-16T22:11:52.179 INFO:teuthology.orchestra.run.smithi114.stdout:/usr/bin/ceph: stderr
2024-02-16T22:11:51.555+0000 7f7af3f1c700 1 -- 172.21.15.114:0/920158197 shutdown_connections
2024-02-16T22:11:52.179 INFO:teuthology.orchestra.run.smithi114.stdout:/usr/bin/ceph: stderr
2024-02-16T22:11:51.555+0000 7f7af3f1c700 1 --2- 172.21.15.114:0/920158197 >> [v2:172.21.15.114:6800/625910309,v1:172.21.15.114:6801/625910309] conn(0x7f7ad8038370 0x7f7ad803a830 unknown :-1 s=CLOSED pgs=21 cs=0 l=1 rev1=1 crypto rx=0 tx=0 comp rx=0 tx=0).stop
2024-02-16T22:11:52.180 INFO:teuthology.orchestra.run.smithi114.stdout:/usr/bin/ceph: stderr
2024-02-16T22:11:51.555+0000 7f7af3f1c700 1 --2- 172.21.15.114:0/920158197 >> [v2:172.21.15.114:3300/0,v1:172.21.15.114:6789/0] conn(0x7f7aec104730 0x7f7aec19a180 unknown :-1 s=CLOSED pgs=66 cs=0 l=1 rev1=1 crypto rx=0 tx=0 comp rx=0 tx=0).stop
2024-02-16T22:11:52.180 INFO:teuthology.orchestra.run.smithi114.stdout:/usr/bin/ceph: stderr
2024-02-16T22:11:51.555+0000 7f7af3f1c700 1 -- 172.21.15.114:0/920158197 >> 172.21.15.114:0/920158197 conn(0x7f7aec100040 msgr2=0x7f7aec101750 unknown :-1 s=STATE_NONE l=0).mark_down
2024-02-16T22:11:52.180 INFO:teuthology.orchestra.run.smithi114.stdout:/usr/bin/ceph: stderr
2024-02-16T22:11:51.555+0000 7f7af3f1c700 1 -- 172.21.15.114:0/920158197 shutdown_connections
2024-02-16T22:11:52.180 INFO:teuthology.orchestra.run.smithi114.stdout:/usr/bin/ceph: stderr
2024-02-16T22:11:51.555+0000 7f7af3f1c700 1 -- 172.21.15.114:0/920158197 wait complete.
2024-02-16T22:11:52.180 INFO:teuthology.orchestra.run.smithi114.stdout:Enabling the dashboard module...
2024-02-16T22:11:52.702 INFO:journalctl@ceph.mon.smithi114.smithi114.stdout:Feb 16 22:11:52 smithi114 ceph-mon[29235]: from='client.? 172.21.15.114:0/920158197' entity='client.admin'
2024-02-16T22:11:52.702 INFO:journalctl@ceph.mon.smithi114.smithi114.stdout:Feb 16 22:11:52 smithi114 ceph-mon[29235]: pgmap v5: 0 pgs: ; 0 B data, 0 B used, 0 B / 0 B avail
2024-02-16T22:11:54.133 INFO:journalctl@ceph.mon.smithi114.smithi114.stdout:Feb 16 22:11:53 smithi114 ceph-mon[29235]: from='client.? 172.21.15.114:0/2995026646' entity='client.admin' cmd=[{"prefix": "mgr module enable", "module": "dashboard"}]: dispatch
2024-02-16T22:11:54.391 INFO:teuthology.orchestra.run.smithi114.stdout:/usr/bin/ceph: stderr
2024-02-16T22:11:52.626+0000 7f05c91ee700 1 Processor -- start
2024-02-16T22:11:54.392 INFO:teuthology.orchestra.run.smithi114.stdout:/usr/bin/ceph: stderr
2024-02-16T22:11:52.626+0000 7f05c91ee700 1 -- start start
2024-02-16T22:11:54.392 INFO:teuthology.orchestra.run.smithi114.stdout:/usr/bin/ceph: stderr
2024-02-16T22:11:52.627+0000 7f05c91ee700 1 --2- >> [v2:172.21.15.114:3300/0,v1:172.21.15.114:6789/0] conn(0x7f05c4106f00 0x7f05c41092f0 unknown :-1 s=NONE pgs=0 cs=0 l=0 rev1=0 crypto rx=0 tx=0 comp rx=0 tx=0).connect
2024-02-16T22:11:54.392 INFO:teuthology.orchestra.run.smithi114.stdout:/usr/bin/ceph: stderr
2024-02-16T22:11:52.627+0000 7f05c91ee700 1 -- --> [v2:172.21.15.114:3300/0,v1:172.21.15.114:6789/0] -- mon_getmap magic: 0 v1 -- 0x7f05c4079e60 con 0x7f05c4106f00
2024-02-16T22:11:54.392 INFO:teuthology.orchestra.run.smithi114.stdout:/usr/bin/ceph: stderr
2024-02-16T22:11:52.627+0000 7f05c2d9d700 1 --2- >> [v2:172.21.15.114:3300/0,v1:172.21.15.114:6789/0] conn(0x7f05c4106f00 0x7f05c41092f0 unknown :-1 s=BANNER_CONNECTING pgs=0 cs=0 l=0 rev1=0 crypto rx=0 tx=0 comp rx=0 tx=0)._handle_peer_banner_payload supported=3 required=0
2024-02-16T22:11:54.392 INFO:teuthology.orchestra.run.smithi114.stdout:/usr/bin/ceph: stderr
2024-02-16T22:11:52.627+0000 7f05c2d9d700 1 --2- >> [v2:172.21.15.114:3300/0,v1:172.21.15.114:6789/0] conn(0x7f05c4106f00 0x7f05c41092f0 unknown :-1 s=HELLO_CONNECTING pgs=0 cs=0 l=0 rev1=1 crypto rx=0 tx=0 comp rx=0 tx=0).handle_hello peer v2:172.21.15.114:3300/0 says I am v2:172.21.15.114:60434/0 (socket says 172.21.15.114:60434)
2024-02-16T22:11:54.392 INFO:teuthology.orchestra.run.smithi114.stdout:/usr/bin/ceph: stderr
2024-02-16T22:11:52.627+0000 7f05c2d9d700 1 -- 172.21.15.114:0/4066115986 learned_addr learned my addr 172.21.15.114:0/4066115986 (peer_addr_for_me v2:172.21.15.114:0/0)
2024-02-16T22:11:54.392 INFO:teuthology.orchestra.run.smithi114.stdout:/usr/bin/ceph: stderr
2024-02-16T22:11:52.627+0000 7f05c2d9d700 1 -- 172.21.15.114:0/4066115986 --> [v2:172.21.15.114:3300/0,v1:172.21.15.114:6789/0] -- mon_subscribe({config=0+,monmap=0+}) v3 -- 0x7f05c4109830 con 0x7f05c4106f00
2024-02-16T22:11:54.392 INFO:teuthology.orchestra.run.smithi114.stdout:/usr/bin/ceph: stderr
2024-02-16T22:11:52.627+0000 7f05c2d9d700 1 --2- 172.21.15.114:0/4066115986 >> [v2:172.21.15.114:3300/0,v1:172.21.15.114:6789/0] conn(0x7f05c4106f00 0x7f05c41092f0 secure :-1 s=READY pgs=67 cs=0 l=1 rev1=1 crypto rx=0x7f05b80098a0 tx=0x7f05b8009bb0 comp rx=0 tx=0).ready entity=mon.0 client_cookie=ef43b1904d720cd5 server_cookie=0 in_seq=0 out_seq=0
2024-02-16T22:11:54.392 INFO:teuthology.orchestra.run.smithi114.stdout:/usr/bin/ceph: stderr
2024-02-16T22:11:52.627+0000 7f05c1d9b700 1 -- 172.21.15.114:0/4066115986 <== mon.0 v2:172.21.15.114:3300/0 1 ==== mon_map magic: 0 v1 ==== 229+0+0 (secure 0 0 0) 0x7f05b8004180 con 0x7f05c4106f00
2024-02-16T22:11:54.392 INFO:teuthology.orchestra.run.smithi114.stdout:/usr/bin/ceph: stderr
2024-02-16T22:11:52.627+0000 7f05c1d9b700 1 -- 172.21.15.114:0/4066115986 <== mon.0 v2:172.21.15.114:3300/0 2 ==== config(27 keys) v1 ==== 1101+0+0 (secure 0 0 0) 0x7f05b80042e0 con 0x7f05c4106f00
2024-02-16T22:11:54.392 INFO:teuthology.orchestra.run.smithi114.stdout:/usr/bin/ceph: stderr
2024-02-16T22:11:52.627+0000 7f05c1d9b700 1 -- 172.21.15.114:0/4066115986 <== mon.0 v2:172.21.15.114:3300/0 3 ==== mon_map magic: 0 v1 ==== 229+0+0 (secure 0 0 0) 0x7f05b8011af0 con 0x7f05c4106f00
2024-02-16T22:11:54.392 INFO:teuthology.orchestra.run.smithi114.stdout:/usr/bin/ceph: stderr
2024-02-16T22:11:52.628+0000 7f05c91ee700 1 -- 172.21.15.114:0/4066115986 >> [v2:172.21.15.114:3300/0,v1:172.21.15.114:6789/0] conn(0x7f05c4106f00 msgr2=0x7f05c41092f0 secure :-1 s=STATE_CONNECTION_ESTABLISHED l=1).mark_down
2024-02-16T22:11:54.392 INFO:teuthology.orchestra.run.smithi114.stdout:/usr/bin/ceph: stderr
2024-02-16T22:11:52.628+0000 7f05c91ee700 1 --2- 172.21.15.114:0/4066115986 >> [v2:172.21.15.114:3300/0,v1:172.21.15.114:6789/0] conn(0x7f05c4106f00 0x7f05c41092f0 secure :-1 s=READY pgs=67 cs=0 l=1 rev1=1 crypto rx=0x7f05b80098a0 tx=0x7f05b8009bb0 comp rx=0 tx=0).stop
2024-02-16T22:11:54.393 INFO:teuthology.orchestra.run.smithi114.stdout:/usr/bin/ceph: stderr
2024-02-16T22:11:52.628+0000 7f05c91ee700 1 -- 172.21.15.114:0/4066115986 shutdown_connections
2024-02-16T22:11:54.393 INFO:teuthology.orchestra.run.smithi114.stdout:/usr/bin/ceph: stderr
2024-02-16T22:11:52.628+0000 7f05c91ee700 1 --2- 172.21.15.114:0/4066115986 >> [v2:172.21.15.114:3300/0,v1:172.21.15.114:6789/0] conn(0x7f05c4106f00 0x7f05c41092f0 unknown :-1 s=CLOSED pgs=67 cs=0 l=1 rev1=1 crypto rx=0 tx=0 comp rx=0 tx=0).stop
2024-02-16T22:11:54.393 INFO:teuthology.orchestra.run.smithi114.stdout:/usr/bin/ceph: stderr
2024-02-16T22:11:52.628+0000 7f05c91ee700 1 -- 172.21.15.114:0/4066115986 >> 172.21.15.114:0/4066115986 conn(0x7f05c41008b0 msgr2=0x7f05c4102d10 unknown :-1 s=STATE_NONE l=0).mark_down
2024-02-16T22:11:54.393 INFO:teuthology.orchestra.run.smithi114.stdout:/usr/bin/ceph: stderr
2024-02-16T22:11:52.628+0000 7f05c91ee700 1 -- 172.21.15.114:0/4066115986 shutdown_connections
2024-02-16T22:11:54.393 INFO:teuthology.orchestra.run.smithi114.stdout:/usr/bin/ceph: stderr
2024-02-16T22:11:52.628+0000 7f05c91ee700 1 -- 172.21.15.114:0/4066115986 wait complete.
2024-02-16T22:11:54.393 INFO:teuthology.orchestra.run.smithi114.stdout:/usr/bin/ceph: stderr
2024-02-16T22:11:52.629+0000 7f05c91ee700 1 Processor -- start
2024-02-16T22:11:54.393 INFO:teuthology.orchestra.run.smithi114.stdout:/usr/bin/ceph: stderr
2024-02-16T22:11:52.629+0000 7f05c91ee700 1 -- start start
2024-02-16T22:11:54.393 INFO:teuthology.orchestra.run.smithi114.stdout:/usr/bin/ceph: stderr
2024-02-16T22:11:52.629+0000 7f05c91ee700 1 --2- >> [v2:172.21.15.114:3300/0,v1:172.21.15.114:6789/0] conn(0x7f05c4106f00 0x7f05c4106860 unknown :-1 s=NONE pgs=0 cs=0 l=1 rev1=0 crypto rx=0 tx=0 comp rx=0 tx=0).connect
2024-02-16T22:11:54.393 INFO:teuthology.orchestra.run.smithi114.stdout:/usr/bin/ceph: stderr
2024-02-16T22:11:52.629+0000 7f05c91ee700 1 -- --> [v2:172.21.15.114:3300/0,v1:172.21.15.114:6789/0] -- mon_getmap magic: 0 v1 -- 0x7f05c4106da0 con 0x7f05c4106f00
2024-02-16T22:11:54.393 INFO:teuthology.orchestra.run.smithi114.stdout:/usr/bin/ceph: stderr
2024-02-16T22:11:52.629+0000 7f05c2d9d700 1 --2- >> [v2:172.21.15.114:3300/0,v1:172.21.15.114:6789/0] conn(0x7f05c4106f00 0x7f05c4106860 unknown :-1 s=BANNER_CONNECTING pgs=0 cs=0 l=1 rev1=0 crypto rx=0 tx=0 comp rx=0 tx=0)._handle_peer_banner_payload supported=3 required=0
2024-02-16T22:11:54.393 INFO:teuthology.orchestra.run.smithi114.stdout:/usr/bin/ceph: stderr
2024-02-16T22:11:52.629+0000 7f05c2d9d700 1 --2- >> [v2:172.21.15.114:3300/0,v1:172.21.15.114:6789/0] conn(0x7f05c4106f00 0x7f05c4106860 unknown :-1 s=HELLO_CONNECTING pgs=0 cs=0 l=1 rev1=1 crypto rx=0 tx=0 comp rx=0 tx=0).handle_hello peer v2:172.21.15.114:3300/0 says I am v2:172.21.15.114:60440/0 (socket says 172.21.15.114:60440)
2024-02-16T22:11:54.393 INFO:teuthology.orchestra.run.smithi114.stdout:/usr/bin/ceph: stderr
2024-02-16T22:11:52.629+0000 7f05c2d9d700 1 -- 172.21.15.114:0/2995026646 learned_addr learned my addr 172.21.15.114:0/2995026646 (peer_addr_for_me v2:172.21.15.114:0/0)
2024-02-16T22:11:54.393 INFO:teuthology.orchestra.run.smithi114.stdout:/usr/bin/ceph: stderr
2024-02-16T22:11:52.629+0000 7f05c2d9d700 1 -- 172.21.15.114:0/2995026646 --> [v2:172.21.15.114:3300/0,v1:172.21.15.114:6789/0] -- mon_subscribe({config=0+,monmap=0+}) v3 -- 0x7f05b8009550 con 0x7f05c4106f00
2024-02-16T22:11:54.393 INFO:teuthology.orchestra.run.smithi114.stdout:/usr/bin/ceph: stderr
2024-02-16T22:11:52.630+0000 7f05c2d9d700 1 --2- 172.21.15.114:0/2995026646 >> [v2:172.21.15.114:3300/0,v1:172.21.15.114:6789/0] conn(0x7f05c4106f00 0x7f05c4106860 secure :-1 s=READY pgs=68 cs=0 l=1 rev1=1 crypto rx=0x7f05b8011670 tx=0x7f05b8011aa0 comp rx=0 tx=0).ready entity=mon.0 client_cookie=0 server_cookie=0 in_seq=0 out_seq=0
2024-02-16T22:11:54.394 INFO:teuthology.orchestra.run.smithi114.stdout:/usr/bin/ceph: stderr
2024-02-16T22:11:52.630+0000 7f05abfff700 1 -- 172.21.15.114:0/2995026646 <== mon.0 v2:172.21.15.114:3300/0 1 ==== mon_map magic: 0 v1 ==== 229+0+0 (secure 0 0 0) 0x7f05b8003a40 con 0x7f05c4106f00
2024-02-16T22:11:54.394 INFO:teuthology.orchestra.run.smithi114.stdout:/usr/bin/ceph: stderr
2024-02-16T22:11:52.630+0000 7f05c91ee700 1 -- 172.21.15.114:0/2995026646 --> [v2:172.21.15.114:3300/0,v1:172.21.15.114:6789/0] -- mon_subscribe({mgrmap=0+}) v3 -- 0x7f05c4104eb0 con 0x7f05c4106f00
2024-02-16T22:11:54.394 INFO:teuthology.orchestra.run.smithi114.stdout:/usr/bin/ceph: stderr
2024-02-16T22:11:52.630+0000 7f05abfff700 1 -- 172.21.15.114:0/2995026646 <== mon.0 v2:172.21.15.114:3300/0 2 ==== config(27 keys) v1 ==== 1101+0+0 (secure 0 0 0) 0x7f05b8003ba0 con 0x7f05c4106f00
2024-02-16T22:11:54.394 INFO:teuthology.orchestra.run.smithi114.stdout:/usr/bin/ceph: stderr
2024-02-16T22:11:52.630+0000 7f05abfff700 1 -- 172.21.15.114:0/2995026646 <== mon.0 v2:172.21.15.114:3300/0 3 ==== mon_map magic: 0 v1 ==== 229+0+0 (secure 0 0 0) 0x7f05b8024820 con 0x7f05c4106f00
2024-02-16T22:11:54.394 INFO:teuthology.orchestra.run.smithi114.stdout:/usr/bin/ceph: stderr
2024-02-16T22:11:52.630+0000 7f05c91ee700 1 -- 172.21.15.114:0/2995026646 --> [v2:172.21.15.114:3300/0,v1:172.21.15.114:6789/0] -- mon_subscribe({osdmap=0}) v3 -- 0x7f05c4105350 con 0x7f05c4106f00
2024-02-16T22:11:54.394 INFO:teuthology.orchestra.run.smithi114.stdout:/usr/bin/ceph: stderr
2024-02-16T22:11:52.631+0000 7f05abfff700 1 -- 172.21.15.114:0/2995026646 <== mon.0 v2:172.21.15.114:3300/0 4 ==== mgrmap(e 8) v1 ==== 45283+0+0 (secure 0 0 0) 0x7f05b8024ae0 con 0x7f05c4106f00
2024-02-16T22:11:54.394 INFO:teuthology.orchestra.run.smithi114.stdout:/usr/bin/ceph: stderr
2024-02-16T22:11:52.631+0000 7f05abfff700 1 --2- 172.21.15.114:0/2995026646 >> [v2:172.21.15.114:6800/625910309,v1:172.21.15.114:6801/625910309] conn(0x7f05ac0382e0 0x7f05ac03a7a0 unknown :-1 s=NONE pgs=0 cs=0 l=1 rev1=0 crypto rx=0 tx=0 comp rx=0 tx=0).connect
2024-02-16T22:11:54.394 INFO:teuthology.orchestra.run.smithi114.stdout:/usr/bin/ceph: stderr
2024-02-16T22:11:52.631+0000 7f05abfff700 1 -- 172.21.15.114:0/2995026646 <== mon.0 v2:172.21.15.114:3300/0 5 ==== osd_map(2..2 src has 1..2) v4 ==== 940+0+0 (secure 0 0 0) 0x7f05b804c300 con 0x7f05c4106f00
2024-02-16T22:11:54.394 INFO:teuthology.orchestra.run.smithi114.stdout:/usr/bin/ceph: stderr
2024-02-16T22:11:52.631+0000 7f05c91ee700 1 -- 172.21.15.114:0/2995026646 --> [v2:172.21.15.114:3300/0,v1:172.21.15.114:6789/0] -- mon_command({"prefix": "get_command_descriptions"} v 0) v1 -- 0x7f05c410a5c0 con 0x7f05c4106f00
2024-02-16T22:11:54.394 INFO:teuthology.orchestra.run.smithi114.stdout:/usr/bin/ceph: stderr
2024-02-16T22:11:52.631+0000 7f05c259c700 1 --2- 172.21.15.114:0/2995026646 >> [v2:172.21.15.114:6800/625910309,v1:172.21.15.114:6801/625910309] conn(0x7f05ac0382e0 0x7f05ac03a7a0 unknown :-1 s=BANNER_CONNECTING pgs=0 cs=0 l=1 rev1=0 crypto rx=0 tx=0 comp rx=0 tx=0)._handle_peer_banner_payload supported=3 required=0
2024-02-16T22:11:54.394 INFO:teuthology.orchestra.run.smithi114.stdout:/usr/bin/ceph: stderr
2024-02-16T22:11:52.631+0000 7f05c259c700 1 --2- 172.21.15.114:0/2995026646 >> [v2:172.21.15.114:6800/625910309,v1:172.21.15.114:6801/625910309] conn(0x7f05ac0382e0 0x7f05ac03a7a0 secure :-1 s=READY pgs=22 cs=0 l=1 rev1=1 crypto rx=0x7f05b4006fd0 tx=0x7f05b4006e40 comp rx=0 tx=0).ready entity=mgr.14120 client_cookie=0 server_cookie=0 in_seq=0 out_seq=0
2024-02-16T22:11:54.394 INFO:teuthology.orchestra.run.smithi114.stdout:/usr/bin/ceph: stderr
2024-02-16T22:11:52.636+0000 7f05abfff700 1 -- 172.21.15.114:0/2995026646 <== mon.0 v2:172.21.15.114:3300/0 6 ==== mon_command_ack([{"prefix": "get_command_descriptions"}]=0 v0) v1 ==== 72+0+180422 (secure 0 0 0) 0x7f05b8022310 con 0x7f05c4106f00
2024-02-16T22:11:54.394 INFO:teuthology.orchestra.run.smithi114.stdout:/usr/bin/ceph: stderr
2024-02-16T22:11:52.880+0000 7f05c91ee700 1 -- 172.21.15.114:0/2995026646 --> [v2:172.21.15.114:3300/0,v1:172.21.15.114:6789/0] -- mon_command({"prefix": "mgr module enable", "module": "dashboard"} v 0) v1 -- 0x7f05c410a7e0 con 0x7f05c4106f00
2024-02-16T22:11:54.394 INFO:teuthology.orchestra.run.smithi114.stdout:/usr/bin/ceph: stderr
2024-02-16T22:11:53.803+0000 7f05abfff700 1 -- 172.21.15.114:0/2995026646 <== mon.0 v2:172.21.15.114:3300/0 7 ==== mgrmap(e 9) v1 ==== 45296+0+0 (secure 0 0 0) 0x7f05b801ac70 con 0x7f05c4106f00
2024-02-16T22:11:54.394 INFO:teuthology.orchestra.run.smithi114.stdout:/usr/bin/ceph: stderr
2024-02-16T22:11:53.805+0000 7f05abfff700 1 -- 172.21.15.114:0/2995026646 <== mon.0 v2:172.21.15.114:3300/0 8 ==== mon_command_ack([{"prefix": "mgr module enable", "module": "dashboard"}]=0 v9) v1 ==== 88+0+0 (secure 0 0 0) 0x7f05b802a2a0 con 0x7f05c4106f00
2024-02-16T22:11:54.395 INFO:teuthology.orchestra.run.smithi114.stdout:/usr/bin/ceph: stderr
2024-02-16T22:11:53.807+0000 7f05c91ee700 1 -- 172.21.15.114:0/2995026646 >> [v2:172.21.15.114:6800/625910309,v1:172.21.15.114:6801/625910309] conn(0x7f05ac0382e0 msgr2=0x7f05ac03a7a0 secure :-1 s=STATE_CONNECTION_ESTABLISHED l=1).mark_down
2024-02-16T22:11:54.395 INFO:teuthology.orchestra.run.smithi114.stdout:/usr/bin/ceph: stderr
2024-02-16T22:11:53.807+0000 7f05c91ee700 1 --2- 172.21.15.114:0/2995026646 >> [v2:172.21.15.114:6800/625910309,v1:172.21.15.114:6801/625910309] conn(0x7f05ac0382e0 0x7f05ac03a7a0 secure :-1 s=READY pgs=22 cs=0 l=1 rev1=1 crypto rx=0x7f05b4006fd0 tx=0x7f05b4006e40 comp rx=0 tx=0).stop
2024-02-16T22:11:54.395 INFO:teuthology.orchestra.run.smithi114.stdout:/usr/bin/ceph: stderr
2024-02-16T22:11:53.807+0000 7f05c91ee700 1 -- 172.21.15.114:0/2995026646 >> [v2:172.21.15.114:3300/0,v1:172.21.15.114:6789/0] conn(0x7f05c4106f00 msgr2=0x7f05c4106860 secure :-1 s=STATE_CONNECTION_ESTABLISHED l=1).mark_down
2024-02-16T22:11:54.395 INFO:teuthology.orchestra.run.smithi114.stdout:/usr/bin/ceph: stderr
2024-02-16T22:11:53.807+0000 7f05c91ee700 1 --2- 172.21.15.114:0/2995026646 >> [v2:172.21.15.114:3300/0,v1:172.21.15.114:6789/0] conn(0x7f05c4106f00 0x7f05c4106860 secure :-1 s=READY pgs=68 cs=0 l=1 rev1=1 crypto rx=0x7f05b8011670 tx=0x7f05b8011aa0 comp rx=0 tx=0).stop
2024-02-16T22:11:54.395 INFO:teuthology.orchestra.run.smithi114.stdout:/usr/bin/ceph: stderr
2024-02-16T22:11:53.807+0000 7f05c91ee700 1 -- 172.21.15.114:0/2995026646 shutdown_connections
2024-02-16T22:11:54.395 INFO:teuthology.orchestra.run.smithi114.stdout:/usr/bin/ceph: stderr
2024-02-16T22:11:53.807+0000 7f05c91ee700 1 --2- 172.21.15.114:0/2995026646 >> [v2:172.21.15.114:6800/625910309,v1:172.21.15.114:6801/625910309] conn(0x7f05ac0382e0 0x7f05ac03a7a0 unknown :-1 s=CLOSED pgs=22 cs=0 l=1 rev1=1 crypto rx=0 tx=0 comp rx=0 tx=0).stop
2024-02-16T22:11:54.395 INFO:teuthology.orchestra.run.smithi114.stdout:/usr/bin/ceph: stderr
2024-02-16T22:11:53.807+0000 7f05c91ee700 1 --2- 172.21.15.114:0/2995026646 >> [v2:172.21.15.114:3300/0,v1:172.21.15.114:6789/0] conn(0x7f05c4106f00 0x7f05c4106860 unknown :-1 s=CLOSED pgs=68 cs=0 l=1 rev1=1 crypto rx=0 tx=0 comp rx=0 tx=0).stop
2024-02-16T22:11:54.395 INFO:teuthology.orchestra.run.smithi114.stdout:/usr/bin/ceph: stderr
2024-02-16T22:11:53.807+0000 7f05c91ee700 1 -- 172.21.15.114:0/2995026646 >> 172.21.15.114:0/2995026646 conn(0x7f05c41008b0 msgr2=0x7f05c4101ff0 unknown :-1 s=STATE_NONE l=0).mark_down
2024-02-16T22:11:54.395 INFO:teuthology.orchestra.run.smithi114.stdout:/usr/bin/ceph: stderr
2024-02-16T22:11:53.807+0000 7f05c91ee700 1 -- 172.21.15.114:0/2995026646 shutdown_connections
2024-02-16T22:11:54.395 INFO:teuthology.orchestra.run.smithi114.stdout:/usr/bin/ceph: stderr
2024-02-16T22:11:53.807+0000 7f05c91ee700 1 -- 172.21.15.114:0/2995026646 wait complete.
2024-02-16T22:11:54.951 INFO:journalctl@ceph.mon.smithi114.smithi114.stdout:Feb 16 22:11:54 smithi114 ceph-mon[29235]: from='client.? 172.21.15.114:0/2995026646' entity='client.admin' cmd='[{"prefix": "mgr module enable", "module": "dashboard"}]': finished
2024-02-16T22:11:54.951 INFO:journalctl@ceph.mon.smithi114.smithi114.stdout:Feb 16 22:11:54 smithi114 ceph-mon[29235]: mgrmap e9: smithi114.vcullz(active, since 25s)
2024-02-16T22:11:55.640 INFO:teuthology.orchestra.run.smithi114.stdout:/usr/bin/ceph: stdout {
2024-02-16T22:11:55.641 INFO:teuthology.orchestra.run.smithi114.stdout:/usr/bin/ceph: stdout "epoch": 9,
2024-02-16T22:11:55.641 INFO:teuthology.orchestra.run.smithi114.stdout:/usr/bin/ceph: stdout "available": true,
2024-02-16T22:11:55.641 INFO:teuthology.orchestra.run.smithi114.stdout:/usr/bin/ceph: stdout "active_name": "smithi114.vcullz",
2024-02-16T22:11:55.641 INFO:teuthology.orchestra.run.smithi114.stdout:/usr/bin/ceph: stdout "num_standby": 0
2024-02-16T22:11:55.641 INFO:teuthology.orchestra.run.smithi114.stdout:/usr/bin/ceph: stdout }
2024-02-16T22:11:55.641 INFO:teuthology.orchestra.run.smithi114.stdout:/usr/bin/ceph: stderr
2024-02-16T22:11:54.815+0000 7f39e0d87700 1 Processor -- start
2024-02-16T22:11:55.641 INFO:teuthology.orchestra.run.smithi114.stdout:/usr/bin/ceph: stderr
2024-02-16T22:11:54.816+0000 7f39e0d87700 1 -- start start
2024-02-16T22:11:55.641 INFO:teuthology.orchestra.run.smithi114.stdout:/usr/bin/ceph: stderr
2024-02-16T22:11:54.816+0000 7f39e0d87700 1 --2- >> [v2:172.21.15.114:3300/0,v1:172.21.15.114:6789/0] conn(0x7f39dc105840 0x7f39dc105c60 unknown :-1 s=NONE pgs=0 cs=0 l=0 rev1=0 crypto rx=0 tx=0 comp rx=0 tx=0).connect
2024-02-16T22:11:55.641 INFO:teuthology.orchestra.run.smithi114.stdout:/usr/bin/ceph: stderr
2024-02-16T22:11:54.816+0000 7f39e0d87700 1 -- --> [v2:172.21.15.114:3300/0,v1:172.21.15.114:6789/0] -- mon_getmap magic: 0 v1 -- 0x7f39dc106230 con 0x7f39dc105840
2024-02-16T22:11:55.641 INFO:teuthology.orchestra.run.smithi114.stdout:/usr/bin/ceph: stderr
2024-02-16T22:11:54.816+0000 7f39da59c700 1 --2- >> [v2:172.21.15.114:3300/0,v1:172.21.15.114:6789/0] conn(0x7f39dc105840 0x7f39dc105c60 unknown :-1 s=BANNER_CONNECTING pgs=0 cs=0 l=0 rev1=0 crypto rx=0 tx=0 comp rx=0 tx=0)._handle_peer_banner_payload supported=3 required=0
2024-02-16T22:11:55.641 INFO:teuthology.orchestra.run.smithi114.stdout:/usr/bin/ceph: stderr
2024-02-16T22:11:54.816+0000 7f39da59c700 1 --2- >> [v2:172.21.15.114:3300/0,v1:172.21.15.114:6789/0] conn(0x7f39dc105840 0x7f39dc105c60 unknown :-1 s=HELLO_CONNECTING pgs=0 cs=0 l=0 rev1=1 crypto rx=0 tx=0 comp rx=0 tx=0).handle_hello peer v2:172.21.15.114:3300/0 says I am v2:172.21.15.114:60484/0 (socket says 172.21.15.114:60484)
2024-02-16T22:11:55.641 INFO:teuthology.orchestra.run.smithi114.stdout:/usr/bin/ceph: stderr
2024-02-16T22:11:54.816+0000 7f39da59c700 1 -- 172.21.15.114:0/3049248328 learned_addr learned my addr 172.21.15.114:0/3049248328 (peer_addr_for_me v2:172.21.15.114:0/0)
2024-02-16T22:11:55.641 INFO:teuthology.orchestra.run.smithi114.stdout:/usr/bin/ceph: stderr
2024-02-16T22:11:54.817+0000 7f39da59c700 1 -- 172.21.15.114:0/3049248328 --> [v2:172.21.15.114:3300/0,v1:172.21.15.114:6789/0] -- mon_subscribe({config=0+,monmap=0+}) v3 -- 0x7f39dc106560 con 0x7f39dc105840
2024-02-16T22:11:55.641 INFO:teuthology.orchestra.run.smithi114.stdout:/usr/bin/ceph: stderr
2024-02-16T22:11:54.817+0000 7f39da59c700 1 --2- 172.21.15.114:0/3049248328 >> [v2:172.21.15.114:3300/0,v1:172.21.15.114:6789/0] conn(0x7f39dc105840 0x7f39dc105c60 secure :-1 s=READY pgs=71 cs=0 l=1 rev1=1 crypto rx=0x7f39cc0098a0 tx=0x7f39cc009bb0 comp rx=0 tx=0).ready entity=mon.0 client_cookie=4fad867053f5c659 server_cookie=0 in_seq=0 out_seq=0
2024-02-16T22:11:55.642 INFO:teuthology.orchestra.run.smithi114.stdout:/usr/bin/ceph: stderr
2024-02-16T22:11:54.817+0000 7f39d959a700 1 -- 172.21.15.114:0/3049248328 <== mon.0 v2:172.21.15.114:3300/0 1 ==== mon_map magic: 0 v1 ==== 229+0+0 (secure 0 0 0) 0x7f39cc004180 con 0x7f39dc105840
2024-02-16T22:11:55.642 INFO:teuthology.orchestra.run.smithi114.stdout:/usr/bin/ceph: stderr
2024-02-16T22:11:54.817+0000 7f39d959a700 1 -- 172.21.15.114:0/3049248328 <== mon.0 v2:172.21.15.114:3300/0 2 ==== config(27 keys) v1 ==== 1101+0+0 (secure 0 0 0) 0x7f39cc0042e0 con 0x7f39dc105840
2024-02-16T22:11:55.642 INFO:teuthology.orchestra.run.smithi114.stdout:/usr/bin/ceph: stderr
2024-02-16T22:11:54.817+0000 7f39d959a700 1 -- 172.21.15.114:0/3049248328 <== mon.0 v2:172.21.15.114:3300/0 3 ==== mon_map magic: 0 v1 ==== 229+0+0 (secure 0 0 0) 0x7f39cc011af0 con 0x7f39dc105840
2024-02-16T22:11:55.642 INFO:teuthology.orchestra.run.smithi114.stdout:/usr/bin/ceph: stderr
2024-02-16T22:11:54.817+0000 7f39e0d87700 1 -- 172.21.15.114:0/3049248328 >> [v2:172.21.15.114:3300/0,v1:172.21.15.114:6789/0] conn(0x7f39dc105840 msgr2=0x7f39dc105c60 secure :-1 s=STATE_CONNECTION_ESTABLISHED l=1).mark_down
2024-02-16T22:11:55.642 INFO:teuthology.orchestra.run.smithi114.stdout:/usr/bin/ceph: stderr
2024-02-16T22:11:54.817+0000 7f39e0d87700 1 --2- 172.21.15.114:0/3049248328 >> [v2:172.21.15.114:3300/0,v1:172.21.15.114:6789/0] conn(0x7f39dc105840 0x7f39dc105c60 secure :-1 s=READY pgs=71 cs=0 l=1 rev1=1 crypto rx=0x7f39cc0098a0 tx=0x7f39cc009bb0 comp rx=0 tx=0).stop
2024-02-16T22:11:55.642 INFO:teuthology.orchestra.run.smithi114.stdout:/usr/bin/ceph: stderr
2024-02-16T22:11:54.818+0000 7f39e0d87700 1 -- 172.21.15.114:0/3049248328 shutdown_connections
2024-02-16T22:11:55.642 INFO:teuthology.orchestra.run.smithi114.stdout:/usr/bin/ceph: stderr
2024-02-16T22:11:54.818+0000 7f39e0d87700 1 --2- 172.21.15.114:0/3049248328 >> [v2:172.21.15.114:3300/0,v1:172.21.15.114:6789/0] conn(0x7f39dc105840 0x7f39dc105c60 unknown :-1 s=CLOSED pgs=71 cs=0 l=1 rev1=1 crypto rx=0 tx=0 comp rx=0 tx=0).stop
2024-02-16T22:11:55.642 INFO:teuthology.orchestra.run.smithi114.stdout:/usr/bin/ceph: stderr
2024-02-16T22:11:54.818+0000 7f39e0d87700 1 -- 172.21.15.114:0/3049248328 >> 172.21.15.114:0/3049248328 conn(0x7f39dc100040 msgr2=0x7f39dc1024a0 unknown :-1 s=STATE_NONE l=0).mark_down
2024-02-16T22:11:55.642 INFO:teuthology.orchestra.run.smithi114.stdout:/usr/bin/ceph: stderr
2024-02-16T22:11:54.818+0000 7f39e0d87700 1 -- 172.21.15.114:0/3049248328 shutdown_connections
2024-02-16T22:11:55.642 INFO:teuthology.orchestra.run.smithi114.stdout:/usr/bin/ceph: stderr
2024-02-16T22:11:54.818+0000 7f39e0d87700 1 -- 172.21.15.114:0/3049248328 wait complete.
2024-02-16T22:11:55.642 INFO:teuthology.orchestra.run.smithi114.stdout:/usr/bin/ceph: stderr
2024-02-16T22:11:54.818+0000 7f39e0d87700 1 Processor -- start
2024-02-16T22:11:55.642 INFO:teuthology.orchestra.run.smithi114.stdout:/usr/bin/ceph: stderr
2024-02-16T22:11:54.818+0000 7f39e0d87700 1 -- start start
2024-02-16T22:11:55.642 INFO:teuthology.orchestra.run.smithi114.stdout:/usr/bin/ceph: stderr
2024-02-16T22:11:54.819+0000 7f39e0d87700 1 --2- >> [v2:172.21.15.114:3300/0,v1:172.21.15.114:6789/0] conn(0x7f39dc105840 0x7f39dc19c350 unknown :-1 s=NONE pgs=0 cs=0 l=1 rev1=0 crypto rx=0 tx=0 comp rx=0 tx=0).connect
2024-02-16T22:11:55.642 INFO:teuthology.orchestra.run.smithi114.stdout:/usr/bin/ceph: stderr
2024-02-16T22:11:54.819+0000 7f39e0d87700 1 -- --> [v2:172.21.15.114:3300/0,v1:172.21.15.114:6789/0] -- mon_getmap magic: 0 v1 -- 0x7f39dc19c890 con 0x7f39dc105840
2024-02-16T22:11:55.642 INFO:teuthology.orchestra.run.smithi114.stdout:/usr/bin/ceph: stderr
2024-02-16T22:11:54.819+0000 7f39da59c700 1 --2- >> [v2:172.21.15.114:3300/0,v1:172.21.15.114:6789/0] conn(0x7f39dc105840 0x7f39dc19c350 unknown :-1 s=BANNER_CONNECTING pgs=0 cs=0 l=1 rev1=0 crypto rx=0 tx=0 comp rx=0 tx=0)._handle_peer_banner_payload supported=3 required=0
2024-02-16T22:11:55.643 INFO:teuthology.orchestra.run.smithi114.stdout:/usr/bin/ceph: stderr
2024-02-16T22:11:54.819+0000 7f39da59c700 1 --2- >> [v2:172.21.15.114:3300/0,v1:172.21.15.114:6789/0] conn(0x7f39dc105840 0x7f39dc19c350 unknown :-1 s=HELLO_CONNECTING pgs=0 cs=0 l=1 rev1=1 crypto rx=0 tx=0 comp rx=0 tx=0).handle_hello peer v2:172.21.15.114:3300/0 says I am v2:172.21.15.114:60494/0 (socket says 172.21.15.114:60494)
2024-02-16T22:11:55.643 INFO:teuthology.orchestra.run.smithi114.stdout:/usr/bin/ceph: stderr
2024-02-16T22:11:54.819+0000 7f39da59c700 1 -- 172.21.15.114:0/138062575 learned_addr learned my addr 172.21.15.114:0/138062575 (peer_addr_for_me v2:172.21.15.114:0/0)
2024-02-16T22:11:55.643 INFO:teuthology.orchestra.run.smithi114.stdout:/usr/bin/ceph: stderr
2024-02-16T22:11:54.819+0000 7f39da59c700 1 -- 172.21.15.114:0/138062575 --> [v2:172.21.15.114:3300/0,v1:172.21.15.114:6789/0] -- mon_subscribe({config=0+,monmap=0+}) v3 -- 0x7f39cc009550 con 0x7f39dc105840
2024-02-16T22:11:55.643 INFO:teuthology.orchestra.run.smithi114.stdout:/usr/bin/ceph: stderr
2024-02-16T22:11:54.819+0000 7f39da59c700 1 --2- 172.21.15.114:0/138062575 >> [v2:172.21.15.114:3300/0,v1:172.21.15.114:6789/0] conn(0x7f39dc105840 0x7f39dc19c350 secure :-1 s=READY pgs=72 cs=0 l=1 rev1=1 crypto rx=0x7f39cc011670 tx=0x7f39cc011b50 comp rx=0 tx=0).ready entity=mon.0 client_cookie=0 server_cookie=0 in_seq=0 out_seq=0
2024-02-16T22:11:55.643 INFO:teuthology.orchestra.run.smithi114.stdout:/usr/bin/ceph: stderr
2024-02-16T22:11:54.819+0000 7f39cb7fe700 1 -- 172.21.15.114:0/138062575 <== mon.0 v2:172.21.15.114:3300/0 1 ==== mon_map magic: 0 v1 ==== 229+0+0 (secure 0 0 0) 0x7f39cc003a40 con 0x7f39dc105840
2024-02-16T22:11:55.643 INFO:teuthology.orchestra.run.smithi114.stdout:/usr/bin/ceph: stderr
2024-02-16T22:11:54.819+0000 7f39cb7fe700 1 -- 172.21.15.114:0/138062575 <== mon.0 v2:172.21.15.114:3300/0 2 ==== config(27 keys) v1 ==== 1101+0+0 (secure 0 0 0) 0x7f39cc003ba0 con 0x7f39dc105840
2024-02-16T22:11:55.643 INFO:teuthology.orchestra.run.smithi114.stdout:/usr/bin/ceph: stderr
2024-02-16T22:11:54.819+0000 7f39e0d87700 1 -- 172.21.15.114:0/138062575 --> [v2:172.21.15.114:3300/0,v1:172.21.15.114:6789/0] -- mon_subscribe({mgrmap=0+}) v3 -- 0x7f39dc19ca90 con 0x7f39dc105840
2024-02-16T22:11:55.643 INFO:teuthology.orchestra.run.smithi114.stdout:/usr/bin/ceph: stderr
2024-02-16T22:11:54.819+0000 7f39cb7fe700 1 -- 172.21.15.114:0/138062575 <== mon.0 v2:172.21.15.114:3300/0 3 ==== mon_map magic: 0 v1 ==== 229+0+0 (secure 0 0 0) 0x7f39cc024790 con 0x7f39dc105840
2024-02-16T22:11:55.643 INFO:teuthology.orchestra.run.smithi114.stdout:/usr/bin/ceph: stderr
2024-02-16T22:11:54.819+0000 7f39e0d87700 1 -- 172.21.15.114:0/138062575 --> [v2:172.21.15.114:3300/0,v1:172.21.15.114:6789/0] -- mon_subscribe({osdmap=0}) v3 -- 0x7f39dc19cf30 con 0x7f39dc105840
2024-02-16T22:11:55.643 INFO:teuthology.orchestra.run.smithi114.stdout:/usr/bin/ceph: stderr
2024-02-16T22:11:54.820+0000 7f39cb7fe700 1 -- 172.21.15.114:0/138062575 <== mon.0 v2:172.21.15.114:3300/0 4 ==== mgrmap(e 9) v1 ==== 45296+0+0 (secure 0 0 0) 0x7f39cc02d3f0 con 0x7f39dc105840
2024-02-16T22:11:55.643 INFO:teuthology.orchestra.run.smithi114.stdout:/usr/bin/ceph: stderr
2024-02-16T22:11:54.820+0000 7f39cb7fe700 1 --2- 172.21.15.114:0/138062575 >> [v2:172.21.15.114:6800/625910309,v1:172.21.15.114:6801/625910309] conn(0x7f39c4038370 0x7f39c403a830 unknown :-1 s=NONE pgs=0 cs=0 l=1 rev1=0 crypto rx=0 tx=0 comp rx=0 tx=0).connect
2024-02-16T22:11:55.643 INFO:teuthology.orchestra.run.smithi114.stdout:/usr/bin/ceph: stderr
2024-02-16T22:11:54.820+0000 7f39cb7fe700 1 -- 172.21.15.114:0/138062575 <== mon.0 v2:172.21.15.114:3300/0 5 ==== osd_map(2..2 src has 1..2) v4 ==== 940+0+0 (secure 0 0 0) 0x7f39cc04d500 con 0x7f39dc105840
2024-02-16T22:11:55.643 INFO:teuthology.orchestra.run.smithi114.stdout:/usr/bin/ceph: stderr
2024-02-16T22:11:54.820+0000 7f39d9d9b700 1 -- 172.21.15.114:0/138062575 >> [v2:172.21.15.114:6800/625910309,v1:172.21.15.114:6801/625910309] conn(0x7f39c4038370 msgr2=0x7f39c403a830 unknown :-1 s=STATE_CONNECTING_RE l=1).process reconnect failed to v2:172.21.15.114:6800/625910309
2024-02-16T22:11:55.644 INFO:teuthology.orchestra.run.smithi114.stdout:/usr/bin/ceph: stderr
2024-02-16T22:11:54.820+0000 7f39d9d9b700 1 --2- 172.21.15.114:0/138062575 >> [v2:172.21.15.114:6800/625910309,v1:172.21.15.114:6801/625910309] conn(0x7f39c4038370 0x7f39c403a830 unknown :-1 s=START_CONNECT pgs=0 cs=0 l=1 rev1=0 crypto rx=0 tx=0 comp rx=0 tx=0)._fault waiting 0.200000
2024-02-16T22:11:55.644 INFO:teuthology.orchestra.run.smithi114.stdout:/usr/bin/ceph: stderr
2024-02-16T22:11:54.820+0000 7f39e0d87700 1 -- 172.21.15.114:0/138062575 --> [v2:172.21.15.114:3300/0,v1:172.21.15.114:6789/0] -- mon_command({"prefix": "get_command_descriptions"} v 0) v1 -- 0x7f39dc191bf0 con 0x7f39dc105840
2024-02-16T22:11:55.644 INFO:teuthology.orchestra.run.smithi114.stdout:/usr/bin/ceph: stderr
2024-02-16T22:11:54.825+0000 7f39cb7fe700 1 -- 172.21.15.114:0/138062575 <== mon.0 v2:172.21.15.114:3300/0 6 ==== mon_command_ack([{"prefix": "get_command_descriptions"}]=0 v0) v1 ==== 72+0+180422 (secure 0 0 0) 0x7f39cc010c00 con 0x7f39dc105840
2024-02-16T22:11:55.644 INFO:teuthology.orchestra.run.smithi114.stdout:/usr/bin/ceph: stderr
2024-02-16T22:11:55.021+0000 7f39d9d9b700 1 -- 172.21.15.114:0/138062575 >> [v2:172.21.15.114:6800/625910309,v1:172.21.15.114:6801/625910309] conn(0x7f39c4038370 msgr2=0x7f39c403a830 unknown :-1 s=STATE_CONNECTING_RE l=1).process reconnect failed to v2:172.21.15.114:6800/625910309
2024-02-16T22:11:55.644 INFO:teuthology.orchestra.run.smithi114.stdout:/usr/bin/ceph: stderr
2024-02-16T22:11:55.021+0000 7f39d9d9b700 1 --2- 172.21.15.114:0/138062575 >> [v2:172.21.15.114:6800/625910309,v1:172.21.15.114:6801/625910309] conn(0x7f39c4038370 0x7f39c403a830 unknown :-1 s=START_CONNECT pgs=0 cs=0 l=1 rev1=0 crypto rx=0 tx=0 comp rx=0 tx=0)._fault waiting 0.400000
2024-02-16T22:11:55.644 INFO:teuthology.orchestra.run.smithi114.stdout:/usr/bin/ceph: stderr
2024-02-16T22:11:55.069+0000 7f39e0d87700 1 -- 172.21.15.114:0/138062575 --> [v2:172.21.15.114:3300/0,v1:172.21.15.114:6789/0] -- mon_command({"prefix": "mgr stat"} v 0) v1 -- 0x7f39dc0619a0 con 0x7f39dc105840
2024-02-16T22:11:55.644 INFO:teuthology.orchestra.run.smithi114.stdout:/usr/bin/ceph: stderr
2024-02-16T22:11:55.069+0000 7f39cb7fe700 1 -- 172.21.15.114:0/138062575 <== mon.0 v2:172.21.15.114:3300/0 7 ==== mon_command_ack([{"prefix": "mgr stat"}]=0 v9) v1 ==== 56+0+103 (secure 0 0 0) 0x7f39cc0107f0 con 0x7f39dc105840
2024-02-16T22:11:55.644 INFO:teuthology.orchestra.run.smithi114.stdout:/usr/bin/ceph: stderr
2024-02-16T22:11:55.071+0000 7f39e0d87700 1 -- 172.21.15.114:0/138062575 >> [v2:172.21.15.114:6800/625910309,v1:172.21.15.114:6801/625910309] conn(0x7f39c4038370 msgr2=0x7f39c403a830 unknown :-1 s=STATE_CONNECTING l=1).mark_down
2024-02-16T22:11:55.644 INFO:teuthology.orchestra.run.smithi114.stdout:/usr/bin/ceph: stderr
2024-02-16T22:11:55.071+0000 7f39e0d87700 1 --2- 172.21.15.114:0/138062575 >> [v2:172.21.15.114:6800/625910309,v1:172.21.15.114:6801/625910309] conn(0x7f39c4038370 0x7f39c403a830 unknown :-1 s=START_CONNECT pgs=0 cs=0 l=1 rev1=0 crypto rx=0 tx=0 comp rx=0 tx=0).stop
2024-02-16T22:11:55.644 INFO:teuthology.orchestra.run.smithi114.stdout:/usr/bin/ceph: stderr
2024-02-16T22:11:55.071+0000 7f39e0d87700 1 -- 172.21.15.114:0/138062575 >> [v2:172.21.15.114:3300/0,v1:172.21.15.114:6789/0] conn(0x7f39dc105840 msgr2=0x7f39dc19c350 secure :-1 s=STATE_CONNECTION_ESTABLISHED l=1).mark_down
2024-02-16T22:11:55.644 INFO:teuthology.orchestra.run.smithi114.stdout:/usr/bin/ceph: stderr
2024-02-16T22:11:55.071+0000 7f39e0d87700 1 --2- 172.21.15.114:0/138062575 >> [v2:172.21.15.114:3300/0,v1:172.21.15.114:6789/0] conn(0x7f39dc105840 0x7f39dc19c350 secure :-1 s=READY pgs=72 cs=0 l=1 rev1=1 crypto rx=0x7f39cc011670 tx=0x7f39cc011b50 comp rx=0 tx=0).stop
2024-02-16T22:11:55.644 INFO:teuthology.orchestra.run.smithi114.stdout:/usr/bin/ceph: stderr
2024-02-16T22:11:55.071+0000 7f39e0d87700 1 -- 172.21.15.114:0/138062575 shutdown_connections
2024-02-16T22:11:55.644 INFO:teuthology.orchestra.run.smithi114.stdout:/usr/bin/ceph: stderr
2024-02-16T22:11:55.072+0000 7f39e0d87700 1 --2- 172.21.15.114:0/138062575 >> [v2:172.21.15.114:6800/625910309,v1:172.21.15.114:6801/625910309] conn(0x7f39c4038370 0x7f39c403a830 unknown :-1 s=CLOSED pgs=0 cs=0 l=1 rev1=0 crypto rx=0 tx=0 comp rx=0 tx=0).stop
2024-02-16T22:11:55.644 INFO:teuthology.orchestra.run.smithi114.stdout:/usr/bin/ceph: stderr
2024-02-16T22:11:55.072+0000 7f39e0d87700 1 --2- 172.21.15.114:0/138062575 >> [v2:172.21.15.114:3300/0,v1:172.21.15.114:6789/0] conn(0x7f39dc105840 0x7f39dc19c350 unknown :-1 s=CLOSED pgs=72 cs=0 l=1 rev1=1 crypto rx=0 tx=0 comp rx=0 tx=0).stop
2024-02-16T22:11:55.644 INFO:teuthology.orchestra.run.smithi114.stdout:/usr/bin/ceph: stderr
2024-02-16T22:11:55.072+0000 7f39e0d87700 1 -- 172.21.15.114:0/138062575 >> 172.21.15.114:0/138062575 conn(0x7f39dc100040 msgr2=0x7f39dc18ed30 unknown :-1 s=STATE_NONE l=0).mark_down
2024-02-16T22:11:55.644 INFO:teuthology.orchestra.run.smithi114.stdout:/usr/bin/ceph: stderr
2024-02-16T22:11:55.072+0000 7f39e0d87700 1 -- 172.21.15.114:0/138062575 shutdown_connections
2024-02-16T22:11:55.645 INFO:teuthology.orchestra.run.smithi114.stdout:/usr/bin/ceph: stderr
2024-02-16T22:11:55.072+0000 7f39e0d87700 1 -- 172.21.15.114:0/138062575 wait complete.
2024-02-16T22:11:55.645 INFO:teuthology.orchestra.run.smithi114.stdout:Waiting for the mgr to restart...
2024-02-16T22:11:55.645 INFO:teuthology.orchestra.run.smithi114.stdout:Waiting for mgr epoch 9...
2024-02-16T22:11:55.893 INFO:journalctl@ceph.mon.smithi114.smithi114.stdout:Feb 16 22:11:55 smithi114 ceph-mon[29235]: from='client.? 172.21.15.114:0/138062575' entity='client.admin' cmd=[{"prefix": "mgr stat"}]: dispatch
2024-02-16T22:12:00.952 INFO:journalctl@ceph.mon.smithi114.smithi114.stdout:Feb 16 22:12:00 smithi114 ceph-mon[29235]: Active manager daemon smithi114.vcullz restarted
2024-02-16T22:12:00.952 INFO:journalctl@ceph.mon.smithi114.smithi114.stdout:Feb 16 22:12:00 smithi114 ceph-mon[29235]: Activating manager daemon smithi114.vcullz
2024-02-16T22:12:00.952 INFO:journalctl@ceph.mon.smithi114.smithi114.stdout:Feb 16 22:12:00 smithi114 ceph-mon[29235]: osdmap e3: 0 total, 0 up, 0 in
2024-02-16T22:12:00.952 INFO:journalctl@ceph.mon.smithi114.smithi114.stdout:Feb 16 22:12:00 smithi114 ceph-mon[29235]: mgrmap e10: smithi114.vcullz(active, starting, since 0.00327453s)
2024-02-16T22:12:00.952 INFO:journalctl@ceph.mon.smithi114.smithi114.stdout:Feb 16 22:12:00 smithi114 ceph-mon[29235]: from='mgr.14164 172.21.15.114:0/628659527' entity='mgr.smithi114.vcullz' cmd=[{"prefix": "mon metadata", "id": "smithi114"}]: dispatch
2024-02-16T22:12:00.952 INFO:journalctl@ceph.mon.smithi114.smithi114.stdout:Feb 16 22:12:00 smithi114 ceph-mon[29235]: from='mgr.14164 172.21.15.114:0/628659527' entity='mgr.smithi114.vcullz' cmd=[{"prefix": "mgr metadata", "who": "smithi114.vcullz", "id": "smithi114.vcullz"}]: dispatch
2024-02-16T22:12:00.952 INFO:journalctl@ceph.mon.smithi114.smithi114.stdout:Feb 16 22:12:00 smithi114 ceph-mon[29235]: from='mgr.14164 172.21.15.114:0/628659527' entity='mgr.smithi114.vcullz' cmd=[{"prefix": "mds metadata"}]: dispatch
2024-02-16T22:12:00.952 INFO:journalctl@ceph.mon.smithi114.smithi114.stdout:Feb 16 22:12:00 smithi114 ceph-mon[29235]: from='mgr.14164 172.21.15.114:0/628659527' entity='mgr.smithi114.vcullz' cmd=[{"prefix": "osd metadata"}]: dispatch
2024-02-16T22:12:00.952 INFO:journalctl@ceph.mon.smithi114.smithi114.stdout:Feb 16 22:12:00 smithi114 ceph-mon[29235]: from='mgr.14164 172.21.15.114:0/628659527' entity='mgr.smithi114.vcullz' cmd=[{"prefix": "mon metadata"}]: dispatch
2024-02-16T22:12:00.952 INFO:journalctl@ceph.mon.smithi114.smithi114.stdout:Feb 16 22:12:00 smithi114 ceph-mon[29235]: Manager daemon smithi114.vcullz is now available
2024-02-16T22:12:00.953 INFO:journalctl@ceph.mon.smithi114.smithi114.stdout:Feb 16 22:12:00 smithi114 ceph-mon[29235]: from='mgr.14164 172.21.15.114:0/628659527' entity='mgr.smithi114.vcullz' cmd=[{"prefix": "config dump", "format": "json"}]: dispatch
2024-02-16T22:12:00.953 INFO:journalctl@ceph.mon.smithi114.smithi114.stdout:Feb 16 22:12:00 smithi114 ceph-mon[29235]: from='mgr.14164 172.21.15.114:0/628659527' entity='mgr.smithi114.vcullz' cmd=[{"prefix": "config dump", "format": "json"}]: dispatch
2024-02-16T22:12:01.645 INFO:journalctl@ceph.mon.smithi114.smithi114.stdout:Feb 16 22:12:01 smithi114 ceph-mon[29235]: from='mgr.14164 172.21.15.114:0/628659527' entity='mgr.smithi114.vcullz' cmd=[{"prefix":"config rm","who":"mgr","name":"mgr/rbd_support/smithi114.vcullz/mirror_snapshot_schedule"}]: dispatch
2024-02-16T22:12:01.646 INFO:journalctl@ceph.mon.smithi114.smithi114.stdout:Feb 16 22:12:01 smithi114 ceph-mon[29235]: from='mgr.14164 172.21.15.114:0/628659527' entity='mgr.smithi114.vcullz' cmd=[{"prefix":"config rm","who":"mgr","name":"mgr/rbd_support/smithi114.vcullz/trash_purge_schedule"}]: dispatch
2024-02-16T22:12:01.646 INFO:journalctl@ceph.mon.smithi114.smithi114.stdout:Feb 16 22:12:01 smithi114 ceph-mon[29235]: [16/Feb/2024:22:12:00] ENGINE Bus STARTING
2024-02-16T22:12:01.646 INFO:journalctl@ceph.mon.smithi114.smithi114.stdout:Feb 16 22:12:01 smithi114 ceph-mon[29235]: [16/Feb/2024:22:12:00] ENGINE Serving on http://172.21.15.114:8765
2024-02-16T22:12:01.646 INFO:journalctl@ceph.mon.smithi114.smithi114.stdout:Feb 16 22:12:01 smithi114 ceph-mon[29235]: mgrmap e11: smithi114.vcullz(active, since 1.00571s)
2024-02-16T22:12:02.226 INFO:teuthology.orchestra.run.smithi114.stdout:/usr/bin/ceph: stdout {
2024-02-16T22:12:02.226 INFO:teuthology.orchestra.run.smithi114.stdout:/usr/bin/ceph: stdout "mgrmap_epoch": 11,
2024-02-16T22:12:02.227 INFO:teuthology.orchestra.run.smithi114.stdout:/usr/bin/ceph: stdout "initialized": true
2024-02-16T22:12:02.227 INFO:teuthology.orchestra.run.smithi114.stdout:/usr/bin/ceph: stdout }
2024-02-16T22:12:02.227 INFO:teuthology.orchestra.run.smithi114.stdout:/usr/bin/ceph: stderr
2024-02-16T22:11:56.083+0000 7f4acafd9700 1 Processor -- start
2024-02-16T22:12:02.227 INFO:teuthology.orchestra.run.smithi114.stdout:/usr/bin/ceph: stderr
2024-02-16T22:11:56.083+0000 7f4acafd9700 1 -- start start
2024-02-16T22:12:02.227 INFO:teuthology.orchestra.run.smithi114.stdout:/usr/bin/ceph: stderr
2024-02-16T22:11:56.083+0000 7f4acafd9700 1 --2- >> [v2:172.21.15.114:3300/0,v1:172.21.15.114:6789/0] conn(0x7f4ac4106f20 0x7f4ac4109310 unknown :-1 s=NONE pgs=0 cs=0 l=0 rev1=0 crypto rx=0 tx=0 comp rx=0 tx=0).connect
2024-02-16T22:12:02.227 INFO:teuthology.orchestra.run.smithi114.stdout:/usr/bin/ceph: stderr
2024-02-16T22:11:56.083+0000 7f4acafd9700 1 -- --> [v2:172.21.15.114:3300/0,v1:172.21.15.114:6789/0] -- mon_getmap magic: 0 v1 -- 0x7f4ac4079e60 con 0x7f4ac4106f20
2024-02-16T22:12:02.227 INFO:teuthology.orchestra.run.smithi114.stdout:/usr/bin/ceph: stderr
