2024-02-16T22:11:48.407 INFO:teuthology.orchestra.run.smithi114.stdout:/usr/bin/ceph: stderr
2024-02-16T22:11:47.566+0000 7fb069090700 1 --2- 172.21.15.114:0/254285218 >> [v2:172.21.15.114:3300/0,v1:172.21.15.114:6789/0] conn(0x7fb06407be70 0x7fb06407a2d0 secure :-1 s=READY pgs=59 cs=0 l=1 rev1=1 crypto rx=0x7fb0540098a0 tx=0x7fb054009bb0 comp rx=0 tx=0).stop
2024-02-16T22:11:48.407 INFO:teuthology.orchestra.run.smithi114.stdout:/usr/bin/ceph: stderr
2024-02-16T22:11:47.566+0000 7fb069090700 1 -- 172.21.15.114:0/254285218 shutdown_connections
2024-02-16T22:11:48.407 INFO:teuthology.orchestra.run.smithi114.stdout:/usr/bin/ceph: stderr
2024-02-16T22:11:47.566+0000 7fb069090700 1 --2- 172.21.15.114:0/254285218 >> [v2:172.21.15.114:3300/0,v1:172.21.15.114:6789/0] conn(0x7fb06407be70 0x7fb06407a2d0 unknown :-1 s=CLOSED pgs=59 cs=0 l=1 rev1=1 crypto rx=0 tx=0 comp rx=0 tx=0).stop
2024-02-16T22:11:48.407 INFO:teuthology.orchestra.run.smithi114.stdout:/usr/bin/ceph: stderr
2024-02-16T22:11:47.566+0000 7fb069090700 1 -- 172.21.15.114:0/254285218 >> 172.21.15.114:0/254285218 conn(0x7fb064101a00 msgr2=0x7fb064103e20 unknown :-1 s=STATE_NONE l=0).mark_down
2024-02-16T22:11:48.407 INFO:teuthology.orchestra.run.smithi114.stdout:/usr/bin/ceph: stderr
2024-02-16T22:11:47.566+0000 7fb069090700 1 -- 172.21.15.114:0/254285218 shutdown_connections
2024-02-16T22:11:48.407 INFO:teuthology.orchestra.run.smithi114.stdout:/usr/bin/ceph: stderr
2024-02-16T22:11:47.566+0000 7fb069090700 1 -- 172.21.15.114:0/254285218 wait complete.
2024-02-16T22:11:48.407 INFO:teuthology.orchestra.run.smithi114.stdout:/usr/bin/ceph: stderr
2024-02-16T22:11:47.567+0000 7fb069090700 1 Processor -- start
2024-02-16T22:11:48.407 INFO:teuthology.orchestra.run.smithi114.stdout:/usr/bin/ceph: stderr
2024-02-16T22:11:47.567+0000 7fb069090700 1 -- start start
2024-02-16T22:11:48.407 INFO:teuthology.orchestra.run.smithi114.stdout:/usr/bin/ceph: stderr
2024-02-16T22:11:47.567+0000 7fb069090700 1 --2- >> [v2:172.21.15.114:3300/0,v1:172.21.15.114:6789/0] conn(0x7fb06407be70 0x7fb06419c2a0 unknown :-1 s=NONE pgs=0 cs=0 l=1 rev1=0 crypto rx=0 tx=0 comp rx=0 tx=0).connect
2024-02-16T22:11:48.407 INFO:teuthology.orchestra.run.smithi114.stdout:/usr/bin/ceph: stderr
2024-02-16T22:11:47.567+0000 7fb069090700 1 -- --> [v2:172.21.15.114:3300/0,v1:172.21.15.114:6789/0] -- mon_getmap magic: 0 v1 -- 0x7fb06419c7e0 con 0x7fb06407be70
2024-02-16T22:11:48.407 INFO:teuthology.orchestra.run.smithi114.stdout:/usr/bin/ceph: stderr
2024-02-16T22:11:47.567+0000 7fb062d9d700 1 --2- >> [v2:172.21.15.114:3300/0,v1:172.21.15.114:6789/0] conn(0x7fb06407be70 0x7fb06419c2a0 unknown :-1 s=BANNER_CONNECTING pgs=0 cs=0 l=1 rev1=0 crypto rx=0 tx=0 comp rx=0 tx=0)._handle_peer_banner_payload supported=3 required=0
2024-02-16T22:11:48.407 INFO:teuthology.orchestra.run.smithi114.stdout:/usr/bin/ceph: stderr
2024-02-16T22:11:47.567+0000 7fb062d9d700 1 --2- >> [v2:172.21.15.114:3300/0,v1:172.21.15.114:6789/0] conn(0x7fb06407be70 0x7fb06419c2a0 unknown :-1 s=HELLO_CONNECTING pgs=0 cs=0 l=1 rev1=1 crypto rx=0 tx=0 comp rx=0 tx=0).handle_hello peer v2:172.21.15.114:3300/0 says I am v2:172.21.15.114:34264/0 (socket says 172.21.15.114:34264)
2024-02-16T22:11:48.408 INFO:teuthology.orchestra.run.smithi114.stdout:/usr/bin/ceph: stderr
2024-02-16T22:11:47.567+0000 7fb062d9d700 1 -- 172.21.15.114:0/544290629 learned_addr learned my addr 172.21.15.114:0/544290629 (peer_addr_for_me v2:172.21.15.114:0/0)
2024-02-16T22:11:48.408 INFO:teuthology.orchestra.run.smithi114.stdout:/usr/bin/ceph: stderr
2024-02-16T22:11:47.568+0000 7fb062d9d700 1 -- 172.21.15.114:0/544290629 --> [v2:172.21.15.114:3300/0,v1:172.21.15.114:6789/0] -- mon_subscribe({config=0+,monmap=0+}) v3 -- 0x7fb054009550 con 0x7fb06407be70
2024-02-16T22:11:48.408 INFO:teuthology.orchestra.run.smithi114.stdout:/usr/bin/ceph: stderr
2024-02-16T22:11:47.568+0000 7fb062d9d700 1 --2- 172.21.15.114:0/544290629 >> [v2:172.21.15.114:3300/0,v1:172.21.15.114:6789/0] conn(0x7fb06407be70 0x7fb06419c2a0 secure :-1 s=READY pgs=60 cs=0 l=1 rev1=1 crypto rx=0x7fb054011ad0 tx=0x7fb054011bb0 comp rx=0 tx=0).ready entity=mon.0 client_cookie=0 server_cookie=0 in_seq=0 out_seq=0
2024-02-16T22:11:48.408 INFO:teuthology.orchestra.run.smithi114.stdout:/usr/bin/ceph: stderr
2024-02-16T22:11:47.568+0000 7fb04bfff700 1 -- 172.21.15.114:0/544290629 <== mon.0 v2:172.21.15.114:3300/0 1 ==== mon_map magic: 0 v1 ==== 229+0+0 (secure 0 0 0) 0x7fb054003ab0 con 0x7fb06407be70
2024-02-16T22:11:48.408 INFO:teuthology.orchestra.run.smithi114.stdout:/usr/bin/ceph: stderr
2024-02-16T22:11:47.568+0000 7fb04bfff700 1 -- 172.21.15.114:0/544290629 <== mon.0 v2:172.21.15.114:3300/0 2 ==== config(27 keys) v1 ==== 1101+0+0 (secure 0 0 0) 0x7fb054003c10 con 0x7fb06407be70
2024-02-16T22:11:48.408 INFO:teuthology.orchestra.run.smithi114.stdout:/usr/bin/ceph: stderr
2024-02-16T22:11:47.568+0000 7fb069090700 1 -- 172.21.15.114:0/544290629 --> [v2:172.21.15.114:3300/0,v1:172.21.15.114:6789/0] -- mon_subscribe({mgrmap=0+}) v3 -- 0x7fb06419c9e0 con 0x7fb06407be70
2024-02-16T22:11:48.408 INFO:teuthology.orchestra.run.smithi114.stdout:/usr/bin/ceph: stderr
2024-02-16T22:11:47.568+0000 7fb04bfff700 1 -- 172.21.15.114:0/544290629 <== mon.0 v2:172.21.15.114:3300/0 3 ==== mon_map magic: 0 v1 ==== 229+0+0 (secure 0 0 0) 0x7fb0540198e0 con 0x7fb06407be70
2024-02-16T22:11:48.408 INFO:teuthology.orchestra.run.smithi114.stdout:/usr/bin/ceph: stderr
2024-02-16T22:11:47.568+0000 7fb069090700 1 -- 172.21.15.114:0/544290629 --> [v2:172.21.15.114:3300/0,v1:172.21.15.114:6789/0] -- mon_subscribe({osdmap=0}) v3 -- 0x7fb06419ce80 con 0x7fb06407be70
2024-02-16T22:11:48.408 INFO:teuthology.orchestra.run.smithi114.stdout:/usr/bin/ceph: stderr
2024-02-16T22:11:47.569+0000 7fb04bfff700 1 -- 172.21.15.114:0/544290629 <== mon.0 v2:172.21.15.114:3300/0 4 ==== mgrmap(e 8) v1 ==== 45283+0+0 (secure 0 0 0) 0x7fb054019ba0 con 0x7fb06407be70
2024-02-16T22:11:48.408 INFO:teuthology.orchestra.run.smithi114.stdout:/usr/bin/ceph: stderr
2024-02-16T22:11:47.569+0000 7fb04bfff700 1 --2- 172.21.15.114:0/544290629 >> [v2:172.21.15.114:6800/625910309,v1:172.21.15.114:6801/625910309] conn(0x7fb04c038320 0x7fb04c03a7e0 unknown :-1 s=NONE pgs=0 cs=0 l=1 rev1=0 crypto rx=0 tx=0 comp rx=0 tx=0).connect
2024-02-16T22:11:48.408 INFO:teuthology.orchestra.run.smithi114.stdout:/usr/bin/ceph: stderr
2024-02-16T22:11:47.569+0000 7fb069090700 1 -- 172.21.15.114:0/544290629 --> [v2:172.21.15.114:3300/0,v1:172.21.15.114:6789/0] -- mon_command({"prefix": "get_command_descriptions"} v 0) v1 -- 0x7fb06410c7c0 con 0x7fb06407be70
2024-02-16T22:11:48.408 INFO:teuthology.orchestra.run.smithi114.stdout:/usr/bin/ceph: stderr
2024-02-16T22:11:47.569+0000 7fb04bfff700 1 -- 172.21.15.114:0/544290629 <== mon.0 v2:172.21.15.114:3300/0 5 ==== osd_map(2..2 src has 1..2) v4 ==== 940+0+0 (secure 0 0 0) 0x7fb05404c1d0 con 0x7fb06407be70
2024-02-16T22:11:48.408 INFO:teuthology.orchestra.run.smithi114.stdout:/usr/bin/ceph: stderr
2024-02-16T22:11:47.569+0000 7fb06259c700 1 --2- 172.21.15.114:0/544290629 >> [v2:172.21.15.114:6800/625910309,v1:172.21.15.114:6801/625910309] conn(0x7fb04c038320 0x7fb04c03a7e0 unknown :-1 s=BANNER_CONNECTING pgs=0 cs=0 l=1 rev1=0 crypto rx=0 tx=0 comp rx=0 tx=0)._handle_peer_banner_payload supported=3 required=0
2024-02-16T22:11:48.409 INFO:teuthology.orchestra.run.smithi114.stdout:/usr/bin/ceph: stderr
2024-02-16T22:11:47.570+0000 7fb06259c700 1 --2- 172.21.15.114:0/544290629 >> [v2:172.21.15.114:6800/625910309,v1:172.21.15.114:6801/625910309] conn(0x7fb04c038320 0x7fb04c03a7e0 secure :-1 s=READY pgs=18 cs=0 l=1 rev1=1 crypto rx=0x7fb058006fd0 tx=0x7fb058006e40 comp rx=0 tx=0).ready entity=mgr.14120 client_cookie=0 server_cookie=0 in_seq=0 out_seq=0
2024-02-16T22:11:48.409 INFO:teuthology.orchestra.run.smithi114.stdout:/usr/bin/ceph: stderr
2024-02-16T22:11:47.574+0000 7fb04bfff700 1 -- 172.21.15.114:0/544290629 <== mon.0 v2:172.21.15.114:3300/0 6 ==== mon_command_ack([{"prefix": "get_command_descriptions"}]=0 v0) v1 ==== 72+0+180422 (secure 0 0 0) 0x7fb054010d10 con 0x7fb06407be70
2024-02-16T22:11:48.409 INFO:teuthology.orchestra.run.smithi114.stdout:/usr/bin/ceph: stderr
2024-02-16T22:11:47.776+0000 7fb069090700 1 -- 172.21.15.114:0/544290629 --> [v2:172.21.15.114:6800/625910309,v1:172.21.15.114:6801/625910309] -- mgr_command(tid 0: {"prefix": "orch apply", "service_type": "node-exporter", "target": ["mon-mgr", ""]}) v1 -- 0x7fb064102ee0 con 0x7fb04c038320
2024-02-16T22:11:48.409 INFO:teuthology.orchestra.run.smithi114.stdout:/usr/bin/ceph: stderr
2024-02-16T22:11:47.781+0000 7fb04bfff700 1 -- 172.21.15.114:0/544290629 <== mgr.14120 v2:172.21.15.114:6800/625910309 1 ==== mgr_command_reply(tid 0: 0 ) v1 ==== 8+0+34 (secure 0 0 0) 0x7fb064102ee0 con 0x7fb04c038320
2024-02-16T22:11:48.409 INFO:teuthology.orchestra.run.smithi114.stdout:/usr/bin/ceph: stderr
2024-02-16T22:11:47.783+0000 7fb069090700 1 -- 172.21.15.114:0/544290629 >> [v2:172.21.15.114:6800/625910309,v1:172.21.15.114:6801/625910309] conn(0x7fb04c038320 msgr2=0x7fb04c03a7e0 secure :-1 s=STATE_CONNECTION_ESTABLISHED l=1).mark_down
2024-02-16T22:11:48.409 INFO:teuthology.orchestra.run.smithi114.stdout:/usr/bin/ceph: stderr
2024-02-16T22:11:47.783+0000 7fb069090700 1 --2- 172.21.15.114:0/544290629 >> [v2:172.21.15.114:6800/625910309,v1:172.21.15.114:6801/625910309] conn(0x7fb04c038320 0x7fb04c03a7e0 secure :-1 s=READY pgs=18 cs=0 l=1 rev1=1 crypto rx=0x7fb058006fd0 tx=0x7fb058006e40 comp rx=0 tx=0).stop
2024-02-16T22:11:48.409 INFO:teuthology.orchestra.run.smithi114.stdout:/usr/bin/ceph: stderr
2024-02-16T22:11:47.783+0000 7fb069090700 1 -- 172.21.15.114:0/544290629 >> [v2:172.21.15.114:3300/0,v1:172.21.15.114:6789/0] conn(0x7fb06407be70 msgr2=0x7fb06419c2a0 secure :-1 s=STATE_CONNECTION_ESTABLISHED l=1).mark_down
2024-02-16T22:11:48.409 INFO:teuthology.orchestra.run.smithi114.stdout:/usr/bin/ceph: stderr
2024-02-16T22:11:47.783+0000 7fb069090700 1 --2- 172.21.15.114:0/544290629 >> [v2:172.21.15.114:3300/0,v1:172.21.15.114:6789/0] conn(0x7fb06407be70 0x7fb06419c2a0 secure :-1 s=READY pgs=60 cs=0 l=1 rev1=1 crypto rx=0x7fb054011ad0 tx=0x7fb054011bb0 comp rx=0 tx=0).stop
2024-02-16T22:11:48.409 INFO:teuthology.orchestra.run.smithi114.stdout:/usr/bin/ceph: stderr
2024-02-16T22:11:47.783+0000 7fb069090700 1 -- 172.21.15.114:0/544290629 shutdown_connections
2024-02-16T22:11:48.409 INFO:teuthology.orchestra.run.smithi114.stdout:/usr/bin/ceph: stderr
2024-02-16T22:11:47.783+0000 7fb069090700 1 --2- 172.21.15.114:0/544290629 >> [v2:172.21.15.114:6800/625910309,v1:172.21.15.114:6801/625910309] conn(0x7fb04c038320 0x7fb04c03a7e0 unknown :-1 s=CLOSED pgs=18 cs=0 l=1 rev1=1 crypto rx=0 tx=0 comp rx=0 tx=0).stop
2024-02-16T22:11:48.409 INFO:teuthology.orchestra.run.smithi114.stdout:/usr/bin/ceph: stderr
2024-02-16T22:11:47.783+0000 7fb069090700 1 --2- 172.21.15.114:0/544290629 >> [v2:172.21.15.114:3300/0,v1:172.21.15.114:6789/0] conn(0x7fb06407be70 0x7fb06419c2a0 unknown :-1 s=CLOSED pgs=60 cs=0 l=1 rev1=1 crypto rx=0 tx=0 comp rx=0 tx=0).stop
2024-02-16T22:11:48.409 INFO:teuthology.orchestra.run.smithi114.stdout:/usr/bin/ceph: stderr
2024-02-16T22:11:47.783+0000 7fb069090700 1 -- 172.21.15.114:0/544290629 >> 172.21.15.114:0/544290629 conn(0x7fb064101a00 msgr2=0x7fb0641027d0 unknown :-1 s=STATE_NONE l=0).mark_down
2024-02-16T22:11:48.409 INFO:teuthology.orchestra.run.smithi114.stdout:/usr/bin/ceph: stderr
2024-02-16T22:11:47.784+0000 7fb069090700 1 -- 172.21.15.114:0/544290629 shutdown_connections
2024-02-16T22:11:48.409 INFO:teuthology.orchestra.run.smithi114.stdout:/usr/bin/ceph: stderr
2024-02-16T22:11:47.784+0000 7fb069090700 1 -- 172.21.15.114:0/544290629 wait complete.
2024-02-16T22:11:48.410 INFO:teuthology.orchestra.run.smithi114.stdout:Deploying alertmanager service with default placement...
2024-02-16T22:11:49.036 INFO:journalctl@ceph.mon.smithi114.smithi114.stdout:Feb 16 22:11:48 smithi114 ceph-mon[29235]: from='client.14154 -' entity='client.admin' cmd=[{"prefix": "orch apply", "service_type": "node-exporter", "target": ["mon-mgr", ""]}]: dispatch
2024-02-16T22:11:49.036 INFO:journalctl@ceph.mon.smithi114.smithi114.stdout:Feb 16 22:11:48 smithi114 ceph-mon[29235]: Saving service node-exporter spec with placement *
2024-02-16T22:11:49.036 INFO:journalctl@ceph.mon.smithi114.smithi114.stdout:Feb 16 22:11:48 smithi114 ceph-mon[29235]: from='mgr.14120 172.21.15.114:0/2164534274' entity='mgr.smithi114.vcullz'
2024-02-16T22:11:49.036 INFO:journalctl@ceph.mon.smithi114.smithi114.stdout:Feb 16 22:11:48 smithi114 ceph-mon[29235]: pgmap v3: 0 pgs: ; 0 B data, 0 B used, 0 B / 0 B avail
2024-02-16T22:11:49.663 INFO:teuthology.orchestra.run.smithi114.stdout:/usr/bin/ceph: stdout Scheduled alertmanager update...
2024-02-16T22:11:49.663 INFO:teuthology.orchestra.run.smithi114.stdout:/usr/bin/ceph: stderr
2024-02-16T22:11:48.808+0000 7fdb12fc5700 1 Processor -- start
2024-02-16T22:11:49.663 INFO:teuthology.orchestra.run.smithi114.stdout:/usr/bin/ceph: stderr
2024-02-16T22:11:48.808+0000 7fdb12fc5700 1 -- start start
2024-02-16T22:11:49.663 INFO:teuthology.orchestra.run.smithi114.stdout:/usr/bin/ceph: stderr
2024-02-16T22:11:48.809+0000 7fdb12fc5700 1 --2- >> [v2:172.21.15.114:3300/0,v1:172.21.15.114:6789/0] conn(0x7fdb0c07bed0 0x7fdb0c07a330 unknown :-1 s=NONE pgs=0 cs=0 l=0 rev1=0 crypto rx=0 tx=0 comp rx=0 tx=0).connect
2024-02-16T22:11:49.663 INFO:teuthology.orchestra.run.smithi114.stdout:/usr/bin/ceph: stderr
2024-02-16T22:11:48.809+0000 7fdb12fc5700 1 -- --> [v2:172.21.15.114:3300/0,v1:172.21.15.114:6789/0] -- mon_getmap magic: 0 v1 -- 0x7fdb0c07a900 con 0x7fdb0c07bed0
2024-02-16T22:11:49.663 INFO:teuthology.orchestra.run.smithi114.stdout:/usr/bin/ceph: stderr
2024-02-16T22:11:48.809+0000 7fdb10d61700 1 --2- >> [v2:172.21.15.114:3300/0,v1:172.21.15.114:6789/0] conn(0x7fdb0c07bed0 0x7fdb0c07a330 unknown :-1 s=BANNER_CONNECTING pgs=0 cs=0 l=0 rev1=0 crypto rx=0 tx=0 comp rx=0 tx=0)._handle_peer_banner_payload supported=3 required=0
2024-02-16T22:11:49.663 INFO:teuthology.orchestra.run.smithi114.stdout:/usr/bin/ceph: stderr
2024-02-16T22:11:48.809+0000 7fdb10d61700 1 --2- >> [v2:172.21.15.114:3300/0,v1:172.21.15.114:6789/0] conn(0x7fdb0c07bed0 0x7fdb0c07a330 unknown :-1 s=HELLO_CONNECTING pgs=0 cs=0 l=0 rev1=1 crypto rx=0 tx=0 comp rx=0 tx=0).handle_hello peer v2:172.21.15.114:3300/0 says I am v2:172.21.15.114:34278/0 (socket says 172.21.15.114:34278)
2024-02-16T22:11:49.663 INFO:teuthology.orchestra.run.smithi114.stdout:/usr/bin/ceph: stderr
2024-02-16T22:11:48.809+0000 7fdb10d61700 1 -- 172.21.15.114:0/1083618362 learned_addr learned my addr 172.21.15.114:0/1083618362 (peer_addr_for_me v2:172.21.15.114:0/0)
2024-02-16T22:11:49.663 INFO:teuthology.orchestra.run.smithi114.stdout:/usr/bin/ceph: stderr
2024-02-16T22:11:48.809+0000 7fdb10d61700 1 -- 172.21.15.114:0/1083618362 --> [v2:172.21.15.114:3300/0,v1:172.21.15.114:6789/0] -- mon_subscribe({config=0+,monmap=0+}) v3 -- 0x7fdb0c07aa40 con 0x7fdb0c07bed0
2024-02-16T22:11:49.663 INFO:teuthology.orchestra.run.smithi114.stdout:/usr/bin/ceph: stderr
2024-02-16T22:11:48.809+0000 7fdb10d61700 1 --2- 172.21.15.114:0/1083618362 >> [v2:172.21.15.114:3300/0,v1:172.21.15.114:6789/0] conn(0x7fdb0c07bed0 0x7fdb0c07a330 secure :-1 s=READY pgs=61 cs=0 l=1 rev1=1 crypto rx=0x7fdb000098a0 tx=0x7fdb00009bb0 comp rx=0 tx=0).ready entity=mon.0 client_cookie=81a546590cc83141 server_cookie=0 in_seq=0 out_seq=0
2024-02-16T22:11:49.664 INFO:teuthology.orchestra.run.smithi114.stdout:/usr/bin/ceph: stderr
2024-02-16T22:11:48.809+0000 7fdb0b7fe700 1 -- 172.21.15.114:0/1083618362 <== mon.0 v2:172.21.15.114:3300/0 1 ==== mon_map magic: 0 v1 ==== 229+0+0 (secure 0 0 0) 0x7fdb00004180 con 0x7fdb0c07bed0
2024-02-16T22:11:49.664 INFO:teuthology.orchestra.run.smithi114.stdout:/usr/bin/ceph: stderr
2024-02-16T22:11:48.809+0000 7fdb0b7fe700 1 -- 172.21.15.114:0/1083618362 <== mon.0 v2:172.21.15.114:3300/0 2 ==== config(27 keys) v1 ==== 1101+0+0 (secure 0 0 0) 0x7fdb000042e0 con 0x7fdb0c07bed0
2024-02-16T22:11:49.664 INFO:teuthology.orchestra.run.smithi114.stdout:/usr/bin/ceph: stderr
2024-02-16T22:11:48.809+0000 7fdb0b7fe700 1 -- 172.21.15.114:0/1083618362 <== mon.0 v2:172.21.15.114:3300/0 3 ==== mon_map magic: 0 v1 ==== 229+0+0 (secure 0 0 0) 0x7fdb00011af0 con 0x7fdb0c07bed0
2024-02-16T22:11:49.664 INFO:teuthology.orchestra.run.smithi114.stdout:/usr/bin/ceph: stderr
2024-02-16T22:11:48.810+0000 7fdb12fc5700 1 -- 172.21.15.114:0/1083618362 >> [v2:172.21.15.114:3300/0,v1:172.21.15.114:6789/0] conn(0x7fdb0c07bed0 msgr2=0x7fdb0c07a330 secure :-1 s=STATE_CONNECTION_ESTABLISHED l=1).mark_down
2024-02-16T22:11:49.664 INFO:teuthology.orchestra.run.smithi114.stdout:/usr/bin/ceph: stderr
2024-02-16T22:11:48.810+0000 7fdb12fc5700 1 --2- 172.21.15.114:0/1083618362 >> [v2:172.21.15.114:3300/0,v1:172.21.15.114:6789/0] conn(0x7fdb0c07bed0 0x7fdb0c07a330 secure :-1 s=READY pgs=61 cs=0 l=1 rev1=1 crypto rx=0x7fdb000098a0 tx=0x7fdb00009bb0 comp rx=0 tx=0).stop
2024-02-16T22:11:49.664 INFO:teuthology.orchestra.run.smithi114.stdout:/usr/bin/ceph: stderr
2024-02-16T22:11:48.810+0000 7fdb12fc5700 1 -- 172.21.15.114:0/1083618362 shutdown_connections
2024-02-16T22:11:49.664 INFO:teuthology.orchestra.run.smithi114.stdout:/usr/bin/ceph: stderr
2024-02-16T22:11:48.810+0000 7fdb12fc5700 1 --2- 172.21.15.114:0/1083618362 >> [v2:172.21.15.114:3300/0,v1:172.21.15.114:6789/0] conn(0x7fdb0c07bed0 0x7fdb0c07a330 unknown :-1 s=CLOSED pgs=61 cs=0 l=1 rev1=1 crypto rx=0 tx=0 comp rx=0 tx=0).stop
2024-02-16T22:11:49.664 INFO:teuthology.orchestra.run.smithi114.stdout:/usr/bin/ceph: stderr
2024-02-16T22:11:48.810+0000 7fdb12fc5700 1 -- 172.21.15.114:0/1083618362 >> 172.21.15.114:0/1083618362 conn(0x7fdb0c101a00 msgr2=0x7fdb0c103e20 unknown :-1 s=STATE_NONE l=0).mark_down
2024-02-16T22:11:49.664 INFO:teuthology.orchestra.run.smithi114.stdout:/usr/bin/ceph: stderr
2024-02-16T22:11:48.810+0000 7fdb12fc5700 1 -- 172.21.15.114:0/1083618362 shutdown_connections
2024-02-16T22:11:49.664 INFO:teuthology.orchestra.run.smithi114.stdout:/usr/bin/ceph: stderr
2024-02-16T22:11:48.810+0000 7fdb12fc5700 1 -- 172.21.15.114:0/1083618362 wait complete.
2024-02-16T22:11:49.664 INFO:teuthology.orchestra.run.smithi114.stdout:/usr/bin/ceph: stderr
2024-02-16T22:11:48.810+0000 7fdb12fc5700 1 Processor -- start
2024-02-16T22:11:49.664 INFO:teuthology.orchestra.run.smithi114.stdout:/usr/bin/ceph: stderr
2024-02-16T22:11:48.810+0000 7fdb12fc5700 1 -- start start
2024-02-16T22:11:49.664 INFO:teuthology.orchestra.run.smithi114.stdout:/usr/bin/ceph: stderr
2024-02-16T22:11:48.811+0000 7fdb12fc5700 1 --2- >> [v2:172.21.15.114:3300/0,v1:172.21.15.114:6789/0] conn(0x7fdb0c07bed0 0x7fdb0c19c340 unknown :-1 s=NONE pgs=0 cs=0 l=1 rev1=0 crypto rx=0 tx=0 comp rx=0 tx=0).connect
2024-02-16T22:11:49.664 INFO:teuthology.orchestra.run.smithi114.stdout:/usr/bin/ceph: stderr
2024-02-16T22:11:48.811+0000 7fdb12fc5700 1 -- --> [v2:172.21.15.114:3300/0,v1:172.21.15.114:6789/0] -- mon_getmap magic: 0 v1 -- 0x7fdb0c19c880 con 0x7fdb0c07bed0
2024-02-16T22:11:49.665 INFO:teuthology.orchestra.run.smithi114.stdout:/usr/bin/ceph: stderr
2024-02-16T22:11:48.811+0000 7fdb10d61700 1 --2- >> [v2:172.21.15.114:3300/0,v1:172.21.15.114:6789/0] conn(0x7fdb0c07bed0 0x7fdb0c19c340 unknown :-1 s=BANNER_CONNECTING pgs=0 cs=0 l=1 rev1=0 crypto rx=0 tx=0 comp rx=0 tx=0)._handle_peer_banner_payload supported=3 required=0
2024-02-16T22:11:49.665 INFO:teuthology.orchestra.run.smithi114.stdout:/usr/bin/ceph: stderr
2024-02-16T22:11:48.811+0000 7fdb10d61700 1 --2- >> [v2:172.21.15.114:3300/0,v1:172.21.15.114:6789/0] conn(0x7fdb0c07bed0 0x7fdb0c19c340 unknown :-1 s=HELLO_CONNECTING pgs=0 cs=0 l=1 rev1=1 crypto rx=0 tx=0 comp rx=0 tx=0).handle_hello peer v2:172.21.15.114:3300/0 says I am v2:172.21.15.114:34286/0 (socket says 172.21.15.114:34286)
2024-02-16T22:11:49.665 INFO:teuthology.orchestra.run.smithi114.stdout:/usr/bin/ceph: stderr
2024-02-16T22:11:48.811+0000 7fdb10d61700 1 -- 172.21.15.114:0/2767350908 learned_addr learned my addr 172.21.15.114:0/2767350908 (peer_addr_for_me v2:172.21.15.114:0/0)
2024-02-16T22:11:49.665 INFO:teuthology.orchestra.run.smithi114.stdout:/usr/bin/ceph: stderr
2024-02-16T22:11:48.811+0000 7fdb10d61700 1 -- 172.21.15.114:0/2767350908 --> [v2:172.21.15.114:3300/0,v1:172.21.15.114:6789/0] -- mon_subscribe({config=0+,monmap=0+}) v3 -- 0x7fdb00009550 con 0x7fdb0c07bed0
2024-02-16T22:11:49.665 INFO:teuthology.orchestra.run.smithi114.stdout:/usr/bin/ceph: stderr
2024-02-16T22:11:48.811+0000 7fdb10d61700 1 --2- 172.21.15.114:0/2767350908 >> [v2:172.21.15.114:3300/0,v1:172.21.15.114:6789/0] conn(0x7fdb0c07bed0 0x7fdb0c19c340 secure :-1 s=READY pgs=62 cs=0 l=1 rev1=1 crypto rx=0x7fdb00006ba0 tx=0x7fdb00011b50 comp rx=0 tx=0).ready entity=mon.0 client_cookie=0 server_cookie=0 in_seq=0 out_seq=0
2024-02-16T22:11:49.665 INFO:teuthology.orchestra.run.smithi114.stdout:/usr/bin/ceph: stderr
2024-02-16T22:11:48.811+0000 7fdb09ffb700 1 -- 172.21.15.114:0/2767350908 <== mon.0 v2:172.21.15.114:3300/0 1 ==== mon_map magic: 0 v1 ==== 229+0+0 (secure 0 0 0) 0x7fdb00003b00 con 0x7fdb0c07bed0
2024-02-16T22:11:49.665 INFO:teuthology.orchestra.run.smithi114.stdout:/usr/bin/ceph: stderr
2024-02-16T22:11:48.811+0000 7fdb09ffb700 1 -- 172.21.15.114:0/2767350908 <== mon.0 v2:172.21.15.114:3300/0 2 ==== config(27 keys) v1 ==== 1101+0+0 (secure 0 0 0) 0x7fdb0001a8e0 con 0x7fdb0c07bed0
2024-02-16T22:11:49.665 INFO:teuthology.orchestra.run.smithi114.stdout:/usr/bin/ceph: stderr
2024-02-16T22:11:48.811+0000 7fdb12fc5700 1 -- 172.21.15.114:0/2767350908 --> [v2:172.21.15.114:3300/0,v1:172.21.15.114:6789/0] -- mon_subscribe({mgrmap=0+}) v3 -- 0x7fdb0c19ca80 con 0x7fdb0c07bed0
2024-02-16T22:11:49.665 INFO:teuthology.orchestra.run.smithi114.stdout:/usr/bin/ceph: stderr
2024-02-16T22:11:48.811+0000 7fdb09ffb700 1 -- 172.21.15.114:0/2767350908 <== mon.0 v2:172.21.15.114:3300/0 3 ==== mon_map magic: 0 v1 ==== 229+0+0 (secure 0 0 0) 0x7fdb00019990 con 0x7fdb0c07bed0
2024-02-16T22:11:49.665 INFO:teuthology.orchestra.run.smithi114.stdout:/usr/bin/ceph: stderr
2024-02-16T22:11:48.812+0000 7fdb12fc5700 1 -- 172.21.15.114:0/2767350908 --> [v2:172.21.15.114:3300/0,v1:172.21.15.114:6789/0] -- mon_subscribe({osdmap=0}) v3 -- 0x7fdb0c19cf20 con 0x7fdb0c07bed0
2024-02-16T22:11:49.665 INFO:teuthology.orchestra.run.smithi114.stdout:/usr/bin/ceph: stderr
2024-02-16T22:11:48.812+0000 7fdb09ffb700 1 -- 172.21.15.114:0/2767350908 <== mon.0 v2:172.21.15.114:3300/0 4 ==== mgrmap(e 8) v1 ==== 45283+0+0 (secure 0 0 0) 0x7fdb00019c50 con 0x7fdb0c07bed0
2024-02-16T22:11:49.665 INFO:teuthology.orchestra.run.smithi114.stdout:/usr/bin/ceph: stderr
2024-02-16T22:11:48.812+0000 7fdb12fc5700 1 -- 172.21.15.114:0/2767350908 --> [v2:172.21.15.114:3300/0,v1:172.21.15.114:6789/0] -- mon_command({"prefix": "get_command_descriptions"} v 0) v1 -- 0x7fdb0c10c7c0 con 0x7fdb0c07bed0
2024-02-16T22:11:49.665 INFO:teuthology.orchestra.run.smithi114.stdout:/usr/bin/ceph: stderr
2024-02-16T22:11:48.812+0000 7fdb09ffb700 1 --2- 172.21.15.114:0/2767350908 >> [v2:172.21.15.114:6800/625910309,v1:172.21.15.114:6801/625910309] conn(0x7fdafc0382d0 0x7fdafc03a790 unknown :-1 s=NONE pgs=0 cs=0 l=1 rev1=0 crypto rx=0 tx=0 comp rx=0 tx=0).connect
2024-02-16T22:11:49.665 INFO:teuthology.orchestra.run.smithi114.stdout:/usr/bin/ceph: stderr
2024-02-16T22:11:48.812+0000 7fdb09ffb700 1 -- 172.21.15.114:0/2767350908 <== mon.0 v2:172.21.15.114:3300/0 5 ==== osd_map(2..2 src has 1..2) v4 ==== 940+0+0 (secure 0 0 0) 0x7fdb0004c750 con 0x7fdb0c07bed0
2024-02-16T22:11:49.665 INFO:teuthology.orchestra.run.smithi114.stdout:/usr/bin/ceph: stderr
2024-02-16T22:11:48.813+0000 7fdb0bfff700 1 --2- 172.21.15.114:0/2767350908 >> [v2:172.21.15.114:6800/625910309,v1:172.21.15.114:6801/625910309] conn(0x7fdafc0382d0 0x7fdafc03a790 unknown :-1 s=BANNER_CONNECTING pgs=0 cs=0 l=1 rev1=0 crypto rx=0 tx=0 comp rx=0 tx=0)._handle_peer_banner_payload supported=3 required=0
2024-02-16T22:11:49.666 INFO:teuthology.orchestra.run.smithi114.stdout:/usr/bin/ceph: stderr
2024-02-16T22:11:48.813+0000 7fdb0bfff700 1 --2- 172.21.15.114:0/2767350908 >> [v2:172.21.15.114:6800/625910309,v1:172.21.15.114:6801/625910309] conn(0x7fdafc0382d0 0x7fdafc03a790 secure :-1 s=READY pgs=19 cs=0 l=1 rev1=1 crypto rx=0x7fdaf8006fd0 tx=0x7fdaf8006e40 comp rx=0 tx=0).ready entity=mgr.14120 client_cookie=0 server_cookie=0 in_seq=0 out_seq=0
2024-02-16T22:11:49.666 INFO:teuthology.orchestra.run.smithi114.stdout:/usr/bin/ceph: stderr
2024-02-16T22:11:48.817+0000 7fdb09ffb700 1 -- 172.21.15.114:0/2767350908 <== mon.0 v2:172.21.15.114:3300/0 6 ==== mon_command_ack([{"prefix": "get_command_descriptions"}]=0 v0) v1 ==== 72+0+180422 (secure 0 0 0) 0x7fdb00018b40 con 0x7fdb0c07bed0
2024-02-16T22:11:49.666 INFO:teuthology.orchestra.run.smithi114.stdout:/usr/bin/ceph: stderr
2024-02-16T22:11:49.016+0000 7fdb12fc5700 1 -- 172.21.15.114:0/2767350908 --> [v2:172.21.15.114:6800/625910309,v1:172.21.15.114:6801/625910309] -- mgr_command(tid 0: {"prefix": "orch apply", "service_type": "alertmanager", "target": ["mon-mgr", ""]}) v1 -- 0x7fdb0c103cc0 con 0x7fdafc0382d0
2024-02-16T22:11:49.666 INFO:teuthology.orchestra.run.smithi114.stdout:/usr/bin/ceph: stderr
2024-02-16T22:11:49.021+0000 7fdb09ffb700 1 -- 172.21.15.114:0/2767350908 <== mgr.14120 v2:172.21.15.114:6800/625910309 1 ==== mgr_command_reply(tid 0: 0 ) v1 ==== 8+0+33 (secure 0 0 0) 0x7fdb0c103cc0 con 0x7fdafc0382d0
2024-02-16T22:11:49.666 INFO:teuthology.orchestra.run.smithi114.stdout:/usr/bin/ceph: stderr
2024-02-16T22:11:49.023+0000 7fdb12fc5700 1 -- 172.21.15.114:0/2767350908 >> [v2:172.21.15.114:6800/625910309,v1:172.21.15.114:6801/625910309] conn(0x7fdafc0382d0 msgr2=0x7fdafc03a790 secure :-1 s=STATE_CONNECTION_ESTABLISHED l=1).mark_down
2024-02-16T22:11:49.666 INFO:teuthology.orchestra.run.smithi114.stdout:/usr/bin/ceph: stderr
2024-02-16T22:11:49.023+0000 7fdb12fc5700 1 --2- 172.21.15.114:0/2767350908 >> [v2:172.21.15.114:6800/625910309,v1:172.21.15.114:6801/625910309] conn(0x7fdafc0382d0 0x7fdafc03a790 secure :-1 s=READY pgs=19 cs=0 l=1 rev1=1 crypto rx=0x7fdaf8006fd0 tx=0x7fdaf8006e40 comp rx=0 tx=0).stop
2024-02-16T22:11:49.666 INFO:teuthology.orchestra.run.smithi114.stdout:/usr/bin/ceph: stderr
2024-02-16T22:11:49.023+0000 7fdb12fc5700 1 -- 172.21.15.114:0/2767350908 >> [v2:172.21.15.114:3300/0,v1:172.21.15.114:6789/0] conn(0x7fdb0c07bed0 msgr2=0x7fdb0c19c340 secure :-1 s=STATE_CONNECTION_ESTABLISHED l=1).mark_down
2024-02-16T22:11:49.666 INFO:teuthology.orchestra.run.smithi114.stdout:/usr/bin/ceph: stderr
2024-02-16T22:11:49.023+0000 7fdb12fc5700 1 --2- 172.21.15.114:0/2767350908 >> [v2:172.21.15.114:3300/0,v1:172.21.15.114:6789/0] conn(0x7fdb0c07bed0 0x7fdb0c19c340 secure :-1 s=READY pgs=62 cs=0 l=1 rev1=1 crypto rx=0x7fdb00006ba0 tx=0x7fdb00011b50 comp rx=0 tx=0).stop
2024-02-16T22:11:49.666 INFO:teuthology.orchestra.run.smithi114.stdout:/usr/bin/ceph: stderr
2024-02-16T22:11:49.023+0000 7fdb12fc5700 1 -- 172.21.15.114:0/2767350908 shutdown_connections
2024-02-16T22:11:49.666 INFO:teuthology.orchestra.run.smithi114.stdout:/usr/bin/ceph: stderr
2024-02-16T22:11:49.023+0000 7fdb12fc5700 1 --2- 172.21.15.114:0/2767350908 >> [v2:172.21.15.114:6800/625910309,v1:172.21.15.114:6801/625910309] conn(0x7fdafc0382d0 0x7fdafc03a790 unknown :-1 s=CLOSED pgs=19 cs=0 l=1 rev1=1 crypto rx=0 tx=0 comp rx=0 tx=0).stop
2024-02-16T22:11:49.666 INFO:teuthology.orchestra.run.smithi114.stdout:/usr/bin/ceph: stderr
2024-02-16T22:11:49.023+0000 7fdb12fc5700 1 --2- 172.21.15.114:0/2767350908 >> [v2:172.21.15.114:3300/0,v1:172.21.15.114:6789/0] conn(0x7fdb0c07bed0 0x7fdb0c19c340 unknown :-1 s=CLOSED pgs=62 cs=0 l=1 rev1=1 crypto rx=0 tx=0 comp rx=0 tx=0).stop
2024-02-16T22:11:49.666 INFO:teuthology.orchestra.run.smithi114.stdout:/usr/bin/ceph: stderr
2024-02-16T22:11:49.023+0000 7fdb12fc5700 1 -- 172.21.15.114:0/2767350908 >> 172.21.15.114:0/2767350908 conn(0x7fdb0c101a00 msgr2=0x7fdb0c1030a0 unknown :-1 s=STATE_NONE l=0).mark_down
2024-02-16T22:11:49.666 INFO:teuthology.orchestra.run.smithi114.stdout:/usr/bin/ceph: stderr
2024-02-16T22:11:49.024+0000 7fdb12fc5700 1 -- 172.21.15.114:0/2767350908 shutdown_connections
2024-02-16T22:11:49.666 INFO:teuthology.orchestra.run.smithi114.stdout:/usr/bin/ceph: stderr
2024-02-16T22:11:49.024+0000 7fdb12fc5700 1 -- 172.21.15.114:0/2767350908 wait complete.
2024-02-16T22:11:50.267 INFO:journalctl@ceph.mon.smithi114.smithi114.stdout:Feb 16 22:11:50 smithi114 ceph-mon[29235]: from='client.14156 -' entity='client.admin' cmd=[{"prefix": "orch apply", "service_type": "alertmanager", "target": ["mon-mgr", ""]}]: dispatch
2024-02-16T22:11:50.267 INFO:journalctl@ceph.mon.smithi114.smithi114.stdout:Feb 16 22:11:50 smithi114 ceph-mon[29235]: Saving service alertmanager spec with placement count:1
2024-02-16T22:11:50.267 INFO:journalctl@ceph.mon.smithi114.smithi114.stdout:Feb 16 22:11:50 smithi114 ceph-mon[29235]: from='mgr.14120 172.21.15.114:0/2164534274' entity='mgr.smithi114.vcullz'
2024-02-16T22:11:50.938 INFO:teuthology.orchestra.run.smithi114.stdout:/usr/bin/ceph: stderr
2024-02-16T22:11:50.070+0000 7f9766ef5700 1 Processor -- start
2024-02-16T22:11:50.938 INFO:teuthology.orchestra.run.smithi114.stdout:/usr/bin/ceph: stderr
2024-02-16T22:11:50.070+0000 7f9766ef5700 1 -- start start
2024-02-16T22:11:50.938 INFO:teuthology.orchestra.run.smithi114.stdout:/usr/bin/ceph: stderr
2024-02-16T22:11:50.070+0000 7f9766ef5700 1 --2- >> [v2:172.21.15.114:3300/0,v1:172.21.15.114:6789/0] conn(0x7f9760106ea0 0x7f9760109290 unknown :-1 s=NONE pgs=0 cs=0 l=0 rev1=0 crypto rx=0 tx=0 comp rx=0 tx=0).connect
2024-02-16T22:11:50.938 INFO:teuthology.orchestra.run.smithi114.stdout:/usr/bin/ceph: stderr
2024-02-16T22:11:50.070+0000 7f9766ef5700 1 -- --> [v2:172.21.15.114:3300/0,v1:172.21.15.114:6789/0] -- mon_getmap magic: 0 v1 -- 0x7f9760079ec0 con 0x7f9760106ea0
2024-02-16T22:11:50.938 INFO:teuthology.orchestra.run.smithi114.stdout:/usr/bin/ceph: stderr
2024-02-16T22:11:50.070+0000 7f9764c91700 1 --2- >> [v2:172.21.15.114:3300/0,v1:172.21.15.114:6789/0] conn(0x7f9760106ea0 0x7f9760109290 unknown :-1 s=BANNER_CONNECTING pgs=0 cs=0 l=0 rev1=0 crypto rx=0 tx=0 comp rx=0 tx=0)._handle_peer_banner_payload supported=3 required=0
2024-02-16T22:11:50.938 INFO:teuthology.orchestra.run.smithi114.stdout:/usr/bin/ceph: stderr
2024-02-16T22:11:50.070+0000 7f9764c91700 1 --2- >> [v2:172.21.15.114:3300/0,v1:172.21.15.114:6789/0] conn(0x7f9760106ea0 0x7f9760109290 unknown :-1 s=HELLO_CONNECTING pgs=0 cs=0 l=0 rev1=1 crypto rx=0 tx=0 comp rx=0 tx=0).handle_hello peer v2:172.21.15.114:3300/0 says I am v2:172.21.15.114:34290/0 (socket says 172.21.15.114:34290)
2024-02-16T22:11:50.938 INFO:teuthology.orchestra.run.smithi114.stdout:/usr/bin/ceph: stderr
2024-02-16T22:11:50.070+0000 7f9764c91700 1 -- 172.21.15.114:0/3281758279 learned_addr learned my addr 172.21.15.114:0/3281758279 (peer_addr_for_me v2:172.21.15.114:0/0)
2024-02-16T22:11:50.939 INFO:teuthology.orchestra.run.smithi114.stdout:/usr/bin/ceph: stderr
2024-02-16T22:11:50.071+0000 7f9764c91700 1 -- 172.21.15.114:0/3281758279 --> [v2:172.21.15.114:3300/0,v1:172.21.15.114:6789/0] -- mon_subscribe({config=0+,monmap=0+}) v3 -- 0x7f97601097d0 con 0x7f9760106ea0
2024-02-16T22:11:50.939 INFO:teuthology.orchestra.run.smithi114.stdout:/usr/bin/ceph: stderr
2024-02-16T22:11:50.071+0000 7f9764c91700 1 --2- 172.21.15.114:0/3281758279 >> [v2:172.21.15.114:3300/0,v1:172.21.15.114:6789/0] conn(0x7f9760106ea0 0x7f9760109290 secure :-1 s=READY pgs=63 cs=0 l=1 rev1=1 crypto rx=0x7f97540098a0 tx=0x7f9754009bb0 comp rx=0 tx=0).ready entity=mon.0 client_cookie=744a1ef88b47dcdc server_cookie=0 in_seq=0 out_seq=0
2024-02-16T22:11:50.939 INFO:teuthology.orchestra.run.smithi114.stdout:/usr/bin/ceph: stderr
2024-02-16T22:11:50.071+0000 7f975f7fe700 1 -- 172.21.15.114:0/3281758279 <== mon.0 v2:172.21.15.114:3300/0 1 ==== mon_map magic: 0 v1 ==== 229+0+0 (secure 0 0 0) 0x7f9754004180 con 0x7f9760106ea0
2024-02-16T22:11:50.939 INFO:teuthology.orchestra.run.smithi114.stdout:/usr/bin/ceph: stderr
2024-02-16T22:11:50.071+0000 7f975f7fe700 1 -- 172.21.15.114:0/3281758279 <== mon.0 v2:172.21.15.114:3300/0 2 ==== config(27 keys) v1 ==== 1101+0+0 (secure 0 0 0) 0x7f97540042e0 con 0x7f9760106ea0
2024-02-16T22:11:50.939 INFO:teuthology.orchestra.run.smithi114.stdout:/usr/bin/ceph: stderr
2024-02-16T22:11:50.071+0000 7f975f7fe700 1 -- 172.21.15.114:0/3281758279 <== mon.0 v2:172.21.15.114:3300/0 3 ==== mon_map magic: 0 v1 ==== 229+0+0 (secure 0 0 0) 0x7f9754011af0 con 0x7f9760106ea0
2024-02-16T22:11:50.939 INFO:teuthology.orchestra.run.smithi114.stdout:/usr/bin/ceph: stderr
2024-02-16T22:11:50.071+0000 7f9766ef5700 1 -- 172.21.15.114:0/3281758279 >> [v2:172.21.15.114:3300/0,v1:172.21.15.114:6789/0] conn(0x7f9760106ea0 msgr2=0x7f9760109290 secure :-1 s=STATE_CONNECTION_ESTABLISHED l=1).mark_down
2024-02-16T22:11:50.939 INFO:teuthology.orchestra.run.smithi114.stdout:/usr/bin/ceph: stderr
2024-02-16T22:11:50.071+0000 7f9766ef5700 1 --2- 172.21.15.114:0/3281758279 >> [v2:172.21.15.114:3300/0,v1:172.21.15.114:6789/0] conn(0x7f9760106ea0 0x7f9760109290 secure :-1 s=READY pgs=63 cs=0 l=1 rev1=1 crypto rx=0x7f97540098a0 tx=0x7f9754009bb0 comp rx=0 tx=0).stop
2024-02-16T22:11:50.939 INFO:teuthology.orchestra.run.smithi114.stdout:/usr/bin/ceph: stderr
2024-02-16T22:11:50.071+0000 7f9766ef5700 1 -- 172.21.15.114:0/3281758279 shutdown_connections
2024-02-16T22:11:50.939 INFO:teuthology.orchestra.run.smithi114.stdout:/usr/bin/ceph: stderr
2024-02-16T22:11:50.071+0000 7f9766ef5700 1 --2- 172.21.15.114:0/3281758279 >> [v2:172.21.15.114:3300/0,v1:172.21.15.114:6789/0] conn(0x7f9760106ea0 0x7f9760109290 unknown :-1 s=CLOSED pgs=63 cs=0 l=1 rev1=1 crypto rx=0 tx=0 comp rx=0 tx=0).stop
2024-02-16T22:11:50.939 INFO:teuthology.orchestra.run.smithi114.stdout:/usr/bin/ceph: stderr
2024-02-16T22:11:50.071+0000 7f9766ef5700 1 -- 172.21.15.114:0/3281758279 >> 172.21.15.114:0/3281758279 conn(0x7f97601008b0 msgr2=0x7f9760102d10 unknown :-1 s=STATE_NONE l=0).mark_down
2024-02-16T22:11:50.939 INFO:teuthology.orchestra.run.smithi114.stdout:/usr/bin/ceph: stderr
2024-02-16T22:11:50.071+0000 7f9766ef5700 1 -- 172.21.15.114:0/3281758279 shutdown_connections
2024-02-16T22:11:50.939 INFO:teuthology.orchestra.run.smithi114.stdout:/usr/bin/ceph: stderr
2024-02-16T22:11:50.071+0000 7f9766ef5700 1 -- 172.21.15.114:0/3281758279 wait complete.
2024-02-16T22:11:50.939 INFO:teuthology.orchestra.run.smithi114.stdout:/usr/bin/ceph: stderr
2024-02-16T22:11:50.072+0000 7f9766ef5700 1 Processor -- start
2024-02-16T22:11:50.939 INFO:teuthology.orchestra.run.smithi114.stdout:/usr/bin/ceph: stderr
2024-02-16T22:11:50.072+0000 7f9766ef5700 1 -- start start
2024-02-16T22:11:50.939 INFO:teuthology.orchestra.run.smithi114.stdout:/usr/bin/ceph: stderr
2024-02-16T22:11:50.072+0000 7f9766ef5700 1 --2- >> [v2:172.21.15.114:3300/0,v1:172.21.15.114:6789/0] conn(0x7f9760106ea0 0x7f976019a130 unknown :-1 s=NONE pgs=0 cs=0 l=1 rev1=0 crypto rx=0 tx=0 comp rx=0 tx=0).connect
2024-02-16T22:11:50.940 INFO:teuthology.orchestra.run.smithi114.stdout:/usr/bin/ceph: stderr
2024-02-16T22:11:50.072+0000 7f9766ef5700 1 -- --> [v2:172.21.15.114:3300/0,v1:172.21.15.114:6789/0] -- mon_getmap magic: 0 v1 -- 0x7f976019a670 con 0x7f9760106ea0
2024-02-16T22:11:50.940 INFO:teuthology.orchestra.run.smithi114.stdout:/usr/bin/ceph: stderr
2024-02-16T22:11:50.072+0000 7f9764c91700 1 --2- >> [v2:172.21.15.114:3300/0,v1:172.21.15.114:6789/0] conn(0x7f9760106ea0 0x7f976019a130 unknown :-1 s=BANNER_CONNECTING pgs=0 cs=0 l=1 rev1=0 crypto rx=0 tx=0 comp rx=0 tx=0)._handle_peer_banner_payload supported=3 required=0
2024-02-16T22:11:50.940 INFO:teuthology.orchestra.run.smithi114.stdout:/usr/bin/ceph: stderr
2024-02-16T22:11:50.072+0000 7f9764c91700 1 --2- >> [v2:172.21.15.114:3300/0,v1:172.21.15.114:6789/0] conn(0x7f9760106ea0 0x7f976019a130 unknown :-1 s=HELLO_CONNECTING pgs=0 cs=0 l=1 rev1=1 crypto rx=0 tx=0 comp rx=0 tx=0).handle_hello peer v2:172.21.15.114:3300/0 says I am v2:172.21.15.114:34292/0 (socket says 172.21.15.114:34292)
2024-02-16T22:11:50.940 INFO:teuthology.orchestra.run.smithi114.stdout:/usr/bin/ceph: stderr
2024-02-16T22:11:50.072+0000 7f9764c91700 1 -- 172.21.15.114:0/3066551282 learned_addr learned my addr 172.21.15.114:0/3066551282 (peer_addr_for_me v2:172.21.15.114:0/0)
2024-02-16T22:11:50.940 INFO:teuthology.orchestra.run.smithi114.stdout:/usr/bin/ceph: stderr
2024-02-16T22:11:50.073+0000 7f9764c91700 1 -- 172.21.15.114:0/3066551282 --> [v2:172.21.15.114:3300/0,v1:172.21.15.114:6789/0] -- mon_subscribe({config=0+,monmap=0+}) v3 -- 0x7f9754009550 con 0x7f9760106ea0
2024-02-16T22:11:50.940 INFO:teuthology.orchestra.run.smithi114.stdout:/usr/bin/ceph: stderr
2024-02-16T22:11:50.073+0000 7f9764c91700 1 --2- 172.21.15.114:0/3066551282 >> [v2:172.21.15.114:3300/0,v1:172.21.15.114:6789/0] conn(0x7f9760106ea0 0x7f976019a130 secure :-1 s=READY pgs=64 cs=0 l=1 rev1=1 crypto rx=0x7f9754011670 tx=0x7f9754011b50 comp rx=0 tx=0).ready entity=mon.0 client_cookie=0 server_cookie=0 in_seq=0 out_seq=0
2024-02-16T22:11:50.940 INFO:teuthology.orchestra.run.smithi114.stdout:/usr/bin/ceph: stderr
2024-02-16T22:11:50.073+0000 7f975dffb700 1 -- 172.21.15.114:0/3066551282 <== mon.0 v2:172.21.15.114:3300/0 1 ==== mon_map magic: 0 v1 ==== 229+0+0 (secure 0 0 0) 0x7f9754003a40 con 0x7f9760106ea0
2024-02-16T22:11:50.940 INFO:teuthology.orchestra.run.smithi114.stdout:/usr/bin/ceph: stderr
2024-02-16T22:11:50.073+0000 7f9766ef5700 1 -- 172.21.15.114:0/3066551282 --> [v2:172.21.15.114:3300/0,v1:172.21.15.114:6789/0] -- mon_subscribe({mgrmap=0+}) v3 -- 0x7f976019a870 con 0x7f9760106ea0
2024-02-16T22:11:50.940 INFO:teuthology.orchestra.run.smithi114.stdout:/usr/bin/ceph: stderr
2024-02-16T22:11:50.073+0000 7f975dffb700 1 -- 172.21.15.114:0/3066551282 <== mon.0 v2:172.21.15.114:3300/0 2 ==== config(27 keys) v1 ==== 1101+0+0 (secure 0 0 0) 0x7f9754003ba0 con 0x7f9760106ea0
2024-02-16T22:11:50.940 INFO:teuthology.orchestra.run.smithi114.stdout:/usr/bin/ceph: stderr
2024-02-16T22:11:50.073+0000 7f975dffb700 1 -- 172.21.15.114:0/3066551282 <== mon.0 v2:172.21.15.114:3300/0 3 ==== mon_map magic: 0 v1 ==== 229+0+0 (secure 0 0 0) 0x7f9754024790 con 0x7f9760106ea0
2024-02-16T22:11:50.940 INFO:teuthology.orchestra.run.smithi114.stdout:/usr/bin/ceph: stderr
2024-02-16T22:11:50.073+0000 7f9766ef5700 1 -- 172.21.15.114:0/3066551282 --> [v2:172.21.15.114:3300/0,v1:172.21.15.114:6789/0] -- mon_subscribe({osdmap=0}) v3 -- 0x7f976019ad10 con 0x7f9760106ea0
2024-02-16T22:11:50.940 INFO:teuthology.orchestra.run.smithi114.stdout:/usr/bin/ceph: stderr
2024-02-16T22:11:50.074+0000 7f975dffb700 1 -- 172.21.15.114:0/3066551282 <== mon.0 v2:172.21.15.114:3300/0 4 ==== mgrmap(e 8) v1 ==== 45283+0+0 (secure 0 0 0) 0x7f975402d3f0 con 0x7f9760106ea0
2024-02-16T22:11:50.940 INFO:teuthology.orchestra.run.smithi114.stdout:/usr/bin/ceph: stderr
2024-02-16T22:11:50.074+0000 7f9766ef5700 1 -- 172.21.15.114:0/3066551282 --> [v2:172.21.15.114:3300/0,v1:172.21.15.114:6789/0] -- mon_command({"prefix": "get_command_descriptions"} v 0) v1 -- 0x7f976010a5c0 con 0x7f9760106ea0
2024-02-16T22:11:50.941 INFO:teuthology.orchestra.run.smithi114.stdout:/usr/bin/ceph: stderr
2024-02-16T22:11:50.074+0000 7f975dffb700 1 --2- 172.21.15.114:0/3066551282 >> [v2:172.21.15.114:6800/625910309,v1:172.21.15.114:6801/625910309] conn(0x7f9750038320 0x7f975003a7e0 unknown :-1 s=NONE pgs=0 cs=0 l=1 rev1=0 crypto rx=0 tx=0 comp rx=0 tx=0).connect
2024-02-16T22:11:50.941 INFO:teuthology.orchestra.run.smithi114.stdout:/usr/bin/ceph: stderr
2024-02-16T22:11:50.074+0000 7f975dffb700 1 -- 172.21.15.114:0/3066551282 <== mon.0 v2:172.21.15.114:3300/0 5 ==== osd_map(2..2 src has 1..2) v4 ==== 940+0+0 (secure 0 0 0) 0x7f975404c710 con 0x7f9760106ea0
2024-02-16T22:11:50.941 INFO:teuthology.orchestra.run.smithi114.stdout:/usr/bin/ceph: stderr
2024-02-16T22:11:50.074+0000 7f975ffff700 1 --2- 172.21.15.114:0/3066551282 >> [v2:172.21.15.114:6800/625910309,v1:172.21.15.114:6801/625910309] conn(0x7f9750038320 0x7f975003a7e0 unknown :-1 s=BANNER_CONNECTING pgs=0 cs=0 l=1 rev1=0 crypto rx=0 tx=0 comp rx=0 tx=0)._handle_peer_banner_payload supported=3 required=0
2024-02-16T22:11:50.941 INFO:teuthology.orchestra.run.smithi114.stdout:/usr/bin/ceph: stderr
2024-02-16T22:11:50.075+0000 7f975ffff700 1 --2- 172.21.15.114:0/3066551282 >> [v2:172.21.15.114:6800/625910309,v1:172.21.15.114:6801/625910309] conn(0x7f9750038320 0x7f975003a7e0 secure :-1 s=READY pgs=20 cs=0 l=1 rev1=1 crypto rx=0x7f974c006fd0 tx=0x7f974c006e40 comp rx=0 tx=0).ready entity=mgr.14120 client_cookie=0 server_cookie=0 in_seq=0 out_seq=0
2024-02-16T22:11:50.941 INFO:teuthology.orchestra.run.smithi114.stdout:/usr/bin/ceph: stderr
2024-02-16T22:11:50.079+0000 7f975dffb700 1 -- 172.21.15.114:0/3066551282 <== mon.0 v2:172.21.15.114:3300/0 6 ==== mon_command_ack([{"prefix": "get_command_descriptions"}]=0 v0) v1 ==== 72+0+180422 (secure 0 0 0) 0x7f9754010970 con 0x7f9760106ea0
2024-02-16T22:11:50.941 INFO:teuthology.orchestra.run.smithi114.stdout:/usr/bin/ceph: stderr
2024-02-16T22:11:50.265+0000 7f9766ef5700 1 -- 172.21.15.114:0/3066551282 --> [v2:172.21.15.114:3300/0,v1:172.21.15.114:6789/0] -- mon_command([{prefix=config set, name=mgr/cephadm/container_init}] v 0) v1 -- 0x7f976010a7e0 con 0x7f9760106ea0
2024-02-16T22:11:50.941 INFO:teuthology.orchestra.run.smithi114.stdout:/usr/bin/ceph: stderr
2024-02-16T22:11:50.268+0000 7f975dffb700 1 -- 172.21.15.114:0/3066551282 <== mon.0 v2:172.21.15.114:3300/0 7 ==== mon_command_ack([{prefix=config set, name=mgr/cephadm/container_init}]=0 v7)=0 v7) v1 ==== 142+0+0 (secure 0 0 0) 0x7f975404c080 con 0x7f9760106ea0
2024-02-16T22:11:50.941 INFO:teuthology.orchestra.run.smithi114.stdout:/usr/bin/ceph: stderr
2024-02-16T22:11:50.271+0000 7f9766ef5700 1 -- 172.21.15.114:0/3066551282 >> [v2:172.21.15.114:6800/625910309,v1:172.21.15.114:6801/625910309] conn(0x7f9750038320 msgr2=0x7f975003a7e0 secure :-1 s=STATE_CONNECTION_ESTABLISHED l=1).mark_down
2024-02-16T22:11:50.941 INFO:teuthology.orchestra.run.smithi114.stdout:/usr/bin/ceph: stderr
2024-02-16T22:11:50.271+0000 7f9766ef5700 1 --2- 172.21.15.114:0/3066551282 >> [v2:172.21.15.114:6800/625910309,v1:172.21.15.114:6801/625910309] conn(0x7f9750038320 0x7f975003a7e0 secure :-1 s=READY pgs=20 cs=0 l=1 rev1=1 crypto rx=0x7f974c006fd0 tx=0x7f974c006e40 comp rx=0 tx=0).stop
2024-02-16T22:11:50.941 INFO:teuthology.orchestra.run.smithi114.stdout:/usr/bin/ceph: stderr
2024-02-16T22:11:50.271+0000 7f9766ef5700 1 -- 172.21.15.114:0/3066551282 >> [v2:172.21.15.114:3300/0,v1:172.21.15.114:6789/0] conn(0x7f9760106ea0 msgr2=0x7f976019a130 secure :-1 s=STATE_CONNECTION_ESTABLISHED l=1).mark_down
2024-02-16T22:11:50.941 INFO:teuthology.orchestra.run.smithi114.stdout:/usr/bin/ceph: stderr
2024-02-16T22:11:50.271+0000 7f9766ef5700 1 --2- 172.21.15.114:0/3066551282 >> [v2:172.21.15.114:3300/0,v1:172.21.15.114:6789/0] conn(0x7f9760106ea0 0x7f976019a130 secure :-1 s=READY pgs=64 cs=0 l=1 rev1=1 crypto rx=0x7f9754011670 tx=0x7f9754011b50 comp rx=0 tx=0).stop
2024-02-16T22:11:50.941 INFO:teuthology.orchestra.run.smithi114.stdout:/usr/bin/ceph: stderr
2024-02-16T22:11:50.271+0000 7f9766ef5700 1 -- 172.21.15.114:0/3066551282 shutdown_connections
2024-02-16T22:11:50.941 INFO:teuthology.orchestra.run.smithi114.stdout:/usr/bin/ceph: stderr
2024-02-16T22:11:50.271+0000 7f9766ef5700 1 --2- 172.21.15.114:0/3066551282 >> [v2:172.21.15.114:6800/625910309,v1:172.21.15.114:6801/625910309] conn(0x7f9750038320 0x7f975003a7e0 unknown :-1 s=CLOSED pgs=20 cs=0 l=1 rev1=1 crypto rx=0 tx=0 comp rx=0 tx=0).stop
2024-02-16T22:11:50.942 INFO:teuthology.orchestra.run.smithi114.stdout:/usr/bin/ceph: stderr
2024-02-16T22:11:50.271+0000 7f9766ef5700 1 --2- 172.21.15.114:0/3066551282 >> [v2:172.21.15.114:3300/0,v1:172.21.15.114:6789/0] conn(0x7f9760106ea0 0x7f976019a130 unknown :-1 s=CLOSED pgs=64 cs=0 l=1 rev1=1 crypto rx=0 tx=0 comp rx=0 tx=0).stop
2024-02-16T22:11:50.942 INFO:teuthology.orchestra.run.smithi114.stdout:/usr/bin/ceph: stderr
2024-02-16T22:11:50.271+0000 7f9766ef5700 1 -- 172.21.15.114:0/3066551282 >> 172.21.15.114:0/3066551282 conn(0x7f97601008b0 msgr2=0x7f9760101fc0 unknown :-1 s=STATE_NONE l=0).mark_down
2024-02-16T22:11:50.942 INFO:teuthology.orchestra.run.smithi114.stdout:/usr/bin/ceph: stderr
2024-02-16T22:11:50.271+0000 7f9766ef5700 1 -- 172.21.15.114:0/3066551282 shutdown_connections
2024-02-16T22:11:50.942 INFO:teuthology.orchestra.run.smithi114.stdout:/usr/bin/ceph: stderr
2024-02-16T22:11:50.271+0000 7f9766ef5700 1 -- 172.21.15.114:0/3066551282 wait complete.
2024-02-16T22:11:51.201 INFO:journalctl@ceph.mon.smithi114.smithi114.stdout:Feb 16 22:11:51 smithi114 ceph-mon[29235]: pgmap v4: 0 pgs: ; 0 B data, 0 B used, 0 B / 0 B avail
2024-02-16T22:11:51.201 INFO:journalctl@ceph.mon.smithi114.smithi114.stdout:Feb 16 22:11:51 smithi114 ceph-mon[29235]: from='client.? 172.21.15.114:0/3066551282' entity='client.admin'
2024-02-16T22:11:52.176 INFO:teuthology.orchestra.run.smithi114.stdout:/usr/bin/ceph: stderr
2024-02-16T22:11:51.353+0000 7f7af3f1c700 1 Processor -- start
2024-02-16T22:11:52.176 INFO:teuthology.orchestra.run.smithi114.stdout:/usr/bin/ceph: stderr
2024-02-16T22:11:51.353+0000 7f7af3f1c700 1 -- start start
2024-02-16T22:11:52.176 INFO:teuthology.orchestra.run.smithi114.stdout:/usr/bin/ceph: stderr
2024-02-16T22:11:51.353+0000 7f7af3f1c700 1 --2- >> [v2:172.21.15.114:3300/0,v1:172.21.15.114:6789/0] conn(0x7f7aec104730 0x7f7aec104b50 unknown :-1 s=NONE pgs=0 cs=0 l=0 rev1=0 crypto rx=0 tx=0 comp rx=0 tx=0).connect
2024-02-16T22:11:52.177 INFO:teuthology.orchestra.run.smithi114.stdout:/usr/bin/ceph: stderr
2024-02-16T22:11:51.353+0000 7f7af3f1c700 1 -- --> [v2:172.21.15.114:3300/0,v1:172.21.15.114:6789/0] -- mon_getmap magic: 0 v1 -- 0x7f7aec105120 con 0x7f7aec104730
2024-02-16T22:11:52.177 INFO:teuthology.orchestra.run.smithi114.stdout:/usr/bin/ceph: stderr
2024-02-16T22:11:51.353+0000 7f7af1cb8700 1 --2- >> [v2:172.21.15.114:3300/0,v1:172.21.15.114:6789/0] conn(0x7f7aec104730 0x7f7aec104b50 unknown :-1 s=BANNER_CONNECTING pgs=0 cs=0 l=0 rev1=0 crypto rx=0 tx=0 comp rx=0 tx=0)._handle_peer_banner_payload supported=3 required=0
2024-02-16T22:11:52.177 INFO:teuthology.orchestra.run.smithi114.stdout:/usr/bin/ceph: stderr
2024-02-16T22:11:51.353+0000 7f7af1cb8700 1 --2- >> [v2:172.21.15.114:3300/0,v1:172.21.15.114:6789/0] conn(0x7f7aec104730 0x7f7aec104b50 unknown :-1 s=HELLO_CONNECTING pgs=0 cs=0 l=0 rev1=1 crypto rx=0 tx=0 comp rx=0 tx=0).handle_hello peer v2:172.21.15.114:3300/0 says I am v2:172.21.15.114:34302/0 (socket says 172.21.15.114:34302)
2024-02-16T22:11:52.177 INFO:teuthology.orchestra.run.smithi114.stdout:/usr/bin/ceph: stderr
2024-02-16T22:11:51.353+0000 7f7af1cb8700 1 -- 172.21.15.114:0/2249985295 learned_addr learned my addr 172.21.15.114:0/2249985295 (peer_addr_for_me v2:172.21.15.114:0/0)
2024-02-16T22:11:52.177 INFO:teuthology.orchestra.run.smithi114.stdout:/usr/bin/ceph: stderr
2024-02-16T22:11:51.354+0000 7f7af1cb8700 1 -- 172.21.15.114:0/2249985295 --> [v2:172.21.15.114:3300/0,v1:172.21.15.114:6789/0] -- mon_subscribe({config=0+,monmap=0+}) v3 -- 0x7f7aec105260 con 0x7f7aec104730
2024-02-16T22:11:52.177 INFO:teuthology.orchestra.run.smithi114.stdout:/usr/bin/ceph: stderr
2024-02-16T22:11:51.354+0000 7f7af1cb8700 1 --2- 172.21.15.114:0/2249985295 >> [v2:172.21.15.114:3300/0,v1:172.21.15.114:6789/0] conn(0x7f7aec104730 0x7f7aec104b50 secure :-1 s=READY pgs=65 cs=0 l=1 rev1=1 crypto rx=0x7f7ae80098a0 tx=0x7f7ae8009bb0 comp rx=0 tx=0).ready entity=mon.0 client_cookie=64cb8ac2cad9535b server_cookie=0 in_seq=0 out_seq=0
2024-02-16T22:11:52.177 INFO:teuthology.orchestra.run.smithi114.stdout:/usr/bin/ceph: stderr
2024-02-16T22:11:51.354+0000 7f7af0cb6700 1 -- 172.21.15.114:0/2249985295 <== mon.0 v2:172.21.15.114:3300/0 1 ==== mon_map magic: 0 v1 ==== 229+0+0 (secure 0 0 0) 0x7f7ae8004180 con 0x7f7aec104730
2024-02-16T22:11:52.177 INFO:teuthology.orchestra.run.smithi114.stdout:/usr/bin/ceph: stderr
2024-02-16T22:11:51.354+0000 7f7af0cb6700 1 -- 172.21.15.114:0/2249985295 <== mon.0 v2:172.21.15.114:3300/0 2 ==== config(27 keys) v1 ==== 1101+0+0 (secure 0 0 0) 0x7f7ae80042e0 con 0x7f7aec104730
2024-02-16T22:11:52.177 INFO:teuthology.orchestra.run.smithi114.stdout:/usr/bin/ceph: stderr
2024-02-16T22:11:51.354+0000 7f7af0cb6700 1 -- 172.21.15.114:0/2249985295 <== mon.0 v2:172.21.15.114:3300/0 3 ==== mon_map magic: 0 v1 ==== 229+0+0 (secure 0 0 0) 0x7f7ae8011af0 con 0x7f7aec104730
2024-02-16T22:11:52.177 INFO:teuthology.orchestra.run.smithi114.stdout:/usr/bin/ceph: stderr
2024-02-16T22:11:51.354+0000 7f7af3f1c700 1 -- 172.21.15.114:0/2249985295 >> [v2:172.21.15.114:3300/0,v1:172.21.15.114:6789/0] conn(0x7f7aec104730 msgr2=0x7f7aec104b50 secure :-1 s=STATE_CONNECTION_ESTABLISHED l=1).mark_down
2024-02-16T22:11:52.177 INFO:teuthology.orchestra.run.smithi114.stdout:/usr/bin/ceph: stderr
2024-02-16T22:11:51.354+0000 7f7af3f1c700 1 --2- 172.21.15.114:0/2249985295 >> [v2:172.21.15.114:3300/0,v1:172.21.15.114:6789/0] conn(0x7f7aec104730 0x7f7aec104b50 secure :-1 s=READY pgs=65 cs=0 l=1 rev1=1 crypto rx=0x7f7ae80098a0 tx=0x7f7ae8009bb0 comp rx=0 tx=0).stop
2024-02-16T22:11:52.177 INFO:teuthology.orchestra.run.smithi114.stdout:/usr/bin/ceph: stderr
2024-02-16T22:11:51.354+0000 7f7af3f1c700 1 -- 172.21.15.114:0/2249985295 shutdown_connections
2024-02-16T22:11:52.177 INFO:teuthology.orchestra.run.smithi114.stdout:/usr/bin/ceph: stderr
2024-02-16T22:11:51.354+0000 7f7af3f1c700 1 --2- 172.21.15.114:0/2249985295 >> [v2:172.21.15.114:3300/0,v1:172.21.15.114:6789/0] conn(0x7f7aec104730 0x7f7aec104b50 unknown :-1 s=CLOSED pgs=65 cs=0 l=1 rev1=1 crypto rx=0 tx=0 comp rx=0 tx=0).stop
2024-02-16T22:11:52.177 INFO:teuthology.orchestra.run.smithi114.stdout:/usr/bin/ceph: stderr
2024-02-16T22:11:51.354+0000 7f7af3f1c700 1 -- 172.21.15.114:0/2249985295 >> 172.21.15.114:0/2249985295 conn(0x7f7aec100040 msgr2=0x7f7aec1024a0 unknown :-1 s=STATE_NONE l=0).mark_down
