2024-02-16T22:12:05.173+0000 7f8946ffd700 1 -- 172.21.15.114:0/2230807511 <== mon.0 v2:172.21.15.114:3300/0 5 ==== osd_map(3..3 src has 1..3) v4 ==== 1155+0+0 (secure 0 0 0) 0x7f894c04c2a0 con 0x7f8950106420
2024-02-16T22:12:06.239 INFO:teuthology.orchestra.run.smithi114.stdout:/usr/bin/ceph: stderr
2024-02-16T22:12:05.173+0000 7f89556cb700 1 --2- 172.21.15.114:0/2230807511 >> [v2:172.21.15.114:6800/2648536185,v1:172.21.15.114:6801/2648536185] conn(0x7f893c0383c0 0x7f893c03a880 unknown :-1 s=BANNER_CONNECTING pgs=0 cs=0 l=1 rev1=0 crypto rx=0 tx=0 comp rx=0 tx=0)._handle_peer_banner_payload supported=3 required=0
2024-02-16T22:12:06.239 INFO:teuthology.orchestra.run.smithi114.stdout:/usr/bin/ceph: stderr
2024-02-16T22:12:05.174+0000 7f89556cb700 1 --2- 172.21.15.114:0/2230807511 >> [v2:172.21.15.114:6800/2648536185,v1:172.21.15.114:6801/2648536185] conn(0x7f893c0383c0 0x7f893c03a880 secure :-1 s=READY pgs=8 cs=0 l=1 rev1=1 crypto rx=0x7f8940006fd0 tx=0x7f8940006e40 comp rx=0 tx=0).ready entity=mgr.14164 client_cookie=0 server_cookie=0 in_seq=0 out_seq=0
2024-02-16T22:12:06.239 INFO:teuthology.orchestra.run.smithi114.stdout:/usr/bin/ceph: stderr
2024-02-16T22:12:05.178+0000 7f8946ffd700 1 -- 172.21.15.114:0/2230807511 <== mon.0 v2:172.21.15.114:3300/0 6 ==== mon_command_ack([{"prefix": "get_command_descriptions"}]=0 v0) v1 ==== 72+0+180422 (secure 0 0 0) 0x7f894c01a430 con 0x7f8950106420
2024-02-16T22:12:06.240 INFO:teuthology.orchestra.run.smithi114.stdout:/usr/bin/ceph: stderr
2024-02-16T22:12:05.380+0000 7f8958130700 1 -- 172.21.15.114:0/2230807511 --> [v2:172.21.15.114:6800/2648536185,v1:172.21.15.114:6801/2648536185] -- mgr_command(tid 0: {"prefix": "dashboard ac-user-create", "username": "admin", "rolename": "administrator", "force_password": true, "pwd_update_required": true, "target": ["mon-mgr", ""]}) v1 -- 0x7f8934002430 con 0x7f893c0383c0
2024-02-16T22:12:06.240 INFO:teuthology.orchestra.run.smithi114.stdout:/usr/bin/ceph: stderr
2024-02-16T22:12:05.621+0000 7f8946ffd700 1 -- 172.21.15.114:0/2230807511 <== mgr.14164 v2:172.21.15.114:6800/2648536185 1 ==== mgr_command_reply(tid 0: 0 ) v1 ==== 8+0+252 (secure 0 0 0) 0x7f8934002430 con 0x7f893c0383c0
2024-02-16T22:12:06.240 INFO:teuthology.orchestra.run.smithi114.stdout:/usr/bin/ceph: stderr
2024-02-16T22:12:05.623+0000 7f8958130700 1 -- 172.21.15.114:0/2230807511 >> [v2:172.21.15.114:6800/2648536185,v1:172.21.15.114:6801/2648536185] conn(0x7f893c0383c0 msgr2=0x7f893c03a880 secure :-1 s=STATE_CONNECTION_ESTABLISHED l=1).mark_down
2024-02-16T22:12:06.240 INFO:teuthology.orchestra.run.smithi114.stdout:/usr/bin/ceph: stderr
2024-02-16T22:12:05.623+0000 7f8958130700 1 --2- 172.21.15.114:0/2230807511 >> [v2:172.21.15.114:6800/2648536185,v1:172.21.15.114:6801/2648536185] conn(0x7f893c0383c0 0x7f893c03a880 secure :-1 s=READY pgs=8 cs=0 l=1 rev1=1 crypto rx=0x7f8940006fd0 tx=0x7f8940006e40 comp rx=0 tx=0).stop
2024-02-16T22:12:06.240 INFO:teuthology.orchestra.run.smithi114.stdout:/usr/bin/ceph: stderr
2024-02-16T22:12:05.623+0000 7f8958130700 1 -- 172.21.15.114:0/2230807511 >> [v2:172.21.15.114:3300/0,v1:172.21.15.114:6789/0] conn(0x7f8950106420 msgr2=0x7f895019a130 secure :-1 s=STATE_CONNECTION_ESTABLISHED l=1).mark_down
2024-02-16T22:12:06.240 INFO:teuthology.orchestra.run.smithi114.stdout:/usr/bin/ceph: stderr
2024-02-16T22:12:05.623+0000 7f8958130700 1 --2- 172.21.15.114:0/2230807511 >> [v2:172.21.15.114:3300/0,v1:172.21.15.114:6789/0] conn(0x7f8950106420 0x7f895019a130 secure :-1 s=READY pgs=85 cs=0 l=1 rev1=1 crypto rx=0x7f894c000c00 tx=0x7f894c011b50 comp rx=0 tx=0).stop
2024-02-16T22:12:06.240 INFO:teuthology.orchestra.run.smithi114.stdout:/usr/bin/ceph: stderr
2024-02-16T22:12:05.623+0000 7f8958130700 1 -- 172.21.15.114:0/2230807511 shutdown_connections
2024-02-16T22:12:06.240 INFO:teuthology.orchestra.run.smithi114.stdout:/usr/bin/ceph: stderr
2024-02-16T22:12:05.623+0000 7f8958130700 1 --2- 172.21.15.114:0/2230807511 >> [v2:172.21.15.114:6800/2648536185,v1:172.21.15.114:6801/2648536185] conn(0x7f893c0383c0 0x7f893c03a880 unknown :-1 s=CLOSED pgs=8 cs=0 l=1 rev1=1 crypto rx=0 tx=0 comp rx=0 tx=0).stop
2024-02-16T22:12:06.240 INFO:teuthology.orchestra.run.smithi114.stdout:/usr/bin/ceph: stderr
2024-02-16T22:12:05.623+0000 7f8958130700 1 --2- 172.21.15.114:0/2230807511 >> [v2:172.21.15.114:3300/0,v1:172.21.15.114:6789/0] conn(0x7f8950106420 0x7f895019a130 unknown :-1 s=CLOSED pgs=85 cs=0 l=1 rev1=1 crypto rx=0 tx=0 comp rx=0 tx=0).stop
2024-02-16T22:12:06.240 INFO:teuthology.orchestra.run.smithi114.stdout:/usr/bin/ceph: stderr
2024-02-16T22:12:05.623+0000 7f8958130700 1 -- 172.21.15.114:0/2230807511 >> 172.21.15.114:0/2230807511 conn(0x7f8950101a00 msgr2=0x7f89501030c0 unknown :-1 s=STATE_NONE l=0).mark_down
2024-02-16T22:12:06.240 INFO:teuthology.orchestra.run.smithi114.stdout:/usr/bin/ceph: stderr
2024-02-16T22:12:05.623+0000 7f8958130700 1 -- 172.21.15.114:0/2230807511 shutdown_connections
2024-02-16T22:12:06.240 INFO:teuthology.orchestra.run.smithi114.stdout:/usr/bin/ceph: stderr
2024-02-16T22:12:05.623+0000 7f8958130700 1 -- 172.21.15.114:0/2230807511 wait complete.
2024-02-16T22:12:06.241 INFO:teuthology.orchestra.run.smithi114.stdout:Fetching dashboard port number...
2024-02-16T22:12:06.839 INFO:journalctl@ceph.mon.smithi114.smithi114.stdout:Feb 16 22:12:06 smithi114 ceph-mon[29235]: from='client.14178 -' entity='client.admin' cmd=[{"prefix": "dashboard ac-user-create", "username": "admin", "rolename": "administrator", "force_password": true, "pwd_update_required": true, "target": ["mon-mgr", ""]}]: dispatch
2024-02-16T22:12:06.839 INFO:journalctl@ceph.mon.smithi114.smithi114.stdout:Feb 16 22:12:06 smithi114 ceph-mon[29235]: from='mgr.14164 172.21.15.114:0/628659527' entity='mgr.smithi114.vcullz'
2024-02-16T22:12:07.401 INFO:teuthology.orchestra.run.smithi114.stdout:/usr/bin/ceph: stdout 8443
2024-02-16T22:12:07.401 INFO:teuthology.orchestra.run.smithi114.stdout:/usr/bin/ceph: stderr
2024-02-16T22:12:06.639+0000 7f6bf0b10700 1 Processor -- start
2024-02-16T22:12:07.401 INFO:teuthology.orchestra.run.smithi114.stdout:/usr/bin/ceph: stderr
2024-02-16T22:12:06.639+0000 7f6bf0b10700 1 -- start start
2024-02-16T22:12:07.402 INFO:teuthology.orchestra.run.smithi114.stdout:/usr/bin/ceph: stderr
2024-02-16T22:12:06.639+0000 7f6bf0b10700 1 --2- >> [v2:172.21.15.114:3300/0,v1:172.21.15.114:6789/0] conn(0x7f6bec07bef0 0x7f6bec07a350 unknown :-1 s=NONE pgs=0 cs=0 l=0 rev1=0 crypto rx=0 tx=0 comp rx=0 tx=0).connect
2024-02-16T22:12:07.402 INFO:teuthology.orchestra.run.smithi114.stdout:/usr/bin/ceph: stderr
2024-02-16T22:12:06.639+0000 7f6bf0b10700 1 -- --> [v2:172.21.15.114:3300/0,v1:172.21.15.114:6789/0] -- mon_getmap magic: 0 v1 -- 0x7f6bec07a920 con 0x7f6bec07bef0
2024-02-16T22:12:07.402 INFO:teuthology.orchestra.run.smithi114.stdout:/usr/bin/ceph: stderr
2024-02-16T22:12:06.639+0000 7f6bea59c700 1 --2- >> [v2:172.21.15.114:3300/0,v1:172.21.15.114:6789/0] conn(0x7f6bec07bef0 0x7f6bec07a350 unknown :-1 s=BANNER_CONNECTING pgs=0 cs=0 l=0 rev1=0 crypto rx=0 tx=0 comp rx=0 tx=0)._handle_peer_banner_payload supported=3 required=0
2024-02-16T22:12:07.402 INFO:teuthology.orchestra.run.smithi114.stdout:/usr/bin/ceph: stderr
2024-02-16T22:12:06.639+0000 7f6bea59c700 1 --2- >> [v2:172.21.15.114:3300/0,v1:172.21.15.114:6789/0] conn(0x7f6bec07bef0 0x7f6bec07a350 unknown :-1 s=HELLO_CONNECTING pgs=0 cs=0 l=0 rev1=1 crypto rx=0 tx=0 comp rx=0 tx=0).handle_hello peer v2:172.21.15.114:3300/0 says I am v2:172.21.15.114:55758/0 (socket says 172.21.15.114:55758)
2024-02-16T22:12:07.402 INFO:teuthology.orchestra.run.smithi114.stdout:/usr/bin/ceph: stderr
2024-02-16T22:12:06.639+0000 7f6bea59c700 1 -- 172.21.15.114:0/739201017 learned_addr learned my addr 172.21.15.114:0/739201017 (peer_addr_for_me v2:172.21.15.114:0/0)
2024-02-16T22:12:07.402 INFO:teuthology.orchestra.run.smithi114.stdout:/usr/bin/ceph: stderr
2024-02-16T22:12:06.639+0000 7f6bea59c700 1 -- 172.21.15.114:0/739201017 --> [v2:172.21.15.114:3300/0,v1:172.21.15.114:6789/0] -- mon_subscribe({config=0+,monmap=0+}) v3 -- 0x7f6bec07aa60 con 0x7f6bec07bef0
2024-02-16T22:12:07.402 INFO:teuthology.orchestra.run.smithi114.stdout:/usr/bin/ceph: stderr
2024-02-16T22:12:06.640+0000 7f6bea59c700 1 --2- 172.21.15.114:0/739201017 >> [v2:172.21.15.114:3300/0,v1:172.21.15.114:6789/0] conn(0x7f6bec07bef0 0x7f6bec07a350 secure :-1 s=READY pgs=86 cs=0 l=1 rev1=1 crypto rx=0x7f6bdc0098a0 tx=0x7f6bdc009bb0 comp rx=0 tx=0).ready entity=mon.0 client_cookie=3cba7fc97d4dce56 server_cookie=0 in_seq=0 out_seq=0
2024-02-16T22:12:07.402 INFO:teuthology.orchestra.run.smithi114.stdout:/usr/bin/ceph: stderr
2024-02-16T22:12:06.640+0000 7f6be959a700 1 -- 172.21.15.114:0/739201017 <== mon.0 v2:172.21.15.114:3300/0 1 ==== mon_map magic: 0 v1 ==== 229+0+0 (secure 0 0 0) 0x7f6bdc004180 con 0x7f6bec07bef0
2024-02-16T22:12:07.402 INFO:teuthology.orchestra.run.smithi114.stdout:/usr/bin/ceph: stderr
2024-02-16T22:12:06.640+0000 7f6be959a700 1 -- 172.21.15.114:0/739201017 <== mon.0 v2:172.21.15.114:3300/0 2 ==== config(27 keys) v1 ==== 1101+0+0 (secure 0 0 0) 0x7f6bdc0042e0 con 0x7f6bec07bef0
2024-02-16T22:12:07.402 INFO:teuthology.orchestra.run.smithi114.stdout:/usr/bin/ceph: stderr
2024-02-16T22:12:06.640+0000 7f6be959a700 1 -- 172.21.15.114:0/739201017 <== mon.0 v2:172.21.15.114:3300/0 3 ==== mon_map magic: 0 v1 ==== 229+0+0 (secure 0 0 0) 0x7f6bdc011af0 con 0x7f6bec07bef0
2024-02-16T22:12:07.402 INFO:teuthology.orchestra.run.smithi114.stdout:/usr/bin/ceph: stderr
2024-02-16T22:12:06.640+0000 7f6bf0b10700 1 -- 172.21.15.114:0/739201017 >> [v2:172.21.15.114:3300/0,v1:172.21.15.114:6789/0] conn(0x7f6bec07bef0 msgr2=0x7f6bec07a350 secure :-1 s=STATE_CONNECTION_ESTABLISHED l=1).mark_down
2024-02-16T22:12:07.402 INFO:teuthology.orchestra.run.smithi114.stdout:/usr/bin/ceph: stderr
2024-02-16T22:12:06.640+0000 7f6bf0b10700 1 --2- 172.21.15.114:0/739201017 >> [v2:172.21.15.114:3300/0,v1:172.21.15.114:6789/0] conn(0x7f6bec07bef0 0x7f6bec07a350 secure :-1 s=READY pgs=86 cs=0 l=1 rev1=1 crypto rx=0x7f6bdc0098a0 tx=0x7f6bdc009bb0 comp rx=0 tx=0).stop
2024-02-16T22:12:07.402 INFO:teuthology.orchestra.run.smithi114.stdout:/usr/bin/ceph: stderr
2024-02-16T22:12:06.640+0000 7f6bf0b10700 1 -- 172.21.15.114:0/739201017 shutdown_connections
2024-02-16T22:12:07.402 INFO:teuthology.orchestra.run.smithi114.stdout:/usr/bin/ceph: stderr
2024-02-16T22:12:06.640+0000 7f6bf0b10700 1 --2- 172.21.15.114:0/739201017 >> [v2:172.21.15.114:3300/0,v1:172.21.15.114:6789/0] conn(0x7f6bec07bef0 0x7f6bec07a350 unknown :-1 s=CLOSED pgs=86 cs=0 l=1 rev1=1 crypto rx=0 tx=0 comp rx=0 tx=0).stop
2024-02-16T22:12:07.402 INFO:teuthology.orchestra.run.smithi114.stdout:/usr/bin/ceph: stderr
2024-02-16T22:12:06.640+0000 7f6bf0b10700 1 -- 172.21.15.114:0/739201017 >> 172.21.15.114:0/739201017 conn(0x7f6bec1019d0 msgr2=0x7f6bec103e10 unknown :-1 s=STATE_NONE l=0).mark_down
2024-02-16T22:12:07.403 INFO:teuthology.orchestra.run.smithi114.stdout:/usr/bin/ceph: stderr
2024-02-16T22:12:06.640+0000 7f6bf0b10700 1 -- 172.21.15.114:0/739201017 shutdown_connections
2024-02-16T22:12:07.403 INFO:teuthology.orchestra.run.smithi114.stdout:/usr/bin/ceph: stderr
2024-02-16T22:12:06.640+0000 7f6bf0b10700 1 -- 172.21.15.114:0/739201017 wait complete.
2024-02-16T22:12:07.403 INFO:teuthology.orchestra.run.smithi114.stdout:/usr/bin/ceph: stderr
2024-02-16T22:12:06.641+0000 7f6bf0b10700 1 Processor -- start
2024-02-16T22:12:07.403 INFO:teuthology.orchestra.run.smithi114.stdout:/usr/bin/ceph: stderr
2024-02-16T22:12:06.641+0000 7f6bf0b10700 1 -- start start
2024-02-16T22:12:07.403 INFO:teuthology.orchestra.run.smithi114.stdout:/usr/bin/ceph: stderr
2024-02-16T22:12:06.641+0000 7f6bf0b10700 1 --2- >> [v2:172.21.15.114:3300/0,v1:172.21.15.114:6789/0] conn(0x7f6bec07bef0 0x7f6bec19c310 unknown :-1 s=NONE pgs=0 cs=0 l=1 rev1=0 crypto rx=0 tx=0 comp rx=0 tx=0).connect
2024-02-16T22:12:07.403 INFO:teuthology.orchestra.run.smithi114.stdout:/usr/bin/ceph: stderr
2024-02-16T22:12:06.641+0000 7f6bf0b10700 1 -- --> [v2:172.21.15.114:3300/0,v1:172.21.15.114:6789/0] -- mon_getmap magic: 0 v1 -- 0x7f6bec19c850 con 0x7f6bec07bef0
2024-02-16T22:12:07.403 INFO:teuthology.orchestra.run.smithi114.stdout:/usr/bin/ceph: stderr
2024-02-16T22:12:06.641+0000 7f6bea59c700 1 --2- >> [v2:172.21.15.114:3300/0,v1:172.21.15.114:6789/0] conn(0x7f6bec07bef0 0x7f6bec19c310 unknown :-1 s=BANNER_CONNECTING pgs=0 cs=0 l=1 rev1=0 crypto rx=0 tx=0 comp rx=0 tx=0)._handle_peer_banner_payload supported=3 required=0
2024-02-16T22:12:07.403 INFO:teuthology.orchestra.run.smithi114.stdout:/usr/bin/ceph: stderr
2024-02-16T22:12:06.641+0000 7f6bea59c700 1 --2- >> [v2:172.21.15.114:3300/0,v1:172.21.15.114:6789/0] conn(0x7f6bec07bef0 0x7f6bec19c310 unknown :-1 s=HELLO_CONNECTING pgs=0 cs=0 l=1 rev1=1 crypto rx=0 tx=0 comp rx=0 tx=0).handle_hello peer v2:172.21.15.114:3300/0 says I am v2:172.21.15.114:55764/0 (socket says 172.21.15.114:55764)
2024-02-16T22:12:07.403 INFO:teuthology.orchestra.run.smithi114.stdout:/usr/bin/ceph: stderr
2024-02-16T22:12:06.641+0000 7f6bea59c700 1 -- 172.21.15.114:0/131271408 learned_addr learned my addr 172.21.15.114:0/131271408 (peer_addr_for_me v2:172.21.15.114:0/0)
2024-02-16T22:12:07.403 INFO:teuthology.orchestra.run.smithi114.stdout:/usr/bin/ceph: stderr
2024-02-16T22:12:06.642+0000 7f6bea59c700 1 -- 172.21.15.114:0/131271408 --> [v2:172.21.15.114:3300/0,v1:172.21.15.114:6789/0] -- mon_subscribe({config=0+,monmap=0+}) v3 -- 0x7f6bdc009550 con 0x7f6bec07bef0
2024-02-16T22:12:07.403 INFO:teuthology.orchestra.run.smithi114.stdout:/usr/bin/ceph: stderr
2024-02-16T22:12:06.642+0000 7f6bea59c700 1 --2- 172.21.15.114:0/131271408 >> [v2:172.21.15.114:3300/0,v1:172.21.15.114:6789/0] conn(0x7f6bec07bef0 0x7f6bec19c310 secure :-1 s=READY pgs=87 cs=0 l=1 rev1=1 crypto rx=0x7f6bdc000c00 tx=0x7f6bdc011b50 comp rx=0 tx=0).ready entity=mon.0 client_cookie=0 server_cookie=0 in_seq=0 out_seq=0
2024-02-16T22:12:07.403 INFO:teuthology.orchestra.run.smithi114.stdout:/usr/bin/ceph: stderr
2024-02-16T22:12:06.642+0000 7f6bdb7fe700 1 -- 172.21.15.114:0/131271408 <== mon.0 v2:172.21.15.114:3300/0 1 ==== mon_map magic: 0 v1 ==== 229+0+0 (secure 0 0 0) 0x7f6bdc003a70 con 0x7f6bec07bef0
2024-02-16T22:12:07.403 INFO:teuthology.orchestra.run.smithi114.stdout:/usr/bin/ceph: stderr
2024-02-16T22:12:06.642+0000 7f6bdb7fe700 1 -- 172.21.15.114:0/131271408 <== mon.0 v2:172.21.15.114:3300/0 2 ==== config(27 keys) v1 ==== 1101+0+0 (secure 0 0 0) 0x7f6bdc003bd0 con 0x7f6bec07bef0
2024-02-16T22:12:07.403 INFO:teuthology.orchestra.run.smithi114.stdout:/usr/bin/ceph: stderr
2024-02-16T22:12:06.642+0000 7f6bf0b10700 1 -- 172.21.15.114:0/131271408 --> [v2:172.21.15.114:3300/0,v1:172.21.15.114:6789/0] -- mon_subscribe({mgrmap=0+}) v3 -- 0x7f6bec19ca50 con 0x7f6bec07bef0
2024-02-16T22:12:07.403 INFO:teuthology.orchestra.run.smithi114.stdout:/usr/bin/ceph: stderr
2024-02-16T22:12:06.642+0000 7f6bdb7fe700 1 -- 172.21.15.114:0/131271408 <== mon.0 v2:172.21.15.114:3300/0 3 ==== mon_map magic: 0 v1 ==== 229+0+0 (secure 0 0 0) 0x7f6bdc0238c0 con 0x7f6bec07bef0
2024-02-16T22:12:07.404 INFO:teuthology.orchestra.run.smithi114.stdout:/usr/bin/ceph: stderr
2024-02-16T22:12:06.642+0000 7f6bf0b10700 1 -- 172.21.15.114:0/131271408 --> [v2:172.21.15.114:3300/0,v1:172.21.15.114:6789/0] -- mon_subscribe({osdmap=0}) v3 -- 0x7f6bec19cef0 con 0x7f6bec07bef0
2024-02-16T22:12:07.404 INFO:teuthology.orchestra.run.smithi114.stdout:/usr/bin/ceph: stderr
2024-02-16T22:12:06.643+0000 7f6bdb7fe700 1 -- 172.21.15.114:0/131271408 <== mon.0 v2:172.21.15.114:3300/0 4 ==== mgrmap(e 13) v1 ==== 45340+0+0 (secure 0 0 0) 0x7f6bdc023b30 con 0x7f6bec07bef0
2024-02-16T22:12:07.404 INFO:teuthology.orchestra.run.smithi114.stdout:/usr/bin/ceph: stderr
2024-02-16T22:12:06.643+0000 7f6bf0b10700 1 -- 172.21.15.114:0/131271408 --> [v2:172.21.15.114:3300/0,v1:172.21.15.114:6789/0] -- mon_command({"prefix": "get_command_descriptions"} v 0) v1 -- 0x7f6bec10c800 con 0x7f6bec07bef0
2024-02-16T22:12:07.404 INFO:teuthology.orchestra.run.smithi114.stdout:/usr/bin/ceph: stderr
2024-02-16T22:12:06.643+0000 7f6bdb7fe700 1 --2- 172.21.15.114:0/131271408 >> [v2:172.21.15.114:6800/2648536185,v1:172.21.15.114:6801/2648536185] conn(0x7f6bd4038460 0x7f6bd403a920 unknown :-1 s=NONE pgs=0 cs=0 l=1 rev1=0 crypto rx=0 tx=0 comp rx=0 tx=0).connect
2024-02-16T22:12:07.404 INFO:teuthology.orchestra.run.smithi114.stdout:/usr/bin/ceph: stderr
2024-02-16T22:12:06.643+0000 7f6bdb7fe700 1 -- 172.21.15.114:0/131271408 <== mon.0 v2:172.21.15.114:3300/0 5 ==== osd_map(3..3 src has 1..3) v4 ==== 1155+0+0 (secure 0 0 0) 0x7f6bdc04c490 con 0x7f6bec07bef0
2024-02-16T22:12:07.404 INFO:teuthology.orchestra.run.smithi114.stdout:/usr/bin/ceph: stderr
2024-02-16T22:12:06.643+0000 7f6be9d9b700 1 --2- 172.21.15.114:0/131271408 >> [v2:172.21.15.114:6800/2648536185,v1:172.21.15.114:6801/2648536185] conn(0x7f6bd4038460 0x7f6bd403a920 unknown :-1 s=BANNER_CONNECTING pgs=0 cs=0 l=1 rev1=0 crypto rx=0 tx=0 comp rx=0 tx=0)._handle_peer_banner_payload supported=3 required=0
2024-02-16T22:12:07.404 INFO:teuthology.orchestra.run.smithi114.stdout:/usr/bin/ceph: stderr
2024-02-16T22:12:06.643+0000 7f6be9d9b700 1 --2- 172.21.15.114:0/131271408 >> [v2:172.21.15.114:6800/2648536185,v1:172.21.15.114:6801/2648536185] conn(0x7f6bd4038460 0x7f6bd403a920 secure :-1 s=READY pgs=9 cs=0 l=1 rev1=1 crypto rx=0x7f6be0006fd0 tx=0x7f6be0006e40 comp rx=0 tx=0).ready entity=mgr.14164 client_cookie=0 server_cookie=0 in_seq=0 out_seq=0
2024-02-16T22:12:07.404 INFO:teuthology.orchestra.run.smithi114.stdout:/usr/bin/ceph: stderr
2024-02-16T22:12:06.648+0000 7f6bdb7fe700 1 -- 172.21.15.114:0/131271408 <== mon.0 v2:172.21.15.114:3300/0 6 ==== mon_command_ack([{"prefix": "get_command_descriptions"}]=0 v0) v1 ==== 72+0+180422 (secure 0 0 0) 0x7f6bdc02b300 con 0x7f6bec07bef0
2024-02-16T22:12:07.404 INFO:teuthology.orchestra.run.smithi114.stdout:/usr/bin/ceph: stderr
2024-02-16T22:12:06.837+0000 7f6bf0b10700 1 -- 172.21.15.114:0/131271408 --> [v2:172.21.15.114:3300/0,v1:172.21.15.114:6789/0] -- mon_command({"prefix": "config get", "who": "mgr", "key": "mgr/dashboard/ssl_server_port"} v 0) v1 -- 0x7f6bec19fcd0 con 0x7f6bec07bef0
2024-02-16T22:12:07.404 INFO:teuthology.orchestra.run.smithi114.stdout:/usr/bin/ceph: stderr
2024-02-16T22:12:06.837+0000 7f6bdb7fe700 1 -- 172.21.15.114:0/131271408 <== mon.0 v2:172.21.15.114:3300/0 7 ==== mon_command_ack([{"prefix": "config get", "who": "mgr", "key": "mgr/dashboard/ssl_server_port"}]=0 v8) v1 ==== 112+0+5 (secure 0 0 0) 0x7f6bdc010b70 con 0x7f6bec07bef0
2024-02-16T22:12:07.404 INFO:teuthology.orchestra.run.smithi114.stdout:/usr/bin/ceph: stderr
2024-02-16T22:12:06.840+0000 7f6bf0b10700 1 -- 172.21.15.114:0/131271408 >> [v2:172.21.15.114:6800/2648536185,v1:172.21.15.114:6801/2648536185] conn(0x7f6bd4038460 msgr2=0x7f6bd403a920 secure :-1 s=STATE_CONNECTION_ESTABLISHED l=1).mark_down
2024-02-16T22:12:07.404 INFO:teuthology.orchestra.run.smithi114.stdout:/usr/bin/ceph: stderr
2024-02-16T22:12:06.840+0000 7f6bf0b10700 1 --2- 172.21.15.114:0/131271408 >> [v2:172.21.15.114:6800/2648536185,v1:172.21.15.114:6801/2648536185] conn(0x7f6bd4038460 0x7f6bd403a920 secure :-1 s=READY pgs=9 cs=0 l=1 rev1=1 crypto rx=0x7f6be0006fd0 tx=0x7f6be0006e40 comp rx=0 tx=0).stop
2024-02-16T22:12:07.404 INFO:teuthology.orchestra.run.smithi114.stdout:/usr/bin/ceph: stderr
2024-02-16T22:12:06.840+0000 7f6bf0b10700 1 -- 172.21.15.114:0/131271408 >> [v2:172.21.15.114:3300/0,v1:172.21.15.114:6789/0] conn(0x7f6bec07bef0 msgr2=0x7f6bec19c310 secure :-1 s=STATE_CONNECTION_ESTABLISHED l=1).mark_down
2024-02-16T22:12:07.405 INFO:teuthology.orchestra.run.smithi114.stdout:/usr/bin/ceph: stderr
2024-02-16T22:12:06.840+0000 7f6bf0b10700 1 --2- 172.21.15.114:0/131271408 >> [v2:172.21.15.114:3300/0,v1:172.21.15.114:6789/0] conn(0x7f6bec07bef0 0x7f6bec19c310 secure :-1 s=READY pgs=87 cs=0 l=1 rev1=1 crypto rx=0x7f6bdc000c00 tx=0x7f6bdc011b50 comp rx=0 tx=0).stop
2024-02-16T22:12:07.405 INFO:teuthology.orchestra.run.smithi114.stdout:/usr/bin/ceph: stderr
2024-02-16T22:12:06.840+0000 7f6bf0b10700 1 -- 172.21.15.114:0/131271408 shutdown_connections
2024-02-16T22:12:07.405 INFO:teuthology.orchestra.run.smithi114.stdout:/usr/bin/ceph: stderr
2024-02-16T22:12:06.840+0000 7f6bf0b10700 1 --2- 172.21.15.114:0/131271408 >> [v2:172.21.15.114:6800/2648536185,v1:172.21.15.114:6801/2648536185] conn(0x7f6bd4038460 0x7f6bd403a920 unknown :-1 s=CLOSED pgs=9 cs=0 l=1 rev1=1 crypto rx=0 tx=0 comp rx=0 tx=0).stop
2024-02-16T22:12:07.405 INFO:teuthology.orchestra.run.smithi114.stdout:/usr/bin/ceph: stderr
2024-02-16T22:12:06.840+0000 7f6bf0b10700 1 --2- 172.21.15.114:0/131271408 >> [v2:172.21.15.114:3300/0,v1:172.21.15.114:6789/0] conn(0x7f6bec07bef0 0x7f6bec19c310 unknown :-1 s=CLOSED pgs=87 cs=0 l=1 rev1=1 crypto rx=0 tx=0 comp rx=0 tx=0).stop
2024-02-16T22:12:07.405 INFO:teuthology.orchestra.run.smithi114.stdout:/usr/bin/ceph: stderr
2024-02-16T22:12:06.840+0000 7f6bf0b10700 1 -- 172.21.15.114:0/131271408 >> 172.21.15.114:0/131271408 conn(0x7f6bec1019d0 msgr2=0x7f6bec1027d0 unknown :-1 s=STATE_NONE l=0).mark_down
2024-02-16T22:12:07.405 INFO:teuthology.orchestra.run.smithi114.stdout:/usr/bin/ceph: stderr
2024-02-16T22:12:06.840+0000 7f6bf0b10700 1 -- 172.21.15.114:0/131271408 shutdown_connections
2024-02-16T22:12:07.405 INFO:teuthology.orchestra.run.smithi114.stdout:/usr/bin/ceph: stderr
2024-02-16T22:12:06.840+0000 7f6bf0b10700 1 -- 172.21.15.114:0/131271408 wait complete.
2024-02-16T22:12:07.410 INFO:teuthology.orchestra.run.smithi114.stdout:Non-zero exit code 1 from systemctl is-enabled firewalld.service
2024-02-16T22:12:07.410 INFO:teuthology.orchestra.run.smithi114.stdout:systemctl: stdout disabled
2024-02-16T22:12:07.418 INFO:teuthology.orchestra.run.smithi114.stdout:Non-zero exit code 3 from systemctl is-active firewalld.service
2024-02-16T22:12:07.418 INFO:teuthology.orchestra.run.smithi114.stdout:systemctl: stdout inactive
2024-02-16T22:12:07.418 INFO:teuthology.orchestra.run.smithi114.stdout:firewalld.service is not enabled
2024-02-16T22:12:07.418 INFO:teuthology.orchestra.run.smithi114.stdout:Not possible to open ports <[8443]>. firewalld.service is not available
2024-02-16T22:12:07.420 INFO:teuthology.orchestra.run.smithi114.stdout:Ceph Dashboard is now available at:
2024-02-16T22:12:07.420 INFO:teuthology.orchestra.run.smithi114.stdout:
2024-02-16T22:12:07.420 INFO:teuthology.orchestra.run.smithi114.stdout: URL: https://smithi114.front.sepia.ceph.com:8443/
2024-02-16T22:12:07.420 INFO:teuthology.orchestra.run.smithi114.stdout: User: admin
2024-02-16T22:12:07.420 INFO:teuthology.orchestra.run.smithi114.stdout: Password: 650sl1e6he
2024-02-16T22:12:07.420 INFO:teuthology.orchestra.run.smithi114.stdout:
2024-02-16T22:12:07.421 INFO:teuthology.orchestra.run.smithi114.stdout:Saving cluster configuration to /var/lib/ceph/1dcbaabe-cd18-11ee-95ba-87774f69a715/config directory
2024-02-16T22:12:07.421 INFO:teuthology.orchestra.run.smithi114.stdout:Enabling autotune for osd_memory_target
2024-02-16T22:12:07.658 INFO:journalctl@ceph.mon.smithi114.smithi114.stdout:Feb 16 22:12:07 smithi114 ceph-mon[29235]: mgrmap e13: smithi114.vcullz(active, since 6s)
2024-02-16T22:12:07.658 INFO:journalctl@ceph.mon.smithi114.smithi114.stdout:Feb 16 22:12:07 smithi114 ceph-mon[29235]: from='client.? 172.21.15.114:0/131271408' entity='client.admin' cmd=[{"prefix": "config get", "who": "mgr", "key": "mgr/dashboard/ssl_server_port"}]: dispatch
2024-02-16T22:12:08.641 INFO:teuthology.orchestra.run.smithi114.stdout:/usr/bin/ceph: stderr
2024-02-16T22:12:07.844+0000 7f05d8c8a700 1 Processor -- start
2024-02-16T22:12:08.642 INFO:teuthology.orchestra.run.smithi114.stdout:/usr/bin/ceph: stderr
2024-02-16T22:12:07.844+0000 7f05d8c8a700 1 -- start start
2024-02-16T22:12:08.642 INFO:teuthology.orchestra.run.smithi114.stdout:/usr/bin/ceph: stderr
2024-02-16T22:12:07.844+0000 7f05d8c8a700 1 --2- >> [v2:172.21.15.114:3300/0,v1:172.21.15.114:6789/0] conn(0x7f05d407be70 0x7f05d407a2d0 unknown :-1 s=NONE pgs=0 cs=0 l=0 rev1=0 crypto rx=0 tx=0 comp rx=0 tx=0).connect
2024-02-16T22:12:08.642 INFO:teuthology.orchestra.run.smithi114.stdout:/usr/bin/ceph: stderr
2024-02-16T22:12:07.844+0000 7f05d8c8a700 1 -- --> [v2:172.21.15.114:3300/0,v1:172.21.15.114:6789/0] -- mon_getmap magic: 0 v1 -- 0x7f05d407a8a0 con 0x7f05d407be70
2024-02-16T22:12:08.642 INFO:teuthology.orchestra.run.smithi114.stdout:/usr/bin/ceph: stderr
2024-02-16T22:12:07.844+0000 7f05d259c700 1 --2- >> [v2:172.21.15.114:3300/0,v1:172.21.15.114:6789/0] conn(0x7f05d407be70 0x7f05d407a2d0 unknown :-1 s=BANNER_CONNECTING pgs=0 cs=0 l=0 rev1=0 crypto rx=0 tx=0 comp rx=0 tx=0)._handle_peer_banner_payload supported=3 required=0
2024-02-16T22:12:08.642 INFO:teuthology.orchestra.run.smithi114.stdout:/usr/bin/ceph: stderr
2024-02-16T22:12:07.844+0000 7f05d259c700 1 --2- >> [v2:172.21.15.114:3300/0,v1:172.21.15.114:6789/0] conn(0x7f05d407be70 0x7f05d407a2d0 unknown :-1 s=HELLO_CONNECTING pgs=0 cs=0 l=0 rev1=1 crypto rx=0 tx=0 comp rx=0 tx=0).handle_hello peer v2:172.21.15.114:3300/0 says I am v2:172.21.15.114:55768/0 (socket says 172.21.15.114:55768)
2024-02-16T22:12:08.642 INFO:teuthology.orchestra.run.smithi114.stdout:/usr/bin/ceph: stderr
2024-02-16T22:12:07.844+0000 7f05d259c700 1 -- 172.21.15.114:0/3266180876 learned_addr learned my addr 172.21.15.114:0/3266180876 (peer_addr_for_me v2:172.21.15.114:0/0)
2024-02-16T22:12:08.642 INFO:teuthology.orchestra.run.smithi114.stdout:/usr/bin/ceph: stderr
2024-02-16T22:12:07.844+0000 7f05d259c700 1 -- 172.21.15.114:0/3266180876 --> [v2:172.21.15.114:3300/0,v1:172.21.15.114:6789/0] -- mon_subscribe({config=0+,monmap=0+}) v3 -- 0x7f05d407a9e0 con 0x7f05d407be70
2024-02-16T22:12:08.642 INFO:teuthology.orchestra.run.smithi114.stdout:/usr/bin/ceph: stderr
2024-02-16T22:12:07.845+0000 7f05d259c700 1 --2- 172.21.15.114:0/3266180876 >> [v2:172.21.15.114:3300/0,v1:172.21.15.114:6789/0] conn(0x7f05d407be70 0x7f05d407a2d0 secure :-1 s=READY pgs=88 cs=0 l=1 rev1=1 crypto rx=0x7f05c80098a0 tx=0x7f05c8009bb0 comp rx=0 tx=0).ready entity=mon.0 client_cookie=f763962178a05a14 server_cookie=0 in_seq=0 out_seq=0
2024-02-16T22:12:08.642 INFO:teuthology.orchestra.run.smithi114.stdout:/usr/bin/ceph: stderr
2024-02-16T22:12:07.845+0000 7f05d159a700 1 -- 172.21.15.114:0/3266180876 <== mon.0 v2:172.21.15.114:3300/0 1 ==== mon_map magic: 0 v1 ==== 229+0+0 (secure 0 0 0) 0x7f05c8004180 con 0x7f05d407be70
2024-02-16T22:12:08.642 INFO:teuthology.orchestra.run.smithi114.stdout:/usr/bin/ceph: stderr
2024-02-16T22:12:07.845+0000 7f05d159a700 1 -- 172.21.15.114:0/3266180876 <== mon.0 v2:172.21.15.114:3300/0 2 ==== config(27 keys) v1 ==== 1101+0+0 (secure 0 0 0) 0x7f05c80042e0 con 0x7f05d407be70
2024-02-16T22:12:08.642 INFO:teuthology.orchestra.run.smithi114.stdout:/usr/bin/ceph: stderr
2024-02-16T22:12:07.845+0000 7f05d159a700 1 -- 172.21.15.114:0/3266180876 <== mon.0 v2:172.21.15.114:3300/0 3 ==== mon_map magic: 0 v1 ==== 229+0+0 (secure 0 0 0) 0x7f05c8011af0 con 0x7f05d407be70
2024-02-16T22:12:08.642 INFO:teuthology.orchestra.run.smithi114.stdout:/usr/bin/ceph: stderr
2024-02-16T22:12:07.845+0000 7f05d8c8a700 1 -- 172.21.15.114:0/3266180876 >> [v2:172.21.15.114:3300/0,v1:172.21.15.114:6789/0] conn(0x7f05d407be70 msgr2=0x7f05d407a2d0 secure :-1 s=STATE_CONNECTION_ESTABLISHED l=1).mark_down
2024-02-16T22:12:08.643 INFO:teuthology.orchestra.run.smithi114.stdout:/usr/bin/ceph: stderr
2024-02-16T22:12:07.845+0000 7f05d8c8a700 1 --2- 172.21.15.114:0/3266180876 >> [v2:172.21.15.114:3300/0,v1:172.21.15.114:6789/0] conn(0x7f05d407be70 0x7f05d407a2d0 secure :-1 s=READY pgs=88 cs=0 l=1 rev1=1 crypto rx=0x7f05c80098a0 tx=0x7f05c8009bb0 comp rx=0 tx=0).stop
2024-02-16T22:12:08.643 INFO:teuthology.orchestra.run.smithi114.stdout:/usr/bin/ceph: stderr
2024-02-16T22:12:07.845+0000 7f05d8c8a700 1 -- 172.21.15.114:0/3266180876 shutdown_connections
2024-02-16T22:12:08.643 INFO:teuthology.orchestra.run.smithi114.stdout:/usr/bin/ceph: stderr
2024-02-16T22:12:07.845+0000 7f05d8c8a700 1 --2- 172.21.15.114:0/3266180876 >> [v2:172.21.15.114:3300/0,v1:172.21.15.114:6789/0] conn(0x7f05d407be70 0x7f05d407a2d0 unknown :-1 s=CLOSED pgs=88 cs=0 l=1 rev1=1 crypto rx=0 tx=0 comp rx=0 tx=0).stop
2024-02-16T22:12:08.643 INFO:teuthology.orchestra.run.smithi114.stdout:/usr/bin/ceph: stderr
2024-02-16T22:12:07.845+0000 7f05d8c8a700 1 -- 172.21.15.114:0/3266180876 >> 172.21.15.114:0/3266180876 conn(0x7f05d4101a00 msgr2=0x7f05d4103e20 unknown :-1 s=STATE_NONE l=0).mark_down
2024-02-16T22:12:08.643 INFO:teuthology.orchestra.run.smithi114.stdout:/usr/bin/ceph: stderr
2024-02-16T22:12:07.845+0000 7f05d8c8a700 1 -- 172.21.15.114:0/3266180876 shutdown_connections
2024-02-16T22:12:08.643 INFO:teuthology.orchestra.run.smithi114.stdout:/usr/bin/ceph: stderr
2024-02-16T22:12:07.845+0000 7f05d8c8a700 1 -- 172.21.15.114:0/3266180876 wait complete.
2024-02-16T22:12:08.643 INFO:teuthology.orchestra.run.smithi114.stdout:/usr/bin/ceph: stderr
2024-02-16T22:12:07.846+0000 7f05d8c8a700 1 Processor -- start
2024-02-16T22:12:08.643 INFO:teuthology.orchestra.run.smithi114.stdout:/usr/bin/ceph: stderr
2024-02-16T22:12:07.846+0000 7f05d8c8a700 1 -- start start
2024-02-16T22:12:08.643 INFO:teuthology.orchestra.run.smithi114.stdout:/usr/bin/ceph: stderr
2024-02-16T22:12:07.846+0000 7f05d8c8a700 1 --2- >> [v2:172.21.15.114:3300/0,v1:172.21.15.114:6789/0] conn(0x7f05d407be70 0x7f05d419c2f0 unknown :-1 s=NONE pgs=0 cs=0 l=1 rev1=0 crypto rx=0 tx=0 comp rx=0 tx=0).connect
2024-02-16T22:12:08.643 INFO:teuthology.orchestra.run.smithi114.stdout:/usr/bin/ceph: stderr
2024-02-16T22:12:07.846+0000 7f05d8c8a700 1 -- --> [v2:172.21.15.114:3300/0,v1:172.21.15.114:6789/0] -- mon_getmap magic: 0 v1 -- 0x7f05d419c830 con 0x7f05d407be70
2024-02-16T22:12:08.643 INFO:teuthology.orchestra.run.smithi114.stdout:/usr/bin/ceph: stderr
2024-02-16T22:12:07.847+0000 7f05d259c700 1 --2- >> [v2:172.21.15.114:3300/0,v1:172.21.15.114:6789/0] conn(0x7f05d407be70 0x7f05d419c2f0 unknown :-1 s=BANNER_CONNECTING pgs=0 cs=0 l=1 rev1=0 crypto rx=0 tx=0 comp rx=0 tx=0)._handle_peer_banner_payload supported=3 required=0
2024-02-16T22:12:08.643 INFO:teuthology.orchestra.run.smithi114.stdout:/usr/bin/ceph: stderr
2024-02-16T22:12:07.847+0000 7f05d259c700 1 --2- >> [v2:172.21.15.114:3300/0,v1:172.21.15.114:6789/0] conn(0x7f05d407be70 0x7f05d419c2f0 unknown :-1 s=HELLO_CONNECTING pgs=0 cs=0 l=1 rev1=1 crypto rx=0 tx=0 comp rx=0 tx=0).handle_hello peer v2:172.21.15.114:3300/0 says I am v2:172.21.15.114:55772/0 (socket says 172.21.15.114:55772)
2024-02-16T22:12:08.644 INFO:teuthology.orchestra.run.smithi114.stdout:/usr/bin/ceph: stderr
2024-02-16T22:12:07.847+0000 7f05d259c700 1 -- 172.21.15.114:0/289512116 learned_addr learned my addr 172.21.15.114:0/289512116 (peer_addr_for_me v2:172.21.15.114:0/0)
2024-02-16T22:12:08.644 INFO:teuthology.orchestra.run.smithi114.stdout:/usr/bin/ceph: stderr
2024-02-16T22:12:07.847+0000 7f05d259c700 1 -- 172.21.15.114:0/289512116 --> [v2:172.21.15.114:3300/0,v1:172.21.15.114:6789/0] -- mon_subscribe({config=0+,monmap=0+}) v3 -- 0x7f05c8009550 con 0x7f05d407be70
2024-02-16T22:12:08.644 INFO:teuthology.orchestra.run.smithi114.stdout:/usr/bin/ceph: stderr
2024-02-16T22:12:07.847+0000 7f05d259c700 1 --2- 172.21.15.114:0/289512116 >> [v2:172.21.15.114:3300/0,v1:172.21.15.114:6789/0] conn(0x7f05d407be70 0x7f05d419c2f0 secure :-1 s=READY pgs=89 cs=0 l=1 rev1=1 crypto rx=0x7f05c8011ad0 tx=0x7f05c8011bb0 comp rx=0 tx=0).ready entity=mon.0 client_cookie=0 server_cookie=0 in_seq=0 out_seq=0
2024-02-16T22:12:08.644 INFO:teuthology.orchestra.run.smithi114.stdout:/usr/bin/ceph: stderr
2024-02-16T22:12:07.847+0000 7f05c37fe700 1 -- 172.21.15.114:0/289512116 <== mon.0 v2:172.21.15.114:3300/0 1 ==== mon_map magic: 0 v1 ==== 229+0+0 (secure 0 0 0) 0x7f05c8003ab0 con 0x7f05d407be70
2024-02-16T22:12:08.644 INFO:teuthology.orchestra.run.smithi114.stdout:/usr/bin/ceph: stderr
2024-02-16T22:12:07.847+0000 7f05c37fe700 1 -- 172.21.15.114:0/289512116 <== mon.0 v2:172.21.15.114:3300/0 2 ==== config(27 keys) v1 ==== 1101+0+0 (secure 0 0 0) 0x7f05c8003c10 con 0x7f05d407be70
2024-02-16T22:12:08.644 INFO:teuthology.orchestra.run.smithi114.stdout:/usr/bin/ceph: stderr
2024-02-16T22:12:07.847+0000 7f05d8c8a700 1 -- 172.21.15.114:0/289512116 --> [v2:172.21.15.114:3300/0,v1:172.21.15.114:6789/0] -- mon_subscribe({mgrmap=0+}) v3 -- 0x7f05d419ca30 con 0x7f05d407be70
2024-02-16T22:12:08.644 INFO:teuthology.orchestra.run.smithi114.stdout:/usr/bin/ceph: stderr
2024-02-16T22:12:07.847+0000 7f05c37fe700 1 -- 172.21.15.114:0/289512116 <== mon.0 v2:172.21.15.114:3300/0 3 ==== mon_map magic: 0 v1 ==== 229+0+0 (secure 0 0 0) 0x7f05c80198e0 con 0x7f05d407be70
2024-02-16T22:12:08.644 INFO:teuthology.orchestra.run.smithi114.stdout:/usr/bin/ceph: stderr
2024-02-16T22:12:07.847+0000 7f05d8c8a700 1 -- 172.21.15.114:0/289512116 --> [v2:172.21.15.114:3300/0,v1:172.21.15.114:6789/0] -- mon_subscribe({osdmap=0}) v3 -- 0x7f05d419ced0 con 0x7f05d407be70
2024-02-16T22:12:08.644 INFO:teuthology.orchestra.run.smithi114.stdout:/usr/bin/ceph: stderr
2024-02-16T22:12:07.848+0000 7f05c37fe700 1 -- 172.21.15.114:0/289512116 <== mon.0 v2:172.21.15.114:3300/0 4 ==== mgrmap(e 13) v1 ==== 45340+0+0 (secure 0 0 0) 0x7f05c8019ba0 con 0x7f05d407be70
2024-02-16T22:12:08.644 INFO:teuthology.orchestra.run.smithi114.stdout:/usr/bin/ceph: stderr
2024-02-16T22:12:07.848+0000 7f05d8c8a700 1 -- 172.21.15.114:0/289512116 --> [v2:172.21.15.114:3300/0,v1:172.21.15.114:6789/0] -- mon_command({"prefix": "get_command_descriptions"} v 0) v1 -- 0x7f05d410c7c0 con 0x7f05d407be70
2024-02-16T22:12:08.644 INFO:teuthology.orchestra.run.smithi114.stdout:/usr/bin/ceph: stderr
2024-02-16T22:12:07.848+0000 7f05c37fe700 1 --2- 172.21.15.114:0/289512116 >> [v2:172.21.15.114:6800/2648536185,v1:172.21.15.114:6801/2648536185] conn(0x7f05bc038410 0x7f05bc03a8d0 unknown :-1 s=NONE pgs=0 cs=0 l=1 rev1=0 crypto rx=0 tx=0 comp rx=0 tx=0).connect
2024-02-16T22:12:08.644 INFO:teuthology.orchestra.run.smithi114.stdout:/usr/bin/ceph: stderr
2024-02-16T22:12:07.848+0000 7f05c37fe700 1 -- 172.21.15.114:0/289512116 <== mon.0 v2:172.21.15.114:3300/0 5 ==== osd_map(3..3 src has 1..3) v4 ==== 1155+0+0 (secure 0 0 0) 0x7f05c804c350 con 0x7f05d407be70
2024-02-16T22:12:08.644 INFO:teuthology.orchestra.run.smithi114.stdout:/usr/bin/ceph: stderr
2024-02-16T22:12:07.848+0000 7f05d1d9b700 1 --2- 172.21.15.114:0/289512116 >> [v2:172.21.15.114:6800/2648536185,v1:172.21.15.114:6801/2648536185] conn(0x7f05bc038410 0x7f05bc03a8d0 unknown :-1 s=BANNER_CONNECTING pgs=0 cs=0 l=1 rev1=0 crypto rx=0 tx=0 comp rx=0 tx=0)._handle_peer_banner_payload supported=3 required=0
2024-02-16T22:12:08.644 INFO:teuthology.orchestra.run.smithi114.stdout:/usr/bin/ceph: stderr
2024-02-16T22:12:07.849+0000 7f05d1d9b700 1 --2- 172.21.15.114:0/289512116 >> [v2:172.21.15.114:6800/2648536185,v1:172.21.15.114:6801/2648536185] conn(0x7f05bc038410 0x7f05bc03a8d0 secure :-1 s=READY pgs=10 cs=0 l=1 rev1=1 crypto rx=0x7f05c4006fd0 tx=0x7f05c4006e40 comp rx=0 tx=0).ready entity=mgr.14164 client_cookie=0 server_cookie=0 in_seq=0 out_seq=0
2024-02-16T22:12:08.645 INFO:teuthology.orchestra.run.smithi114.stdout:/usr/bin/ceph: stderr
2024-02-16T22:12:07.853+0000 7f05c37fe700 1 -- 172.21.15.114:0/289512116 <== mon.0 v2:172.21.15.114:3300/0 6 ==== mon_command_ack([{"prefix": "get_command_descriptions"}]=0 v0) v1 ==== 72+0+180422 (secure 0 0 0) 0x7f05c802b300 con 0x7f05d407be70
2024-02-16T22:12:08.645 INFO:teuthology.orchestra.run.smithi114.stdout:/usr/bin/ceph: stderr
2024-02-16T22:12:08.040+0000 7f05d8c8a700 1 -- 172.21.15.114:0/289512116 --> [v2:172.21.15.114:3300/0,v1:172.21.15.114:6789/0] -- mon_command([{prefix=config set, name=osd_memory_target_autotune}] v 0) v1 -- 0x7f05d419fd10 con 0x7f05d407be70
2024-02-16T22:12:08.645 INFO:teuthology.orchestra.run.smithi114.stdout:/usr/bin/ceph: stderr
2024-02-16T22:12:08.041+0000 7f05c37fe700 1 -- 172.21.15.114:0/289512116 <== mon.0 v2:172.21.15.114:3300/0 7 ==== mon_command_ack([{prefix=config set, name=osd_memory_target_autotune}]=0 v8)=0 v8) v1 ==== 127+0+0 (secure 0 0 0) 0x7f05c8010b70 con 0x7f05d407be70
2024-02-16T22:12:08.645 INFO:teuthology.orchestra.run.smithi114.stdout:/usr/bin/ceph: stderr
2024-02-16T22:12:08.042+0000 7f05d8c8a700 1 -- 172.21.15.114:0/289512116 >> [v2:172.21.15.114:6800/2648536185,v1:172.21.15.114:6801/2648536185] conn(0x7f05bc038410 msgr2=0x7f05bc03a8d0 secure :-1 s=STATE_CONNECTION_ESTABLISHED l=1).mark_down
2024-02-16T22:12:08.645 INFO:teuthology.orchestra.run.smithi114.stdout:/usr/bin/ceph: stderr
2024-02-16T22:12:08.042+0000 7f05d8c8a700 1 --2- 172.21.15.114:0/289512116 >> [v2:172.21.15.114:6800/2648536185,v1:172.21.15.114:6801/2648536185] conn(0x7f05bc038410 0x7f05bc03a8d0 secure :-1 s=READY pgs=10 cs=0 l=1 rev1=1 crypto rx=0x7f05c4006fd0 tx=0x7f05c4006e40 comp rx=0 tx=0).stop
2024-02-16T22:12:08.645 INFO:teuthology.orchestra.run.smithi114.stdout:/usr/bin/ceph: stderr
2024-02-16T22:12:08.042+0000 7f05d8c8a700 1 -- 172.21.15.114:0/289512116 >> [v2:172.21.15.114:3300/0,v1:172.21.15.114:6789/0] conn(0x7f05d407be70 msgr2=0x7f05d419c2f0 secure :-1 s=STATE_CONNECTION_ESTABLISHED l=1).mark_down
2024-02-16T22:12:08.645 INFO:teuthology.orchestra.run.smithi114.stdout:/usr/bin/ceph: stderr
2024-02-16T22:12:08.042+0000 7f05d8c8a700 1 --2- 172.21.15.114:0/289512116 >> [v2:172.21.15.114:3300/0,v1:172.21.15.114:6789/0] conn(0x7f05d407be70 0x7f05d419c2f0 secure :-1 s=READY pgs=89 cs=0 l=1 rev1=1 crypto rx=0x7f05c8011ad0 tx=0x7f05c8011bb0 comp rx=0 tx=0).stop
2024-02-16T22:12:08.645 INFO:teuthology.orchestra.run.smithi114.stdout:/usr/bin/ceph: stderr
2024-02-16T22:12:08.042+0000 7f05d8c8a700 1 -- 172.21.15.114:0/289512116 shutdown_connections
2024-02-16T22:12:08.645 INFO:teuthology.orchestra.run.smithi114.stdout:/usr/bin/ceph: stderr
2024-02-16T22:12:08.042+0000 7f05d8c8a700 1 --2- 172.21.15.114:0/289512116 >> [v2:172.21.15.114:6800/2648536185,v1:172.21.15.114:6801/2648536185] conn(0x7f05bc038410 0x7f05bc03a8d0 unknown :-1 s=CLOSED pgs=10 cs=0 l=1 rev1=1 crypto rx=0 tx=0 comp rx=0 tx=0).stop
2024-02-16T22:12:08.645 INFO:teuthology.orchestra.run.smithi114.stdout:/usr/bin/ceph: stderr
2024-02-16T22:12:08.042+0000 7f05d8c8a700 1 --2- 172.21.15.114:0/289512116 >> [v2:172.21.15.114:3300/0,v1:172.21.15.114:6789/0] conn(0x7f05d407be70 0x7f05d419c2f0 unknown :-1 s=CLOSED pgs=89 cs=0 l=1 rev1=1 crypto rx=0 tx=0 comp rx=0 tx=0).stop
2024-02-16T22:12:08.645 INFO:teuthology.orchestra.run.smithi114.stdout:/usr/bin/ceph: stderr
2024-02-16T22:12:08.042+0000 7f05d8c8a700 1 -- 172.21.15.114:0/289512116 >> 172.21.15.114:0/289512116 conn(0x7f05d4101a00 msgr2=0x7f05d41030b0 unknown :-1 s=STATE_NONE l=0).mark_down
2024-02-16T22:12:08.645 INFO:teuthology.orchestra.run.smithi114.stdout:/usr/bin/ceph: stderr
2024-02-16T22:12:08.043+0000 7f05d8c8a700 1 -- 172.21.15.114:0/289512116 shutdown_connections
2024-02-16T22:12:08.645 INFO:teuthology.orchestra.run.smithi114.stdout:/usr/bin/ceph: stderr
2024-02-16T22:12:08.043+0000 7f05d8c8a700 1 -- 172.21.15.114:0/289512116 wait complete.
2024-02-16T22:12:09.915 INFO:teuthology.orchestra.run.smithi114.stdout:/usr/bin/ceph: stderr
2024-02-16T22:12:09.045+0000 7ffa54623700 1 Processor -- start
2024-02-16T22:12:09.915 INFO:teuthology.orchestra.run.smithi114.stdout:/usr/bin/ceph: stderr
2024-02-16T22:12:09.045+0000 7ffa54623700 1 -- start start
2024-02-16T22:12:09.915 INFO:teuthology.orchestra.run.smithi114.stdout:/usr/bin/ceph: stderr
2024-02-16T22:12:09.046+0000 7ffa54623700 1 --2- >> [v2:172.21.15.114:3300/0,v1:172.21.15.114:6789/0] conn(0x7ffa4c106f50 0x7ffa4c109340 unknown :-1 s=NONE pgs=0 cs=0 l=0 rev1=0 crypto rx=0 tx=0 comp rx=0 tx=0).connect
2024-02-16T22:12:09.915 INFO:teuthology.orchestra.run.smithi114.stdout:/usr/bin/ceph: stderr
2024-02-16T22:12:09.046+0000 7ffa54623700 1 -- --> [v2:172.21.15.114:3300/0,v1:172.21.15.114:6789/0] -- mon_getmap magic: 0 v1 -- 0x7ffa4c0745e0 con 0x7ffa4c106f50
2024-02-16T22:12:09.915 INFO:teuthology.orchestra.run.smithi114.stdout:/usr/bin/ceph: stderr
2024-02-16T22:12:09.046+0000 7ffa523bf700 1 --2- >> [v2:172.21.15.114:3300/0,v1:172.21.15.114:6789/0] conn(0x7ffa4c106f50 0x7ffa4c109340 unknown :-1 s=BANNER_CONNECTING pgs=0 cs=0 l=0 rev1=0 crypto rx=0 tx=0 comp rx=0 tx=0)._handle_peer_banner_payload supported=3 required=0
2024-02-16T22:12:09.915 INFO:teuthology.orchestra.run.smithi114.stdout:/usr/bin/ceph: stderr
2024-02-16T22:12:09.046+0000 7ffa523bf700 1 --2- >> [v2:172.21.15.114:3300/0,v1:172.21.15.114:6789/0] conn(0x7ffa4c106f50 0x7ffa4c109340 unknown :-1 s=HELLO_CONNECTING pgs=0 cs=0 l=0 rev1=1 crypto rx=0 tx=0 comp rx=0 tx=0).handle_hello peer v2:172.21.15.114:3300/0 says I am v2:172.21.15.114:55780/0 (socket says 172.21.15.114:55780)
2024-02-16T22:12:09.915 INFO:teuthology.orchestra.run.smithi114.stdout:/usr/bin/ceph: stderr
2024-02-16T22:12:09.046+0000 7ffa523bf700 1 -- 172.21.15.114:0/688696748 learned_addr learned my addr 172.21.15.114:0/688696748 (peer_addr_for_me v2:172.21.15.114:0/0)
2024-02-16T22:12:09.915 INFO:teuthology.orchestra.run.smithi114.stdout:/usr/bin/ceph: stderr
2024-02-16T22:12:09.046+0000 7ffa523bf700 1 -- 172.21.15.114:0/688696748 --> [v2:172.21.15.114:3300/0,v1:172.21.15.114:6789/0] -- mon_subscribe({config=0+,monmap=0+}) v3 -- 0x7ffa4c074720 con 0x7ffa4c106f50
2024-02-16T22:12:09.916 INFO:teuthology.orchestra.run.smithi114.stdout:/usr/bin/ceph: stderr
2024-02-16T22:12:09.046+0000 7ffa523bf700 1 --2- 172.21.15.114:0/688696748 >> [v2:172.21.15.114:3300/0,v1:172.21.15.114:6789/0] conn(0x7ffa4c106f50 0x7ffa4c109340 secure :-1 s=READY pgs=90 cs=0 l=1 rev1=1 crypto rx=0x7ffa3c0098a0 tx=0x7ffa3c009bb0 comp rx=0 tx=0).ready entity=mon.0 client_cookie=1171e769d4587630 server_cookie=0 in_seq=0 out_seq=0
2024-02-16T22:12:09.916 INFO:teuthology.orchestra.run.smithi114.stdout:/usr/bin/ceph: stderr
2024-02-16T22:12:09.046+0000 7ffa513bd700 1 -- 172.21.15.114:0/688696748 <== mon.0 v2:172.21.15.114:3300/0 1 ==== mon_map magic: 0 v1 ==== 229+0+0 (secure 0 0 0) 0x7ffa3c004180 con 0x7ffa4c106f50
2024-02-16T22:12:09.916 INFO:teuthology.orchestra.run.smithi114.stdout:/usr/bin/ceph: stderr
2024-02-16T22:12:09.046+0000 7ffa513bd700 1 -- 172.21.15.114:0/688696748 <== mon.0 v2:172.21.15.114:3300/0 2 ==== config(27 keys) v1 ==== 1101+0+0 (secure 0 0 0) 0x7ffa3c0042e0 con 0x7ffa4c106f50
2024-02-16T22:12:09.916 INFO:teuthology.orchestra.run.smithi114.stdout:/usr/bin/ceph: stderr
2024-02-16T22:12:09.046+0000 7ffa513bd700 1 -- 172.21.15.114:0/688696748 <== mon.0 v2:172.21.15.114:3300/0 3 ==== mon_map magic: 0 v1 ==== 229+0+0 (secure 0 0 0) 0x7ffa3c011af0 con 0x7ffa4c106f50
2024-02-16T22:12:09.916 INFO:teuthology.orchestra.run.smithi114.stdout:/usr/bin/ceph: stderr
2024-02-16T22:12:09.047+0000 7ffa54623700 1 -- 172.21.15.114:0/688696748 >> [v2:172.21.15.114:3300/0,v1:172.21.15.114:6789/0] conn(0x7ffa4c106f50 msgr2=0x7ffa4c109340 secure :-1 s=STATE_CONNECTION_ESTABLISHED l=1).mark_down
2024-02-16T22:12:09.916 INFO:teuthology.orchestra.run.smithi114.stdout:/usr/bin/ceph: stderr
2024-02-16T22:12:09.047+0000 7ffa54623700 1 --2- 172.21.15.114:0/688696748 >> [v2:172.21.15.114:3300/0,v1:172.21.15.114:6789/0] conn(0x7ffa4c106f50 0x7ffa4c109340 secure :-1 s=READY pgs=90 cs=0 l=1 rev1=1 crypto rx=0x7ffa3c0098a0 tx=0x7ffa3c009bb0 comp rx=0 tx=0).stop
2024-02-16T22:12:09.916 INFO:teuthology.orchestra.run.smithi114.stdout:/usr/bin/ceph: stderr
2024-02-16T22:12:09.047+0000 7ffa54623700 1 -- 172.21.15.114:0/688696748 shutdown_connections
2024-02-16T22:12:09.916 INFO:teuthology.orchestra.run.smithi114.stdout:/usr/bin/ceph: stderr
2024-02-16T22:12:09.047+0000 7ffa54623700 1 --2- 172.21.15.114:0/688696748 >> [v2:172.21.15.114:3300/0,v1:172.21.15.114:6789/0] conn(0x7ffa4c106f50 0x7ffa4c109340 unknown :-1 s=CLOSED pgs=90 cs=0 l=1 rev1=1 crypto rx=0 tx=0 comp rx=0 tx=0).stop
2024-02-16T22:12:09.916 INFO:teuthology.orchestra.run.smithi114.stdout:/usr/bin/ceph: stderr
2024-02-16T22:12:09.047+0000 7ffa54623700 1 -- 172.21.15.114:0/688696748 >> 172.21.15.114:0/688696748 conn(0x7ffa4c1008c0 msgr2=0x7ffa4c102d20 unknown :-1 s=STATE_NONE l=0).mark_down
2024-02-16T22:12:09.916 INFO:teuthology.orchestra.run.smithi114.stdout:/usr/bin/ceph: stderr
2024-02-16T22:12:09.047+0000 7ffa54623700 1 -- 172.21.15.114:0/688696748 shutdown_connections
2024-02-16T22:12:09.916 INFO:teuthology.orchestra.run.smithi114.stdout:/usr/bin/ceph: stderr
2024-02-16T22:12:09.047+0000 7ffa54623700 1 -- 172.21.15.114:0/688696748 wait complete.
2024-02-16T22:12:09.916 INFO:teuthology.orchestra.run.smithi114.stdout:/usr/bin/ceph: stderr
2024-02-16T22:12:09.048+0000 7ffa54623700 1 Processor -- start
2024-02-16T22:12:09.916 INFO:teuthology.orchestra.run.smithi114.stdout:/usr/bin/ceph: stderr
2024-02-16T22:12:09.048+0000 7ffa54623700 1 -- start start
2024-02-16T22:12:09.917 INFO:teuthology.orchestra.run.smithi114.stdout:/usr/bin/ceph: stderr
2024-02-16T22:12:09.048+0000 7ffa54623700 1 --2- >> [v2:172.21.15.114:3300/0,v1:172.21.15.114:6789/0] conn(0x7ffa4c106f50 0x7ffa4c1068b0 unknown :-1 s=NONE pgs=0 cs=0 l=1 rev1=0 crypto rx=0 tx=0 comp rx=0 tx=0).connect
2024-02-16T22:12:09.917 INFO:teuthology.orchestra.run.smithi114.stdout:/usr/bin/ceph: stderr
2024-02-16T22:12:09.048+0000 7ffa54623700 1 -- --> [v2:172.21.15.114:3300/0,v1:172.21.15.114:6789/0] -- mon_getmap magic: 0 v1 -- 0x7ffa4c106df0 con 0x7ffa4c106f50
2024-02-16T22:12:09.917 INFO:teuthology.orchestra.run.smithi114.stdout:/usr/bin/ceph: stderr
2024-02-16T22:12:09.048+0000 7ffa523bf700 1 --2- >> [v2:172.21.15.114:3300/0,v1:172.21.15.114:6789/0] conn(0x7ffa4c106f50 0x7ffa4c1068b0 unknown :-1 s=BANNER_CONNECTING pgs=0 cs=0 l=1 rev1=0 crypto rx=0 tx=0 comp rx=0 tx=0)._handle_peer_banner_payload supported=3 required=0
2024-02-16T22:12:09.917 INFO:teuthology.orchestra.run.smithi114.stdout:/usr/bin/ceph: stderr
2024-02-16T22:12:09.048+0000 7ffa523bf700 1 --2- >> [v2:172.21.15.114:3300/0,v1:172.21.15.114:6789/0] conn(0x7ffa4c106f50 0x7ffa4c1068b0 unknown :-1 s=HELLO_CONNECTING pgs=0 cs=0 l=1 rev1=1 crypto rx=0 tx=0 comp rx=0 tx=0).handle_hello peer v2:172.21.15.114:3300/0 says I am v2:172.21.15.114:55786/0 (socket says 172.21.15.114:55786)
2024-02-16T22:12:09.917 INFO:teuthology.orchestra.run.smithi114.stdout:/usr/bin/ceph: stderr
2024-02-16T22:12:09.048+0000 7ffa523bf700 1 -- 172.21.15.114:0/883917768 learned_addr learned my addr 172.21.15.114:0/883917768 (peer_addr_for_me v2:172.21.15.114:0/0)
2024-02-16T22:12:09.917 INFO:teuthology.orchestra.run.smithi114.stdout:/usr/bin/ceph: stderr
2024-02-16T22:12:09.048+0000 7ffa523bf700 1 -- 172.21.15.114:0/883917768 --> [v2:172.21.15.114:3300/0,v1:172.21.15.114:6789/0] -- mon_subscribe({config=0+,monmap=0+}) v3 -- 0x7ffa3c009550 con 0x7ffa4c106f50
2024-02-16T22:12:09.917 INFO:teuthology.orchestra.run.smithi114.stdout:/usr/bin/ceph: stderr
2024-02-16T22:12:09.048+0000 7ffa523bf700 1 --2- 172.21.15.114:0/883917768 >> [v2:172.21.15.114:3300/0,v1:172.21.15.114:6789/0] conn(0x7ffa4c106f50 0x7ffa4c1068b0 secure :-1 s=READY pgs=91 cs=0 l=1 rev1=1 crypto rx=0x7ffa3c011670 tx=0x7ffa3c011aa0 comp rx=0 tx=0).ready entity=mon.0 client_cookie=0 server_cookie=0 in_seq=0 out_seq=0
2024-02-16T22:12:09.917 INFO:teuthology.orchestra.run.smithi114.stdout:/usr/bin/ceph: stderr
2024-02-16T22:12:09.048+0000 7ffa437fe700 1 -- 172.21.15.114:0/883917768 <== mon.0 v2:172.21.15.114:3300/0 1 ==== mon_map magic: 0 v1 ==== 229+0+0 (secure 0 0 0) 0x7ffa3c003a40 con 0x7ffa4c106f50
2024-02-16T22:12:09.917 INFO:teuthology.orchestra.run.smithi114.stdout:/usr/bin/ceph: stderr
2024-02-16T22:12:09.048+0000 7ffa437fe700 1 -- 172.21.15.114:0/883917768 <== mon.0 v2:172.21.15.114:3300/0 2 ==== config(27 keys) v1 ==== 1101+0+0 (secure 0 0 0) 0x7ffa3c003ba0 con 0x7ffa4c106f50
2024-02-16T22:12:09.917 INFO:teuthology.orchestra.run.smithi114.stdout:/usr/bin/ceph: stderr
2024-02-16T22:12:09.048+0000 7ffa54623700 1 -- 172.21.15.114:0/883917768 --> [v2:172.21.15.114:3300/0,v1:172.21.15.114:6789/0] -- mon_subscribe({mgrmap=0+}) v3 -- 0x7ffa4c104f00 con 0x7ffa4c106f50
2024-02-16T22:12:09.917 INFO:teuthology.orchestra.run.smithi114.stdout:/usr/bin/ceph: stderr
2024-02-16T22:12:09.048+0000 7ffa437fe700 1 -- 172.21.15.114:0/883917768 <== mon.0 v2:172.21.15.114:3300/0 3 ==== mon_map magic: 0 v1 ==== 229+0+0 (secure 0 0 0) 0x7ffa3c024820 con 0x7ffa4c106f50
2024-02-16T22:12:09.917 INFO:teuthology.orchestra.run.smithi114.stdout:/usr/bin/ceph: stderr
2024-02-16T22:12:09.048+0000 7ffa54623700 1 -- 172.21.15.114:0/883917768 --> [v2:172.21.15.114:3300/0,v1:172.21.15.114:6789/0] -- mon_subscribe({osdmap=0}) v3 -- 0x7ffa4c1053a0 con 0x7ffa4c106f50
2024-02-16T22:12:09.917 INFO:teuthology.orchestra.run.smithi114.stdout:/usr/bin/ceph: stderr
2024-02-16T22:12:09.049+0000 7ffa437fe700 1 -- 172.21.15.114:0/883917768 <== mon.0 v2:172.21.15.114:3300/0 4 ==== mgrmap(e 13) v1 ==== 45340+0+0 (secure 0 0 0) 0x7ffa3c024ae0 con 0x7ffa4c106f50
2024-02-16T22:12:09.917 INFO:teuthology.orchestra.run.smithi114.stdout:/usr/bin/ceph: stderr
2024-02-16T22:12:09.049+0000 7ffa54623700 1 -- 172.21.15.114:0/883917768 --> [v2:172.21.15.114:3300/0,v1:172.21.15.114:6789/0] -- mon_command({"prefix": "get_command_descriptions"} v 0) v1 -- 0x7ffa4c10a5a0 con 0x7ffa4c106f50
2024-02-16T22:12:09.917 INFO:teuthology.orchestra.run.smithi114.stdout:/usr/bin/ceph: stderr
2024-02-16T22:12:09.049+0000 7ffa437fe700 1 --2- 172.21.15.114:0/883917768 >> [v2:172.21.15.114:6800/2648536185,v1:172.21.15.114:6801/2648536185] conn(0x7ffa380383d0 0x7ffa3803a890 unknown :-1 s=NONE pgs=0 cs=0 l=1 rev1=0 crypto rx=0 tx=0 comp rx=0 tx=0).connect
2024-02-16T22:12:09.918 INFO:teuthology.orchestra.run.smithi114.stdout:/usr/bin/ceph: stderr
2024-02-16T22:12:09.049+0000 7ffa437fe700 1 -- 172.21.15.114:0/883917768 <== mon.0 v2:172.21.15.114:3300/0 5 ==== osd_map(3..3 src has 1..3) v4 ==== 1155+0+0 (secure 0 0 0) 0x7ffa3c04c610 con 0x7ffa4c106f50
2024-02-16T22:12:09.918 INFO:teuthology.orchestra.run.smithi114.stdout:/usr/bin/ceph: stderr
