2024-02-16T22:12:29.171 INFO:teuthology.orchestra.run.smithi002.stdout:/usr/bin/ceph: stderr
2024-02-16T22:12:28.557+0000 7feca81b8700 1 --2- 172.21.15.2:0/2613020534 >> [v2:172.21.15.2:3300/0,v1:172.21.15.2:6789/0] conn(0x7feca0076c00 0x7feca0113720 secure :-1 s=READY pgs=29 cs=0 l=1 rev1=1 crypto rx=0x7fec9c006d40 tx=0x7fec9c009250 comp rx=0 tx=0).stop
2024-02-16T22:12:29.171 INFO:teuthology.orchestra.run.smithi002.stdout:/usr/bin/ceph: stderr
2024-02-16T22:12:28.557+0000 7feca81b8700 1 -- 172.21.15.2:0/2613020534 shutdown_connections
2024-02-16T22:12:29.171 INFO:teuthology.orchestra.run.smithi002.stdout:/usr/bin/ceph: stderr
2024-02-16T22:12:28.557+0000 7feca81b8700 1 --2- 172.21.15.2:0/2613020534 >> [v2:172.21.15.2:6800/673699505,v1:172.21.15.2:6801/673699505] conn(0x7fec8c039fc0 0x7fec8c03c3a0 unknown :-1 s=CLOSED pgs=3 cs=0 l=1 rev1=1 crypto rx=0 tx=0 comp rx=0 tx=0).stop
2024-02-16T22:12:29.172 INFO:teuthology.orchestra.run.smithi002.stdout:/usr/bin/ceph: stderr
2024-02-16T22:12:28.557+0000 7feca81b8700 1 --2- 172.21.15.2:0/2613020534 >> [v2:172.21.15.2:3300/0,v1:172.21.15.2:6789/0] conn(0x7feca0076c00 0x7feca0113720 unknown :-1 s=CLOSED pgs=29 cs=0 l=1 rev1=1 crypto rx=0 tx=0 comp rx=0 tx=0).stop
2024-02-16T22:12:29.172 INFO:teuthology.orchestra.run.smithi002.stdout:/usr/bin/ceph: stderr
2024-02-16T22:12:28.557+0000 7feca81b8700 1 --2- 172.21.15.2:0/2613020534 >> [v2:172.21.15.2:6800/395571706,v1:172.21.15.2:6801/395571706] conn(0x7fec8c0367e0 0x7fec8c038c90 unknown :-1 s=CLOSED pgs=0 cs=0 l=1 rev1=0 crypto rx=0 tx=0 comp rx=0 tx=0).stop
2024-02-16T22:12:29.172 INFO:teuthology.orchestra.run.smithi002.stdout:/usr/bin/ceph: stderr
2024-02-16T22:12:28.557+0000 7feca81b8700 1 -- 172.21.15.2:0/2613020534 >> 172.21.15.2:0/2613020534 conn(0x7feca00fcdd0 msgr2=0x7feca00fdbd0 unknown :-1 s=STATE_NONE l=0).mark_down
2024-02-16T22:12:29.172 INFO:teuthology.orchestra.run.smithi002.stdout:/usr/bin/ceph: stderr
2024-02-16T22:12:28.557+0000 7feca81b8700 1 -- 172.21.15.2:0/2613020534 shutdown_connections
2024-02-16T22:12:29.172 INFO:teuthology.orchestra.run.smithi002.stdout:/usr/bin/ceph: stderr
2024-02-16T22:12:28.557+0000 7feca81b8700 1 -- 172.21.15.2:0/2613020534 wait complete.
2024-02-16T22:12:29.172 INFO:teuthology.orchestra.run.smithi002.stdout:mgr epoch 5 is available
2024-02-16T22:12:29.172 INFO:teuthology.orchestra.run.smithi002.stdout:Setting orchestrator backend to cephadm...
2024-02-16T22:12:30.079 INFO:journalctl@ceph.mon.smithi002.smithi002.stdout:Feb 16 22:12:29 smithi002 ceph-mon[29154]: from='client.14124 -' entity='client.admin' cmd=[{"prefix": "get_command_descriptions"}]: dispatch
2024-02-16T22:12:30.079 INFO:journalctl@ceph.mon.smithi002.smithi002.stdout:Feb 16 22:12:29 smithi002 ceph-mon[29154]: from='client.14124 -' entity='client.admin' cmd=[{"prefix": "mgr_status"}]: dispatch
2024-02-16T22:12:30.079 INFO:journalctl@ceph.mon.smithi002.smithi002.stdout:Feb 16 22:12:29 smithi002 ceph-mon[29154]: [16/Feb/2024:22:12:28] ENGINE Bus STARTING
2024-02-16T22:12:30.079 INFO:journalctl@ceph.mon.smithi002.smithi002.stdout:Feb 16 22:12:29 smithi002 ceph-mon[29154]: [16/Feb/2024:22:12:28] ENGINE Serving on https://172.21.15.2:7150
2024-02-16T22:12:30.079 INFO:journalctl@ceph.mon.smithi002.smithi002.stdout:Feb 16 22:12:29 smithi002 ceph-mon[29154]: [16/Feb/2024:22:12:28] ENGINE Bus STARTED
2024-02-16T22:12:30.079 INFO:journalctl@ceph.mon.smithi002.smithi002.stdout:Feb 16 22:12:29 smithi002 ceph-mon[29154]: from='mgr.14120 172.21.15.2:0/3481344460' entity='mgr.smithi002.resmjv'
2024-02-16T22:12:30.079 INFO:journalctl@ceph.mon.smithi002.smithi002.stdout:Feb 16 22:12:29 smithi002 ceph-mon[29154]: from='mgr.14120 172.21.15.2:0/3481344460' entity='mgr.smithi002.resmjv' cmd=[{"prefix": "config dump", "format": "json"}]: dispatch
2024-02-16T22:12:30.079 INFO:journalctl@ceph.mon.smithi002.smithi002.stdout:Feb 16 22:12:29 smithi002 ceph-mon[29154]: from='mgr.14120 172.21.15.2:0/3481344460' entity='mgr.smithi002.resmjv'
2024-02-16T22:12:30.346 INFO:teuthology.orchestra.run.smithi002.stdout:/usr/bin/ceph: stderr
2024-02-16T22:12:29.552+0000 7f95d1836700 1 Processor -- start
2024-02-16T22:12:30.346 INFO:teuthology.orchestra.run.smithi002.stdout:/usr/bin/ceph: stderr
2024-02-16T22:12:29.552+0000 7f95d1836700 1 -- start start
2024-02-16T22:12:30.346 INFO:teuthology.orchestra.run.smithi002.stdout:/usr/bin/ceph: stderr
2024-02-16T22:12:29.552+0000 7f95d1836700 1 --2- >> [v2:172.21.15.2:3300/0,v1:172.21.15.2:6789/0] conn(0x7f95cc103e20 0x7f95cc104230 unknown :-1 s=NONE pgs=0 cs=0 l=0 rev1=0 crypto rx=0 tx=0 comp rx=0 tx=0).connect
2024-02-16T22:12:30.347 INFO:teuthology.orchestra.run.smithi002.stdout:/usr/bin/ceph: stderr
2024-02-16T22:12:29.552+0000 7f95d1836700 1 -- --> [v2:172.21.15.2:3300/0,v1:172.21.15.2:6789/0] -- mon_getmap magic: 0 v1 -- 0x7f95cc104770 con 0x7f95cc103e20
2024-02-16T22:12:30.347 INFO:teuthology.orchestra.run.smithi002.stdout:/usr/bin/ceph: stderr
2024-02-16T22:12:29.553+0000 7f95caffd700 1 --2- >> [v2:172.21.15.2:3300/0,v1:172.21.15.2:6789/0] conn(0x7f95cc103e20 0x7f95cc104230 unknown :-1 s=BANNER_CONNECTING pgs=0 cs=0 l=0 rev1=0 crypto rx=0 tx=0 comp rx=0 tx=0)._handle_peer_banner_payload supported=3 required=0
2024-02-16T22:12:30.347 INFO:teuthology.orchestra.run.smithi002.stdout:/usr/bin/ceph: stderr
2024-02-16T22:12:29.553+0000 7f95caffd700 1 --2- >> [v2:172.21.15.2:3300/0,v1:172.21.15.2:6789/0] conn(0x7f95cc103e20 0x7f95cc104230 unknown :-1 s=HELLO_CONNECTING pgs=0 cs=0 l=0 rev1=1 crypto rx=0 tx=0 comp rx=0 tx=0).handle_hello peer v2:172.21.15.2:3300/0 says I am v2:172.21.15.2:57388/0 (socket says 172.21.15.2:57388)
2024-02-16T22:12:30.347 INFO:teuthology.orchestra.run.smithi002.stdout:/usr/bin/ceph: stderr
2024-02-16T22:12:29.553+0000 7f95caffd700 1 -- 172.21.15.2:0/3723042737 learned_addr learned my addr 172.21.15.2:0/3723042737 (peer_addr_for_me v2:172.21.15.2:0/0)
2024-02-16T22:12:30.347 INFO:teuthology.orchestra.run.smithi002.stdout:/usr/bin/ceph: stderr
2024-02-16T22:12:29.553+0000 7f95caffd700 1 -- 172.21.15.2:0/3723042737 --> [v2:172.21.15.2:3300/0,v1:172.21.15.2:6789/0] -- mon_subscribe({config=0+,monmap=0+}) v3 -- 0x7f95cc1048b0 con 0x7f95cc103e20
2024-02-16T22:12:30.347 INFO:teuthology.orchestra.run.smithi002.stdout:/usr/bin/ceph: stderr
2024-02-16T22:12:29.553+0000 7f95caffd700 1 --2- 172.21.15.2:0/3723042737 >> [v2:172.21.15.2:3300/0,v1:172.21.15.2:6789/0] conn(0x7f95cc103e20 0x7f95cc104230 secure :-1 s=READY pgs=37 cs=0 l=1 rev1=1 crypto rx=0x7f95bc0098e0 tx=0x7f95bc009250 comp rx=0 tx=0).ready entity=mon.0 client_cookie=72ea0c907c175163 server_cookie=0 in_seq=0 out_seq=0
2024-02-16T22:12:30.347 INFO:teuthology.orchestra.run.smithi002.stdout:/usr/bin/ceph: stderr
2024-02-16T22:12:29.553+0000 7f95c9ffb700 1 -- 172.21.15.2:0/3723042737 <== mon.0 v2:172.21.15.2:3300/0 1 ==== mon_map magic: 0 v1 ==== 229+0+0 (secure 0 0 0) 0x7f95bc00b860 con 0x7f95cc103e20
2024-02-16T22:12:30.347 INFO:teuthology.orchestra.run.smithi002.stdout:/usr/bin/ceph: stderr
2024-02-16T22:12:29.553+0000 7f95c9ffb700 1 -- 172.21.15.2:0/3723042737 <== mon.0 v2:172.21.15.2:3300/0 2 ==== config(27 keys) v1 ==== 1044+0+0 (secure 0 0 0) 0x7f95bc00be50 con 0x7f95cc103e20
2024-02-16T22:12:30.347 INFO:teuthology.orchestra.run.smithi002.stdout:/usr/bin/ceph: stderr
2024-02-16T22:12:29.553+0000 7f95c9ffb700 1 -- 172.21.15.2:0/3723042737 <== mon.0 v2:172.21.15.2:3300/0 3 ==== mon_map magic: 0 v1 ==== 229+0+0 (secure 0 0 0) 0x7f95bc010380 con 0x7f95cc103e20
2024-02-16T22:12:30.347 INFO:teuthology.orchestra.run.smithi002.stdout:/usr/bin/ceph: stderr
2024-02-16T22:12:29.554+0000 7f95d1836700 1 -- 172.21.15.2:0/3723042737 >> [v2:172.21.15.2:3300/0,v1:172.21.15.2:6789/0] conn(0x7f95cc103e20 msgr2=0x7f95cc104230 secure :-1 s=STATE_CONNECTION_ESTABLISHED l=1).mark_down
2024-02-16T22:12:30.347 INFO:teuthology.orchestra.run.smithi002.stdout:/usr/bin/ceph: stderr
2024-02-16T22:12:29.554+0000 7f95d1836700 1 --2- 172.21.15.2:0/3723042737 >> [v2:172.21.15.2:3300/0,v1:172.21.15.2:6789/0] conn(0x7f95cc103e20 0x7f95cc104230 secure :-1 s=READY pgs=37 cs=0 l=1 rev1=1 crypto rx=0x7f95bc0098e0 tx=0x7f95bc009250 comp rx=0 tx=0).stop
2024-02-16T22:12:30.348 INFO:teuthology.orchestra.run.smithi002.stdout:/usr/bin/ceph: stderr
2024-02-16T22:12:29.554+0000 7f95d1836700 1 -- 172.21.15.2:0/3723042737 shutdown_connections
2024-02-16T22:12:30.348 INFO:teuthology.orchestra.run.smithi002.stdout:/usr/bin/ceph: stderr
2024-02-16T22:12:29.554+0000 7f95d1836700 1 --2- 172.21.15.2:0/3723042737 >> [v2:172.21.15.2:3300/0,v1:172.21.15.2:6789/0] conn(0x7f95cc103e20 0x7f95cc104230 unknown :-1 s=CLOSED pgs=37 cs=0 l=1 rev1=1 crypto rx=0 tx=0 comp rx=0 tx=0).stop
2024-02-16T22:12:30.348 INFO:teuthology.orchestra.run.smithi002.stdout:/usr/bin/ceph: stderr
2024-02-16T22:12:29.554+0000 7f95d1836700 1 -- 172.21.15.2:0/3723042737 >> 172.21.15.2:0/3723042737 conn(0x7f95cc0fc580 msgr2=0x7f95cc0fe990 unknown :-1 s=STATE_NONE l=0).mark_down
2024-02-16T22:12:30.348 INFO:teuthology.orchestra.run.smithi002.stdout:/usr/bin/ceph: stderr
2024-02-16T22:12:29.554+0000 7f95d1836700 1 -- 172.21.15.2:0/3723042737 shutdown_connections
2024-02-16T22:12:30.348 INFO:teuthology.orchestra.run.smithi002.stdout:/usr/bin/ceph: stderr
2024-02-16T22:12:29.554+0000 7f95d1836700 1 -- 172.21.15.2:0/3723042737 wait complete.
2024-02-16T22:12:30.348 INFO:teuthology.orchestra.run.smithi002.stdout:/usr/bin/ceph: stderr
2024-02-16T22:12:29.555+0000 7f95d1836700 1 Processor -- start
2024-02-16T22:12:30.348 INFO:teuthology.orchestra.run.smithi002.stdout:/usr/bin/ceph: stderr
2024-02-16T22:12:29.555+0000 7f95d1836700 1 -- start start
2024-02-16T22:12:30.348 INFO:teuthology.orchestra.run.smithi002.stdout:/usr/bin/ceph: stderr
2024-02-16T22:12:29.555+0000 7f95d1836700 1 --2- >> [v2:172.21.15.2:3300/0,v1:172.21.15.2:6789/0] conn(0x7f95cc103e20 0x7f95cc111810 unknown :-1 s=NONE pgs=0 cs=0 l=1 rev1=0 crypto rx=0 tx=0 comp rx=0 tx=0).connect
2024-02-16T22:12:30.348 INFO:teuthology.orchestra.run.smithi002.stdout:/usr/bin/ceph: stderr
2024-02-16T22:12:29.555+0000 7f95d1836700 1 -- --> [v2:172.21.15.2:3300/0,v1:172.21.15.2:6789/0] -- mon_getmap magic: 0 v1 -- 0x7f95cc111d50 con 0x7f95cc103e20
2024-02-16T22:12:30.348 INFO:teuthology.orchestra.run.smithi002.stdout:/usr/bin/ceph: stderr
2024-02-16T22:12:29.555+0000 7f95caffd700 1 --2- >> [v2:172.21.15.2:3300/0,v1:172.21.15.2:6789/0] conn(0x7f95cc103e20 0x7f95cc111810 unknown :-1 s=BANNER_CONNECTING pgs=0 cs=0 l=1 rev1=0 crypto rx=0 tx=0 comp rx=0 tx=0)._handle_peer_banner_payload supported=3 required=0
2024-02-16T22:12:30.348 INFO:teuthology.orchestra.run.smithi002.stdout:/usr/bin/ceph: stderr
2024-02-16T22:12:29.555+0000 7f95caffd700 1 --2- >> [v2:172.21.15.2:3300/0,v1:172.21.15.2:6789/0] conn(0x7f95cc103e20 0x7f95cc111810 unknown :-1 s=HELLO_CONNECTING pgs=0 cs=0 l=1 rev1=1 crypto rx=0 tx=0 comp rx=0 tx=0).handle_hello peer v2:172.21.15.2:3300/0 says I am v2:172.21.15.2:57398/0 (socket says 172.21.15.2:57398)
2024-02-16T22:12:30.348 INFO:teuthology.orchestra.run.smithi002.stdout:/usr/bin/ceph: stderr
2024-02-16T22:12:29.555+0000 7f95caffd700 1 -- 172.21.15.2:0/3848120571 learned_addr learned my addr 172.21.15.2:0/3848120571 (peer_addr_for_me v2:172.21.15.2:0/0)
2024-02-16T22:12:30.349 INFO:teuthology.orchestra.run.smithi002.stdout:/usr/bin/ceph: stderr
2024-02-16T22:12:29.555+0000 7f95caffd700 1 -- 172.21.15.2:0/3848120571 --> [v2:172.21.15.2:3300/0,v1:172.21.15.2:6789/0] -- mon_subscribe({config=0+,monmap=0+}) v3 -- 0x7f95bc0094f0 con 0x7f95cc103e20
2024-02-16T22:12:30.349 INFO:teuthology.orchestra.run.smithi002.stdout:/usr/bin/ceph: stderr
2024-02-16T22:12:29.555+0000 7f95caffd700 1 --2- 172.21.15.2:0/3848120571 >> [v2:172.21.15.2:3300/0,v1:172.21.15.2:6789/0] conn(0x7f95cc103e20 0x7f95cc111810 secure :-1 s=READY pgs=38 cs=0 l=1 rev1=1 crypto rx=0x7f95bc00b440 tx=0x7f95bc009250 comp rx=0 tx=0).ready entity=mon.0 client_cookie=0 server_cookie=0 in_seq=0 out_seq=0
2024-02-16T22:12:30.349 INFO:teuthology.orchestra.run.smithi002.stdout:/usr/bin/ceph: stderr
2024-02-16T22:12:29.556+0000 7f95b37fe700 1 -- 172.21.15.2:0/3848120571 <== mon.0 v2:172.21.15.2:3300/0 1 ==== mon_map magic: 0 v1 ==== 229+0+0 (secure 0 0 0) 0x7f95bc0107c0 con 0x7f95cc103e20
2024-02-16T22:12:30.349 INFO:teuthology.orchestra.run.smithi002.stdout:/usr/bin/ceph: stderr
2024-02-16T22:12:29.556+0000 7f95b37fe700 1 -- 172.21.15.2:0/3848120571 <== mon.0 v2:172.21.15.2:3300/0 2 ==== config(27 keys) v1 ==== 1044+0+0 (secure 0 0 0) 0x7f95bc010db0 con 0x7f95cc103e20
2024-02-16T22:12:30.349 INFO:teuthology.orchestra.run.smithi002.stdout:/usr/bin/ceph: stderr
2024-02-16T22:12:29.556+0000 7f95d1836700 1 -- 172.21.15.2:0/3848120571 --> [v2:172.21.15.2:3300/0,v1:172.21.15.2:6789/0] -- mon_subscribe({mgrmap=0+}) v3 -- 0x7f95cc111f50 con 0x7f95cc103e20
2024-02-16T22:12:30.349 INFO:teuthology.orchestra.run.smithi002.stdout:/usr/bin/ceph: stderr
2024-02-16T22:12:29.556+0000 7f95b37fe700 1 -- 172.21.15.2:0/3848120571 <== mon.0 v2:172.21.15.2:3300/0 3 ==== mon_map magic: 0 v1 ==== 229+0+0 (secure 0 0 0) 0x7f95bc01ad80 con 0x7f95cc103e20
2024-02-16T22:12:30.349 INFO:teuthology.orchestra.run.smithi002.stdout:/usr/bin/ceph: stderr
2024-02-16T22:12:29.556+0000 7f95d1836700 1 -- 172.21.15.2:0/3848120571 --> [v2:172.21.15.2:3300/0,v1:172.21.15.2:6789/0] -- mon_subscribe({osdmap=0}) v3 -- 0x7f95cc112bf0 con 0x7f95cc103e20
2024-02-16T22:12:30.349 INFO:teuthology.orchestra.run.smithi002.stdout:/usr/bin/ceph: stderr
2024-02-16T22:12:29.556+0000 7f95b37fe700 1 -- 172.21.15.2:0/3848120571 <== mon.0 v2:172.21.15.2:3300/0 4 ==== mgrmap(e 7) v1 ==== 43262+0+0 (secure 0 0 0) 0x7f95bc02e440 con 0x7f95cc103e20
2024-02-16T22:12:30.349 INFO:teuthology.orchestra.run.smithi002.stdout:/usr/bin/ceph: stderr
2024-02-16T22:12:29.557+0000 7f95d1836700 1 -- 172.21.15.2:0/3848120571 --> [v2:172.21.15.2:3300/0,v1:172.21.15.2:6789/0] -- mon_command({"prefix": "get_command_descriptions"} v 0) v1 -- 0x7f95cc05f5c0 con 0x7f95cc103e20
2024-02-16T22:12:30.349 INFO:teuthology.orchestra.run.smithi002.stdout:/usr/bin/ceph: stderr
2024-02-16T22:12:29.557+0000 7f95b37fe700 1 --2- 172.21.15.2:0/3848120571 >> [v2:172.21.15.2:6800/673699505,v1:172.21.15.2:6801/673699505] conn(0x7f95b40366b0 0x7f95b4038b60 unknown :-1 s=NONE pgs=0 cs=0 l=1 rev1=0 crypto rx=0 tx=0 comp rx=0 tx=0).connect
2024-02-16T22:12:30.349 INFO:teuthology.orchestra.run.smithi002.stdout:/usr/bin/ceph: stderr
2024-02-16T22:12:29.557+0000 7f95b37fe700 1 -- 172.21.15.2:0/3848120571 <== mon.0 v2:172.21.15.2:3300/0 5 ==== osd_map(2..2 src has 1..2) v4 ==== 936+0+0 (secure 0 0 0) 0x7f95bc04aaf0 con 0x7f95cc103e20
2024-02-16T22:12:30.349 INFO:teuthology.orchestra.run.smithi002.stdout:/usr/bin/ceph: stderr
2024-02-16T22:12:29.557+0000 7f95ca7fc700 1 --2- 172.21.15.2:0/3848120571 >> [v2:172.21.15.2:6800/673699505,v1:172.21.15.2:6801/673699505] conn(0x7f95b40366b0 0x7f95b4038b60 unknown :-1 s=BANNER_CONNECTING pgs=0 cs=0 l=1 rev1=0 crypto rx=0 tx=0 comp rx=0 tx=0)._handle_peer_banner_payload supported=3 required=0
2024-02-16T22:12:30.350 INFO:teuthology.orchestra.run.smithi002.stdout:/usr/bin/ceph: stderr
2024-02-16T22:12:29.558+0000 7f95ca7fc700 1 --2- 172.21.15.2:0/3848120571 >> [v2:172.21.15.2:6800/673699505,v1:172.21.15.2:6801/673699505] conn(0x7f95b40366b0 0x7f95b4038b60 secure :-1 s=READY pgs=7 cs=0 l=1 rev1=1 crypto rx=0x7f95c0009990 tx=0x7f95c0006e40 comp rx=0 tx=0).ready entity=mgr.14120 client_cookie=0 server_cookie=0 in_seq=0 out_seq=0
2024-02-16T22:12:30.350 INFO:teuthology.orchestra.run.smithi002.stdout:/usr/bin/ceph: stderr
2024-02-16T22:12:29.562+0000 7f95b37fe700 1 -- 172.21.15.2:0/3848120571 <== mon.0 v2:172.21.15.2:3300/0 6 ==== mon_command_ack([{"prefix": "get_command_descriptions"}]=0 v0) v1 ==== 72+0+175031 (secure 0 0 0) 0x7f95bc02ecb0 con 0x7f95cc103e20
2024-02-16T22:12:30.350 INFO:teuthology.orchestra.run.smithi002.stdout:/usr/bin/ceph: stderr
2024-02-16T22:12:29.764+0000 7f95d1836700 1 -- 172.21.15.2:0/3848120571 --> [v2:172.21.15.2:6800/673699505,v1:172.21.15.2:6801/673699505] -- mgr_command(tid 0: {"prefix": "orch set backend", "module_name": "cephadm", "target": ["mon-mgr", ""]}) v1 -- 0x7f95cc1013e0 con 0x7f95b40366b0
2024-02-16T22:12:30.350 INFO:teuthology.orchestra.run.smithi002.stdout:/usr/bin/ceph: stderr
2024-02-16T22:12:29.770+0000 7f95b37fe700 1 -- 172.21.15.2:0/3848120571 <== mgr.14120 v2:172.21.15.2:6800/673699505 1 ==== mgr_command_reply(tid 0: 0 ) v1 ==== 8+0+0 (secure 0 0 0) 0x7f95cc1013e0 con 0x7f95b40366b0
2024-02-16T22:12:30.350 INFO:teuthology.orchestra.run.smithi002.stdout:/usr/bin/ceph: stderr
2024-02-16T22:12:29.773+0000 7f95d1836700 1 -- 172.21.15.2:0/3848120571 >> [v2:172.21.15.2:6800/673699505,v1:172.21.15.2:6801/673699505] conn(0x7f95b40366b0 msgr2=0x7f95b4038b60 secure :-1 s=STATE_CONNECTION_ESTABLISHED l=1).mark_down
2024-02-16T22:12:30.350 INFO:teuthology.orchestra.run.smithi002.stdout:/usr/bin/ceph: stderr
2024-02-16T22:12:29.773+0000 7f95d1836700 1 --2- 172.21.15.2:0/3848120571 >> [v2:172.21.15.2:6800/673699505,v1:172.21.15.2:6801/673699505] conn(0x7f95b40366b0 0x7f95b4038b60 secure :-1 s=READY pgs=7 cs=0 l=1 rev1=1 crypto rx=0x7f95c0009990 tx=0x7f95c0006e40 comp rx=0 tx=0).stop
2024-02-16T22:12:30.350 INFO:teuthology.orchestra.run.smithi002.stdout:/usr/bin/ceph: stderr
2024-02-16T22:12:29.773+0000 7f95d1836700 1 -- 172.21.15.2:0/3848120571 >> [v2:172.21.15.2:3300/0,v1:172.21.15.2:6789/0] conn(0x7f95cc103e20 msgr2=0x7f95cc111810 secure :-1 s=STATE_CONNECTION_ESTABLISHED l=1).mark_down
2024-02-16T22:12:30.350 INFO:teuthology.orchestra.run.smithi002.stdout:/usr/bin/ceph: stderr
2024-02-16T22:12:29.773+0000 7f95d1836700 1 --2- 172.21.15.2:0/3848120571 >> [v2:172.21.15.2:3300/0,v1:172.21.15.2:6789/0] conn(0x7f95cc103e20 0x7f95cc111810 secure :-1 s=READY pgs=38 cs=0 l=1 rev1=1 crypto rx=0x7f95bc00b440 tx=0x7f95bc009250 comp rx=0 tx=0).stop
2024-02-16T22:12:30.350 INFO:teuthology.orchestra.run.smithi002.stdout:/usr/bin/ceph: stderr
2024-02-16T22:12:29.773+0000 7f95d1836700 1 -- 172.21.15.2:0/3848120571 shutdown_connections
2024-02-16T22:12:30.350 INFO:teuthology.orchestra.run.smithi002.stdout:/usr/bin/ceph: stderr
2024-02-16T22:12:29.773+0000 7f95d1836700 1 --2- 172.21.15.2:0/3848120571 >> [v2:172.21.15.2:6800/673699505,v1:172.21.15.2:6801/673699505] conn(0x7f95b40366b0 0x7f95b4038b60 unknown :-1 s=CLOSED pgs=7 cs=0 l=1 rev1=1 crypto rx=0 tx=0 comp rx=0 tx=0).stop
2024-02-16T22:12:30.350 INFO:teuthology.orchestra.run.smithi002.stdout:/usr/bin/ceph: stderr
2024-02-16T22:12:29.773+0000 7f95d1836700 1 --2- 172.21.15.2:0/3848120571 >> [v2:172.21.15.2:3300/0,v1:172.21.15.2:6789/0] conn(0x7f95cc103e20 0x7f95cc111810 unknown :-1 s=CLOSED pgs=38 cs=0 l=1 rev1=1 crypto rx=0 tx=0 comp rx=0 tx=0).stop
2024-02-16T22:12:30.350 INFO:teuthology.orchestra.run.smithi002.stdout:/usr/bin/ceph: stderr
2024-02-16T22:12:29.773+0000 7f95d1836700 1 -- 172.21.15.2:0/3848120571 >> 172.21.15.2:0/3848120571 conn(0x7f95cc0fc580 msgr2=0x7f95cc0fd470 unknown :-1 s=STATE_NONE l=0).mark_down
2024-02-16T22:12:30.351 INFO:teuthology.orchestra.run.smithi002.stdout:/usr/bin/ceph: stderr
2024-02-16T22:12:29.773+0000 7f95d1836700 1 -- 172.21.15.2:0/3848120571 shutdown_connections
2024-02-16T22:12:30.351 INFO:teuthology.orchestra.run.smithi002.stdout:/usr/bin/ceph: stderr
2024-02-16T22:12:29.773+0000 7f95d1836700 1 -- 172.21.15.2:0/3848120571 wait complete.
2024-02-16T22:12:30.975 INFO:journalctl@ceph.mon.smithi002.smithi002.stdout:Feb 16 22:12:30 smithi002 ceph-mon[29154]: from='client.14132 -' entity='client.admin' cmd=[{"prefix": "orch set backend", "module_name": "cephadm", "target": ["mon-mgr", ""]}]: dispatch
2024-02-16T22:12:30.975 INFO:journalctl@ceph.mon.smithi002.smithi002.stdout:Feb 16 22:12:30 smithi002 ceph-mon[29154]: mgrmap e8: smithi002.resmjv(active, since 2s)
2024-02-16T22:12:30.975 INFO:journalctl@ceph.mon.smithi002.smithi002.stdout:Feb 16 22:12:30 smithi002 ceph-mon[29154]: from='mgr.14120 172.21.15.2:0/3481344460' entity='mgr.smithi002.resmjv' cmd=[{"prefix": "config dump", "format": "json"}]: dispatch
2024-02-16T22:12:31.518 INFO:teuthology.orchestra.run.smithi002.stdout:/usr/bin/ceph: stdout value unchanged
2024-02-16T22:12:31.518 INFO:teuthology.orchestra.run.smithi002.stdout:/usr/bin/ceph: stderr
2024-02-16T22:12:30.769+0000 7f66502a8700 1 Processor -- start
2024-02-16T22:12:31.518 INFO:teuthology.orchestra.run.smithi002.stdout:/usr/bin/ceph: stderr
2024-02-16T22:12:30.769+0000 7f66502a8700 1 -- start start
2024-02-16T22:12:31.518 INFO:teuthology.orchestra.run.smithi002.stdout:/usr/bin/ceph: stderr
2024-02-16T22:12:30.769+0000 7f66502a8700 1 --2- >> [v2:172.21.15.2:3300/0,v1:172.21.15.2:6789/0] conn(0x7f6648078cc0 0x7f66480771d0 unknown :-1 s=NONE pgs=0 cs=0 l=0 rev1=0 crypto rx=0 tx=0 comp rx=0 tx=0).connect
2024-02-16T22:12:31.518 INFO:teuthology.orchestra.run.smithi002.stdout:/usr/bin/ceph: stderr
2024-02-16T22:12:30.769+0000 7f66502a8700 1 -- --> [v2:172.21.15.2:3300/0,v1:172.21.15.2:6789/0] -- mon_getmap magic: 0 v1 -- 0x7f66480790d0 con 0x7f6648078cc0
2024-02-16T22:12:31.518 INFO:teuthology.orchestra.run.smithi002.stdout:/usr/bin/ceph: stderr
2024-02-16T22:12:30.770+0000 7f664e044700 1 --2- >> [v2:172.21.15.2:3300/0,v1:172.21.15.2:6789/0] conn(0x7f6648078cc0 0x7f66480771d0 unknown :-1 s=BANNER_CONNECTING pgs=0 cs=0 l=0 rev1=0 crypto rx=0 tx=0 comp rx=0 tx=0)._handle_peer_banner_payload supported=3 required=0
2024-02-16T22:12:31.518 INFO:teuthology.orchestra.run.smithi002.stdout:/usr/bin/ceph: stderr
2024-02-16T22:12:30.770+0000 7f664e044700 1 --2- >> [v2:172.21.15.2:3300/0,v1:172.21.15.2:6789/0] conn(0x7f6648078cc0 0x7f66480771d0 unknown :-1 s=HELLO_CONNECTING pgs=0 cs=0 l=0 rev1=1 crypto rx=0 tx=0 comp rx=0 tx=0).handle_hello peer v2:172.21.15.2:3300/0 says I am v2:172.21.15.2:52586/0 (socket says 172.21.15.2:52586)
2024-02-16T22:12:31.518 INFO:teuthology.orchestra.run.smithi002.stdout:/usr/bin/ceph: stderr
2024-02-16T22:12:30.770+0000 7f664e044700 1 -- 172.21.15.2:0/1107249843 learned_addr learned my addr 172.21.15.2:0/1107249843 (peer_addr_for_me v2:172.21.15.2:0/0)
2024-02-16T22:12:31.518 INFO:teuthology.orchestra.run.smithi002.stdout:/usr/bin/ceph: stderr
2024-02-16T22:12:30.770+0000 7f664e044700 1 -- 172.21.15.2:0/1107249843 --> [v2:172.21.15.2:3300/0,v1:172.21.15.2:6789/0] -- mon_subscribe({config=0+,monmap=0+}) v3 -- 0x7f6648077710 con 0x7f6648078cc0
2024-02-16T22:12:31.518 INFO:teuthology.orchestra.run.smithi002.stdout:/usr/bin/ceph: stderr
2024-02-16T22:12:30.770+0000 7f664e044700 1 --2- 172.21.15.2:0/1107249843 >> [v2:172.21.15.2:3300/0,v1:172.21.15.2:6789/0] conn(0x7f6648078cc0 0x7f66480771d0 secure :-1 s=READY pgs=39 cs=0 l=1 rev1=1 crypto rx=0x7f6640009e50 tx=0x7f6640009840 comp rx=0 tx=0).ready entity=mon.0 client_cookie=8a484ce9f8445307 server_cookie=0 in_seq=0 out_seq=0
2024-02-16T22:12:31.518 INFO:teuthology.orchestra.run.smithi002.stdout:/usr/bin/ceph: stderr
2024-02-16T22:12:30.770+0000 7f664d042700 1 -- 172.21.15.2:0/1107249843 <== mon.0 v2:172.21.15.2:3300/0 1 ==== mon_map magic: 0 v1 ==== 229+0+0 (secure 0 0 0) 0x7f66400092e0 con 0x7f6648078cc0
2024-02-16T22:12:31.518 INFO:teuthology.orchestra.run.smithi002.stdout:/usr/bin/ceph: stderr
2024-02-16T22:12:30.770+0000 7f664d042700 1 -- 172.21.15.2:0/1107249843 <== mon.0 v2:172.21.15.2:3300/0 2 ==== config(27 keys) v1 ==== 1044+0+0 (secure 0 0 0) 0x7f6640012430 con 0x7f6648078cc0
2024-02-16T22:12:31.518 INFO:teuthology.orchestra.run.smithi002.stdout:/usr/bin/ceph: stderr
2024-02-16T22:12:30.770+0000 7f664d042700 1 -- 172.21.15.2:0/1107249843 <== mon.0 v2:172.21.15.2:3300/0 3 ==== mon_map magic: 0 v1 ==== 229+0+0 (secure 0 0 0) 0x7f66400075c0 con 0x7f6648078cc0
2024-02-16T22:12:31.519 INFO:teuthology.orchestra.run.smithi002.stdout:/usr/bin/ceph: stderr
2024-02-16T22:12:30.771+0000 7f66502a8700 1 -- 172.21.15.2:0/1107249843 >> [v2:172.21.15.2:3300/0,v1:172.21.15.2:6789/0] conn(0x7f6648078cc0 msgr2=0x7f66480771d0 secure :-1 s=STATE_CONNECTION_ESTABLISHED l=1).mark_down
2024-02-16T22:12:31.519 INFO:teuthology.orchestra.run.smithi002.stdout:/usr/bin/ceph: stderr
2024-02-16T22:12:30.771+0000 7f66502a8700 1 --2- 172.21.15.2:0/1107249843 >> [v2:172.21.15.2:3300/0,v1:172.21.15.2:6789/0] conn(0x7f6648078cc0 0x7f66480771d0 secure :-1 s=READY pgs=39 cs=0 l=1 rev1=1 crypto rx=0x7f6640009e50 tx=0x7f6640009840 comp rx=0 tx=0).stop
2024-02-16T22:12:31.519 INFO:teuthology.orchestra.run.smithi002.stdout:/usr/bin/ceph: stderr
2024-02-16T22:12:30.771+0000 7f66502a8700 1 -- 172.21.15.2:0/1107249843 shutdown_connections
2024-02-16T22:12:31.519 INFO:teuthology.orchestra.run.smithi002.stdout:/usr/bin/ceph: stderr
2024-02-16T22:12:30.771+0000 7f66502a8700 1 --2- 172.21.15.2:0/1107249843 >> [v2:172.21.15.2:3300/0,v1:172.21.15.2:6789/0] conn(0x7f6648078cc0 0x7f66480771d0 unknown :-1 s=CLOSED pgs=39 cs=0 l=1 rev1=1 crypto rx=0 tx=0 comp rx=0 tx=0).stop
2024-02-16T22:12:31.519 INFO:teuthology.orchestra.run.smithi002.stdout:/usr/bin/ceph: stderr
2024-02-16T22:12:30.771+0000 7f66502a8700 1 -- 172.21.15.2:0/1107249843 >> 172.21.15.2:0/1107249843 conn(0x7f66480fded0 msgr2=0x7f6648100300 unknown :-1 s=STATE_NONE l=0).mark_down
2024-02-16T22:12:31.519 INFO:teuthology.orchestra.run.smithi002.stdout:/usr/bin/ceph: stderr
2024-02-16T22:12:30.771+0000 7f66502a8700 1 -- 172.21.15.2:0/1107249843 shutdown_connections
2024-02-16T22:12:31.519 INFO:teuthology.orchestra.run.smithi002.stdout:/usr/bin/ceph: stderr
2024-02-16T22:12:30.771+0000 7f66502a8700 1 -- 172.21.15.2:0/1107249843 wait complete.
2024-02-16T22:12:31.519 INFO:teuthology.orchestra.run.smithi002.stdout:/usr/bin/ceph: stderr
2024-02-16T22:12:30.772+0000 7f66502a8700 1 Processor -- start
2024-02-16T22:12:31.519 INFO:teuthology.orchestra.run.smithi002.stdout:/usr/bin/ceph: stderr
2024-02-16T22:12:30.772+0000 7f66502a8700 1 -- start start
2024-02-16T22:12:31.519 INFO:teuthology.orchestra.run.smithi002.stdout:/usr/bin/ceph: stderr
2024-02-16T22:12:30.772+0000 7f66502a8700 1 --2- >> [v2:172.21.15.2:3300/0,v1:172.21.15.2:6789/0] conn(0x7f6648078cc0 0x7f6648113830 unknown :-1 s=NONE pgs=0 cs=0 l=1 rev1=0 crypto rx=0 tx=0 comp rx=0 tx=0).connect
2024-02-16T22:12:31.519 INFO:teuthology.orchestra.run.smithi002.stdout:/usr/bin/ceph: stderr
2024-02-16T22:12:30.772+0000 7f66502a8700 1 -- --> [v2:172.21.15.2:3300/0,v1:172.21.15.2:6789/0] -- mon_getmap magic: 0 v1 -- 0x7f6648113d70 con 0x7f6648078cc0
2024-02-16T22:12:31.519 INFO:teuthology.orchestra.run.smithi002.stdout:/usr/bin/ceph: stderr
2024-02-16T22:12:30.772+0000 7f664e044700 1 --2- >> [v2:172.21.15.2:3300/0,v1:172.21.15.2:6789/0] conn(0x7f6648078cc0 0x7f6648113830 unknown :-1 s=BANNER_CONNECTING pgs=0 cs=0 l=1 rev1=0 crypto rx=0 tx=0 comp rx=0 tx=0)._handle_peer_banner_payload supported=3 required=0
2024-02-16T22:12:31.519 INFO:teuthology.orchestra.run.smithi002.stdout:/usr/bin/ceph: stderr
2024-02-16T22:12:30.772+0000 7f664e044700 1 --2- >> [v2:172.21.15.2:3300/0,v1:172.21.15.2:6789/0] conn(0x7f6648078cc0 0x7f6648113830 unknown :-1 s=HELLO_CONNECTING pgs=0 cs=0 l=1 rev1=1 crypto rx=0 tx=0 comp rx=0 tx=0).handle_hello peer v2:172.21.15.2:3300/0 says I am v2:172.21.15.2:52600/0 (socket says 172.21.15.2:52600)
2024-02-16T22:12:31.519 INFO:teuthology.orchestra.run.smithi002.stdout:/usr/bin/ceph: stderr
2024-02-16T22:12:30.772+0000 7f664e044700 1 -- 172.21.15.2:0/2369960794 learned_addr learned my addr 172.21.15.2:0/2369960794 (peer_addr_for_me v2:172.21.15.2:0/0)
2024-02-16T22:12:31.519 INFO:teuthology.orchestra.run.smithi002.stdout:/usr/bin/ceph: stderr
2024-02-16T22:12:30.772+0000 7f664e044700 1 -- 172.21.15.2:0/2369960794 --> [v2:172.21.15.2:3300/0,v1:172.21.15.2:6789/0] -- mon_subscribe({config=0+,monmap=0+}) v3 -- 0x7f6640009ae0 con 0x7f6648078cc0
2024-02-16T22:12:31.520 INFO:teuthology.orchestra.run.smithi002.stdout:/usr/bin/ceph: stderr
2024-02-16T22:12:30.772+0000 7f664e044700 1 --2- 172.21.15.2:0/2369960794 >> [v2:172.21.15.2:3300/0,v1:172.21.15.2:6789/0] conn(0x7f6648078cc0 0x7f6648113830 secure :-1 s=READY pgs=40 cs=0 l=1 rev1=1 crypto rx=0x7f6640009fd0 tx=0x7f6640009840 comp rx=0 tx=0).ready entity=mon.0 client_cookie=0 server_cookie=0 in_seq=0 out_seq=0
2024-02-16T22:12:31.520 INFO:teuthology.orchestra.run.smithi002.stdout:/usr/bin/ceph: stderr
2024-02-16T22:12:30.772+0000 7f6646ffd700 1 -- 172.21.15.2:0/2369960794 <== mon.0 v2:172.21.15.2:3300/0 1 ==== mon_map magic: 0 v1 ==== 229+0+0 (secure 0 0 0) 0x7f66400092e0 con 0x7f6648078cc0
2024-02-16T22:12:31.520 INFO:teuthology.orchestra.run.smithi002.stdout:/usr/bin/ceph: stderr
2024-02-16T22:12:30.772+0000 7f6646ffd700 1 -- 172.21.15.2:0/2369960794 <== mon.0 v2:172.21.15.2:3300/0 2 ==== config(27 keys) v1 ==== 1044+0+0 (secure 0 0 0) 0x7f6640007cc0 con 0x7f6648078cc0
2024-02-16T22:12:31.520 INFO:teuthology.orchestra.run.smithi002.stdout:/usr/bin/ceph: stderr
2024-02-16T22:12:30.772+0000 7f66502a8700 1 -- 172.21.15.2:0/2369960794 --> [v2:172.21.15.2:3300/0,v1:172.21.15.2:6789/0] -- mon_subscribe({mgrmap=0+}) v3 -- 0x7f6648113f70 con 0x7f6648078cc0
2024-02-16T22:12:31.520 INFO:teuthology.orchestra.run.smithi002.stdout:/usr/bin/ceph: stderr
2024-02-16T22:12:30.773+0000 7f6646ffd700 1 -- 172.21.15.2:0/2369960794 <== mon.0 v2:172.21.15.2:3300/0 3 ==== mon_map magic: 0 v1 ==== 229+0+0 (secure 0 0 0) 0x7f664001c850 con 0x7f6648078cc0
2024-02-16T22:12:31.520 INFO:teuthology.orchestra.run.smithi002.stdout:/usr/bin/ceph: stderr
2024-02-16T22:12:30.773+0000 7f66502a8700 1 -- 172.21.15.2:0/2369960794 --> [v2:172.21.15.2:3300/0,v1:172.21.15.2:6789/0] -- mon_subscribe({osdmap=0}) v3 -- 0x7f6648114c10 con 0x7f6648078cc0
2024-02-16T22:12:31.520 INFO:teuthology.orchestra.run.smithi002.stdout:/usr/bin/ceph: stderr
2024-02-16T22:12:30.773+0000 7f6646ffd700 1 -- 172.21.15.2:0/2369960794 <== mon.0 v2:172.21.15.2:3300/0 4 ==== mgrmap(e 8) v1 ==== 43368+0+0 (secure 0 0 0) 0x7f6640019070 con 0x7f6648078cc0
2024-02-16T22:12:31.520 INFO:teuthology.orchestra.run.smithi002.stdout:/usr/bin/ceph: stderr
2024-02-16T22:12:30.773+0000 7f6646ffd700 1 --2- 172.21.15.2:0/2369960794 >> [v2:172.21.15.2:6800/673699505,v1:172.21.15.2:6801/673699505] conn(0x7f66300367e0 0x7f6630038c90 unknown :-1 s=NONE pgs=0 cs=0 l=1 rev1=0 crypto rx=0 tx=0 comp rx=0 tx=0).connect
2024-02-16T22:12:31.520 INFO:teuthology.orchestra.run.smithi002.stdout:/usr/bin/ceph: stderr
2024-02-16T22:12:30.774+0000 7f6646ffd700 1 -- 172.21.15.2:0/2369960794 <== mon.0 v2:172.21.15.2:3300/0 5 ==== osd_map(2..2 src has 1..2) v4 ==== 936+0+0 (secure 0 0 0) 0x7f6640049e40 con 0x7f6648078cc0
2024-02-16T22:12:31.520 INFO:teuthology.orchestra.run.smithi002.stdout:/usr/bin/ceph: stderr
2024-02-16T22:12:30.774+0000 7f66502a8700 1 -- 172.21.15.2:0/2369960794 --> [v2:172.21.15.2:3300/0,v1:172.21.15.2:6789/0] -- mon_command({"prefix": "get_command_descriptions"} v 0) v1 -- 0x7f664805f5c0 con 0x7f6648078cc0
2024-02-16T22:12:31.520 INFO:teuthology.orchestra.run.smithi002.stdout:/usr/bin/ceph: stderr
2024-02-16T22:12:30.774+0000 7f664d843700 1 --2- 172.21.15.2:0/2369960794 >> [v2:172.21.15.2:6800/673699505,v1:172.21.15.2:6801/673699505] conn(0x7f66300367e0 0x7f6630038c90 unknown :-1 s=BANNER_CONNECTING pgs=0 cs=0 l=1 rev1=0 crypto rx=0 tx=0 comp rx=0 tx=0)._handle_peer_banner_payload supported=3 required=0
2024-02-16T22:12:31.520 INFO:teuthology.orchestra.run.smithi002.stdout:/usr/bin/ceph: stderr
2024-02-16T22:12:30.774+0000 7f664d843700 1 --2- 172.21.15.2:0/2369960794 >> [v2:172.21.15.2:6800/673699505,v1:172.21.15.2:6801/673699505] conn(0x7f66300367e0 0x7f6630038c90 secure :-1 s=READY pgs=8 cs=0 l=1 rev1=1 crypto rx=0x7f663c009990 tx=0x7f663c006e40 comp rx=0 tx=0).ready entity=mgr.14120 client_cookie=0 server_cookie=0 in_seq=0 out_seq=0
2024-02-16T22:12:31.520 INFO:teuthology.orchestra.run.smithi002.stdout:/usr/bin/ceph: stderr
2024-02-16T22:12:30.779+0000 7f6646ffd700 1 -- 172.21.15.2:0/2369960794 <== mon.0 v2:172.21.15.2:3300/0 6 ==== mon_command_ack([{"prefix": "get_command_descriptions"}]=0 v0) v1 ==== 72+0+175031 (secure 0 0 0) 0x7f6640017080 con 0x7f6648078cc0
2024-02-16T22:12:31.520 INFO:teuthology.orchestra.run.smithi002.stdout:/usr/bin/ceph: stderr
2024-02-16T22:12:30.976+0000 7f66502a8700 1 -- 172.21.15.2:0/2369960794 --> [v2:172.21.15.2:6800/673699505,v1:172.21.15.2:6801/673699505] -- mgr_command(tid 0: {"prefix": "cephadm set-user", "user": "root", "target": ["mon-mgr", ""]}) v1 -- 0x7f6648115730 con 0x7f66300367e0
2024-02-16T22:12:31.520 INFO:teuthology.orchestra.run.smithi002.stdout:/usr/bin/ceph: stderr
2024-02-16T22:12:30.976+0000 7f6646ffd700 1 -- 172.21.15.2:0/2369960794 <== mgr.14120 v2:172.21.15.2:6800/673699505 1 ==== mgr_command_reply(tid 0: 0 ) v1 ==== 8+0+16 (secure 0 0 0) 0x7f6648115730 con 0x7f66300367e0
2024-02-16T22:12:31.521 INFO:teuthology.orchestra.run.smithi002.stdout:/usr/bin/ceph: stderr
2024-02-16T22:12:30.978+0000 7f66502a8700 1 -- 172.21.15.2:0/2369960794 >> [v2:172.21.15.2:6800/673699505,v1:172.21.15.2:6801/673699505] conn(0x7f66300367e0 msgr2=0x7f6630038c90 secure :-1 s=STATE_CONNECTION_ESTABLISHED l=1).mark_down
2024-02-16T22:12:31.521 INFO:teuthology.orchestra.run.smithi002.stdout:/usr/bin/ceph: stderr
2024-02-16T22:12:30.978+0000 7f66502a8700 1 --2- 172.21.15.2:0/2369960794 >> [v2:172.21.15.2:6800/673699505,v1:172.21.15.2:6801/673699505] conn(0x7f66300367e0 0x7f6630038c90 secure :-1 s=READY pgs=8 cs=0 l=1 rev1=1 crypto rx=0x7f663c009990 tx=0x7f663c006e40 comp rx=0 tx=0).stop
2024-02-16T22:12:31.521 INFO:teuthology.orchestra.run.smithi002.stdout:/usr/bin/ceph: stderr
2024-02-16T22:12:30.978+0000 7f66502a8700 1 -- 172.21.15.2:0/2369960794 >> [v2:172.21.15.2:3300/0,v1:172.21.15.2:6789/0] conn(0x7f6648078cc0 msgr2=0x7f6648113830 secure :-1 s=STATE_CONNECTION_ESTABLISHED l=1).mark_down
2024-02-16T22:12:31.521 INFO:teuthology.orchestra.run.smithi002.stdout:/usr/bin/ceph: stderr
2024-02-16T22:12:30.978+0000 7f66502a8700 1 --2- 172.21.15.2:0/2369960794 >> [v2:172.21.15.2:3300/0,v1:172.21.15.2:6789/0] conn(0x7f6648078cc0 0x7f6648113830 secure :-1 s=READY pgs=40 cs=0 l=1 rev1=1 crypto rx=0x7f6640009fd0 tx=0x7f6640009840 comp rx=0 tx=0).stop
2024-02-16T22:12:31.521 INFO:teuthology.orchestra.run.smithi002.stdout:/usr/bin/ceph: stderr
2024-02-16T22:12:30.978+0000 7f66502a8700 1 -- 172.21.15.2:0/2369960794 shutdown_connections
2024-02-16T22:12:31.521 INFO:teuthology.orchestra.run.smithi002.stdout:/usr/bin/ceph: stderr
2024-02-16T22:12:30.978+0000 7f66502a8700 1 --2- 172.21.15.2:0/2369960794 >> [v2:172.21.15.2:6800/673699505,v1:172.21.15.2:6801/673699505] conn(0x7f66300367e0 0x7f6630038c90 unknown :-1 s=CLOSED pgs=8 cs=0 l=1 rev1=1 crypto rx=0 tx=0 comp rx=0 tx=0).stop
2024-02-16T22:12:31.521 INFO:teuthology.orchestra.run.smithi002.stdout:/usr/bin/ceph: stderr
2024-02-16T22:12:30.978+0000 7f66502a8700 1 --2- 172.21.15.2:0/2369960794 >> [v2:172.21.15.2:3300/0,v1:172.21.15.2:6789/0] conn(0x7f6648078cc0 0x7f6648113830 unknown :-1 s=CLOSED pgs=40 cs=0 l=1 rev1=1 crypto rx=0 tx=0 comp rx=0 tx=0).stop
2024-02-16T22:12:31.521 INFO:teuthology.orchestra.run.smithi002.stdout:/usr/bin/ceph: stderr
2024-02-16T22:12:30.978+0000 7f66502a8700 1 -- 172.21.15.2:0/2369960794 >> 172.21.15.2:0/2369960794 conn(0x7f66480fded0 msgr2=0x7f66480ff650 unknown :-1 s=STATE_NONE l=0).mark_down
2024-02-16T22:12:31.521 INFO:teuthology.orchestra.run.smithi002.stdout:/usr/bin/ceph: stderr
2024-02-16T22:12:30.978+0000 7f66502a8700 1 -- 172.21.15.2:0/2369960794 shutdown_connections
2024-02-16T22:12:31.521 INFO:teuthology.orchestra.run.smithi002.stdout:/usr/bin/ceph: stderr
2024-02-16T22:12:30.978+0000 7f66502a8700 1 -- 172.21.15.2:0/2369960794 wait complete.
2024-02-16T22:12:31.521 INFO:teuthology.orchestra.run.smithi002.stdout:Generating ssh key...
2024-02-16T22:12:32.181 INFO:journalctl@ceph.mon.smithi002.smithi002.stdout:Feb 16 22:12:31 smithi002 ceph-mon[29154]: from='client.14134 -' entity='client.admin' cmd=[{"prefix": "cephadm set-user", "user": "root", "target": ["mon-mgr", ""]}]: dispatch
2024-02-16T22:12:33.165 INFO:journalctl@ceph.mon.smithi002.smithi002.stdout:Feb 16 22:12:32 smithi002 ceph-mon[29154]: from='client.14136 -' entity='client.admin' cmd=[{"prefix": "cephadm generate-key", "target": ["mon-mgr", ""]}]: dispatch
2024-02-16T22:12:33.165 INFO:journalctl@ceph.mon.smithi002.smithi002.stdout:Feb 16 22:12:32 smithi002 ceph-mon[29154]: Generating ssh key...
2024-02-16T22:12:33.770 INFO:teuthology.orchestra.run.smithi002.stdout:/usr/bin/ceph: stderr
2024-02-16T22:12:31.977+0000 7fb97eff3700 1 Processor -- start
2024-02-16T22:12:33.776 INFO:teuthology.orchestra.run.smithi002.stdout:/usr/bin/ceph: stderr
2024-02-16T22:12:31.977+0000 7fb97eff3700 1 -- start start
2024-02-16T22:12:33.776 INFO:teuthology.orchestra.run.smithi002.stdout:/usr/bin/ceph: stderr
2024-02-16T22:12:31.977+0000 7fb97eff3700 1 --2- >> [v2:172.21.15.2:3300/0,v1:172.21.15.2:6789/0] conn(0x7fb978102770 0x7fb978102b80 unknown :-1 s=NONE pgs=0 cs=0 l=0 rev1=0 crypto rx=0 tx=0 comp rx=0 tx=0).connect
2024-02-16T22:12:33.776 INFO:teuthology.orchestra.run.smithi002.stdout:/usr/bin/ceph: stderr
2024-02-16T22:12:31.977+0000 7fb97eff3700 1 -- --> [v2:172.21.15.2:3300/0,v1:172.21.15.2:6789/0] -- mon_getmap magic: 0 v1 -- 0x7fb9781030c0 con 0x7fb978102770
2024-02-16T22:12:33.776 INFO:teuthology.orchestra.run.smithi002.stdout:/usr/bin/ceph: stderr
2024-02-16T22:12:31.978+0000 7fb97cd8f700 1 --2- >> [v2:172.21.15.2:3300/0,v1:172.21.15.2:6789/0] conn(0x7fb978102770 0x7fb978102b80 unknown :-1 s=BANNER_CONNECTING pgs=0 cs=0 l=0 rev1=0 crypto rx=0 tx=0 comp rx=0 tx=0)._handle_peer_banner_payload supported=3 required=0
2024-02-16T22:12:33.776 INFO:teuthology.orchestra.run.smithi002.stdout:/usr/bin/ceph: stderr
2024-02-16T22:12:31.978+0000 7fb97cd8f700 1 --2- >> [v2:172.21.15.2:3300/0,v1:172.21.15.2:6789/0] conn(0x7fb978102770 0x7fb978102b80 unknown :-1 s=HELLO_CONNECTING pgs=0 cs=0 l=0 rev1=1 crypto rx=0 tx=0 comp rx=0 tx=0).handle_hello peer v2:172.21.15.2:3300/0 says I am v2:172.21.15.2:52610/0 (socket says 172.21.15.2:52610)
2024-02-16T22:12:33.776 INFO:teuthology.orchestra.run.smithi002.stdout:/usr/bin/ceph: stderr
2024-02-16T22:12:31.978+0000 7fb97cd8f700 1 -- 172.21.15.2:0/92766210 learned_addr learned my addr 172.21.15.2:0/92766210 (peer_addr_for_me v2:172.21.15.2:0/0)
2024-02-16T22:12:33.776 INFO:teuthology.orchestra.run.smithi002.stdout:/usr/bin/ceph: stderr
2024-02-16T22:12:31.978+0000 7fb97cd8f700 1 -- 172.21.15.2:0/92766210 --> [v2:172.21.15.2:3300/0,v1:172.21.15.2:6789/0] -- mon_subscribe({config=0+,monmap=0+}) v3 -- 0x7fb978103200 con 0x7fb978102770
2024-02-16T22:12:33.776 INFO:teuthology.orchestra.run.smithi002.stdout:/usr/bin/ceph: stderr
2024-02-16T22:12:31.978+0000 7fb97cd8f700 1 --2- 172.21.15.2:0/92766210 >> [v2:172.21.15.2:3300/0,v1:172.21.15.2:6789/0] conn(0x7fb978102770 0x7fb978102b80 secure :-1 s=READY pgs=41 cs=0 l=1 rev1=1 crypto rx=0x7fb968009e50 tx=0x7fb968009840 comp rx=0 tx=0).ready entity=mon.0 client_cookie=7ccfa90c578a0b62 server_cookie=0 in_seq=0 out_seq=0
2024-02-16T22:12:33.776 INFO:teuthology.orchestra.run.smithi002.stdout:/usr/bin/ceph: stderr
2024-02-16T22:12:31.978+0000 7fb9777fe700 1 -- 172.21.15.2:0/92766210 <== mon.0 v2:172.21.15.2:3300/0 1 ==== mon_map magic: 0 v1 ==== 229+0+0 (secure 0 0 0) 0x7fb9680092e0 con 0x7fb978102770
2024-02-16T22:12:33.776 INFO:teuthology.orchestra.run.smithi002.stdout:/usr/bin/ceph: stderr
2024-02-16T22:12:31.978+0000 7fb9777fe700 1 -- 172.21.15.2:0/92766210 <== mon.0 v2:172.21.15.2:3300/0 2 ==== config(27 keys) v1 ==== 1044+0+0 (secure 0 0 0) 0x7fb968012430 con 0x7fb978102770
2024-02-16T22:12:33.776 INFO:teuthology.orchestra.run.smithi002.stdout:/usr/bin/ceph: stderr
2024-02-16T22:12:31.978+0000 7fb9777fe700 1 -- 172.21.15.2:0/92766210 <== mon.0 v2:172.21.15.2:3300/0 3 ==== mon_map magic: 0 v1 ==== 229+0+0 (secure 0 0 0) 0x7fb9680075c0 con 0x7fb978102770
2024-02-16T22:12:33.776 INFO:teuthology.orchestra.run.smithi002.stdout:/usr/bin/ceph: stderr
2024-02-16T22:12:31.979+0000 7fb97eff3700 1 -- 172.21.15.2:0/92766210 >> [v2:172.21.15.2:3300/0,v1:172.21.15.2:6789/0] conn(0x7fb978102770 msgr2=0x7fb978102b80 secure :-1 s=STATE_CONNECTION_ESTABLISHED l=1).mark_down
2024-02-16T22:12:33.777 INFO:teuthology.orchestra.run.smithi002.stdout:/usr/bin/ceph: stderr
2024-02-16T22:12:31.979+0000 7fb97eff3700 1 --2- 172.21.15.2:0/92766210 >> [v2:172.21.15.2:3300/0,v1:172.21.15.2:6789/0] conn(0x7fb978102770 0x7fb978102b80 secure :-1 s=READY pgs=41 cs=0 l=1 rev1=1 crypto rx=0x7fb968009e50 tx=0x7fb968009840 comp rx=0 tx=0).stop
2024-02-16T22:12:33.777 INFO:teuthology.orchestra.run.smithi002.stdout:/usr/bin/ceph: stderr
2024-02-16T22:12:31.979+0000 7fb97eff3700 1 -- 172.21.15.2:0/92766210 shutdown_connections
2024-02-16T22:12:33.777 INFO:teuthology.orchestra.run.smithi002.stdout:/usr/bin/ceph: stderr
2024-02-16T22:12:31.979+0000 7fb97eff3700 1 --2- 172.21.15.2:0/92766210 >> [v2:172.21.15.2:3300/0,v1:172.21.15.2:6789/0] conn(0x7fb978102770 0x7fb978102b80 unknown :-1 s=CLOSED pgs=41 cs=0 l=1 rev1=1 crypto rx=0 tx=0 comp rx=0 tx=0).stop
2024-02-16T22:12:33.777 INFO:teuthology.orchestra.run.smithi002.stdout:/usr/bin/ceph: stderr
2024-02-16T22:12:31.979+0000 7fb97eff3700 1 -- 172.21.15.2:0/92766210 >> 172.21.15.2:0/92766210 conn(0x7fb9780fded0 msgr2=0x7fb978100300 unknown :-1 s=STATE_NONE l=0).mark_down
2024-02-16T22:12:33.777 INFO:teuthology.orchestra.run.smithi002.stdout:/usr/bin/ceph: stderr
2024-02-16T22:12:31.979+0000 7fb97eff3700 1 -- 172.21.15.2:0/92766210 shutdown_connections
2024-02-16T22:12:33.777 INFO:teuthology.orchestra.run.smithi002.stdout:/usr/bin/ceph: stderr
2024-02-16T22:12:31.979+0000 7fb97eff3700 1 -- 172.21.15.2:0/92766210 wait complete.
2024-02-16T22:12:33.777 INFO:teuthology.orchestra.run.smithi002.stdout:/usr/bin/ceph: stderr
2024-02-16T22:12:31.980+0000 7fb97eff3700 1 Processor -- start
2024-02-16T22:12:33.777 INFO:teuthology.orchestra.run.smithi002.stdout:/usr/bin/ceph: stderr
2024-02-16T22:12:31.980+0000 7fb97eff3700 1 -- start start
2024-02-16T22:12:33.777 INFO:teuthology.orchestra.run.smithi002.stdout:/usr/bin/ceph: stderr
2024-02-16T22:12:31.980+0000 7fb97eff3700 1 --2- >> [v2:172.21.15.2:3300/0,v1:172.21.15.2:6789/0] conn(0x7fb978102770 0x7fb978111530 unknown :-1 s=NONE pgs=0 cs=0 l=1 rev1=0 crypto rx=0 tx=0 comp rx=0 tx=0).connect
2024-02-16T22:12:33.777 INFO:teuthology.orchestra.run.smithi002.stdout:/usr/bin/ceph: stderr
2024-02-16T22:12:31.980+0000 7fb97eff3700 1 -- --> [v2:172.21.15.2:3300/0,v1:172.21.15.2:6789/0] -- mon_getmap magic: 0 v1 -- 0x7fb978111a70 con 0x7fb978102770
2024-02-16T22:12:33.777 INFO:teuthology.orchestra.run.smithi002.stdout:/usr/bin/ceph: stderr
2024-02-16T22:12:31.980+0000 7fb97cd8f700 1 --2- >> [v2:172.21.15.2:3300/0,v1:172.21.15.2:6789/0] conn(0x7fb978102770 0x7fb978111530 unknown :-1 s=BANNER_CONNECTING pgs=0 cs=0 l=1 rev1=0 crypto rx=0 tx=0 comp rx=0 tx=0)._handle_peer_banner_payload supported=3 required=0
2024-02-16T22:12:33.777 INFO:teuthology.orchestra.run.smithi002.stdout:/usr/bin/ceph: stderr
2024-02-16T22:12:31.980+0000 7fb97cd8f700 1 --2- >> [v2:172.21.15.2:3300/0,v1:172.21.15.2:6789/0] conn(0x7fb978102770 0x7fb978111530 unknown :-1 s=HELLO_CONNECTING pgs=0 cs=0 l=1 rev1=1 crypto rx=0 tx=0 comp rx=0 tx=0).handle_hello peer v2:172.21.15.2:3300/0 says I am v2:172.21.15.2:52614/0 (socket says 172.21.15.2:52614)
2024-02-16T22:12:33.777 INFO:teuthology.orchestra.run.smithi002.stdout:/usr/bin/ceph: stderr
2024-02-16T22:12:31.980+0000 7fb97cd8f700 1 -- 172.21.15.2:0/419648834 learned_addr learned my addr 172.21.15.2:0/419648834 (peer_addr_for_me v2:172.21.15.2:0/0)
2024-02-16T22:12:33.777 INFO:teuthology.orchestra.run.smithi002.stdout:/usr/bin/ceph: stderr
2024-02-16T22:12:31.980+0000 7fb97cd8f700 1 -- 172.21.15.2:0/419648834 --> [v2:172.21.15.2:3300/0,v1:172.21.15.2:6789/0] -- mon_subscribe({config=0+,monmap=0+}) v3 -- 0x7fb968009ae0 con 0x7fb978102770
2024-02-16T22:12:33.778 INFO:teuthology.orchestra.run.smithi002.stdout:/usr/bin/ceph: stderr
2024-02-16T22:12:31.981+0000 7fb97cd8f700 1 --2- 172.21.15.2:0/419648834 >> [v2:172.21.15.2:3300/0,v1:172.21.15.2:6789/0] conn(0x7fb978102770 0x7fb978111530 secure :-1 s=READY pgs=42 cs=0 l=1 rev1=1 crypto rx=0x7fb968000f80 tx=0x7fb968009840 comp rx=0 tx=0).ready entity=mon.0 client_cookie=0 server_cookie=0 in_seq=0 out_seq=0
2024-02-16T22:12:33.778 INFO:teuthology.orchestra.run.smithi002.stdout:/usr/bin/ceph: stderr
2024-02-16T22:12:31.981+0000 7fb9757fa700 1 -- 172.21.15.2:0/419648834 <== mon.0 v2:172.21.15.2:3300/0 1 ==== mon_map magic: 0 v1 ==== 229+0+0 (secure 0 0 0) 0x7fb9680092e0 con 0x7fb978102770
2024-02-16T22:12:33.778 INFO:teuthology.orchestra.run.smithi002.stdout:/usr/bin/ceph: stderr
2024-02-16T22:12:31.981+0000 7fb9757fa700 1 -- 172.21.15.2:0/419648834 <== mon.0 v2:172.21.15.2:3300/0 2 ==== config(27 keys) v1 ==== 1044+0+0 (secure 0 0 0) 0x7fb968007cc0 con 0x7fb978102770
2024-02-16T22:12:33.778 INFO:teuthology.orchestra.run.smithi002.stdout:/usr/bin/ceph: stderr
2024-02-16T22:12:31.981+0000 7fb97eff3700 1 -- 172.21.15.2:0/419648834 --> [v2:172.21.15.2:3300/0,v1:172.21.15.2:6789/0] -- mon_subscribe({mgrmap=0+}) v3 -- 0x7fb978111c70 con 0x7fb978102770
2024-02-16T22:12:33.778 INFO:teuthology.orchestra.run.smithi002.stdout:/usr/bin/ceph: stderr
2024-02-16T22:12:31.981+0000 7fb9757fa700 1 -- 172.21.15.2:0/419648834 <== mon.0 v2:172.21.15.2:3300/0 3 ==== mon_map magic: 0 v1 ==== 229+0+0 (secure 0 0 0) 0x7fb96801c990 con 0x7fb978102770
2024-02-16T22:12:33.778 INFO:teuthology.orchestra.run.smithi002.stdout:/usr/bin/ceph: stderr
2024-02-16T22:12:31.981+0000 7fb97eff3700 1 -- 172.21.15.2:0/419648834 --> [v2:172.21.15.2:3300/0,v1:172.21.15.2:6789/0] -- mon_subscribe({osdmap=0}) v3 -- 0x7fb978112910 con 0x7fb978102770
2024-02-16T22:12:33.778 INFO:teuthology.orchestra.run.smithi002.stdout:/usr/bin/ceph: stderr
2024-02-16T22:12:31.982+0000 7fb9757fa700 1 -- 172.21.15.2:0/419648834 <== mon.0 v2:172.21.15.2:3300/0 4 ==== mgrmap(e 8) v1 ==== 43368+0+0 (secure 0 0 0) 0x7fb968019070 con 0x7fb978102770
2024-02-16T22:12:33.778 INFO:teuthology.orchestra.run.smithi002.stdout:/usr/bin/ceph: stderr
2024-02-16T22:12:31.982+0000 7fb9757fa700 1 --2- 172.21.15.2:0/419648834 >> [v2:172.21.15.2:6800/673699505,v1:172.21.15.2:6801/673699505] conn(0x7fb9640367e0 0x7fb964038c90 unknown :-1 s=NONE pgs=0 cs=0 l=1 rev1=0 crypto rx=0 tx=0 comp rx=0 tx=0).connect
2024-02-16T22:12:33.778 INFO:teuthology.orchestra.run.smithi002.stdout:/usr/bin/ceph: stderr
2024-02-16T22:12:31.982+0000 7fb97eff3700 1 -- 172.21.15.2:0/419648834 --> [v2:172.21.15.2:3300/0,v1:172.21.15.2:6789/0] -- mon_command({"prefix": "get_command_descriptions"} v 0) v1 -- 0x7fb97805f5c0 con 0x7fb978102770
2024-02-16T22:12:33.778 INFO:teuthology.orchestra.run.smithi002.stdout:/usr/bin/ceph: stderr
2024-02-16T22:12:31.982+0000 7fb9757fa700 1 -- 172.21.15.2:0/419648834 <== mon.0 v2:172.21.15.2:3300/0 5 ==== osd_map(2..2 src has 1..2) v4 ==== 936+0+0 (secure 0 0 0) 0x7fb968049e00 con 0x7fb978102770
2024-02-16T22:12:33.778 INFO:teuthology.orchestra.run.smithi002.stdout:/usr/bin/ceph: stderr
2024-02-16T22:12:31.982+0000 7fb977fff700 1 --2- 172.21.15.2:0/419648834 >> [v2:172.21.15.2:6800/673699505,v1:172.21.15.2:6801/673699505] conn(0x7fb9640367e0 0x7fb964038c90 unknown :-1 s=BANNER_CONNECTING pgs=0 cs=0 l=1 rev1=0 crypto rx=0 tx=0 comp rx=0 tx=0)._handle_peer_banner_payload supported=3 required=0
2024-02-16T22:12:33.778 INFO:teuthology.orchestra.run.smithi002.stdout:/usr/bin/ceph: stderr
2024-02-16T22:12:31.982+0000 7fb977fff700 1 --2- 172.21.15.2:0/419648834 >> [v2:172.21.15.2:6800/673699505,v1:172.21.15.2:6801/673699505] conn(0x7fb9640367e0 0x7fb964038c90 secure :-1 s=READY pgs=9 cs=0 l=1 rev1=1 crypto rx=0x7fb960009990 tx=0x7fb960006e40 comp rx=0 tx=0).ready entity=mgr.14120 client_cookie=0 server_cookie=0 in_seq=0 out_seq=0
2024-02-16T22:12:33.778 INFO:teuthology.orchestra.run.smithi002.stdout:/usr/bin/ceph: stderr
2024-02-16T22:12:31.987+0000 7fb9757fa700 1 -- 172.21.15.2:0/419648834 <== mon.0 v2:172.21.15.2:3300/0 6 ==== mon_command_ack([{"prefix": "get_command_descriptions"}]=0 v0) v1 ==== 72+0+175031 (secure 0 0 0) 0x7fb968019cb0 con 0x7fb978102770
2024-02-16T22:12:33.778 INFO:teuthology.orchestra.run.smithi002.stdout:/usr/bin/ceph: stderr
2024-02-16T22:12:32.179+0000 7fb97eff3700 1 -- 172.21.15.2:0/419648834 --> [v2:172.21.15.2:6800/673699505,v1:172.21.15.2:6801/673699505] -- mgr_command(tid 0: {"prefix": "cephadm generate-key", "target": ["mon-mgr", ""]}) v1 -- 0x7fb9781001a0 con 0x7fb9640367e0
2024-02-16T22:12:33.778 INFO:teuthology.orchestra.run.smithi002.stdout:/usr/bin/ceph: stderr
2024-02-16T22:12:33.168+0000 7fb9757fa700 1 -- 172.21.15.2:0/419648834 <== mgr.14120 v2:172.21.15.2:6800/673699505 1 ==== mgr_command_reply(tid 0: 0 ) v1 ==== 8+0+0 (secure 0 0 0) 0x7fb9781001a0 con 0x7fb9640367e0
2024-02-16T22:12:33.779 INFO:teuthology.orchestra.run.smithi002.stdout:/usr/bin/ceph: stderr
2024-02-16T22:12:33.170+0000 7fb97eff3700 1 -- 172.21.15.2:0/419648834 >> [v2:172.21.15.2:6800/673699505,v1:172.21.15.2:6801/673699505] conn(0x7fb9640367e0 msgr2=0x7fb964038c90 secure :-1 s=STATE_CONNECTION_ESTABLISHED l=1).mark_down
2024-02-16T22:12:33.779 INFO:teuthology.orchestra.run.smithi002.stdout:/usr/bin/ceph: stderr
2024-02-16T22:12:33.170+0000 7fb97eff3700 1 --2- 172.21.15.2:0/419648834 >> [v2:172.21.15.2:6800/673699505,v1:172.21.15.2:6801/673699505] conn(0x7fb9640367e0 0x7fb964038c90 secure :-1 s=READY pgs=9 cs=0 l=1 rev1=1 crypto rx=0x7fb960009990 tx=0x7fb960006e40 comp rx=0 tx=0).stop
2024-02-16T22:12:33.779 INFO:teuthology.orchestra.run.smithi002.stdout:/usr/bin/ceph: stderr
2024-02-16T22:12:33.170+0000 7fb97eff3700 1 -- 172.21.15.2:0/419648834 >> [v2:172.21.15.2:3300/0,v1:172.21.15.2:6789/0] conn(0x7fb978102770 msgr2=0x7fb978111530 secure :-1 s=STATE_CONNECTION_ESTABLISHED l=1).mark_down
2024-02-16T22:12:33.779 INFO:teuthology.orchestra.run.smithi002.stdout:/usr/bin/ceph: stderr
2024-02-16T22:12:33.170+0000 7fb97eff3700 1 --2- 172.21.15.2:0/419648834 >> [v2:172.21.15.2:3300/0,v1:172.21.15.2:6789/0] conn(0x7fb978102770 0x7fb978111530 secure :-1 s=READY pgs=42 cs=0 l=1 rev1=1 crypto rx=0x7fb968000f80 tx=0x7fb968009840 comp rx=0 tx=0).stop
