2024-02-16T22:12:14.088+0000 7f434a7fc700 1 -- 172.21.15.2:0/847120263 <== mon.0 v2:172.21.15.2:3300/0 6 ==== mon_command_ack([{"prefix": "get_command_descriptions"}]=0 v0) v1 ==== 72+0+71349 (secure 0 0 0) 0x7f4344022930 con 0x7f4354103e40
2024-02-16T22:12:14.810 INFO:teuthology.orchestra.run.smithi002.stdout:/usr/bin/ceph: stderr
2024-02-16T22:12:14.159+0000 7f435c099700 1 -- 172.21.15.2:0/847120263 --> [v2:172.21.15.2:3300/0,v1:172.21.15.2:6789/0] -- mon_command({"prefix": "status", "format": "json-pretty"} v 0) v1 -- 0x7f4354112b80 con 0x7f4354103e40
2024-02-16T22:12:14.810 INFO:teuthology.orchestra.run.smithi002.stdout:/usr/bin/ceph: stderr
2024-02-16T22:12:14.160+0000 7f434a7fc700 1 -- 172.21.15.2:0/847120263 <== mon.0 v2:172.21.15.2:3300/0 7 ==== mon_command_ack([{"prefix": "status", "format": "json-pretty"}]=0 v0) v1 ==== 79+0+1248 (secure 0 0 0) 0x7f4344022340 con 0x7f4354103e40
2024-02-16T22:12:14.810 INFO:teuthology.orchestra.run.smithi002.stdout:/usr/bin/ceph: stderr
2024-02-16T22:12:14.161+0000 7f435c099700 1 -- 172.21.15.2:0/847120263 >> [v2:172.21.15.2:3300/0,v1:172.21.15.2:6789/0] conn(0x7f4354103e40 msgr2=0x7f4354111560 secure :-1 s=STATE_CONNECTION_ESTABLISHED l=1).mark_down
2024-02-16T22:12:14.810 INFO:teuthology.orchestra.run.smithi002.stdout:/usr/bin/ceph: stderr
2024-02-16T22:12:14.161+0000 7f435c099700 1 --2- 172.21.15.2:0/847120263 >> [v2:172.21.15.2:3300/0,v1:172.21.15.2:6789/0] conn(0x7f4354103e40 0x7f4354111560 secure :-1 s=READY pgs=17 cs=0 l=1 rev1=1 crypto rx=0x7f4344000c00 tx=0x7f4344009250 comp rx=0 tx=0).stop
2024-02-16T22:12:14.810 INFO:teuthology.orchestra.run.smithi002.stdout:/usr/bin/ceph: stderr
2024-02-16T22:12:14.161+0000 7f435c099700 1 -- 172.21.15.2:0/847120263 shutdown_connections
2024-02-16T22:12:14.810 INFO:teuthology.orchestra.run.smithi002.stdout:/usr/bin/ceph: stderr
2024-02-16T22:12:14.161+0000 7f435c099700 1 --2- 172.21.15.2:0/847120263 >> [v2:172.21.15.2:3300/0,v1:172.21.15.2:6789/0] conn(0x7f4354103e40 0x7f4354111560 unknown :-1 s=CLOSED pgs=17 cs=0 l=1 rev1=1 crypto rx=0 tx=0 comp rx=0 tx=0).stop
2024-02-16T22:12:14.811 INFO:teuthology.orchestra.run.smithi002.stdout:/usr/bin/ceph: stderr
2024-02-16T22:12:14.161+0000 7f435c099700 1 -- 172.21.15.2:0/847120263 >> 172.21.15.2:0/847120263 conn(0x7f43540fc580 msgr2=0x7f43540fd340 unknown :-1 s=STATE_NONE l=0).mark_down
2024-02-16T22:12:14.811 INFO:teuthology.orchestra.run.smithi002.stdout:/usr/bin/ceph: stderr
2024-02-16T22:12:14.161+0000 7f435c099700 1 -- 172.21.15.2:0/847120263 shutdown_connections
2024-02-16T22:12:14.811 INFO:teuthology.orchestra.run.smithi002.stdout:/usr/bin/ceph: stderr
2024-02-16T22:12:14.161+0000 7f435c099700 1 -- 172.21.15.2:0/847120263 wait complete.
2024-02-16T22:12:14.811 INFO:teuthology.orchestra.run.smithi002.stdout:mgr not available, waiting (3/15)...
2024-02-16T22:12:17.120 INFO:journalctl@ceph.mon.smithi002.smithi002.stdout:Feb 16 22:12:16 smithi002 ceph-mon[29154]: mgrmap e4: smithi002.resmjv(active, since 2s)
2024-02-16T22:12:18.148 INFO:journalctl@ceph.mon.smithi002.smithi002.stdout:Feb 16 22:12:17 smithi002 ceph-mon[29154]: from='client.? 172.21.15.2:0/1358319168' entity='client.admin' cmd=[{"prefix": "status", "format": "json-pretty"}]: dispatch
2024-02-16T22:12:18.153 INFO:teuthology.orchestra.run.smithi002.stdout:/usr/bin/ceph: stdout
2024-02-16T22:12:18.153 INFO:teuthology.orchestra.run.smithi002.stdout:/usr/bin/ceph: stdout {
2024-02-16T22:12:18.153 INFO:teuthology.orchestra.run.smithi002.stdout:/usr/bin/ceph: stdout "fsid": "43c11c36-cd18-11ee-95ba-87774f69a715",
2024-02-16T22:12:18.153 INFO:teuthology.orchestra.run.smithi002.stdout:/usr/bin/ceph: stdout "health": {
2024-02-16T22:12:18.153 INFO:teuthology.orchestra.run.smithi002.stdout:/usr/bin/ceph: stdout "status": "HEALTH_OK",
2024-02-16T22:12:18.153 INFO:teuthology.orchestra.run.smithi002.stdout:/usr/bin/ceph: stdout "checks": {},
2024-02-16T22:12:18.153 INFO:teuthology.orchestra.run.smithi002.stdout:/usr/bin/ceph: stdout "mutes": []
2024-02-16T22:12:18.154 INFO:teuthology.orchestra.run.smithi002.stdout:/usr/bin/ceph: stdout },
2024-02-16T22:12:18.154 INFO:teuthology.orchestra.run.smithi002.stdout:/usr/bin/ceph: stdout "election_epoch": 5,
2024-02-16T22:12:18.154 INFO:teuthology.orchestra.run.smithi002.stdout:/usr/bin/ceph: stdout "quorum": [
2024-02-16T22:12:18.154 INFO:teuthology.orchestra.run.smithi002.stdout:/usr/bin/ceph: stdout 0
2024-02-16T22:12:18.154 INFO:teuthology.orchestra.run.smithi002.stdout:/usr/bin/ceph: stdout ],
2024-02-16T22:12:18.154 INFO:teuthology.orchestra.run.smithi002.stdout:/usr/bin/ceph: stdout "quorum_names": [
2024-02-16T22:12:18.154 INFO:teuthology.orchestra.run.smithi002.stdout:/usr/bin/ceph: stdout "smithi002"
2024-02-16T22:12:18.154 INFO:teuthology.orchestra.run.smithi002.stdout:/usr/bin/ceph: stdout ],
2024-02-16T22:12:18.154 INFO:teuthology.orchestra.run.smithi002.stdout:/usr/bin/ceph: stdout "quorum_age": 12,
2024-02-16T22:12:18.154 INFO:teuthology.orchestra.run.smithi002.stdout:/usr/bin/ceph: stdout "monmap": {
2024-02-16T22:12:18.154 INFO:teuthology.orchestra.run.smithi002.stdout:/usr/bin/ceph: stdout "epoch": 1,
2024-02-16T22:12:18.154 INFO:teuthology.orchestra.run.smithi002.stdout:/usr/bin/ceph: stdout "min_mon_release_name": "quincy",
2024-02-16T22:12:18.154 INFO:teuthology.orchestra.run.smithi002.stdout:/usr/bin/ceph: stdout "num_mons": 1
2024-02-16T22:12:18.154 INFO:teuthology.orchestra.run.smithi002.stdout:/usr/bin/ceph: stdout },
2024-02-16T22:12:18.154 INFO:teuthology.orchestra.run.smithi002.stdout:/usr/bin/ceph: stdout "osdmap": {
2024-02-16T22:12:18.155 INFO:teuthology.orchestra.run.smithi002.stdout:/usr/bin/ceph: stdout "epoch": 1,
2024-02-16T22:12:18.155 INFO:teuthology.orchestra.run.smithi002.stdout:/usr/bin/ceph: stdout "num_osds": 0,
2024-02-16T22:12:18.155 INFO:teuthology.orchestra.run.smithi002.stdout:/usr/bin/ceph: stdout "num_up_osds": 0,
2024-02-16T22:12:18.164 INFO:teuthology.orchestra.run.smithi002.stdout:/usr/bin/ceph: stdout "osd_up_since": 0,
2024-02-16T22:12:18.164 INFO:teuthology.orchestra.run.smithi002.stdout:/usr/bin/ceph: stdout "num_in_osds": 0,
2024-02-16T22:12:18.164 INFO:teuthology.orchestra.run.smithi002.stdout:/usr/bin/ceph: stdout "osd_in_since": 0,
2024-02-16T22:12:18.164 INFO:teuthology.orchestra.run.smithi002.stdout:/usr/bin/ceph: stdout "num_remapped_pgs": 0
2024-02-16T22:12:18.164 INFO:teuthology.orchestra.run.smithi002.stdout:/usr/bin/ceph: stdout },
2024-02-16T22:12:18.164 INFO:teuthology.orchestra.run.smithi002.stdout:/usr/bin/ceph: stdout "pgmap": {
2024-02-16T22:12:18.164 INFO:teuthology.orchestra.run.smithi002.stdout:/usr/bin/ceph: stdout "pgs_by_state": [],
2024-02-16T22:12:18.164 INFO:teuthology.orchestra.run.smithi002.stdout:/usr/bin/ceph: stdout "num_pgs": 0,
2024-02-16T22:12:18.164 INFO:teuthology.orchestra.run.smithi002.stdout:/usr/bin/ceph: stdout "num_pools": 0,
2024-02-16T22:12:18.164 INFO:teuthology.orchestra.run.smithi002.stdout:/usr/bin/ceph: stdout "num_objects": 0,
2024-02-16T22:12:18.164 INFO:teuthology.orchestra.run.smithi002.stdout:/usr/bin/ceph: stdout "data_bytes": 0,
2024-02-16T22:12:18.165 INFO:teuthology.orchestra.run.smithi002.stdout:/usr/bin/ceph: stdout "bytes_used": 0,
2024-02-16T22:12:18.165 INFO:teuthology.orchestra.run.smithi002.stdout:/usr/bin/ceph: stdout "bytes_avail": 0,
2024-02-16T22:12:18.165 INFO:teuthology.orchestra.run.smithi002.stdout:/usr/bin/ceph: stdout "bytes_total": 0
2024-02-16T22:12:18.165 INFO:teuthology.orchestra.run.smithi002.stdout:/usr/bin/ceph: stdout },
2024-02-16T22:12:18.165 INFO:teuthology.orchestra.run.smithi002.stdout:/usr/bin/ceph: stdout "fsmap": {
2024-02-16T22:12:18.165 INFO:teuthology.orchestra.run.smithi002.stdout:/usr/bin/ceph: stdout "epoch": 1,
2024-02-16T22:12:18.165 INFO:teuthology.orchestra.run.smithi002.stdout:/usr/bin/ceph: stdout "by_rank": [],
2024-02-16T22:12:18.165 INFO:teuthology.orchestra.run.smithi002.stdout:/usr/bin/ceph: stdout "up:standby": 0
2024-02-16T22:12:18.165 INFO:teuthology.orchestra.run.smithi002.stdout:/usr/bin/ceph: stdout },
2024-02-16T22:12:18.165 INFO:teuthology.orchestra.run.smithi002.stdout:/usr/bin/ceph: stdout "mgrmap": {
2024-02-16T22:12:18.165 INFO:teuthology.orchestra.run.smithi002.stdout:/usr/bin/ceph: stdout "available": true,
2024-02-16T22:12:18.165 INFO:teuthology.orchestra.run.smithi002.stdout:/usr/bin/ceph: stdout "num_standbys": 0,
2024-02-16T22:12:18.165 INFO:teuthology.orchestra.run.smithi002.stdout:/usr/bin/ceph: stdout "modules": [
2024-02-16T22:12:18.165 INFO:teuthology.orchestra.run.smithi002.stdout:/usr/bin/ceph: stdout "iostat",
2024-02-16T22:12:18.165 INFO:teuthology.orchestra.run.smithi002.stdout:/usr/bin/ceph: stdout "nfs",
2024-02-16T22:12:18.166 INFO:teuthology.orchestra.run.smithi002.stdout:/usr/bin/ceph: stdout "restful"
2024-02-16T22:12:18.166 INFO:teuthology.orchestra.run.smithi002.stdout:/usr/bin/ceph: stdout ],
2024-02-16T22:12:18.166 INFO:teuthology.orchestra.run.smithi002.stdout:/usr/bin/ceph: stdout "services": {}
2024-02-16T22:12:18.166 INFO:teuthology.orchestra.run.smithi002.stdout:/usr/bin/ceph: stdout },
2024-02-16T22:12:18.166 INFO:teuthology.orchestra.run.smithi002.stdout:/usr/bin/ceph: stdout "servicemap": {
2024-02-16T22:12:18.166 INFO:teuthology.orchestra.run.smithi002.stdout:/usr/bin/ceph: stdout "epoch": 1,
2024-02-16T22:12:18.166 INFO:teuthology.orchestra.run.smithi002.stdout:/usr/bin/ceph: stdout "modified": "2024-02-16T22:11:59.287049+0000",
2024-02-16T22:12:18.166 INFO:teuthology.orchestra.run.smithi002.stdout:/usr/bin/ceph: stdout "services": {}
2024-02-16T22:12:18.166 INFO:teuthology.orchestra.run.smithi002.stdout:/usr/bin/ceph: stdout },
2024-02-16T22:12:18.166 INFO:teuthology.orchestra.run.smithi002.stdout:/usr/bin/ceph: stdout "progress_events": {}
2024-02-16T22:12:18.166 INFO:teuthology.orchestra.run.smithi002.stdout:/usr/bin/ceph: stdout }
2024-02-16T22:12:18.166 INFO:teuthology.orchestra.run.smithi002.stdout:/usr/bin/ceph: stderr
2024-02-16T22:12:17.221+0000 7fb20938c700 1 Processor -- start
2024-02-16T22:12:18.166 INFO:teuthology.orchestra.run.smithi002.stdout:/usr/bin/ceph: stderr
2024-02-16T22:12:17.221+0000 7fb20938c700 1 -- start start
2024-02-16T22:12:18.166 INFO:teuthology.orchestra.run.smithi002.stdout:/usr/bin/ceph: stderr
2024-02-16T22:12:17.221+0000 7fb20938c700 1 --2- >> [v2:172.21.15.2:3300/0,v1:172.21.15.2:6789/0] conn(0x7fb204102770 0x7fb204102b80 unknown :-1 s=NONE pgs=0 cs=0 l=0 rev1=0 crypto rx=0 tx=0 comp rx=0 tx=0).connect
2024-02-16T22:12:18.166 INFO:teuthology.orchestra.run.smithi002.stdout:/usr/bin/ceph: stderr
2024-02-16T22:12:17.221+0000 7fb20938c700 1 -- --> [v2:172.21.15.2:3300/0,v1:172.21.15.2:6789/0] -- mon_getmap magic: 0 v1 -- 0x7fb2041030c0 con 0x7fb204102770
2024-02-16T22:12:18.166 INFO:teuthology.orchestra.run.smithi002.stdout:/usr/bin/ceph: stderr
2024-02-16T22:12:17.221+0000 7fb202ffd700 1 --2- >> [v2:172.21.15.2:3300/0,v1:172.21.15.2:6789/0] conn(0x7fb204102770 0x7fb204102b80 unknown :-1 s=BANNER_CONNECTING pgs=0 cs=0 l=0 rev1=0 crypto rx=0 tx=0 comp rx=0 tx=0)._handle_peer_banner_payload supported=3 required=0
2024-02-16T22:12:18.166 INFO:teuthology.orchestra.run.smithi002.stdout:/usr/bin/ceph: stderr
2024-02-16T22:12:17.221+0000 7fb202ffd700 1 --2- >> [v2:172.21.15.2:3300/0,v1:172.21.15.2:6789/0] conn(0x7fb204102770 0x7fb204102b80 unknown :-1 s=HELLO_CONNECTING pgs=0 cs=0 l=0 rev1=1 crypto rx=0 tx=0 comp rx=0 tx=0).handle_hello peer v2:172.21.15.2:3300/0 says I am v2:172.21.15.2:60936/0 (socket says 172.21.15.2:60936)
2024-02-16T22:12:18.167 INFO:teuthology.orchestra.run.smithi002.stdout:/usr/bin/ceph: stderr
2024-02-16T22:12:17.221+0000 7fb202ffd700 1 -- 172.21.15.2:0/4251048748 learned_addr learned my addr 172.21.15.2:0/4251048748 (peer_addr_for_me v2:172.21.15.2:0/0)
2024-02-16T22:12:18.167 INFO:teuthology.orchestra.run.smithi002.stdout:/usr/bin/ceph: stderr
2024-02-16T22:12:17.221+0000 7fb202ffd700 1 -- 172.21.15.2:0/4251048748 --> [v2:172.21.15.2:3300/0,v1:172.21.15.2:6789/0] -- mon_subscribe({config=0+,monmap=0+}) v3 -- 0x7fb204103200 con 0x7fb204102770
2024-02-16T22:12:18.167 INFO:teuthology.orchestra.run.smithi002.stdout:/usr/bin/ceph: stderr
2024-02-16T22:12:17.222+0000 7fb202ffd700 1 --2- 172.21.15.2:0/4251048748 >> [v2:172.21.15.2:3300/0,v1:172.21.15.2:6789/0] conn(0x7fb204102770 0x7fb204102b80 secure :-1 s=READY pgs=18 cs=0 l=1 rev1=1 crypto rx=0x7fb1f40098e0 tx=0x7fb1f4009250 comp rx=0 tx=0).ready entity=mon.0 client_cookie=29eb44878217acc server_cookie=0 in_seq=0 out_seq=0
2024-02-16T22:12:18.167 INFO:teuthology.orchestra.run.smithi002.stdout:/usr/bin/ceph: stderr
2024-02-16T22:12:17.222+0000 7fb201ffb700 1 -- 172.21.15.2:0/4251048748 <== mon.0 v2:172.21.15.2:3300/0 1 ==== mon_map magic: 0 v1 ==== 229+0+0 (secure 0 0 0) 0x7fb1f400b860 con 0x7fb204102770
2024-02-16T22:12:18.167 INFO:teuthology.orchestra.run.smithi002.stdout:/usr/bin/ceph: stderr
2024-02-16T22:12:17.222+0000 7fb201ffb700 1 -- 172.21.15.2:0/4251048748 <== mon.0 v2:172.21.15.2:3300/0 2 ==== config(27 keys) v1 ==== 1044+0+0 (secure 0 0 0) 0x7fb1f400be50 con 0x7fb204102770
2024-02-16T22:12:18.167 INFO:teuthology.orchestra.run.smithi002.stdout:/usr/bin/ceph: stderr
2024-02-16T22:12:17.222+0000 7fb201ffb700 1 -- 172.21.15.2:0/4251048748 <== mon.0 v2:172.21.15.2:3300/0 3 ==== mon_map magic: 0 v1 ==== 229+0+0 (secure 0 0 0) 0x7fb1f4010380 con 0x7fb204102770
2024-02-16T22:12:18.167 INFO:teuthology.orchestra.run.smithi002.stdout:/usr/bin/ceph: stderr
2024-02-16T22:12:17.222+0000 7fb20938c700 1 -- 172.21.15.2:0/4251048748 >> [v2:172.21.15.2:3300/0,v1:172.21.15.2:6789/0] conn(0x7fb204102770 msgr2=0x7fb204102b80 secure :-1 s=STATE_CONNECTION_ESTABLISHED l=1).mark_down
2024-02-16T22:12:18.167 INFO:teuthology.orchestra.run.smithi002.stdout:/usr/bin/ceph: stderr
2024-02-16T22:12:17.222+0000 7fb20938c700 1 --2- 172.21.15.2:0/4251048748 >> [v2:172.21.15.2:3300/0,v1:172.21.15.2:6789/0] conn(0x7fb204102770 0x7fb204102b80 secure :-1 s=READY pgs=18 cs=0 l=1 rev1=1 crypto rx=0x7fb1f40098e0 tx=0x7fb1f4009250 comp rx=0 tx=0).stop
2024-02-16T22:12:18.167 INFO:teuthology.orchestra.run.smithi002.stdout:/usr/bin/ceph: stderr
2024-02-16T22:12:17.222+0000 7fb20938c700 1 -- 172.21.15.2:0/4251048748 shutdown_connections
2024-02-16T22:12:18.167 INFO:teuthology.orchestra.run.smithi002.stdout:/usr/bin/ceph: stderr
2024-02-16T22:12:17.222+0000 7fb20938c700 1 --2- 172.21.15.2:0/4251048748 >> [v2:172.21.15.2:3300/0,v1:172.21.15.2:6789/0] conn(0x7fb204102770 0x7fb204102b80 unknown :-1 s=CLOSED pgs=18 cs=0 l=1 rev1=1 crypto rx=0 tx=0 comp rx=0 tx=0).stop
2024-02-16T22:12:18.167 INFO:teuthology.orchestra.run.smithi002.stdout:/usr/bin/ceph: stderr
2024-02-16T22:12:17.222+0000 7fb20938c700 1 -- 172.21.15.2:0/4251048748 >> 172.21.15.2:0/4251048748 conn(0x7fb2040fded0 msgr2=0x7fb204100300 unknown :-1 s=STATE_NONE l=0).mark_down
2024-02-16T22:12:18.167 INFO:teuthology.orchestra.run.smithi002.stdout:/usr/bin/ceph: stderr
2024-02-16T22:12:17.222+0000 7fb20938c700 1 -- 172.21.15.2:0/4251048748 shutdown_connections
2024-02-16T22:12:18.167 INFO:teuthology.orchestra.run.smithi002.stdout:/usr/bin/ceph: stderr
2024-02-16T22:12:17.222+0000 7fb20938c700 1 -- 172.21.15.2:0/4251048748 wait complete.
2024-02-16T22:12:18.167 INFO:teuthology.orchestra.run.smithi002.stdout:/usr/bin/ceph: stderr
2024-02-16T22:12:17.223+0000 7fb20938c700 1 Processor -- start
2024-02-16T22:12:18.167 INFO:teuthology.orchestra.run.smithi002.stdout:/usr/bin/ceph: stderr
2024-02-16T22:12:17.223+0000 7fb20938c700 1 -- start start
2024-02-16T22:12:18.168 INFO:teuthology.orchestra.run.smithi002.stdout:/usr/bin/ceph: stderr
2024-02-16T22:12:17.223+0000 7fb20938c700 1 --2- >> [v2:172.21.15.2:3300/0,v1:172.21.15.2:6789/0] conn(0x7fb204102770 0x7fb204078d10 unknown :-1 s=NONE pgs=0 cs=0 l=1 rev1=0 crypto rx=0 tx=0 comp rx=0 tx=0).connect
2024-02-16T22:12:18.168 INFO:teuthology.orchestra.run.smithi002.stdout:/usr/bin/ceph: stderr
2024-02-16T22:12:17.223+0000 7fb20938c700 1 -- --> [v2:172.21.15.2:3300/0,v1:172.21.15.2:6789/0] -- mon_getmap magic: 0 v1 -- 0x7fb204077190 con 0x7fb204102770
2024-02-16T22:12:18.168 INFO:teuthology.orchestra.run.smithi002.stdout:/usr/bin/ceph: stderr
2024-02-16T22:12:17.223+0000 7fb202ffd700 1 --2- >> [v2:172.21.15.2:3300/0,v1:172.21.15.2:6789/0] conn(0x7fb204102770 0x7fb204078d10 unknown :-1 s=BANNER_CONNECTING pgs=0 cs=0 l=1 rev1=0 crypto rx=0 tx=0 comp rx=0 tx=0)._handle_peer_banner_payload supported=3 required=0
2024-02-16T22:12:18.168 INFO:teuthology.orchestra.run.smithi002.stdout:/usr/bin/ceph: stderr
2024-02-16T22:12:17.223+0000 7fb202ffd700 1 --2- >> [v2:172.21.15.2:3300/0,v1:172.21.15.2:6789/0] conn(0x7fb204102770 0x7fb204078d10 unknown :-1 s=HELLO_CONNECTING pgs=0 cs=0 l=1 rev1=1 crypto rx=0 tx=0 comp rx=0 tx=0).handle_hello peer v2:172.21.15.2:3300/0 says I am v2:172.21.15.2:60944/0 (socket says 172.21.15.2:60944)
2024-02-16T22:12:18.168 INFO:teuthology.orchestra.run.smithi002.stdout:/usr/bin/ceph: stderr
2024-02-16T22:12:17.223+0000 7fb202ffd700 1 -- 172.21.15.2:0/1358319168 learned_addr learned my addr 172.21.15.2:0/1358319168 (peer_addr_for_me v2:172.21.15.2:0/0)
2024-02-16T22:12:18.168 INFO:teuthology.orchestra.run.smithi002.stdout:/usr/bin/ceph: stderr
2024-02-16T22:12:17.224+0000 7fb202ffd700 1 -- 172.21.15.2:0/1358319168 --> [v2:172.21.15.2:3300/0,v1:172.21.15.2:6789/0] -- mon_subscribe({config=0+,monmap=0+}) v3 -- 0x7fb1f40094f0 con 0x7fb204102770
2024-02-16T22:12:18.168 INFO:teuthology.orchestra.run.smithi002.stdout:/usr/bin/ceph: stderr
2024-02-16T22:12:17.224+0000 7fb202ffd700 1 --2- 172.21.15.2:0/1358319168 >> [v2:172.21.15.2:3300/0,v1:172.21.15.2:6789/0] conn(0x7fb204102770 0x7fb204078d10 secure :-1 s=READY pgs=19 cs=0 l=1 rev1=1 crypto rx=0x7fb1f4000c00 tx=0x7fb1f4009250 comp rx=0 tx=0).ready entity=mon.0 client_cookie=0 server_cookie=0 in_seq=0 out_seq=0
2024-02-16T22:12:18.168 INFO:teuthology.orchestra.run.smithi002.stdout:/usr/bin/ceph: stderr
2024-02-16T22:12:17.224+0000 7fb1eb7fe700 1 -- 172.21.15.2:0/1358319168 <== mon.0 v2:172.21.15.2:3300/0 1 ==== mon_map magic: 0 v1 ==== 229+0+0 (secure 0 0 0) 0x7fb1f40107c0 con 0x7fb204102770
2024-02-16T22:12:18.168 INFO:teuthology.orchestra.run.smithi002.stdout:/usr/bin/ceph: stderr
2024-02-16T22:12:17.224+0000 7fb1eb7fe700 1 -- 172.21.15.2:0/1358319168 <== mon.0 v2:172.21.15.2:3300/0 2 ==== config(27 keys) v1 ==== 1044+0+0 (secure 0 0 0) 0x7fb1f4010db0 con 0x7fb204102770
2024-02-16T22:12:18.168 INFO:teuthology.orchestra.run.smithi002.stdout:/usr/bin/ceph: stderr
2024-02-16T22:12:17.224+0000 7fb20938c700 1 -- 172.21.15.2:0/1358319168 --> [v2:172.21.15.2:3300/0,v1:172.21.15.2:6789/0] -- mon_subscribe({mgrmap=0+}) v3 -- 0x7fb204077390 con 0x7fb204102770
2024-02-16T22:12:18.168 INFO:teuthology.orchestra.run.smithi002.stdout:/usr/bin/ceph: stderr
2024-02-16T22:12:17.224+0000 7fb1eb7fe700 1 -- 172.21.15.2:0/1358319168 <== mon.0 v2:172.21.15.2:3300/0 3 ==== mon_map magic: 0 v1 ==== 229+0+0 (secure 0 0 0) 0x7fb1f401ad00 con 0x7fb204102770
2024-02-16T22:12:18.168 INFO:teuthology.orchestra.run.smithi002.stdout:/usr/bin/ceph: stderr
2024-02-16T22:12:17.224+0000 7fb20938c700 1 -- 172.21.15.2:0/1358319168 --> [v2:172.21.15.2:3300/0,v1:172.21.15.2:6789/0] -- mon_subscribe({osdmap=0}) v3 -- 0x7fb204077820 con 0x7fb204102770
2024-02-16T22:12:18.168 INFO:teuthology.orchestra.run.smithi002.stdout:/usr/bin/ceph: stderr
2024-02-16T22:12:17.225+0000 7fb1eb7fe700 1 -- 172.21.15.2:0/1358319168 <== mon.0 v2:172.21.15.2:3300/0 4 ==== mgrmap(e 4) v1 ==== 43357+0+0 (secure 0 0 0) 0x7fb1f401a530 con 0x7fb204102770
2024-02-16T22:12:18.168 INFO:teuthology.orchestra.run.smithi002.stdout:/usr/bin/ceph: stderr
2024-02-16T22:12:17.225+0000 7fb20938c700 1 -- 172.21.15.2:0/1358319168 --> [v2:172.21.15.2:3300/0,v1:172.21.15.2:6789/0] -- mon_command({"prefix": "get_command_descriptions"} v 0) v1 -- 0x7fb20404bed0 con 0x7fb204102770
2024-02-16T22:12:18.169 INFO:teuthology.orchestra.run.smithi002.stdout:/usr/bin/ceph: stderr
2024-02-16T22:12:17.225+0000 7fb1eb7fe700 1 --2- 172.21.15.2:0/1358319168 >> [v2:172.21.15.2:6800/395571706,v1:172.21.15.2:6801/395571706] conn(0x7fb1ec036740 0x7fb1ec038bf0 unknown :-1 s=NONE pgs=0 cs=0 l=1 rev1=0 crypto rx=0 tx=0 comp rx=0 tx=0).connect
2024-02-16T22:12:18.169 INFO:teuthology.orchestra.run.smithi002.stdout:/usr/bin/ceph: stderr
2024-02-16T22:12:17.225+0000 7fb1eb7fe700 1 -- 172.21.15.2:0/1358319168 <== mon.0 v2:172.21.15.2:3300/0 5 ==== osd_map(1..1 src has 1..1) v4 ==== 721+0+0 (secure 0 0 0) 0x7fb1f404a600 con 0x7fb204102770
2024-02-16T22:12:18.169 INFO:teuthology.orchestra.run.smithi002.stdout:/usr/bin/ceph: stderr
2024-02-16T22:12:17.225+0000 7fb2027fc700 1 --2- 172.21.15.2:0/1358319168 >> [v2:172.21.15.2:6800/395571706,v1:172.21.15.2:6801/395571706] conn(0x7fb1ec036740 0x7fb1ec038bf0 unknown :-1 s=BANNER_CONNECTING pgs=0 cs=0 l=1 rev1=0 crypto rx=0 tx=0 comp rx=0 tx=0)._handle_peer_banner_payload supported=3 required=0
2024-02-16T22:12:18.169 INFO:teuthology.orchestra.run.smithi002.stdout:/usr/bin/ceph: stderr
2024-02-16T22:12:17.226+0000 7fb2027fc700 1 --2- 172.21.15.2:0/1358319168 >> [v2:172.21.15.2:6800/395571706,v1:172.21.15.2:6801/395571706] conn(0x7fb1ec036740 0x7fb1ec038bf0 secure :-1 s=READY pgs=6 cs=0 l=1 rev1=1 crypto rx=0x7fb1f8009990 tx=0x7fb1f8006e40 comp rx=0 tx=0).ready entity=mgr.14100 client_cookie=0 server_cookie=0 in_seq=0 out_seq=0
2024-02-16T22:12:18.169 INFO:teuthology.orchestra.run.smithi002.stdout:/usr/bin/ceph: stderr
2024-02-16T22:12:17.230+0000 7fb1eb7fe700 1 -- 172.21.15.2:0/1358319168 <== mon.0 v2:172.21.15.2:3300/0 6 ==== mon_command_ack([{"prefix": "get_command_descriptions"}]=0 v0) v1 ==== 72+0+175031 (secure 0 0 0) 0x7fb1f4010920 con 0x7fb204102770
2024-02-16T22:12:18.169 INFO:teuthology.orchestra.run.smithi002.stdout:/usr/bin/ceph: stderr
2024-02-16T22:12:17.499+0000 7fb20938c700 1 -- 172.21.15.2:0/1358319168 --> [v2:172.21.15.2:3300/0,v1:172.21.15.2:6789/0] -- mon_command({"prefix": "status", "format": "json-pretty"} v 0) v1 -- 0x7fb204077fa0 con 0x7fb204102770
2024-02-16T22:12:18.169 INFO:teuthology.orchestra.run.smithi002.stdout:/usr/bin/ceph: stderr
2024-02-16T22:12:17.499+0000 7fb1eb7fe700 1 -- 172.21.15.2:0/1358319168 <== mon.0 v2:172.21.15.2:3300/0 7 ==== mon_command_ack([{"prefix": "status", "format": "json-pretty"}]=0 v0) v1 ==== 79+0+1248 (secure 0 0 0) 0x7fb1f40233a0 con 0x7fb204102770
2024-02-16T22:12:18.169 INFO:teuthology.orchestra.run.smithi002.stdout:/usr/bin/ceph: stderr
2024-02-16T22:12:17.501+0000 7fb20938c700 1 -- 172.21.15.2:0/1358319168 >> [v2:172.21.15.2:6800/395571706,v1:172.21.15.2:6801/395571706] conn(0x7fb1ec036740 msgr2=0x7fb1ec038bf0 secure :-1 s=STATE_CONNECTION_ESTABLISHED l=1).mark_down
2024-02-16T22:12:18.169 INFO:teuthology.orchestra.run.smithi002.stdout:/usr/bin/ceph: stderr
2024-02-16T22:12:17.501+0000 7fb20938c700 1 --2- 172.21.15.2:0/1358319168 >> [v2:172.21.15.2:6800/395571706,v1:172.21.15.2:6801/395571706] conn(0x7fb1ec036740 0x7fb1ec038bf0 secure :-1 s=READY pgs=6 cs=0 l=1 rev1=1 crypto rx=0x7fb1f8009990 tx=0x7fb1f8006e40 comp rx=0 tx=0).stop
2024-02-16T22:12:18.169 INFO:teuthology.orchestra.run.smithi002.stdout:/usr/bin/ceph: stderr
2024-02-16T22:12:17.501+0000 7fb20938c700 1 -- 172.21.15.2:0/1358319168 >> [v2:172.21.15.2:3300/0,v1:172.21.15.2:6789/0] conn(0x7fb204102770 msgr2=0x7fb204078d10 secure :-1 s=STATE_CONNECTION_ESTABLISHED l=1).mark_down
2024-02-16T22:12:18.169 INFO:teuthology.orchestra.run.smithi002.stdout:/usr/bin/ceph: stderr
2024-02-16T22:12:17.501+0000 7fb20938c700 1 --2- 172.21.15.2:0/1358319168 >> [v2:172.21.15.2:3300/0,v1:172.21.15.2:6789/0] conn(0x7fb204102770 0x7fb204078d10 secure :-1 s=READY pgs=19 cs=0 l=1 rev1=1 crypto rx=0x7fb1f4000c00 tx=0x7fb1f4009250 comp rx=0 tx=0).stop
2024-02-16T22:12:18.169 INFO:teuthology.orchestra.run.smithi002.stdout:/usr/bin/ceph: stderr
2024-02-16T22:12:17.501+0000 7fb20938c700 1 -- 172.21.15.2:0/1358319168 shutdown_connections
2024-02-16T22:12:18.169 INFO:teuthology.orchestra.run.smithi002.stdout:/usr/bin/ceph: stderr
2024-02-16T22:12:17.501+0000 7fb20938c700 1 --2- 172.21.15.2:0/1358319168 >> [v2:172.21.15.2:6800/395571706,v1:172.21.15.2:6801/395571706] conn(0x7fb1ec036740 0x7fb1ec038bf0 unknown :-1 s=CLOSED pgs=6 cs=0 l=1 rev1=1 crypto rx=0 tx=0 comp rx=0 tx=0).stop
2024-02-16T22:12:18.169 INFO:teuthology.orchestra.run.smithi002.stdout:/usr/bin/ceph: stderr
2024-02-16T22:12:17.501+0000 7fb20938c700 1 --2- 172.21.15.2:0/1358319168 >> [v2:172.21.15.2:3300/0,v1:172.21.15.2:6789/0] conn(0x7fb204102770 0x7fb204078d10 unknown :-1 s=CLOSED pgs=19 cs=0 l=1 rev1=1 crypto rx=0 tx=0 comp rx=0 tx=0).stop
2024-02-16T22:12:18.169 INFO:teuthology.orchestra.run.smithi002.stdout:/usr/bin/ceph: stderr
2024-02-16T22:12:17.501+0000 7fb20938c700 1 -- 172.21.15.2:0/1358319168 >> 172.21.15.2:0/1358319168 conn(0x7fb2040fded0 msgr2=0x7fb2040ff570 unknown :-1 s=STATE_NONE l=0).mark_down
2024-02-16T22:12:18.170 INFO:teuthology.orchestra.run.smithi002.stdout:/usr/bin/ceph: stderr
2024-02-16T22:12:17.501+0000 7fb20938c700 1 -- 172.21.15.2:0/1358319168 shutdown_connections
2024-02-16T22:12:18.170 INFO:teuthology.orchestra.run.smithi002.stdout:/usr/bin/ceph: stderr
2024-02-16T22:12:17.501+0000 7fb20938c700 1 -- 172.21.15.2:0/1358319168 wait complete.
2024-02-16T22:12:18.170 INFO:teuthology.orchestra.run.smithi002.stdout:mgr is available
2024-02-16T22:12:19.238 INFO:journalctl@ceph.mon.smithi002.smithi002.stdout:Feb 16 22:12:18 smithi002 ceph-mon[29154]: from='client.? 172.21.15.2:0/2314554643' entity='client.admin' cmd=[{"prefix": "config assimilate-conf"}]: dispatch
2024-02-16T22:12:19.497 INFO:teuthology.orchestra.run.smithi002.stdout:/usr/bin/ceph: stdout
2024-02-16T22:12:19.497 INFO:teuthology.orchestra.run.smithi002.stdout:/usr/bin/ceph: stdout [global]
2024-02-16T22:12:19.497 INFO:teuthology.orchestra.run.smithi002.stdout:/usr/bin/ceph: stdout fsid = 43c11c36-cd18-11ee-95ba-87774f69a715
2024-02-16T22:12:19.497 INFO:teuthology.orchestra.run.smithi002.stdout:/usr/bin/ceph: stdout mon_osd_allow_pg_remap = true
2024-02-16T22:12:19.497 INFO:teuthology.orchestra.run.smithi002.stdout:/usr/bin/ceph: stdout mon_osd_allow_primary_affinity = true
2024-02-16T22:12:19.497 INFO:teuthology.orchestra.run.smithi002.stdout:/usr/bin/ceph: stdout mon_warn_on_no_sortbitwise = false
2024-02-16T22:12:19.497 INFO:teuthology.orchestra.run.smithi002.stdout:/usr/bin/ceph: stdout osd_crush_chooseleaf_type = 0
2024-02-16T22:12:19.498 INFO:teuthology.orchestra.run.smithi002.stdout:/usr/bin/ceph: stdout
2024-02-16T22:12:19.498 INFO:teuthology.orchestra.run.smithi002.stdout:/usr/bin/ceph: stdout [mgr]
2024-02-16T22:12:19.498 INFO:teuthology.orchestra.run.smithi002.stdout:/usr/bin/ceph: stdout mgr/telemetry/nag = false
2024-02-16T22:12:19.498 INFO:teuthology.orchestra.run.smithi002.stdout:/usr/bin/ceph: stdout
2024-02-16T22:12:19.498 INFO:teuthology.orchestra.run.smithi002.stdout:/usr/bin/ceph: stdout [osd]
2024-02-16T22:12:19.498 INFO:teuthology.orchestra.run.smithi002.stdout:/usr/bin/ceph: stdout mon_osd_backfillfull_ratio = 0.85
2024-02-16T22:12:19.498 INFO:teuthology.orchestra.run.smithi002.stdout:/usr/bin/ceph: stdout mon_osd_full_ratio = 0.9
2024-02-16T22:12:19.498 INFO:teuthology.orchestra.run.smithi002.stdout:/usr/bin/ceph: stdout mon_osd_nearfull_ratio = 0.8
2024-02-16T22:12:19.498 INFO:teuthology.orchestra.run.smithi002.stdout:/usr/bin/ceph: stdout osd_map_max_advance = 10
2024-02-16T22:12:19.498 INFO:teuthology.orchestra.run.smithi002.stdout:/usr/bin/ceph: stdout osd_sloppy_crc = true
2024-02-16T22:12:19.498 INFO:teuthology.orchestra.run.smithi002.stdout:/usr/bin/ceph: stderr
2024-02-16T22:12:18.729+0000 7f605cc09700 1 Processor -- start
2024-02-16T22:12:19.498 INFO:teuthology.orchestra.run.smithi002.stdout:/usr/bin/ceph: stderr
2024-02-16T22:12:18.729+0000 7f605cc09700 1 -- start start
2024-02-16T22:12:19.498 INFO:teuthology.orchestra.run.smithi002.stdout:/usr/bin/ceph: stderr
2024-02-16T22:12:18.729+0000 7f605cc09700 1 --2- >> [v2:172.21.15.2:3300/0,v1:172.21.15.2:6789/0] conn(0x7f6058102770 0x7f6058102b80 unknown :-1 s=NONE pgs=0 cs=0 l=0 rev1=0 crypto rx=0 tx=0 comp rx=0 tx=0).connect
2024-02-16T22:12:19.498 INFO:teuthology.orchestra.run.smithi002.stdout:/usr/bin/ceph: stderr
2024-02-16T22:12:18.729+0000 7f605cc09700 1 -- --> [v2:172.21.15.2:3300/0,v1:172.21.15.2:6789/0] -- mon_getmap magic: 0 v1 -- 0x7f60581030c0 con 0x7f6058102770
2024-02-16T22:12:19.498 INFO:teuthology.orchestra.run.smithi002.stdout:/usr/bin/ceph: stderr
2024-02-16T22:12:18.730+0000 7f605659c700 1 --2- >> [v2:172.21.15.2:3300/0,v1:172.21.15.2:6789/0] conn(0x7f6058102770 0x7f6058102b80 unknown :-1 s=BANNER_CONNECTING pgs=0 cs=0 l=0 rev1=0 crypto rx=0 tx=0 comp rx=0 tx=0)._handle_peer_banner_payload supported=3 required=0
2024-02-16T22:12:19.499 INFO:teuthology.orchestra.run.smithi002.stdout:/usr/bin/ceph: stderr
2024-02-16T22:12:18.730+0000 7f605659c700 1 --2- >> [v2:172.21.15.2:3300/0,v1:172.21.15.2:6789/0] conn(0x7f6058102770 0x7f6058102b80 unknown :-1 s=HELLO_CONNECTING pgs=0 cs=0 l=0 rev1=1 crypto rx=0 tx=0 comp rx=0 tx=0).handle_hello peer v2:172.21.15.2:3300/0 says I am v2:172.21.15.2:60956/0 (socket says 172.21.15.2:60956)
2024-02-16T22:12:19.499 INFO:teuthology.orchestra.run.smithi002.stdout:/usr/bin/ceph: stderr
2024-02-16T22:12:18.730+0000 7f605659c700 1 -- 172.21.15.2:0/1959327486 learned_addr learned my addr 172.21.15.2:0/1959327486 (peer_addr_for_me v2:172.21.15.2:0/0)
2024-02-16T22:12:19.499 INFO:teuthology.orchestra.run.smithi002.stdout:/usr/bin/ceph: stderr
2024-02-16T22:12:18.730+0000 7f605659c700 1 -- 172.21.15.2:0/1959327486 --> [v2:172.21.15.2:3300/0,v1:172.21.15.2:6789/0] -- mon_subscribe({config=0+,monmap=0+}) v3 -- 0x7f6058103200 con 0x7f6058102770
2024-02-16T22:12:19.499 INFO:teuthology.orchestra.run.smithi002.stdout:/usr/bin/ceph: stderr
2024-02-16T22:12:18.730+0000 7f605659c700 1 --2- 172.21.15.2:0/1959327486 >> [v2:172.21.15.2:3300/0,v1:172.21.15.2:6789/0] conn(0x7f6058102770 0x7f6058102b80 secure :-1 s=READY pgs=20 cs=0 l=1 rev1=1 crypto rx=0x7f6050009e50 tx=0x7f6050009840 comp rx=0 tx=0).ready entity=mon.0 client_cookie=878350cdde50da72 server_cookie=0 in_seq=0 out_seq=0
2024-02-16T22:12:19.499 INFO:teuthology.orchestra.run.smithi002.stdout:/usr/bin/ceph: stderr
2024-02-16T22:12:18.730+0000 7f605559a700 1 -- 172.21.15.2:0/1959327486 <== mon.0 v2:172.21.15.2:3300/0 1 ==== mon_map magic: 0 v1 ==== 229+0+0 (secure 0 0 0) 0x7f60500092e0 con 0x7f6058102770
2024-02-16T22:12:19.499 INFO:teuthology.orchestra.run.smithi002.stdout:/usr/bin/ceph: stderr
2024-02-16T22:12:18.730+0000 7f605559a700 1 -- 172.21.15.2:0/1959327486 <== mon.0 v2:172.21.15.2:3300/0 2 ==== config(27 keys) v1 ==== 1044+0+0 (secure 0 0 0) 0x7f6050012430 con 0x7f6058102770
2024-02-16T22:12:19.499 INFO:teuthology.orchestra.run.smithi002.stdout:/usr/bin/ceph: stderr
2024-02-16T22:12:18.730+0000 7f605559a700 1 -- 172.21.15.2:0/1959327486 <== mon.0 v2:172.21.15.2:3300/0 3 ==== mon_map magic: 0 v1 ==== 229+0+0 (secure 0 0 0) 0x7f60500075c0 con 0x7f6058102770
2024-02-16T22:12:19.499 INFO:teuthology.orchestra.run.smithi002.stdout:/usr/bin/ceph: stderr
2024-02-16T22:12:18.731+0000 7f605cc09700 1 -- 172.21.15.2:0/1959327486 >> [v2:172.21.15.2:3300/0,v1:172.21.15.2:6789/0] conn(0x7f6058102770 msgr2=0x7f6058102b80 secure :-1 s=STATE_CONNECTION_ESTABLISHED l=1).mark_down
2024-02-16T22:12:19.499 INFO:teuthology.orchestra.run.smithi002.stdout:/usr/bin/ceph: stderr
2024-02-16T22:12:18.731+0000 7f605cc09700 1 --2- 172.21.15.2:0/1959327486 >> [v2:172.21.15.2:3300/0,v1:172.21.15.2:6789/0] conn(0x7f6058102770 0x7f6058102b80 secure :-1 s=READY pgs=20 cs=0 l=1 rev1=1 crypto rx=0x7f6050009e50 tx=0x7f6050009840 comp rx=0 tx=0).stop
2024-02-16T22:12:19.499 INFO:teuthology.orchestra.run.smithi002.stdout:/usr/bin/ceph: stderr
2024-02-16T22:12:18.731+0000 7f605cc09700 1 -- 172.21.15.2:0/1959327486 shutdown_connections
2024-02-16T22:12:19.499 INFO:teuthology.orchestra.run.smithi002.stdout:/usr/bin/ceph: stderr
2024-02-16T22:12:18.731+0000 7f605cc09700 1 --2- 172.21.15.2:0/1959327486 >> [v2:172.21.15.2:3300/0,v1:172.21.15.2:6789/0] conn(0x7f6058102770 0x7f6058102b80 unknown :-1 s=CLOSED pgs=20 cs=0 l=1 rev1=1 crypto rx=0 tx=0 comp rx=0 tx=0).stop
2024-02-16T22:12:19.499 INFO:teuthology.orchestra.run.smithi002.stdout:/usr/bin/ceph: stderr
2024-02-16T22:12:18.731+0000 7f605cc09700 1 -- 172.21.15.2:0/1959327486 >> 172.21.15.2:0/1959327486 conn(0x7f60580fded0 msgr2=0x7f6058100300 unknown :-1 s=STATE_NONE l=0).mark_down
2024-02-16T22:12:19.499 INFO:teuthology.orchestra.run.smithi002.stdout:/usr/bin/ceph: stderr
2024-02-16T22:12:18.731+0000 7f605cc09700 1 -- 172.21.15.2:0/1959327486 shutdown_connections
2024-02-16T22:12:19.499 INFO:teuthology.orchestra.run.smithi002.stdout:/usr/bin/ceph: stderr
2024-02-16T22:12:18.731+0000 7f605cc09700 1 -- 172.21.15.2:0/1959327486 wait complete.
2024-02-16T22:12:19.499 INFO:teuthology.orchestra.run.smithi002.stdout:/usr/bin/ceph: stderr
2024-02-16T22:12:18.731+0000 7f605cc09700 1 Processor -- start
2024-02-16T22:12:19.499 INFO:teuthology.orchestra.run.smithi002.stdout:/usr/bin/ceph: stderr
2024-02-16T22:12:18.731+0000 7f605cc09700 1 -- start start
2024-02-16T22:12:19.500 INFO:teuthology.orchestra.run.smithi002.stdout:/usr/bin/ceph: stderr
2024-02-16T22:12:18.732+0000 7f605cc09700 1 --2- >> [v2:172.21.15.2:3300/0,v1:172.21.15.2:6789/0] conn(0x7f6058102770 0x7f6058111530 unknown :-1 s=NONE pgs=0 cs=0 l=1 rev1=0 crypto rx=0 tx=0 comp rx=0 tx=0).connect
2024-02-16T22:12:19.500 INFO:teuthology.orchestra.run.smithi002.stdout:/usr/bin/ceph: stderr
2024-02-16T22:12:18.732+0000 7f605cc09700 1 -- --> [v2:172.21.15.2:3300/0,v1:172.21.15.2:6789/0] -- mon_getmap magic: 0 v1 -- 0x7f6058111a70 con 0x7f6058102770
2024-02-16T22:12:19.500 INFO:teuthology.orchestra.run.smithi002.stdout:/usr/bin/ceph: stderr
2024-02-16T22:12:18.732+0000 7f605659c700 1 --2- >> [v2:172.21.15.2:3300/0,v1:172.21.15.2:6789/0] conn(0x7f6058102770 0x7f6058111530 unknown :-1 s=BANNER_CONNECTING pgs=0 cs=0 l=1 rev1=0 crypto rx=0 tx=0 comp rx=0 tx=0)._handle_peer_banner_payload supported=3 required=0
2024-02-16T22:12:19.500 INFO:teuthology.orchestra.run.smithi002.stdout:/usr/bin/ceph: stderr
2024-02-16T22:12:18.732+0000 7f605659c700 1 --2- >> [v2:172.21.15.2:3300/0,v1:172.21.15.2:6789/0] conn(0x7f6058102770 0x7f6058111530 unknown :-1 s=HELLO_CONNECTING pgs=0 cs=0 l=1 rev1=1 crypto rx=0 tx=0 comp rx=0 tx=0).handle_hello peer v2:172.21.15.2:3300/0 says I am v2:172.21.15.2:60966/0 (socket says 172.21.15.2:60966)
2024-02-16T22:12:19.500 INFO:teuthology.orchestra.run.smithi002.stdout:/usr/bin/ceph: stderr
2024-02-16T22:12:18.732+0000 7f605659c700 1 -- 172.21.15.2:0/2314554643 learned_addr learned my addr 172.21.15.2:0/2314554643 (peer_addr_for_me v2:172.21.15.2:0/0)
2024-02-16T22:12:19.500 INFO:teuthology.orchestra.run.smithi002.stdout:/usr/bin/ceph: stderr
2024-02-16T22:12:18.732+0000 7f605659c700 1 -- 172.21.15.2:0/2314554643 --> [v2:172.21.15.2:3300/0,v1:172.21.15.2:6789/0] -- mon_subscribe({config=0+,monmap=0+}) v3 -- 0x7f6050009ae0 con 0x7f6058102770
2024-02-16T22:12:19.500 INFO:teuthology.orchestra.run.smithi002.stdout:/usr/bin/ceph: stderr
2024-02-16T22:12:18.732+0000 7f605659c700 1 --2- 172.21.15.2:0/2314554643 >> [v2:172.21.15.2:3300/0,v1:172.21.15.2:6789/0] conn(0x7f6058102770 0x7f6058111530 secure :-1 s=READY pgs=21 cs=0 l=1 rev1=1 crypto rx=0x7f60500127d0 tx=0x7f6050009840 comp rx=0 tx=0).ready entity=mon.0 client_cookie=0 server_cookie=0 in_seq=0 out_seq=0
2024-02-16T22:12:19.500 INFO:teuthology.orchestra.run.smithi002.stdout:/usr/bin/ceph: stderr
2024-02-16T22:12:18.732+0000 7f604effd700 1 -- 172.21.15.2:0/2314554643 <== mon.0 v2:172.21.15.2:3300/0 1 ==== mon_map magic: 0 v1 ==== 229+0+0 (secure 0 0 0) 0x7f605000bc30 con 0x7f6058102770
2024-02-16T22:12:19.500 INFO:teuthology.orchestra.run.smithi002.stdout:/usr/bin/ceph: stderr
2024-02-16T22:12:18.732+0000 7f604effd700 1 -- 172.21.15.2:0/2314554643 <== mon.0 v2:172.21.15.2:3300/0 2 ==== config(27 keys) v1 ==== 1044+0+0 (secure 0 0 0) 0x7f605000bd90 con 0x7f6058102770
2024-02-16T22:12:19.500 INFO:teuthology.orchestra.run.smithi002.stdout:/usr/bin/ceph: stderr
2024-02-16T22:12:18.732+0000 7f605cc09700 1 -- 172.21.15.2:0/2314554643 --> [v2:172.21.15.2:3300/0,v1:172.21.15.2:6789/0] -- mon_subscribe({mgrmap=0+}) v3 -- 0x7f6058111c70 con 0x7f6058102770
2024-02-16T22:12:19.500 INFO:teuthology.orchestra.run.smithi002.stdout:/usr/bin/ceph: stderr
2024-02-16T22:12:18.732+0000 7f604effd700 1 -- 172.21.15.2:0/2314554643 <== mon.0 v2:172.21.15.2:3300/0 3 ==== mon_map magic: 0 v1 ==== 229+0+0 (secure 0 0 0) 0x7f605001c9d0 con 0x7f6058102770
2024-02-16T22:12:19.500 INFO:teuthology.orchestra.run.smithi002.stdout:/usr/bin/ceph: stderr
2024-02-16T22:12:18.732+0000 7f605cc09700 1 -- 172.21.15.2:0/2314554643 --> [v2:172.21.15.2:3300/0,v1:172.21.15.2:6789/0] -- mon_subscribe({osdmap=0}) v3 -- 0x7f6058112910 con 0x7f6058102770
2024-02-16T22:12:19.500 INFO:teuthology.orchestra.run.smithi002.stdout:/usr/bin/ceph: stderr
2024-02-16T22:12:18.733+0000 7f604effd700 1 -- 172.21.15.2:0/2314554643 <== mon.0 v2:172.21.15.2:3300/0 4 ==== mgrmap(e 4) v1 ==== 43357+0+0 (secure 0 0 0) 0x7f6050019070 con 0x7f6058102770
2024-02-16T22:12:19.501 INFO:teuthology.orchestra.run.smithi002.stdout:/usr/bin/ceph: stderr
2024-02-16T22:12:18.733+0000 7f604effd700 1 --2- 172.21.15.2:0/2314554643 >> [v2:172.21.15.2:6800/395571706,v1:172.21.15.2:6801/395571706] conn(0x7f6044036790 0x7f6044038c40 unknown :-1 s=NONE pgs=0 cs=0 l=1 rev1=0 crypto rx=0 tx=0 comp rx=0 tx=0).connect
2024-02-16T22:12:19.501 INFO:teuthology.orchestra.run.smithi002.stdout:/usr/bin/ceph: stderr
2024-02-16T22:12:18.733+0000 7f605cc09700 1 -- 172.21.15.2:0/2314554643 --> [v2:172.21.15.2:3300/0,v1:172.21.15.2:6789/0] -- mon_command({"prefix": "get_command_descriptions"} v 0) v1 -- 0x7f605805f5c0 con 0x7f6058102770
2024-02-16T22:12:19.501 INFO:teuthology.orchestra.run.smithi002.stdout:/usr/bin/ceph: stderr
2024-02-16T22:12:18.734+0000 7f604effd700 1 -- 172.21.15.2:0/2314554643 <== mon.0 v2:172.21.15.2:3300/0 5 ==== osd_map(1..1 src has 1..1) v4 ==== 721+0+0 (secure 0 0 0) 0x7f6050049ff0 con 0x7f6058102770
2024-02-16T22:12:19.501 INFO:teuthology.orchestra.run.smithi002.stdout:/usr/bin/ceph: stderr
2024-02-16T22:12:18.734+0000 7f6055d9b700 1 --2- 172.21.15.2:0/2314554643 >> [v2:172.21.15.2:6800/395571706,v1:172.21.15.2:6801/395571706] conn(0x7f6044036790 0x7f6044038c40 unknown :-1 s=BANNER_CONNECTING pgs=0 cs=0 l=1 rev1=0 crypto rx=0 tx=0 comp rx=0 tx=0)._handle_peer_banner_payload supported=3 required=0
2024-02-16T22:12:19.501 INFO:teuthology.orchestra.run.smithi002.stdout:/usr/bin/ceph: stderr
2024-02-16T22:12:18.734+0000 7f6055d9b700 1 --2- 172.21.15.2:0/2314554643 >> [v2:172.21.15.2:6800/395571706,v1:172.21.15.2:6801/395571706] conn(0x7f6044036790 0x7f6044038c40 secure :-1 s=READY pgs=7 cs=0 l=1 rev1=1 crypto rx=0x7f6040009990 tx=0x7f6040006e40 comp rx=0 tx=0).ready entity=mgr.14100 client_cookie=0 server_cookie=0 in_seq=0 out_seq=0
2024-02-16T22:12:19.501 INFO:teuthology.orchestra.run.smithi002.stdout:/usr/bin/ceph: stderr
2024-02-16T22:12:18.738+0000 7f604effd700 1 -- 172.21.15.2:0/2314554643 <== mon.0 v2:172.21.15.2:3300/0 6 ==== mon_command_ack([{"prefix": "get_command_descriptions"}]=0 v0) v1 ==== 72+0+175031 (secure 0 0 0) 0x7f6050019910 con 0x7f6058102770
2024-02-16T22:12:19.501 INFO:teuthology.orchestra.run.smithi002.stdout:/usr/bin/ceph: stderr
2024-02-16T22:12:18.930+0000 7f605cc09700 1 -- 172.21.15.2:0/2314554643 --> [v2:172.21.15.2:3300/0,v1:172.21.15.2:6789/0] -- mon_command({"prefix": "config assimilate-conf"} v 0) v1 -- 0x7f605804bed0 con 0x7f6058102770
2024-02-16T22:12:19.501 INFO:teuthology.orchestra.run.smithi002.stdout:/usr/bin/ceph: stderr
2024-02-16T22:12:18.930+0000 7f604effd700 1 -- 172.21.15.2:0/2314554643 <== mon.0 v2:172.21.15.2:3300/0 7 ==== mon_command_ack([{"prefix": "config assimilate-conf"}]=0 v3) v1 ==== 70+0+373 (secure 0 0 0) 0x7f6050020020 con 0x7f6058102770
2024-02-16T22:12:19.501 INFO:teuthology.orchestra.run.smithi002.stdout:/usr/bin/ceph: stderr
2024-02-16T22:12:18.932+0000 7f605cc09700 1 -- 172.21.15.2:0/2314554643 >> [v2:172.21.15.2:6800/395571706,v1:172.21.15.2:6801/395571706] conn(0x7f6044036790 msgr2=0x7f6044038c40 secure :-1 s=STATE_CONNECTION_ESTABLISHED l=1).mark_down
2024-02-16T22:12:19.501 INFO:teuthology.orchestra.run.smithi002.stdout:/usr/bin/ceph: stderr
2024-02-16T22:12:18.932+0000 7f605cc09700 1 --2- 172.21.15.2:0/2314554643 >> [v2:172.21.15.2:6800/395571706,v1:172.21.15.2:6801/395571706] conn(0x7f6044036790 0x7f6044038c40 secure :-1 s=READY pgs=7 cs=0 l=1 rev1=1 crypto rx=0x7f6040009990 tx=0x7f6040006e40 comp rx=0 tx=0).stop
2024-02-16T22:12:19.501 INFO:teuthology.orchestra.run.smithi002.stdout:/usr/bin/ceph: stderr
2024-02-16T22:12:18.932+0000 7f605cc09700 1 -- 172.21.15.2:0/2314554643 >> [v2:172.21.15.2:3300/0,v1:172.21.15.2:6789/0] conn(0x7f6058102770 msgr2=0x7f6058111530 secure :-1 s=STATE_CONNECTION_ESTABLISHED l=1).mark_down
2024-02-16T22:12:19.501 INFO:teuthology.orchestra.run.smithi002.stdout:/usr/bin/ceph: stderr
2024-02-16T22:12:18.932+0000 7f605cc09700 1 --2- 172.21.15.2:0/2314554643 >> [v2:172.21.15.2:3300/0,v1:172.21.15.2:6789/0] conn(0x7f6058102770 0x7f6058111530 secure :-1 s=READY pgs=21 cs=0 l=1 rev1=1 crypto rx=0x7f60500127d0 tx=0x7f6050009840 comp rx=0 tx=0).stop
2024-02-16T22:12:19.501 INFO:teuthology.orchestra.run.smithi002.stdout:/usr/bin/ceph: stderr
2024-02-16T22:12:18.932+0000 7f605cc09700 1 -- 172.21.15.2:0/2314554643 shutdown_connections
2024-02-16T22:12:19.501 INFO:teuthology.orchestra.run.smithi002.stdout:/usr/bin/ceph: stderr
2024-02-16T22:12:18.932+0000 7f605cc09700 1 --2- 172.21.15.2:0/2314554643 >> [v2:172.21.15.2:6800/395571706,v1:172.21.15.2:6801/395571706] conn(0x7f6044036790 0x7f6044038c40 unknown :-1 s=CLOSED pgs=7 cs=0 l=1 rev1=1 crypto rx=0 tx=0 comp rx=0 tx=0).stop
2024-02-16T22:12:19.502 INFO:teuthology.orchestra.run.smithi002.stdout:/usr/bin/ceph: stderr
2024-02-16T22:12:18.932+0000 7f605cc09700 1 --2- 172.21.15.2:0/2314554643 >> [v2:172.21.15.2:3300/0,v1:172.21.15.2:6789/0] conn(0x7f6058102770 0x7f6058111530 unknown :-1 s=CLOSED pgs=21 cs=0 l=1 rev1=1 crypto rx=0 tx=0 comp rx=0 tx=0).stop
2024-02-16T22:12:19.502 INFO:teuthology.orchestra.run.smithi002.stdout:/usr/bin/ceph: stderr
2024-02-16T22:12:18.933+0000 7f605cc09700 1 -- 172.21.15.2:0/2314554643 >> 172.21.15.2:0/2314554643 conn(0x7f60580fded0 msgr2=0x7f60580ff580 unknown :-1 s=STATE_NONE l=0).mark_down
2024-02-16T22:12:19.502 INFO:teuthology.orchestra.run.smithi002.stdout:/usr/bin/ceph: stderr
2024-02-16T22:12:18.933+0000 7f605cc09700 1 -- 172.21.15.2:0/2314554643 shutdown_connections
2024-02-16T22:12:19.502 INFO:teuthology.orchestra.run.smithi002.stdout:/usr/bin/ceph: stderr
2024-02-16T22:12:18.933+0000 7f605cc09700 1 -- 172.21.15.2:0/2314554643 wait complete.
2024-02-16T22:12:19.502 INFO:teuthology.orchestra.run.smithi002.stdout:Enabling cephadm module...
2024-02-16T22:12:21.135 INFO:journalctl@ceph.mon.smithi002.smithi002.stdout:Feb 16 22:12:20 smithi002 ceph-mon[29154]: from='client.? 172.21.15.2:0/2064284665' entity='client.admin' cmd=[{"prefix": "mgr module enable", "module": "cephadm"}]: dispatch
2024-02-16T22:12:21.419 INFO:teuthology.orchestra.run.smithi002.stdout:/usr/bin/ceph: stderr
2024-02-16T22:12:19.904+0000 7f2d2f816700 1 Processor -- start
2024-02-16T22:12:21.419 INFO:teuthology.orchestra.run.smithi002.stdout:/usr/bin/ceph: stderr
2024-02-16T22:12:19.905+0000 7f2d2f816700 1 -- start start
2024-02-16T22:12:21.419 INFO:teuthology.orchestra.run.smithi002.stdout:/usr/bin/ceph: stderr
2024-02-16T22:12:19.905+0000 7f2d2f816700 1 --2- >> [v2:172.21.15.2:3300/0,v1:172.21.15.2:6789/0] conn(0x7f2d28102780 0x7f2d28102b90 unknown :-1 s=NONE pgs=0 cs=0 l=0 rev1=0 crypto rx=0 tx=0 comp rx=0 tx=0).connect
2024-02-16T22:12:21.419 INFO:teuthology.orchestra.run.smithi002.stdout:/usr/bin/ceph: stderr
2024-02-16T22:12:19.905+0000 7f2d2f816700 1 -- --> [v2:172.21.15.2:3300/0,v1:172.21.15.2:6789/0] -- mon_getmap magic: 0 v1 -- 0x7f2d281030d0 con 0x7f2d28102780
2024-02-16T22:12:21.419 INFO:teuthology.orchestra.run.smithi002.stdout:/usr/bin/ceph: stderr
2024-02-16T22:12:19.905+0000 7f2d2d5b2700 1 --2- >> [v2:172.21.15.2:3300/0,v1:172.21.15.2:6789/0] conn(0x7f2d28102780 0x7f2d28102b90 unknown :-1 s=BANNER_CONNECTING pgs=0 cs=0 l=0 rev1=0 crypto rx=0 tx=0 comp rx=0 tx=0)._handle_peer_banner_payload supported=3 required=0
2024-02-16T22:12:21.419 INFO:teuthology.orchestra.run.smithi002.stdout:/usr/bin/ceph: stderr
2024-02-16T22:12:19.905+0000 7f2d2d5b2700 1 --2- >> [v2:172.21.15.2:3300/0,v1:172.21.15.2:6789/0] conn(0x7f2d28102780 0x7f2d28102b90 unknown :-1 s=HELLO_CONNECTING pgs=0 cs=0 l=0 rev1=1 crypto rx=0 tx=0 comp rx=0 tx=0).handle_hello peer v2:172.21.15.2:3300/0 says I am v2:172.21.15.2:60980/0 (socket says 172.21.15.2:60980)
2024-02-16T22:12:21.419 INFO:teuthology.orchestra.run.smithi002.stdout:/usr/bin/ceph: stderr
2024-02-16T22:12:19.905+0000 7f2d2d5b2700 1 -- 172.21.15.2:0/178026570 learned_addr learned my addr 172.21.15.2:0/178026570 (peer_addr_for_me v2:172.21.15.2:0/0)
2024-02-16T22:12:21.419 INFO:teuthology.orchestra.run.smithi002.stdout:/usr/bin/ceph: stderr
2024-02-16T22:12:19.905+0000 7f2d2d5b2700 1 -- 172.21.15.2:0/178026570 --> [v2:172.21.15.2:3300/0,v1:172.21.15.2:6789/0] -- mon_subscribe({config=0+,monmap=0+}) v3 -- 0x7f2d28103210 con 0x7f2d28102780
2024-02-16T22:12:21.419 INFO:teuthology.orchestra.run.smithi002.stdout:/usr/bin/ceph: stderr
2024-02-16T22:12:19.905+0000 7f2d2d5b2700 1 --2- 172.21.15.2:0/178026570 >> [v2:172.21.15.2:3300/0,v1:172.21.15.2:6789/0] conn(0x7f2d28102780 0x7f2d28102b90 secure :-1 s=READY pgs=22 cs=0 l=1 rev1=1 crypto rx=0x7f2d240098e0 tx=0x7f2d24009250 comp rx=0 tx=0).ready entity=mon.0 client_cookie=1310c83d19516dd7 server_cookie=0 in_seq=0 out_seq=0
2024-02-16T22:12:21.420 INFO:teuthology.orchestra.run.smithi002.stdout:/usr/bin/ceph: stderr
2024-02-16T22:12:19.905+0000 7f2d1ffff700 1 -- 172.21.15.2:0/178026570 <== mon.0 v2:172.21.15.2:3300/0 1 ==== mon_map magic: 0 v1 ==== 229+0+0 (secure 0 0 0) 0x7f2d2400b860 con 0x7f2d28102780
2024-02-16T22:12:21.420 INFO:teuthology.orchestra.run.smithi002.stdout:/usr/bin/ceph: stderr
2024-02-16T22:12:19.906+0000 7f2d1ffff700 1 -- 172.21.15.2:0/178026570 <== mon.0 v2:172.21.15.2:3300/0 2 ==== config(27 keys) v1 ==== 1044+0+0 (secure 0 0 0) 0x7f2d2400be50 con 0x7f2d28102780
2024-02-16T22:12:21.420 INFO:teuthology.orchestra.run.smithi002.stdout:/usr/bin/ceph: stderr
2024-02-16T22:12:19.906+0000 7f2d1ffff700 1 -- 172.21.15.2:0/178026570 <== mon.0 v2:172.21.15.2:3300/0 3 ==== mon_map magic: 0 v1 ==== 229+0+0 (secure 0 0 0) 0x7f2d24010380 con 0x7f2d28102780
2024-02-16T22:12:21.420 INFO:teuthology.orchestra.run.smithi002.stdout:/usr/bin/ceph: stderr
2024-02-16T22:12:19.906+0000 7f2d2f816700 1 -- 172.21.15.2:0/178026570 >> [v2:172.21.15.2:3300/0,v1:172.21.15.2:6789/0] conn(0x7f2d28102780 msgr2=0x7f2d28102b90 secure :-1 s=STATE_CONNECTION_ESTABLISHED l=1).mark_down
2024-02-16T22:12:21.420 INFO:teuthology.orchestra.run.smithi002.stdout:/usr/bin/ceph: stderr
2024-02-16T22:12:19.906+0000 7f2d2f816700 1 --2- 172.21.15.2:0/178026570 >> [v2:172.21.15.2:3300/0,v1:172.21.15.2:6789/0] conn(0x7f2d28102780 0x7f2d28102b90 secure :-1 s=READY pgs=22 cs=0 l=1 rev1=1 crypto rx=0x7f2d240098e0 tx=0x7f2d24009250 comp rx=0 tx=0).stop
2024-02-16T22:12:21.420 INFO:teuthology.orchestra.run.smithi002.stdout:/usr/bin/ceph: stderr
2024-02-16T22:12:19.906+0000 7f2d2f816700 1 -- 172.21.15.2:0/178026570 shutdown_connections
2024-02-16T22:12:21.420 INFO:teuthology.orchestra.run.smithi002.stdout:/usr/bin/ceph: stderr
2024-02-16T22:12:19.906+0000 7f2d2f816700 1 --2- 172.21.15.2:0/178026570 >> [v2:172.21.15.2:3300/0,v1:172.21.15.2:6789/0] conn(0x7f2d28102780 0x7f2d28102b90 unknown :-1 s=CLOSED pgs=22 cs=0 l=1 rev1=1 crypto rx=0 tx=0 comp rx=0 tx=0).stop
2024-02-16T22:12:21.420 INFO:teuthology.orchestra.run.smithi002.stdout:/usr/bin/ceph: stderr
2024-02-16T22:12:19.906+0000 7f2d2f816700 1 -- 172.21.15.2:0/178026570 >> 172.21.15.2:0/178026570 conn(0x7f2d280fdf00 msgr2=0x7f2d28100310 unknown :-1 s=STATE_NONE l=0).mark_down
2024-02-16T22:12:21.420 INFO:teuthology.orchestra.run.smithi002.stdout:/usr/bin/ceph: stderr
2024-02-16T22:12:19.906+0000 7f2d2f816700 1 -- 172.21.15.2:0/178026570 shutdown_connections
2024-02-16T22:12:21.420 INFO:teuthology.orchestra.run.smithi002.stdout:/usr/bin/ceph: stderr
2024-02-16T22:12:19.906+0000 7f2d2f816700 1 -- 172.21.15.2:0/178026570 wait complete.
2024-02-16T22:12:21.420 INFO:teuthology.orchestra.run.smithi002.stdout:/usr/bin/ceph: stderr
2024-02-16T22:12:19.907+0000 7f2d2f816700 1 Processor -- start
2024-02-16T22:12:21.420 INFO:teuthology.orchestra.run.smithi002.stdout:/usr/bin/ceph: stderr
2024-02-16T22:12:19.907+0000 7f2d2f816700 1 -- start start
2024-02-16T22:12:21.420 INFO:teuthology.orchestra.run.smithi002.stdout:/usr/bin/ceph: stderr
2024-02-16T22:12:19.907+0000 7f2d2f816700 1 --2- >> [v2:172.21.15.2:3300/0,v1:172.21.15.2:6789/0] conn(0x7f2d28102780 0x7f2d28078d10 unknown :-1 s=NONE pgs=0 cs=0 l=1 rev1=0 crypto rx=0 tx=0 comp rx=0 tx=0).connect
2024-02-16T22:12:21.420 INFO:teuthology.orchestra.run.smithi002.stdout:/usr/bin/ceph: stderr
2024-02-16T22:12:19.907+0000 7f2d2f816700 1 -- --> [v2:172.21.15.2:3300/0,v1:172.21.15.2:6789/0] -- mon_getmap magic: 0 v1 -- 0x7f2d28077190 con 0x7f2d28102780
2024-02-16T22:12:21.421 INFO:teuthology.orchestra.run.smithi002.stdout:/usr/bin/ceph: stderr
2024-02-16T22:12:19.907+0000 7f2d2d5b2700 1 --2- >> [v2:172.21.15.2:3300/0,v1:172.21.15.2:6789/0] conn(0x7f2d28102780 0x7f2d28078d10 unknown :-1 s=BANNER_CONNECTING pgs=0 cs=0 l=1 rev1=0 crypto rx=0 tx=0 comp rx=0 tx=0)._handle_peer_banner_payload supported=3 required=0
2024-02-16T22:12:21.421 INFO:teuthology.orchestra.run.smithi002.stdout:/usr/bin/ceph: stderr
