2024-02-16T22:47:34.138+0000 7f341cff9700 1 -- 172.21.15.64:0/2522824075 <== mon.0 v2:172.21.15.64:3300/0 4 ==== mgrmap(e 8) v1 ==== 43368+0+0 (secure 0 0 0) 0x7f341001a450 con 0x7f3420102770
2024-02-16T22:47:35.801 INFO:teuthology.orchestra.run.smithi064.stdout:/usr/bin/ceph: stderr
2024-02-16T22:47:34.138+0000 7f341cff9700 1 --2- 172.21.15.64:0/2522824075 >> [v2:172.21.15.64:6800/3482665154,v1:172.21.15.64:6801/3482665154] conn(0x7f34080367e0 0x7f3408038c90 unknown :-1 s=NONE pgs=0 cs=0 l=1 rev1=0 crypto rx=0 tx=0 comp rx=0 tx=0).connect
2024-02-16T22:47:35.801 INFO:teuthology.orchestra.run.smithi064.stdout:/usr/bin/ceph: stderr
2024-02-16T22:47:34.138+0000 7f3426266700 1 -- 172.21.15.64:0/2522824075 --> [v2:172.21.15.64:3300/0,v1:172.21.15.64:6789/0] -- mon_command({"prefix": "get_command_descriptions"} v 0) v1 -- 0x7f342005f5c0 con 0x7f3420102770
2024-02-16T22:47:35.801 INFO:teuthology.orchestra.run.smithi064.stdout:/usr/bin/ceph: stderr
2024-02-16T22:47:34.138+0000 7f341cff9700 1 -- 172.21.15.64:0/2522824075 <== mon.0 v2:172.21.15.64:3300/0 5 ==== osd_map(2..2 src has 1..2) v4 ==== 936+0+0 (secure 0 0 0) 0x7f341004a6b0 con 0x7f3420102770
2024-02-16T22:47:35.801 INFO:teuthology.orchestra.run.smithi064.stdout:/usr/bin/ceph: stderr
2024-02-16T22:47:34.138+0000 7f341f7fe700 1 --2- 172.21.15.64:0/2522824075 >> [v2:172.21.15.64:6800/3482665154,v1:172.21.15.64:6801/3482665154] conn(0x7f34080367e0 0x7f3408038c90 unknown :-1 s=BANNER_CONNECTING pgs=0 cs=0 l=1 rev1=0 crypto rx=0 tx=0 comp rx=0 tx=0)._handle_peer_banner_payload supported=3 required=0
2024-02-16T22:47:35.801 INFO:teuthology.orchestra.run.smithi064.stdout:/usr/bin/ceph: stderr
2024-02-16T22:47:34.138+0000 7f341f7fe700 1 --2- 172.21.15.64:0/2522824075 >> [v2:172.21.15.64:6800/3482665154,v1:172.21.15.64:6801/3482665154] conn(0x7f34080367e0 0x7f3408038c90 secure :-1 s=READY pgs=12 cs=0 l=1 rev1=1 crypto rx=0x7f3414009990 tx=0x7f3414006e40 comp rx=0 tx=0).ready entity=mgr.14120 client_cookie=0 server_cookie=0 in_seq=0 out_seq=0
2024-02-16T22:47:35.801 INFO:teuthology.orchestra.run.smithi064.stdout:/usr/bin/ceph: stderr
2024-02-16T22:47:34.143+0000 7f341cff9700 1 -- 172.21.15.64:0/2522824075 <== mon.0 v2:172.21.15.64:3300/0 6 ==== mon_command_ack([{"prefix": "get_command_descriptions"}]=0 v0) v1 ==== 72+0+175031 (secure 0 0 0) 0x7f341002d3f0 con 0x7f3420102770
2024-02-16T22:47:35.801 INFO:teuthology.orchestra.run.smithi064.stdout:/usr/bin/ceph: stderr
2024-02-16T22:47:34.353+0000 7f3426266700 1 -- 172.21.15.64:0/2522824075 --> [v2:172.21.15.64:6800/3482665154,v1:172.21.15.64:6801/3482665154] -- mgr_command(tid 0: {"prefix": "orch apply", "service_type": "mon", "target": ["mon-mgr", ""]}) v1 -- 0x7f34200ff380 con 0x7f34080367e0
2024-02-16T22:47:35.801 INFO:teuthology.orchestra.run.smithi064.stdout:/usr/bin/ceph: stderr
2024-02-16T22:47:34.360+0000 7f341cff9700 1 -- 172.21.15.64:0/2522824075 <== mgr.14120 v2:172.21.15.64:6800/3482665154 1 ==== mgr_command_reply(tid 0: 0 ) v1 ==== 8+0+24 (secure 0 0 0) 0x7f34200ff380 con 0x7f34080367e0
2024-02-16T22:47:35.801 INFO:teuthology.orchestra.run.smithi064.stdout:/usr/bin/ceph: stderr
2024-02-16T22:47:34.362+0000 7f3426266700 1 -- 172.21.15.64:0/2522824075 >> [v2:172.21.15.64:6800/3482665154,v1:172.21.15.64:6801/3482665154] conn(0x7f34080367e0 msgr2=0x7f3408038c90 secure :-1 s=STATE_CONNECTION_ESTABLISHED l=1).mark_down
2024-02-16T22:47:35.801 INFO:teuthology.orchestra.run.smithi064.stdout:/usr/bin/ceph: stderr
2024-02-16T22:47:34.362+0000 7f3426266700 1 --2- 172.21.15.64:0/2522824075 >> [v2:172.21.15.64:6800/3482665154,v1:172.21.15.64:6801/3482665154] conn(0x7f34080367e0 0x7f3408038c90 secure :-1 s=READY pgs=12 cs=0 l=1 rev1=1 crypto rx=0x7f3414009990 tx=0x7f3414006e40 comp rx=0 tx=0).stop
2024-02-16T22:47:35.802 INFO:teuthology.orchestra.run.smithi064.stdout:/usr/bin/ceph: stderr
2024-02-16T22:47:34.362+0000 7f3426266700 1 -- 172.21.15.64:0/2522824075 >> [v2:172.21.15.64:3300/0,v1:172.21.15.64:6789/0] conn(0x7f3420102770 msgr2=0x7f3420111500 secure :-1 s=STATE_CONNECTION_ESTABLISHED l=1).mark_down
2024-02-16T22:47:35.802 INFO:teuthology.orchestra.run.smithi064.stdout:/usr/bin/ceph: stderr
2024-02-16T22:47:34.362+0000 7f3426266700 1 --2- 172.21.15.64:0/2522824075 >> [v2:172.21.15.64:3300/0,v1:172.21.15.64:6789/0] conn(0x7f3420102770 0x7f3420111500 secure :-1 s=READY pgs=48 cs=0 l=1 rev1=1 crypto rx=0x7f341000b440 tx=0x7f3410009250 comp rx=0 tx=0).stop
2024-02-16T22:47:35.802 INFO:teuthology.orchestra.run.smithi064.stdout:/usr/bin/ceph: stderr
2024-02-16T22:47:34.362+0000 7f3426266700 1 -- 172.21.15.64:0/2522824075 shutdown_connections
2024-02-16T22:47:35.802 INFO:teuthology.orchestra.run.smithi064.stdout:/usr/bin/ceph: stderr
2024-02-16T22:47:34.362+0000 7f3426266700 1 --2- 172.21.15.64:0/2522824075 >> [v2:172.21.15.64:6800/3482665154,v1:172.21.15.64:6801/3482665154] conn(0x7f34080367e0 0x7f3408038c90 unknown :-1 s=CLOSED pgs=12 cs=0 l=1 rev1=1 crypto rx=0 tx=0 comp rx=0 tx=0).stop
2024-02-16T22:47:35.802 INFO:teuthology.orchestra.run.smithi064.stdout:/usr/bin/ceph: stderr
2024-02-16T22:47:34.362+0000 7f3426266700 1 --2- 172.21.15.64:0/2522824075 >> [v2:172.21.15.64:3300/0,v1:172.21.15.64:6789/0] conn(0x7f3420102770 0x7f3420111500 unknown :-1 s=CLOSED pgs=48 cs=0 l=1 rev1=1 crypto rx=0 tx=0 comp rx=0 tx=0).stop
2024-02-16T22:47:35.802 INFO:teuthology.orchestra.run.smithi064.stdout:/usr/bin/ceph: stderr
2024-02-16T22:47:34.362+0000 7f3426266700 1 -- 172.21.15.64:0/2522824075 >> 172.21.15.64:0/2522824075 conn(0x7f34200fded0 msgr2=0x7f34200fec70 unknown :-1 s=STATE_NONE l=0).mark_down
2024-02-16T22:47:35.802 INFO:teuthology.orchestra.run.smithi064.stdout:/usr/bin/ceph: stderr
2024-02-16T22:47:34.362+0000 7f3426266700 1 -- 172.21.15.64:0/2522824075 shutdown_connections
2024-02-16T22:47:35.802 INFO:teuthology.orchestra.run.smithi064.stdout:/usr/bin/ceph: stderr
2024-02-16T22:47:34.362+0000 7f3426266700 1 -- 172.21.15.64:0/2522824075 wait complete.
2024-02-16T22:47:35.802 INFO:teuthology.orchestra.run.smithi064.stdout:Deploying mgr service with default placement...
2024-02-16T22:47:36.618 INFO:journalctl@ceph.mon.smithi064.smithi064.stdout:Feb 16 22:47:36 smithi064 ceph-mon[29226]: from='mgr.14120 172.21.15.64:0/583626597' entity='mgr.smithi064.kubmlk'
2024-02-16T22:47:36.619 INFO:journalctl@ceph.mon.smithi064.smithi064.stdout:Feb 16 22:47:36 smithi064 ceph-mon[29226]: from='mgr.14120 172.21.15.64:0/583626597' entity='mgr.smithi064.kubmlk'
2024-02-16T22:47:36.619 INFO:journalctl@ceph.mon.smithi064.smithi064.stdout:Feb 16 22:47:36 smithi064 ceph-mon[29226]: from='mgr.14120 172.21.15.64:0/583626597' entity='mgr.smithi064.kubmlk'
2024-02-16T22:47:37.400 INFO:teuthology.orchestra.run.smithi064.stdout:/usr/bin/ceph: stdout Scheduled mgr update...
2024-02-16T22:47:37.400 INFO:teuthology.orchestra.run.smithi064.stdout:/usr/bin/ceph: stderr
2024-02-16T22:47:36.227+0000 7efc92336700 1 Processor -- start
2024-02-16T22:47:37.400 INFO:teuthology.orchestra.run.smithi064.stdout:/usr/bin/ceph: stderr
2024-02-16T22:47:36.228+0000 7efc92336700 1 -- start start
2024-02-16T22:47:37.400 INFO:teuthology.orchestra.run.smithi064.stdout:/usr/bin/ceph: stderr
2024-02-16T22:47:36.228+0000 7efc92336700 1 --2- >> [v2:172.21.15.64:3300/0,v1:172.21.15.64:6789/0] conn(0x7efc8c102770 0x7efc8c102b80 unknown :-1 s=NONE pgs=0 cs=0 l=0 rev1=0 crypto rx=0 tx=0 comp rx=0 tx=0).connect
2024-02-16T22:47:37.400 INFO:teuthology.orchestra.run.smithi064.stdout:/usr/bin/ceph: stderr
2024-02-16T22:47:36.228+0000 7efc92336700 1 -- --> [v2:172.21.15.64:3300/0,v1:172.21.15.64:6789/0] -- mon_getmap magic: 0 v1 -- 0x7efc8c1030c0 con 0x7efc8c102770
2024-02-16T22:47:37.400 INFO:teuthology.orchestra.run.smithi064.stdout:/usr/bin/ceph: stderr
2024-02-16T22:47:36.228+0000 7efc8bfff700 1 --2- >> [v2:172.21.15.64:3300/0,v1:172.21.15.64:6789/0] conn(0x7efc8c102770 0x7efc8c102b80 unknown :-1 s=BANNER_CONNECTING pgs=0 cs=0 l=0 rev1=0 crypto rx=0 tx=0 comp rx=0 tx=0)._handle_peer_banner_payload supported=3 required=0
2024-02-16T22:47:37.400 INFO:teuthology.orchestra.run.smithi064.stdout:/usr/bin/ceph: stderr
2024-02-16T22:47:36.228+0000 7efc8bfff700 1 --2- >> [v2:172.21.15.64:3300/0,v1:172.21.15.64:6789/0] conn(0x7efc8c102770 0x7efc8c102b80 unknown :-1 s=HELLO_CONNECTING pgs=0 cs=0 l=0 rev1=1 crypto rx=0 tx=0 comp rx=0 tx=0).handle_hello peer v2:172.21.15.64:3300/0 says I am v2:172.21.15.64:47876/0 (socket says 172.21.15.64:47876)
2024-02-16T22:47:37.401 INFO:teuthology.orchestra.run.smithi064.stdout:/usr/bin/ceph: stderr
2024-02-16T22:47:36.228+0000 7efc8bfff700 1 -- 172.21.15.64:0/549556161 learned_addr learned my addr 172.21.15.64:0/549556161 (peer_addr_for_me v2:172.21.15.64:0/0)
2024-02-16T22:47:37.401 INFO:teuthology.orchestra.run.smithi064.stdout:/usr/bin/ceph: stderr
2024-02-16T22:47:36.228+0000 7efc8bfff700 1 -- 172.21.15.64:0/549556161 --> [v2:172.21.15.64:3300/0,v1:172.21.15.64:6789/0] -- mon_subscribe({config=0+,monmap=0+}) v3 -- 0x7efc8c103200 con 0x7efc8c102770
2024-02-16T22:47:37.401 INFO:teuthology.orchestra.run.smithi064.stdout:/usr/bin/ceph: stderr
2024-02-16T22:47:36.229+0000 7efc8bfff700 1 --2- 172.21.15.64:0/549556161 >> [v2:172.21.15.64:3300/0,v1:172.21.15.64:6789/0] conn(0x7efc8c102770 0x7efc8c102b80 secure :-1 s=READY pgs=49 cs=0 l=1 rev1=1 crypto rx=0x7efc7c0098e0 tx=0x7efc7c009250 comp rx=0 tx=0).ready entity=mon.0 client_cookie=9fa33e8f2e35f346 server_cookie=0 in_seq=0 out_seq=0
2024-02-16T22:47:37.401 INFO:teuthology.orchestra.run.smithi064.stdout:/usr/bin/ceph: stderr
2024-02-16T22:47:36.229+0000 7efc8affd700 1 -- 172.21.15.64:0/549556161 <== mon.0 v2:172.21.15.64:3300/0 1 ==== mon_map magic: 0 v1 ==== 229+0+0 (secure 0 0 0) 0x7efc7c00b860 con 0x7efc8c102770
2024-02-16T22:47:37.401 INFO:teuthology.orchestra.run.smithi064.stdout:/usr/bin/ceph: stderr
2024-02-16T22:47:36.229+0000 7efc8affd700 1 -- 172.21.15.64:0/549556161 <== mon.0 v2:172.21.15.64:3300/0 2 ==== config(27 keys) v1 ==== 1109+0+0 (secure 0 0 0) 0x7efc7c00be90 con 0x7efc8c102770
2024-02-16T22:47:37.401 INFO:teuthology.orchestra.run.smithi064.stdout:/usr/bin/ceph: stderr
2024-02-16T22:47:36.229+0000 7efc8affd700 1 -- 172.21.15.64:0/549556161 <== mon.0 v2:172.21.15.64:3300/0 3 ==== mon_map magic: 0 v1 ==== 229+0+0 (secure 0 0 0) 0x7efc7c0103c0 con 0x7efc8c102770
2024-02-16T22:47:37.401 INFO:teuthology.orchestra.run.smithi064.stdout:/usr/bin/ceph: stderr
2024-02-16T22:47:36.230+0000 7efc92336700 1 -- 172.21.15.64:0/549556161 >> [v2:172.21.15.64:3300/0,v1:172.21.15.64:6789/0] conn(0x7efc8c102770 msgr2=0x7efc8c102b80 secure :-1 s=STATE_CONNECTION_ESTABLISHED l=1).mark_down
2024-02-16T22:47:37.401 INFO:teuthology.orchestra.run.smithi064.stdout:/usr/bin/ceph: stderr
2024-02-16T22:47:36.230+0000 7efc92336700 1 --2- 172.21.15.64:0/549556161 >> [v2:172.21.15.64:3300/0,v1:172.21.15.64:6789/0] conn(0x7efc8c102770 0x7efc8c102b80 secure :-1 s=READY pgs=49 cs=0 l=1 rev1=1 crypto rx=0x7efc7c0098e0 tx=0x7efc7c009250 comp rx=0 tx=0).stop
2024-02-16T22:47:37.401 INFO:teuthology.orchestra.run.smithi064.stdout:/usr/bin/ceph: stderr
2024-02-16T22:47:36.230+0000 7efc92336700 1 -- 172.21.15.64:0/549556161 shutdown_connections
2024-02-16T22:47:37.401 INFO:teuthology.orchestra.run.smithi064.stdout:/usr/bin/ceph: stderr
2024-02-16T22:47:36.230+0000 7efc92336700 1 --2- 172.21.15.64:0/549556161 >> [v2:172.21.15.64:3300/0,v1:172.21.15.64:6789/0] conn(0x7efc8c102770 0x7efc8c102b80 unknown :-1 s=CLOSED pgs=49 cs=0 l=1 rev1=1 crypto rx=0 tx=0 comp rx=0 tx=0).stop
2024-02-16T22:47:37.401 INFO:teuthology.orchestra.run.smithi064.stdout:/usr/bin/ceph: stderr
2024-02-16T22:47:36.230+0000 7efc92336700 1 -- 172.21.15.64:0/549556161 >> 172.21.15.64:0/549556161 conn(0x7efc8c0fded0 msgr2=0x7efc8c100300 unknown :-1 s=STATE_NONE l=0).mark_down
2024-02-16T22:47:37.401 INFO:teuthology.orchestra.run.smithi064.stdout:/usr/bin/ceph: stderr
2024-02-16T22:47:36.230+0000 7efc92336700 1 -- 172.21.15.64:0/549556161 shutdown_connections
2024-02-16T22:47:37.401 INFO:teuthology.orchestra.run.smithi064.stdout:/usr/bin/ceph: stderr
2024-02-16T22:47:36.230+0000 7efc92336700 1 -- 172.21.15.64:0/549556161 wait complete.
2024-02-16T22:47:37.401 INFO:teuthology.orchestra.run.smithi064.stdout:/usr/bin/ceph: stderr
2024-02-16T22:47:36.230+0000 7efc92336700 1 Processor -- start
2024-02-16T22:47:37.402 INFO:teuthology.orchestra.run.smithi064.stdout:/usr/bin/ceph: stderr
2024-02-16T22:47:36.231+0000 7efc92336700 1 -- start start
2024-02-16T22:47:37.402 INFO:teuthology.orchestra.run.smithi064.stdout:/usr/bin/ceph: stderr
2024-02-16T22:47:36.231+0000 7efc92336700 1 --2- >> [v2:172.21.15.64:3300/0,v1:172.21.15.64:6789/0] conn(0x7efc8c102770 0x7efc8c111540 unknown :-1 s=NONE pgs=0 cs=0 l=1 rev1=0 crypto rx=0 tx=0 comp rx=0 tx=0).connect
2024-02-16T22:47:37.402 INFO:teuthology.orchestra.run.smithi064.stdout:/usr/bin/ceph: stderr
2024-02-16T22:47:36.231+0000 7efc92336700 1 -- --> [v2:172.21.15.64:3300/0,v1:172.21.15.64:6789/0] -- mon_getmap magic: 0 v1 -- 0x7efc8c111a80 con 0x7efc8c102770
2024-02-16T22:47:37.402 INFO:teuthology.orchestra.run.smithi064.stdout:/usr/bin/ceph: stderr
2024-02-16T22:47:36.231+0000 7efc8bfff700 1 --2- >> [v2:172.21.15.64:3300/0,v1:172.21.15.64:6789/0] conn(0x7efc8c102770 0x7efc8c111540 unknown :-1 s=BANNER_CONNECTING pgs=0 cs=0 l=1 rev1=0 crypto rx=0 tx=0 comp rx=0 tx=0)._handle_peer_banner_payload supported=3 required=0
2024-02-16T22:47:37.402 INFO:teuthology.orchestra.run.smithi064.stdout:/usr/bin/ceph: stderr
2024-02-16T22:47:36.231+0000 7efc8bfff700 1 --2- >> [v2:172.21.15.64:3300/0,v1:172.21.15.64:6789/0] conn(0x7efc8c102770 0x7efc8c111540 unknown :-1 s=HELLO_CONNECTING pgs=0 cs=0 l=1 rev1=1 crypto rx=0 tx=0 comp rx=0 tx=0).handle_hello peer v2:172.21.15.64:3300/0 says I am v2:172.21.15.64:47892/0 (socket says 172.21.15.64:47892)
2024-02-16T22:47:37.402 INFO:teuthology.orchestra.run.smithi064.stdout:/usr/bin/ceph: stderr
2024-02-16T22:47:36.231+0000 7efc8bfff700 1 -- 172.21.15.64:0/1782099161 learned_addr learned my addr 172.21.15.64:0/1782099161 (peer_addr_for_me v2:172.21.15.64:0/0)
2024-02-16T22:47:37.402 INFO:teuthology.orchestra.run.smithi064.stdout:/usr/bin/ceph: stderr
2024-02-16T22:47:36.231+0000 7efc8bfff700 1 -- 172.21.15.64:0/1782099161 --> [v2:172.21.15.64:3300/0,v1:172.21.15.64:6789/0] -- mon_subscribe({config=0+,monmap=0+}) v3 -- 0x7efc7c0094f0 con 0x7efc8c102770
2024-02-16T22:47:37.402 INFO:teuthology.orchestra.run.smithi064.stdout:/usr/bin/ceph: stderr
2024-02-16T22:47:36.231+0000 7efc8bfff700 1 --2- 172.21.15.64:0/1782099161 >> [v2:172.21.15.64:3300/0,v1:172.21.15.64:6789/0] conn(0x7efc8c102770 0x7efc8c111540 secure :-1 s=READY pgs=50 cs=0 l=1 rev1=1 crypto rx=0x7efc7c011650 tx=0x7efc7c009250 comp rx=0 tx=0).ready entity=mon.0 client_cookie=0 server_cookie=0 in_seq=0 out_seq=0
2024-02-16T22:47:37.402 INFO:teuthology.orchestra.run.smithi064.stdout:/usr/bin/ceph: stderr
2024-02-16T22:47:36.231+0000 7efc88ff9700 1 -- 172.21.15.64:0/1782099161 <== mon.0 v2:172.21.15.64:3300/0 1 ==== mon_map magic: 0 v1 ==== 229+0+0 (secure 0 0 0) 0x7efc7c010890 con 0x7efc8c102770
2024-02-16T22:47:37.402 INFO:teuthology.orchestra.run.smithi064.stdout:/usr/bin/ceph: stderr
2024-02-16T22:47:36.231+0000 7efc88ff9700 1 -- 172.21.15.64:0/1782099161 <== mon.0 v2:172.21.15.64:3300/0 2 ==== config(27 keys) v1 ==== 1109+0+0 (secure 0 0 0) 0x7efc7c010ec0 con 0x7efc8c102770
2024-02-16T22:47:37.402 INFO:teuthology.orchestra.run.smithi064.stdout:/usr/bin/ceph: stderr
2024-02-16T22:47:36.231+0000 7efc92336700 1 -- 172.21.15.64:0/1782099161 --> [v2:172.21.15.64:3300/0,v1:172.21.15.64:6789/0] -- mon_subscribe({mgrmap=0+}) v3 -- 0x7efc8c111c80 con 0x7efc8c102770
2024-02-16T22:47:37.402 INFO:teuthology.orchestra.run.smithi064.stdout:/usr/bin/ceph: stderr
2024-02-16T22:47:36.231+0000 7efc88ff9700 1 -- 172.21.15.64:0/1782099161 <== mon.0 v2:172.21.15.64:3300/0 3 ==== mon_map magic: 0 v1 ==== 229+0+0 (secure 0 0 0) 0x7efc7c01a430 con 0x7efc8c102770
2024-02-16T22:47:37.402 INFO:teuthology.orchestra.run.smithi064.stdout:/usr/bin/ceph: stderr
2024-02-16T22:47:36.232+0000 7efc92336700 1 -- 172.21.15.64:0/1782099161 --> [v2:172.21.15.64:3300/0,v1:172.21.15.64:6789/0] -- mon_subscribe({osdmap=0}) v3 -- 0x7efc8c112920 con 0x7efc8c102770
2024-02-16T22:47:37.402 INFO:teuthology.orchestra.run.smithi064.stdout:/usr/bin/ceph: stderr
2024-02-16T22:47:36.232+0000 7efc88ff9700 1 -- 172.21.15.64:0/1782099161 <== mon.0 v2:172.21.15.64:3300/0 4 ==== mgrmap(e 8) v1 ==== 43368+0+0 (secure 0 0 0) 0x7efc7c01a6b0 con 0x7efc8c102770
2024-02-16T22:47:37.402 INFO:teuthology.orchestra.run.smithi064.stdout:/usr/bin/ceph: stderr
2024-02-16T22:47:36.233+0000 7efc88ff9700 1 --2- 172.21.15.64:0/1782099161 >> [v2:172.21.15.64:6800/3482665154,v1:172.21.15.64:6801/3482665154] conn(0x7efc74036790 0x7efc74038c40 unknown :-1 s=NONE pgs=0 cs=0 l=1 rev1=0 crypto rx=0 tx=0 comp rx=0 tx=0).connect
2024-02-16T22:47:37.403 INFO:teuthology.orchestra.run.smithi064.stdout:/usr/bin/ceph: stderr
2024-02-16T22:47:36.233+0000 7efc88ff9700 1 -- 172.21.15.64:0/1782099161 <== mon.0 v2:172.21.15.64:3300/0 5 ==== osd_map(2..2 src has 1..2) v4 ==== 936+0+0 (secure 0 0 0) 0x7efc7c04a4c0 con 0x7efc8c102770
2024-02-16T22:47:37.403 INFO:teuthology.orchestra.run.smithi064.stdout:/usr/bin/ceph: stderr
2024-02-16T22:47:36.233+0000 7efc92336700 1 -- 172.21.15.64:0/1782099161 --> [v2:172.21.15.64:3300/0,v1:172.21.15.64:6789/0] -- mon_command({"prefix": "get_command_descriptions"} v 0) v1 -- 0x7efc8c05f5c0 con 0x7efc8c102770
2024-02-16T22:47:37.403 INFO:teuthology.orchestra.run.smithi064.stdout:/usr/bin/ceph: stderr
2024-02-16T22:47:36.233+0000 7efc8b7fe700 1 --2- 172.21.15.64:0/1782099161 >> [v2:172.21.15.64:6800/3482665154,v1:172.21.15.64:6801/3482665154] conn(0x7efc74036790 0x7efc74038c40 unknown :-1 s=BANNER_CONNECTING pgs=0 cs=0 l=1 rev1=0 crypto rx=0 tx=0 comp rx=0 tx=0)._handle_peer_banner_payload supported=3 required=0
2024-02-16T22:47:37.403 INFO:teuthology.orchestra.run.smithi064.stdout:/usr/bin/ceph: stderr
2024-02-16T22:47:36.233+0000 7efc8b7fe700 1 --2- 172.21.15.64:0/1782099161 >> [v2:172.21.15.64:6800/3482665154,v1:172.21.15.64:6801/3482665154] conn(0x7efc74036790 0x7efc74038c40 secure :-1 s=READY pgs=13 cs=0 l=1 rev1=1 crypto rx=0x7efc80009990 tx=0x7efc80006e40 comp rx=0 tx=0).ready entity=mgr.14120 client_cookie=0 server_cookie=0 in_seq=0 out_seq=0
2024-02-16T22:47:37.403 INFO:teuthology.orchestra.run.smithi064.stdout:/usr/bin/ceph: stderr
2024-02-16T22:47:36.238+0000 7efc88ff9700 1 -- 172.21.15.64:0/1782099161 <== mon.0 v2:172.21.15.64:3300/0 6 ==== mon_command_ack([{"prefix": "get_command_descriptions"}]=0 v0) v1 ==== 72+0+175031 (secure 0 0 0) 0x7efc7c02d3f0 con 0x7efc8c102770
2024-02-16T22:47:37.403 INFO:teuthology.orchestra.run.smithi064.stdout:/usr/bin/ceph: stderr
2024-02-16T22:47:36.453+0000 7efc92336700 1 -- 172.21.15.64:0/1782099161 --> [v2:172.21.15.64:6800/3482665154,v1:172.21.15.64:6801/3482665154] -- mgr_command(tid 0: {"prefix": "orch apply", "service_type": "mgr", "target": ["mon-mgr", ""]}) v1 -- 0x7efc8c0ff3a0 con 0x7efc74036790
2024-02-16T22:47:37.403 INFO:teuthology.orchestra.run.smithi064.stdout:/usr/bin/ceph: stderr
2024-02-16T22:47:36.457+0000 7efc88ff9700 1 -- 172.21.15.64:0/1782099161 <== mgr.14120 v2:172.21.15.64:6800/3482665154 1 ==== mgr_command_reply(tid 0: 0 ) v1 ==== 8+0+24 (secure 0 0 0) 0x7efc8c0ff3a0 con 0x7efc74036790
2024-02-16T22:47:37.403 INFO:teuthology.orchestra.run.smithi064.stdout:/usr/bin/ceph: stderr
2024-02-16T22:47:36.459+0000 7efc92336700 1 -- 172.21.15.64:0/1782099161 >> [v2:172.21.15.64:6800/3482665154,v1:172.21.15.64:6801/3482665154] conn(0x7efc74036790 msgr2=0x7efc74038c40 secure :-1 s=STATE_CONNECTION_ESTABLISHED l=1).mark_down
2024-02-16T22:47:37.403 INFO:teuthology.orchestra.run.smithi064.stdout:/usr/bin/ceph: stderr
2024-02-16T22:47:36.459+0000 7efc92336700 1 --2- 172.21.15.64:0/1782099161 >> [v2:172.21.15.64:6800/3482665154,v1:172.21.15.64:6801/3482665154] conn(0x7efc74036790 0x7efc74038c40 secure :-1 s=READY pgs=13 cs=0 l=1 rev1=1 crypto rx=0x7efc80009990 tx=0x7efc80006e40 comp rx=0 tx=0).stop
2024-02-16T22:47:37.403 INFO:teuthology.orchestra.run.smithi064.stdout:/usr/bin/ceph: stderr
2024-02-16T22:47:36.459+0000 7efc92336700 1 -- 172.21.15.64:0/1782099161 >> [v2:172.21.15.64:3300/0,v1:172.21.15.64:6789/0] conn(0x7efc8c102770 msgr2=0x7efc8c111540 secure :-1 s=STATE_CONNECTION_ESTABLISHED l=1).mark_down
2024-02-16T22:47:37.403 INFO:teuthology.orchestra.run.smithi064.stdout:/usr/bin/ceph: stderr
2024-02-16T22:47:36.459+0000 7efc92336700 1 --2- 172.21.15.64:0/1782099161 >> [v2:172.21.15.64:3300/0,v1:172.21.15.64:6789/0] conn(0x7efc8c102770 0x7efc8c111540 secure :-1 s=READY pgs=50 cs=0 l=1 rev1=1 crypto rx=0x7efc7c011650 tx=0x7efc7c009250 comp rx=0 tx=0).stop
2024-02-16T22:47:37.403 INFO:teuthology.orchestra.run.smithi064.stdout:/usr/bin/ceph: stderr
2024-02-16T22:47:36.459+0000 7efc92336700 1 -- 172.21.15.64:0/1782099161 shutdown_connections
2024-02-16T22:47:37.403 INFO:teuthology.orchestra.run.smithi064.stdout:/usr/bin/ceph: stderr
2024-02-16T22:47:36.459+0000 7efc92336700 1 --2- 172.21.15.64:0/1782099161 >> [v2:172.21.15.64:6800/3482665154,v1:172.21.15.64:6801/3482665154] conn(0x7efc74036790 0x7efc74038c40 unknown :-1 s=CLOSED pgs=13 cs=0 l=1 rev1=1 crypto rx=0 tx=0 comp rx=0 tx=0).stop
2024-02-16T22:47:37.403 INFO:teuthology.orchestra.run.smithi064.stdout:/usr/bin/ceph: stderr
2024-02-16T22:47:36.459+0000 7efc92336700 1 --2- 172.21.15.64:0/1782099161 >> [v2:172.21.15.64:3300/0,v1:172.21.15.64:6789/0] conn(0x7efc8c102770 0x7efc8c111540 unknown :-1 s=CLOSED pgs=50 cs=0 l=1 rev1=1 crypto rx=0 tx=0 comp rx=0 tx=0).stop
2024-02-16T22:47:37.404 INFO:teuthology.orchestra.run.smithi064.stdout:/usr/bin/ceph: stderr
2024-02-16T22:47:36.459+0000 7efc92336700 1 -- 172.21.15.64:0/1782099161 >> 172.21.15.64:0/1782099161 conn(0x7efc8c0fded0 msgr2=0x7efc8c0fec90 unknown :-1 s=STATE_NONE l=0).mark_down
2024-02-16T22:47:37.404 INFO:teuthology.orchestra.run.smithi064.stdout:/usr/bin/ceph: stderr
2024-02-16T22:47:36.459+0000 7efc92336700 1 -- 172.21.15.64:0/1782099161 shutdown_connections
2024-02-16T22:47:37.404 INFO:teuthology.orchestra.run.smithi064.stdout:/usr/bin/ceph: stderr
2024-02-16T22:47:36.459+0000 7efc92336700 1 -- 172.21.15.64:0/1782099161 wait complete.
2024-02-16T22:47:37.404 INFO:teuthology.orchestra.run.smithi064.stdout:Deploying crash service with default placement...
2024-02-16T22:47:38.368 INFO:journalctl@ceph.mon.smithi064.smithi064.stdout:Feb 16 22:47:37 smithi064 ceph-mon[29226]: from='client.14144 -' entity='client.admin' cmd=[{"prefix": "orch apply", "service_type": "mgr", "target": ["mon-mgr", ""]}]: dispatch
2024-02-16T22:47:38.369 INFO:journalctl@ceph.mon.smithi064.smithi064.stdout:Feb 16 22:47:37 smithi064 ceph-mon[29226]: Saving service mgr spec with placement count:2
2024-02-16T22:47:38.369 INFO:journalctl@ceph.mon.smithi064.smithi064.stdout:Feb 16 22:47:37 smithi064 ceph-mon[29226]: from='mgr.14120 172.21.15.64:0/583626597' entity='mgr.smithi064.kubmlk'
2024-02-16T22:47:38.369 INFO:journalctl@ceph.mon.smithi064.smithi064.stdout:Feb 16 22:47:37 smithi064 ceph-mon[29226]: from='mgr.14120 172.21.15.64:0/583626597' entity='mgr.smithi064.kubmlk'
2024-02-16T22:47:38.531 INFO:teuthology.orchestra.run.smithi064.stdout:/usr/bin/ceph: stdout Scheduled crash update...
2024-02-16T22:47:38.531 INFO:teuthology.orchestra.run.smithi064.stdout:/usr/bin/ceph: stderr
2024-02-16T22:47:37.794+0000 7fbdda5d4700 1 Processor -- start
2024-02-16T22:47:38.531 INFO:teuthology.orchestra.run.smithi064.stdout:/usr/bin/ceph: stderr
2024-02-16T22:47:37.794+0000 7fbdda5d4700 1 -- start start
2024-02-16T22:47:38.531 INFO:teuthology.orchestra.run.smithi064.stdout:/usr/bin/ceph: stderr
2024-02-16T22:47:37.794+0000 7fbdda5d4700 1 --2- >> [v2:172.21.15.64:3300/0,v1:172.21.15.64:6789/0] conn(0x7fbdd4078d00 0x7fbdd4077210 unknown :-1 s=NONE pgs=0 cs=0 l=0 rev1=0 crypto rx=0 tx=0 comp rx=0 tx=0).connect
2024-02-16T22:47:38.531 INFO:teuthology.orchestra.run.smithi064.stdout:/usr/bin/ceph: stderr
2024-02-16T22:47:37.794+0000 7fbdda5d4700 1 -- --> [v2:172.21.15.64:3300/0,v1:172.21.15.64:6789/0] -- mon_getmap magic: 0 v1 -- 0x7fbdd4079110 con 0x7fbdd4078d00
2024-02-16T22:47:38.531 INFO:teuthology.orchestra.run.smithi064.stdout:/usr/bin/ceph: stderr
2024-02-16T22:47:37.794+0000 7fbdd3fff700 1 --2- >> [v2:172.21.15.64:3300/0,v1:172.21.15.64:6789/0] conn(0x7fbdd4078d00 0x7fbdd4077210 unknown :-1 s=BANNER_CONNECTING pgs=0 cs=0 l=0 rev1=0 crypto rx=0 tx=0 comp rx=0 tx=0)._handle_peer_banner_payload supported=3 required=0
2024-02-16T22:47:38.531 INFO:teuthology.orchestra.run.smithi064.stdout:/usr/bin/ceph: stderr
2024-02-16T22:47:37.794+0000 7fbdd3fff700 1 --2- >> [v2:172.21.15.64:3300/0,v1:172.21.15.64:6789/0] conn(0x7fbdd4078d00 0x7fbdd4077210 unknown :-1 s=HELLO_CONNECTING pgs=0 cs=0 l=0 rev1=1 crypto rx=0 tx=0 comp rx=0 tx=0).handle_hello peer v2:172.21.15.64:3300/0 says I am v2:172.21.15.64:47898/0 (socket says 172.21.15.64:47898)
2024-02-16T22:47:38.531 INFO:teuthology.orchestra.run.smithi064.stdout:/usr/bin/ceph: stderr
2024-02-16T22:47:37.794+0000 7fbdd3fff700 1 -- 172.21.15.64:0/2719823513 learned_addr learned my addr 172.21.15.64:0/2719823513 (peer_addr_for_me v2:172.21.15.64:0/0)
2024-02-16T22:47:38.532 INFO:teuthology.orchestra.run.smithi064.stdout:/usr/bin/ceph: stderr
2024-02-16T22:47:37.794+0000 7fbdd3fff700 1 -- 172.21.15.64:0/2719823513 --> [v2:172.21.15.64:3300/0,v1:172.21.15.64:6789/0] -- mon_subscribe({config=0+,monmap=0+}) v3 -- 0x7fbdd4077750 con 0x7fbdd4078d00
2024-02-16T22:47:38.532 INFO:teuthology.orchestra.run.smithi064.stdout:/usr/bin/ceph: stderr
2024-02-16T22:47:37.795+0000 7fbdd3fff700 1 --2- 172.21.15.64:0/2719823513 >> [v2:172.21.15.64:3300/0,v1:172.21.15.64:6789/0] conn(0x7fbdd4078d00 0x7fbdd4077210 secure :-1 s=READY pgs=51 cs=0 l=1 rev1=1 crypto rx=0x7fbdc40098e0 tx=0x7fbdc4009250 comp rx=0 tx=0).ready entity=mon.0 client_cookie=e69ed63df18f669e server_cookie=0 in_seq=0 out_seq=0
2024-02-16T22:47:38.532 INFO:teuthology.orchestra.run.smithi064.stdout:/usr/bin/ceph: stderr
2024-02-16T22:47:37.795+0000 7fbdd2ffd700 1 -- 172.21.15.64:0/2719823513 <== mon.0 v2:172.21.15.64:3300/0 1 ==== mon_map magic: 0 v1 ==== 229+0+0 (secure 0 0 0) 0x7fbdc400b860 con 0x7fbdd4078d00
2024-02-16T22:47:38.532 INFO:teuthology.orchestra.run.smithi064.stdout:/usr/bin/ceph: stderr
2024-02-16T22:47:37.795+0000 7fbdd2ffd700 1 -- 172.21.15.64:0/2719823513 <== mon.0 v2:172.21.15.64:3300/0 2 ==== config(27 keys) v1 ==== 1109+0+0 (secure 0 0 0) 0x7fbdc400be90 con 0x7fbdd4078d00
2024-02-16T22:47:38.532 INFO:teuthology.orchestra.run.smithi064.stdout:/usr/bin/ceph: stderr
2024-02-16T22:47:37.795+0000 7fbdd2ffd700 1 -- 172.21.15.64:0/2719823513 <== mon.0 v2:172.21.15.64:3300/0 3 ==== mon_map magic: 0 v1 ==== 229+0+0 (secure 0 0 0) 0x7fbdc40103c0 con 0x7fbdd4078d00
2024-02-16T22:47:38.532 INFO:teuthology.orchestra.run.smithi064.stdout:/usr/bin/ceph: stderr
2024-02-16T22:47:37.795+0000 7fbdda5d4700 1 -- 172.21.15.64:0/2719823513 >> [v2:172.21.15.64:3300/0,v1:172.21.15.64:6789/0] conn(0x7fbdd4078d00 msgr2=0x7fbdd4077210 secure :-1 s=STATE_CONNECTION_ESTABLISHED l=1).mark_down
2024-02-16T22:47:38.532 INFO:teuthology.orchestra.run.smithi064.stdout:/usr/bin/ceph: stderr
2024-02-16T22:47:37.795+0000 7fbdda5d4700 1 --2- 172.21.15.64:0/2719823513 >> [v2:172.21.15.64:3300/0,v1:172.21.15.64:6789/0] conn(0x7fbdd4078d00 0x7fbdd4077210 secure :-1 s=READY pgs=51 cs=0 l=1 rev1=1 crypto rx=0x7fbdc40098e0 tx=0x7fbdc4009250 comp rx=0 tx=0).stop
2024-02-16T22:47:38.532 INFO:teuthology.orchestra.run.smithi064.stdout:/usr/bin/ceph: stderr
2024-02-16T22:47:37.796+0000 7fbdda5d4700 1 -- 172.21.15.64:0/2719823513 shutdown_connections
2024-02-16T22:47:38.532 INFO:teuthology.orchestra.run.smithi064.stdout:/usr/bin/ceph: stderr
2024-02-16T22:47:37.796+0000 7fbdda5d4700 1 --2- 172.21.15.64:0/2719823513 >> [v2:172.21.15.64:3300/0,v1:172.21.15.64:6789/0] conn(0x7fbdd4078d00 0x7fbdd4077210 unknown :-1 s=CLOSED pgs=51 cs=0 l=1 rev1=1 crypto rx=0 tx=0 comp rx=0 tx=0).stop
2024-02-16T22:47:38.532 INFO:teuthology.orchestra.run.smithi064.stdout:/usr/bin/ceph: stderr
2024-02-16T22:47:37.796+0000 7fbdda5d4700 1 -- 172.21.15.64:0/2719823513 >> 172.21.15.64:0/2719823513 conn(0x7fbdd40fded0 msgr2=0x7fbdd4100300 unknown :-1 s=STATE_NONE l=0).mark_down
2024-02-16T22:47:38.532 INFO:teuthology.orchestra.run.smithi064.stdout:/usr/bin/ceph: stderr
2024-02-16T22:47:37.796+0000 7fbdda5d4700 1 -- 172.21.15.64:0/2719823513 shutdown_connections
2024-02-16T22:47:38.532 INFO:teuthology.orchestra.run.smithi064.stdout:/usr/bin/ceph: stderr
2024-02-16T22:47:37.796+0000 7fbdda5d4700 1 -- 172.21.15.64:0/2719823513 wait complete.
2024-02-16T22:47:38.532 INFO:teuthology.orchestra.run.smithi064.stdout:/usr/bin/ceph: stderr
2024-02-16T22:47:37.796+0000 7fbdda5d4700 1 Processor -- start
2024-02-16T22:47:38.532 INFO:teuthology.orchestra.run.smithi064.stdout:/usr/bin/ceph: stderr
2024-02-16T22:47:37.797+0000 7fbdda5d4700 1 -- start start
2024-02-16T22:47:38.532 INFO:teuthology.orchestra.run.smithi064.stdout:/usr/bin/ceph: stderr
2024-02-16T22:47:37.797+0000 7fbdda5d4700 1 --2- >> [v2:172.21.15.64:3300/0,v1:172.21.15.64:6789/0] conn(0x7fbdd4078d00 0x7fbdd4113800 unknown :-1 s=NONE pgs=0 cs=0 l=1 rev1=0 crypto rx=0 tx=0 comp rx=0 tx=0).connect
2024-02-16T22:47:38.532 INFO:teuthology.orchestra.run.smithi064.stdout:/usr/bin/ceph: stderr
2024-02-16T22:47:37.797+0000 7fbdda5d4700 1 -- --> [v2:172.21.15.64:3300/0,v1:172.21.15.64:6789/0] -- mon_getmap magic: 0 v1 -- 0x7fbdd4113d40 con 0x7fbdd4078d00
2024-02-16T22:47:38.533 INFO:teuthology.orchestra.run.smithi064.stdout:/usr/bin/ceph: stderr
2024-02-16T22:47:37.797+0000 7fbdd3fff700 1 --2- >> [v2:172.21.15.64:3300/0,v1:172.21.15.64:6789/0] conn(0x7fbdd4078d00 0x7fbdd4113800 unknown :-1 s=BANNER_CONNECTING pgs=0 cs=0 l=1 rev1=0 crypto rx=0 tx=0 comp rx=0 tx=0)._handle_peer_banner_payload supported=3 required=0
2024-02-16T22:47:38.533 INFO:teuthology.orchestra.run.smithi064.stdout:/usr/bin/ceph: stderr
2024-02-16T22:47:37.797+0000 7fbdd3fff700 1 --2- >> [v2:172.21.15.64:3300/0,v1:172.21.15.64:6789/0] conn(0x7fbdd4078d00 0x7fbdd4113800 unknown :-1 s=HELLO_CONNECTING pgs=0 cs=0 l=1 rev1=1 crypto rx=0 tx=0 comp rx=0 tx=0).handle_hello peer v2:172.21.15.64:3300/0 says I am v2:172.21.15.64:47908/0 (socket says 172.21.15.64:47908)
2024-02-16T22:47:38.533 INFO:teuthology.orchestra.run.smithi064.stdout:/usr/bin/ceph: stderr
2024-02-16T22:47:37.797+0000 7fbdd3fff700 1 -- 172.21.15.64:0/3026301618 learned_addr learned my addr 172.21.15.64:0/3026301618 (peer_addr_for_me v2:172.21.15.64:0/0)
2024-02-16T22:47:38.533 INFO:teuthology.orchestra.run.smithi064.stdout:/usr/bin/ceph: stderr
2024-02-16T22:47:37.797+0000 7fbdd3fff700 1 -- 172.21.15.64:0/3026301618 --> [v2:172.21.15.64:3300/0,v1:172.21.15.64:6789/0] -- mon_subscribe({config=0+,monmap=0+}) v3 -- 0x7fbdc40094f0 con 0x7fbdd4078d00
2024-02-16T22:47:38.533 INFO:teuthology.orchestra.run.smithi064.stdout:/usr/bin/ceph: stderr
2024-02-16T22:47:37.797+0000 7fbdd3fff700 1 --2- 172.21.15.64:0/3026301618 >> [v2:172.21.15.64:3300/0,v1:172.21.15.64:6789/0] conn(0x7fbdd4078d00 0x7fbdd4113800 secure :-1 s=READY pgs=52 cs=0 l=1 rev1=1 crypto rx=0x7fbdc40094c0 tx=0x7fbdc4009250 comp rx=0 tx=0).ready entity=mon.0 client_cookie=0 server_cookie=0 in_seq=0 out_seq=0
2024-02-16T22:47:38.533 INFO:teuthology.orchestra.run.smithi064.stdout:/usr/bin/ceph: stderr
2024-02-16T22:47:37.798+0000 7fbdd0ff9700 1 -- 172.21.15.64:0/3026301618 <== mon.0 v2:172.21.15.64:3300/0 1 ==== mon_map magic: 0 v1 ==== 229+0+0 (secure 0 0 0) 0x7fbdc4010890 con 0x7fbdd4078d00
2024-02-16T22:47:38.533 INFO:teuthology.orchestra.run.smithi064.stdout:/usr/bin/ceph: stderr
2024-02-16T22:47:37.798+0000 7fbdd0ff9700 1 -- 172.21.15.64:0/3026301618 <== mon.0 v2:172.21.15.64:3300/0 2 ==== config(27 keys) v1 ==== 1109+0+0 (secure 0 0 0) 0x7fbdc4010ec0 con 0x7fbdd4078d00
2024-02-16T22:47:38.533 INFO:teuthology.orchestra.run.smithi064.stdout:/usr/bin/ceph: stderr
2024-02-16T22:47:37.798+0000 7fbdda5d4700 1 -- 172.21.15.64:0/3026301618 --> [v2:172.21.15.64:3300/0,v1:172.21.15.64:6789/0] -- mon_subscribe({mgrmap=0+}) v3 -- 0x7fbdd4113f40 con 0x7fbdd4078d00
2024-02-16T22:47:38.533 INFO:teuthology.orchestra.run.smithi064.stdout:/usr/bin/ceph: stderr
2024-02-16T22:47:37.798+0000 7fbdd0ff9700 1 -- 172.21.15.64:0/3026301618 <== mon.0 v2:172.21.15.64:3300/0 3 ==== mon_map magic: 0 v1 ==== 229+0+0 (secure 0 0 0) 0x7fbdc40243f0 con 0x7fbdd4078d00
2024-02-16T22:47:38.533 INFO:teuthology.orchestra.run.smithi064.stdout:/usr/bin/ceph: stderr
2024-02-16T22:47:37.798+0000 7fbdda5d4700 1 -- 172.21.15.64:0/3026301618 --> [v2:172.21.15.64:3300/0,v1:172.21.15.64:6789/0] -- mon_subscribe({osdmap=0}) v3 -- 0x7fbdd4114be0 con 0x7fbdd4078d00
2024-02-16T22:47:38.533 INFO:teuthology.orchestra.run.smithi064.stdout:/usr/bin/ceph: stderr
2024-02-16T22:47:37.799+0000 7fbdd0ff9700 1 -- 172.21.15.64:0/3026301618 <== mon.0 v2:172.21.15.64:3300/0 4 ==== mgrmap(e 8) v1 ==== 43368+0+0 (secure 0 0 0) 0x7fbdc402d3f0 con 0x7fbdd4078d00
2024-02-16T22:47:38.533 INFO:teuthology.orchestra.run.smithi064.stdout:/usr/bin/ceph: stderr
2024-02-16T22:47:37.799+0000 7fbdda5d4700 1 -- 172.21.15.64:0/3026301618 --> [v2:172.21.15.64:3300/0,v1:172.21.15.64:6789/0] -- mon_command({"prefix": "get_command_descriptions"} v 0) v1 -- 0x7fbdd405f5c0 con 0x7fbdd4078d00
2024-02-16T22:47:38.533 INFO:teuthology.orchestra.run.smithi064.stdout:/usr/bin/ceph: stderr
2024-02-16T22:47:37.799+0000 7fbdd0ff9700 1 --2- 172.21.15.64:0/3026301618 >> [v2:172.21.15.64:6800/3482665154,v1:172.21.15.64:6801/3482665154] conn(0x7fbdbc036790 0x7fbdbc038c40 unknown :-1 s=NONE pgs=0 cs=0 l=1 rev1=0 crypto rx=0 tx=0 comp rx=0 tx=0).connect
2024-02-16T22:47:38.534 INFO:teuthology.orchestra.run.smithi064.stdout:/usr/bin/ceph: stderr
2024-02-16T22:47:37.799+0000 7fbdd0ff9700 1 -- 172.21.15.64:0/3026301618 <== mon.0 v2:172.21.15.64:3300/0 5 ==== osd_map(2..2 src has 1..2) v4 ==== 936+0+0 (secure 0 0 0) 0x7fbdc404a2c0 con 0x7fbdd4078d00
2024-02-16T22:47:38.534 INFO:teuthology.orchestra.run.smithi064.stdout:/usr/bin/ceph: stderr
2024-02-16T22:47:37.799+0000 7fbdd37fe700 1 --2- 172.21.15.64:0/3026301618 >> [v2:172.21.15.64:6800/3482665154,v1:172.21.15.64:6801/3482665154] conn(0x7fbdbc036790 0x7fbdbc038c40 unknown :-1 s=BANNER_CONNECTING pgs=0 cs=0 l=1 rev1=0 crypto rx=0 tx=0 comp rx=0 tx=0)._handle_peer_banner_payload supported=3 required=0
2024-02-16T22:47:38.534 INFO:teuthology.orchestra.run.smithi064.stdout:/usr/bin/ceph: stderr
2024-02-16T22:47:37.799+0000 7fbdd37fe700 1 --2- 172.21.15.64:0/3026301618 >> [v2:172.21.15.64:6800/3482665154,v1:172.21.15.64:6801/3482665154] conn(0x7fbdbc036790 0x7fbdbc038c40 secure :-1 s=READY pgs=14 cs=0 l=1 rev1=1 crypto rx=0x7fbdc8009990 tx=0x7fbdc8006e40 comp rx=0 tx=0).ready entity=mgr.14120 client_cookie=0 server_cookie=0 in_seq=0 out_seq=0
2024-02-16T22:47:38.534 INFO:teuthology.orchestra.run.smithi064.stdout:/usr/bin/ceph: stderr
2024-02-16T22:47:37.804+0000 7fbdd0ff9700 1 -- 172.21.15.64:0/3026301618 <== mon.0 v2:172.21.15.64:3300/0 6 ==== mon_command_ack([{"prefix": "get_command_descriptions"}]=0 v0) v1 ==== 72+0+175031 (secure 0 0 0) 0x7fbdc402b8e0 con 0x7fbdd4078d00
2024-02-16T22:47:38.534 INFO:teuthology.orchestra.run.smithi064.stdout:/usr/bin/ceph: stderr
2024-02-16T22:47:38.008+0000 7fbdda5d4700 1 -- 172.21.15.64:0/3026301618 --> [v2:172.21.15.64:6800/3482665154,v1:172.21.15.64:6801/3482665154] -- mgr_command(tid 0: {"prefix": "orch apply", "service_type": "crash", "target": ["mon-mgr", ""]}) v1 -- 0x7fbdd4100210 con 0x7fbdbc036790
2024-02-16T22:47:38.534 INFO:teuthology.orchestra.run.smithi064.stdout:/usr/bin/ceph: stderr
2024-02-16T22:47:38.013+0000 7fbdd0ff9700 1 -- 172.21.15.64:0/3026301618 <== mgr.14120 v2:172.21.15.64:6800/3482665154 1 ==== mgr_command_reply(tid 0: 0 ) v1 ==== 8+0+26 (secure 0 0 0) 0x7fbdd4100210 con 0x7fbdbc036790
2024-02-16T22:47:38.534 INFO:teuthology.orchestra.run.smithi064.stdout:/usr/bin/ceph: stderr
2024-02-16T22:47:38.015+0000 7fbdda5d4700 1 -- 172.21.15.64:0/3026301618 >> [v2:172.21.15.64:6800/3482665154,v1:172.21.15.64:6801/3482665154] conn(0x7fbdbc036790 msgr2=0x7fbdbc038c40 secure :-1 s=STATE_CONNECTION_ESTABLISHED l=1).mark_down
2024-02-16T22:47:38.534 INFO:teuthology.orchestra.run.smithi064.stdout:/usr/bin/ceph: stderr
2024-02-16T22:47:38.015+0000 7fbdda5d4700 1 --2- 172.21.15.64:0/3026301618 >> [v2:172.21.15.64:6800/3482665154,v1:172.21.15.64:6801/3482665154] conn(0x7fbdbc036790 0x7fbdbc038c40 secure :-1 s=READY pgs=14 cs=0 l=1 rev1=1 crypto rx=0x7fbdc8009990 tx=0x7fbdc8006e40 comp rx=0 tx=0).stop
2024-02-16T22:47:38.534 INFO:teuthology.orchestra.run.smithi064.stdout:/usr/bin/ceph: stderr
2024-02-16T22:47:38.015+0000 7fbdda5d4700 1 -- 172.21.15.64:0/3026301618 >> [v2:172.21.15.64:3300/0,v1:172.21.15.64:6789/0] conn(0x7fbdd4078d00 msgr2=0x7fbdd4113800 secure :-1 s=STATE_CONNECTION_ESTABLISHED l=1).mark_down
2024-02-16T22:47:38.534 INFO:teuthology.orchestra.run.smithi064.stdout:/usr/bin/ceph: stderr
2024-02-16T22:47:38.015+0000 7fbdda5d4700 1 --2- 172.21.15.64:0/3026301618 >> [v2:172.21.15.64:3300/0,v1:172.21.15.64:6789/0] conn(0x7fbdd4078d00 0x7fbdd4113800 secure :-1 s=READY pgs=52 cs=0 l=1 rev1=1 crypto rx=0x7fbdc40094c0 tx=0x7fbdc4009250 comp rx=0 tx=0).stop
2024-02-16T22:47:38.534 INFO:teuthology.orchestra.run.smithi064.stdout:/usr/bin/ceph: stderr
2024-02-16T22:47:38.015+0000 7fbdda5d4700 1 -- 172.21.15.64:0/3026301618 shutdown_connections
2024-02-16T22:47:38.534 INFO:teuthology.orchestra.run.smithi064.stdout:/usr/bin/ceph: stderr
2024-02-16T22:47:38.015+0000 7fbdda5d4700 1 --2- 172.21.15.64:0/3026301618 >> [v2:172.21.15.64:6800/3482665154,v1:172.21.15.64:6801/3482665154] conn(0x7fbdbc036790 0x7fbdbc038c40 unknown :-1 s=CLOSED pgs=14 cs=0 l=1 rev1=1 crypto rx=0 tx=0 comp rx=0 tx=0).stop
2024-02-16T22:47:38.534 INFO:teuthology.orchestra.run.smithi064.stdout:/usr/bin/ceph: stderr
2024-02-16T22:47:38.015+0000 7fbdda5d4700 1 --2- 172.21.15.64:0/3026301618 >> [v2:172.21.15.64:3300/0,v1:172.21.15.64:6789/0] conn(0x7fbdd4078d00 0x7fbdd4113800 unknown :-1 s=CLOSED pgs=52 cs=0 l=1 rev1=1 crypto rx=0 tx=0 comp rx=0 tx=0).stop
2024-02-16T22:47:38.534 INFO:teuthology.orchestra.run.smithi064.stdout:/usr/bin/ceph: stderr
2024-02-16T22:47:38.015+0000 7fbdda5d4700 1 -- 172.21.15.64:0/3026301618 >> 172.21.15.64:0/3026301618 conn(0x7fbdd40fded0 msgr2=0x7fbdd40ff5f0 unknown :-1 s=STATE_NONE l=0).mark_down
2024-02-16T22:47:38.535 INFO:teuthology.orchestra.run.smithi064.stdout:/usr/bin/ceph: stderr
2024-02-16T22:47:38.015+0000 7fbdda5d4700 1 -- 172.21.15.64:0/3026301618 shutdown_connections
2024-02-16T22:47:38.535 INFO:teuthology.orchestra.run.smithi064.stdout:/usr/bin/ceph: stderr
2024-02-16T22:47:38.015+0000 7fbdda5d4700 1 -- 172.21.15.64:0/3026301618 wait complete.
2024-02-16T22:47:38.535 INFO:teuthology.orchestra.run.smithi064.stdout:Deploying prometheus service with default placement...
2024-02-16T22:47:39.052 INFO:journalctl@ceph.mon.smithi064.smithi064.stdout:Feb 16 22:47:39 smithi064 ceph-mon[29226]: from='client.14146 -' entity='client.admin' cmd=[{"prefix": "orch apply", "service_type": "crash", "target": ["mon-mgr", ""]}]: dispatch
2024-02-16T22:47:39.053 INFO:journalctl@ceph.mon.smithi064.smithi064.stdout:Feb 16 22:47:39 smithi064 ceph-mon[29226]: Saving service crash spec with placement *
2024-02-16T22:47:39.053 INFO:journalctl@ceph.mon.smithi064.smithi064.stdout:Feb 16 22:47:39 smithi064 ceph-mon[29226]: from='mgr.14120 172.21.15.64:0/583626597' entity='mgr.smithi064.kubmlk'
2024-02-16T22:47:40.042 INFO:teuthology.orchestra.run.smithi064.stdout:/usr/bin/ceph: stdout Scheduled prometheus update...
2024-02-16T22:47:40.042 INFO:teuthology.orchestra.run.smithi064.stdout:/usr/bin/ceph: stderr
2024-02-16T22:47:38.890+0000 7fa682e62700 1 Processor -- start
2024-02-16T22:47:40.042 INFO:teuthology.orchestra.run.smithi064.stdout:/usr/bin/ceph: stderr
2024-02-16T22:47:38.890+0000 7fa682e62700 1 -- start start
2024-02-16T22:47:40.042 INFO:teuthology.orchestra.run.smithi064.stdout:/usr/bin/ceph: stderr
2024-02-16T22:47:38.890+0000 7fa682e62700 1 --2- >> [v2:172.21.15.64:3300/0,v1:172.21.15.64:6789/0] conn(0x7fa67c076ba0 0x7fa67c105400 unknown :-1 s=NONE pgs=0 cs=0 l=0 rev1=0 crypto rx=0 tx=0 comp rx=0 tx=0).connect
2024-02-16T22:47:40.042 INFO:teuthology.orchestra.run.smithi064.stdout:/usr/bin/ceph: stderr
2024-02-16T22:47:38.890+0000 7fa682e62700 1 -- --> [v2:172.21.15.64:3300/0,v1:172.21.15.64:6789/0] -- mon_getmap magic: 0 v1 -- 0x7fa67c105940 con 0x7fa67c076ba0
2024-02-16T22:47:40.042 INFO:teuthology.orchestra.run.smithi064.stdout:/usr/bin/ceph: stderr
2024-02-16T22:47:38.890+0000 7fa680bfe700 1 --2- >> [v2:172.21.15.64:3300/0,v1:172.21.15.64:6789/0] conn(0x7fa67c076ba0 0x7fa67c105400 unknown :-1 s=BANNER_CONNECTING pgs=0 cs=0 l=0 rev1=0 crypto rx=0 tx=0 comp rx=0 tx=0)._handle_peer_banner_payload supported=3 required=0
2024-02-16T22:47:40.043 INFO:teuthology.orchestra.run.smithi064.stdout:/usr/bin/ceph: stderr
2024-02-16T22:47:38.890+0000 7fa680bfe700 1 --2- >> [v2:172.21.15.64:3300/0,v1:172.21.15.64:6789/0] conn(0x7fa67c076ba0 0x7fa67c105400 unknown :-1 s=HELLO_CONNECTING pgs=0 cs=0 l=0 rev1=1 crypto rx=0 tx=0 comp rx=0 tx=0).handle_hello peer v2:172.21.15.64:3300/0 says I am v2:172.21.15.64:47918/0 (socket says 172.21.15.64:47918)
2024-02-16T22:47:40.043 INFO:teuthology.orchestra.run.smithi064.stdout:/usr/bin/ceph: stderr
2024-02-16T22:47:38.891+0000 7fa680bfe700 1 -- 172.21.15.64:0/1674074051 learned_addr learned my addr 172.21.15.64:0/1674074051 (peer_addr_for_me v2:172.21.15.64:0/0)
2024-02-16T22:47:40.043 INFO:teuthology.orchestra.run.smithi064.stdout:/usr/bin/ceph: stderr
2024-02-16T22:47:38.891+0000 7fa680bfe700 1 -- 172.21.15.64:0/1674074051 --> [v2:172.21.15.64:3300/0,v1:172.21.15.64:6789/0] -- mon_subscribe({config=0+,monmap=0+}) v3 -- 0x7fa67c105a80 con 0x7fa67c076ba0
2024-02-16T22:47:40.043 INFO:teuthology.orchestra.run.smithi064.stdout:/usr/bin/ceph: stderr
2024-02-16T22:47:38.891+0000 7fa680bfe700 1 --2- 172.21.15.64:0/1674074051 >> [v2:172.21.15.64:3300/0,v1:172.21.15.64:6789/0] conn(0x7fa67c076ba0 0x7fa67c105400 secure :-1 s=READY pgs=53 cs=0 l=1 rev1=1 crypto rx=0x7fa6700098e0 tx=0x7fa670009250 comp rx=0 tx=0).ready entity=mon.0 client_cookie=ac0b9cb3ac8e25c server_cookie=0 in_seq=0 out_seq=0
2024-02-16T22:47:40.043 INFO:teuthology.orchestra.run.smithi064.stdout:/usr/bin/ceph: stderr
2024-02-16T22:47:38.891+0000 7fa67b7fe700 1 -- 172.21.15.64:0/1674074051 <== mon.0 v2:172.21.15.64:3300/0 1 ==== mon_map magic: 0 v1 ==== 229+0+0 (secure 0 0 0) 0x7fa67000b8f0 con 0x7fa67c076ba0
2024-02-16T22:47:40.043 INFO:teuthology.orchestra.run.smithi064.stdout:/usr/bin/ceph: stderr
2024-02-16T22:47:38.891+0000 7fa67b7fe700 1 -- 172.21.15.64:0/1674074051 <== mon.0 v2:172.21.15.64:3300/0 2 ==== config(27 keys) v1 ==== 1109+0+0 (secure 0 0 0) 0x7fa670011420 con 0x7fa67c076ba0
2024-02-16T22:47:40.043 INFO:teuthology.orchestra.run.smithi064.stdout:/usr/bin/ceph: stderr
2024-02-16T22:47:38.891+0000 7fa67b7fe700 1 -- 172.21.15.64:0/1674074051 <== mon.0 v2:172.21.15.64:3300/0 3 ==== mon_map magic: 0 v1 ==== 229+0+0 (secure 0 0 0) 0x7fa670010540 con 0x7fa67c076ba0
2024-02-16T22:47:40.043 INFO:teuthology.orchestra.run.smithi064.stdout:/usr/bin/ceph: stderr
2024-02-16T22:47:38.892+0000 7fa682e62700 1 -- 172.21.15.64:0/1674074051 >> [v2:172.21.15.64:3300/0,v1:172.21.15.64:6789/0] conn(0x7fa67c076ba0 msgr2=0x7fa67c105400 secure :-1 s=STATE_CONNECTION_ESTABLISHED l=1).mark_down
2024-02-16T22:47:40.043 INFO:teuthology.orchestra.run.smithi064.stdout:/usr/bin/ceph: stderr
2024-02-16T22:47:38.892+0000 7fa682e62700 1 --2- 172.21.15.64:0/1674074051 >> [v2:172.21.15.64:3300/0,v1:172.21.15.64:6789/0] conn(0x7fa67c076ba0 0x7fa67c105400 secure :-1 s=READY pgs=53 cs=0 l=1 rev1=1 crypto rx=0x7fa6700098e0 tx=0x7fa670009250 comp rx=0 tx=0).stop
2024-02-16T22:47:40.043 INFO:teuthology.orchestra.run.smithi064.stdout:/usr/bin/ceph: stderr
2024-02-16T22:47:38.892+0000 7fa682e62700 1 -- 172.21.15.64:0/1674074051 shutdown_connections
2024-02-16T22:47:40.043 INFO:teuthology.orchestra.run.smithi064.stdout:/usr/bin/ceph: stderr
2024-02-16T22:47:38.892+0000 7fa682e62700 1 --2- 172.21.15.64:0/1674074051 >> [v2:172.21.15.64:3300/0,v1:172.21.15.64:6789/0] conn(0x7fa67c076ba0 0x7fa67c105400 unknown :-1 s=CLOSED pgs=53 cs=0 l=1 rev1=1 crypto rx=0 tx=0 comp rx=0 tx=0).stop
2024-02-16T22:47:40.043 INFO:teuthology.orchestra.run.smithi064.stdout:/usr/bin/ceph: stderr
2024-02-16T22:47:38.892+0000 7fa682e62700 1 -- 172.21.15.64:0/1674074051 >> 172.21.15.64:0/1674074051 conn(0x7fa67c0fcdd0 msgr2=0x7fa67c0ff200 unknown :-1 s=STATE_NONE l=0).mark_down
2024-02-16T22:47:40.043 INFO:teuthology.orchestra.run.smithi064.stdout:/usr/bin/ceph: stderr
2024-02-16T22:47:38.892+0000 7fa682e62700 1 -- 172.21.15.64:0/1674074051 shutdown_connections
2024-02-16T22:47:40.043 INFO:teuthology.orchestra.run.smithi064.stdout:/usr/bin/ceph: stderr
2024-02-16T22:47:38.892+0000 7fa682e62700 1 -- 172.21.15.64:0/1674074051 wait complete.
2024-02-16T22:47:40.044 INFO:teuthology.orchestra.run.smithi064.stdout:/usr/bin/ceph: stderr
2024-02-16T22:47:38.892+0000 7fa682e62700 1 Processor -- start
2024-02-16T22:47:40.044 INFO:teuthology.orchestra.run.smithi064.stdout:/usr/bin/ceph: stderr
2024-02-16T22:47:38.892+0000 7fa682e62700 1 -- start start
2024-02-16T22:47:40.044 INFO:teuthology.orchestra.run.smithi064.stdout:/usr/bin/ceph: stderr
2024-02-16T22:47:38.893+0000 7fa682e62700 1 --2- >> [v2:172.21.15.64:3300/0,v1:172.21.15.64:6789/0] conn(0x7fa67c076ba0 0x7fa67c102e80 unknown :-1 s=NONE pgs=0 cs=0 l=1 rev1=0 crypto rx=0 tx=0 comp rx=0 tx=0).connect
2024-02-16T22:47:40.044 INFO:teuthology.orchestra.run.smithi064.stdout:/usr/bin/ceph: stderr
2024-02-16T22:47:38.893+0000 7fa682e62700 1 -- --> [v2:172.21.15.64:3300/0,v1:172.21.15.64:6789/0] -- mon_getmap magic: 0 v1 -- 0x7fa67c101300 con 0x7fa67c076ba0
2024-02-16T22:47:40.044 INFO:teuthology.orchestra.run.smithi064.stdout:/usr/bin/ceph: stderr
2024-02-16T22:47:38.893+0000 7fa680bfe700 1 --2- >> [v2:172.21.15.64:3300/0,v1:172.21.15.64:6789/0] conn(0x7fa67c076ba0 0x7fa67c102e80 unknown :-1 s=BANNER_CONNECTING pgs=0 cs=0 l=1 rev1=0 crypto rx=0 tx=0 comp rx=0 tx=0)._handle_peer_banner_payload supported=3 required=0
2024-02-16T22:47:40.044 INFO:teuthology.orchestra.run.smithi064.stdout:/usr/bin/ceph: stderr
2024-02-16T22:47:38.893+0000 7fa680bfe700 1 --2- >> [v2:172.21.15.64:3300/0,v1:172.21.15.64:6789/0] conn(0x7fa67c076ba0 0x7fa67c102e80 unknown :-1 s=HELLO_CONNECTING pgs=0 cs=0 l=1 rev1=1 crypto rx=0 tx=0 comp rx=0 tx=0).handle_hello peer v2:172.21.15.64:3300/0 says I am v2:172.21.15.64:47926/0 (socket says 172.21.15.64:47926)
2024-02-16T22:47:40.044 INFO:teuthology.orchestra.run.smithi064.stdout:/usr/bin/ceph: stderr
2024-02-16T22:47:38.893+0000 7fa680bfe700 1 -- 172.21.15.64:0/382392676 learned_addr learned my addr 172.21.15.64:0/382392676 (peer_addr_for_me v2:172.21.15.64:0/0)
2024-02-16T22:47:40.044 INFO:teuthology.orchestra.run.smithi064.stdout:/usr/bin/ceph: stderr
2024-02-16T22:47:38.893+0000 7fa680bfe700 1 -- 172.21.15.64:0/382392676 --> [v2:172.21.15.64:3300/0,v1:172.21.15.64:6789/0] -- mon_subscribe({config=0+,monmap=0+}) v3 -- 0x7fa6700094f0 con 0x7fa67c076ba0
2024-02-16T22:47:40.044 INFO:teuthology.orchestra.run.smithi064.stdout:/usr/bin/ceph: stderr
2024-02-16T22:47:38.893+0000 7fa680bfe700 1 --2- 172.21.15.64:0/382392676 >> [v2:172.21.15.64:3300/0,v1:172.21.15.64:6789/0] conn(0x7fa67c076ba0 0x7fa67c102e80 secure :-1 s=READY pgs=54 cs=0 l=1 rev1=1 crypto rx=0x7fa670011cf0 tx=0x7fa670009250 comp rx=0 tx=0).ready entity=mon.0 client_cookie=0 server_cookie=0 in_seq=0 out_seq=0
2024-02-16T22:47:40.044 INFO:teuthology.orchestra.run.smithi064.stdout:/usr/bin/ceph: stderr
2024-02-16T22:47:38.893+0000 7fa6797fa700 1 -- 172.21.15.64:0/382392676 <== mon.0 v2:172.21.15.64:3300/0 1 ==== mon_map magic: 0 v1 ==== 229+0+0 (secure 0 0 0) 0x7fa670010800 con 0x7fa67c076ba0
2024-02-16T22:47:40.044 INFO:teuthology.orchestra.run.smithi064.stdout:/usr/bin/ceph: stderr
2024-02-16T22:47:38.893+0000 7fa6797fa700 1 -- 172.21.15.64:0/382392676 <== mon.0 v2:172.21.15.64:3300/0 2 ==== config(27 keys) v1 ==== 1109+0+0 (secure 0 0 0) 0x7fa670010e30 con 0x7fa67c076ba0
2024-02-16T22:47:40.044 INFO:teuthology.orchestra.run.smithi064.stdout:/usr/bin/ceph: stderr
2024-02-16T22:47:38.893+0000 7fa6797fa700 1 -- 172.21.15.64:0/382392676 <== mon.0 v2:172.21.15.64:3300/0 3 ==== mon_map magic: 0 v1 ==== 229+0+0 (secure 0 0 0) 0x7fa67001ae80 con 0x7fa67c076ba0
2024-02-16T22:47:40.044 INFO:teuthology.orchestra.run.smithi064.stdout:/usr/bin/ceph: stderr
2024-02-16T22:47:38.894+0000 7fa682e62700 1 -- 172.21.15.64:0/382392676 --> [v2:172.21.15.64:3300/0,v1:172.21.15.64:6789/0] -- mon_subscribe({mgrmap=0+}) v3 -- 0x7fa67c101500 con 0x7fa67c076ba0
2024-02-16T22:47:40.044 INFO:teuthology.orchestra.run.smithi064.stdout:/usr/bin/ceph: stderr
2024-02-16T22:47:38.894+0000 7fa682e62700 1 -- 172.21.15.64:0/382392676 --> [v2:172.21.15.64:3300/0,v1:172.21.15.64:6789/0] -- mon_subscribe({osdmap=0}) v3 -- 0x7fa67c101990 con 0x7fa67c076ba0
2024-02-16T22:47:40.045 INFO:teuthology.orchestra.run.smithi064.stdout:/usr/bin/ceph: stderr
2024-02-16T22:47:38.895+0000 7fa6797fa700 1 -- 172.21.15.64:0/382392676 <== mon.0 v2:172.21.15.64:3300/0 4 ==== mgrmap(e 8) v1 ==== 43368+0+0 (secure 0 0 0) 0x7fa670010960 con 0x7fa67c076ba0
2024-02-16T22:47:40.045 INFO:teuthology.orchestra.run.smithi064.stdout:/usr/bin/ceph: stderr
2024-02-16T22:47:38.895+0000 7fa682e62700 1 -- 172.21.15.64:0/382392676 --> [v2:172.21.15.64:3300/0,v1:172.21.15.64:6789/0] -- mon_command({"prefix": "get_command_descriptions"} v 0) v1 -- 0x7fa67c04bed0 con 0x7fa67c076ba0
2024-02-16T22:47:40.045 INFO:teuthology.orchestra.run.smithi064.stdout:/usr/bin/ceph: stderr
