2024-02-16T22:48:01.982 INFO:teuthology.orchestra.run.smithi064.stdout:/usr/bin/ceph: stderr
2024-02-16T22:48:01.248+0000 7f35858fc700 1 -- 172.21.15.64:0/407643462 --> [v2:172.21.15.64:3300/0,v1:172.21.15.64:6789/0] -- mon_subscribe({config=0+,monmap=0+}) v3 -- 0x7f3580105a00 con 0x7f3580076c20
2024-02-16T22:48:01.982 INFO:teuthology.orchestra.run.smithi064.stdout:/usr/bin/ceph: stderr
2024-02-16T22:48:01.248+0000 7f35858fc700 1 --2- 172.21.15.64:0/407643462 >> [v2:172.21.15.64:3300/0,v1:172.21.15.64:6789/0] conn(0x7f3580076c20 0x7f3580105380 secure :-1 s=READY pgs=86 cs=0 l=1 rev1=1 crypto rx=0x7f35740098e0 tx=0x7f3574009250 comp rx=0 tx=0).ready entity=mon.0 client_cookie=75e1be6b17b38d17 server_cookie=0 in_seq=0 out_seq=0
2024-02-16T22:48:01.982 INFO:teuthology.orchestra.run.smithi064.stdout:/usr/bin/ceph: stderr
2024-02-16T22:48:01.249+0000 7f35848fa700 1 -- 172.21.15.64:0/407643462 <== mon.0 v2:172.21.15.64:3300/0 1 ==== mon_map magic: 0 v1 ==== 229+0+0 (secure 0 0 0) 0x7f357400b860 con 0x7f3580076c20
2024-02-16T22:48:01.983 INFO:teuthology.orchestra.run.smithi064.stdout:/usr/bin/ceph: stderr
2024-02-16T22:48:01.249+0000 7f35848fa700 1 -- 172.21.15.64:0/407643462 <== mon.0 v2:172.21.15.64:3300/0 2 ==== config(27 keys) v1 ==== 1109+0+0 (secure 0 0 0) 0x7f357400be90 con 0x7f3580076c20
2024-02-16T22:48:01.983 INFO:teuthology.orchestra.run.smithi064.stdout:/usr/bin/ceph: stderr
2024-02-16T22:48:01.249+0000 7f35848fa700 1 -- 172.21.15.64:0/407643462 <== mon.0 v2:172.21.15.64:3300/0 3 ==== mon_map magic: 0 v1 ==== 229+0+0 (secure 0 0 0) 0x7f35740103c0 con 0x7f3580076c20
2024-02-16T22:48:01.983 INFO:teuthology.orchestra.run.smithi064.stdout:/usr/bin/ceph: stderr
2024-02-16T22:48:01.249+0000 7f3587b60700 1 -- 172.21.15.64:0/407643462 >> [v2:172.21.15.64:3300/0,v1:172.21.15.64:6789/0] conn(0x7f3580076c20 msgr2=0x7f3580105380 secure :-1 s=STATE_CONNECTION_ESTABLISHED l=1).mark_down
2024-02-16T22:48:01.983 INFO:teuthology.orchestra.run.smithi064.stdout:/usr/bin/ceph: stderr
2024-02-16T22:48:01.249+0000 7f3587b60700 1 --2- 172.21.15.64:0/407643462 >> [v2:172.21.15.64:3300/0,v1:172.21.15.64:6789/0] conn(0x7f3580076c20 0x7f3580105380 secure :-1 s=READY pgs=86 cs=0 l=1 rev1=1 crypto rx=0x7f35740098e0 tx=0x7f3574009250 comp rx=0 tx=0).stop
2024-02-16T22:48:01.983 INFO:teuthology.orchestra.run.smithi064.stdout:/usr/bin/ceph: stderr
2024-02-16T22:48:01.249+0000 7f3587b60700 1 -- 172.21.15.64:0/407643462 shutdown_connections
2024-02-16T22:48:01.983 INFO:teuthology.orchestra.run.smithi064.stdout:/usr/bin/ceph: stderr
2024-02-16T22:48:01.249+0000 7f3587b60700 1 --2- 172.21.15.64:0/407643462 >> [v2:172.21.15.64:3300/0,v1:172.21.15.64:6789/0] conn(0x7f3580076c20 0x7f3580105380 unknown :-1 s=CLOSED pgs=86 cs=0 l=1 rev1=1 crypto rx=0 tx=0 comp rx=0 tx=0).stop
2024-02-16T22:48:01.983 INFO:teuthology.orchestra.run.smithi064.stdout:/usr/bin/ceph: stderr
2024-02-16T22:48:01.249+0000 7f3587b60700 1 -- 172.21.15.64:0/407643462 >> 172.21.15.64:0/407643462 conn(0x7f35800fcdd0 msgr2=0x7f35800ff200 unknown :-1 s=STATE_NONE l=0).mark_down
2024-02-16T22:48:01.983 INFO:teuthology.orchestra.run.smithi064.stdout:/usr/bin/ceph: stderr
2024-02-16T22:48:01.249+0000 7f3587b60700 1 -- 172.21.15.64:0/407643462 shutdown_connections
2024-02-16T22:48:01.983 INFO:teuthology.orchestra.run.smithi064.stdout:/usr/bin/ceph: stderr
2024-02-16T22:48:01.249+0000 7f3587b60700 1 -- 172.21.15.64:0/407643462 wait complete.
2024-02-16T22:48:01.983 INFO:teuthology.orchestra.run.smithi064.stdout:/usr/bin/ceph: stderr
2024-02-16T22:48:01.250+0000 7f3587b60700 1 Processor -- start
2024-02-16T22:48:01.983 INFO:teuthology.orchestra.run.smithi064.stdout:/usr/bin/ceph: stderr
2024-02-16T22:48:01.250+0000 7f3587b60700 1 -- start start
2024-02-16T22:48:01.983 INFO:teuthology.orchestra.run.smithi064.stdout:/usr/bin/ceph: stderr
2024-02-16T22:48:01.250+0000 7f3587b60700 1 --2- >> [v2:172.21.15.64:3300/0,v1:172.21.15.64:6789/0] conn(0x7f3580076c20 0x7f35801115e0 unknown :-1 s=NONE pgs=0 cs=0 l=1 rev1=0 crypto rx=0 tx=0 comp rx=0 tx=0).connect
2024-02-16T22:48:01.983 INFO:teuthology.orchestra.run.smithi064.stdout:/usr/bin/ceph: stderr
2024-02-16T22:48:01.250+0000 7f3587b60700 1 -- --> [v2:172.21.15.64:3300/0,v1:172.21.15.64:6789/0] -- mon_getmap magic: 0 v1 -- 0x7f3580111b20 con 0x7f3580076c20
2024-02-16T22:48:01.983 INFO:teuthology.orchestra.run.smithi064.stdout:/usr/bin/ceph: stderr
2024-02-16T22:48:01.250+0000 7f35858fc700 1 --2- >> [v2:172.21.15.64:3300/0,v1:172.21.15.64:6789/0] conn(0x7f3580076c20 0x7f35801115e0 unknown :-1 s=BANNER_CONNECTING pgs=0 cs=0 l=1 rev1=0 crypto rx=0 tx=0 comp rx=0 tx=0)._handle_peer_banner_payload supported=3 required=0
2024-02-16T22:48:01.983 INFO:teuthology.orchestra.run.smithi064.stdout:/usr/bin/ceph: stderr
2024-02-16T22:48:01.250+0000 7f35858fc700 1 --2- >> [v2:172.21.15.64:3300/0,v1:172.21.15.64:6789/0] conn(0x7f3580076c20 0x7f35801115e0 unknown :-1 s=HELLO_CONNECTING pgs=0 cs=0 l=1 rev1=1 crypto rx=0 tx=0 comp rx=0 tx=0).handle_hello peer v2:172.21.15.64:3300/0 says I am v2:172.21.15.64:44406/0 (socket says 172.21.15.64:44406)
2024-02-16T22:48:01.984 INFO:teuthology.orchestra.run.smithi064.stdout:/usr/bin/ceph: stderr
2024-02-16T22:48:01.250+0000 7f35858fc700 1 -- 172.21.15.64:0/3483947765 learned_addr learned my addr 172.21.15.64:0/3483947765 (peer_addr_for_me v2:172.21.15.64:0/0)
2024-02-16T22:48:01.984 INFO:teuthology.orchestra.run.smithi064.stdout:/usr/bin/ceph: stderr
2024-02-16T22:48:01.250+0000 7f35858fc700 1 -- 172.21.15.64:0/3483947765 --> [v2:172.21.15.64:3300/0,v1:172.21.15.64:6789/0] -- mon_subscribe({config=0+,monmap=0+}) v3 -- 0x7f35740094f0 con 0x7f3580076c20
2024-02-16T22:48:01.984 INFO:teuthology.orchestra.run.smithi064.stdout:/usr/bin/ceph: stderr
2024-02-16T22:48:01.251+0000 7f35858fc700 1 --2- 172.21.15.64:0/3483947765 >> [v2:172.21.15.64:3300/0,v1:172.21.15.64:6789/0] conn(0x7f3580076c20 0x7f35801115e0 secure :-1 s=READY pgs=87 cs=0 l=1 rev1=1 crypto rx=0x7f35740094c0 tx=0x7f3574009250 comp rx=0 tx=0).ready entity=mon.0 client_cookie=0 server_cookie=0 in_seq=0 out_seq=0
2024-02-16T22:48:01.984 INFO:teuthology.orchestra.run.smithi064.stdout:/usr/bin/ceph: stderr
2024-02-16T22:48:01.251+0000 7f35727fc700 1 -- 172.21.15.64:0/3483947765 <== mon.0 v2:172.21.15.64:3300/0 1 ==== mon_map magic: 0 v1 ==== 229+0+0 (secure 0 0 0) 0x7f3574010890 con 0x7f3580076c20
2024-02-16T22:48:01.984 INFO:teuthology.orchestra.run.smithi064.stdout:/usr/bin/ceph: stderr
2024-02-16T22:48:01.251+0000 7f3587b60700 1 -- 172.21.15.64:0/3483947765 --> [v2:172.21.15.64:3300/0,v1:172.21.15.64:6789/0] -- mon_subscribe({mgrmap=0+}) v3 -- 0x7f3580111d20 con 0x7f3580076c20
2024-02-16T22:48:01.984 INFO:teuthology.orchestra.run.smithi064.stdout:/usr/bin/ceph: stderr
2024-02-16T22:48:01.251+0000 7f35727fc700 1 -- 172.21.15.64:0/3483947765 <== mon.0 v2:172.21.15.64:3300/0 2 ==== config(27 keys) v1 ==== 1109+0+0 (secure 0 0 0) 0x7f3574010ec0 con 0x7f3580076c20
2024-02-16T22:48:01.984 INFO:teuthology.orchestra.run.smithi064.stdout:/usr/bin/ceph: stderr
2024-02-16T22:48:01.251+0000 7f35727fc700 1 -- 172.21.15.64:0/3483947765 <== mon.0 v2:172.21.15.64:3300/0 3 ==== mon_map magic: 0 v1 ==== 229+0+0 (secure 0 0 0) 0x7f35740243f0 con 0x7f3580076c20
2024-02-16T22:48:01.984 INFO:teuthology.orchestra.run.smithi064.stdout:/usr/bin/ceph: stderr
2024-02-16T22:48:01.251+0000 7f3587b60700 1 -- 172.21.15.64:0/3483947765 --> [v2:172.21.15.64:3300/0,v1:172.21.15.64:6789/0] -- mon_subscribe({osdmap=0}) v3 -- 0x7f35801129c0 con 0x7f3580076c20
2024-02-16T22:48:01.984 INFO:teuthology.orchestra.run.smithi064.stdout:/usr/bin/ceph: stderr
2024-02-16T22:48:01.252+0000 7f35727fc700 1 -- 172.21.15.64:0/3483947765 <== mon.0 v2:172.21.15.64:3300/0 4 ==== mgrmap(e 13) v1 ==== 43424+0+0 (secure 0 0 0) 0x7f35740109f0 con 0x7f3580076c20
2024-02-16T22:48:01.984 INFO:teuthology.orchestra.run.smithi064.stdout:/usr/bin/ceph: stderr
2024-02-16T22:48:01.252+0000 7f3587b60700 1 -- 172.21.15.64:0/3483947765 --> [v2:172.21.15.64:3300/0,v1:172.21.15.64:6789/0] -- mon_command({"prefix": "get_command_descriptions"} v 0) v1 -- 0x7f358005f5c0 con 0x7f3580076c20
2024-02-16T22:48:01.984 INFO:teuthology.orchestra.run.smithi064.stdout:/usr/bin/ceph: stderr
2024-02-16T22:48:01.252+0000 7f35727fc700 1 --2- 172.21.15.64:0/3483947765 >> [v2:172.21.15.64:6800/600121841,v1:172.21.15.64:6801/600121841] conn(0x7f356c036880 0x7f356c038d30 unknown :-1 s=NONE pgs=0 cs=0 l=1 rev1=0 crypto rx=0 tx=0 comp rx=0 tx=0).connect
2024-02-16T22:48:01.984 INFO:teuthology.orchestra.run.smithi064.stdout:/usr/bin/ceph: stderr
2024-02-16T22:48:01.252+0000 7f35727fc700 1 -- 172.21.15.64:0/3483947765 <== mon.0 v2:172.21.15.64:3300/0 5 ==== osd_map(3..3 src has 1..3) v4 ==== 1151+0+0 (secure 0 0 0) 0x7f357404a470 con 0x7f3580076c20
2024-02-16T22:48:01.984 INFO:teuthology.orchestra.run.smithi064.stdout:/usr/bin/ceph: stderr
2024-02-16T22:48:01.252+0000 7f35850fb700 1 --2- 172.21.15.64:0/3483947765 >> [v2:172.21.15.64:6800/600121841,v1:172.21.15.64:6801/600121841] conn(0x7f356c036880 0x7f356c038d30 unknown :-1 s=BANNER_CONNECTING pgs=0 cs=0 l=1 rev1=0 crypto rx=0 tx=0 comp rx=0 tx=0)._handle_peer_banner_payload supported=3 required=0
2024-02-16T22:48:01.984 INFO:teuthology.orchestra.run.smithi064.stdout:/usr/bin/ceph: stderr
2024-02-16T22:48:01.252+0000 7f35850fb700 1 --2- 172.21.15.64:0/3483947765 >> [v2:172.21.15.64:6800/600121841,v1:172.21.15.64:6801/600121841] conn(0x7f356c036880 0x7f356c038d30 secure :-1 s=READY pgs=10 cs=0 l=1 rev1=1 crypto rx=0x7f357c009990 tx=0x7f357c006e40 comp rx=0 tx=0).ready entity=mgr.14162 client_cookie=0 server_cookie=0 in_seq=0 out_seq=0
2024-02-16T22:48:01.985 INFO:teuthology.orchestra.run.smithi064.stdout:/usr/bin/ceph: stderr
2024-02-16T22:48:01.257+0000 7f35727fc700 1 -- 172.21.15.64:0/3483947765 <== mon.0 v2:172.21.15.64:3300/0 6 ==== mon_command_ack([{"prefix": "get_command_descriptions"}]=0 v0) v1 ==== 72+0+175031 (secure 0 0 0) 0x7f357402b8e0 con 0x7f3580076c20
2024-02-16T22:48:01.985 INFO:teuthology.orchestra.run.smithi064.stdout:/usr/bin/ceph: stderr
2024-02-16T22:48:01.447+0000 7f3587b60700 1 -- 172.21.15.64:0/3483947765 --> [v2:172.21.15.64:3300/0,v1:172.21.15.64:6789/0] -- mon_command([{prefix=config set, name=osd_memory_target_autotune}] v 0) v1 -- 0x7f358004bed0 con 0x7f3580076c20
2024-02-16T22:48:01.985 INFO:teuthology.orchestra.run.smithi064.stdout:/usr/bin/ceph: stderr
2024-02-16T22:48:01.447+0000 7f35727fc700 1 -- 172.21.15.64:0/3483947765 <== mon.0 v2:172.21.15.64:3300/0 7 ==== mon_command_ack([{prefix=config set, name=osd_memory_target_autotune}]=0 v8)=0 v8) v1 ==== 127+0+0 (secure 0 0 0) 0x7f357402b2f0 con 0x7f3580076c20
2024-02-16T22:48:01.985 INFO:teuthology.orchestra.run.smithi064.stdout:/usr/bin/ceph: stderr
2024-02-16T22:48:01.449+0000 7f3587b60700 1 -- 172.21.15.64:0/3483947765 >> [v2:172.21.15.64:6800/600121841,v1:172.21.15.64:6801/600121841] conn(0x7f356c036880 msgr2=0x7f356c038d30 secure :-1 s=STATE_CONNECTION_ESTABLISHED l=1).mark_down
2024-02-16T22:48:01.985 INFO:teuthology.orchestra.run.smithi064.stdout:/usr/bin/ceph: stderr
2024-02-16T22:48:01.449+0000 7f3587b60700 1 --2- 172.21.15.64:0/3483947765 >> [v2:172.21.15.64:6800/600121841,v1:172.21.15.64:6801/600121841] conn(0x7f356c036880 0x7f356c038d30 secure :-1 s=READY pgs=10 cs=0 l=1 rev1=1 crypto rx=0x7f357c009990 tx=0x7f357c006e40 comp rx=0 tx=0).stop
2024-02-16T22:48:01.985 INFO:teuthology.orchestra.run.smithi064.stdout:/usr/bin/ceph: stderr
2024-02-16T22:48:01.449+0000 7f3587b60700 1 -- 172.21.15.64:0/3483947765 >> [v2:172.21.15.64:3300/0,v1:172.21.15.64:6789/0] conn(0x7f3580076c20 msgr2=0x7f35801115e0 secure :-1 s=STATE_CONNECTION_ESTABLISHED l=1).mark_down
2024-02-16T22:48:01.985 INFO:teuthology.orchestra.run.smithi064.stdout:/usr/bin/ceph: stderr
2024-02-16T22:48:01.449+0000 7f3587b60700 1 --2- 172.21.15.64:0/3483947765 >> [v2:172.21.15.64:3300/0,v1:172.21.15.64:6789/0] conn(0x7f3580076c20 0x7f35801115e0 secure :-1 s=READY pgs=87 cs=0 l=1 rev1=1 crypto rx=0x7f35740094c0 tx=0x7f3574009250 comp rx=0 tx=0).stop
2024-02-16T22:48:01.985 INFO:teuthology.orchestra.run.smithi064.stdout:/usr/bin/ceph: stderr
2024-02-16T22:48:01.449+0000 7f3587b60700 1 -- 172.21.15.64:0/3483947765 shutdown_connections
2024-02-16T22:48:01.985 INFO:teuthology.orchestra.run.smithi064.stdout:/usr/bin/ceph: stderr
2024-02-16T22:48:01.449+0000 7f3587b60700 1 --2- 172.21.15.64:0/3483947765 >> [v2:172.21.15.64:6800/600121841,v1:172.21.15.64:6801/600121841] conn(0x7f356c036880 0x7f356c038d30 unknown :-1 s=CLOSED pgs=10 cs=0 l=1 rev1=1 crypto rx=0 tx=0 comp rx=0 tx=0).stop
2024-02-16T22:48:01.986 INFO:teuthology.orchestra.run.smithi064.stdout:/usr/bin/ceph: stderr
2024-02-16T22:48:01.449+0000 7f3587b60700 1 --2- 172.21.15.64:0/3483947765 >> [v2:172.21.15.64:3300/0,v1:172.21.15.64:6789/0] conn(0x7f3580076c20 0x7f35801115e0 unknown :-1 s=CLOSED pgs=87 cs=0 l=1 rev1=1 crypto rx=0 tx=0 comp rx=0 tx=0).stop
2024-02-16T22:48:01.986 INFO:teuthology.orchestra.run.smithi064.stdout:/usr/bin/ceph: stderr
2024-02-16T22:48:01.449+0000 7f3587b60700 1 -- 172.21.15.64:0/3483947765 >> 172.21.15.64:0/3483947765 conn(0x7f35800fcdd0 msgr2=0x7f35800fe510 unknown :-1 s=STATE_NONE l=0).mark_down
2024-02-16T22:48:01.986 INFO:teuthology.orchestra.run.smithi064.stdout:/usr/bin/ceph: stderr
2024-02-16T22:48:01.449+0000 7f3587b60700 1 -- 172.21.15.64:0/3483947765 shutdown_connections
2024-02-16T22:48:01.986 INFO:teuthology.orchestra.run.smithi064.stdout:/usr/bin/ceph: stderr
2024-02-16T22:48:01.449+0000 7f3587b60700 1 -- 172.21.15.64:0/3483947765 wait complete.
2024-02-16T22:48:02.268 INFO:journalctl@ceph.mon.smithi064.smithi064.stdout:Feb 16 22:48:02 smithi064 ceph-mon[29226]: mgrmap e13: smithi064.kubmlk(active, since 6s)
2024-02-16T22:48:03.246 INFO:teuthology.orchestra.run.smithi064.stdout:/usr/bin/ceph: stderr
2024-02-16T22:48:02.370+0000 7f70d88ff700 1 Processor -- start
2024-02-16T22:48:03.246 INFO:teuthology.orchestra.run.smithi064.stdout:/usr/bin/ceph: stderr
2024-02-16T22:48:02.370+0000 7f70d88ff700 1 -- start start
2024-02-16T22:48:03.246 INFO:teuthology.orchestra.run.smithi064.stdout:/usr/bin/ceph: stderr
2024-02-16T22:48:02.370+0000 7f70d88ff700 1 --2- >> [v2:172.21.15.64:3300/0,v1:172.21.15.64:6789/0] conn(0x7f70d4102770 0x7f70d4102b80 unknown :-1 s=NONE pgs=0 cs=0 l=0 rev1=0 crypto rx=0 tx=0 comp rx=0 tx=0).connect
2024-02-16T22:48:03.246 INFO:teuthology.orchestra.run.smithi064.stdout:/usr/bin/ceph: stderr
2024-02-16T22:48:02.370+0000 7f70d88ff700 1 -- --> [v2:172.21.15.64:3300/0,v1:172.21.15.64:6789/0] -- mon_getmap magic: 0 v1 -- 0x7f70d41030c0 con 0x7f70d4102770
2024-02-16T22:48:03.246 INFO:teuthology.orchestra.run.smithi064.stdout:/usr/bin/ceph: stderr
2024-02-16T22:48:02.370+0000 7f70d259c700 1 --2- >> [v2:172.21.15.64:3300/0,v1:172.21.15.64:6789/0] conn(0x7f70d4102770 0x7f70d4102b80 unknown :-1 s=BANNER_CONNECTING pgs=0 cs=0 l=0 rev1=0 crypto rx=0 tx=0 comp rx=0 tx=0)._handle_peer_banner_payload supported=3 required=0
2024-02-16T22:48:03.246 INFO:teuthology.orchestra.run.smithi064.stdout:/usr/bin/ceph: stderr
2024-02-16T22:48:02.370+0000 7f70d259c700 1 --2- >> [v2:172.21.15.64:3300/0,v1:172.21.15.64:6789/0] conn(0x7f70d4102770 0x7f70d4102b80 unknown :-1 s=HELLO_CONNECTING pgs=0 cs=0 l=0 rev1=1 crypto rx=0 tx=0 comp rx=0 tx=0).handle_hello peer v2:172.21.15.64:3300/0 says I am v2:172.21.15.64:44412/0 (socket says 172.21.15.64:44412)
2024-02-16T22:48:03.246 INFO:teuthology.orchestra.run.smithi064.stdout:/usr/bin/ceph: stderr
2024-02-16T22:48:02.370+0000 7f70d259c700 1 -- 172.21.15.64:0/173307090 learned_addr learned my addr 172.21.15.64:0/173307090 (peer_addr_for_me v2:172.21.15.64:0/0)
2024-02-16T22:48:03.246 INFO:teuthology.orchestra.run.smithi064.stdout:/usr/bin/ceph: stderr
2024-02-16T22:48:02.370+0000 7f70d259c700 1 -- 172.21.15.64:0/173307090 --> [v2:172.21.15.64:3300/0,v1:172.21.15.64:6789/0] -- mon_subscribe({config=0+,monmap=0+}) v3 -- 0x7f70d4103200 con 0x7f70d4102770
2024-02-16T22:48:03.247 INFO:teuthology.orchestra.run.smithi064.stdout:/usr/bin/ceph: stderr
2024-02-16T22:48:02.371+0000 7f70d259c700 1 --2- 172.21.15.64:0/173307090 >> [v2:172.21.15.64:3300/0,v1:172.21.15.64:6789/0] conn(0x7f70d4102770 0x7f70d4102b80 secure :-1 s=READY pgs=88 cs=0 l=1 rev1=1 crypto rx=0x7f70c40098e0 tx=0x7f70c4009250 comp rx=0 tx=0).ready entity=mon.0 client_cookie=6303e5eb1dc964bd server_cookie=0 in_seq=0 out_seq=0
2024-02-16T22:48:03.247 INFO:teuthology.orchestra.run.smithi064.stdout:/usr/bin/ceph: stderr
2024-02-16T22:48:02.371+0000 7f70d159a700 1 -- 172.21.15.64:0/173307090 <== mon.0 v2:172.21.15.64:3300/0 1 ==== mon_map magic: 0 v1 ==== 229+0+0 (secure 0 0 0) 0x7f70c400b860 con 0x7f70d4102770
2024-02-16T22:48:03.247 INFO:teuthology.orchestra.run.smithi064.stdout:/usr/bin/ceph: stderr
2024-02-16T22:48:02.371+0000 7f70d159a700 1 -- 172.21.15.64:0/173307090 <== mon.0 v2:172.21.15.64:3300/0 2 ==== config(27 keys) v1 ==== 1109+0+0 (secure 0 0 0) 0x7f70c400be90 con 0x7f70d4102770
2024-02-16T22:48:03.247 INFO:teuthology.orchestra.run.smithi064.stdout:/usr/bin/ceph: stderr
2024-02-16T22:48:02.371+0000 7f70d159a700 1 -- 172.21.15.64:0/173307090 <== mon.0 v2:172.21.15.64:3300/0 3 ==== mon_map magic: 0 v1 ==== 229+0+0 (secure 0 0 0) 0x7f70c40103c0 con 0x7f70d4102770
2024-02-16T22:48:03.247 INFO:teuthology.orchestra.run.smithi064.stdout:/usr/bin/ceph: stderr
2024-02-16T22:48:02.371+0000 7f70d88ff700 1 -- 172.21.15.64:0/173307090 >> [v2:172.21.15.64:3300/0,v1:172.21.15.64:6789/0] conn(0x7f70d4102770 msgr2=0x7f70d4102b80 secure :-1 s=STATE_CONNECTION_ESTABLISHED l=1).mark_down
2024-02-16T22:48:03.247 INFO:teuthology.orchestra.run.smithi064.stdout:/usr/bin/ceph: stderr
2024-02-16T22:48:02.371+0000 7f70d88ff700 1 --2- 172.21.15.64:0/173307090 >> [v2:172.21.15.64:3300/0,v1:172.21.15.64:6789/0] conn(0x7f70d4102770 0x7f70d4102b80 secure :-1 s=READY pgs=88 cs=0 l=1 rev1=1 crypto rx=0x7f70c40098e0 tx=0x7f70c4009250 comp rx=0 tx=0).stop
2024-02-16T22:48:03.247 INFO:teuthology.orchestra.run.smithi064.stdout:/usr/bin/ceph: stderr
2024-02-16T22:48:02.371+0000 7f70d88ff700 1 -- 172.21.15.64:0/173307090 shutdown_connections
2024-02-16T22:48:03.247 INFO:teuthology.orchestra.run.smithi064.stdout:/usr/bin/ceph: stderr
2024-02-16T22:48:02.371+0000 7f70d88ff700 1 --2- 172.21.15.64:0/173307090 >> [v2:172.21.15.64:3300/0,v1:172.21.15.64:6789/0] conn(0x7f70d4102770 0x7f70d4102b80 unknown :-1 s=CLOSED pgs=88 cs=0 l=1 rev1=1 crypto rx=0 tx=0 comp rx=0 tx=0).stop
2024-02-16T22:48:03.247 INFO:teuthology.orchestra.run.smithi064.stdout:/usr/bin/ceph: stderr
2024-02-16T22:48:02.371+0000 7f70d88ff700 1 -- 172.21.15.64:0/173307090 >> 172.21.15.64:0/173307090 conn(0x7f70d40fded0 msgr2=0x7f70d4100300 unknown :-1 s=STATE_NONE l=0).mark_down
2024-02-16T22:48:03.247 INFO:teuthology.orchestra.run.smithi064.stdout:/usr/bin/ceph: stderr
2024-02-16T22:48:02.371+0000 7f70d88ff700 1 -- 172.21.15.64:0/173307090 shutdown_connections
2024-02-16T22:48:03.247 INFO:teuthology.orchestra.run.smithi064.stdout:/usr/bin/ceph: stderr
2024-02-16T22:48:02.371+0000 7f70d88ff700 1 -- 172.21.15.64:0/173307090 wait complete.
2024-02-16T22:48:03.247 INFO:teuthology.orchestra.run.smithi064.stdout:/usr/bin/ceph: stderr
2024-02-16T22:48:02.372+0000 7f70d88ff700 1 Processor -- start
2024-02-16T22:48:03.247 INFO:teuthology.orchestra.run.smithi064.stdout:/usr/bin/ceph: stderr
2024-02-16T22:48:02.372+0000 7f70d88ff700 1 -- start start
2024-02-16T22:48:03.247 INFO:teuthology.orchestra.run.smithi064.stdout:/usr/bin/ceph: stderr
2024-02-16T22:48:02.372+0000 7f70d88ff700 1 --2- >> [v2:172.21.15.64:3300/0,v1:172.21.15.64:6789/0] conn(0x7f70d4102770 0x7f70d41115c0 unknown :-1 s=NONE pgs=0 cs=0 l=1 rev1=0 crypto rx=0 tx=0 comp rx=0 tx=0).connect
2024-02-16T22:48:03.247 INFO:teuthology.orchestra.run.smithi064.stdout:/usr/bin/ceph: stderr
2024-02-16T22:48:02.372+0000 7f70d88ff700 1 -- --> [v2:172.21.15.64:3300/0,v1:172.21.15.64:6789/0] -- mon_getmap magic: 0 v1 -- 0x7f70d4111b00 con 0x7f70d4102770
2024-02-16T22:48:03.247 INFO:teuthology.orchestra.run.smithi064.stdout:/usr/bin/ceph: stderr
2024-02-16T22:48:02.372+0000 7f70d259c700 1 --2- >> [v2:172.21.15.64:3300/0,v1:172.21.15.64:6789/0] conn(0x7f70d4102770 0x7f70d41115c0 unknown :-1 s=BANNER_CONNECTING pgs=0 cs=0 l=1 rev1=0 crypto rx=0 tx=0 comp rx=0 tx=0)._handle_peer_banner_payload supported=3 required=0
2024-02-16T22:48:03.248 INFO:teuthology.orchestra.run.smithi064.stdout:/usr/bin/ceph: stderr
2024-02-16T22:48:02.372+0000 7f70d259c700 1 --2- >> [v2:172.21.15.64:3300/0,v1:172.21.15.64:6789/0] conn(0x7f70d4102770 0x7f70d41115c0 unknown :-1 s=HELLO_CONNECTING pgs=0 cs=0 l=1 rev1=1 crypto rx=0 tx=0 comp rx=0 tx=0).handle_hello peer v2:172.21.15.64:3300/0 says I am v2:172.21.15.64:44428/0 (socket says 172.21.15.64:44428)
2024-02-16T22:48:03.248 INFO:teuthology.orchestra.run.smithi064.stdout:/usr/bin/ceph: stderr
2024-02-16T22:48:02.372+0000 7f70d259c700 1 -- 172.21.15.64:0/3865700373 learned_addr learned my addr 172.21.15.64:0/3865700373 (peer_addr_for_me v2:172.21.15.64:0/0)
2024-02-16T22:48:03.248 INFO:teuthology.orchestra.run.smithi064.stdout:/usr/bin/ceph: stderr
2024-02-16T22:48:02.373+0000 7f70d259c700 1 -- 172.21.15.64:0/3865700373 --> [v2:172.21.15.64:3300/0,v1:172.21.15.64:6789/0] -- mon_subscribe({config=0+,monmap=0+}) v3 -- 0x7f70c40094f0 con 0x7f70d4102770
2024-02-16T22:48:03.248 INFO:teuthology.orchestra.run.smithi064.stdout:/usr/bin/ceph: stderr
2024-02-16T22:48:02.373+0000 7f70d259c700 1 --2- 172.21.15.64:0/3865700373 >> [v2:172.21.15.64:3300/0,v1:172.21.15.64:6789/0] conn(0x7f70d4102770 0x7f70d41115c0 secure :-1 s=READY pgs=89 cs=0 l=1 rev1=1 crypto rx=0x7f70c4011680 tx=0x7f70c4009250 comp rx=0 tx=0).ready entity=mon.0 client_cookie=0 server_cookie=0 in_seq=0 out_seq=0
2024-02-16T22:48:03.248 INFO:teuthology.orchestra.run.smithi064.stdout:/usr/bin/ceph: stderr
2024-02-16T22:48:02.373+0000 7f70c2ffd700 1 -- 172.21.15.64:0/3865700373 <== mon.0 v2:172.21.15.64:3300/0 1 ==== mon_map magic: 0 v1 ==== 229+0+0 (secure 0 0 0) 0x7f70c4010890 con 0x7f70d4102770
2024-02-16T22:48:03.248 INFO:teuthology.orchestra.run.smithi064.stdout:/usr/bin/ceph: stderr
2024-02-16T22:48:02.373+0000 7f70c2ffd700 1 -- 172.21.15.64:0/3865700373 <== mon.0 v2:172.21.15.64:3300/0 2 ==== config(27 keys) v1 ==== 1109+0+0 (secure 0 0 0) 0x7f70c4010ec0 con 0x7f70d4102770
2024-02-16T22:48:03.248 INFO:teuthology.orchestra.run.smithi064.stdout:/usr/bin/ceph: stderr
2024-02-16T22:48:02.373+0000 7f70d88ff700 1 -- 172.21.15.64:0/3865700373 --> [v2:172.21.15.64:3300/0,v1:172.21.15.64:6789/0] -- mon_subscribe({mgrmap=0+}) v3 -- 0x7f70d4111d00 con 0x7f70d4102770
2024-02-16T22:48:03.248 INFO:teuthology.orchestra.run.smithi064.stdout:/usr/bin/ceph: stderr
2024-02-16T22:48:02.373+0000 7f70c2ffd700 1 -- 172.21.15.64:0/3865700373 <== mon.0 v2:172.21.15.64:3300/0 3 ==== mon_map magic: 0 v1 ==== 229+0+0 (secure 0 0 0) 0x7f70c40243f0 con 0x7f70d4102770
2024-02-16T22:48:03.248 INFO:teuthology.orchestra.run.smithi064.stdout:/usr/bin/ceph: stderr
2024-02-16T22:48:02.373+0000 7f70d88ff700 1 -- 172.21.15.64:0/3865700373 --> [v2:172.21.15.64:3300/0,v1:172.21.15.64:6789/0] -- mon_subscribe({osdmap=0}) v3 -- 0x7f70d41129a0 con 0x7f70d4102770
2024-02-16T22:48:03.248 INFO:teuthology.orchestra.run.smithi064.stdout:/usr/bin/ceph: stderr
2024-02-16T22:48:02.374+0000 7f70c2ffd700 1 -- 172.21.15.64:0/3865700373 <== mon.0 v2:172.21.15.64:3300/0 4 ==== mgrmap(e 13) v1 ==== 43424+0+0 (secure 0 0 0) 0x7f70c402d3f0 con 0x7f70d4102770
2024-02-16T22:48:03.248 INFO:teuthology.orchestra.run.smithi064.stdout:/usr/bin/ceph: stderr
2024-02-16T22:48:02.374+0000 7f70d88ff700 1 -- 172.21.15.64:0/3865700373 --> [v2:172.21.15.64:3300/0,v1:172.21.15.64:6789/0] -- mon_command({"prefix": "get_command_descriptions"} v 0) v1 -- 0x7f70d405f5c0 con 0x7f70d4102770
2024-02-16T22:48:03.248 INFO:teuthology.orchestra.run.smithi064.stdout:/usr/bin/ceph: stderr
2024-02-16T22:48:02.374+0000 7f70c2ffd700 1 --2- 172.21.15.64:0/3865700373 >> [v2:172.21.15.64:6800/600121841,v1:172.21.15.64:6801/600121841] conn(0x7f70bc0368d0 0x7f70bc038d80 unknown :-1 s=NONE pgs=0 cs=0 l=1 rev1=0 crypto rx=0 tx=0 comp rx=0 tx=0).connect
2024-02-16T22:48:03.248 INFO:teuthology.orchestra.run.smithi064.stdout:/usr/bin/ceph: stderr
2024-02-16T22:48:02.374+0000 7f70c2ffd700 1 -- 172.21.15.64:0/3865700373 <== mon.0 v2:172.21.15.64:3300/0 5 ==== osd_map(3..3 src has 1..3) v4 ==== 1151+0+0 (secure 0 0 0) 0x7f70c404a490 con 0x7f70d4102770
2024-02-16T22:48:03.249 INFO:teuthology.orchestra.run.smithi064.stdout:/usr/bin/ceph: stderr
2024-02-16T22:48:02.374+0000 7f70d1d9b700 1 --2- 172.21.15.64:0/3865700373 >> [v2:172.21.15.64:6800/600121841,v1:172.21.15.64:6801/600121841] conn(0x7f70bc0368d0 0x7f70bc038d80 unknown :-1 s=BANNER_CONNECTING pgs=0 cs=0 l=1 rev1=0 crypto rx=0 tx=0 comp rx=0 tx=0)._handle_peer_banner_payload supported=3 required=0
2024-02-16T22:48:03.249 INFO:teuthology.orchestra.run.smithi064.stdout:/usr/bin/ceph: stderr
2024-02-16T22:48:02.374+0000 7f70d1d9b700 1 --2- 172.21.15.64:0/3865700373 >> [v2:172.21.15.64:6800/600121841,v1:172.21.15.64:6801/600121841] conn(0x7f70bc0368d0 0x7f70bc038d80 secure :-1 s=READY pgs=11 cs=0 l=1 rev1=1 crypto rx=0x7f70c8009990 tx=0x7f70c8006e40 comp rx=0 tx=0).ready entity=mgr.14162 client_cookie=0 server_cookie=0 in_seq=0 out_seq=0
2024-02-16T22:48:03.249 INFO:teuthology.orchestra.run.smithi064.stdout:/usr/bin/ceph: stderr
2024-02-16T22:48:02.379+0000 7f70c2ffd700 1 -- 172.21.15.64:0/3865700373 <== mon.0 v2:172.21.15.64:3300/0 6 ==== mon_command_ack([{"prefix": "get_command_descriptions"}]=0 v0) v1 ==== 72+0+175031 (secure 0 0 0) 0x7f70c4006d70 con 0x7f70d4102770
2024-02-16T22:48:03.249 INFO:teuthology.orchestra.run.smithi064.stdout:/usr/bin/ceph: stderr
2024-02-16T22:48:02.677+0000 7f70d88ff700 1 -- 172.21.15.64:0/3865700373 --> [v2:172.21.15.64:3300/0,v1:172.21.15.64:6789/0] -- mon_command([{prefix=config-key set, key=mgr/dashboard/cluster/status}] v 0) v1 -- 0x7f70d404bed0 con 0x7f70d4102770
2024-02-16T22:48:03.249 INFO:teuthology.orchestra.run.smithi064.stdout:/usr/bin/ceph: stderr
2024-02-16T22:48:02.679+0000 7f70c2ffd700 1 -- 172.21.15.64:0/3865700373 <== mon.0 v2:172.21.15.64:3300/0 7 ==== mon_command_ack([{prefix=config-key set, key=mgr/dashboard/cluster/status}]=0 set mgr/dashboard/cluster/status v33)=0 set mgr/dashboard/cluster/status v33) v1 ==== 153+0+0 (secure 0 0 0) 0x7f70c4006d70 con 0x7f70d4102770
2024-02-16T22:48:03.249 INFO:teuthology.orchestra.run.smithi064.stdout:/usr/bin/ceph: stderr
2024-02-16T22:48:02.681+0000 7f70d88ff700 1 -- 172.21.15.64:0/3865700373 >> [v2:172.21.15.64:6800/600121841,v1:172.21.15.64:6801/600121841] conn(0x7f70bc0368d0 msgr2=0x7f70bc038d80 secure :-1 s=STATE_CONNECTION_ESTABLISHED l=1).mark_down
2024-02-16T22:48:03.249 INFO:teuthology.orchestra.run.smithi064.stdout:/usr/bin/ceph: stderr
2024-02-16T22:48:02.681+0000 7f70d88ff700 1 --2- 172.21.15.64:0/3865700373 >> [v2:172.21.15.64:6800/600121841,v1:172.21.15.64:6801/600121841] conn(0x7f70bc0368d0 0x7f70bc038d80 secure :-1 s=READY pgs=11 cs=0 l=1 rev1=1 crypto rx=0x7f70c8009990 tx=0x7f70c8006e40 comp rx=0 tx=0).stop
2024-02-16T22:48:03.249 INFO:teuthology.orchestra.run.smithi064.stdout:/usr/bin/ceph: stderr
2024-02-16T22:48:02.681+0000 7f70d88ff700 1 -- 172.21.15.64:0/3865700373 >> [v2:172.21.15.64:3300/0,v1:172.21.15.64:6789/0] conn(0x7f70d4102770 msgr2=0x7f70d41115c0 secure :-1 s=STATE_CONNECTION_ESTABLISHED l=1).mark_down
2024-02-16T22:48:03.249 INFO:teuthology.orchestra.run.smithi064.stdout:/usr/bin/ceph: stderr
2024-02-16T22:48:02.681+0000 7f70d88ff700 1 --2- 172.21.15.64:0/3865700373 >> [v2:172.21.15.64:3300/0,v1:172.21.15.64:6789/0] conn(0x7f70d4102770 0x7f70d41115c0 secure :-1 s=READY pgs=89 cs=0 l=1 rev1=1 crypto rx=0x7f70c4011680 tx=0x7f70c4009250 comp rx=0 tx=0).stop
2024-02-16T22:48:03.249 INFO:teuthology.orchestra.run.smithi064.stdout:/usr/bin/ceph: stderr
2024-02-16T22:48:02.681+0000 7f70d88ff700 1 -- 172.21.15.64:0/3865700373 shutdown_connections
2024-02-16T22:48:03.249 INFO:teuthology.orchestra.run.smithi064.stdout:/usr/bin/ceph: stderr
2024-02-16T22:48:02.681+0000 7f70d88ff700 1 --2- 172.21.15.64:0/3865700373 >> [v2:172.21.15.64:6800/600121841,v1:172.21.15.64:6801/600121841] conn(0x7f70bc0368d0 0x7f70bc038d80 unknown :-1 s=CLOSED pgs=11 cs=0 l=1 rev1=1 crypto rx=0 tx=0 comp rx=0 tx=0).stop
2024-02-16T22:48:03.249 INFO:teuthology.orchestra.run.smithi064.stdout:/usr/bin/ceph: stderr
2024-02-16T22:48:02.681+0000 7f70d88ff700 1 --2- 172.21.15.64:0/3865700373 >> [v2:172.21.15.64:3300/0,v1:172.21.15.64:6789/0] conn(0x7f70d4102770 0x7f70d41115c0 unknown :-1 s=CLOSED pgs=89 cs=0 l=1 rev1=1 crypto rx=0 tx=0 comp rx=0 tx=0).stop
2024-02-16T22:48:03.249 INFO:teuthology.orchestra.run.smithi064.stdout:/usr/bin/ceph: stderr
2024-02-16T22:48:02.681+0000 7f70d88ff700 1 -- 172.21.15.64:0/3865700373 >> 172.21.15.64:0/3865700373 conn(0x7f70d40fded0 msgr2=0x7f70d40ff5b0 unknown :-1 s=STATE_NONE l=0).mark_down
2024-02-16T22:48:03.249 INFO:teuthology.orchestra.run.smithi064.stdout:/usr/bin/ceph: stderr
2024-02-16T22:48:02.681+0000 7f70d88ff700 1 -- 172.21.15.64:0/3865700373 shutdown_connections
2024-02-16T22:48:03.249 INFO:teuthology.orchestra.run.smithi064.stdout:/usr/bin/ceph: stderr
2024-02-16T22:48:02.681+0000 7f70d88ff700 1 -- 172.21.15.64:0/3865700373 wait complete.
2024-02-16T22:48:03.249 INFO:teuthology.orchestra.run.smithi064.stdout:/usr/bin/ceph: stderr set mgr/dashboard/cluster/status
2024-02-16T22:48:03.250 INFO:teuthology.orchestra.run.smithi064.stdout:You can access the Ceph CLI as following in case of multi-cluster or non-default config:
2024-02-16T22:48:03.250 INFO:teuthology.orchestra.run.smithi064.stdout:
2024-02-16T22:48:03.250 INFO:teuthology.orchestra.run.smithi064.stdout: sudo /home/ubuntu/cephtest/cephadm shell --fsid 2912dc76-cd1d-11ee-95ba-87774f69a715 -c /etc/ceph/ceph.conf -k /etc/ceph/ceph.client.admin.keyring
2024-02-16T22:48:03.250 INFO:teuthology.orchestra.run.smithi064.stdout:
2024-02-16T22:48:03.250 INFO:teuthology.orchestra.run.smithi064.stdout:Or, if you are only running a single cluster on this host:
2024-02-16T22:48:03.250 INFO:teuthology.orchestra.run.smithi064.stdout:
2024-02-16T22:48:03.250 INFO:teuthology.orchestra.run.smithi064.stdout: sudo /home/ubuntu/cephtest/cephadm shell
2024-02-16T22:48:03.250 INFO:teuthology.orchestra.run.smithi064.stdout:
2024-02-16T22:48:03.250 INFO:teuthology.orchestra.run.smithi064.stdout:Please consider enabling telemetry to help improve Ceph:
2024-02-16T22:48:03.250 INFO:teuthology.orchestra.run.smithi064.stdout:
2024-02-16T22:48:03.250 INFO:teuthology.orchestra.run.smithi064.stdout: ceph telemetry on
2024-02-16T22:48:03.250 INFO:teuthology.orchestra.run.smithi064.stdout:
2024-02-16T22:48:03.250 INFO:teuthology.orchestra.run.smithi064.stdout:For more information see:
2024-02-16T22:48:03.250 INFO:teuthology.orchestra.run.smithi064.stdout:
2024-02-16T22:48:03.250 INFO:teuthology.orchestra.run.smithi064.stdout: https://docs.ceph.com/docs/master/mgr/telemetry/
2024-02-16T22:48:03.250 INFO:teuthology.orchestra.run.smithi064.stdout:
2024-02-16T22:48:03.251 INFO:teuthology.orchestra.run.smithi064.stdout:Bootstrap complete.
2024-02-16T22:48:03.281 INFO:tasks.cephadm:Fetching config...
2024-02-16T22:48:03.281 DEBUG:teuthology.orchestra.run.smithi064:> set -ex
2024-02-16T22:48:03.281 DEBUG:teuthology.orchestra.run.smithi064:> dd if=/etc/ceph/ceph.conf of=/dev/stdout
2024-02-16T22:48:03.339 INFO:tasks.cephadm:Fetching client.admin keyring...
2024-02-16T22:48:03.340 DEBUG:teuthology.orchestra.run.smithi064:> set -ex
2024-02-16T22:48:03.340 DEBUG:teuthology.orchestra.run.smithi064:> dd if=/etc/ceph/ceph.client.admin.keyring of=/dev/stdout
2024-02-16T22:48:03.390 INFO:tasks.cephadm:Fetching mon keyring...
2024-02-16T22:48:03.390 DEBUG:teuthology.orchestra.run.smithi064:> set -ex
2024-02-16T22:48:03.390 DEBUG:teuthology.orchestra.run.smithi064:> sudo dd if=/var/lib/ceph/2912dc76-cd1d-11ee-95ba-87774f69a715/mon.smithi064/keyring of=/dev/stdout
2024-02-16T22:48:03.457 INFO:tasks.cephadm:Fetching pub ssh key...
2024-02-16T22:48:03.457 DEBUG:teuthology.orchestra.run.smithi064:> set -ex
2024-02-16T22:48:03.457 DEBUG:teuthology.orchestra.run.smithi064:> dd if=/home/ubuntu/cephtest/ceph.pub of=/dev/stdout
2024-02-16T22:48:03.512 INFO:tasks.cephadm:Installing pub ssh key for root users...
2024-02-16T22:48:03.512 DEBUG:teuthology.orchestra.run.smithi064:> sudo install -d -m 0700 /root/.ssh && echo 'ssh-rsa AAAAB3NzaC1yc2EAAAADAQABAAABgQC3CnEaDMje6txJ1TRToJpnjbXSpi7SgKfCr4jvuI1gF5sSZjBgq6DS5/cmKN+t9+N4N2Kgv4yrFgWXVcbLktk5nslubJBNjKNx1zB5328G73/zbwY3HKsfLQBkfmaaDKsLR86GCvNJQ0ekA6EJlRvuocMk1N8A+nbPNwt2PsEC0Ap+DcPX16ut2Hwg3Ioe5JT1uOCp6Qcl8vDZP0ZmgcFsGVjjTv1YSz1DrOKtHDUlatgE7shYsxeycmxUlzfaZC5XeL+Z0mtuu7UHP8sMDwc0gkmhT0swZjNxi1daTGT4hd0ixfb1ltqqW6G5NPElCSiB33RW8l2qJY73bKuZ6LVwZyml/DaIAvwtdXLzfCC0F2ZN/jAT4+37T0GrPZnB0DQN/W57NTF/O7APukYrSSifN0v4y+6pIqWXWCLX/mwQBd86mxYdIlLjT0jWVU7n4olDBGvlOBBBUZbl8dDrGEYPomDv5s5dkWImJulWR3CWUxzJChLk48mJ7bsVUOwskqU= ceph-2912dc76-cd1d-11ee-95ba-87774f69a715' | sudo tee -a /root/.ssh/authorized_keys && sudo chmod 0600 /root/.ssh/authorized_keys
2024-02-16T22:48:03.592 INFO:teuthology.orchestra.run.smithi064.stdout:ssh-rsa AAAAB3NzaC1yc2EAAAADAQABAAABgQC3CnEaDMje6txJ1TRToJpnjbXSpi7SgKfCr4jvuI1gF5sSZjBgq6DS5/cmKN+t9+N4N2Kgv4yrFgWXVcbLktk5nslubJBNjKNx1zB5328G73/zbwY3HKsfLQBkfmaaDKsLR86GCvNJQ0ekA6EJlRvuocMk1N8A+nbPNwt2PsEC0Ap+DcPX16ut2Hwg3Ioe5JT1uOCp6Qcl8vDZP0ZmgcFsGVjjTv1YSz1DrOKtHDUlatgE7shYsxeycmxUlzfaZC5XeL+Z0mtuu7UHP8sMDwc0gkmhT0swZjNxi1daTGT4hd0ixfb1ltqqW6G5NPElCSiB33RW8l2qJY73bKuZ6LVwZyml/DaIAvwtdXLzfCC0F2ZN/jAT4+37T0GrPZnB0DQN/W57NTF/O7APukYrSSifN0v4y+6pIqWXWCLX/mwQBd86mxYdIlLjT0jWVU7n4olDBGvlOBBBUZbl8dDrGEYPomDv5s5dkWImJulWR3CWUxzJChLk48mJ7bsVUOwskqU= ceph-2912dc76-cd1d-11ee-95ba-87774f69a715
2024-02-16T22:48:03.606 DEBUG:teuthology.orchestra.run.smithi192:> sudo install -d -m 0700 /root/.ssh && echo 'ssh-rsa AAAAB3NzaC1yc2EAAAADAQABAAABgQC3CnEaDMje6txJ1TRToJpnjbXSpi7SgKfCr4jvuI1gF5sSZjBgq6DS5/cmKN+t9+N4N2Kgv4yrFgWXVcbLktk5nslubJBNjKNx1zB5328G73/zbwY3HKsfLQBkfmaaDKsLR86GCvNJQ0ekA6EJlRvuocMk1N8A+nbPNwt2PsEC0Ap+DcPX16ut2Hwg3Ioe5JT1uOCp6Qcl8vDZP0ZmgcFsGVjjTv1YSz1DrOKtHDUlatgE7shYsxeycmxUlzfaZC5XeL+Z0mtuu7UHP8sMDwc0gkmhT0swZjNxi1daTGT4hd0ixfb1ltqqW6G5NPElCSiB33RW8l2qJY73bKuZ6LVwZyml/DaIAvwtdXLzfCC0F2ZN/jAT4+37T0GrPZnB0DQN/W57NTF/O7APukYrSSifN0v4y+6pIqWXWCLX/mwQBd86mxYdIlLjT0jWVU7n4olDBGvlOBBBUZbl8dDrGEYPomDv5s5dkWImJulWR3CWUxzJChLk48mJ7bsVUOwskqU= ceph-2912dc76-cd1d-11ee-95ba-87774f69a715' | sudo tee -a /root/.ssh/authorized_keys && sudo chmod 0600 /root/.ssh/authorized_keys
2024-02-16T22:48:03.651 INFO:teuthology.orchestra.run.smithi192.stdout:ssh-rsa AAAAB3NzaC1yc2EAAAADAQABAAABgQC3CnEaDMje6txJ1TRToJpnjbXSpi7SgKfCr4jvuI1gF5sSZjBgq6DS5/cmKN+t9+N4N2Kgv4yrFgWXVcbLktk5nslubJBNjKNx1zB5328G73/zbwY3HKsfLQBkfmaaDKsLR86GCvNJQ0ekA6EJlRvuocMk1N8A+nbPNwt2PsEC0Ap+DcPX16ut2Hwg3Ioe5JT1uOCp6Qcl8vDZP0ZmgcFsGVjjTv1YSz1DrOKtHDUlatgE7shYsxeycmxUlzfaZC5XeL+Z0mtuu7UHP8sMDwc0gkmhT0swZjNxi1daTGT4hd0ixfb1ltqqW6G5NPElCSiB33RW8l2qJY73bKuZ6LVwZyml/DaIAvwtdXLzfCC0F2ZN/jAT4+37T0GrPZnB0DQN/W57NTF/O7APukYrSSifN0v4y+6pIqWXWCLX/mwQBd86mxYdIlLjT0jWVU7n4olDBGvlOBBBUZbl8dDrGEYPomDv5s5dkWImJulWR3CWUxzJChLk48mJ7bsVUOwskqU= ceph-2912dc76-cd1d-11ee-95ba-87774f69a715
2024-02-16T22:48:03.667 DEBUG:teuthology.orchestra.run.smithi064:> sudo /home/ubuntu/cephtest/cephadm --image quay.ceph.io/ceph-ci/ceph:quincy shell -c /etc/ceph/ceph.conf -k /etc/ceph/ceph.client.admin.keyring --fsid 2912dc76-cd1d-11ee-95ba-87774f69a715 -- ceph config set mgr mgr/cephadm/allow_ptrace true
2024-02-16T22:48:03.868 INFO:journalctl@ceph.mon.smithi064.smithi064.stdout:Feb 16 22:48:03 smithi064 ceph-mon[29226]: from='client.? 172.21.15.64:0/3865700373' entity='client.admin'
2024-02-16T22:48:03.922 INFO:teuthology.orchestra.run.smithi064.stderr:Inferring config /var/lib/ceph/2912dc76-cd1d-11ee-95ba-87774f69a715/mon.smithi064/config
2024-02-16T22:48:06.051 INFO:teuthology.orchestra.run.smithi064.stderr:2024-02-16T22:48:06.048+0000 7ff08700c700 1 -- 172.21.15.64:0/1456440462 >> [v2:172.21.15.64:3300/0,v1:172.21.15.64:6789/0] conn(0x7ff0800fcbc0 msgr2=0x7ff0800fcfd0 secure :-1 s=STATE_CONNECTION_ESTABLISHED l=1).mark_down
2024-02-16T22:48:06.051 INFO:teuthology.orchestra.run.smithi064.stderr:2024-02-16T22:48:06.048+0000 7ff08700c700 1 --2- 172.21.15.64:0/1456440462 >> [v2:172.21.15.64:3300/0,v1:172.21.15.64:6789/0] conn(0x7ff0800fcbc0 0x7ff0800fcfd0 secure :-1 s=READY pgs=90 cs=0 l=1 rev1=1 crypto rx=0x7ff0740048c0 tx=0x7ff074009e30 comp rx=0 tx=0).stop
2024-02-16T22:48:06.051 INFO:teuthology.orchestra.run.smithi064.stderr:2024-02-16T22:48:06.048+0000 7ff08700c700 1 -- 172.21.15.64:0/1456440462 shutdown_connections
2024-02-16T22:48:06.051 INFO:teuthology.orchestra.run.smithi064.stderr:2024-02-16T22:48:06.048+0000 7ff08700c700 1 --2- 172.21.15.64:0/1456440462 >> [v2:172.21.15.64:3300/0,v1:172.21.15.64:6789/0] conn(0x7ff0800fcbc0 0x7ff0800fcfd0 unknown :-1 s=CLOSED pgs=90 cs=0 l=1 rev1=1 crypto rx=0 tx=0 comp rx=0 tx=0).stop
2024-02-16T22:48:06.051 INFO:teuthology.orchestra.run.smithi064.stderr:2024-02-16T22:48:06.048+0000 7ff08700c700 1 -- 172.21.15.64:0/1456440462 >> 172.21.15.64:0/1456440462 conn(0x7ff0800f82a0 msgr2=0x7ff0800fa6b0 unknown :-1 s=STATE_NONE l=0).mark_down
2024-02-16T22:48:06.051 INFO:teuthology.orchestra.run.smithi064.stderr:2024-02-16T22:48:06.048+0000 7ff08700c700 1 -- 172.21.15.64:0/1456440462 shutdown_connections
2024-02-16T22:48:06.051 INFO:teuthology.orchestra.run.smithi064.stderr:2024-02-16T22:48:06.048+0000 7ff08700c700 1 -- 172.21.15.64:0/1456440462 wait complete.
2024-02-16T22:48:06.051 INFO:teuthology.orchestra.run.smithi064.stderr:2024-02-16T22:48:06.049+0000 7ff08700c700 1 Processor -- start
2024-02-16T22:48:06.051 INFO:teuthology.orchestra.run.smithi064.stderr:2024-02-16T22:48:06.049+0000 7ff08700c700 1 -- start start
2024-02-16T22:48:06.051 INFO:teuthology.orchestra.run.smithi064.stderr:2024-02-16T22:48:06.049+0000 7ff08700c700 1 --2- >> [v2:172.21.15.64:3300/0,v1:172.21.15.64:6789/0] conn(0x7ff0800fcbc0 0x7ff08010cec0 unknown :-1 s=NONE pgs=0 cs=0 l=1 rev1=0 crypto rx=0 tx=0 comp rx=0 tx=0).connect
2024-02-16T22:48:06.051 INFO:teuthology.orchestra.run.smithi064.stderr:2024-02-16T22:48:06.049+0000 7ff08700c700 1 -- --> [v2:172.21.15.64:3300/0,v1:172.21.15.64:6789/0] -- mon_getmap magic: 0 v1 -- 0x7ff08010d400 con 0x7ff0800fcbc0
2024-02-16T22:48:06.052 INFO:teuthology.orchestra.run.smithi064.stderr:2024-02-16T22:48:06.049+0000 7ff084da8700 1 --2- >> [v2:172.21.15.64:3300/0,v1:172.21.15.64:6789/0] conn(0x7ff0800fcbc0 0x7ff08010cec0 unknown :-1 s=BANNER_CONNECTING pgs=0 cs=0 l=1 rev1=0 crypto rx=0 tx=0 comp rx=0 tx=0)._handle_peer_banner_payload supported=3 required=0
2024-02-16T22:48:06.052 INFO:teuthology.orchestra.run.smithi064.stderr:2024-02-16T22:48:06.049+0000 7ff084da8700 1 --2- >> [v2:172.21.15.64:3300/0,v1:172.21.15.64:6789/0] conn(0x7ff0800fcbc0 0x7ff08010cec0 unknown :-1 s=HELLO_CONNECTING pgs=0 cs=0 l=1 rev1=1 crypto rx=0 tx=0 comp rx=0 tx=0).handle_hello peer v2:172.21.15.64:3300/0 says I am v2:172.21.15.64:44458/0 (socket says 172.21.15.64:44458)
2024-02-16T22:48:06.052 INFO:teuthology.orchestra.run.smithi064.stderr:2024-02-16T22:48:06.049+0000 7ff084da8700 1 -- 172.21.15.64:0/3847834841 learned_addr learned my addr 172.21.15.64:0/3847834841 (peer_addr_for_me v2:172.21.15.64:0/0)
2024-02-16T22:48:06.052 INFO:teuthology.orchestra.run.smithi064.stderr:2024-02-16T22:48:06.050+0000 7ff084da8700 1 -- 172.21.15.64:0/3847834841 --> [v2:172.21.15.64:3300/0,v1:172.21.15.64:6789/0] -- mon_subscribe({config=0+,monmap=0+}) v3 -- 0x7ff074005040 con 0x7ff0800fcbc0
2024-02-16T22:48:06.053 INFO:teuthology.orchestra.run.smithi064.stderr:2024-02-16T22:48:06.050+0000 7ff084da8700 1 --2- 172.21.15.64:0/3847834841 >> [v2:172.21.15.64:3300/0,v1:172.21.15.64:6789/0] conn(0x7ff0800fcbc0 0x7ff08010cec0 secure :-1 s=READY pgs=91 cs=0 l=1 rev1=1 crypto rx=0x7ff074009680 tx=0x7ff074009e30 comp rx=0 tx=0).ready entity=mon.0 client_cookie=0 server_cookie=0 in_seq=0 out_seq=0
2024-02-16T22:48:06.053 INFO:teuthology.orchestra.run.smithi064.stderr:2024-02-16T22:48:06.050+0000 7ff07d7fa700 1 -- 172.21.15.64:0/3847834841 <== mon.0 v2:172.21.15.64:3300/0 1 ==== mon_map magic: 0 v1 ==== 229+0+0 (secure 0 0 0) 0x7ff07400bed0 con 0x7ff0800fcbc0
2024-02-16T22:48:06.053 INFO:teuthology.orchestra.run.smithi064.stderr:2024-02-16T22:48:06.050+0000 7ff08700c700 1 -- 172.21.15.64:0/3847834841 --> [v2:172.21.15.64:3300/0,v1:172.21.15.64:6789/0] -- mon_subscribe({mgrmap=0+}) v3 -- 0x7ff08010d600 con 0x7ff0800fcbc0
2024-02-16T22:48:06.053 INFO:teuthology.orchestra.run.smithi064.stderr:2024-02-16T22:48:06.050+0000 7ff07d7fa700 1 -- 172.21.15.64:0/3847834841 <== mon.0 v2:172.21.15.64:3300/0 2 ==== config(27 keys) v1 ==== 1109+0+0 (secure 0 0 0) 0x7ff07400b5c0 con 0x7ff0800fcbc0
2024-02-16T22:48:06.054 INFO:teuthology.orchestra.run.smithi064.stderr:2024-02-16T22:48:06.050+0000 7ff07d7fa700 1 -- 172.21.15.64:0/3847834841 <== mon.0 v2:172.21.15.64:3300/0 3 ==== mon_map magic: 0 v1 ==== 229+0+0 (secure 0 0 0) 0x7ff07401c5b0 con 0x7ff0800fcbc0
2024-02-16T22:48:06.054 INFO:teuthology.orchestra.run.smithi064.stderr:2024-02-16T22:48:06.050+0000 7ff08700c700 1 -- 172.21.15.64:0/3847834841 --> [v2:172.21.15.64:3300/0,v1:172.21.15.64:6789/0] -- mon_subscribe({osdmap=0}) v3 -- 0x7ff08010e2a0 con 0x7ff0800fcbc0
2024-02-16T22:48:06.054 INFO:teuthology.orchestra.run.smithi064.stderr:2024-02-16T22:48:06.051+0000 7ff07d7fa700 1 -- 172.21.15.64:0/3847834841 <== mon.0 v2:172.21.15.64:3300/0 4 ==== mgrmap(e 13) v1 ==== 43424+0+0 (secure 0 0 0) 0x7ff07401c820 con 0x7ff0800fcbc0
2024-02-16T22:48:06.054 INFO:teuthology.orchestra.run.smithi064.stderr:2024-02-16T22:48:06.051+0000 7ff08700c700 1 -- 172.21.15.64:0/3847834841 --> [v2:172.21.15.64:3300/0,v1:172.21.15.64:6789/0] -- mon_command({"prefix": "get_command_descriptions"} v 0) v1 -- 0x7ff08005f5c0 con 0x7ff0800fcbc0
2024-02-16T22:48:06.054 INFO:teuthology.orchestra.run.smithi064.stderr:2024-02-16T22:48:06.051+0000 7ff07d7fa700 1 --2- 172.21.15.64:0/3847834841 >> [v2:172.21.15.64:6800/600121841,v1:172.21.15.64:6801/600121841] conn(0x7ff070036820 0x7ff070038cd0 unknown :-1 s=NONE pgs=0 cs=0 l=1 rev1=0 crypto rx=0 tx=0 comp rx=0 tx=0).connect
2024-02-16T22:48:06.054 INFO:teuthology.orchestra.run.smithi064.stderr:2024-02-16T22:48:06.051+0000 7ff07d7fa700 1 -- 172.21.15.64:0/3847834841 <== mon.0 v2:172.21.15.64:3300/0 5 ==== osd_map(3..3 src has 1..3) v4 ==== 1151+0+0 (secure 0 0 0) 0x7ff074049a70 con 0x7ff0800fcbc0
2024-02-16T22:48:06.054 INFO:teuthology.orchestra.run.smithi064.stderr:2024-02-16T22:48:06.051+0000 7ff07ffff700 1 --2- 172.21.15.64:0/3847834841 >> [v2:172.21.15.64:6800/600121841,v1:172.21.15.64:6801/600121841] conn(0x7ff070036820 0x7ff070038cd0 unknown :-1 s=BANNER_CONNECTING pgs=0 cs=0 l=1 rev1=0 crypto rx=0 tx=0 comp rx=0 tx=0)._handle_peer_banner_payload supported=3 required=0
2024-02-16T22:48:06.054 INFO:teuthology.orchestra.run.smithi064.stderr:2024-02-16T22:48:06.051+0000 7ff07ffff700 1 --2- 172.21.15.64:0/3847834841 >> [v2:172.21.15.64:6800/600121841,v1:172.21.15.64:6801/600121841] conn(0x7ff070036820 0x7ff070038cd0 secure :-1 s=READY pgs=12 cs=0 l=1 rev1=1 crypto rx=0x7ff06c009990 tx=0x7ff06c006e40 comp rx=0 tx=0).ready entity=mgr.14162 client_cookie=0 server_cookie=0 in_seq=0 out_seq=0
2024-02-16T22:48:06.057 INFO:teuthology.orchestra.run.smithi064.stderr:2024-02-16T22:48:06.056+0000 7ff07d7fa700 1 -- 172.21.15.64:0/3847834841 <== mon.0 v2:172.21.15.64:3300/0 6 ==== mon_command_ack([{"prefix": "get_command_descriptions"}]=0 v0) v1 ==== 72+0+175031 (secure 0 0 0) 0x7ff074011db0 con 0x7ff0800fcbc0
2024-02-16T22:48:06.250 INFO:teuthology.orchestra.run.smithi064.stderr:2024-02-16T22:48:06.249+0000 7ff08700c700 1 -- 172.21.15.64:0/3847834841 --> [v2:172.21.15.64:3300/0,v1:172.21.15.64:6789/0] -- mon_command([{prefix=config set, name=mgr/cephadm/allow_ptrace}] v 0) v1 -- 0x7ff08010ee80 con 0x7ff0800fcbc0
2024-02-16T22:48:06.253 INFO:teuthology.orchestra.run.smithi064.stderr:2024-02-16T22:48:06.252+0000 7ff07d7fa700 1 -- 172.21.15.64:0/3847834841 <== mon.0 v2:172.21.15.64:3300/0 7 ==== mon_command_ack([{prefix=config set, name=mgr/cephadm/allow_ptrace}]=0 v9)=0 v9) v1 ==== 125+0+0 (secure 0 0 0) 0x7ff074023990 con 0x7ff0800fcbc0
2024-02-16T22:48:06.255 INFO:teuthology.orchestra.run.smithi064.stderr:2024-02-16T22:48:06.254+0000 7ff08700c700 1 -- 172.21.15.64:0/3847834841 >> [v2:172.21.15.64:6800/600121841,v1:172.21.15.64:6801/600121841] conn(0x7ff070036820 msgr2=0x7ff070038cd0 secure :-1 s=STATE_CONNECTION_ESTABLISHED l=1).mark_down
2024-02-16T22:48:06.255 INFO:teuthology.orchestra.run.smithi064.stderr:2024-02-16T22:48:06.254+0000 7ff08700c700 1 --2- 172.21.15.64:0/3847834841 >> [v2:172.21.15.64:6800/600121841,v1:172.21.15.64:6801/600121841] conn(0x7ff070036820 0x7ff070038cd0 secure :-1 s=READY pgs=12 cs=0 l=1 rev1=1 crypto rx=0x7ff06c009990 tx=0x7ff06c006e40 comp rx=0 tx=0).stop
2024-02-16T22:48:06.256 INFO:teuthology.orchestra.run.smithi064.stderr:2024-02-16T22:48:06.254+0000 7ff08700c700 1 -- 172.21.15.64:0/3847834841 >> [v2:172.21.15.64:3300/0,v1:172.21.15.64:6789/0] conn(0x7ff0800fcbc0 msgr2=0x7ff08010cec0 secure :-1 s=STATE_CONNECTION_ESTABLISHED l=1).mark_down
2024-02-16T22:48:06.256 INFO:teuthology.orchestra.run.smithi064.stderr:2024-02-16T22:48:06.254+0000 7ff08700c700 1 --2- 172.21.15.64:0/3847834841 >> [v2:172.21.15.64:3300/0,v1:172.21.15.64:6789/0] conn(0x7ff0800fcbc0 0x7ff08010cec0 secure :-1 s=READY pgs=91 cs=0 l=1 rev1=1 crypto rx=0x7ff074009680 tx=0x7ff074009e30 comp rx=0 tx=0).stop
2024-02-16T22:48:06.256 INFO:teuthology.orchestra.run.smithi064.stderr:2024-02-16T22:48:06.254+0000 7ff08700c700 1 -- 172.21.15.64:0/3847834841 shutdown_connections
2024-02-16T22:48:06.256 INFO:teuthology.orchestra.run.smithi064.stderr:2024-02-16T22:48:06.254+0000 7ff08700c700 1 --2- 172.21.15.64:0/3847834841 >> [v2:172.21.15.64:6800/600121841,v1:172.21.15.64:6801/600121841] conn(0x7ff070036820 0x7ff070038cd0 unknown :-1 s=CLOSED pgs=12 cs=0 l=1 rev1=1 crypto rx=0 tx=0 comp rx=0 tx=0).stop
2024-02-16T22:48:06.256 INFO:teuthology.orchestra.run.smithi064.stderr:2024-02-16T22:48:06.254+0000 7ff08700c700 1 --2- 172.21.15.64:0/3847834841 >> [v2:172.21.15.64:3300/0,v1:172.21.15.64:6789/0] conn(0x7ff0800fcbc0 0x7ff08010cec0 unknown :-1 s=CLOSED pgs=91 cs=0 l=1 rev1=1 crypto rx=0 tx=0 comp rx=0 tx=0).stop
2024-02-16T22:48:06.256 INFO:teuthology.orchestra.run.smithi064.stderr:2024-02-16T22:48:06.254+0000 7ff08700c700 1 -- 172.21.15.64:0/3847834841 >> 172.21.15.64:0/3847834841 conn(0x7ff0800f82a0 msgr2=0x7ff0800f8fe0 unknown :-1 s=STATE_NONE l=0).mark_down
2024-02-16T22:48:06.256 INFO:teuthology.orchestra.run.smithi064.stderr:2024-02-16T22:48:06.254+0000 7ff08700c700 1 -- 172.21.15.64:0/3847834841 shutdown_connections
2024-02-16T22:48:06.256 INFO:teuthology.orchestra.run.smithi064.stderr:2024-02-16T22:48:06.254+0000 7ff08700c700 1 -- 172.21.15.64:0/3847834841 wait complete.
2024-02-16T22:48:06.266 INFO:journalctl@ceph.mon.smithi064.smithi064.stdout:Feb 16 22:48:06 smithi064 ceph-mon[29226]: from='mgr.14162 172.21.15.64:0/2094027297' entity='mgr.smithi064.kubmlk'
2024-02-16T22:48:06.266 INFO:journalctl@ceph.mon.smithi064.smithi064.stdout:Feb 16 22:48:06 smithi064 ceph-mon[29226]: from='mgr.14162 172.21.15.64:0/2094027297' entity='mgr.smithi064.kubmlk'
2024-02-16T22:48:06.266 INFO:journalctl@ceph.mon.smithi064.smithi064.stdout:Feb 16 22:48:06 smithi064 ceph-mon[29226]: from='mgr.14162 172.21.15.64:0/2094027297' entity='mgr.smithi064.kubmlk' cmd=[{"prefix": "config rm", "who": "osd/host:smithi064", "name": "osd_memory_target"}]: dispatch
2024-02-16T22:48:06.267 INFO:journalctl@ceph.mon.smithi064.smithi064.stdout:Feb 16 22:48:06 smithi064 ceph-mon[29226]: from='mgr.14162 172.21.15.64:0/2094027297' entity='mgr.smithi064.kubmlk'
2024-02-16T22:48:06.267 INFO:journalctl@ceph.mon.smithi064.smithi064.stdout:Feb 16 22:48:06 smithi064 ceph-mon[29226]: from='mgr.14162 172.21.15.64:0/2094027297' entity='mgr.smithi064.kubmlk' cmd=[{"prefix": "auth get-or-create", "entity": "client.crash.smithi064", "caps": ["mon", "profile crash", "mgr", "profile crash"]}]: dispatch
2024-02-16T22:48:06.267 INFO:journalctl@ceph.mon.smithi064.smithi064.stdout:Feb 16 22:48:06 smithi064 ceph-mon[29226]: from='mgr.14162 172.21.15.64:0/2094027297' entity='mgr.smithi064.kubmlk' cmd='[{"prefix": "auth get-or-create", "entity": "client.crash.smithi064", "caps": ["mon", "profile crash", "mgr", "profile crash"]}]': finished
2024-02-16T22:48:06.267 INFO:journalctl@ceph.mon.smithi064.smithi064.stdout:Feb 16 22:48:06 smithi064 ceph-mon[29226]: from='mgr.14162 172.21.15.64:0/2094027297' entity='mgr.smithi064.kubmlk' cmd=[{"prefix": "config generate-minimal-conf"}]: dispatch
2024-02-16T22:48:06.267 INFO:journalctl@ceph.mon.smithi064.smithi064.stdout:Feb 16 22:48:06 smithi064 ceph-mon[29226]: Deploying daemon crash.smithi064 on smithi064
2024-02-16T22:48:06.862 INFO:tasks.cephadm:Distributing conf and client.admin keyring to all hosts + 0755
2024-02-16T22:48:06.863 DEBUG:teuthology.orchestra.run.smithi064:> sudo /home/ubuntu/cephtest/cephadm --image quay.ceph.io/ceph-ci/ceph:quincy shell -c /etc/ceph/ceph.conf -k /etc/ceph/ceph.client.admin.keyring --fsid 2912dc76-cd1d-11ee-95ba-87774f69a715 -- ceph orch client-keyring set client.admin '*' --mode 0755
2024-02-16T22:48:07.121 INFO:teuthology.orchestra.run.smithi064.stderr:Inferring config /var/lib/ceph/2912dc76-cd1d-11ee-95ba-87774f69a715/mon.smithi064/config
2024-02-16T22:48:07.533 INFO:journalctl@ceph.mon.smithi064.smithi064.stdout:Feb 16 22:48:07 smithi064 ceph-mon[29226]: from='client.? 172.21.15.64:0/3847834841' entity='client.admin'
2024-02-16T22:48:09.670 INFO:teuthology.orchestra.run.smithi064.stderr:2024-02-16T22:48:09.667+0000 7f2407f03700 1 -- 172.21.15.64:0/3181040023 >> [v2:172.21.15.64:3300/0,v1:172.21.15.64:6789/0] conn(0x7f24000fbac0 msgr2=0x7f24000fbed0 secure :-1 s=STATE_CONNECTION_ESTABLISHED l=1).mark_down
