2024-02-19T18:55:07.504+0000 7fa9a9834700 1 -- 172.21.15.96:0/4066345658 wait complete.
2024-02-19T18:55:08.637 INFO:teuthology.orchestra.run.smithi096.stdout:/usr/bin/ceph: stderr
2024-02-19T18:55:07.505+0000 7fa9a9834700 1 Processor -- start
2024-02-19T18:55:08.637 INFO:teuthology.orchestra.run.smithi096.stdout:/usr/bin/ceph: stderr
2024-02-19T18:55:07.505+0000 7fa9a9834700 1 -- start start
2024-02-19T18:55:08.637 INFO:teuthology.orchestra.run.smithi096.stdout:/usr/bin/ceph: stderr
2024-02-19T18:55:07.505+0000 7fa9a9834700 1 --2- >> [v2:172.21.15.96:3300/0,v1:172.21.15.96:6789/0] conn(0x7fa9a4106420 0x7fa9a419a0b0 unknown :-1 s=NONE pgs=0 cs=0 l=1 rev1=0 crypto rx=0 tx=0 comp rx=0 tx=0).connect
2024-02-19T18:55:08.637 INFO:teuthology.orchestra.run.smithi096.stdout:/usr/bin/ceph: stderr
2024-02-19T18:55:07.505+0000 7fa9a9834700 1 -- --> [v2:172.21.15.96:3300/0,v1:172.21.15.96:6789/0] -- mon_getmap magic: 0 v1 -- 0x7fa9a419a5f0 con 0x7fa9a4106420
2024-02-19T18:55:08.637 INFO:teuthology.orchestra.run.smithi096.stdout:/usr/bin/ceph: stderr
2024-02-19T18:55:07.505+0000 7fa9a2ffd700 1 --2- >> [v2:172.21.15.96:3300/0,v1:172.21.15.96:6789/0] conn(0x7fa9a4106420 0x7fa9a419a0b0 unknown :-1 s=BANNER_CONNECTING pgs=0 cs=0 l=1 rev1=0 crypto rx=0 tx=0 comp rx=0 tx=0)._handle_peer_banner_payload supported=3 required=0
2024-02-19T18:55:08.637 INFO:teuthology.orchestra.run.smithi096.stdout:/usr/bin/ceph: stderr
2024-02-19T18:55:07.505+0000 7fa9a2ffd700 1 --2- >> [v2:172.21.15.96:3300/0,v1:172.21.15.96:6789/0] conn(0x7fa9a4106420 0x7fa9a419a0b0 unknown :-1 s=HELLO_CONNECTING pgs=0 cs=0 l=1 rev1=1 crypto rx=0 tx=0 comp rx=0 tx=0).handle_hello peer v2:172.21.15.96:3300/0 says I am v2:172.21.15.96:57332/0 (socket says 172.21.15.96:57332)
2024-02-19T18:55:08.637 INFO:teuthology.orchestra.run.smithi096.stdout:/usr/bin/ceph: stderr
2024-02-19T18:55:07.505+0000 7fa9a2ffd700 1 -- 172.21.15.96:0/3102170091 learned_addr learned my addr 172.21.15.96:0/3102170091 (peer_addr_for_me v2:172.21.15.96:0/0)
2024-02-19T18:55:08.637 INFO:teuthology.orchestra.run.smithi096.stdout:/usr/bin/ceph: stderr
2024-02-19T18:55:07.506+0000 7fa9a2ffd700 1 -- 172.21.15.96:0/3102170091 --> [v2:172.21.15.96:3300/0,v1:172.21.15.96:6789/0] -- mon_subscribe({config=0+,monmap=0+}) v3 -- 0x7fa994009550 con 0x7fa9a4106420
2024-02-19T18:55:08.637 INFO:teuthology.orchestra.run.smithi096.stdout:/usr/bin/ceph: stderr
2024-02-19T18:55:07.506+0000 7fa9a2ffd700 1 --2- 172.21.15.96:0/3102170091 >> [v2:172.21.15.96:3300/0,v1:172.21.15.96:6789/0] conn(0x7fa9a4106420 0x7fa9a419a0b0 secure :-1 s=READY pgs=42 cs=0 l=1 rev1=1 crypto rx=0x7fa994000c00 tx=0x7fa994011ab0 comp rx=0 tx=0).ready entity=mon.0 client_cookie=0 server_cookie=0 in_seq=0 out_seq=0
2024-02-19T18:55:08.638 INFO:teuthology.orchestra.run.smithi096.stdout:/usr/bin/ceph: stderr
2024-02-19T18:55:07.506+0000 7fa9a8832700 1 -- 172.21.15.96:0/3102170091 <== mon.0 v2:172.21.15.96:3300/0 1 ==== mon_map magic: 0 v1 ==== 229+0+0 (secure 0 0 0) 0x7fa994003b90 con 0x7fa9a4106420
2024-02-19T18:55:08.638 INFO:teuthology.orchestra.run.smithi096.stdout:/usr/bin/ceph: stderr
2024-02-19T18:55:07.506+0000 7fa9a8832700 1 -- 172.21.15.96:0/3102170091 <== mon.0 v2:172.21.15.96:3300/0 2 ==== config(27 keys) v1 ==== 1037+0+0 (secure 0 0 0) 0x7fa9940248b0 con 0x7fa9a4106420
2024-02-19T18:55:08.638 INFO:teuthology.orchestra.run.smithi096.stdout:/usr/bin/ceph: stderr
2024-02-19T18:55:07.506+0000 7fa9a9834700 1 -- 172.21.15.96:0/3102170091 --> [v2:172.21.15.96:3300/0,v1:172.21.15.96:6789/0] -- mon_subscribe({mgrmap=0+}) v3 -- 0x7fa9a419a7f0 con 0x7fa9a4106420
2024-02-19T18:55:08.638 INFO:teuthology.orchestra.run.smithi096.stdout:/usr/bin/ceph: stderr
2024-02-19T18:55:07.506+0000 7fa9a8832700 1 -- 172.21.15.96:0/3102170091 <== mon.0 v2:172.21.15.96:3300/0 3 ==== mon_map magic: 0 v1 ==== 229+0+0 (secure 0 0 0) 0x7fa99401a8e0 con 0x7fa9a4106420
2024-02-19T18:55:08.638 INFO:teuthology.orchestra.run.smithi096.stdout:/usr/bin/ceph: stderr
2024-02-19T18:55:07.506+0000 7fa9a9834700 1 -- 172.21.15.96:0/3102170091 --> [v2:172.21.15.96:3300/0,v1:172.21.15.96:6789/0] -- mon_subscribe({osdmap=0}) v3 -- 0x7fa9a419ac90 con 0x7fa9a4106420
2024-02-19T18:55:08.638 INFO:teuthology.orchestra.run.smithi096.stdout:/usr/bin/ceph: stderr
2024-02-19T18:55:07.507+0000 7fa9a8832700 1 -- 172.21.15.96:0/3102170091 <== mon.0 v2:172.21.15.96:3300/0 4 ==== mgrmap(e 8) v1 ==== 45283+0+0 (secure 0 0 0) 0x7fa99401aba0 con 0x7fa9a4106420
2024-02-19T18:55:08.638 INFO:teuthology.orchestra.run.smithi096.stdout:/usr/bin/ceph: stderr
2024-02-19T18:55:07.507+0000 7fa9a9834700 1 -- 172.21.15.96:0/3102170091 --> [v2:172.21.15.96:3300/0,v1:172.21.15.96:6789/0] -- mon_command({"prefix": "get_command_descriptions"} v 0) v1 -- 0x7fa9a40623c0 con 0x7fa9a4106420
2024-02-19T18:55:08.638 INFO:teuthology.orchestra.run.smithi096.stdout:/usr/bin/ceph: stderr
2024-02-19T18:55:07.507+0000 7fa9a8832700 1 --2- 172.21.15.96:0/3102170091 >> [v2:172.21.15.96:6800/3697355606,v1:172.21.15.96:6801/3697355606] conn(0x7fa98c038320 0x7fa98c03a7e0 unknown :-1 s=NONE pgs=0 cs=0 l=1 rev1=0 crypto rx=0 tx=0 comp rx=0 tx=0).connect
2024-02-19T18:55:08.638 INFO:teuthology.orchestra.run.smithi096.stdout:/usr/bin/ceph: stderr
2024-02-19T18:55:07.507+0000 7fa9a8832700 1 -- 172.21.15.96:0/3102170091 <== mon.0 v2:172.21.15.96:3300/0 5 ==== osd_map(2..2 src has 1..2) v4 ==== 940+0+0 (secure 0 0 0) 0x7fa99404c3e0 con 0x7fa9a4106420
2024-02-19T18:55:08.638 INFO:teuthology.orchestra.run.smithi096.stdout:/usr/bin/ceph: stderr
2024-02-19T18:55:07.507+0000 7fa9a27fc700 1 --2- 172.21.15.96:0/3102170091 >> [v2:172.21.15.96:6800/3697355606,v1:172.21.15.96:6801/3697355606] conn(0x7fa98c038320 0x7fa98c03a7e0 unknown :-1 s=BANNER_CONNECTING pgs=0 cs=0 l=1 rev1=0 crypto rx=0 tx=0 comp rx=0 tx=0)._handle_peer_banner_payload supported=3 required=0
2024-02-19T18:55:08.638 INFO:teuthology.orchestra.run.smithi096.stdout:/usr/bin/ceph: stderr
2024-02-19T18:55:07.508+0000 7fa9a27fc700 1 --2- 172.21.15.96:0/3102170091 >> [v2:172.21.15.96:6800/3697355606,v1:172.21.15.96:6801/3697355606] conn(0x7fa98c038320 0x7fa98c03a7e0 secure :-1 s=READY pgs=9 cs=0 l=1 rev1=1 crypto rx=0x7fa998006fd0 tx=0x7fa998006e40 comp rx=0 tx=0).ready entity=mgr.14120 client_cookie=0 server_cookie=0 in_seq=0 out_seq=0
2024-02-19T18:55:08.638 INFO:teuthology.orchestra.run.smithi096.stdout:/usr/bin/ceph: stderr
2024-02-19T18:55:07.512+0000 7fa9a8832700 1 -- 172.21.15.96:0/3102170091 <== mon.0 v2:172.21.15.96:3300/0 6 ==== mon_command_ack([{"prefix": "get_command_descriptions"}]=0 v0) v1 ==== 72+0+180422 (secure 0 0 0) 0x7fa9940233a0 con 0x7fa9a4106420
2024-02-19T18:55:08.639 INFO:teuthology.orchestra.run.smithi096.stdout:/usr/bin/ceph: stderr
2024-02-19T18:55:07.699+0000 7fa9a9834700 1 -- 172.21.15.96:0/3102170091 --> [v2:172.21.15.96:6800/3697355606,v1:172.21.15.96:6801/3697355606] -- mgr_command(tid 0: {"prefix": "cephadm generate-key", "target": ["mon-mgr", ""]}) v1 -- 0x7fa9a410a820 con 0x7fa98c038320
2024-02-19T18:55:08.639 INFO:teuthology.orchestra.run.smithi096.stdout:/usr/bin/ceph: stderr
2024-02-19T18:55:07.993+0000 7fa9a8832700 1 -- 172.21.15.96:0/3102170091 <== mgr.14120 v2:172.21.15.96:6800/3697355606 1 ==== mgr_command_reply(tid 0: 0 ) v1 ==== 8+0+0 (secure 0 0 0) 0x7fa9a410a820 con 0x7fa98c038320
2024-02-19T18:55:08.639 INFO:teuthology.orchestra.run.smithi096.stdout:/usr/bin/ceph: stderr
2024-02-19T18:55:07.995+0000 7fa9a9834700 1 -- 172.21.15.96:0/3102170091 >> [v2:172.21.15.96:6800/3697355606,v1:172.21.15.96:6801/3697355606] conn(0x7fa98c038320 msgr2=0x7fa98c03a7e0 secure :-1 s=STATE_CONNECTION_ESTABLISHED l=1).mark_down
2024-02-19T18:55:08.639 INFO:teuthology.orchestra.run.smithi096.stdout:/usr/bin/ceph: stderr
2024-02-19T18:55:07.995+0000 7fa9a9834700 1 --2- 172.21.15.96:0/3102170091 >> [v2:172.21.15.96:6800/3697355606,v1:172.21.15.96:6801/3697355606] conn(0x7fa98c038320 0x7fa98c03a7e0 secure :-1 s=READY pgs=9 cs=0 l=1 rev1=1 crypto rx=0x7fa998006fd0 tx=0x7fa998006e40 comp rx=0 tx=0).stop
2024-02-19T18:55:08.639 INFO:teuthology.orchestra.run.smithi096.stdout:/usr/bin/ceph: stderr
2024-02-19T18:55:07.995+0000 7fa9a9834700 1 -- 172.21.15.96:0/3102170091 >> [v2:172.21.15.96:3300/0,v1:172.21.15.96:6789/0] conn(0x7fa9a4106420 msgr2=0x7fa9a419a0b0 secure :-1 s=STATE_CONNECTION_ESTABLISHED l=1).mark_down
2024-02-19T18:55:08.639 INFO:teuthology.orchestra.run.smithi096.stdout:/usr/bin/ceph: stderr
2024-02-19T18:55:07.995+0000 7fa9a9834700 1 --2- 172.21.15.96:0/3102170091 >> [v2:172.21.15.96:3300/0,v1:172.21.15.96:6789/0] conn(0x7fa9a4106420 0x7fa9a419a0b0 secure :-1 s=READY pgs=42 cs=0 l=1 rev1=1 crypto rx=0x7fa994000c00 tx=0x7fa994011ab0 comp rx=0 tx=0).stop
2024-02-19T18:55:08.639 INFO:teuthology.orchestra.run.smithi096.stdout:/usr/bin/ceph: stderr
2024-02-19T18:55:07.995+0000 7fa9a9834700 1 -- 172.21.15.96:0/3102170091 shutdown_connections
2024-02-19T18:55:08.639 INFO:teuthology.orchestra.run.smithi096.stdout:/usr/bin/ceph: stderr
2024-02-19T18:55:07.995+0000 7fa9a9834700 1 --2- 172.21.15.96:0/3102170091 >> [v2:172.21.15.96:6800/3697355606,v1:172.21.15.96:6801/3697355606] conn(0x7fa98c038320 0x7fa98c03a7e0 unknown :-1 s=CLOSED pgs=9 cs=0 l=1 rev1=1 crypto rx=0 tx=0 comp rx=0 tx=0).stop
2024-02-19T18:55:08.639 INFO:teuthology.orchestra.run.smithi096.stdout:/usr/bin/ceph: stderr
2024-02-19T18:55:07.995+0000 7fa9a9834700 1 --2- 172.21.15.96:0/3102170091 >> [v2:172.21.15.96:3300/0,v1:172.21.15.96:6789/0] conn(0x7fa9a4106420 0x7fa9a419a0b0 unknown :-1 s=CLOSED pgs=42 cs=0 l=1 rev1=1 crypto rx=0 tx=0 comp rx=0 tx=0).stop
2024-02-19T18:55:08.639 INFO:teuthology.orchestra.run.smithi096.stdout:/usr/bin/ceph: stderr
2024-02-19T18:55:07.995+0000 7fa9a9834700 1 -- 172.21.15.96:0/3102170091 >> 172.21.15.96:0/3102170091 conn(0x7fa9a4101a00 msgr2=0x7fa9a41027f0 unknown :-1 s=STATE_NONE l=0).mark_down
2024-02-19T18:55:08.639 INFO:teuthology.orchestra.run.smithi096.stdout:/usr/bin/ceph: stderr
2024-02-19T18:55:07.996+0000 7fa9a9834700 1 -- 172.21.15.96:0/3102170091 shutdown_connections
2024-02-19T18:55:08.639 INFO:teuthology.orchestra.run.smithi096.stdout:/usr/bin/ceph: stderr
2024-02-19T18:55:07.996+0000 7fa9a9834700 1 -- 172.21.15.96:0/3102170091 wait complete.
2024-02-19T18:55:09.244 INFO:journalctl@ceph.mon.smithi096.smithi096.stdout:Feb 19 18:55:08 smithi096 ceph-mon[29216]: from='client.14136 -' entity='client.admin' cmd=[{"prefix": "cephadm generate-key", "target": ["mon-mgr", ""]}]: dispatch
2024-02-19T18:55:09.244 INFO:journalctl@ceph.mon.smithi096.smithi096.stdout:Feb 19 18:55:08 smithi096 ceph-mon[29216]: Generating ssh key...
2024-02-19T18:55:09.244 INFO:journalctl@ceph.mon.smithi096.smithi096.stdout:Feb 19 18:55:08 smithi096 ceph-mon[29216]: from='mgr.14120 172.21.15.96:0/1668566517' entity='mgr.smithi096.zsjdff'
2024-02-19T18:55:09.244 INFO:journalctl@ceph.mon.smithi096.smithi096.stdout:Feb 19 18:55:08 smithi096 ceph-mon[29216]: from='mgr.14120 172.21.15.96:0/1668566517' entity='mgr.smithi096.zsjdff'
2024-02-19T18:55:09.808 INFO:teuthology.orchestra.run.smithi096.stdout:/usr/bin/ceph: stdout ssh-rsa AAAAB3NzaC1yc2EAAAADAQABAAABgQCu79fsKnGmiNuAedhtHeTxcp8F5t30y+Yqmiag0di9GuPAJKrcNAs8UmH17LVjelr6H3pe1AmIh+Gsf7YcHZN0iaahqfuIjw0j49d9DdlYcuQYwvDu6hdBX87Q6lnBaFsKcFLdwc885tOaNe9c3IALxWVHvhF9PcxYPX8mC9g66rolIHSX3gip0SA/qCc15T4sU8j9iN0oRKHu3Oksiobep1P4NTEmriiViug1BZJR5vbLhgsfdrn4rUEvAHajfEWhOp2tVQiFbbBom4Z8XlF2BRLWEwLwh0kfk39FiR0pUwrb0w327nsiFA3uehSb35fwJZ0L5Sfb/4sN1EMyKacc1BjDEdPHa+o/pV7LRpS4q2sbFMsLCxSkFsfMz/yBT+Czg3AOnIlJ4zBS0SU2WlT40iEWMRh3xLW/+soc3hzaSeczfuk4JlGe4SWdKAoEDEZDMG9KWyRz20Jbl1IuvVL3eUMgqYZXqZPXjWwmi90AHXr8SPncKiJLZa0HL6mF2V8= ceph-06580d2c-cf58-11ee-95bb-87774f69a715
2024-02-19T18:55:09.809 INFO:teuthology.orchestra.run.smithi096.stdout:/usr/bin/ceph: stderr
2024-02-19T18:55:09.030+0000 7fdd92382700 1 Processor -- start
2024-02-19T18:55:09.809 INFO:teuthology.orchestra.run.smithi096.stdout:/usr/bin/ceph: stderr
2024-02-19T18:55:09.030+0000 7fdd92382700 1 -- start start
2024-02-19T18:55:09.809 INFO:teuthology.orchestra.run.smithi096.stdout:/usr/bin/ceph: stderr
2024-02-19T18:55:09.030+0000 7fdd92382700 1 --2- >> [v2:172.21.15.96:3300/0,v1:172.21.15.96:6789/0] conn(0x7fdd8c106420 0x7fdd8c106840 unknown :-1 s=NONE pgs=0 cs=0 l=0 rev1=0 crypto rx=0 tx=0 comp rx=0 tx=0).connect
2024-02-19T18:55:09.809 INFO:teuthology.orchestra.run.smithi096.stdout:/usr/bin/ceph: stderr
2024-02-19T18:55:09.030+0000 7fdd92382700 1 -- --> [v2:172.21.15.96:3300/0,v1:172.21.15.96:6789/0] -- mon_getmap magic: 0 v1 -- 0x7fdd8c106e10 con 0x7fdd8c106420
2024-02-19T18:55:09.809 INFO:teuthology.orchestra.run.smithi096.stdout:/usr/bin/ceph: stderr
2024-02-19T18:55:09.031+0000 7fdd8bfff700 1 --2- >> [v2:172.21.15.96:3300/0,v1:172.21.15.96:6789/0] conn(0x7fdd8c106420 0x7fdd8c106840 unknown :-1 s=BANNER_CONNECTING pgs=0 cs=0 l=0 rev1=0 crypto rx=0 tx=0 comp rx=0 tx=0)._handle_peer_banner_payload supported=3 required=0
2024-02-19T18:55:09.809 INFO:teuthology.orchestra.run.smithi096.stdout:/usr/bin/ceph: stderr
2024-02-19T18:55:09.031+0000 7fdd8bfff700 1 --2- >> [v2:172.21.15.96:3300/0,v1:172.21.15.96:6789/0] conn(0x7fdd8c106420 0x7fdd8c106840 unknown :-1 s=HELLO_CONNECTING pgs=0 cs=0 l=0 rev1=1 crypto rx=0 tx=0 comp rx=0 tx=0).handle_hello peer v2:172.21.15.96:3300/0 says I am v2:172.21.15.96:57340/0 (socket says 172.21.15.96:57340)
2024-02-19T18:55:09.809 INFO:teuthology.orchestra.run.smithi096.stdout:/usr/bin/ceph: stderr
2024-02-19T18:55:09.031+0000 7fdd8bfff700 1 -- 172.21.15.96:0/1910454371 learned_addr learned my addr 172.21.15.96:0/1910454371 (peer_addr_for_me v2:172.21.15.96:0/0)
2024-02-19T18:55:09.809 INFO:teuthology.orchestra.run.smithi096.stdout:/usr/bin/ceph: stderr
2024-02-19T18:55:09.031+0000 7fdd8bfff700 1 -- 172.21.15.96:0/1910454371 --> [v2:172.21.15.96:3300/0,v1:172.21.15.96:6789/0] -- mon_subscribe({config=0+,monmap=0+}) v3 -- 0x7fdd8c107620 con 0x7fdd8c106420
2024-02-19T18:55:09.809 INFO:teuthology.orchestra.run.smithi096.stdout:/usr/bin/ceph: stderr
2024-02-19T18:55:09.031+0000 7fdd8bfff700 1 --2- 172.21.15.96:0/1910454371 >> [v2:172.21.15.96:3300/0,v1:172.21.15.96:6789/0] conn(0x7fdd8c106420 0x7fdd8c106840 secure :-1 s=READY pgs=43 cs=0 l=1 rev1=1 crypto rx=0x7fdd7c0098a0 tx=0x7fdd7c009bb0 comp rx=0 tx=0).ready entity=mon.0 client_cookie=48c5fd2459c5e9a6 server_cookie=0 in_seq=0 out_seq=0
2024-02-19T18:55:09.809 INFO:teuthology.orchestra.run.smithi096.stdout:/usr/bin/ceph: stderr
2024-02-19T18:55:09.031+0000 7fdd8affd700 1 -- 172.21.15.96:0/1910454371 <== mon.0 v2:172.21.15.96:3300/0 1 ==== mon_map magic: 0 v1 ==== 229+0+0 (secure 0 0 0) 0x7fdd7c004180 con 0x7fdd8c106420
2024-02-19T18:55:09.809 INFO:teuthology.orchestra.run.smithi096.stdout:/usr/bin/ceph: stderr
2024-02-19T18:55:09.031+0000 7fdd8affd700 1 -- 172.21.15.96:0/1910454371 <== mon.0 v2:172.21.15.96:3300/0 2 ==== config(27 keys) v1 ==== 1037+0+0 (secure 0 0 0) 0x7fdd7c0042e0 con 0x7fdd8c106420
2024-02-19T18:55:09.809 INFO:teuthology.orchestra.run.smithi096.stdout:/usr/bin/ceph: stderr
2024-02-19T18:55:09.031+0000 7fdd8affd700 1 -- 172.21.15.96:0/1910454371 <== mon.0 v2:172.21.15.96:3300/0 3 ==== mon_map magic: 0 v1 ==== 229+0+0 (secure 0 0 0) 0x7fdd7c011a50 con 0x7fdd8c106420
2024-02-19T18:55:09.810 INFO:teuthology.orchestra.run.smithi096.stdout:/usr/bin/ceph: stderr
2024-02-19T18:55:09.032+0000 7fdd92382700 1 -- 172.21.15.96:0/1910454371 >> [v2:172.21.15.96:3300/0,v1:172.21.15.96:6789/0] conn(0x7fdd8c106420 msgr2=0x7fdd8c106840 secure :-1 s=STATE_CONNECTION_ESTABLISHED l=1).mark_down
2024-02-19T18:55:09.810 INFO:teuthology.orchestra.run.smithi096.stdout:/usr/bin/ceph: stderr
2024-02-19T18:55:09.032+0000 7fdd92382700 1 --2- 172.21.15.96:0/1910454371 >> [v2:172.21.15.96:3300/0,v1:172.21.15.96:6789/0] conn(0x7fdd8c106420 0x7fdd8c106840 secure :-1 s=READY pgs=43 cs=0 l=1 rev1=1 crypto rx=0x7fdd7c0098a0 tx=0x7fdd7c009bb0 comp rx=0 tx=0).stop
2024-02-19T18:55:09.810 INFO:teuthology.orchestra.run.smithi096.stdout:/usr/bin/ceph: stderr
2024-02-19T18:55:09.032+0000 7fdd92382700 1 -- 172.21.15.96:0/1910454371 shutdown_connections
2024-02-19T18:55:09.810 INFO:teuthology.orchestra.run.smithi096.stdout:/usr/bin/ceph: stderr
2024-02-19T18:55:09.032+0000 7fdd92382700 1 --2- 172.21.15.96:0/1910454371 >> [v2:172.21.15.96:3300/0,v1:172.21.15.96:6789/0] conn(0x7fdd8c106420 0x7fdd8c106840 unknown :-1 s=CLOSED pgs=43 cs=0 l=1 rev1=1 crypto rx=0 tx=0 comp rx=0 tx=0).stop
2024-02-19T18:55:09.810 INFO:teuthology.orchestra.run.smithi096.stdout:/usr/bin/ceph: stderr
2024-02-19T18:55:09.032+0000 7fdd92382700 1 -- 172.21.15.96:0/1910454371 >> 172.21.15.96:0/1910454371 conn(0x7fdd8c101a00 msgr2=0x7fdd8c103e20 unknown :-1 s=STATE_NONE l=0).mark_down
2024-02-19T18:55:09.810 INFO:teuthology.orchestra.run.smithi096.stdout:/usr/bin/ceph: stderr
2024-02-19T18:55:09.032+0000 7fdd92382700 1 -- 172.21.15.96:0/1910454371 shutdown_connections
2024-02-19T18:55:09.810 INFO:teuthology.orchestra.run.smithi096.stdout:/usr/bin/ceph: stderr
2024-02-19T18:55:09.032+0000 7fdd92382700 1 -- 172.21.15.96:0/1910454371 wait complete.
2024-02-19T18:55:09.810 INFO:teuthology.orchestra.run.smithi096.stdout:/usr/bin/ceph: stderr
2024-02-19T18:55:09.032+0000 7fdd92382700 1 Processor -- start
2024-02-19T18:55:09.810 INFO:teuthology.orchestra.run.smithi096.stdout:/usr/bin/ceph: stderr
2024-02-19T18:55:09.032+0000 7fdd92382700 1 -- start start
2024-02-19T18:55:09.810 INFO:teuthology.orchestra.run.smithi096.stdout:/usr/bin/ceph: stderr
2024-02-19T18:55:09.033+0000 7fdd92382700 1 --2- >> [v2:172.21.15.96:3300/0,v1:172.21.15.96:6789/0] conn(0x7fdd8c106420 0x7fdd8c19a0b0 unknown :-1 s=NONE pgs=0 cs=0 l=1 rev1=0 crypto rx=0 tx=0 comp rx=0 tx=0).connect
2024-02-19T18:55:09.810 INFO:teuthology.orchestra.run.smithi096.stdout:/usr/bin/ceph: stderr
2024-02-19T18:55:09.033+0000 7fdd92382700 1 -- --> [v2:172.21.15.96:3300/0,v1:172.21.15.96:6789/0] -- mon_getmap magic: 0 v1 -- 0x7fdd8c19a5f0 con 0x7fdd8c106420
2024-02-19T18:55:09.810 INFO:teuthology.orchestra.run.smithi096.stdout:/usr/bin/ceph: stderr
2024-02-19T18:55:09.033+0000 7fdd8bfff700 1 --2- >> [v2:172.21.15.96:3300/0,v1:172.21.15.96:6789/0] conn(0x7fdd8c106420 0x7fdd8c19a0b0 unknown :-1 s=BANNER_CONNECTING pgs=0 cs=0 l=1 rev1=0 crypto rx=0 tx=0 comp rx=0 tx=0)._handle_peer_banner_payload supported=3 required=0
2024-02-19T18:55:09.810 INFO:teuthology.orchestra.run.smithi096.stdout:/usr/bin/ceph: stderr
2024-02-19T18:55:09.033+0000 7fdd8bfff700 1 --2- >> [v2:172.21.15.96:3300/0,v1:172.21.15.96:6789/0] conn(0x7fdd8c106420 0x7fdd8c19a0b0 unknown :-1 s=HELLO_CONNECTING pgs=0 cs=0 l=1 rev1=1 crypto rx=0 tx=0 comp rx=0 tx=0).handle_hello peer v2:172.21.15.96:3300/0 says I am v2:172.21.15.96:57350/0 (socket says 172.21.15.96:57350)
2024-02-19T18:55:09.810 INFO:teuthology.orchestra.run.smithi096.stdout:/usr/bin/ceph: stderr
2024-02-19T18:55:09.033+0000 7fdd8bfff700 1 -- 172.21.15.96:0/3672847198 learned_addr learned my addr 172.21.15.96:0/3672847198 (peer_addr_for_me v2:172.21.15.96:0/0)
2024-02-19T18:55:09.811 INFO:teuthology.orchestra.run.smithi096.stdout:/usr/bin/ceph: stderr
2024-02-19T18:55:09.033+0000 7fdd8bfff700 1 -- 172.21.15.96:0/3672847198 --> [v2:172.21.15.96:3300/0,v1:172.21.15.96:6789/0] -- mon_subscribe({config=0+,monmap=0+}) v3 -- 0x7fdd7c009550 con 0x7fdd8c106420
2024-02-19T18:55:09.811 INFO:teuthology.orchestra.run.smithi096.stdout:/usr/bin/ceph: stderr
2024-02-19T18:55:09.033+0000 7fdd8bfff700 1 --2- 172.21.15.96:0/3672847198 >> [v2:172.21.15.96:3300/0,v1:172.21.15.96:6789/0] conn(0x7fdd8c106420 0x7fdd8c19a0b0 secure :-1 s=READY pgs=44 cs=0 l=1 rev1=1 crypto rx=0x7fdd7c000c00 tx=0x7fdd7c011ab0 comp rx=0 tx=0).ready entity=mon.0 client_cookie=0 server_cookie=0 in_seq=0 out_seq=0
2024-02-19T18:55:09.811 INFO:teuthology.orchestra.run.smithi096.stdout:/usr/bin/ceph: stderr
2024-02-19T18:55:09.033+0000 7fdd897fa700 1 -- 172.21.15.96:0/3672847198 <== mon.0 v2:172.21.15.96:3300/0 1 ==== mon_map magic: 0 v1 ==== 229+0+0 (secure 0 0 0) 0x7fdd7c003b90 con 0x7fdd8c106420
2024-02-19T18:55:09.811 INFO:teuthology.orchestra.run.smithi096.stdout:/usr/bin/ceph: stderr
2024-02-19T18:55:09.033+0000 7fdd897fa700 1 -- 172.21.15.96:0/3672847198 <== mon.0 v2:172.21.15.96:3300/0 2 ==== config(27 keys) v1 ==== 1037+0+0 (secure 0 0 0) 0x7fdd7c0248b0 con 0x7fdd8c106420
2024-02-19T18:55:09.811 INFO:teuthology.orchestra.run.smithi096.stdout:/usr/bin/ceph: stderr
2024-02-19T18:55:09.033+0000 7fdd897fa700 1 -- 172.21.15.96:0/3672847198 <== mon.0 v2:172.21.15.96:3300/0 3 ==== mon_map magic: 0 v1 ==== 229+0+0 (secure 0 0 0) 0x7fdd7c01a8e0 con 0x7fdd8c106420
2024-02-19T18:55:09.811 INFO:teuthology.orchestra.run.smithi096.stdout:/usr/bin/ceph: stderr
2024-02-19T18:55:09.033+0000 7fdd92382700 1 -- 172.21.15.96:0/3672847198 --> [v2:172.21.15.96:3300/0,v1:172.21.15.96:6789/0] -- mon_subscribe({mgrmap=0+}) v3 -- 0x7fdd8c19a7f0 con 0x7fdd8c106420
2024-02-19T18:55:09.811 INFO:teuthology.orchestra.run.smithi096.stdout:/usr/bin/ceph: stderr
2024-02-19T18:55:09.033+0000 7fdd92382700 1 -- 172.21.15.96:0/3672847198 --> [v2:172.21.15.96:3300/0,v1:172.21.15.96:6789/0] -- mon_subscribe({osdmap=0}) v3 -- 0x7fdd8c19ac90 con 0x7fdd8c106420
2024-02-19T18:55:09.811 INFO:teuthology.orchestra.run.smithi096.stdout:/usr/bin/ceph: stderr
2024-02-19T18:55:09.034+0000 7fdd897fa700 1 -- 172.21.15.96:0/3672847198 <== mon.0 v2:172.21.15.96:3300/0 4 ==== mgrmap(e 8) v1 ==== 45283+0+0 (secure 0 0 0) 0x7fdd7c01ab50 con 0x7fdd8c106420
2024-02-19T18:55:09.811 INFO:teuthology.orchestra.run.smithi096.stdout:/usr/bin/ceph: stderr
2024-02-19T18:55:09.034+0000 7fdd897fa700 1 --2- 172.21.15.96:0/3672847198 >> [v2:172.21.15.96:6800/3697355606,v1:172.21.15.96:6801/3697355606] conn(0x7fdd74038370 0x7fdd7403a830 unknown :-1 s=NONE pgs=0 cs=0 l=1 rev1=0 crypto rx=0 tx=0 comp rx=0 tx=0).connect
2024-02-19T18:55:09.811 INFO:teuthology.orchestra.run.smithi096.stdout:/usr/bin/ceph: stderr
2024-02-19T18:55:09.034+0000 7fdd897fa700 1 -- 172.21.15.96:0/3672847198 <== mon.0 v2:172.21.15.96:3300/0 5 ==== osd_map(2..2 src has 1..2) v4 ==== 940+0+0 (secure 0 0 0) 0x7fdd7c04d310 con 0x7fdd8c106420
2024-02-19T18:55:09.811 INFO:teuthology.orchestra.run.smithi096.stdout:/usr/bin/ceph: stderr
2024-02-19T18:55:09.034+0000 7fdd8b7fe700 1 --2- 172.21.15.96:0/3672847198 >> [v2:172.21.15.96:6800/3697355606,v1:172.21.15.96:6801/3697355606] conn(0x7fdd74038370 0x7fdd7403a830 unknown :-1 s=BANNER_CONNECTING pgs=0 cs=0 l=1 rev1=0 crypto rx=0 tx=0 comp rx=0 tx=0)._handle_peer_banner_payload supported=3 required=0
2024-02-19T18:55:09.811 INFO:teuthology.orchestra.run.smithi096.stdout:/usr/bin/ceph: stderr
2024-02-19T18:55:09.034+0000 7fdd92382700 1 -- 172.21.15.96:0/3672847198 --> [v2:172.21.15.96:3300/0,v1:172.21.15.96:6789/0] -- mon_command({"prefix": "get_command_descriptions"} v 0) v1 -- 0x7fdd8c0623c0 con 0x7fdd8c106420
2024-02-19T18:55:09.811 INFO:teuthology.orchestra.run.smithi096.stdout:/usr/bin/ceph: stderr
2024-02-19T18:55:09.035+0000 7fdd8b7fe700 1 --2- 172.21.15.96:0/3672847198 >> [v2:172.21.15.96:6800/3697355606,v1:172.21.15.96:6801/3697355606] conn(0x7fdd74038370 0x7fdd7403a830 secure :-1 s=READY pgs=10 cs=0 l=1 rev1=1 crypto rx=0x7fdd80006fd0 tx=0x7fdd80006e40 comp rx=0 tx=0).ready entity=mgr.14120 client_cookie=0 server_cookie=0 in_seq=0 out_seq=0
2024-02-19T18:55:09.811 INFO:teuthology.orchestra.run.smithi096.stdout:/usr/bin/ceph: stderr
2024-02-19T18:55:09.039+0000 7fdd897fa700 1 -- 172.21.15.96:0/3672847198 <== mon.0 v2:172.21.15.96:3300/0 6 ==== mon_command_ack([{"prefix": "get_command_descriptions"}]=0 v0) v1 ==== 72+0+180422 (secure 0 0 0) 0x7fdd7c0233a0 con 0x7fdd8c106420
2024-02-19T18:55:09.812 INFO:teuthology.orchestra.run.smithi096.stdout:/usr/bin/ceph: stderr
2024-02-19T18:55:09.227+0000 7fdd92382700 1 -- 172.21.15.96:0/3672847198 --> [v2:172.21.15.96:6800/3697355606,v1:172.21.15.96:6801/3697355606] -- mgr_command(tid 0: {"prefix": "cephadm get-pub-key", "target": ["mon-mgr", ""]}) v1 -- 0x7fdd8c102f00 con 0x7fdd74038370
2024-02-19T18:55:09.812 INFO:teuthology.orchestra.run.smithi096.stdout:/usr/bin/ceph: stderr
2024-02-19T18:55:09.227+0000 7fdd897fa700 1 -- 172.21.15.96:0/3672847198 <== mgr.14120 v2:172.21.15.96:6800/3697355606 1 ==== mgr_command_reply(tid 0: 0 ) v1 ==== 8+0+595 (secure 0 0 0) 0x7fdd8c102f00 con 0x7fdd74038370
2024-02-19T18:55:09.812 INFO:teuthology.orchestra.run.smithi096.stdout:/usr/bin/ceph: stderr
2024-02-19T18:55:09.229+0000 7fdd92382700 1 -- 172.21.15.96:0/3672847198 >> [v2:172.21.15.96:6800/3697355606,v1:172.21.15.96:6801/3697355606] conn(0x7fdd74038370 msgr2=0x7fdd7403a830 secure :-1 s=STATE_CONNECTION_ESTABLISHED l=1).mark_down
2024-02-19T18:55:09.812 INFO:teuthology.orchestra.run.smithi096.stdout:/usr/bin/ceph: stderr
2024-02-19T18:55:09.229+0000 7fdd92382700 1 --2- 172.21.15.96:0/3672847198 >> [v2:172.21.15.96:6800/3697355606,v1:172.21.15.96:6801/3697355606] conn(0x7fdd74038370 0x7fdd7403a830 secure :-1 s=READY pgs=10 cs=0 l=1 rev1=1 crypto rx=0x7fdd80006fd0 tx=0x7fdd80006e40 comp rx=0 tx=0).stop
2024-02-19T18:55:09.812 INFO:teuthology.orchestra.run.smithi096.stdout:/usr/bin/ceph: stderr
2024-02-19T18:55:09.229+0000 7fdd92382700 1 -- 172.21.15.96:0/3672847198 >> [v2:172.21.15.96:3300/0,v1:172.21.15.96:6789/0] conn(0x7fdd8c106420 msgr2=0x7fdd8c19a0b0 secure :-1 s=STATE_CONNECTION_ESTABLISHED l=1).mark_down
2024-02-19T18:55:09.812 INFO:teuthology.orchestra.run.smithi096.stdout:/usr/bin/ceph: stderr
2024-02-19T18:55:09.229+0000 7fdd92382700 1 --2- 172.21.15.96:0/3672847198 >> [v2:172.21.15.96:3300/0,v1:172.21.15.96:6789/0] conn(0x7fdd8c106420 0x7fdd8c19a0b0 secure :-1 s=READY pgs=44 cs=0 l=1 rev1=1 crypto rx=0x7fdd7c000c00 tx=0x7fdd7c011ab0 comp rx=0 tx=0).stop
2024-02-19T18:55:09.812 INFO:teuthology.orchestra.run.smithi096.stdout:/usr/bin/ceph: stderr
2024-02-19T18:55:09.229+0000 7fdd92382700 1 -- 172.21.15.96:0/3672847198 shutdown_connections
2024-02-19T18:55:09.812 INFO:teuthology.orchestra.run.smithi096.stdout:/usr/bin/ceph: stderr
2024-02-19T18:55:09.229+0000 7fdd92382700 1 --2- 172.21.15.96:0/3672847198 >> [v2:172.21.15.96:6800/3697355606,v1:172.21.15.96:6801/3697355606] conn(0x7fdd74038370 0x7fdd7403a830 unknown :-1 s=CLOSED pgs=10 cs=0 l=1 rev1=1 crypto rx=0 tx=0 comp rx=0 tx=0).stop
2024-02-19T18:55:09.812 INFO:teuthology.orchestra.run.smithi096.stdout:/usr/bin/ceph: stderr
2024-02-19T18:55:09.229+0000 7fdd92382700 1 --2- 172.21.15.96:0/3672847198 >> [v2:172.21.15.96:3300/0,v1:172.21.15.96:6789/0] conn(0x7fdd8c106420 0x7fdd8c19a0b0 unknown :-1 s=CLOSED pgs=44 cs=0 l=1 rev1=1 crypto rx=0 tx=0 comp rx=0 tx=0).stop
2024-02-19T18:55:09.812 INFO:teuthology.orchestra.run.smithi096.stdout:/usr/bin/ceph: stderr
2024-02-19T18:55:09.229+0000 7fdd92382700 1 -- 172.21.15.96:0/3672847198 >> 172.21.15.96:0/3672847198 conn(0x7fdd8c101a00 msgr2=0x7fdd8c1027f0 unknown :-1 s=STATE_NONE l=0).mark_down
2024-02-19T18:55:09.812 INFO:teuthology.orchestra.run.smithi096.stdout:/usr/bin/ceph: stderr
2024-02-19T18:55:09.230+0000 7fdd92382700 1 -- 172.21.15.96:0/3672847198 shutdown_connections
2024-02-19T18:55:09.812 INFO:teuthology.orchestra.run.smithi096.stdout:/usr/bin/ceph: stderr
2024-02-19T18:55:09.230+0000 7fdd92382700 1 -- 172.21.15.96:0/3672847198 wait complete.
2024-02-19T18:55:09.812 INFO:teuthology.orchestra.run.smithi096.stdout:Wrote public SSH key to /home/ubuntu/cephtest/ceph.pub
2024-02-19T18:55:09.812 INFO:teuthology.orchestra.run.smithi096.stdout:Adding key to root@localhost authorized_keys...
2024-02-19T18:55:09.813 INFO:teuthology.orchestra.run.smithi096.stdout:Adding host smithi096...
2024-02-19T18:55:10.186 INFO:journalctl@ceph.mon.smithi096.smithi096.stdout:Feb 19 18:55:09 smithi096 ceph-mon[29216]: from='client.14138 -' entity='client.admin' cmd=[{"prefix": "cephadm get-pub-key", "target": ["mon-mgr", ""]}]: dispatch
2024-02-19T18:55:11.575 INFO:journalctl@ceph.mon.smithi096.smithi096.stdout:Feb 19 18:55:11 smithi096 ceph-mon[29216]: from='client.14140 -' entity='client.admin' cmd=[{"prefix": "orch host add", "hostname": "smithi096", "addr": "172.21.15.96", "target": ["mon-mgr", ""]}]: dispatch
2024-02-19T18:55:11.575 INFO:journalctl@ceph.mon.smithi096.smithi096.stdout:Feb 19 18:55:11 smithi096 ceph-mon[29216]: Deploying cephadm binary to smithi096
2024-02-19T18:55:13.532 INFO:teuthology.orchestra.run.smithi096.stdout:/usr/bin/ceph: stdout Added host 'smithi096' with addr '172.21.15.96'
2024-02-19T18:55:13.532 INFO:teuthology.orchestra.run.smithi096.stdout:/usr/bin/ceph: stderr
2024-02-19T18:55:10.195+0000 7f5c0aa5f700 1 Processor -- start
2024-02-19T18:55:13.532 INFO:teuthology.orchestra.run.smithi096.stdout:/usr/bin/ceph: stderr
2024-02-19T18:55:10.195+0000 7f5c0aa5f700 1 -- start start
2024-02-19T18:55:13.532 INFO:teuthology.orchestra.run.smithi096.stdout:/usr/bin/ceph: stderr
2024-02-19T18:55:10.195+0000 7f5c0aa5f700 1 --2- >> [v2:172.21.15.96:3300/0,v1:172.21.15.96:6789/0] conn(0x7f5c04106420 0x7f5c04106840 unknown :-1 s=NONE pgs=0 cs=0 l=0 rev1=0 crypto rx=0 tx=0 comp rx=0 tx=0).connect
2024-02-19T18:55:13.532 INFO:teuthology.orchestra.run.smithi096.stdout:/usr/bin/ceph: stderr
2024-02-19T18:55:10.195+0000 7f5c0aa5f700 1 -- --> [v2:172.21.15.96:3300/0,v1:172.21.15.96:6789/0] -- mon_getmap magic: 0 v1 -- 0x7f5c04106e10 con 0x7f5c04106420
2024-02-19T18:55:13.532 INFO:teuthology.orchestra.run.smithi096.stdout:/usr/bin/ceph: stderr
2024-02-19T18:55:10.195+0000 7f5c03fff700 1 --2- >> [v2:172.21.15.96:3300/0,v1:172.21.15.96:6789/0] conn(0x7f5c04106420 0x7f5c04106840 unknown :-1 s=BANNER_CONNECTING pgs=0 cs=0 l=0 rev1=0 crypto rx=0 tx=0 comp rx=0 tx=0)._handle_peer_banner_payload supported=3 required=0
2024-02-19T18:55:13.533 INFO:teuthology.orchestra.run.smithi096.stdout:/usr/bin/ceph: stderr
2024-02-19T18:55:10.196+0000 7f5c03fff700 1 --2- >> [v2:172.21.15.96:3300/0,v1:172.21.15.96:6789/0] conn(0x7f5c04106420 0x7f5c04106840 unknown :-1 s=HELLO_CONNECTING pgs=0 cs=0 l=0 rev1=1 crypto rx=0 tx=0 comp rx=0 tx=0).handle_hello peer v2:172.21.15.96:3300/0 says I am v2:172.21.15.96:57354/0 (socket says 172.21.15.96:57354)
2024-02-19T18:55:13.533 INFO:teuthology.orchestra.run.smithi096.stdout:/usr/bin/ceph: stderr
2024-02-19T18:55:10.196+0000 7f5c03fff700 1 -- 172.21.15.96:0/775262656 learned_addr learned my addr 172.21.15.96:0/775262656 (peer_addr_for_me v2:172.21.15.96:0/0)
2024-02-19T18:55:13.533 INFO:teuthology.orchestra.run.smithi096.stdout:/usr/bin/ceph: stderr
2024-02-19T18:55:10.196+0000 7f5c03fff700 1 -- 172.21.15.96:0/775262656 --> [v2:172.21.15.96:3300/0,v1:172.21.15.96:6789/0] -- mon_subscribe({config=0+,monmap=0+}) v3 -- 0x7f5c04107620 con 0x7f5c04106420
2024-02-19T18:55:13.533 INFO:teuthology.orchestra.run.smithi096.stdout:/usr/bin/ceph: stderr
2024-02-19T18:55:10.196+0000 7f5c03fff700 1 --2- 172.21.15.96:0/775262656 >> [v2:172.21.15.96:3300/0,v1:172.21.15.96:6789/0] conn(0x7f5c04106420 0x7f5c04106840 secure :-1 s=READY pgs=45 cs=0 l=1 rev1=1 crypto rx=0x7f5bf40098a0 tx=0x7f5bf4009bb0 comp rx=0 tx=0).ready entity=mon.0 client_cookie=6ddcd08e408eabfb server_cookie=0 in_seq=0 out_seq=0
2024-02-19T18:55:13.533 INFO:teuthology.orchestra.run.smithi096.stdout:/usr/bin/ceph: stderr
2024-02-19T18:55:10.196+0000 7f5c02ffd700 1 -- 172.21.15.96:0/775262656 <== mon.0 v2:172.21.15.96:3300/0 1 ==== mon_map magic: 0 v1 ==== 229+0+0 (secure 0 0 0) 0x7f5bf4004180 con 0x7f5c04106420
2024-02-19T18:55:13.533 INFO:teuthology.orchestra.run.smithi096.stdout:/usr/bin/ceph: stderr
2024-02-19T18:55:10.196+0000 7f5c02ffd700 1 -- 172.21.15.96:0/775262656 <== mon.0 v2:172.21.15.96:3300/0 2 ==== config(27 keys) v1 ==== 1037+0+0 (secure 0 0 0) 0x7f5bf40042e0 con 0x7f5c04106420
2024-02-19T18:55:13.533 INFO:teuthology.orchestra.run.smithi096.stdout:/usr/bin/ceph: stderr
2024-02-19T18:55:10.196+0000 7f5c02ffd700 1 -- 172.21.15.96:0/775262656 <== mon.0 v2:172.21.15.96:3300/0 3 ==== mon_map magic: 0 v1 ==== 229+0+0 (secure 0 0 0) 0x7f5bf4011a50 con 0x7f5c04106420
2024-02-19T18:55:13.533 INFO:teuthology.orchestra.run.smithi096.stdout:/usr/bin/ceph: stderr
2024-02-19T18:55:10.197+0000 7f5c0aa5f700 1 -- 172.21.15.96:0/775262656 >> [v2:172.21.15.96:3300/0,v1:172.21.15.96:6789/0] conn(0x7f5c04106420 msgr2=0x7f5c04106840 secure :-1 s=STATE_CONNECTION_ESTABLISHED l=1).mark_down
2024-02-19T18:55:13.533 INFO:teuthology.orchestra.run.smithi096.stdout:/usr/bin/ceph: stderr
2024-02-19T18:55:10.197+0000 7f5c0aa5f700 1 --2- 172.21.15.96:0/775262656 >> [v2:172.21.15.96:3300/0,v1:172.21.15.96:6789/0] conn(0x7f5c04106420 0x7f5c04106840 secure :-1 s=READY pgs=45 cs=0 l=1 rev1=1 crypto rx=0x7f5bf40098a0 tx=0x7f5bf4009bb0 comp rx=0 tx=0).stop
2024-02-19T18:55:13.533 INFO:teuthology.orchestra.run.smithi096.stdout:/usr/bin/ceph: stderr
2024-02-19T18:55:10.197+0000 7f5c0aa5f700 1 -- 172.21.15.96:0/775262656 shutdown_connections
2024-02-19T18:55:13.533 INFO:teuthology.orchestra.run.smithi096.stdout:/usr/bin/ceph: stderr
2024-02-19T18:55:10.197+0000 7f5c0aa5f700 1 --2- 172.21.15.96:0/775262656 >> [v2:172.21.15.96:3300/0,v1:172.21.15.96:6789/0] conn(0x7f5c04106420 0x7f5c04106840 unknown :-1 s=CLOSED pgs=45 cs=0 l=1 rev1=1 crypto rx=0 tx=0 comp rx=0 tx=0).stop
2024-02-19T18:55:13.533 INFO:teuthology.orchestra.run.smithi096.stdout:/usr/bin/ceph: stderr
2024-02-19T18:55:10.197+0000 7f5c0aa5f700 1 -- 172.21.15.96:0/775262656 >> 172.21.15.96:0/775262656 conn(0x7f5c04101a00 msgr2=0x7f5c04103e20 unknown :-1 s=STATE_NONE l=0).mark_down
2024-02-19T18:55:13.533 INFO:teuthology.orchestra.run.smithi096.stdout:/usr/bin/ceph: stderr
2024-02-19T18:55:10.197+0000 7f5c0aa5f700 1 -- 172.21.15.96:0/775262656 shutdown_connections
2024-02-19T18:55:13.533 INFO:teuthology.orchestra.run.smithi096.stdout:/usr/bin/ceph: stderr
2024-02-19T18:55:10.197+0000 7f5c0aa5f700 1 -- 172.21.15.96:0/775262656 wait complete.
2024-02-19T18:55:13.533 INFO:teuthology.orchestra.run.smithi096.stdout:/usr/bin/ceph: stderr
2024-02-19T18:55:10.197+0000 7f5c0aa5f700 1 Processor -- start
2024-02-19T18:55:13.534 INFO:teuthology.orchestra.run.smithi096.stdout:/usr/bin/ceph: stderr
2024-02-19T18:55:10.197+0000 7f5c0aa5f700 1 -- start start
2024-02-19T18:55:13.534 INFO:teuthology.orchestra.run.smithi096.stdout:/usr/bin/ceph: stderr
2024-02-19T18:55:10.198+0000 7f5c0aa5f700 1 --2- >> [v2:172.21.15.96:3300/0,v1:172.21.15.96:6789/0] conn(0x7f5c04106420 0x7f5c0407bc60 unknown :-1 s=NONE pgs=0 cs=0 l=1 rev1=0 crypto rx=0 tx=0 comp rx=0 tx=0).connect
2024-02-19T18:55:13.534 INFO:teuthology.orchestra.run.smithi096.stdout:/usr/bin/ceph: stderr
2024-02-19T18:55:10.198+0000 7f5c0aa5f700 1 -- --> [v2:172.21.15.96:3300/0,v1:172.21.15.96:6789/0] -- mon_getmap magic: 0 v1 -- 0x7f5c0407c1a0 con 0x7f5c04106420
2024-02-19T18:55:13.534 INFO:teuthology.orchestra.run.smithi096.stdout:/usr/bin/ceph: stderr
2024-02-19T18:55:10.198+0000 7f5c03fff700 1 --2- >> [v2:172.21.15.96:3300/0,v1:172.21.15.96:6789/0] conn(0x7f5c04106420 0x7f5c0407bc60 unknown :-1 s=BANNER_CONNECTING pgs=0 cs=0 l=1 rev1=0 crypto rx=0 tx=0 comp rx=0 tx=0)._handle_peer_banner_payload supported=3 required=0
2024-02-19T18:55:13.534 INFO:teuthology.orchestra.run.smithi096.stdout:/usr/bin/ceph: stderr
2024-02-19T18:55:10.198+0000 7f5c03fff700 1 --2- >> [v2:172.21.15.96:3300/0,v1:172.21.15.96:6789/0] conn(0x7f5c04106420 0x7f5c0407bc60 unknown :-1 s=HELLO_CONNECTING pgs=0 cs=0 l=1 rev1=1 crypto rx=0 tx=0 comp rx=0 tx=0).handle_hello peer v2:172.21.15.96:3300/0 says I am v2:172.21.15.96:57366/0 (socket says 172.21.15.96:57366)
2024-02-19T18:55:13.534 INFO:teuthology.orchestra.run.smithi096.stdout:/usr/bin/ceph: stderr
2024-02-19T18:55:10.198+0000 7f5c03fff700 1 -- 172.21.15.96:0/2613599038 learned_addr learned my addr 172.21.15.96:0/2613599038 (peer_addr_for_me v2:172.21.15.96:0/0)
2024-02-19T18:55:13.534 INFO:teuthology.orchestra.run.smithi096.stdout:/usr/bin/ceph: stderr
2024-02-19T18:55:10.198+0000 7f5c03fff700 1 -- 172.21.15.96:0/2613599038 --> [v2:172.21.15.96:3300/0,v1:172.21.15.96:6789/0] -- mon_subscribe({config=0+,monmap=0+}) v3 -- 0x7f5bf4009550 con 0x7f5c04106420
2024-02-19T18:55:13.534 INFO:teuthology.orchestra.run.smithi096.stdout:/usr/bin/ceph: stderr
2024-02-19T18:55:10.198+0000 7f5c03fff700 1 --2- 172.21.15.96:0/2613599038 >> [v2:172.21.15.96:3300/0,v1:172.21.15.96:6789/0] conn(0x7f5c04106420 0x7f5c0407bc60 secure :-1 s=READY pgs=46 cs=0 l=1 rev1=1 crypto rx=0x7f5bf4006af0 tx=0x7f5bf4011a90 comp rx=0 tx=0).ready entity=mon.0 client_cookie=0 server_cookie=0 in_seq=0 out_seq=0
2024-02-19T18:55:13.534 INFO:teuthology.orchestra.run.smithi096.stdout:/usr/bin/ceph: stderr
2024-02-19T18:55:10.198+0000 7f5c017fa700 1 -- 172.21.15.96:0/2613599038 <== mon.0 v2:172.21.15.96:3300/0 1 ==== mon_map magic: 0 v1 ==== 229+0+0 (secure 0 0 0) 0x7f5bf4003b90 con 0x7f5c04106420
2024-02-19T18:55:13.534 INFO:teuthology.orchestra.run.smithi096.stdout:/usr/bin/ceph: stderr
2024-02-19T18:55:10.198+0000 7f5c017fa700 1 -- 172.21.15.96:0/2613599038 <== mon.0 v2:172.21.15.96:3300/0 2 ==== config(27 keys) v1 ==== 1037+0+0 (secure 0 0 0) 0x7f5bf401a8a0 con 0x7f5c04106420
2024-02-19T18:55:13.534 INFO:teuthology.orchestra.run.smithi096.stdout:/usr/bin/ceph: stderr
2024-02-19T18:55:10.198+0000 7f5c0aa5f700 1 -- 172.21.15.96:0/2613599038 --> [v2:172.21.15.96:3300/0,v1:172.21.15.96:6789/0] -- mon_subscribe({mgrmap=0+}) v3 -- 0x7f5c0407a2b0 con 0x7f5c04106420
2024-02-19T18:55:13.534 INFO:teuthology.orchestra.run.smithi096.stdout:/usr/bin/ceph: stderr
2024-02-19T18:55:10.198+0000 7f5c017fa700 1 -- 172.21.15.96:0/2613599038 <== mon.0 v2:172.21.15.96:3300/0 3 ==== mon_map magic: 0 v1 ==== 229+0+0 (secure 0 0 0) 0x7f5bf4019880 con 0x7f5c04106420
2024-02-19T18:55:13.534 INFO:teuthology.orchestra.run.smithi096.stdout:/usr/bin/ceph: stderr
2024-02-19T18:55:10.198+0000 7f5c0aa5f700 1 -- 172.21.15.96:0/2613599038 --> [v2:172.21.15.96:3300/0,v1:172.21.15.96:6789/0] -- mon_subscribe({osdmap=0}) v3 -- 0x7f5c0407a750 con 0x7f5c04106420
2024-02-19T18:55:13.534 INFO:teuthology.orchestra.run.smithi096.stdout:/usr/bin/ceph: stderr
2024-02-19T18:55:10.199+0000 7f5c017fa700 1 -- 172.21.15.96:0/2613599038 <== mon.0 v2:172.21.15.96:3300/0 4 ==== mgrmap(e 8) v1 ==== 45283+0+0 (secure 0 0 0) 0x7f5bf4019af0 con 0x7f5c04106420
2024-02-19T18:55:13.534 INFO:teuthology.orchestra.run.smithi096.stdout:/usr/bin/ceph: stderr
2024-02-19T18:55:10.199+0000 7f5c0aa5f700 1 -- 172.21.15.96:0/2613599038 --> [v2:172.21.15.96:3300/0,v1:172.21.15.96:6789/0] -- mon_command({"prefix": "get_command_descriptions"} v 0) v1 -- 0x7f5c040623c0 con 0x7f5c04106420
2024-02-19T18:55:13.534 INFO:teuthology.orchestra.run.smithi096.stdout:/usr/bin/ceph: stderr
2024-02-19T18:55:10.199+0000 7f5c017fa700 1 --2- 172.21.15.96:0/2613599038 >> [v2:172.21.15.96:6800/3697355606,v1:172.21.15.96:6801/3697355606] conn(0x7f5bec038330 0x7f5bec03a7f0 unknown :-1 s=NONE pgs=0 cs=0 l=1 rev1=0 crypto rx=0 tx=0 comp rx=0 tx=0).connect
2024-02-19T18:55:13.535 INFO:teuthology.orchestra.run.smithi096.stdout:/usr/bin/ceph: stderr
2024-02-19T18:55:10.199+0000 7f5c017fa700 1 -- 172.21.15.96:0/2613599038 <== mon.0 v2:172.21.15.96:3300/0 5 ==== osd_map(2..2 src has 1..2) v4 ==== 940+0+0 (secure 0 0 0) 0x7f5bf404c7b0 con 0x7f5c04106420
2024-02-19T18:55:13.535 INFO:teuthology.orchestra.run.smithi096.stdout:/usr/bin/ceph: stderr
2024-02-19T18:55:10.199+0000 7f5c037fe700 1 --2- 172.21.15.96:0/2613599038 >> [v2:172.21.15.96:6800/3697355606,v1:172.21.15.96:6801/3697355606] conn(0x7f5bec038330 0x7f5bec03a7f0 unknown :-1 s=BANNER_CONNECTING pgs=0 cs=0 l=1 rev1=0 crypto rx=0 tx=0 comp rx=0 tx=0)._handle_peer_banner_payload supported=3 required=0
2024-02-19T18:55:13.535 INFO:teuthology.orchestra.run.smithi096.stdout:/usr/bin/ceph: stderr
2024-02-19T18:55:10.200+0000 7f5c037fe700 1 --2- 172.21.15.96:0/2613599038 >> [v2:172.21.15.96:6800/3697355606,v1:172.21.15.96:6801/3697355606] conn(0x7f5bec038330 0x7f5bec03a7f0 secure :-1 s=READY pgs=11 cs=0 l=1 rev1=1 crypto rx=0x7f5bf8006fd0 tx=0x7f5bf8006e40 comp rx=0 tx=0).ready entity=mgr.14120 client_cookie=0 server_cookie=0 in_seq=0 out_seq=0
2024-02-19T18:55:13.535 INFO:teuthology.orchestra.run.smithi096.stdout:/usr/bin/ceph: stderr
2024-02-19T18:55:10.204+0000 7f5c017fa700 1 -- 172.21.15.96:0/2613599038 <== mon.0 v2:172.21.15.96:3300/0 6 ==== mon_command_ack([{"prefix": "get_command_descriptions"}]=0 v0) v1 ==== 72+0+180422 (secure 0 0 0) 0x7f5bf4018b80 con 0x7f5c04106420
2024-02-19T18:55:13.535 INFO:teuthology.orchestra.run.smithi096.stdout:/usr/bin/ceph: stderr
2024-02-19T18:55:10.394+0000 7f5c0aa5f700 1 -- 172.21.15.96:0/2613599038 --> [v2:172.21.15.96:6800/3697355606,v1:172.21.15.96:6801/3697355606] -- mgr_command(tid 0: {"prefix": "orch host add", "hostname": "smithi096", "addr": "172.21.15.96", "target": ["mon-mgr", ""]}) v1 -- 0x7f5c0410a820 con 0x7f5bec038330
2024-02-19T18:55:13.535 INFO:teuthology.orchestra.run.smithi096.stdout:/usr/bin/ceph: stderr
2024-02-19T18:55:13.001+0000 7f5c017fa700 1 -- 172.21.15.96:0/2613599038 <== mgr.14120 v2:172.21.15.96:6800/3697355606 1 ==== mgr_command_reply(tid 0: 0 ) v1 ==== 8+0+48 (secure 0 0 0) 0x7f5c0410a820 con 0x7f5bec038330
2024-02-19T18:55:13.535 INFO:teuthology.orchestra.run.smithi096.stdout:/usr/bin/ceph: stderr
2024-02-19T18:55:13.003+0000 7f5c0aa5f700 1 -- 172.21.15.96:0/2613599038 >> [v2:172.21.15.96:6800/3697355606,v1:172.21.15.96:6801/3697355606] conn(0x7f5bec038330 msgr2=0x7f5bec03a7f0 secure :-1 s=STATE_CONNECTION_ESTABLISHED l=1).mark_down
2024-02-19T18:55:13.535 INFO:teuthology.orchestra.run.smithi096.stdout:/usr/bin/ceph: stderr
2024-02-19T18:55:13.003+0000 7f5c0aa5f700 1 --2- 172.21.15.96:0/2613599038 >> [v2:172.21.15.96:6800/3697355606,v1:172.21.15.96:6801/3697355606] conn(0x7f5bec038330 0x7f5bec03a7f0 secure :-1 s=READY pgs=11 cs=0 l=1 rev1=1 crypto rx=0x7f5bf8006fd0 tx=0x7f5bf8006e40 comp rx=0 tx=0).stop
2024-02-19T18:55:13.535 INFO:teuthology.orchestra.run.smithi096.stdout:/usr/bin/ceph: stderr
2024-02-19T18:55:13.003+0000 7f5c0aa5f700 1 -- 172.21.15.96:0/2613599038 >> [v2:172.21.15.96:3300/0,v1:172.21.15.96:6789/0] conn(0x7f5c04106420 msgr2=0x7f5c0407bc60 secure :-1 s=STATE_CONNECTION_ESTABLISHED l=1).mark_down
2024-02-19T18:55:13.535 INFO:teuthology.orchestra.run.smithi096.stdout:/usr/bin/ceph: stderr
2024-02-19T18:55:13.003+0000 7f5c0aa5f700 1 --2- 172.21.15.96:0/2613599038 >> [v2:172.21.15.96:3300/0,v1:172.21.15.96:6789/0] conn(0x7f5c04106420 0x7f5c0407bc60 secure :-1 s=READY pgs=46 cs=0 l=1 rev1=1 crypto rx=0x7f5bf4006af0 tx=0x7f5bf4011a90 comp rx=0 tx=0).stop
2024-02-19T18:55:13.535 INFO:teuthology.orchestra.run.smithi096.stdout:/usr/bin/ceph: stderr
2024-02-19T18:55:13.003+0000 7f5c0aa5f700 1 -- 172.21.15.96:0/2613599038 shutdown_connections
2024-02-19T18:55:13.535 INFO:teuthology.orchestra.run.smithi096.stdout:/usr/bin/ceph: stderr
2024-02-19T18:55:13.003+0000 7f5c0aa5f700 1 --2- 172.21.15.96:0/2613599038 >> [v2:172.21.15.96:6800/3697355606,v1:172.21.15.96:6801/3697355606] conn(0x7f5bec038330 0x7f5bec03a7f0 unknown :-1 s=CLOSED pgs=11 cs=0 l=1 rev1=1 crypto rx=0 tx=0 comp rx=0 tx=0).stop
2024-02-19T18:55:13.535 INFO:teuthology.orchestra.run.smithi096.stdout:/usr/bin/ceph: stderr
2024-02-19T18:55:13.003+0000 7f5c0aa5f700 1 --2- 172.21.15.96:0/2613599038 >> [v2:172.21.15.96:3300/0,v1:172.21.15.96:6789/0] conn(0x7f5c04106420 0x7f5c0407bc60 unknown :-1 s=CLOSED pgs=46 cs=0 l=1 rev1=1 crypto rx=0 tx=0 comp rx=0 tx=0).stop
2024-02-19T18:55:13.535 INFO:teuthology.orchestra.run.smithi096.stdout:/usr/bin/ceph: stderr
2024-02-19T18:55:13.003+0000 7f5c0aa5f700 1 -- 172.21.15.96:0/2613599038 >> 172.21.15.96:0/2613599038 conn(0x7f5c04101a00 msgr2=0x7f5c041027b0 unknown :-1 s=STATE_NONE l=0).mark_down
2024-02-19T18:55:13.536 INFO:teuthology.orchestra.run.smithi096.stdout:/usr/bin/ceph: stderr
2024-02-19T18:55:13.003+0000 7f5c0aa5f700 1 -- 172.21.15.96:0/2613599038 shutdown_connections
2024-02-19T18:55:13.536 INFO:teuthology.orchestra.run.smithi096.stdout:/usr/bin/ceph: stderr
2024-02-19T18:55:13.004+0000 7f5c0aa5f700 1 -- 172.21.15.96:0/2613599038 wait complete.
2024-02-19T18:55:13.536 INFO:teuthology.orchestra.run.smithi096.stdout:Deploying mon service with default placement...
2024-02-19T18:55:14.176 INFO:journalctl@ceph.mon.smithi096.smithi096.stdout:Feb 19 18:55:14 smithi096 ceph-mon[29216]: from='mgr.14120 172.21.15.96:0/1668566517' entity='mgr.smithi096.zsjdff'
2024-02-19T18:55:14.176 INFO:journalctl@ceph.mon.smithi096.smithi096.stdout:Feb 19 18:55:14 smithi096 ceph-mon[29216]: Added host smithi096
2024-02-19T18:55:14.176 INFO:journalctl@ceph.mon.smithi096.smithi096.stdout:Feb 19 18:55:14 smithi096 ceph-mon[29216]: from='mgr.14120 172.21.15.96:0/1668566517' entity='mgr.smithi096.zsjdff' cmd=[{"prefix": "config dump", "format": "json"}]: dispatch
2024-02-19T18:55:15.283 INFO:journalctl@ceph.mon.smithi096.smithi096.stdout:Feb 19 18:55:15 smithi096 ceph-mon[29216]: from='client.14142 -' entity='client.admin' cmd=[{"prefix": "orch apply", "service_type": "mon", "target": ["mon-mgr", ""]}]: dispatch
2024-02-19T18:55:15.283 INFO:journalctl@ceph.mon.smithi096.smithi096.stdout:Feb 19 18:55:15 smithi096 ceph-mon[29216]: Saving service mon spec with placement count:5
2024-02-19T18:55:15.283 INFO:journalctl@ceph.mon.smithi096.smithi096.stdout:Feb 19 18:55:15 smithi096 ceph-mon[29216]: from='mgr.14120 172.21.15.96:0/1668566517' entity='mgr.smithi096.zsjdff'
2024-02-19T18:55:15.284 INFO:journalctl@ceph.mon.smithi096.smithi096.stdout:Feb 19 18:55:15 smithi096 ceph-mon[29216]: from='mgr.14120 172.21.15.96:0/1668566517' entity='mgr.smithi096.zsjdff'
2024-02-19T18:55:15.591 INFO:teuthology.orchestra.run.smithi096.stdout:/usr/bin/ceph: stdout Scheduled mon update...
2024-02-19T18:55:15.592 INFO:teuthology.orchestra.run.smithi096.stdout:/usr/bin/ceph: stderr
2024-02-19T18:55:13.927+0000 7f482bbd0700 1 Processor -- start
2024-02-19T18:55:15.592 INFO:teuthology.orchestra.run.smithi096.stdout:/usr/bin/ceph: stderr
2024-02-19T18:55:13.927+0000 7f482bbd0700 1 -- start start
2024-02-19T18:55:15.592 INFO:teuthology.orchestra.run.smithi096.stdout:/usr/bin/ceph: stderr
2024-02-19T18:55:13.927+0000 7f482bbd0700 1 --2- >> [v2:172.21.15.96:3300/0,v1:172.21.15.96:6789/0] conn(0x7f4824106f00 0x7f48241092f0 unknown :-1 s=NONE pgs=0 cs=0 l=0 rev1=0 crypto rx=0 tx=0 comp rx=0 tx=0).connect
2024-02-19T18:55:15.592 INFO:teuthology.orchestra.run.smithi096.stdout:/usr/bin/ceph: stderr
2024-02-19T18:55:13.927+0000 7f482bbd0700 1 -- --> [v2:172.21.15.96:3300/0,v1:172.21.15.96:6789/0] -- mon_getmap magic: 0 v1 -- 0x7f4824079e60 con 0x7f4824106f00
2024-02-19T18:55:15.592 INFO:teuthology.orchestra.run.smithi096.stdout:/usr/bin/ceph: stderr
2024-02-19T18:55:13.927+0000 7f482996c700 1 --2- >> [v2:172.21.15.96:3300/0,v1:172.21.15.96:6789/0] conn(0x7f4824106f00 0x7f48241092f0 unknown :-1 s=BANNER_CONNECTING pgs=0 cs=0 l=0 rev1=0 crypto rx=0 tx=0 comp rx=0 tx=0)._handle_peer_banner_payload supported=3 required=0
2024-02-19T18:55:15.592 INFO:teuthology.orchestra.run.smithi096.stdout:/usr/bin/ceph: stderr
2024-02-19T18:55:13.927+0000 7f482996c700 1 --2- >> [v2:172.21.15.96:3300/0,v1:172.21.15.96:6789/0] conn(0x7f4824106f00 0x7f48241092f0 unknown :-1 s=HELLO_CONNECTING pgs=0 cs=0 l=0 rev1=1 crypto rx=0 tx=0 comp rx=0 tx=0).handle_hello peer v2:172.21.15.96:3300/0 says I am v2:172.21.15.96:48344/0 (socket says 172.21.15.96:48344)
2024-02-19T18:55:15.592 INFO:teuthology.orchestra.run.smithi096.stdout:/usr/bin/ceph: stderr
2024-02-19T18:55:13.927+0000 7f482996c700 1 -- 172.21.15.96:0/2059689474 learned_addr learned my addr 172.21.15.96:0/2059689474 (peer_addr_for_me v2:172.21.15.96:0/0)
2024-02-19T18:55:15.592 INFO:teuthology.orchestra.run.smithi096.stdout:/usr/bin/ceph: stderr
2024-02-19T18:55:13.928+0000 7f482996c700 1 -- 172.21.15.96:0/2059689474 --> [v2:172.21.15.96:3300/0,v1:172.21.15.96:6789/0] -- mon_subscribe({config=0+,monmap=0+}) v3 -- 0x7f4824109830 con 0x7f4824106f00
2024-02-19T18:55:15.592 INFO:teuthology.orchestra.run.smithi096.stdout:/usr/bin/ceph: stderr
2024-02-19T18:55:13.928+0000 7f482996c700 1 --2- 172.21.15.96:0/2059689474 >> [v2:172.21.15.96:3300/0,v1:172.21.15.96:6789/0] conn(0x7f4824106f00 0x7f48241092f0 secure :-1 s=READY pgs=47 cs=0 l=1 rev1=1 crypto rx=0x7f481c009e80 tx=0x7f481c00b330 comp rx=0 tx=0).ready entity=mon.0 client_cookie=e9654690ca6618cf server_cookie=0 in_seq=0 out_seq=0
2024-02-19T18:55:15.597 INFO:teuthology.orchestra.run.smithi096.stdout:/usr/bin/ceph: stderr
2024-02-19T18:55:13.928+0000 7f482896a700 1 -- 172.21.15.96:0/2059689474 <== mon.0 v2:172.21.15.96:3300/0 1 ==== mon_map magic: 0 v1 ==== 229+0+0 (secure 0 0 0) 0x7f481c00e070 con 0x7f4824106f00
2024-02-19T18:55:15.597 INFO:teuthology.orchestra.run.smithi096.stdout:/usr/bin/ceph: stderr
2024-02-19T18:55:13.928+0000 7f482896a700 1 -- 172.21.15.96:0/2059689474 <== mon.0 v2:172.21.15.96:3300/0 2 ==== config(27 keys) v1 ==== 1037+0+0 (secure 0 0 0) 0x7f481c003e90 con 0x7f4824106f00
2024-02-19T18:55:15.597 INFO:teuthology.orchestra.run.smithi096.stdout:/usr/bin/ceph: stderr
2024-02-19T18:55:13.928+0000 7f482896a700 1 -- 172.21.15.96:0/2059689474 <== mon.0 v2:172.21.15.96:3300/0 3 ==== mon_map magic: 0 v1 ==== 229+0+0 (secure 0 0 0) 0x7f481c004380 con 0x7f4824106f00
2024-02-19T18:55:15.597 INFO:teuthology.orchestra.run.smithi096.stdout:/usr/bin/ceph: stderr
2024-02-19T18:55:13.929+0000 7f482bbd0700 1 -- 172.21.15.96:0/2059689474 >> [v2:172.21.15.96:3300/0,v1:172.21.15.96:6789/0] conn(0x7f4824106f00 msgr2=0x7f48241092f0 secure :-1 s=STATE_CONNECTION_ESTABLISHED l=1).mark_down
2024-02-19T18:55:15.597 INFO:teuthology.orchestra.run.smithi096.stdout:/usr/bin/ceph: stderr
2024-02-19T18:55:13.929+0000 7f482bbd0700 1 --2- 172.21.15.96:0/2059689474 >> [v2:172.21.15.96:3300/0,v1:172.21.15.96:6789/0] conn(0x7f4824106f00 0x7f48241092f0 secure :-1 s=READY pgs=47 cs=0 l=1 rev1=1 crypto rx=0x7f481c009e80 tx=0x7f481c00b330 comp rx=0 tx=0).stop
2024-02-19T18:55:15.597 INFO:teuthology.orchestra.run.smithi096.stdout:/usr/bin/ceph: stderr
2024-02-19T18:55:13.929+0000 7f482bbd0700 1 -- 172.21.15.96:0/2059689474 shutdown_connections
2024-02-19T18:55:15.597 INFO:teuthology.orchestra.run.smithi096.stdout:/usr/bin/ceph: stderr
