2024-02-19T18:54:50.264+0000 7f5cefe93700 1 -- 172.21.15.96:0/2411624347 >> [v2:172.21.15.96:3300/0,v1:172.21.15.96:6789/0] conn(0x7f5ce807beb0 msgr2=0x7f5ce807a310 secure :-1 s=STATE_CONNECTION_ESTABLISHED l=1).mark_down
2024-02-19T18:54:50.862 INFO:teuthology.orchestra.run.smithi096.stdout:/usr/bin/ceph: stderr
2024-02-19T18:54:50.264+0000 7f5cefe93700 1 --2- 172.21.15.96:0/2411624347 >> [v2:172.21.15.96:3300/0,v1:172.21.15.96:6789/0] conn(0x7f5ce807beb0 0x7f5ce807a310 secure :-1 s=READY pgs=16 cs=0 l=1 rev1=1 crypto rx=0x7f5ce40098a0 tx=0x7f5ce4009bb0 comp rx=0 tx=0).stop
2024-02-19T18:54:50.862 INFO:teuthology.orchestra.run.smithi096.stdout:/usr/bin/ceph: stderr
2024-02-19T18:54:50.264+0000 7f5cefe93700 1 -- 172.21.15.96:0/2411624347 shutdown_connections
2024-02-19T18:54:50.862 INFO:teuthology.orchestra.run.smithi096.stdout:/usr/bin/ceph: stderr
2024-02-19T18:54:50.264+0000 7f5cefe93700 1 --2- 172.21.15.96:0/2411624347 >> [v2:172.21.15.96:3300/0,v1:172.21.15.96:6789/0] conn(0x7f5ce807beb0 0x7f5ce807a310 unknown :-1 s=CLOSED pgs=16 cs=0 l=1 rev1=1 crypto rx=0 tx=0 comp rx=0 tx=0).stop
2024-02-19T18:54:50.862 INFO:teuthology.orchestra.run.smithi096.stdout:/usr/bin/ceph: stderr
2024-02-19T18:54:50.264+0000 7f5cefe93700 1 -- 172.21.15.96:0/2411624347 >> 172.21.15.96:0/2411624347 conn(0x7f5ce8101a00 msgr2=0x7f5ce8103e20 unknown :-1 s=STATE_NONE l=0).mark_down
2024-02-19T18:54:50.862 INFO:teuthology.orchestra.run.smithi096.stdout:/usr/bin/ceph: stderr
2024-02-19T18:54:50.264+0000 7f5cefe93700 1 -- 172.21.15.96:0/2411624347 shutdown_connections
2024-02-19T18:54:50.862 INFO:teuthology.orchestra.run.smithi096.stdout:/usr/bin/ceph: stderr
2024-02-19T18:54:50.264+0000 7f5cefe93700 1 -- 172.21.15.96:0/2411624347 wait complete.
2024-02-19T18:54:50.862 INFO:teuthology.orchestra.run.smithi096.stdout:/usr/bin/ceph: stderr
2024-02-19T18:54:50.264+0000 7f5cefe93700 1 Processor -- start
2024-02-19T18:54:50.862 INFO:teuthology.orchestra.run.smithi096.stdout:/usr/bin/ceph: stderr
2024-02-19T18:54:50.264+0000 7f5cefe93700 1 -- start start
2024-02-19T18:54:50.862 INFO:teuthology.orchestra.run.smithi096.stdout:/usr/bin/ceph: stderr
2024-02-19T18:54:50.264+0000 7f5cefe93700 1 --2- >> [v2:172.21.15.96:3300/0,v1:172.21.15.96:6789/0] conn(0x7f5ce807beb0 0x7f5ce819c300 unknown :-1 s=NONE pgs=0 cs=0 l=1 rev1=0 crypto rx=0 tx=0 comp rx=0 tx=0).connect
2024-02-19T18:54:50.862 INFO:teuthology.orchestra.run.smithi096.stdout:/usr/bin/ceph: stderr
2024-02-19T18:54:50.264+0000 7f5cefe93700 1 -- --> [v2:172.21.15.96:3300/0,v1:172.21.15.96:6789/0] -- mon_getmap magic: 0 v1 -- 0x7f5ce819c840 con 0x7f5ce807beb0
2024-02-19T18:54:50.862 INFO:teuthology.orchestra.run.smithi096.stdout:/usr/bin/ceph: stderr
2024-02-19T18:54:50.264+0000 7f5cedc2f700 1 --2- >> [v2:172.21.15.96:3300/0,v1:172.21.15.96:6789/0] conn(0x7f5ce807beb0 0x7f5ce819c300 unknown :-1 s=BANNER_CONNECTING pgs=0 cs=0 l=1 rev1=0 crypto rx=0 tx=0 comp rx=0 tx=0)._handle_peer_banner_payload supported=3 required=0
2024-02-19T18:54:50.862 INFO:teuthology.orchestra.run.smithi096.stdout:/usr/bin/ceph: stderr
2024-02-19T18:54:50.264+0000 7f5cedc2f700 1 --2- >> [v2:172.21.15.96:3300/0,v1:172.21.15.96:6789/0] conn(0x7f5ce807beb0 0x7f5ce819c300 unknown :-1 s=HELLO_CONNECTING pgs=0 cs=0 l=1 rev1=1 crypto rx=0 tx=0 comp rx=0 tx=0).handle_hello peer v2:172.21.15.96:3300/0 says I am v2:172.21.15.96:45984/0 (socket says 172.21.15.96:45984)
2024-02-19T18:54:50.862 INFO:teuthology.orchestra.run.smithi096.stdout:/usr/bin/ceph: stderr
2024-02-19T18:54:50.265+0000 7f5cedc2f700 1 -- 172.21.15.96:0/3138559478 learned_addr learned my addr 172.21.15.96:0/3138559478 (peer_addr_for_me v2:172.21.15.96:0/0)
2024-02-19T18:54:50.863 INFO:teuthology.orchestra.run.smithi096.stdout:/usr/bin/ceph: stderr
2024-02-19T18:54:50.265+0000 7f5cedc2f700 1 -- 172.21.15.96:0/3138559478 --> [v2:172.21.15.96:3300/0,v1:172.21.15.96:6789/0] -- mon_subscribe({config=0+,monmap=0+}) v3 -- 0x7f5ce4009550 con 0x7f5ce807beb0
2024-02-19T18:54:50.863 INFO:teuthology.orchestra.run.smithi096.stdout:/usr/bin/ceph: stderr
2024-02-19T18:54:50.265+0000 7f5cedc2f700 1 --2- 172.21.15.96:0/3138559478 >> [v2:172.21.15.96:3300/0,v1:172.21.15.96:6789/0] conn(0x7f5ce807beb0 0x7f5ce819c300 secure :-1 s=READY pgs=17 cs=0 l=1 rev1=1 crypto rx=0x7f5ce4006af0 tx=0x7f5ce4011a90 comp rx=0 tx=0).ready entity=mon.0 client_cookie=0 server_cookie=0 in_seq=0 out_seq=0
2024-02-19T18:54:50.863 INFO:teuthology.orchestra.run.smithi096.stdout:/usr/bin/ceph: stderr
2024-02-19T18:54:50.265+0000 7f5cdeffd700 1 -- 172.21.15.96:0/3138559478 <== mon.0 v2:172.21.15.96:3300/0 1 ==== mon_map magic: 0 v1 ==== 229+0+0 (secure 0 0 0) 0x7f5ce4003b90 con 0x7f5ce807beb0
2024-02-19T18:54:50.863 INFO:teuthology.orchestra.run.smithi096.stdout:/usr/bin/ceph: stderr
2024-02-19T18:54:50.265+0000 7f5cdeffd700 1 -- 172.21.15.96:0/3138559478 <== mon.0 v2:172.21.15.96:3300/0 2 ==== config(27 keys) v1 ==== 1037+0+0 (secure 0 0 0) 0x7f5ce401a8a0 con 0x7f5ce807beb0
2024-02-19T18:54:50.863 INFO:teuthology.orchestra.run.smithi096.stdout:/usr/bin/ceph: stderr
2024-02-19T18:54:50.265+0000 7f5cdeffd700 1 -- 172.21.15.96:0/3138559478 <== mon.0 v2:172.21.15.96:3300/0 3 ==== mon_map magic: 0 v1 ==== 229+0+0 (secure 0 0 0) 0x7f5ce4019880 con 0x7f5ce807beb0
2024-02-19T18:54:50.863 INFO:teuthology.orchestra.run.smithi096.stdout:/usr/bin/ceph: stderr
2024-02-19T18:54:50.265+0000 7f5cefe93700 1 -- 172.21.15.96:0/3138559478 --> [v2:172.21.15.96:3300/0,v1:172.21.15.96:6789/0] -- mon_subscribe({mgrmap=0+}) v3 -- 0x7f5ce819ca40 con 0x7f5ce807beb0
2024-02-19T18:54:50.863 INFO:teuthology.orchestra.run.smithi096.stdout:/usr/bin/ceph: stderr
2024-02-19T18:54:50.265+0000 7f5cefe93700 1 -- 172.21.15.96:0/3138559478 --> [v2:172.21.15.96:3300/0,v1:172.21.15.96:6789/0] -- mon_subscribe({osdmap=0}) v3 -- 0x7f5ce819cee0 con 0x7f5ce807beb0
2024-02-19T18:54:50.863 INFO:teuthology.orchestra.run.smithi096.stdout:/usr/bin/ceph: stderr
2024-02-19T18:54:50.266+0000 7f5cdeffd700 1 -- 172.21.15.96:0/3138559478 <== mon.0 v2:172.21.15.96:3300/0 4 ==== mgrmap(e 2) v1 ==== 45039+0+0 (secure 0 0 0) 0x7f5ce4019b40 con 0x7f5ce807beb0
2024-02-19T18:54:50.863 INFO:teuthology.orchestra.run.smithi096.stdout:/usr/bin/ceph: stderr
2024-02-19T18:54:50.266+0000 7f5cdeffd700 1 -- 172.21.15.96:0/3138559478 <== mon.0 v2:172.21.15.96:3300/0 5 ==== osd_map(1..1 src has 1..1) v4 ==== 725+0+0 (secure 0 0 0) 0x7f5ce404c230 con 0x7f5ce807beb0
2024-02-19T18:54:50.863 INFO:teuthology.orchestra.run.smithi096.stdout:/usr/bin/ceph: stderr
2024-02-19T18:54:50.266+0000 7f5cefe93700 1 -- 172.21.15.96:0/3138559478 --> [v2:172.21.15.96:3300/0,v1:172.21.15.96:6789/0] -- mon_command({"prefix": "get_command_descriptions"} v 0) v1 -- 0x7f5ce810c780 con 0x7f5ce807beb0
2024-02-19T18:54:50.863 INFO:teuthology.orchestra.run.smithi096.stdout:/usr/bin/ceph: stderr
2024-02-19T18:54:50.268+0000 7f5cdeffd700 1 -- 172.21.15.96:0/3138559478 <== mon.0 v2:172.21.15.96:3300/0 6 ==== mon_command_ack([{"prefix": "get_command_descriptions"}]=0 v0) v1 ==== 72+0+72446 (secure 0 0 0) 0x7f5ce4019df0 con 0x7f5ce807beb0
2024-02-19T18:54:50.863 INFO:teuthology.orchestra.run.smithi096.stdout:/usr/bin/ceph: stderr
2024-02-19T18:54:50.338+0000 7f5cefe93700 1 -- 172.21.15.96:0/3138559478 --> [v2:172.21.15.96:3300/0,v1:172.21.15.96:6789/0] -- mon_command({"prefix": "status", "format": "json-pretty"} v 0) v1 -- 0x7f5ce810c970 con 0x7f5ce807beb0
2024-02-19T18:54:50.863 INFO:teuthology.orchestra.run.smithi096.stdout:/usr/bin/ceph: stderr
2024-02-19T18:54:50.339+0000 7f5cdeffd700 1 -- 172.21.15.96:0/3138559478 <== mon.0 v2:172.21.15.96:3300/0 7 ==== mon_command_ack([{"prefix": "status", "format": "json-pretty"}]=0 v0) v1 ==== 79+0+1247 (secure 0 0 0) 0x7f5ce40172b0 con 0x7f5ce807beb0
2024-02-19T18:54:50.863 INFO:teuthology.orchestra.run.smithi096.stdout:/usr/bin/ceph: stderr
2024-02-19T18:54:50.339+0000 7f5cefe93700 1 -- 172.21.15.96:0/3138559478 >> [v2:172.21.15.96:3300/0,v1:172.21.15.96:6789/0] conn(0x7f5ce807beb0 msgr2=0x7f5ce819c300 secure :-1 s=STATE_CONNECTION_ESTABLISHED l=1).mark_down
2024-02-19T18:54:50.863 INFO:teuthology.orchestra.run.smithi096.stdout:/usr/bin/ceph: stderr
2024-02-19T18:54:50.339+0000 7f5cefe93700 1 --2- 172.21.15.96:0/3138559478 >> [v2:172.21.15.96:3300/0,v1:172.21.15.96:6789/0] conn(0x7f5ce807beb0 0x7f5ce819c300 secure :-1 s=READY pgs=17 cs=0 l=1 rev1=1 crypto rx=0x7f5ce4006af0 tx=0x7f5ce4011a90 comp rx=0 tx=0).stop
2024-02-19T18:54:50.864 INFO:teuthology.orchestra.run.smithi096.stdout:/usr/bin/ceph: stderr
2024-02-19T18:54:50.339+0000 7f5cefe93700 1 -- 172.21.15.96:0/3138559478 shutdown_connections
2024-02-19T18:54:50.864 INFO:teuthology.orchestra.run.smithi096.stdout:/usr/bin/ceph: stderr
2024-02-19T18:54:50.339+0000 7f5cefe93700 1 --2- 172.21.15.96:0/3138559478 >> [v2:172.21.15.96:3300/0,v1:172.21.15.96:6789/0] conn(0x7f5ce807beb0 0x7f5ce819c300 unknown :-1 s=CLOSED pgs=17 cs=0 l=1 rev1=1 crypto rx=0 tx=0 comp rx=0 tx=0).stop
2024-02-19T18:54:50.864 INFO:teuthology.orchestra.run.smithi096.stdout:/usr/bin/ceph: stderr
2024-02-19T18:54:50.339+0000 7f5cefe93700 1 -- 172.21.15.96:0/3138559478 >> 172.21.15.96:0/3138559478 conn(0x7f5ce8101a00 msgr2=0x7f5ce81030a0 unknown :-1 s=STATE_NONE l=0).mark_down
2024-02-19T18:54:50.864 INFO:teuthology.orchestra.run.smithi096.stdout:/usr/bin/ceph: stderr
2024-02-19T18:54:50.339+0000 7f5cefe93700 1 -- 172.21.15.96:0/3138559478 shutdown_connections
2024-02-19T18:54:50.864 INFO:teuthology.orchestra.run.smithi096.stdout:/usr/bin/ceph: stderr
2024-02-19T18:54:50.339+0000 7f5cefe93700 1 -- 172.21.15.96:0/3138559478 wait complete.
2024-02-19T18:54:50.864 INFO:teuthology.orchestra.run.smithi096.stdout:mgr not available, waiting (3/15)...
2024-02-19T18:54:51.783 INFO:journalctl@ceph.mon.smithi096.smithi096.stdout:Feb 19 18:54:51 smithi096 ceph-mon[29216]: from='client.? 172.21.15.96:0/3138559478' entity='client.admin' cmd=[{"prefix": "status", "format": "json-pretty"}]: dispatch
2024-02-19T18:54:51.783 INFO:journalctl@ceph.mon.smithi096.smithi096.stdout:Feb 19 18:54:51 smithi096 ceph-mon[29216]: mgrmap e3: smithi096.zsjdff(active, since 1.00608s)
2024-02-19T18:54:53.532 INFO:journalctl@ceph.mon.smithi096.smithi096.stdout:Feb 19 18:54:53 smithi096 ceph-mon[29216]: mgrmap e4: smithi096.zsjdff(active, since 2s)
2024-02-19T18:54:54.104 INFO:teuthology.orchestra.run.smithi096.stdout:/usr/bin/ceph: stdout
2024-02-19T18:54:54.104 INFO:teuthology.orchestra.run.smithi096.stdout:/usr/bin/ceph: stdout {
2024-02-19T18:54:54.104 INFO:teuthology.orchestra.run.smithi096.stdout:/usr/bin/ceph: stdout "fsid": "06580d2c-cf58-11ee-95bb-87774f69a715",
2024-02-19T18:54:54.105 INFO:teuthology.orchestra.run.smithi096.stdout:/usr/bin/ceph: stdout "health": {
2024-02-19T18:54:54.105 INFO:teuthology.orchestra.run.smithi096.stdout:/usr/bin/ceph: stdout "status": "HEALTH_OK",
2024-02-19T18:54:54.105 INFO:teuthology.orchestra.run.smithi096.stdout:/usr/bin/ceph: stdout "checks": {},
2024-02-19T18:54:54.105 INFO:teuthology.orchestra.run.smithi096.stdout:/usr/bin/ceph: stdout "mutes": []
2024-02-19T18:54:54.105 INFO:teuthology.orchestra.run.smithi096.stdout:/usr/bin/ceph: stdout },
2024-02-19T18:54:54.105 INFO:teuthology.orchestra.run.smithi096.stdout:/usr/bin/ceph: stdout "election_epoch": 5,
2024-02-19T18:54:54.105 INFO:teuthology.orchestra.run.smithi096.stdout:/usr/bin/ceph: stdout "quorum": [
2024-02-19T18:54:54.105 INFO:teuthology.orchestra.run.smithi096.stdout:/usr/bin/ceph: stdout 0
2024-02-19T18:54:54.105 INFO:teuthology.orchestra.run.smithi096.stdout:/usr/bin/ceph: stdout ],
2024-02-19T18:54:54.105 INFO:teuthology.orchestra.run.smithi096.stdout:/usr/bin/ceph: stdout "quorum_names": [
2024-02-19T18:54:54.105 INFO:teuthology.orchestra.run.smithi096.stdout:/usr/bin/ceph: stdout "smithi096"
2024-02-19T18:54:54.105 INFO:teuthology.orchestra.run.smithi096.stdout:/usr/bin/ceph: stdout ],
2024-02-19T18:54:54.105 INFO:teuthology.orchestra.run.smithi096.stdout:/usr/bin/ceph: stdout "quorum_age": 13,
2024-02-19T18:54:54.105 INFO:teuthology.orchestra.run.smithi096.stdout:/usr/bin/ceph: stdout "monmap": {
2024-02-19T18:54:54.105 INFO:teuthology.orchestra.run.smithi096.stdout:/usr/bin/ceph: stdout "epoch": 1,
2024-02-19T18:54:54.105 INFO:teuthology.orchestra.run.smithi096.stdout:/usr/bin/ceph: stdout "min_mon_release_name": "reef",
2024-02-19T18:54:54.106 INFO:teuthology.orchestra.run.smithi096.stdout:/usr/bin/ceph: stdout "num_mons": 1
2024-02-19T18:54:54.106 INFO:teuthology.orchestra.run.smithi096.stdout:/usr/bin/ceph: stdout },
2024-02-19T18:54:54.106 INFO:teuthology.orchestra.run.smithi096.stdout:/usr/bin/ceph: stdout "osdmap": {
2024-02-19T18:54:54.106 INFO:teuthology.orchestra.run.smithi096.stdout:/usr/bin/ceph: stdout "epoch": 1,
2024-02-19T18:54:54.106 INFO:teuthology.orchestra.run.smithi096.stdout:/usr/bin/ceph: stdout "num_osds": 0,
2024-02-19T18:54:54.106 INFO:teuthology.orchestra.run.smithi096.stdout:/usr/bin/ceph: stdout "num_up_osds": 0,
2024-02-19T18:54:54.106 INFO:teuthology.orchestra.run.smithi096.stdout:/usr/bin/ceph: stdout "osd_up_since": 0,
2024-02-19T18:54:54.114 INFO:teuthology.orchestra.run.smithi096.stdout:/usr/bin/ceph: stdout "num_in_osds": 0,
2024-02-19T18:54:54.114 INFO:teuthology.orchestra.run.smithi096.stdout:/usr/bin/ceph: stdout "osd_in_since": 0,
2024-02-19T18:54:54.114 INFO:teuthology.orchestra.run.smithi096.stdout:/usr/bin/ceph: stdout "num_remapped_pgs": 0
2024-02-19T18:54:54.114 INFO:teuthology.orchestra.run.smithi096.stdout:/usr/bin/ceph: stdout },
2024-02-19T18:54:54.114 INFO:teuthology.orchestra.run.smithi096.stdout:/usr/bin/ceph: stdout "pgmap": {
2024-02-19T18:54:54.114 INFO:teuthology.orchestra.run.smithi096.stdout:/usr/bin/ceph: stdout "pgs_by_state": [],
2024-02-19T18:54:54.114 INFO:teuthology.orchestra.run.smithi096.stdout:/usr/bin/ceph: stdout "num_pgs": 0,
2024-02-19T18:54:54.114 INFO:teuthology.orchestra.run.smithi096.stdout:/usr/bin/ceph: stdout "num_pools": 0,
2024-02-19T18:54:54.114 INFO:teuthology.orchestra.run.smithi096.stdout:/usr/bin/ceph: stdout "num_objects": 0,
2024-02-19T18:54:54.115 INFO:teuthology.orchestra.run.smithi096.stdout:/usr/bin/ceph: stdout "data_bytes": 0,
2024-02-19T18:54:54.115 INFO:teuthology.orchestra.run.smithi096.stdout:/usr/bin/ceph: stdout "bytes_used": 0,
2024-02-19T18:54:54.115 INFO:teuthology.orchestra.run.smithi096.stdout:/usr/bin/ceph: stdout "bytes_avail": 0,
2024-02-19T18:54:54.115 INFO:teuthology.orchestra.run.smithi096.stdout:/usr/bin/ceph: stdout "bytes_total": 0
2024-02-19T18:54:54.115 INFO:teuthology.orchestra.run.smithi096.stdout:/usr/bin/ceph: stdout },
2024-02-19T18:54:54.115 INFO:teuthology.orchestra.run.smithi096.stdout:/usr/bin/ceph: stdout "fsmap": {
2024-02-19T18:54:54.115 INFO:teuthology.orchestra.run.smithi096.stdout:/usr/bin/ceph: stdout "epoch": 1,
2024-02-19T18:54:54.115 INFO:teuthology.orchestra.run.smithi096.stdout:/usr/bin/ceph: stdout "by_rank": [],
2024-02-19T18:54:54.115 INFO:teuthology.orchestra.run.smithi096.stdout:/usr/bin/ceph: stdout "up:standby": 0
2024-02-19T18:54:54.115 INFO:teuthology.orchestra.run.smithi096.stdout:/usr/bin/ceph: stdout },
2024-02-19T18:54:54.115 INFO:teuthology.orchestra.run.smithi096.stdout:/usr/bin/ceph: stdout "mgrmap": {
2024-02-19T18:54:54.115 INFO:teuthology.orchestra.run.smithi096.stdout:/usr/bin/ceph: stdout "available": true,
2024-02-19T18:54:54.115 INFO:teuthology.orchestra.run.smithi096.stdout:/usr/bin/ceph: stdout "num_standbys": 0,
2024-02-19T18:54:54.115 INFO:teuthology.orchestra.run.smithi096.stdout:/usr/bin/ceph: stdout "modules": [
2024-02-19T18:54:54.115 INFO:teuthology.orchestra.run.smithi096.stdout:/usr/bin/ceph: stdout "iostat",
2024-02-19T18:54:54.115 INFO:teuthology.orchestra.run.smithi096.stdout:/usr/bin/ceph: stdout "nfs",
2024-02-19T18:54:54.116 INFO:teuthology.orchestra.run.smithi096.stdout:/usr/bin/ceph: stdout "restful"
2024-02-19T18:54:54.116 INFO:teuthology.orchestra.run.smithi096.stdout:/usr/bin/ceph: stdout ],
2024-02-19T18:54:54.116 INFO:teuthology.orchestra.run.smithi096.stdout:/usr/bin/ceph: stdout "services": {}
2024-02-19T18:54:54.116 INFO:teuthology.orchestra.run.smithi096.stdout:/usr/bin/ceph: stdout },
2024-02-19T18:54:54.116 INFO:teuthology.orchestra.run.smithi096.stdout:/usr/bin/ceph: stdout "servicemap": {
2024-02-19T18:54:54.116 INFO:teuthology.orchestra.run.smithi096.stdout:/usr/bin/ceph: stdout "epoch": 1,
2024-02-19T18:54:54.116 INFO:teuthology.orchestra.run.smithi096.stdout:/usr/bin/ceph: stdout "modified": "2024-02-19T18:54:33.003154+0000",
2024-02-19T18:54:54.116 INFO:teuthology.orchestra.run.smithi096.stdout:/usr/bin/ceph: stdout "services": {}
2024-02-19T18:54:54.116 INFO:teuthology.orchestra.run.smithi096.stdout:/usr/bin/ceph: stdout },
2024-02-19T18:54:54.116 INFO:teuthology.orchestra.run.smithi096.stdout:/usr/bin/ceph: stdout "progress_events": {}
2024-02-19T18:54:54.116 INFO:teuthology.orchestra.run.smithi096.stdout:/usr/bin/ceph: stdout }
2024-02-19T18:54:54.116 INFO:teuthology.orchestra.run.smithi096.stdout:/usr/bin/ceph: stderr
2024-02-19T18:54:53.245+0000 7fdaaea2f700 1 Processor -- start
2024-02-19T18:54:54.116 INFO:teuthology.orchestra.run.smithi096.stdout:/usr/bin/ceph: stderr
2024-02-19T18:54:53.245+0000 7fdaaea2f700 1 -- start start
2024-02-19T18:54:54.116 INFO:teuthology.orchestra.run.smithi096.stdout:/usr/bin/ceph: stderr
2024-02-19T18:54:53.245+0000 7fdaaea2f700 1 --2- >> [v2:172.21.15.96:3300/0,v1:172.21.15.96:6789/0] conn(0x7fdaa8106420 0x7fdaa8106840 unknown :-1 s=NONE pgs=0 cs=0 l=0 rev1=0 crypto rx=0 tx=0 comp rx=0 tx=0).connect
2024-02-19T18:54:54.117 INFO:teuthology.orchestra.run.smithi096.stdout:/usr/bin/ceph: stderr
2024-02-19T18:54:53.245+0000 7fdaaea2f700 1 -- --> [v2:172.21.15.96:3300/0,v1:172.21.15.96:6789/0] -- mon_getmap magic: 0 v1 -- 0x7fdaa8106e10 con 0x7fdaa8106420
2024-02-19T18:54:54.117 INFO:teuthology.orchestra.run.smithi096.stdout:/usr/bin/ceph: stderr
2024-02-19T18:54:53.245+0000 7fdaa7fff700 1 --2- >> [v2:172.21.15.96:3300/0,v1:172.21.15.96:6789/0] conn(0x7fdaa8106420 0x7fdaa8106840 unknown :-1 s=BANNER_CONNECTING pgs=0 cs=0 l=0 rev1=0 crypto rx=0 tx=0 comp rx=0 tx=0)._handle_peer_banner_payload supported=3 required=0
2024-02-19T18:54:54.117 INFO:teuthology.orchestra.run.smithi096.stdout:/usr/bin/ceph: stderr
2024-02-19T18:54:53.245+0000 7fdaa7fff700 1 --2- >> [v2:172.21.15.96:3300/0,v1:172.21.15.96:6789/0] conn(0x7fdaa8106420 0x7fdaa8106840 unknown :-1 s=HELLO_CONNECTING pgs=0 cs=0 l=0 rev1=1 crypto rx=0 tx=0 comp rx=0 tx=0).handle_hello peer v2:172.21.15.96:3300/0 says I am v2:172.21.15.96:45998/0 (socket says 172.21.15.96:45998)
2024-02-19T18:54:54.117 INFO:teuthology.orchestra.run.smithi096.stdout:/usr/bin/ceph: stderr
2024-02-19T18:54:53.245+0000 7fdaa7fff700 1 -- 172.21.15.96:0/3373522614 learned_addr learned my addr 172.21.15.96:0/3373522614 (peer_addr_for_me v2:172.21.15.96:0/0)
2024-02-19T18:54:54.117 INFO:teuthology.orchestra.run.smithi096.stdout:/usr/bin/ceph: stderr
2024-02-19T18:54:53.246+0000 7fdaa7fff700 1 -- 172.21.15.96:0/3373522614 --> [v2:172.21.15.96:3300/0,v1:172.21.15.96:6789/0] -- mon_subscribe({config=0+,monmap=0+}) v3 -- 0x7fdaa8107620 con 0x7fdaa8106420
2024-02-19T18:54:54.117 INFO:teuthology.orchestra.run.smithi096.stdout:/usr/bin/ceph: stderr
2024-02-19T18:54:53.246+0000 7fdaa7fff700 1 --2- 172.21.15.96:0/3373522614 >> [v2:172.21.15.96:3300/0,v1:172.21.15.96:6789/0] conn(0x7fdaa8106420 0x7fdaa8106840 secure :-1 s=READY pgs=18 cs=0 l=1 rev1=1 crypto rx=0x7fda980098a0 tx=0x7fda98009bb0 comp rx=0 tx=0).ready entity=mon.0 client_cookie=ea880d476a24b9d server_cookie=0 in_seq=0 out_seq=0
2024-02-19T18:54:54.117 INFO:teuthology.orchestra.run.smithi096.stdout:/usr/bin/ceph: stderr
2024-02-19T18:54:53.246+0000 7fdaa6ffd700 1 -- 172.21.15.96:0/3373522614 <== mon.0 v2:172.21.15.96:3300/0 1 ==== mon_map magic: 0 v1 ==== 229+0+0 (secure 0 0 0) 0x7fda98004180 con 0x7fdaa8106420
2024-02-19T18:54:54.117 INFO:teuthology.orchestra.run.smithi096.stdout:/usr/bin/ceph: stderr
2024-02-19T18:54:53.246+0000 7fdaa6ffd700 1 -- 172.21.15.96:0/3373522614 <== mon.0 v2:172.21.15.96:3300/0 2 ==== config(27 keys) v1 ==== 1037+0+0 (secure 0 0 0) 0x7fda980042e0 con 0x7fdaa8106420
2024-02-19T18:54:54.117 INFO:teuthology.orchestra.run.smithi096.stdout:/usr/bin/ceph: stderr
2024-02-19T18:54:53.246+0000 7fdaa6ffd700 1 -- 172.21.15.96:0/3373522614 <== mon.0 v2:172.21.15.96:3300/0 3 ==== mon_map magic: 0 v1 ==== 229+0+0 (secure 0 0 0) 0x7fda98011a50 con 0x7fdaa8106420
2024-02-19T18:54:54.117 INFO:teuthology.orchestra.run.smithi096.stdout:/usr/bin/ceph: stderr
2024-02-19T18:54:53.247+0000 7fdaaea2f700 1 -- 172.21.15.96:0/3373522614 >> [v2:172.21.15.96:3300/0,v1:172.21.15.96:6789/0] conn(0x7fdaa8106420 msgr2=0x7fdaa8106840 secure :-1 s=STATE_CONNECTION_ESTABLISHED l=1).mark_down
2024-02-19T18:54:54.117 INFO:teuthology.orchestra.run.smithi096.stdout:/usr/bin/ceph: stderr
2024-02-19T18:54:53.247+0000 7fdaaea2f700 1 --2- 172.21.15.96:0/3373522614 >> [v2:172.21.15.96:3300/0,v1:172.21.15.96:6789/0] conn(0x7fdaa8106420 0x7fdaa8106840 secure :-1 s=READY pgs=18 cs=0 l=1 rev1=1 crypto rx=0x7fda980098a0 tx=0x7fda98009bb0 comp rx=0 tx=0).stop
2024-02-19T18:54:54.117 INFO:teuthology.orchestra.run.smithi096.stdout:/usr/bin/ceph: stderr
2024-02-19T18:54:53.247+0000 7fdaaea2f700 1 -- 172.21.15.96:0/3373522614 shutdown_connections
2024-02-19T18:54:54.117 INFO:teuthology.orchestra.run.smithi096.stdout:/usr/bin/ceph: stderr
2024-02-19T18:54:53.247+0000 7fdaaea2f700 1 --2- 172.21.15.96:0/3373522614 >> [v2:172.21.15.96:3300/0,v1:172.21.15.96:6789/0] conn(0x7fdaa8106420 0x7fdaa8106840 unknown :-1 s=CLOSED pgs=18 cs=0 l=1 rev1=1 crypto rx=0 tx=0 comp rx=0 tx=0).stop
2024-02-19T18:54:54.117 INFO:teuthology.orchestra.run.smithi096.stdout:/usr/bin/ceph: stderr
2024-02-19T18:54:53.247+0000 7fdaaea2f700 1 -- 172.21.15.96:0/3373522614 >> 172.21.15.96:0/3373522614 conn(0x7fdaa8101a00 msgr2=0x7fdaa8103e20 unknown :-1 s=STATE_NONE l=0).mark_down
2024-02-19T18:54:54.118 INFO:teuthology.orchestra.run.smithi096.stdout:/usr/bin/ceph: stderr
2024-02-19T18:54:53.247+0000 7fdaaea2f700 1 -- 172.21.15.96:0/3373522614 shutdown_connections
2024-02-19T18:54:54.118 INFO:teuthology.orchestra.run.smithi096.stdout:/usr/bin/ceph: stderr
2024-02-19T18:54:53.247+0000 7fdaaea2f700 1 -- 172.21.15.96:0/3373522614 wait complete.
2024-02-19T18:54:54.118 INFO:teuthology.orchestra.run.smithi096.stdout:/usr/bin/ceph: stderr
2024-02-19T18:54:53.247+0000 7fdaaea2f700 1 Processor -- start
2024-02-19T18:54:54.118 INFO:teuthology.orchestra.run.smithi096.stdout:/usr/bin/ceph: stderr
2024-02-19T18:54:53.247+0000 7fdaaea2f700 1 -- start start
2024-02-19T18:54:54.118 INFO:teuthology.orchestra.run.smithi096.stdout:/usr/bin/ceph: stderr
2024-02-19T18:54:53.248+0000 7fdaaea2f700 1 --2- >> [v2:172.21.15.96:3300/0,v1:172.21.15.96:6789/0] conn(0x7fdaa8106420 0x7fdaa819a0b0 unknown :-1 s=NONE pgs=0 cs=0 l=1 rev1=0 crypto rx=0 tx=0 comp rx=0 tx=0).connect
2024-02-19T18:54:54.118 INFO:teuthology.orchestra.run.smithi096.stdout:/usr/bin/ceph: stderr
2024-02-19T18:54:53.248+0000 7fdaaea2f700 1 -- --> [v2:172.21.15.96:3300/0,v1:172.21.15.96:6789/0] -- mon_getmap magic: 0 v1 -- 0x7fdaa819a5f0 con 0x7fdaa8106420
2024-02-19T18:54:54.118 INFO:teuthology.orchestra.run.smithi096.stdout:/usr/bin/ceph: stderr
2024-02-19T18:54:53.248+0000 7fdaa7fff700 1 --2- >> [v2:172.21.15.96:3300/0,v1:172.21.15.96:6789/0] conn(0x7fdaa8106420 0x7fdaa819a0b0 unknown :-1 s=BANNER_CONNECTING pgs=0 cs=0 l=1 rev1=0 crypto rx=0 tx=0 comp rx=0 tx=0)._handle_peer_banner_payload supported=3 required=0
2024-02-19T18:54:54.118 INFO:teuthology.orchestra.run.smithi096.stdout:/usr/bin/ceph: stderr
2024-02-19T18:54:53.248+0000 7fdaa7fff700 1 --2- >> [v2:172.21.15.96:3300/0,v1:172.21.15.96:6789/0] conn(0x7fdaa8106420 0x7fdaa819a0b0 unknown :-1 s=HELLO_CONNECTING pgs=0 cs=0 l=1 rev1=1 crypto rx=0 tx=0 comp rx=0 tx=0).handle_hello peer v2:172.21.15.96:3300/0 says I am v2:172.21.15.96:46002/0 (socket says 172.21.15.96:46002)
2024-02-19T18:54:54.118 INFO:teuthology.orchestra.run.smithi096.stdout:/usr/bin/ceph: stderr
2024-02-19T18:54:53.248+0000 7fdaa7fff700 1 -- 172.21.15.96:0/798954473 learned_addr learned my addr 172.21.15.96:0/798954473 (peer_addr_for_me v2:172.21.15.96:0/0)
2024-02-19T18:54:54.118 INFO:teuthology.orchestra.run.smithi096.stdout:/usr/bin/ceph: stderr
2024-02-19T18:54:53.248+0000 7fdaa7fff700 1 -- 172.21.15.96:0/798954473 --> [v2:172.21.15.96:3300/0,v1:172.21.15.96:6789/0] -- mon_subscribe({config=0+,monmap=0+}) v3 -- 0x7fda98009550 con 0x7fdaa8106420
2024-02-19T18:54:54.118 INFO:teuthology.orchestra.run.smithi096.stdout:/usr/bin/ceph: stderr
2024-02-19T18:54:53.248+0000 7fdaa7fff700 1 --2- 172.21.15.96:0/798954473 >> [v2:172.21.15.96:3300/0,v1:172.21.15.96:6789/0] conn(0x7fdaa8106420 0x7fdaa819a0b0 secure :-1 s=READY pgs=19 cs=0 l=1 rev1=1 crypto rx=0x7fda98000c00 tx=0x7fda98011ab0 comp rx=0 tx=0).ready entity=mon.0 client_cookie=0 server_cookie=0 in_seq=0 out_seq=0
2024-02-19T18:54:54.118 INFO:teuthology.orchestra.run.smithi096.stdout:/usr/bin/ceph: stderr
2024-02-19T18:54:53.248+0000 7fdaa57fa700 1 -- 172.21.15.96:0/798954473 <== mon.0 v2:172.21.15.96:3300/0 1 ==== mon_map magic: 0 v1 ==== 229+0+0 (secure 0 0 0) 0x7fda98003b90 con 0x7fdaa8106420
2024-02-19T18:54:54.118 INFO:teuthology.orchestra.run.smithi096.stdout:/usr/bin/ceph: stderr
2024-02-19T18:54:53.249+0000 7fdaa57fa700 1 -- 172.21.15.96:0/798954473 <== mon.0 v2:172.21.15.96:3300/0 2 ==== config(27 keys) v1 ==== 1037+0+0 (secure 0 0 0) 0x7fda980248b0 con 0x7fdaa8106420
2024-02-19T18:54:54.118 INFO:teuthology.orchestra.run.smithi096.stdout:/usr/bin/ceph: stderr
2024-02-19T18:54:53.249+0000 7fdaaea2f700 1 -- 172.21.15.96:0/798954473 --> [v2:172.21.15.96:3300/0,v1:172.21.15.96:6789/0] -- mon_subscribe({mgrmap=0+}) v3 -- 0x7fdaa819a7f0 con 0x7fdaa8106420
2024-02-19T18:54:54.118 INFO:teuthology.orchestra.run.smithi096.stdout:/usr/bin/ceph: stderr
2024-02-19T18:54:53.249+0000 7fdaa57fa700 1 -- 172.21.15.96:0/798954473 <== mon.0 v2:172.21.15.96:3300/0 3 ==== mon_map magic: 0 v1 ==== 229+0+0 (secure 0 0 0) 0x7fda9801a8e0 con 0x7fdaa8106420
2024-02-19T18:54:54.119 INFO:teuthology.orchestra.run.smithi096.stdout:/usr/bin/ceph: stderr
2024-02-19T18:54:53.249+0000 7fdaaea2f700 1 -- 172.21.15.96:0/798954473 --> [v2:172.21.15.96:3300/0,v1:172.21.15.96:6789/0] -- mon_subscribe({osdmap=0}) v3 -- 0x7fdaa819ac90 con 0x7fdaa8106420
2024-02-19T18:54:54.119 INFO:teuthology.orchestra.run.smithi096.stdout:/usr/bin/ceph: stderr
2024-02-19T18:54:53.249+0000 7fdaa57fa700 1 -- 172.21.15.96:0/798954473 <== mon.0 v2:172.21.15.96:3300/0 4 ==== mgrmap(e 4) v1 ==== 45272+0+0 (secure 0 0 0) 0x7fda9801aba0 con 0x7fdaa8106420
2024-02-19T18:54:54.119 INFO:teuthology.orchestra.run.smithi096.stdout:/usr/bin/ceph: stderr
2024-02-19T18:54:53.250+0000 7fdaa57fa700 1 --2- 172.21.15.96:0/798954473 >> [v2:172.21.15.96:6800/1286321532,v1:172.21.15.96:6801/1286321532] conn(0x7fda900382d0 0x7fda9003a790 unknown :-1 s=NONE pgs=0 cs=0 l=1 rev1=0 crypto rx=0 tx=0 comp rx=0 tx=0).connect
2024-02-19T18:54:54.119 INFO:teuthology.orchestra.run.smithi096.stdout:/usr/bin/ceph: stderr
2024-02-19T18:54:53.250+0000 7fdaaea2f700 1 -- 172.21.15.96:0/798954473 --> [v2:172.21.15.96:3300/0,v1:172.21.15.96:6789/0] -- mon_command({"prefix": "get_command_descriptions"} v 0) v1 -- 0x7fdaa80623c0 con 0x7fdaa8106420
2024-02-19T18:54:54.119 INFO:teuthology.orchestra.run.smithi096.stdout:/usr/bin/ceph: stderr
2024-02-19T18:54:53.250+0000 7fdaa57fa700 1 -- 172.21.15.96:0/798954473 <== mon.0 v2:172.21.15.96:3300/0 5 ==== osd_map(1..1 src has 1..1) v4 ==== 725+0+0 (secure 0 0 0) 0x7fda9804c060 con 0x7fdaa8106420
2024-02-19T18:54:54.119 INFO:teuthology.orchestra.run.smithi096.stdout:/usr/bin/ceph: stderr
2024-02-19T18:54:53.250+0000 7fdaa77fe700 1 --2- 172.21.15.96:0/798954473 >> [v2:172.21.15.96:6800/1286321532,v1:172.21.15.96:6801/1286321532] conn(0x7fda900382d0 0x7fda9003a790 unknown :-1 s=BANNER_CONNECTING pgs=0 cs=0 l=1 rev1=0 crypto rx=0 tx=0 comp rx=0 tx=0)._handle_peer_banner_payload supported=3 required=0
2024-02-19T18:54:54.119 INFO:teuthology.orchestra.run.smithi096.stdout:/usr/bin/ceph: stderr
2024-02-19T18:54:53.250+0000 7fdaa77fe700 1 --2- 172.21.15.96:0/798954473 >> [v2:172.21.15.96:6800/1286321532,v1:172.21.15.96:6801/1286321532] conn(0x7fda900382d0 0x7fda9003a790 secure :-1 s=READY pgs=6 cs=0 l=1 rev1=1 crypto rx=0x7fda9c006fd0 tx=0x7fda9c006e40 comp rx=0 tx=0).ready entity=mgr.14100 client_cookie=0 server_cookie=0 in_seq=0 out_seq=0
2024-02-19T18:54:54.119 INFO:teuthology.orchestra.run.smithi096.stdout:/usr/bin/ceph: stderr
2024-02-19T18:54:53.255+0000 7fdaa57fa700 1 -- 172.21.15.96:0/798954473 <== mon.0 v2:172.21.15.96:3300/0 6 ==== mon_command_ack([{"prefix": "get_command_descriptions"}]=0 v0) v1 ==== 72+0+180422 (secure 0 0 0) 0x7fda980233a0 con 0x7fdaa8106420
2024-02-19T18:54:54.119 INFO:teuthology.orchestra.run.smithi096.stdout:/usr/bin/ceph: stderr
2024-02-19T18:54:53.517+0000 7fdaaea2f700 1 -- 172.21.15.96:0/798954473 --> [v2:172.21.15.96:3300/0,v1:172.21.15.96:6789/0] -- mon_command({"prefix": "status", "format": "json-pretty"} v 0) v1 -- 0x7fdaa819da70 con 0x7fdaa8106420
2024-02-19T18:54:54.119 INFO:teuthology.orchestra.run.smithi096.stdout:/usr/bin/ceph: stderr
2024-02-19T18:54:53.517+0000 7fdaa57fa700 1 -- 172.21.15.96:0/798954473 <== mon.0 v2:172.21.15.96:3300/0 7 ==== mon_command_ack([{"prefix": "status", "format": "json-pretty"}]=0 v0) v1 ==== 79+0+1246 (secure 0 0 0) 0x7fdaa819da70 con 0x7fdaa8106420
2024-02-19T18:54:54.119 INFO:teuthology.orchestra.run.smithi096.stdout:/usr/bin/ceph: stderr
2024-02-19T18:54:53.519+0000 7fdaaea2f700 1 -- 172.21.15.96:0/798954473 >> [v2:172.21.15.96:6800/1286321532,v1:172.21.15.96:6801/1286321532] conn(0x7fda900382d0 msgr2=0x7fda9003a790 secure :-1 s=STATE_CONNECTION_ESTABLISHED l=1).mark_down
2024-02-19T18:54:54.119 INFO:teuthology.orchestra.run.smithi096.stdout:/usr/bin/ceph: stderr
2024-02-19T18:54:53.519+0000 7fdaaea2f700 1 --2- 172.21.15.96:0/798954473 >> [v2:172.21.15.96:6800/1286321532,v1:172.21.15.96:6801/1286321532] conn(0x7fda900382d0 0x7fda9003a790 secure :-1 s=READY pgs=6 cs=0 l=1 rev1=1 crypto rx=0x7fda9c006fd0 tx=0x7fda9c006e40 comp rx=0 tx=0).stop
2024-02-19T18:54:54.119 INFO:teuthology.orchestra.run.smithi096.stdout:/usr/bin/ceph: stderr
2024-02-19T18:54:53.519+0000 7fdaaea2f700 1 -- 172.21.15.96:0/798954473 >> [v2:172.21.15.96:3300/0,v1:172.21.15.96:6789/0] conn(0x7fdaa8106420 msgr2=0x7fdaa819a0b0 secure :-1 s=STATE_CONNECTION_ESTABLISHED l=1).mark_down
2024-02-19T18:54:54.119 INFO:teuthology.orchestra.run.smithi096.stdout:/usr/bin/ceph: stderr
2024-02-19T18:54:53.519+0000 7fdaaea2f700 1 --2- 172.21.15.96:0/798954473 >> [v2:172.21.15.96:3300/0,v1:172.21.15.96:6789/0] conn(0x7fdaa8106420 0x7fdaa819a0b0 secure :-1 s=READY pgs=19 cs=0 l=1 rev1=1 crypto rx=0x7fda98000c00 tx=0x7fda98011ab0 comp rx=0 tx=0).stop
2024-02-19T18:54:54.119 INFO:teuthology.orchestra.run.smithi096.stdout:/usr/bin/ceph: stderr
2024-02-19T18:54:53.519+0000 7fdaaea2f700 1 -- 172.21.15.96:0/798954473 shutdown_connections
2024-02-19T18:54:54.120 INFO:teuthology.orchestra.run.smithi096.stdout:/usr/bin/ceph: stderr
2024-02-19T18:54:53.519+0000 7fdaaea2f700 1 --2- 172.21.15.96:0/798954473 >> [v2:172.21.15.96:6800/1286321532,v1:172.21.15.96:6801/1286321532] conn(0x7fda900382d0 0x7fda9003a790 unknown :-1 s=CLOSED pgs=6 cs=0 l=1 rev1=1 crypto rx=0 tx=0 comp rx=0 tx=0).stop
2024-02-19T18:54:54.120 INFO:teuthology.orchestra.run.smithi096.stdout:/usr/bin/ceph: stderr
2024-02-19T18:54:53.519+0000 7fdaaea2f700 1 --2- 172.21.15.96:0/798954473 >> [v2:172.21.15.96:3300/0,v1:172.21.15.96:6789/0] conn(0x7fdaa8106420 0x7fdaa819a0b0 unknown :-1 s=CLOSED pgs=19 cs=0 l=1 rev1=1 crypto rx=0 tx=0 comp rx=0 tx=0).stop
2024-02-19T18:54:54.120 INFO:teuthology.orchestra.run.smithi096.stdout:/usr/bin/ceph: stderr
2024-02-19T18:54:53.519+0000 7fdaaea2f700 1 -- 172.21.15.96:0/798954473 >> 172.21.15.96:0/798954473 conn(0x7fdaa8101a00 msgr2=0x7fdaa81027f0 unknown :-1 s=STATE_NONE l=0).mark_down
2024-02-19T18:54:54.120 INFO:teuthology.orchestra.run.smithi096.stdout:/usr/bin/ceph: stderr
2024-02-19T18:54:53.519+0000 7fdaaea2f700 1 -- 172.21.15.96:0/798954473 shutdown_connections
2024-02-19T18:54:54.120 INFO:teuthology.orchestra.run.smithi096.stdout:/usr/bin/ceph: stderr
2024-02-19T18:54:53.519+0000 7fdaaea2f700 1 -- 172.21.15.96:0/798954473 wait complete.
2024-02-19T18:54:54.120 INFO:teuthology.orchestra.run.smithi096.stdout:mgr is available
2024-02-19T18:54:54.419 INFO:journalctl@ceph.mon.smithi096.smithi096.stdout:Feb 19 18:54:54 smithi096 ceph-mon[29216]: from='client.? 172.21.15.96:0/798954473' entity='client.admin' cmd=[{"prefix": "status", "format": "json-pretty"}]: dispatch
2024-02-19T18:54:55.248 INFO:teuthology.orchestra.run.smithi096.stdout:/usr/bin/ceph: stdout
2024-02-19T18:54:55.248 INFO:teuthology.orchestra.run.smithi096.stdout:/usr/bin/ceph: stdout [global]
2024-02-19T18:54:55.248 INFO:teuthology.orchestra.run.smithi096.stdout:/usr/bin/ceph: stdout fsid = 06580d2c-cf58-11ee-95bb-87774f69a715
2024-02-19T18:54:55.248 INFO:teuthology.orchestra.run.smithi096.stdout:/usr/bin/ceph: stdout mon_osd_allow_pg_remap = true
2024-02-19T18:54:55.248 INFO:teuthology.orchestra.run.smithi096.stdout:/usr/bin/ceph: stdout mon_osd_allow_primary_affinity = true
2024-02-19T18:54:55.248 INFO:teuthology.orchestra.run.smithi096.stdout:/usr/bin/ceph: stdout mon_warn_on_no_sortbitwise = false
2024-02-19T18:54:55.248 INFO:teuthology.orchestra.run.smithi096.stdout:/usr/bin/ceph: stdout osd_crush_chooseleaf_type = 0
2024-02-19T18:54:55.249 INFO:teuthology.orchestra.run.smithi096.stdout:/usr/bin/ceph: stdout
2024-02-19T18:54:55.249 INFO:teuthology.orchestra.run.smithi096.stdout:/usr/bin/ceph: stdout [mgr]
2024-02-19T18:54:55.249 INFO:teuthology.orchestra.run.smithi096.stdout:/usr/bin/ceph: stdout mgr/telemetry/nag = false
2024-02-19T18:54:55.249 INFO:teuthology.orchestra.run.smithi096.stdout:/usr/bin/ceph: stdout
2024-02-19T18:54:55.249 INFO:teuthology.orchestra.run.smithi096.stdout:/usr/bin/ceph: stdout [osd]
2024-02-19T18:54:55.249 INFO:teuthology.orchestra.run.smithi096.stdout:/usr/bin/ceph: stdout mon_osd_backfillfull_ratio = 0.85
2024-02-19T18:54:55.249 INFO:teuthology.orchestra.run.smithi096.stdout:/usr/bin/ceph: stdout mon_osd_full_ratio = 0.9
2024-02-19T18:54:55.249 INFO:teuthology.orchestra.run.smithi096.stdout:/usr/bin/ceph: stdout mon_osd_nearfull_ratio = 0.8
2024-02-19T18:54:55.249 INFO:teuthology.orchestra.run.smithi096.stdout:/usr/bin/ceph: stdout osd_map_max_advance = 10
2024-02-19T18:54:55.249 INFO:teuthology.orchestra.run.smithi096.stdout:/usr/bin/ceph: stdout osd_sloppy_crc = true
2024-02-19T18:54:55.249 INFO:teuthology.orchestra.run.smithi096.stdout:/usr/bin/ceph: stderr
2024-02-19T18:54:54.500+0000 7f1f75183700 1 Processor -- start
2024-02-19T18:54:55.249 INFO:teuthology.orchestra.run.smithi096.stdout:/usr/bin/ceph: stderr
2024-02-19T18:54:54.500+0000 7f1f75183700 1 -- start start
2024-02-19T18:54:55.249 INFO:teuthology.orchestra.run.smithi096.stdout:/usr/bin/ceph: stderr
2024-02-19T18:54:54.500+0000 7f1f75183700 1 --2- >> [v2:172.21.15.96:3300/0,v1:172.21.15.96:6789/0] conn(0x7f1f70106f20 0x7f1f70109310 unknown :-1 s=NONE pgs=0 cs=0 l=0 rev1=0 crypto rx=0 tx=0 comp rx=0 tx=0).connect
2024-02-19T18:54:55.249 INFO:teuthology.orchestra.run.smithi096.stdout:/usr/bin/ceph: stderr
2024-02-19T18:54:54.500+0000 7f1f75183700 1 -- --> [v2:172.21.15.96:3300/0,v1:172.21.15.96:6789/0] -- mon_getmap magic: 0 v1 -- 0x7f1f70079e60 con 0x7f1f70106f20
2024-02-19T18:54:55.249 INFO:teuthology.orchestra.run.smithi096.stdout:/usr/bin/ceph: stderr
2024-02-19T18:54:54.500+0000 7f1f6ed9d700 1 --2- >> [v2:172.21.15.96:3300/0,v1:172.21.15.96:6789/0] conn(0x7f1f70106f20 0x7f1f70109310 unknown :-1 s=BANNER_CONNECTING pgs=0 cs=0 l=0 rev1=0 crypto rx=0 tx=0 comp rx=0 tx=0)._handle_peer_banner_payload supported=3 required=0
2024-02-19T18:54:55.250 INFO:teuthology.orchestra.run.smithi096.stdout:/usr/bin/ceph: stderr
2024-02-19T18:54:54.500+0000 7f1f6ed9d700 1 --2- >> [v2:172.21.15.96:3300/0,v1:172.21.15.96:6789/0] conn(0x7f1f70106f20 0x7f1f70109310 unknown :-1 s=HELLO_CONNECTING pgs=0 cs=0 l=0 rev1=1 crypto rx=0 tx=0 comp rx=0 tx=0).handle_hello peer v2:172.21.15.96:3300/0 says I am v2:172.21.15.96:58578/0 (socket says 172.21.15.96:58578)
2024-02-19T18:54:55.250 INFO:teuthology.orchestra.run.smithi096.stdout:/usr/bin/ceph: stderr
2024-02-19T18:54:54.500+0000 7f1f6ed9d700 1 -- 172.21.15.96:0/3367167280 learned_addr learned my addr 172.21.15.96:0/3367167280 (peer_addr_for_me v2:172.21.15.96:0/0)
2024-02-19T18:54:55.250 INFO:teuthology.orchestra.run.smithi096.stdout:/usr/bin/ceph: stderr
2024-02-19T18:54:54.500+0000 7f1f6ed9d700 1 -- 172.21.15.96:0/3367167280 --> [v2:172.21.15.96:3300/0,v1:172.21.15.96:6789/0] -- mon_subscribe({config=0+,monmap=0+}) v3 -- 0x7f1f70109850 con 0x7f1f70106f20
2024-02-19T18:54:55.250 INFO:teuthology.orchestra.run.smithi096.stdout:/usr/bin/ceph: stderr
2024-02-19T18:54:54.500+0000 7f1f6ed9d700 1 --2- 172.21.15.96:0/3367167280 >> [v2:172.21.15.96:3300/0,v1:172.21.15.96:6789/0] conn(0x7f1f70106f20 0x7f1f70109310 secure :-1 s=READY pgs=20 cs=0 l=1 rev1=1 crypto rx=0x7f1f68009e80 tx=0x7f1f6800b330 comp rx=0 tx=0).ready entity=mon.0 client_cookie=3d75bfe4053be63f server_cookie=0 in_seq=0 out_seq=0
2024-02-19T18:54:55.250 INFO:teuthology.orchestra.run.smithi096.stdout:/usr/bin/ceph: stderr
2024-02-19T18:54:54.500+0000 7f1f6dd9b700 1 -- 172.21.15.96:0/3367167280 <== mon.0 v2:172.21.15.96:3300/0 1 ==== mon_map magic: 0 v1 ==== 229+0+0 (secure 0 0 0) 0x7f1f6800e070 con 0x7f1f70106f20
2024-02-19T18:54:55.250 INFO:teuthology.orchestra.run.smithi096.stdout:/usr/bin/ceph: stderr
2024-02-19T18:54:54.501+0000 7f1f6dd9b700 1 -- 172.21.15.96:0/3367167280 <== mon.0 v2:172.21.15.96:3300/0 2 ==== config(27 keys) v1 ==== 1037+0+0 (secure 0 0 0) 0x7f1f68003e90 con 0x7f1f70106f20
2024-02-19T18:54:55.250 INFO:teuthology.orchestra.run.smithi096.stdout:/usr/bin/ceph: stderr
2024-02-19T18:54:54.501+0000 7f1f6dd9b700 1 -- 172.21.15.96:0/3367167280 <== mon.0 v2:172.21.15.96:3300/0 3 ==== mon_map magic: 0 v1 ==== 229+0+0 (secure 0 0 0) 0x7f1f68004380 con 0x7f1f70106f20
2024-02-19T18:54:55.250 INFO:teuthology.orchestra.run.smithi096.stdout:/usr/bin/ceph: stderr
2024-02-19T18:54:54.501+0000 7f1f75183700 1 -- 172.21.15.96:0/3367167280 >> [v2:172.21.15.96:3300/0,v1:172.21.15.96:6789/0] conn(0x7f1f70106f20 msgr2=0x7f1f70109310 secure :-1 s=STATE_CONNECTION_ESTABLISHED l=1).mark_down
2024-02-19T18:54:55.250 INFO:teuthology.orchestra.run.smithi096.stdout:/usr/bin/ceph: stderr
2024-02-19T18:54:54.501+0000 7f1f75183700 1 --2- 172.21.15.96:0/3367167280 >> [v2:172.21.15.96:3300/0,v1:172.21.15.96:6789/0] conn(0x7f1f70106f20 0x7f1f70109310 secure :-1 s=READY pgs=20 cs=0 l=1 rev1=1 crypto rx=0x7f1f68009e80 tx=0x7f1f6800b330 comp rx=0 tx=0).stop
2024-02-19T18:54:55.250 INFO:teuthology.orchestra.run.smithi096.stdout:/usr/bin/ceph: stderr
2024-02-19T18:54:54.501+0000 7f1f75183700 1 -- 172.21.15.96:0/3367167280 shutdown_connections
2024-02-19T18:54:55.250 INFO:teuthology.orchestra.run.smithi096.stdout:/usr/bin/ceph: stderr
2024-02-19T18:54:54.501+0000 7f1f75183700 1 --2- 172.21.15.96:0/3367167280 >> [v2:172.21.15.96:3300/0,v1:172.21.15.96:6789/0] conn(0x7f1f70106f20 0x7f1f70109310 unknown :-1 s=CLOSED pgs=20 cs=0 l=1 rev1=1 crypto rx=0 tx=0 comp rx=0 tx=0).stop
2024-02-19T18:54:55.250 INFO:teuthology.orchestra.run.smithi096.stdout:/usr/bin/ceph: stderr
2024-02-19T18:54:54.501+0000 7f1f75183700 1 -- 172.21.15.96:0/3367167280 >> 172.21.15.96:0/3367167280 conn(0x7f1f701008d0 msgr2=0x7f1f70102d30 unknown :-1 s=STATE_NONE l=0).mark_down
2024-02-19T18:54:55.250 INFO:teuthology.orchestra.run.smithi096.stdout:/usr/bin/ceph: stderr
2024-02-19T18:54:54.501+0000 7f1f75183700 1 -- 172.21.15.96:0/3367167280 shutdown_connections
2024-02-19T18:54:55.250 INFO:teuthology.orchestra.run.smithi096.stdout:/usr/bin/ceph: stderr
2024-02-19T18:54:54.501+0000 7f1f75183700 1 -- 172.21.15.96:0/3367167280 wait complete.
2024-02-19T18:54:55.250 INFO:teuthology.orchestra.run.smithi096.stdout:/usr/bin/ceph: stderr
2024-02-19T18:54:54.502+0000 7f1f75183700 1 Processor -- start
2024-02-19T18:54:55.251 INFO:teuthology.orchestra.run.smithi096.stdout:/usr/bin/ceph: stderr
2024-02-19T18:54:54.502+0000 7f1f75183700 1 -- start start
2024-02-19T18:54:55.251 INFO:teuthology.orchestra.run.smithi096.stdout:/usr/bin/ceph: stderr
2024-02-19T18:54:54.502+0000 7f1f75183700 1 --2- >> [v2:172.21.15.96:3300/0,v1:172.21.15.96:6789/0] conn(0x7f1f70106f20 0x7f1f70106880 unknown :-1 s=NONE pgs=0 cs=0 l=1 rev1=0 crypto rx=0 tx=0 comp rx=0 tx=0).connect
2024-02-19T18:54:55.251 INFO:teuthology.orchestra.run.smithi096.stdout:/usr/bin/ceph: stderr
2024-02-19T18:54:54.502+0000 7f1f75183700 1 -- --> [v2:172.21.15.96:3300/0,v1:172.21.15.96:6789/0] -- mon_getmap magic: 0 v1 -- 0x7f1f70106dc0 con 0x7f1f70106f20
2024-02-19T18:54:55.251 INFO:teuthology.orchestra.run.smithi096.stdout:/usr/bin/ceph: stderr
2024-02-19T18:54:54.502+0000 7f1f6ed9d700 1 --2- >> [v2:172.21.15.96:3300/0,v1:172.21.15.96:6789/0] conn(0x7f1f70106f20 0x7f1f70106880 unknown :-1 s=BANNER_CONNECTING pgs=0 cs=0 l=1 rev1=0 crypto rx=0 tx=0 comp rx=0 tx=0)._handle_peer_banner_payload supported=3 required=0
2024-02-19T18:54:55.251 INFO:teuthology.orchestra.run.smithi096.stdout:/usr/bin/ceph: stderr
2024-02-19T18:54:54.502+0000 7f1f6ed9d700 1 --2- >> [v2:172.21.15.96:3300/0,v1:172.21.15.96:6789/0] conn(0x7f1f70106f20 0x7f1f70106880 unknown :-1 s=HELLO_CONNECTING pgs=0 cs=0 l=1 rev1=1 crypto rx=0 tx=0 comp rx=0 tx=0).handle_hello peer v2:172.21.15.96:3300/0 says I am v2:172.21.15.96:58582/0 (socket says 172.21.15.96:58582)
2024-02-19T18:54:55.251 INFO:teuthology.orchestra.run.smithi096.stdout:/usr/bin/ceph: stderr
2024-02-19T18:54:54.502+0000 7f1f6ed9d700 1 -- 172.21.15.96:0/1955282051 learned_addr learned my addr 172.21.15.96:0/1955282051 (peer_addr_for_me v2:172.21.15.96:0/0)
2024-02-19T18:54:55.251 INFO:teuthology.orchestra.run.smithi096.stdout:/usr/bin/ceph: stderr
2024-02-19T18:54:54.503+0000 7f1f6ed9d700 1 -- 172.21.15.96:0/1955282051 --> [v2:172.21.15.96:3300/0,v1:172.21.15.96:6789/0] -- mon_subscribe({config=0+,monmap=0+}) v3 -- 0x7f1f68009b30 con 0x7f1f70106f20
2024-02-19T18:54:55.251 INFO:teuthology.orchestra.run.smithi096.stdout:/usr/bin/ceph: stderr
2024-02-19T18:54:54.503+0000 7f1f6ed9d700 1 --2- 172.21.15.96:0/1955282051 >> [v2:172.21.15.96:3300/0,v1:172.21.15.96:6789/0] conn(0x7f1f70106f20 0x7f1f70106880 secure :-1 s=READY pgs=21 cs=0 l=1 rev1=1 crypto rx=0x7f1f6800d010 tx=0x7f1f68004430 comp rx=0 tx=0).ready entity=mon.0 client_cookie=0 server_cookie=0 in_seq=0 out_seq=0
2024-02-19T18:54:55.251 INFO:teuthology.orchestra.run.smithi096.stdout:/usr/bin/ceph: stderr
2024-02-19T18:54:54.503+0000 7f1f57fff700 1 -- 172.21.15.96:0/1955282051 <== mon.0 v2:172.21.15.96:3300/0 1 ==== mon_map magic: 0 v1 ==== 229+0+0 (secure 0 0 0) 0x7f1f6800e040 con 0x7f1f70106f20
2024-02-19T18:54:55.251 INFO:teuthology.orchestra.run.smithi096.stdout:/usr/bin/ceph: stderr
2024-02-19T18:54:54.503+0000 7f1f57fff700 1 -- 172.21.15.96:0/1955282051 <== mon.0 v2:172.21.15.96:3300/0 2 ==== config(27 keys) v1 ==== 1037+0+0 (secure 0 0 0) 0x7f1f68003c30 con 0x7f1f70106f20
2024-02-19T18:54:55.251 INFO:teuthology.orchestra.run.smithi096.stdout:/usr/bin/ceph: stderr
2024-02-19T18:54:54.503+0000 7f1f75183700 1 -- 172.21.15.96:0/1955282051 --> [v2:172.21.15.96:3300/0,v1:172.21.15.96:6789/0] -- mon_subscribe({mgrmap=0+}) v3 -- 0x7f1f70104ed0 con 0x7f1f70106f20
2024-02-19T18:54:55.251 INFO:teuthology.orchestra.run.smithi096.stdout:/usr/bin/ceph: stderr
2024-02-19T18:54:54.503+0000 7f1f57fff700 1 -- 172.21.15.96:0/1955282051 <== mon.0 v2:172.21.15.96:3300/0 3 ==== mon_map magic: 0 v1 ==== 229+0+0 (secure 0 0 0) 0x7f1f6801b790 con 0x7f1f70106f20
2024-02-19T18:54:55.251 INFO:teuthology.orchestra.run.smithi096.stdout:/usr/bin/ceph: stderr
2024-02-19T18:54:54.503+0000 7f1f75183700 1 -- 172.21.15.96:0/1955282051 --> [v2:172.21.15.96:3300/0,v1:172.21.15.96:6789/0] -- mon_subscribe({osdmap=0}) v3 -- 0x7f1f701053d0 con 0x7f1f70106f20
2024-02-19T18:54:55.251 INFO:teuthology.orchestra.run.smithi096.stdout:/usr/bin/ceph: stderr
2024-02-19T18:54:54.504+0000 7f1f57fff700 1 -- 172.21.15.96:0/1955282051 <== mon.0 v2:172.21.15.96:3300/0 4 ==== mgrmap(e 4) v1 ==== 45272+0+0 (secure 0 0 0) 0x7f1f68019040 con 0x7f1f70106f20
2024-02-19T18:54:55.252 INFO:teuthology.orchestra.run.smithi096.stdout:/usr/bin/ceph: stderr
2024-02-19T18:54:54.504+0000 7f1f57fff700 1 --2- 172.21.15.96:0/1955282051 >> [v2:172.21.15.96:6800/1286321532,v1:172.21.15.96:6801/1286321532] conn(0x7f1f580382e0 0x7f1f5803a7a0 unknown :-1 s=NONE pgs=0 cs=0 l=1 rev1=0 crypto rx=0 tx=0 comp rx=0 tx=0).connect
2024-02-19T18:54:55.252 INFO:teuthology.orchestra.run.smithi096.stdout:/usr/bin/ceph: stderr
2024-02-19T18:54:54.504+0000 7f1f57fff700 1 -- 172.21.15.96:0/1955282051 <== mon.0 v2:172.21.15.96:3300/0 5 ==== osd_map(1..1 src has 1..1) v4 ==== 725+0+0 (secure 0 0 0) 0x7f1f6804bcc0 con 0x7f1f70106f20
2024-02-19T18:54:55.252 INFO:teuthology.orchestra.run.smithi096.stdout:/usr/bin/ceph: stderr
2024-02-19T18:54:54.504+0000 7f1f75183700 1 -- 172.21.15.96:0/1955282051 --> [v2:172.21.15.96:3300/0,v1:172.21.15.96:6789/0] -- mon_command({"prefix": "get_command_descriptions"} v 0) v1 -- 0x7f1f70062430 con 0x7f1f70106f20
2024-02-19T18:54:55.252 INFO:teuthology.orchestra.run.smithi096.stdout:/usr/bin/ceph: stderr
2024-02-19T18:54:54.504+0000 7f1f6e59c700 1 --2- 172.21.15.96:0/1955282051 >> [v2:172.21.15.96:6800/1286321532,v1:172.21.15.96:6801/1286321532] conn(0x7f1f580382e0 0x7f1f5803a7a0 unknown :-1 s=BANNER_CONNECTING pgs=0 cs=0 l=1 rev1=0 crypto rx=0 tx=0 comp rx=0 tx=0)._handle_peer_banner_payload supported=3 required=0
2024-02-19T18:54:55.252 INFO:teuthology.orchestra.run.smithi096.stdout:/usr/bin/ceph: stderr
2024-02-19T18:54:54.504+0000 7f1f6e59c700 1 --2- 172.21.15.96:0/1955282051 >> [v2:172.21.15.96:6800/1286321532,v1:172.21.15.96:6801/1286321532] conn(0x7f1f580382e0 0x7f1f5803a7a0 secure :-1 s=READY pgs=7 cs=0 l=1 rev1=1 crypto rx=0x7f1f64006fd0 tx=0x7f1f64006e40 comp rx=0 tx=0).ready entity=mgr.14100 client_cookie=0 server_cookie=0 in_seq=0 out_seq=0
2024-02-19T18:54:55.252 INFO:teuthology.orchestra.run.smithi096.stdout:/usr/bin/ceph: stderr
2024-02-19T18:54:54.509+0000 7f1f57fff700 1 -- 172.21.15.96:0/1955282051 <== mon.0 v2:172.21.15.96:3300/0 6 ==== mon_command_ack([{"prefix": "get_command_descriptions"}]=0 v0) v1 ==== 72+0+180422 (secure 0 0 0) 0x7f1f70062430 con 0x7f1f70106f20
2024-02-19T18:54:55.252 INFO:teuthology.orchestra.run.smithi096.stdout:/usr/bin/ceph: stderr
2024-02-19T18:54:54.695+0000 7f1f75183700 1 -- 172.21.15.96:0/1955282051 --> [v2:172.21.15.96:3300/0,v1:172.21.15.96:6789/0] -- mon_command({"prefix": "config assimilate-conf"} v 0) v1 -- 0x7f1f700623c0 con 0x7f1f70106f20
2024-02-19T18:54:55.252 INFO:teuthology.orchestra.run.smithi096.stdout:/usr/bin/ceph: stderr
2024-02-19T18:54:54.696+0000 7f1f57fff700 1 -- 172.21.15.96:0/1955282051 <== mon.0 v2:172.21.15.96:3300/0 7 ==== mon_command_ack([{"prefix": "config assimilate-conf"}]=0 v3) v1 ==== 70+0+373 (secure 0 0 0) 0x7f1f6804a190 con 0x7f1f70106f20
2024-02-19T18:54:55.252 INFO:teuthology.orchestra.run.smithi096.stdout:/usr/bin/ceph: stderr
2024-02-19T18:54:54.698+0000 7f1f75183700 1 -- 172.21.15.96:0/1955282051 >> [v2:172.21.15.96:6800/1286321532,v1:172.21.15.96:6801/1286321532] conn(0x7f1f580382e0 msgr2=0x7f1f5803a7a0 secure :-1 s=STATE_CONNECTION_ESTABLISHED l=1).mark_down
2024-02-19T18:54:55.252 INFO:teuthology.orchestra.run.smithi096.stdout:/usr/bin/ceph: stderr
2024-02-19T18:54:54.698+0000 7f1f75183700 1 --2- 172.21.15.96:0/1955282051 >> [v2:172.21.15.96:6800/1286321532,v1:172.21.15.96:6801/1286321532] conn(0x7f1f580382e0 0x7f1f5803a7a0 secure :-1 s=READY pgs=7 cs=0 l=1 rev1=1 crypto rx=0x7f1f64006fd0 tx=0x7f1f64006e40 comp rx=0 tx=0).stop
2024-02-19T18:54:55.252 INFO:teuthology.orchestra.run.smithi096.stdout:/usr/bin/ceph: stderr
2024-02-19T18:54:54.698+0000 7f1f75183700 1 -- 172.21.15.96:0/1955282051 >> [v2:172.21.15.96:3300/0,v1:172.21.15.96:6789/0] conn(0x7f1f70106f20 msgr2=0x7f1f70106880 secure :-1 s=STATE_CONNECTION_ESTABLISHED l=1).mark_down
2024-02-19T18:54:55.252 INFO:teuthology.orchestra.run.smithi096.stdout:/usr/bin/ceph: stderr
2024-02-19T18:54:54.698+0000 7f1f75183700 1 --2- 172.21.15.96:0/1955282051 >> [v2:172.21.15.96:3300/0,v1:172.21.15.96:6789/0] conn(0x7f1f70106f20 0x7f1f70106880 secure :-1 s=READY pgs=21 cs=0 l=1 rev1=1 crypto rx=0x7f1f6800d010 tx=0x7f1f68004430 comp rx=0 tx=0).stop
2024-02-19T18:54:55.252 INFO:teuthology.orchestra.run.smithi096.stdout:/usr/bin/ceph: stderr
2024-02-19T18:54:54.699+0000 7f1f75183700 1 -- 172.21.15.96:0/1955282051 shutdown_connections
2024-02-19T18:54:55.252 INFO:teuthology.orchestra.run.smithi096.stdout:/usr/bin/ceph: stderr
2024-02-19T18:54:54.699+0000 7f1f75183700 1 --2- 172.21.15.96:0/1955282051 >> [v2:172.21.15.96:6800/1286321532,v1:172.21.15.96:6801/1286321532] conn(0x7f1f580382e0 0x7f1f5803a7a0 unknown :-1 s=CLOSED pgs=7 cs=0 l=1 rev1=1 crypto rx=0 tx=0 comp rx=0 tx=0).stop
2024-02-19T18:54:55.252 INFO:teuthology.orchestra.run.smithi096.stdout:/usr/bin/ceph: stderr
2024-02-19T18:54:54.699+0000 7f1f75183700 1 --2- 172.21.15.96:0/1955282051 >> [v2:172.21.15.96:3300/0,v1:172.21.15.96:6789/0] conn(0x7f1f70106f20 0x7f1f70106880 unknown :-1 s=CLOSED pgs=21 cs=0 l=1 rev1=1 crypto rx=0 tx=0 comp rx=0 tx=0).stop
2024-02-19T18:54:55.253 INFO:teuthology.orchestra.run.smithi096.stdout:/usr/bin/ceph: stderr
2024-02-19T18:54:54.699+0000 7f1f75183700 1 -- 172.21.15.96:0/1955282051 >> 172.21.15.96:0/1955282051 conn(0x7f1f701008d0 msgr2=0x7f1f70101640 unknown :-1 s=STATE_NONE l=0).mark_down
2024-02-19T18:54:55.253 INFO:teuthology.orchestra.run.smithi096.stdout:/usr/bin/ceph: stderr
2024-02-19T18:54:54.699+0000 7f1f75183700 1 -- 172.21.15.96:0/1955282051 shutdown_connections
2024-02-19T18:54:55.253 INFO:teuthology.orchestra.run.smithi096.stdout:/usr/bin/ceph: stderr
