2024-02-19T18:55:20.917 INFO:teuthology.orchestra.run.smithi096.stdout:/usr/bin/ceph: stderr
2024-02-19T18:55:20.106+0000 7f3a4acd1700 1 -- start start
2024-02-19T18:55:20.917 INFO:teuthology.orchestra.run.smithi096.stdout:/usr/bin/ceph: stderr
2024-02-19T18:55:20.106+0000 7f3a4acd1700 1 --2- >> [v2:172.21.15.96:3300/0,v1:172.21.15.96:6789/0] conn(0x7f3a44104730 0x7f3a4419c390 unknown :-1 s=NONE pgs=0 cs=0 l=1 rev1=0 crypto rx=0 tx=0 comp rx=0 tx=0).connect
2024-02-19T18:55:20.917 INFO:teuthology.orchestra.run.smithi096.stdout:/usr/bin/ceph: stderr
2024-02-19T18:55:20.106+0000 7f3a4acd1700 1 -- --> [v2:172.21.15.96:3300/0,v1:172.21.15.96:6789/0] -- mon_getmap magic: 0 v1 -- 0x7f3a4419c8d0 con 0x7f3a44104730
2024-02-19T18:55:20.917 INFO:teuthology.orchestra.run.smithi096.stdout:/usr/bin/ceph: stderr
2024-02-19T18:55:20.106+0000 7f3a48a6d700 1 --2- >> [v2:172.21.15.96:3300/0,v1:172.21.15.96:6789/0] conn(0x7f3a44104730 0x7f3a4419c390 unknown :-1 s=BANNER_CONNECTING pgs=0 cs=0 l=1 rev1=0 crypto rx=0 tx=0 comp rx=0 tx=0)._handle_peer_banner_payload supported=3 required=0
2024-02-19T18:55:20.917 INFO:teuthology.orchestra.run.smithi096.stdout:/usr/bin/ceph: stderr
2024-02-19T18:55:20.106+0000 7f3a48a6d700 1 --2- >> [v2:172.21.15.96:3300/0,v1:172.21.15.96:6789/0] conn(0x7f3a44104730 0x7f3a4419c390 unknown :-1 s=HELLO_CONNECTING pgs=0 cs=0 l=1 rev1=1 crypto rx=0 tx=0 comp rx=0 tx=0).handle_hello peer v2:172.21.15.96:3300/0 says I am v2:172.21.15.96:48394/0 (socket says 172.21.15.96:48394)
2024-02-19T18:55:20.917 INFO:teuthology.orchestra.run.smithi096.stdout:/usr/bin/ceph: stderr
2024-02-19T18:55:20.106+0000 7f3a48a6d700 1 -- 172.21.15.96:0/3184967430 learned_addr learned my addr 172.21.15.96:0/3184967430 (peer_addr_for_me v2:172.21.15.96:0/0)
2024-02-19T18:55:20.917 INFO:teuthology.orchestra.run.smithi096.stdout:/usr/bin/ceph: stderr
2024-02-19T18:55:20.107+0000 7f3a48a6d700 1 -- 172.21.15.96:0/3184967430 --> [v2:172.21.15.96:3300/0,v1:172.21.15.96:6789/0] -- mon_subscribe({config=0+,monmap=0+}) v3 -- 0x7f3a38009550 con 0x7f3a44104730
2024-02-19T18:55:20.917 INFO:teuthology.orchestra.run.smithi096.stdout:/usr/bin/ceph: stderr
2024-02-19T18:55:20.107+0000 7f3a48a6d700 1 --2- 172.21.15.96:0/3184967430 >> [v2:172.21.15.96:3300/0,v1:172.21.15.96:6789/0] conn(0x7f3a44104730 0x7f3a4419c390 secure :-1 s=READY pgs=54 cs=0 l=1 rev1=1 crypto rx=0x7f3a38011670 tx=0x7f3a38011b50 comp rx=0 tx=0).ready entity=mon.0 client_cookie=0 server_cookie=0 in_seq=0 out_seq=0
2024-02-19T18:55:20.917 INFO:teuthology.orchestra.run.smithi096.stdout:/usr/bin/ceph: stderr
2024-02-19T18:55:20.107+0000 7f3a41ffb700 1 -- 172.21.15.96:0/3184967430 <== mon.0 v2:172.21.15.96:3300/0 1 ==== mon_map magic: 0 v1 ==== 229+0+0 (secure 0 0 0) 0x7f3a380039f0 con 0x7f3a44104730
2024-02-19T18:55:20.917 INFO:teuthology.orchestra.run.smithi096.stdout:/usr/bin/ceph: stderr
2024-02-19T18:55:20.107+0000 7f3a41ffb700 1 -- 172.21.15.96:0/3184967430 <== mon.0 v2:172.21.15.96:3300/0 2 ==== config(27 keys) v1 ==== 1101+0+0 (secure 0 0 0) 0x7f3a38003b50 con 0x7f3a44104730
2024-02-19T18:55:20.917 INFO:teuthology.orchestra.run.smithi096.stdout:/usr/bin/ceph: stderr
2024-02-19T18:55:20.107+0000 7f3a4acd1700 1 -- 172.21.15.96:0/3184967430 --> [v2:172.21.15.96:3300/0,v1:172.21.15.96:6789/0] -- mon_subscribe({mgrmap=0+}) v3 -- 0x7f3a4419cad0 con 0x7f3a44104730
2024-02-19T18:55:20.917 INFO:teuthology.orchestra.run.smithi096.stdout:/usr/bin/ceph: stderr
2024-02-19T18:55:20.107+0000 7f3a41ffb700 1 -- 172.21.15.96:0/3184967430 <== mon.0 v2:172.21.15.96:3300/0 3 ==== mon_map magic: 0 v1 ==== 229+0+0 (secure 0 0 0) 0x7f3a380247c0 con 0x7f3a44104730
2024-02-19T18:55:20.918 INFO:teuthology.orchestra.run.smithi096.stdout:/usr/bin/ceph: stderr
2024-02-19T18:55:20.107+0000 7f3a4acd1700 1 -- 172.21.15.96:0/3184967430 --> [v2:172.21.15.96:3300/0,v1:172.21.15.96:6789/0] -- mon_subscribe({osdmap=0}) v3 -- 0x7f3a4419cf70 con 0x7f3a44104730
2024-02-19T18:55:20.918 INFO:teuthology.orchestra.run.smithi096.stdout:/usr/bin/ceph: stderr
2024-02-19T18:55:20.108+0000 7f3a41ffb700 1 -- 172.21.15.96:0/3184967430 <== mon.0 v2:172.21.15.96:3300/0 4 ==== mgrmap(e 8) v1 ==== 45283+0+0 (secure 0 0 0) 0x7f3a3802d3f0 con 0x7f3a44104730
2024-02-19T18:55:20.918 INFO:teuthology.orchestra.run.smithi096.stdout:/usr/bin/ceph: stderr
2024-02-19T18:55:20.108+0000 7f3a4acd1700 1 -- 172.21.15.96:0/3184967430 --> [v2:172.21.15.96:3300/0,v1:172.21.15.96:6789/0] -- mon_command({"prefix": "get_command_descriptions"} v 0) v1 -- 0x7f3a440623c0 con 0x7f3a44104730
2024-02-19T18:55:20.918 INFO:teuthology.orchestra.run.smithi096.stdout:/usr/bin/ceph: stderr
2024-02-19T18:55:20.108+0000 7f3a41ffb700 1 --2- 172.21.15.96:0/3184967430 >> [v2:172.21.15.96:6800/3697355606,v1:172.21.15.96:6801/3697355606] conn(0x7f3a34038370 0x7f3a3403a830 unknown :-1 s=NONE pgs=0 cs=0 l=1 rev1=0 crypto rx=0 tx=0 comp rx=0 tx=0).connect
2024-02-19T18:55:20.918 INFO:teuthology.orchestra.run.smithi096.stdout:/usr/bin/ceph: stderr
2024-02-19T18:55:20.108+0000 7f3a41ffb700 1 -- 172.21.15.96:0/3184967430 <== mon.0 v2:172.21.15.96:3300/0 5 ==== osd_map(2..2 src has 1..2) v4 ==== 940+0+0 (secure 0 0 0) 0x7f3a3804c4e0 con 0x7f3a44104730
2024-02-19T18:55:20.918 INFO:teuthology.orchestra.run.smithi096.stdout:/usr/bin/ceph: stderr
2024-02-19T18:55:20.108+0000 7f3a43fff700 1 --2- 172.21.15.96:0/3184967430 >> [v2:172.21.15.96:6800/3697355606,v1:172.21.15.96:6801/3697355606] conn(0x7f3a34038370 0x7f3a3403a830 unknown :-1 s=BANNER_CONNECTING pgs=0 cs=0 l=1 rev1=0 crypto rx=0 tx=0 comp rx=0 tx=0)._handle_peer_banner_payload supported=3 required=0
2024-02-19T18:55:20.918 INFO:teuthology.orchestra.run.smithi096.stdout:/usr/bin/ceph: stderr
2024-02-19T18:55:20.109+0000 7f3a43fff700 1 --2- 172.21.15.96:0/3184967430 >> [v2:172.21.15.96:6800/3697355606,v1:172.21.15.96:6801/3697355606] conn(0x7f3a34038370 0x7f3a3403a830 secure :-1 s=READY pgs=15 cs=0 l=1 rev1=1 crypto rx=0x7f3a30006fd0 tx=0x7f3a30006e40 comp rx=0 tx=0).ready entity=mgr.14120 client_cookie=0 server_cookie=0 in_seq=0 out_seq=0
2024-02-19T18:55:20.918 INFO:teuthology.orchestra.run.smithi096.stdout:/usr/bin/ceph: stderr
2024-02-19T18:55:20.113+0000 7f3a41ffb700 1 -- 172.21.15.96:0/3184967430 <== mon.0 v2:172.21.15.96:3300/0 6 ==== mon_command_ack([{"prefix": "get_command_descriptions"}]=0 v0) v1 ==== 72+0+180422 (secure 0 0 0) 0x7f3a38019410 con 0x7f3a44104730
2024-02-19T18:55:20.918 INFO:teuthology.orchestra.run.smithi096.stdout:/usr/bin/ceph: stderr
2024-02-19T18:55:20.316+0000 7f3a4acd1700 1 -- 172.21.15.96:0/3184967430 --> [v2:172.21.15.96:6800/3697355606,v1:172.21.15.96:6801/3697355606] -- mgr_command(tid 0: {"prefix": "orch apply", "service_type": "ceph-exporter", "target": ["mon-mgr", ""]}) v1 -- 0x7f3a4410a8c0 con 0x7f3a34038370
2024-02-19T18:55:20.918 INFO:teuthology.orchestra.run.smithi096.stdout:/usr/bin/ceph: stderr
2024-02-19T18:55:20.321+0000 7f3a41ffb700 1 -- 172.21.15.96:0/3184967430 <== mgr.14120 v2:172.21.15.96:6800/3697355606 1 ==== mgr_command_reply(tid 0: 0 ) v1 ==== 8+0+34 (secure 0 0 0) 0x7f3a4410a8c0 con 0x7f3a34038370
2024-02-19T18:55:20.918 INFO:teuthology.orchestra.run.smithi096.stdout:/usr/bin/ceph: stderr
2024-02-19T18:55:20.323+0000 7f3a4acd1700 1 -- 172.21.15.96:0/3184967430 >> [v2:172.21.15.96:6800/3697355606,v1:172.21.15.96:6801/3697355606] conn(0x7f3a34038370 msgr2=0x7f3a3403a830 secure :-1 s=STATE_CONNECTION_ESTABLISHED l=1).mark_down
2024-02-19T18:55:20.918 INFO:teuthology.orchestra.run.smithi096.stdout:/usr/bin/ceph: stderr
2024-02-19T18:55:20.323+0000 7f3a4acd1700 1 --2- 172.21.15.96:0/3184967430 >> [v2:172.21.15.96:6800/3697355606,v1:172.21.15.96:6801/3697355606] conn(0x7f3a34038370 0x7f3a3403a830 secure :-1 s=READY pgs=15 cs=0 l=1 rev1=1 crypto rx=0x7f3a30006fd0 tx=0x7f3a30006e40 comp rx=0 tx=0).stop
2024-02-19T18:55:20.918 INFO:teuthology.orchestra.run.smithi096.stdout:/usr/bin/ceph: stderr
2024-02-19T18:55:20.323+0000 7f3a4acd1700 1 -- 172.21.15.96:0/3184967430 >> [v2:172.21.15.96:3300/0,v1:172.21.15.96:6789/0] conn(0x7f3a44104730 msgr2=0x7f3a4419c390 secure :-1 s=STATE_CONNECTION_ESTABLISHED l=1).mark_down
2024-02-19T18:55:20.918 INFO:teuthology.orchestra.run.smithi096.stdout:/usr/bin/ceph: stderr
2024-02-19T18:55:20.323+0000 7f3a4acd1700 1 --2- 172.21.15.96:0/3184967430 >> [v2:172.21.15.96:3300/0,v1:172.21.15.96:6789/0] conn(0x7f3a44104730 0x7f3a4419c390 secure :-1 s=READY pgs=54 cs=0 l=1 rev1=1 crypto rx=0x7f3a38011670 tx=0x7f3a38011b50 comp rx=0 tx=0).stop
2024-02-19T18:55:20.918 INFO:teuthology.orchestra.run.smithi096.stdout:/usr/bin/ceph: stderr
2024-02-19T18:55:20.323+0000 7f3a4acd1700 1 -- 172.21.15.96:0/3184967430 shutdown_connections
2024-02-19T18:55:20.919 INFO:teuthology.orchestra.run.smithi096.stdout:/usr/bin/ceph: stderr
2024-02-19T18:55:20.323+0000 7f3a4acd1700 1 --2- 172.21.15.96:0/3184967430 >> [v2:172.21.15.96:6800/3697355606,v1:172.21.15.96:6801/3697355606] conn(0x7f3a34038370 0x7f3a3403a830 unknown :-1 s=CLOSED pgs=15 cs=0 l=1 rev1=1 crypto rx=0 tx=0 comp rx=0 tx=0).stop
2024-02-19T18:55:20.919 INFO:teuthology.orchestra.run.smithi096.stdout:/usr/bin/ceph: stderr
2024-02-19T18:55:20.323+0000 7f3a4acd1700 1 --2- 172.21.15.96:0/3184967430 >> [v2:172.21.15.96:3300/0,v1:172.21.15.96:6789/0] conn(0x7f3a44104730 0x7f3a4419c390 unknown :-1 s=CLOSED pgs=54 cs=0 l=1 rev1=1 crypto rx=0 tx=0 comp rx=0 tx=0).stop
2024-02-19T18:55:20.919 INFO:teuthology.orchestra.run.smithi096.stdout:/usr/bin/ceph: stderr
2024-02-19T18:55:20.323+0000 7f3a4acd1700 1 -- 172.21.15.96:0/3184967430 >> 172.21.15.96:0/3184967430 conn(0x7f3a44100040 msgr2=0x7f3a44101750 unknown :-1 s=STATE_NONE l=0).mark_down
2024-02-19T18:55:20.919 INFO:teuthology.orchestra.run.smithi096.stdout:/usr/bin/ceph: stderr
2024-02-19T18:55:20.323+0000 7f3a4acd1700 1 -- 172.21.15.96:0/3184967430 shutdown_connections
2024-02-19T18:55:20.919 INFO:teuthology.orchestra.run.smithi096.stdout:/usr/bin/ceph: stderr
2024-02-19T18:55:20.324+0000 7f3a4acd1700 1 -- 172.21.15.96:0/3184967430 wait complete.
2024-02-19T18:55:20.919 INFO:teuthology.orchestra.run.smithi096.stdout:Deploying prometheus service with default placement...
2024-02-19T18:55:21.495 INFO:journalctl@ceph.mon.smithi096.smithi096.stdout:Feb 19 18:55:21 smithi096 ceph-mon[29216]: from='client.14148 -' entity='client.admin' cmd=[{"prefix": "orch apply", "service_type": "ceph-exporter", "target": ["mon-mgr", ""]}]: dispatch
2024-02-19T18:55:21.496 INFO:journalctl@ceph.mon.smithi096.smithi096.stdout:Feb 19 18:55:21 smithi096 ceph-mon[29216]: Saving service ceph-exporter spec with placement *
2024-02-19T18:55:21.496 INFO:journalctl@ceph.mon.smithi096.smithi096.stdout:Feb 19 18:55:21 smithi096 ceph-mon[29216]: from='mgr.14120 172.21.15.96:0/1668566517' entity='mgr.smithi096.zsjdff'
2024-02-19T18:55:22.046 INFO:teuthology.orchestra.run.smithi096.stdout:/usr/bin/ceph: stdout Scheduled prometheus update...
2024-02-19T18:55:22.047 INFO:teuthology.orchestra.run.smithi096.stdout:/usr/bin/ceph: stderr
2024-02-19T18:55:21.267+0000 7fd5398c5700 1 Processor -- start
2024-02-19T18:55:22.047 INFO:teuthology.orchestra.run.smithi096.stdout:/usr/bin/ceph: stderr
2024-02-19T18:55:21.267+0000 7fd5398c5700 1 -- start start
2024-02-19T18:55:22.047 INFO:teuthology.orchestra.run.smithi096.stdout:/usr/bin/ceph: stderr
2024-02-19T18:55:21.267+0000 7fd5398c5700 1 --2- >> [v2:172.21.15.96:3300/0,v1:172.21.15.96:6789/0] conn(0x7fd534106950 0x7fd534106d70 unknown :-1 s=NONE pgs=0 cs=0 l=0 rev1=0 crypto rx=0 tx=0 comp rx=0 tx=0).connect
2024-02-19T18:55:22.047 INFO:teuthology.orchestra.run.smithi096.stdout:/usr/bin/ceph: stderr
2024-02-19T18:55:21.267+0000 7fd5398c5700 1 -- --> [v2:172.21.15.96:3300/0,v1:172.21.15.96:6789/0] -- mon_getmap magic: 0 v1 -- 0x7fd534107340 con 0x7fd534106950
2024-02-19T18:55:22.047 INFO:teuthology.orchestra.run.smithi096.stdout:/usr/bin/ceph: stderr
2024-02-19T18:55:21.267+0000 7fd532ffd700 1 --2- >> [v2:172.21.15.96:3300/0,v1:172.21.15.96:6789/0] conn(0x7fd534106950 0x7fd534106d70 unknown :-1 s=BANNER_CONNECTING pgs=0 cs=0 l=0 rev1=0 crypto rx=0 tx=0 comp rx=0 tx=0)._handle_peer_banner_payload supported=3 required=0
2024-02-19T18:55:22.047 INFO:teuthology.orchestra.run.smithi096.stdout:/usr/bin/ceph: stderr
2024-02-19T18:55:21.267+0000 7fd532ffd700 1 --2- >> [v2:172.21.15.96:3300/0,v1:172.21.15.96:6789/0] conn(0x7fd534106950 0x7fd534106d70 unknown :-1 s=HELLO_CONNECTING pgs=0 cs=0 l=0 rev1=1 crypto rx=0 tx=0 comp rx=0 tx=0).handle_hello peer v2:172.21.15.96:3300/0 says I am v2:172.21.15.96:48404/0 (socket says 172.21.15.96:48404)
2024-02-19T18:55:22.047 INFO:teuthology.orchestra.run.smithi096.stdout:/usr/bin/ceph: stderr
2024-02-19T18:55:21.267+0000 7fd532ffd700 1 -- 172.21.15.96:0/551821822 learned_addr learned my addr 172.21.15.96:0/551821822 (peer_addr_for_me v2:172.21.15.96:0/0)
2024-02-19T18:55:22.047 INFO:teuthology.orchestra.run.smithi096.stdout:/usr/bin/ceph: stderr
2024-02-19T18:55:21.268+0000 7fd532ffd700 1 -- 172.21.15.96:0/551821822 --> [v2:172.21.15.96:3300/0,v1:172.21.15.96:6789/0] -- mon_subscribe({config=0+,monmap=0+}) v3 -- 0x7fd534107480 con 0x7fd534106950
2024-02-19T18:55:22.047 INFO:teuthology.orchestra.run.smithi096.stdout:/usr/bin/ceph: stderr
2024-02-19T18:55:21.268+0000 7fd532ffd700 1 --2- 172.21.15.96:0/551821822 >> [v2:172.21.15.96:3300/0,v1:172.21.15.96:6789/0] conn(0x7fd534106950 0x7fd534106d70 secure :-1 s=READY pgs=55 cs=0 l=1 rev1=1 crypto rx=0x7fd5240098a0 tx=0x7fd524009bb0 comp rx=0 tx=0).ready entity=mon.0 client_cookie=a760c92968ed1b60 server_cookie=0 in_seq=0 out_seq=0
2024-02-19T18:55:22.047 INFO:teuthology.orchestra.run.smithi096.stdout:/usr/bin/ceph: stderr
2024-02-19T18:55:21.268+0000 7fd5327fc700 1 -- 172.21.15.96:0/551821822 <== mon.0 v2:172.21.15.96:3300/0 1 ==== mon_map magic: 0 v1 ==== 229+0+0 (secure 0 0 0) 0x7fd524004180 con 0x7fd534106950
2024-02-19T18:55:22.047 INFO:teuthology.orchestra.run.smithi096.stdout:/usr/bin/ceph: stderr
2024-02-19T18:55:21.268+0000 7fd5327fc700 1 -- 172.21.15.96:0/551821822 <== mon.0 v2:172.21.15.96:3300/0 2 ==== config(27 keys) v1 ==== 1101+0+0 (secure 0 0 0) 0x7fd5240042e0 con 0x7fd534106950
2024-02-19T18:55:22.047 INFO:teuthology.orchestra.run.smithi096.stdout:/usr/bin/ceph: stderr
2024-02-19T18:55:21.268+0000 7fd5327fc700 1 -- 172.21.15.96:0/551821822 <== mon.0 v2:172.21.15.96:3300/0 3 ==== mon_map magic: 0 v1 ==== 229+0+0 (secure 0 0 0) 0x7fd524011af0 con 0x7fd534106950
2024-02-19T18:55:22.047 INFO:teuthology.orchestra.run.smithi096.stdout:/usr/bin/ceph: stderr
2024-02-19T18:55:21.269+0000 7fd5398c5700 1 -- 172.21.15.96:0/551821822 >> [v2:172.21.15.96:3300/0,v1:172.21.15.96:6789/0] conn(0x7fd534106950 msgr2=0x7fd534106d70 secure :-1 s=STATE_CONNECTION_ESTABLISHED l=1).mark_down
2024-02-19T18:55:22.047 INFO:teuthology.orchestra.run.smithi096.stdout:/usr/bin/ceph: stderr
2024-02-19T18:55:21.269+0000 7fd5398c5700 1 --2- 172.21.15.96:0/551821822 >> [v2:172.21.15.96:3300/0,v1:172.21.15.96:6789/0] conn(0x7fd534106950 0x7fd534106d70 secure :-1 s=READY pgs=55 cs=0 l=1 rev1=1 crypto rx=0x7fd5240098a0 tx=0x7fd524009bb0 comp rx=0 tx=0).stop
2024-02-19T18:55:22.048 INFO:teuthology.orchestra.run.smithi096.stdout:/usr/bin/ceph: stderr
2024-02-19T18:55:21.269+0000 7fd5398c5700 1 -- 172.21.15.96:0/551821822 shutdown_connections
2024-02-19T18:55:22.048 INFO:teuthology.orchestra.run.smithi096.stdout:/usr/bin/ceph: stderr
2024-02-19T18:55:21.269+0000 7fd5398c5700 1 --2- 172.21.15.96:0/551821822 >> [v2:172.21.15.96:3300/0,v1:172.21.15.96:6789/0] conn(0x7fd534106950 0x7fd534106d70 unknown :-1 s=CLOSED pgs=55 cs=0 l=1 rev1=1 crypto rx=0 tx=0 comp rx=0 tx=0).stop
2024-02-19T18:55:22.048 INFO:teuthology.orchestra.run.smithi096.stdout:/usr/bin/ceph: stderr
2024-02-19T18:55:21.269+0000 7fd5398c5700 1 -- 172.21.15.96:0/551821822 >> 172.21.15.96:0/551821822 conn(0x7fd534100040 msgr2=0x7fd5341024a0 unknown :-1 s=STATE_NONE l=0).mark_down
2024-02-19T18:55:22.048 INFO:teuthology.orchestra.run.smithi096.stdout:/usr/bin/ceph: stderr
2024-02-19T18:55:21.269+0000 7fd5398c5700 1 -- 172.21.15.96:0/551821822 shutdown_connections
2024-02-19T18:55:22.048 INFO:teuthology.orchestra.run.smithi096.stdout:/usr/bin/ceph: stderr
2024-02-19T18:55:21.269+0000 7fd5398c5700 1 -- 172.21.15.96:0/551821822 wait complete.
2024-02-19T18:55:22.048 INFO:teuthology.orchestra.run.smithi096.stdout:/usr/bin/ceph: stderr
2024-02-19T18:55:21.269+0000 7fd5398c5700 1 Processor -- start
2024-02-19T18:55:22.048 INFO:teuthology.orchestra.run.smithi096.stdout:/usr/bin/ceph: stderr
2024-02-19T18:55:21.269+0000 7fd5398c5700 1 -- start start
2024-02-19T18:55:22.048 INFO:teuthology.orchestra.run.smithi096.stdout:/usr/bin/ceph: stderr
2024-02-19T18:55:21.270+0000 7fd5398c5700 1 --2- >> [v2:172.21.15.96:3300/0,v1:172.21.15.96:6789/0] conn(0x7fd534106950 0x7fd53419c3a0 unknown :-1 s=NONE pgs=0 cs=0 l=1 rev1=0 crypto rx=0 tx=0 comp rx=0 tx=0).connect
2024-02-19T18:55:22.048 INFO:teuthology.orchestra.run.smithi096.stdout:/usr/bin/ceph: stderr
2024-02-19T18:55:21.270+0000 7fd5398c5700 1 -- --> [v2:172.21.15.96:3300/0,v1:172.21.15.96:6789/0] -- mon_getmap magic: 0 v1 -- 0x7fd53419c8e0 con 0x7fd534106950
2024-02-19T18:55:22.048 INFO:teuthology.orchestra.run.smithi096.stdout:/usr/bin/ceph: stderr
2024-02-19T18:55:21.270+0000 7fd532ffd700 1 --2- >> [v2:172.21.15.96:3300/0,v1:172.21.15.96:6789/0] conn(0x7fd534106950 0x7fd53419c3a0 unknown :-1 s=BANNER_CONNECTING pgs=0 cs=0 l=1 rev1=0 crypto rx=0 tx=0 comp rx=0 tx=0)._handle_peer_banner_payload supported=3 required=0
2024-02-19T18:55:22.048 INFO:teuthology.orchestra.run.smithi096.stdout:/usr/bin/ceph: stderr
2024-02-19T18:55:21.270+0000 7fd532ffd700 1 --2- >> [v2:172.21.15.96:3300/0,v1:172.21.15.96:6789/0] conn(0x7fd534106950 0x7fd53419c3a0 unknown :-1 s=HELLO_CONNECTING pgs=0 cs=0 l=1 rev1=1 crypto rx=0 tx=0 comp rx=0 tx=0).handle_hello peer v2:172.21.15.96:3300/0 says I am v2:172.21.15.96:48416/0 (socket says 172.21.15.96:48416)
2024-02-19T18:55:22.048 INFO:teuthology.orchestra.run.smithi096.stdout:/usr/bin/ceph: stderr
2024-02-19T18:55:21.270+0000 7fd532ffd700 1 -- 172.21.15.96:0/2304096079 learned_addr learned my addr 172.21.15.96:0/2304096079 (peer_addr_for_me v2:172.21.15.96:0/0)
2024-02-19T18:55:22.048 INFO:teuthology.orchestra.run.smithi096.stdout:/usr/bin/ceph: stderr
2024-02-19T18:55:21.270+0000 7fd532ffd700 1 -- 172.21.15.96:0/2304096079 --> [v2:172.21.15.96:3300/0,v1:172.21.15.96:6789/0] -- mon_subscribe({config=0+,monmap=0+}) v3 -- 0x7fd524009550 con 0x7fd534106950
2024-02-19T18:55:22.048 INFO:teuthology.orchestra.run.smithi096.stdout:/usr/bin/ceph: stderr
2024-02-19T18:55:21.270+0000 7fd532ffd700 1 --2- 172.21.15.96:0/2304096079 >> [v2:172.21.15.96:3300/0,v1:172.21.15.96:6789/0] conn(0x7fd534106950 0x7fd53419c3a0 secure :-1 s=READY pgs=56 cs=0 l=1 rev1=1 crypto rx=0x7fd524011670 tx=0x7fd524011aa0 comp rx=0 tx=0).ready entity=mon.0 client_cookie=0 server_cookie=0 in_seq=0 out_seq=0
2024-02-19T18:55:22.048 INFO:teuthology.orchestra.run.smithi096.stdout:/usr/bin/ceph: stderr
2024-02-19T18:55:21.270+0000 7fd5388c3700 1 -- 172.21.15.96:0/2304096079 <== mon.0 v2:172.21.15.96:3300/0 1 ==== mon_map magic: 0 v1 ==== 229+0+0 (secure 0 0 0) 0x7fd5240039c0 con 0x7fd534106950
2024-02-19T18:55:22.049 INFO:teuthology.orchestra.run.smithi096.stdout:/usr/bin/ceph: stderr
2024-02-19T18:55:21.270+0000 7fd5388c3700 1 -- 172.21.15.96:0/2304096079 <== mon.0 v2:172.21.15.96:3300/0 2 ==== config(27 keys) v1 ==== 1101+0+0 (secure 0 0 0) 0x7fd524003b20 con 0x7fd534106950
2024-02-19T18:55:22.049 INFO:teuthology.orchestra.run.smithi096.stdout:/usr/bin/ceph: stderr
2024-02-19T18:55:21.270+0000 7fd5398c5700 1 -- 172.21.15.96:0/2304096079 --> [v2:172.21.15.96:3300/0,v1:172.21.15.96:6789/0] -- mon_subscribe({mgrmap=0+}) v3 -- 0x7fd53419cae0 con 0x7fd534106950
2024-02-19T18:55:22.049 INFO:teuthology.orchestra.run.smithi096.stdout:/usr/bin/ceph: stderr
2024-02-19T18:55:21.270+0000 7fd5388c3700 1 -- 172.21.15.96:0/2304096079 <== mon.0 v2:172.21.15.96:3300/0 3 ==== mon_map magic: 0 v1 ==== 229+0+0 (secure 0 0 0) 0x7fd5240247f0 con 0x7fd534106950
2024-02-19T18:55:22.049 INFO:teuthology.orchestra.run.smithi096.stdout:/usr/bin/ceph: stderr
2024-02-19T18:55:21.270+0000 7fd5398c5700 1 -- 172.21.15.96:0/2304096079 --> [v2:172.21.15.96:3300/0,v1:172.21.15.96:6789/0] -- mon_subscribe({osdmap=0}) v3 -- 0x7fd53419cf80 con 0x7fd534106950
2024-02-19T18:55:22.049 INFO:teuthology.orchestra.run.smithi096.stdout:/usr/bin/ceph: stderr
2024-02-19T18:55:21.271+0000 7fd5398c5700 1 -- 172.21.15.96:0/2304096079 --> [v2:172.21.15.96:3300/0,v1:172.21.15.96:6789/0] -- mon_command({"prefix": "get_command_descriptions"} v 0) v1 -- 0x7fd534196040 con 0x7fd534106950
2024-02-19T18:55:22.049 INFO:teuthology.orchestra.run.smithi096.stdout:/usr/bin/ceph: stderr
2024-02-19T18:55:21.271+0000 7fd5388c3700 1 -- 172.21.15.96:0/2304096079 <== mon.0 v2:172.21.15.96:3300/0 4 ==== mgrmap(e 8) v1 ==== 45283+0+0 (secure 0 0 0) 0x7fd52401ac70 con 0x7fd534106950
2024-02-19T18:55:22.049 INFO:teuthology.orchestra.run.smithi096.stdout:/usr/bin/ceph: stderr
2024-02-19T18:55:21.271+0000 7fd5388c3700 1 --2- 172.21.15.96:0/2304096079 >> [v2:172.21.15.96:6800/3697355606,v1:172.21.15.96:6801/3697355606] conn(0x7fd520038330 0x7fd52003a7f0 unknown :-1 s=NONE pgs=0 cs=0 l=1 rev1=0 crypto rx=0 tx=0 comp rx=0 tx=0).connect
2024-02-19T18:55:22.049 INFO:teuthology.orchestra.run.smithi096.stdout:/usr/bin/ceph: stderr
2024-02-19T18:55:21.272+0000 7fd5388c3700 1 -- 172.21.15.96:0/2304096079 <== mon.0 v2:172.21.15.96:3300/0 5 ==== osd_map(2..2 src has 1..2) v4 ==== 940+0+0 (secure 0 0 0) 0x7fd52404c270 con 0x7fd534106950
2024-02-19T18:55:22.049 INFO:teuthology.orchestra.run.smithi096.stdout:/usr/bin/ceph: stderr
2024-02-19T18:55:21.272+0000 7fd52a7fc700 1 --2- 172.21.15.96:0/2304096079 >> [v2:172.21.15.96:6800/3697355606,v1:172.21.15.96:6801/3697355606] conn(0x7fd520038330 0x7fd52003a7f0 unknown :-1 s=BANNER_CONNECTING pgs=0 cs=0 l=1 rev1=0 crypto rx=0 tx=0 comp rx=0 tx=0)._handle_peer_banner_payload supported=3 required=0
2024-02-19T18:55:22.049 INFO:teuthology.orchestra.run.smithi096.stdout:/usr/bin/ceph: stderr
2024-02-19T18:55:21.272+0000 7fd52a7fc700 1 --2- 172.21.15.96:0/2304096079 >> [v2:172.21.15.96:6800/3697355606,v1:172.21.15.96:6801/3697355606] conn(0x7fd520038330 0x7fd52003a7f0 secure :-1 s=READY pgs=16 cs=0 l=1 rev1=1 crypto rx=0x7fd51c006fd0 tx=0x7fd51c006e40 comp rx=0 tx=0).ready entity=mgr.14120 client_cookie=0 server_cookie=0 in_seq=0 out_seq=0
2024-02-19T18:55:22.049 INFO:teuthology.orchestra.run.smithi096.stdout:/usr/bin/ceph: stderr
2024-02-19T18:55:21.276+0000 7fd5388c3700 1 -- 172.21.15.96:0/2304096079 <== mon.0 v2:172.21.15.96:3300/0 6 ==== mon_command_ack([{"prefix": "get_command_descriptions"}]=0 v0) v1 ==== 72+0+180422 (secure 0 0 0) 0x7fd524024a60 con 0x7fd534106950
2024-02-19T18:55:22.049 INFO:teuthology.orchestra.run.smithi096.stdout:/usr/bin/ceph: stderr
2024-02-19T18:55:21.477+0000 7fd5398c5700 1 -- 172.21.15.96:0/2304096079 --> [v2:172.21.15.96:6800/3697355606,v1:172.21.15.96:6801/3697355606] -- mgr_command(tid 0: {"prefix": "orch apply", "service_type": "prometheus", "target": ["mon-mgr", ""]}) v1 -- 0x7fd5340611d0 con 0x7fd520038330
2024-02-19T18:55:22.049 INFO:teuthology.orchestra.run.smithi096.stdout:/usr/bin/ceph: stderr
2024-02-19T18:55:21.483+0000 7fd5388c3700 1 -- 172.21.15.96:0/2304096079 <== mgr.14120 v2:172.21.15.96:6800/3697355606 1 ==== mgr_command_reply(tid 0: 0 ) v1 ==== 8+0+31 (secure 0 0 0) 0x7fd5340611d0 con 0x7fd520038330
2024-02-19T18:55:22.049 INFO:teuthology.orchestra.run.smithi096.stdout:/usr/bin/ceph: stderr
2024-02-19T18:55:21.485+0000 7fd5398c5700 1 -- 172.21.15.96:0/2304096079 >> [v2:172.21.15.96:6800/3697355606,v1:172.21.15.96:6801/3697355606] conn(0x7fd520038330 msgr2=0x7fd52003a7f0 secure :-1 s=STATE_CONNECTION_ESTABLISHED l=1).mark_down
2024-02-19T18:55:22.050 INFO:teuthology.orchestra.run.smithi096.stdout:/usr/bin/ceph: stderr
2024-02-19T18:55:21.485+0000 7fd5398c5700 1 --2- 172.21.15.96:0/2304096079 >> [v2:172.21.15.96:6800/3697355606,v1:172.21.15.96:6801/3697355606] conn(0x7fd520038330 0x7fd52003a7f0 secure :-1 s=READY pgs=16 cs=0 l=1 rev1=1 crypto rx=0x7fd51c006fd0 tx=0x7fd51c006e40 comp rx=0 tx=0).stop
2024-02-19T18:55:22.050 INFO:teuthology.orchestra.run.smithi096.stdout:/usr/bin/ceph: stderr
2024-02-19T18:55:21.485+0000 7fd5398c5700 1 -- 172.21.15.96:0/2304096079 >> [v2:172.21.15.96:3300/0,v1:172.21.15.96:6789/0] conn(0x7fd534106950 msgr2=0x7fd53419c3a0 secure :-1 s=STATE_CONNECTION_ESTABLISHED l=1).mark_down
2024-02-19T18:55:22.050 INFO:teuthology.orchestra.run.smithi096.stdout:/usr/bin/ceph: stderr
2024-02-19T18:55:21.485+0000 7fd5398c5700 1 --2- 172.21.15.96:0/2304096079 >> [v2:172.21.15.96:3300/0,v1:172.21.15.96:6789/0] conn(0x7fd534106950 0x7fd53419c3a0 secure :-1 s=READY pgs=56 cs=0 l=1 rev1=1 crypto rx=0x7fd524011670 tx=0x7fd524011aa0 comp rx=0 tx=0).stop
2024-02-19T18:55:22.050 INFO:teuthology.orchestra.run.smithi096.stdout:/usr/bin/ceph: stderr
2024-02-19T18:55:21.485+0000 7fd5398c5700 1 -- 172.21.15.96:0/2304096079 shutdown_connections
2024-02-19T18:55:22.050 INFO:teuthology.orchestra.run.smithi096.stdout:/usr/bin/ceph: stderr
2024-02-19T18:55:21.485+0000 7fd5398c5700 1 --2- 172.21.15.96:0/2304096079 >> [v2:172.21.15.96:6800/3697355606,v1:172.21.15.96:6801/3697355606] conn(0x7fd520038330 0x7fd52003a7f0 unknown :-1 s=CLOSED pgs=16 cs=0 l=1 rev1=1 crypto rx=0 tx=0 comp rx=0 tx=0).stop
2024-02-19T18:55:22.050 INFO:teuthology.orchestra.run.smithi096.stdout:/usr/bin/ceph: stderr
2024-02-19T18:55:21.485+0000 7fd5398c5700 1 --2- 172.21.15.96:0/2304096079 >> [v2:172.21.15.96:3300/0,v1:172.21.15.96:6789/0] conn(0x7fd534106950 0x7fd53419c3a0 unknown :-1 s=CLOSED pgs=56 cs=0 l=1 rev1=1 crypto rx=0 tx=0 comp rx=0 tx=0).stop
2024-02-19T18:55:22.050 INFO:teuthology.orchestra.run.smithi096.stdout:/usr/bin/ceph: stderr
2024-02-19T18:55:21.485+0000 7fd5398c5700 1 -- 172.21.15.96:0/2304096079 >> 172.21.15.96:0/2304096079 conn(0x7fd534100040 msgr2=0x7fd534193180 unknown :-1 s=STATE_NONE l=0).mark_down
2024-02-19T18:55:22.050 INFO:teuthology.orchestra.run.smithi096.stdout:/usr/bin/ceph: stderr
2024-02-19T18:55:21.485+0000 7fd5398c5700 1 -- 172.21.15.96:0/2304096079 shutdown_connections
2024-02-19T18:55:22.050 INFO:teuthology.orchestra.run.smithi096.stdout:/usr/bin/ceph: stderr
2024-02-19T18:55:21.485+0000 7fd5398c5700 1 -- 172.21.15.96:0/2304096079 wait complete.
2024-02-19T18:55:22.050 INFO:teuthology.orchestra.run.smithi096.stdout:Deploying grafana service with default placement...
2024-02-19T18:55:22.711 INFO:journalctl@ceph.mon.smithi096.smithi096.stdout:Feb 19 18:55:22 smithi096 ceph-mon[29216]: from='client.14150 -' entity='client.admin' cmd=[{"prefix": "orch apply", "service_type": "prometheus", "target": ["mon-mgr", ""]}]: dispatch
2024-02-19T18:55:22.711 INFO:journalctl@ceph.mon.smithi096.smithi096.stdout:Feb 19 18:55:22 smithi096 ceph-mon[29216]: Saving service prometheus spec with placement count:1
2024-02-19T18:55:22.711 INFO:journalctl@ceph.mon.smithi096.smithi096.stdout:Feb 19 18:55:22 smithi096 ceph-mon[29216]: from='mgr.14120 172.21.15.96:0/1668566517' entity='mgr.smithi096.zsjdff'
2024-02-19T18:55:23.294 INFO:teuthology.orchestra.run.smithi096.stdout:/usr/bin/ceph: stdout Scheduled grafana update...
2024-02-19T18:55:23.295 INFO:teuthology.orchestra.run.smithi096.stdout:/usr/bin/ceph: stderr
2024-02-19T18:55:22.482+0000 7fdf0700d700 1 Processor -- start
2024-02-19T18:55:23.295 INFO:teuthology.orchestra.run.smithi096.stdout:/usr/bin/ceph: stderr
2024-02-19T18:55:22.482+0000 7fdf0700d700 1 -- start start
2024-02-19T18:55:23.295 INFO:teuthology.orchestra.run.smithi096.stdout:/usr/bin/ceph: stderr
2024-02-19T18:55:22.482+0000 7fdf0700d700 1 --2- >> [v2:172.21.15.96:3300/0,v1:172.21.15.96:6789/0] conn(0x7fdf00106910 0x7fdf00106d30 unknown :-1 s=NONE pgs=0 cs=0 l=0 rev1=0 crypto rx=0 tx=0 comp rx=0 tx=0).connect
2024-02-19T18:55:23.295 INFO:teuthology.orchestra.run.smithi096.stdout:/usr/bin/ceph: stderr
2024-02-19T18:55:22.482+0000 7fdf0700d700 1 -- --> [v2:172.21.15.96:3300/0,v1:172.21.15.96:6789/0] -- mon_getmap magic: 0 v1 -- 0x7fdf00107300 con 0x7fdf00106910
2024-02-19T18:55:23.295 INFO:teuthology.orchestra.run.smithi096.stdout:/usr/bin/ceph: stderr
2024-02-19T18:55:22.482+0000 7fdf04da9700 1 --2- >> [v2:172.21.15.96:3300/0,v1:172.21.15.96:6789/0] conn(0x7fdf00106910 0x7fdf00106d30 unknown :-1 s=BANNER_CONNECTING pgs=0 cs=0 l=0 rev1=0 crypto rx=0 tx=0 comp rx=0 tx=0)._handle_peer_banner_payload supported=3 required=0
2024-02-19T18:55:23.295 INFO:teuthology.orchestra.run.smithi096.stdout:/usr/bin/ceph: stderr
2024-02-19T18:55:22.482+0000 7fdf04da9700 1 --2- >> [v2:172.21.15.96:3300/0,v1:172.21.15.96:6789/0] conn(0x7fdf00106910 0x7fdf00106d30 unknown :-1 s=HELLO_CONNECTING pgs=0 cs=0 l=0 rev1=1 crypto rx=0 tx=0 comp rx=0 tx=0).handle_hello peer v2:172.21.15.96:3300/0 says I am v2:172.21.15.96:48432/0 (socket says 172.21.15.96:48432)
2024-02-19T18:55:23.295 INFO:teuthology.orchestra.run.smithi096.stdout:/usr/bin/ceph: stderr
2024-02-19T18:55:22.483+0000 7fdf04da9700 1 -- 172.21.15.96:0/810449524 learned_addr learned my addr 172.21.15.96:0/810449524 (peer_addr_for_me v2:172.21.15.96:0/0)
2024-02-19T18:55:23.295 INFO:teuthology.orchestra.run.smithi096.stdout:/usr/bin/ceph: stderr
2024-02-19T18:55:22.483+0000 7fdf04da9700 1 -- 172.21.15.96:0/810449524 --> [v2:172.21.15.96:3300/0,v1:172.21.15.96:6789/0] -- mon_subscribe({config=0+,monmap=0+}) v3 -- 0x7fdf00105570 con 0x7fdf00106910
2024-02-19T18:55:23.295 INFO:teuthology.orchestra.run.smithi096.stdout:/usr/bin/ceph: stderr
2024-02-19T18:55:22.483+0000 7fdf04da9700 1 --2- 172.21.15.96:0/810449524 >> [v2:172.21.15.96:3300/0,v1:172.21.15.96:6789/0] conn(0x7fdf00106910 0x7fdf00106d30 secure :-1 s=READY pgs=57 cs=0 l=1 rev1=1 crypto rx=0x7fdef400bb40 tx=0x7fdef400be50 comp rx=0 tx=0).ready entity=mon.0 client_cookie=4336caeb77ae761e server_cookie=0 in_seq=0 out_seq=0
2024-02-19T18:55:23.295 INFO:teuthology.orchestra.run.smithi096.stdout:/usr/bin/ceph: stderr
2024-02-19T18:55:22.484+0000 7fdeff7fe700 1 -- 172.21.15.96:0/810449524 <== mon.0 v2:172.21.15.96:3300/0 1 ==== mon_map magic: 0 v1 ==== 229+0+0 (secure 0 0 0) 0x7fdef400dc00 con 0x7fdf00106910
2024-02-19T18:55:23.295 INFO:teuthology.orchestra.run.smithi096.stdout:/usr/bin/ceph: stderr
2024-02-19T18:55:22.484+0000 7fdeff7fe700 1 -- 172.21.15.96:0/810449524 <== mon.0 v2:172.21.15.96:3300/0 2 ==== config(27 keys) v1 ==== 1101+0+0 (secure 0 0 0) 0x7fdef40044e0 con 0x7fdf00106910
2024-02-19T18:55:23.295 INFO:teuthology.orchestra.run.smithi096.stdout:/usr/bin/ceph: stderr
2024-02-19T18:55:22.484+0000 7fdeff7fe700 1 -- 172.21.15.96:0/810449524 <== mon.0 v2:172.21.15.96:3300/0 3 ==== mon_map magic: 0 v1 ==== 229+0+0 (secure 0 0 0) 0x7fdef4010470 con 0x7fdf00106910
2024-02-19T18:55:23.296 INFO:teuthology.orchestra.run.smithi096.stdout:/usr/bin/ceph: stderr
2024-02-19T18:55:22.485+0000 7fdf0700d700 1 -- 172.21.15.96:0/810449524 >> [v2:172.21.15.96:3300/0,v1:172.21.15.96:6789/0] conn(0x7fdf00106910 msgr2=0x7fdf00106d30 secure :-1 s=STATE_CONNECTION_ESTABLISHED l=1).mark_down
2024-02-19T18:55:23.296 INFO:teuthology.orchestra.run.smithi096.stdout:/usr/bin/ceph: stderr
2024-02-19T18:55:22.485+0000 7fdf0700d700 1 --2- 172.21.15.96:0/810449524 >> [v2:172.21.15.96:3300/0,v1:172.21.15.96:6789/0] conn(0x7fdf00106910 0x7fdf00106d30 secure :-1 s=READY pgs=57 cs=0 l=1 rev1=1 crypto rx=0x7fdef400bb40 tx=0x7fdef400be50 comp rx=0 tx=0).stop
2024-02-19T18:55:23.296 INFO:teuthology.orchestra.run.smithi096.stdout:/usr/bin/ceph: stderr
2024-02-19T18:55:22.485+0000 7fdf0700d700 1 -- 172.21.15.96:0/810449524 shutdown_connections
2024-02-19T18:55:23.296 INFO:teuthology.orchestra.run.smithi096.stdout:/usr/bin/ceph: stderr
2024-02-19T18:55:22.485+0000 7fdf0700d700 1 --2- 172.21.15.96:0/810449524 >> [v2:172.21.15.96:3300/0,v1:172.21.15.96:6789/0] conn(0x7fdf00106910 0x7fdf00106d30 unknown :-1 s=CLOSED pgs=57 cs=0 l=1 rev1=1 crypto rx=0 tx=0 comp rx=0 tx=0).stop
2024-02-19T18:55:23.296 INFO:teuthology.orchestra.run.smithi096.stdout:/usr/bin/ceph: stderr
2024-02-19T18:55:22.485+0000 7fdf0700d700 1 -- 172.21.15.96:0/810449524 >> 172.21.15.96:0/810449524 conn(0x7fdf00100040 msgr2=0x7fdf001024a0 unknown :-1 s=STATE_NONE l=0).mark_down
2024-02-19T18:55:23.296 INFO:teuthology.orchestra.run.smithi096.stdout:/usr/bin/ceph: stderr
2024-02-19T18:55:22.485+0000 7fdf0700d700 1 -- 172.21.15.96:0/810449524 shutdown_connections
2024-02-19T18:55:23.296 INFO:teuthology.orchestra.run.smithi096.stdout:/usr/bin/ceph: stderr
2024-02-19T18:55:22.485+0000 7fdf0700d700 1 -- 172.21.15.96:0/810449524 wait complete.
2024-02-19T18:55:23.296 INFO:teuthology.orchestra.run.smithi096.stdout:/usr/bin/ceph: stderr
2024-02-19T18:55:22.485+0000 7fdf0700d700 1 Processor -- start
2024-02-19T18:55:23.296 INFO:teuthology.orchestra.run.smithi096.stdout:/usr/bin/ceph: stderr
2024-02-19T18:55:22.486+0000 7fdf0700d700 1 -- start start
2024-02-19T18:55:23.296 INFO:teuthology.orchestra.run.smithi096.stdout:/usr/bin/ceph: stderr
2024-02-19T18:55:22.486+0000 7fdf0700d700 1 --2- >> [v2:172.21.15.96:3300/0,v1:172.21.15.96:6789/0] conn(0x7fdf00106910 0x7fdf0019c360 unknown :-1 s=NONE pgs=0 cs=0 l=1 rev1=0 crypto rx=0 tx=0 comp rx=0 tx=0).connect
2024-02-19T18:55:23.296 INFO:teuthology.orchestra.run.smithi096.stdout:/usr/bin/ceph: stderr
2024-02-19T18:55:22.486+0000 7fdf0700d700 1 -- --> [v2:172.21.15.96:3300/0,v1:172.21.15.96:6789/0] -- mon_getmap magic: 0 v1 -- 0x7fdf0019c8a0 con 0x7fdf00106910
2024-02-19T18:55:23.296 INFO:teuthology.orchestra.run.smithi096.stdout:/usr/bin/ceph: stderr
2024-02-19T18:55:22.486+0000 7fdf04da9700 1 --2- >> [v2:172.21.15.96:3300/0,v1:172.21.15.96:6789/0] conn(0x7fdf00106910 0x7fdf0019c360 unknown :-1 s=BANNER_CONNECTING pgs=0 cs=0 l=1 rev1=0 crypto rx=0 tx=0 comp rx=0 tx=0)._handle_peer_banner_payload supported=3 required=0
2024-02-19T18:55:23.296 INFO:teuthology.orchestra.run.smithi096.stdout:/usr/bin/ceph: stderr
2024-02-19T18:55:22.486+0000 7fdf04da9700 1 --2- >> [v2:172.21.15.96:3300/0,v1:172.21.15.96:6789/0] conn(0x7fdf00106910 0x7fdf0019c360 unknown :-1 s=HELLO_CONNECTING pgs=0 cs=0 l=1 rev1=1 crypto rx=0 tx=0 comp rx=0 tx=0).handle_hello peer v2:172.21.15.96:3300/0 says I am v2:172.21.15.96:48448/0 (socket says 172.21.15.96:48448)
2024-02-19T18:55:23.296 INFO:teuthology.orchestra.run.smithi096.stdout:/usr/bin/ceph: stderr
2024-02-19T18:55:22.486+0000 7fdf04da9700 1 -- 172.21.15.96:0/2038447310 learned_addr learned my addr 172.21.15.96:0/2038447310 (peer_addr_for_me v2:172.21.15.96:0/0)
2024-02-19T18:55:23.297 INFO:teuthology.orchestra.run.smithi096.stdout:/usr/bin/ceph: stderr
2024-02-19T18:55:22.486+0000 7fdf04da9700 1 -- 172.21.15.96:0/2038447310 --> [v2:172.21.15.96:3300/0,v1:172.21.15.96:6789/0] -- mon_subscribe({config=0+,monmap=0+}) v3 -- 0x7fdef400b7f0 con 0x7fdf00106910
2024-02-19T18:55:23.297 INFO:teuthology.orchestra.run.smithi096.stdout:/usr/bin/ceph: stderr
2024-02-19T18:55:22.486+0000 7fdf04da9700 1 --2- 172.21.15.96:0/2038447310 >> [v2:172.21.15.96:3300/0,v1:172.21.15.96:6789/0] conn(0x7fdf00106910 0x7fdf0019c360 secure :-1 s=READY pgs=58 cs=0 l=1 rev1=1 crypto rx=0x7fdef400b340 tx=0x7fdef4004070 comp rx=0 tx=0).ready entity=mon.0 client_cookie=0 server_cookie=0 in_seq=0 out_seq=0
2024-02-19T18:55:23.297 INFO:teuthology.orchestra.run.smithi096.stdout:/usr/bin/ceph: stderr
2024-02-19T18:55:22.486+0000 7fdefdffb700 1 -- 172.21.15.96:0/2038447310 <== mon.0 v2:172.21.15.96:3300/0 1 ==== mon_map magic: 0 v1 ==== 229+0+0 (secure 0 0 0) 0x7fdef400de20 con 0x7fdf00106910
2024-02-19T18:55:23.297 INFO:teuthology.orchestra.run.smithi096.stdout:/usr/bin/ceph: stderr
2024-02-19T18:55:22.486+0000 7fdefdffb700 1 -- 172.21.15.96:0/2038447310 <== mon.0 v2:172.21.15.96:3300/0 2 ==== config(27 keys) v1 ==== 1101+0+0 (secure 0 0 0) 0x7fdef4010be0 con 0x7fdf00106910
2024-02-19T18:55:23.297 INFO:teuthology.orchestra.run.smithi096.stdout:/usr/bin/ceph: stderr
2024-02-19T18:55:22.486+0000 7fdf0700d700 1 -- 172.21.15.96:0/2038447310 --> [v2:172.21.15.96:3300/0,v1:172.21.15.96:6789/0] -- mon_subscribe({mgrmap=0+}) v3 -- 0x7fdf0019caa0 con 0x7fdf00106910
2024-02-19T18:55:23.297 INFO:teuthology.orchestra.run.smithi096.stdout:/usr/bin/ceph: stderr
2024-02-19T18:55:22.486+0000 7fdefdffb700 1 -- 172.21.15.96:0/2038447310 <== mon.0 v2:172.21.15.96:3300/0 3 ==== mon_map magic: 0 v1 ==== 229+0+0 (secure 0 0 0) 0x7fdef4021b90 con 0x7fdf00106910
2024-02-19T18:55:23.297 INFO:teuthology.orchestra.run.smithi096.stdout:/usr/bin/ceph: stderr
2024-02-19T18:55:22.487+0000 7fdf0700d700 1 -- 172.21.15.96:0/2038447310 --> [v2:172.21.15.96:3300/0,v1:172.21.15.96:6789/0] -- mon_subscribe({osdmap=0}) v3 -- 0x7fdf0019cee0 con 0x7fdf00106910
2024-02-19T18:55:23.297 INFO:teuthology.orchestra.run.smithi096.stdout:/usr/bin/ceph: stderr
2024-02-19T18:55:22.487+0000 7fdefdffb700 1 -- 172.21.15.96:0/2038447310 <== mon.0 v2:172.21.15.96:3300/0 4 ==== mgrmap(e 8) v1 ==== 45283+0+0 (secure 0 0 0) 0x7fdef40193f0 con 0x7fdf00106910
2024-02-19T18:55:23.297 INFO:teuthology.orchestra.run.smithi096.stdout:/usr/bin/ceph: stderr
2024-02-19T18:55:22.487+0000 7fdefdffb700 1 --2- 172.21.15.96:0/2038447310 >> [v2:172.21.15.96:6800/3697355606,v1:172.21.15.96:6801/3697355606] conn(0x7fdef0038320 0x7fdef003a7e0 unknown :-1 s=NONE pgs=0 cs=0 l=1 rev1=0 crypto rx=0 tx=0 comp rx=0 tx=0).connect
2024-02-19T18:55:23.297 INFO:teuthology.orchestra.run.smithi096.stdout:/usr/bin/ceph: stderr
2024-02-19T18:55:22.487+0000 7fdefdffb700 1 -- 172.21.15.96:0/2038447310 <== mon.0 v2:172.21.15.96:3300/0 5 ==== osd_map(2..2 src has 1..2) v4 ==== 940+0+0 (secure 0 0 0) 0x7fdef404d440 con 0x7fdf00106910
2024-02-19T18:55:23.297 INFO:teuthology.orchestra.run.smithi096.stdout:/usr/bin/ceph: stderr
2024-02-19T18:55:22.488+0000 7fdefffff700 1 --2- 172.21.15.96:0/2038447310 >> [v2:172.21.15.96:6800/3697355606,v1:172.21.15.96:6801/3697355606] conn(0x7fdef0038320 0x7fdef003a7e0 unknown :-1 s=BANNER_CONNECTING pgs=0 cs=0 l=1 rev1=0 crypto rx=0 tx=0 comp rx=0 tx=0)._handle_peer_banner_payload supported=3 required=0
2024-02-19T18:55:23.297 INFO:teuthology.orchestra.run.smithi096.stdout:/usr/bin/ceph: stderr
2024-02-19T18:55:22.488+0000 7fdf0700d700 1 -- 172.21.15.96:0/2038447310 --> [v2:172.21.15.96:3300/0,v1:172.21.15.96:6789/0] -- mon_command({"prefix": "get_command_descriptions"} v 0) v1 -- 0x7fdf00191c10 con 0x7fdf00106910
2024-02-19T18:55:23.297 INFO:teuthology.orchestra.run.smithi096.stdout:/usr/bin/ceph: stderr
2024-02-19T18:55:22.488+0000 7fdefffff700 1 --2- 172.21.15.96:0/2038447310 >> [v2:172.21.15.96:6800/3697355606,v1:172.21.15.96:6801/3697355606] conn(0x7fdef0038320 0x7fdef003a7e0 secure :-1 s=READY pgs=17 cs=0 l=1 rev1=1 crypto rx=0x7fdeec006fd0 tx=0x7fdeec006e40 comp rx=0 tx=0).ready entity=mgr.14120 client_cookie=0 server_cookie=0 in_seq=0 out_seq=0
2024-02-19T18:55:23.297 INFO:teuthology.orchestra.run.smithi096.stdout:/usr/bin/ceph: stderr
2024-02-19T18:55:22.492+0000 7fdefdffb700 1 -- 172.21.15.96:0/2038447310 <== mon.0 v2:172.21.15.96:3300/0 6 ==== mon_command_ack([{"prefix": "get_command_descriptions"}]=0 v0) v1 ==== 72+0+180422 (secure 0 0 0) 0x7fdef400e360 con 0x7fdf00106910
2024-02-19T18:55:23.297 INFO:teuthology.orchestra.run.smithi096.stdout:/usr/bin/ceph: stderr
2024-02-19T18:55:22.694+0000 7fdf0700d700 1 -- 172.21.15.96:0/2038447310 --> [v2:172.21.15.96:6800/3697355606,v1:172.21.15.96:6801/3697355606] -- mgr_command(tid 0: {"prefix": "orch apply", "service_type": "grafana", "target": ["mon-mgr", ""]}) v1 -- 0x7fdf000611d0 con 0x7fdef0038320
2024-02-19T18:55:23.297 INFO:teuthology.orchestra.run.smithi096.stdout:/usr/bin/ceph: stderr
2024-02-19T18:55:22.699+0000 7fdefdffb700 1 -- 172.21.15.96:0/2038447310 <== mgr.14120 v2:172.21.15.96:6800/3697355606 1 ==== mgr_command_reply(tid 0: 0 ) v1 ==== 8+0+28 (secure 0 0 0) 0x7fdf000611d0 con 0x7fdef0038320
2024-02-19T18:55:23.298 INFO:teuthology.orchestra.run.smithi096.stdout:/usr/bin/ceph: stderr
2024-02-19T18:55:22.701+0000 7fdf0700d700 1 -- 172.21.15.96:0/2038447310 >> [v2:172.21.15.96:6800/3697355606,v1:172.21.15.96:6801/3697355606] conn(0x7fdef0038320 msgr2=0x7fdef003a7e0 secure :-1 s=STATE_CONNECTION_ESTABLISHED l=1).mark_down
2024-02-19T18:55:23.298 INFO:teuthology.orchestra.run.smithi096.stdout:/usr/bin/ceph: stderr
2024-02-19T18:55:22.701+0000 7fdf0700d700 1 --2- 172.21.15.96:0/2038447310 >> [v2:172.21.15.96:6800/3697355606,v1:172.21.15.96:6801/3697355606] conn(0x7fdef0038320 0x7fdef003a7e0 secure :-1 s=READY pgs=17 cs=0 l=1 rev1=1 crypto rx=0x7fdeec006fd0 tx=0x7fdeec006e40 comp rx=0 tx=0).stop
2024-02-19T18:55:23.298 INFO:teuthology.orchestra.run.smithi096.stdout:/usr/bin/ceph: stderr
2024-02-19T18:55:22.701+0000 7fdf0700d700 1 -- 172.21.15.96:0/2038447310 >> [v2:172.21.15.96:3300/0,v1:172.21.15.96:6789/0] conn(0x7fdf00106910 msgr2=0x7fdf0019c360 secure :-1 s=STATE_CONNECTION_ESTABLISHED l=1).mark_down
2024-02-19T18:55:23.298 INFO:teuthology.orchestra.run.smithi096.stdout:/usr/bin/ceph: stderr
2024-02-19T18:55:22.701+0000 7fdf0700d700 1 --2- 172.21.15.96:0/2038447310 >> [v2:172.21.15.96:3300/0,v1:172.21.15.96:6789/0] conn(0x7fdf00106910 0x7fdf0019c360 secure :-1 s=READY pgs=58 cs=0 l=1 rev1=1 crypto rx=0x7fdef400b340 tx=0x7fdef4004070 comp rx=0 tx=0).stop
2024-02-19T18:55:23.298 INFO:teuthology.orchestra.run.smithi096.stdout:/usr/bin/ceph: stderr
2024-02-19T18:55:22.702+0000 7fdf0700d700 1 -- 172.21.15.96:0/2038447310 shutdown_connections
2024-02-19T18:55:23.298 INFO:teuthology.orchestra.run.smithi096.stdout:/usr/bin/ceph: stderr
2024-02-19T18:55:22.702+0000 7fdf0700d700 1 --2- 172.21.15.96:0/2038447310 >> [v2:172.21.15.96:6800/3697355606,v1:172.21.15.96:6801/3697355606] conn(0x7fdef0038320 0x7fdef003a7e0 unknown :-1 s=CLOSED pgs=17 cs=0 l=1 rev1=1 crypto rx=0 tx=0 comp rx=0 tx=0).stop
2024-02-19T18:55:23.298 INFO:teuthology.orchestra.run.smithi096.stdout:/usr/bin/ceph: stderr
2024-02-19T18:55:22.702+0000 7fdf0700d700 1 --2- 172.21.15.96:0/2038447310 >> [v2:172.21.15.96:3300/0,v1:172.21.15.96:6789/0] conn(0x7fdf00106910 0x7fdf0019c360 unknown :-1 s=CLOSED pgs=58 cs=0 l=1 rev1=1 crypto rx=0 tx=0 comp rx=0 tx=0).stop
2024-02-19T18:55:23.298 INFO:teuthology.orchestra.run.smithi096.stdout:/usr/bin/ceph: stderr
2024-02-19T18:55:22.702+0000 7fdf0700d700 1 -- 172.21.15.96:0/2038447310 >> 172.21.15.96:0/2038447310 conn(0x7fdf00100040 msgr2=0x7fdf0018ed50 unknown :-1 s=STATE_NONE l=0).mark_down
2024-02-19T18:55:23.298 INFO:teuthology.orchestra.run.smithi096.stdout:/usr/bin/ceph: stderr
2024-02-19T18:55:22.702+0000 7fdf0700d700 1 -- 172.21.15.96:0/2038447310 shutdown_connections
2024-02-19T18:55:23.298 INFO:teuthology.orchestra.run.smithi096.stdout:/usr/bin/ceph: stderr
2024-02-19T18:55:22.702+0000 7fdf0700d700 1 -- 172.21.15.96:0/2038447310 wait complete.
2024-02-19T18:55:23.298 INFO:teuthology.orchestra.run.smithi096.stdout:Deploying node-exporter service with default placement...
2024-02-19T18:55:23.933 INFO:journalctl@ceph.mon.smithi096.smithi096.stdout:Feb 19 18:55:23 smithi096 ceph-mon[29216]: from='client.14152 -' entity='client.admin' cmd=[{"prefix": "orch apply", "service_type": "grafana", "target": ["mon-mgr", ""]}]: dispatch
2024-02-19T18:55:23.934 INFO:journalctl@ceph.mon.smithi096.smithi096.stdout:Feb 19 18:55:23 smithi096 ceph-mon[29216]: Saving service grafana spec with placement count:1
2024-02-19T18:55:23.934 INFO:journalctl@ceph.mon.smithi096.smithi096.stdout:Feb 19 18:55:23 smithi096 ceph-mon[29216]: from='mgr.14120 172.21.15.96:0/1668566517' entity='mgr.smithi096.zsjdff'
2024-02-19T18:55:23.934 INFO:journalctl@ceph.mon.smithi096.smithi096.stdout:Feb 19 18:55:23 smithi096 ceph-mon[29216]: pgmap v3: 0 pgs: ; 0 B data, 0 B used, 0 B / 0 B avail
2024-02-19T18:55:24.503 INFO:teuthology.orchestra.run.smithi096.stdout:/usr/bin/ceph: stdout Scheduled node-exporter update...
2024-02-19T18:55:24.503 INFO:teuthology.orchestra.run.smithi096.stdout:/usr/bin/ceph: stderr
2024-02-19T18:55:23.707+0000 7fbabfc0b700 1 Processor -- start
2024-02-19T18:55:24.503 INFO:teuthology.orchestra.run.smithi096.stdout:/usr/bin/ceph: stderr
2024-02-19T18:55:23.707+0000 7fbabfc0b700 1 -- start start
2024-02-19T18:55:24.503 INFO:teuthology.orchestra.run.smithi096.stdout:/usr/bin/ceph: stderr
2024-02-19T18:55:23.708+0000 7fbabfc0b700 1 --2- >> [v2:172.21.15.96:3300/0,v1:172.21.15.96:6789/0] conn(0x7fbab8105840 0x7fbab8105c60 unknown :-1 s=NONE pgs=0 cs=0 l=0 rev1=0 crypto rx=0 tx=0 comp rx=0 tx=0).connect
2024-02-19T18:55:24.503 INFO:teuthology.orchestra.run.smithi096.stdout:/usr/bin/ceph: stderr
2024-02-19T18:55:23.708+0000 7fbabfc0b700 1 -- --> [v2:172.21.15.96:3300/0,v1:172.21.15.96:6789/0] -- mon_getmap magic: 0 v1 -- 0x7fbab8106230 con 0x7fbab8105840
2024-02-19T18:55:24.503 INFO:teuthology.orchestra.run.smithi096.stdout:/usr/bin/ceph: stderr
2024-02-19T18:55:23.708+0000 7fbabd9a7700 1 --2- >> [v2:172.21.15.96:3300/0,v1:172.21.15.96:6789/0] conn(0x7fbab8105840 0x7fbab8105c60 unknown :-1 s=BANNER_CONNECTING pgs=0 cs=0 l=0 rev1=0 crypto rx=0 tx=0 comp rx=0 tx=0)._handle_peer_banner_payload supported=3 required=0
2024-02-19T18:55:24.503 INFO:teuthology.orchestra.run.smithi096.stdout:/usr/bin/ceph: stderr
2024-02-19T18:55:23.708+0000 7fbabd9a7700 1 --2- >> [v2:172.21.15.96:3300/0,v1:172.21.15.96:6789/0] conn(0x7fbab8105840 0x7fbab8105c60 unknown :-1 s=HELLO_CONNECTING pgs=0 cs=0 l=0 rev1=1 crypto rx=0 tx=0 comp rx=0 tx=0).handle_hello peer v2:172.21.15.96:3300/0 says I am v2:172.21.15.96:58694/0 (socket says 172.21.15.96:58694)
2024-02-19T18:55:24.504 INFO:teuthology.orchestra.run.smithi096.stdout:/usr/bin/ceph: stderr
2024-02-19T18:55:23.708+0000 7fbabd9a7700 1 -- 172.21.15.96:0/1426136036 learned_addr learned my addr 172.21.15.96:0/1426136036 (peer_addr_for_me v2:172.21.15.96:0/0)
2024-02-19T18:55:24.504 INFO:teuthology.orchestra.run.smithi096.stdout:/usr/bin/ceph: stderr
2024-02-19T18:55:23.708+0000 7fbabd9a7700 1 -- 172.21.15.96:0/1426136036 --> [v2:172.21.15.96:3300/0,v1:172.21.15.96:6789/0] -- mon_subscribe({config=0+,monmap=0+}) v3 -- 0x7fbab8106560 con 0x7fbab8105840
2024-02-19T18:55:24.504 INFO:teuthology.orchestra.run.smithi096.stdout:/usr/bin/ceph: stderr
2024-02-19T18:55:23.708+0000 7fbabd9a7700 1 --2- 172.21.15.96:0/1426136036 >> [v2:172.21.15.96:3300/0,v1:172.21.15.96:6789/0] conn(0x7fbab8105840 0x7fbab8105c60 secure :-1 s=READY pgs=59 cs=0 l=1 rev1=1 crypto rx=0x7fbab40098a0 tx=0x7fbab4009bb0 comp rx=0 tx=0).ready entity=mon.0 client_cookie=3c0c18cd8c3114cb server_cookie=0 in_seq=0 out_seq=0
2024-02-19T18:55:24.504 INFO:teuthology.orchestra.run.smithi096.stdout:/usr/bin/ceph: stderr
2024-02-19T18:55:23.708+0000 7fbabc9a5700 1 -- 172.21.15.96:0/1426136036 <== mon.0 v2:172.21.15.96:3300/0 1 ==== mon_map magic: 0 v1 ==== 229+0+0 (secure 0 0 0) 0x7fbab4004180 con 0x7fbab8105840
2024-02-19T18:55:24.504 INFO:teuthology.orchestra.run.smithi096.stdout:/usr/bin/ceph: stderr
2024-02-19T18:55:23.708+0000 7fbabc9a5700 1 -- 172.21.15.96:0/1426136036 <== mon.0 v2:172.21.15.96:3300/0 2 ==== config(27 keys) v1 ==== 1101+0+0 (secure 0 0 0) 0x7fbab40042e0 con 0x7fbab8105840
2024-02-19T18:55:24.504 INFO:teuthology.orchestra.run.smithi096.stdout:/usr/bin/ceph: stderr
2024-02-19T18:55:23.708+0000 7fbabc9a5700 1 -- 172.21.15.96:0/1426136036 <== mon.0 v2:172.21.15.96:3300/0 3 ==== mon_map magic: 0 v1 ==== 229+0+0 (secure 0 0 0) 0x7fbab4011af0 con 0x7fbab8105840
2024-02-19T18:55:24.504 INFO:teuthology.orchestra.run.smithi096.stdout:/usr/bin/ceph: stderr
2024-02-19T18:55:23.709+0000 7fbabfc0b700 1 -- 172.21.15.96:0/1426136036 >> [v2:172.21.15.96:3300/0,v1:172.21.15.96:6789/0] conn(0x7fbab8105840 msgr2=0x7fbab8105c60 secure :-1 s=STATE_CONNECTION_ESTABLISHED l=1).mark_down
2024-02-19T18:55:24.504 INFO:teuthology.orchestra.run.smithi096.stdout:/usr/bin/ceph: stderr
2024-02-19T18:55:23.709+0000 7fbabfc0b700 1 --2- 172.21.15.96:0/1426136036 >> [v2:172.21.15.96:3300/0,v1:172.21.15.96:6789/0] conn(0x7fbab8105840 0x7fbab8105c60 secure :-1 s=READY pgs=59 cs=0 l=1 rev1=1 crypto rx=0x7fbab40098a0 tx=0x7fbab4009bb0 comp rx=0 tx=0).stop
2024-02-19T18:55:24.504 INFO:teuthology.orchestra.run.smithi096.stdout:/usr/bin/ceph: stderr
2024-02-19T18:55:23.709+0000 7fbabfc0b700 1 -- 172.21.15.96:0/1426136036 shutdown_connections
2024-02-19T18:55:24.504 INFO:teuthology.orchestra.run.smithi096.stdout:/usr/bin/ceph: stderr
2024-02-19T18:55:23.709+0000 7fbabfc0b700 1 --2- 172.21.15.96:0/1426136036 >> [v2:172.21.15.96:3300/0,v1:172.21.15.96:6789/0] conn(0x7fbab8105840 0x7fbab8105c60 unknown :-1 s=CLOSED pgs=59 cs=0 l=1 rev1=1 crypto rx=0 tx=0 comp rx=0 tx=0).stop
2024-02-19T18:55:24.504 INFO:teuthology.orchestra.run.smithi096.stdout:/usr/bin/ceph: stderr
2024-02-19T18:55:23.709+0000 7fbabfc0b700 1 -- 172.21.15.96:0/1426136036 >> 172.21.15.96:0/1426136036 conn(0x7fbab8100040 msgr2=0x7fbab81024a0 unknown :-1 s=STATE_NONE l=0).mark_down
2024-02-19T18:55:24.504 INFO:teuthology.orchestra.run.smithi096.stdout:/usr/bin/ceph: stderr
2024-02-19T18:55:23.709+0000 7fbabfc0b700 1 -- 172.21.15.96:0/1426136036 shutdown_connections
2024-02-19T18:55:24.504 INFO:teuthology.orchestra.run.smithi096.stdout:/usr/bin/ceph: stderr
2024-02-19T18:55:23.709+0000 7fbabfc0b700 1 -- 172.21.15.96:0/1426136036 wait complete.
2024-02-19T18:55:24.504 INFO:teuthology.orchestra.run.smithi096.stdout:/usr/bin/ceph: stderr
2024-02-19T18:55:23.709+0000 7fbabfc0b700 1 Processor -- start
2024-02-19T18:55:24.505 INFO:teuthology.orchestra.run.smithi096.stdout:/usr/bin/ceph: stderr
2024-02-19T18:55:23.709+0000 7fbabfc0b700 1 -- start start
2024-02-19T18:55:24.505 INFO:teuthology.orchestra.run.smithi096.stdout:/usr/bin/ceph: stderr
2024-02-19T18:55:23.710+0000 7fbabfc0b700 1 --2- >> [v2:172.21.15.96:3300/0,v1:172.21.15.96:6789/0] conn(0x7fbab8105840 0x7fbab8199040 unknown :-1 s=NONE pgs=0 cs=0 l=1 rev1=0 crypto rx=0 tx=0 comp rx=0 tx=0).connect
2024-02-19T18:55:24.505 INFO:teuthology.orchestra.run.smithi096.stdout:/usr/bin/ceph: stderr
2024-02-19T18:55:23.710+0000 7fbabfc0b700 1 -- --> [v2:172.21.15.96:3300/0,v1:172.21.15.96:6789/0] -- mon_getmap magic: 0 v1 -- 0x7fbab8199580 con 0x7fbab8105840
