2024-02-19T18:50:57.403+0000 7f7156ffd700 1 -- 172.21.15.103:0/641047014 <== mon.0 v2:172.21.15.103:3300/0 1 ==== mon_map magic: 0 v1 ==== 229+0+0 (secure 0 0 0) 0x7f715c0039c0 con 0x7f7160104730
2024-02-19T18:50:59.055 INFO:teuthology.orchestra.run.smithi103.stdout:/usr/bin/ceph: stderr
2024-02-19T18:50:57.403+0000 7f7167f50700 1 -- 172.21.15.103:0/641047014 --> [v2:172.21.15.103:3300/0,v1:172.21.15.103:6789/0] -- mon_subscribe({mgrmap=0+}) v3 -- 0x7f7160105670 con 0x7f7160104730
2024-02-19T18:50:59.055 INFO:teuthology.orchestra.run.smithi103.stdout:/usr/bin/ceph: stderr
2024-02-19T18:50:57.403+0000 7f7156ffd700 1 -- 172.21.15.103:0/641047014 <== mon.0 v2:172.21.15.103:3300/0 2 ==== config(27 keys) v1 ==== 1101+0+0 (secure 0 0 0) 0x7f715c003b20 con 0x7f7160104730
2024-02-19T18:50:59.055 INFO:teuthology.orchestra.run.smithi103.stdout:/usr/bin/ceph: stderr
2024-02-19T18:50:57.403+0000 7f7156ffd700 1 -- 172.21.15.103:0/641047014 <== mon.0 v2:172.21.15.103:3300/0 3 ==== mon_map magic: 0 v1 ==== 229+0+0 (secure 0 0 0) 0x7f715c0247f0 con 0x7f7160104730
2024-02-19T18:50:59.055 INFO:teuthology.orchestra.run.smithi103.stdout:/usr/bin/ceph: stderr
2024-02-19T18:50:57.403+0000 7f7167f50700 1 -- 172.21.15.103:0/641047014 --> [v2:172.21.15.103:3300/0,v1:172.21.15.103:6789/0] -- mon_subscribe({osdmap=0}) v3 -- 0x7f7160105b10 con 0x7f7160104730
2024-02-19T18:50:59.055 INFO:teuthology.orchestra.run.smithi103.stdout:/usr/bin/ceph: stderr
2024-02-19T18:50:57.404+0000 7f7156ffd700 1 -- 172.21.15.103:0/641047014 <== mon.0 v2:172.21.15.103:3300/0 4 ==== mgrmap(e 8) v1 ==== 45283+0+0 (secure 0 0 0) 0x7f715c024ab0 con 0x7f7160104730
2024-02-19T18:50:59.055 INFO:teuthology.orchestra.run.smithi103.stdout:/usr/bin/ceph: stderr
2024-02-19T18:50:57.404+0000 7f7156ffd700 1 --2- 172.21.15.103:0/641047014 >> [v2:172.21.15.103:6800/385514192,v1:172.21.15.103:6801/385514192] conn(0x7f714c0382e0 0x7f714c03a7a0 unknown :-1 s=NONE pgs=0 cs=0 l=1 rev1=0 crypto rx=0 tx=0 comp rx=0 tx=0).connect
2024-02-19T18:50:59.055 INFO:teuthology.orchestra.run.smithi103.stdout:/usr/bin/ceph: stderr
2024-02-19T18:50:57.404+0000 7f7156ffd700 1 -- 172.21.15.103:0/641047014 <== mon.0 v2:172.21.15.103:3300/0 5 ==== osd_map(2..2 src has 1..2) v4 ==== 940+0+0 (secure 0 0 0) 0x7f715c04c420 con 0x7f7160104730
2024-02-19T18:50:59.055 INFO:teuthology.orchestra.run.smithi103.stdout:/usr/bin/ceph: stderr
2024-02-19T18:50:57.404+0000 7f71654eb700 1 --2- 172.21.15.103:0/641047014 >> [v2:172.21.15.103:6800/385514192,v1:172.21.15.103:6801/385514192] conn(0x7f714c0382e0 0x7f714c03a7a0 unknown :-1 s=BANNER_CONNECTING pgs=0 cs=0 l=1 rev1=0 crypto rx=0 tx=0 comp rx=0 tx=0)._handle_peer_banner_payload supported=3 required=0
2024-02-19T18:50:59.056 INFO:teuthology.orchestra.run.smithi103.stdout:/usr/bin/ceph: stderr
2024-02-19T18:50:57.404+0000 7f7167f50700 1 -- 172.21.15.103:0/641047014 --> [v2:172.21.15.103:3300/0,v1:172.21.15.103:6789/0] -- mon_command({"prefix": "get_command_descriptions"} v 0) v1 -- 0x7f71600623c0 con 0x7f7160104730
2024-02-19T18:50:59.056 INFO:teuthology.orchestra.run.smithi103.stdout:/usr/bin/ceph: stderr
2024-02-19T18:50:57.405+0000 7f71654eb700 1 --2- 172.21.15.103:0/641047014 >> [v2:172.21.15.103:6800/385514192,v1:172.21.15.103:6801/385514192] conn(0x7f714c0382e0 0x7f714c03a7a0 secure :-1 s=READY pgs=22 cs=0 l=1 rev1=1 crypto rx=0x7f7150006fd0 tx=0x7f7150006e40 comp rx=0 tx=0).ready entity=mgr.14118 client_cookie=0 server_cookie=0 in_seq=0 out_seq=0
2024-02-19T18:50:59.056 INFO:teuthology.orchestra.run.smithi103.stdout:/usr/bin/ceph: stderr
2024-02-19T18:50:57.409+0000 7f7156ffd700 1 -- 172.21.15.103:0/641047014 <== mon.0 v2:172.21.15.103:3300/0 6 ==== mon_command_ack([{"prefix": "get_command_descriptions"}]=0 v0) v1 ==== 72+0+180422 (secure 0 0 0) 0x7f715c022310 con 0x7f7160104730
2024-02-19T18:50:59.056 INFO:teuthology.orchestra.run.smithi103.stdout:/usr/bin/ceph: stderr
2024-02-19T18:50:57.649+0000 7f7167f50700 1 -- 172.21.15.103:0/641047014 --> [v2:172.21.15.103:3300/0,v1:172.21.15.103:6789/0] -- mon_command({"prefix": "mgr module enable", "module": "dashboard"} v 0) v1 -- 0x7f716010a8c0 con 0x7f7160104730
2024-02-19T18:50:59.056 INFO:teuthology.orchestra.run.smithi103.stdout:/usr/bin/ceph: stderr
2024-02-19T18:50:58.369+0000 7f7156ffd700 1 -- 172.21.15.103:0/641047014 <== mon.0 v2:172.21.15.103:3300/0 7 ==== mgrmap(e 9) v1 ==== 45296+0+0 (secure 0 0 0) 0x7f715c01ac70 con 0x7f7160104730
2024-02-19T18:50:59.056 INFO:teuthology.orchestra.run.smithi103.stdout:/usr/bin/ceph: stderr
2024-02-19T18:50:58.371+0000 7f7156ffd700 1 -- 172.21.15.103:0/641047014 <== mon.0 v2:172.21.15.103:3300/0 8 ==== mon_command_ack([{"prefix": "mgr module enable", "module": "dashboard"}]=0 v9) v1 ==== 88+0+0 (secure 0 0 0) 0x7f715c00bde0 con 0x7f7160104730
2024-02-19T18:50:59.056 INFO:teuthology.orchestra.run.smithi103.stdout:/usr/bin/ceph: stderr
2024-02-19T18:50:58.374+0000 7f7167f50700 1 -- 172.21.15.103:0/641047014 >> [v2:172.21.15.103:6800/385514192,v1:172.21.15.103:6801/385514192] conn(0x7f714c0382e0 msgr2=0x7f714c03a7a0 secure :-1 s=STATE_CONNECTION_ESTABLISHED l=1).mark_down
2024-02-19T18:50:59.056 INFO:teuthology.orchestra.run.smithi103.stdout:/usr/bin/ceph: stderr
2024-02-19T18:50:58.374+0000 7f7167f50700 1 --2- 172.21.15.103:0/641047014 >> [v2:172.21.15.103:6800/385514192,v1:172.21.15.103:6801/385514192] conn(0x7f714c0382e0 0x7f714c03a7a0 secure :-1 s=READY pgs=22 cs=0 l=1 rev1=1 crypto rx=0x7f7150006fd0 tx=0x7f7150006e40 comp rx=0 tx=0).stop
2024-02-19T18:50:59.056 INFO:teuthology.orchestra.run.smithi103.stdout:/usr/bin/ceph: stderr
2024-02-19T18:50:58.374+0000 7f7167f50700 1 -- 172.21.15.103:0/641047014 >> [v2:172.21.15.103:3300/0,v1:172.21.15.103:6789/0] conn(0x7f7160104730 msgr2=0x7f7160107020 secure :-1 s=STATE_CONNECTION_ESTABLISHED l=1).mark_down
2024-02-19T18:50:59.056 INFO:teuthology.orchestra.run.smithi103.stdout:/usr/bin/ceph: stderr
2024-02-19T18:50:58.374+0000 7f7167f50700 1 --2- 172.21.15.103:0/641047014 >> [v2:172.21.15.103:3300/0,v1:172.21.15.103:6789/0] conn(0x7f7160104730 0x7f7160107020 secure :-1 s=READY pgs=66 cs=0 l=1 rev1=1 crypto rx=0x7f715c011670 tx=0x7f715c011aa0 comp rx=0 tx=0).stop
2024-02-19T18:50:59.056 INFO:teuthology.orchestra.run.smithi103.stdout:/usr/bin/ceph: stderr
2024-02-19T18:50:58.374+0000 7f7167f50700 1 -- 172.21.15.103:0/641047014 shutdown_connections
2024-02-19T18:50:59.056 INFO:teuthology.orchestra.run.smithi103.stdout:/usr/bin/ceph: stderr
2024-02-19T18:50:58.374+0000 7f7167f50700 1 --2- 172.21.15.103:0/641047014 >> [v2:172.21.15.103:6800/385514192,v1:172.21.15.103:6801/385514192] conn(0x7f714c0382e0 0x7f714c03a7a0 unknown :-1 s=CLOSED pgs=22 cs=0 l=1 rev1=1 crypto rx=0 tx=0 comp rx=0 tx=0).stop
2024-02-19T18:50:59.056 INFO:teuthology.orchestra.run.smithi103.stdout:/usr/bin/ceph: stderr
2024-02-19T18:50:58.374+0000 7f7167f50700 1 --2- 172.21.15.103:0/641047014 >> [v2:172.21.15.103:3300/0,v1:172.21.15.103:6789/0] conn(0x7f7160104730 0x7f7160107020 unknown :-1 s=CLOSED pgs=66 cs=0 l=1 rev1=1 crypto rx=0 tx=0 comp rx=0 tx=0).stop
2024-02-19T18:50:59.056 INFO:teuthology.orchestra.run.smithi103.stdout:/usr/bin/ceph: stderr
2024-02-19T18:50:58.374+0000 7f7167f50700 1 -- 172.21.15.103:0/641047014 >> 172.21.15.103:0/641047014 conn(0x7f7160100040 msgr2=0x7f7160101790 unknown :-1 s=STATE_NONE l=0).mark_down
2024-02-19T18:50:59.057 INFO:teuthology.orchestra.run.smithi103.stdout:/usr/bin/ceph: stderr
2024-02-19T18:50:58.374+0000 7f7167f50700 1 -- 172.21.15.103:0/641047014 shutdown_connections
2024-02-19T18:50:59.057 INFO:teuthology.orchestra.run.smithi103.stdout:/usr/bin/ceph: stderr
2024-02-19T18:50:58.374+0000 7f7167f50700 1 -- 172.21.15.103:0/641047014 wait complete.
2024-02-19T18:50:59.688 INFO:journalctl@ceph.mon.smithi103.smithi103.stdout:Feb 19 18:50:59 smithi103 ceph-mon[29203]: from='client.? 172.21.15.103:0/641047014' entity='client.admin' cmd='[{"prefix": "mgr module enable", "module": "dashboard"}]': finished
2024-02-19T18:50:59.688 INFO:journalctl@ceph.mon.smithi103.smithi103.stdout:Feb 19 18:50:59 smithi103 ceph-mon[29203]: mgrmap e9: smithi103.amzash(active, since 25s)
2024-02-19T18:51:00.336 INFO:teuthology.orchestra.run.smithi103.stdout:/usr/bin/ceph: stdout {
2024-02-19T18:51:00.339 INFO:teuthology.orchestra.run.smithi103.stdout:/usr/bin/ceph: stdout "epoch": 9,
2024-02-19T18:51:00.339 INFO:teuthology.orchestra.run.smithi103.stdout:/usr/bin/ceph: stdout "available": true,
2024-02-19T18:51:00.339 INFO:teuthology.orchestra.run.smithi103.stdout:/usr/bin/ceph: stdout "active_name": "smithi103.amzash",
2024-02-19T18:51:00.339 INFO:teuthology.orchestra.run.smithi103.stdout:/usr/bin/ceph: stdout "num_standby": 0
2024-02-19T18:51:00.339 INFO:teuthology.orchestra.run.smithi103.stdout:/usr/bin/ceph: stdout }
2024-02-19T18:51:00.340 INFO:teuthology.orchestra.run.smithi103.stdout:/usr/bin/ceph: stderr
2024-02-19T18:50:59.467+0000 7fb24683e700 1 Processor -- start
2024-02-19T18:51:00.340 INFO:teuthology.orchestra.run.smithi103.stdout:/usr/bin/ceph: stderr
2024-02-19T18:50:59.467+0000 7fb24683e700 1 -- start start
2024-02-19T18:51:00.340 INFO:teuthology.orchestra.run.smithi103.stdout:/usr/bin/ceph: stderr
2024-02-19T18:50:59.467+0000 7fb24683e700 1 --2- >> [v2:172.21.15.103:3300/0,v1:172.21.15.103:6789/0] conn(0x7fb240106f00 0x7fb2401092f0 unknown :-1 s=NONE pgs=0 cs=0 l=0 rev1=0 crypto rx=0 tx=0 comp rx=0 tx=0).connect
2024-02-19T18:51:00.340 INFO:teuthology.orchestra.run.smithi103.stdout:/usr/bin/ceph: stderr
2024-02-19T18:50:59.467+0000 7fb24683e700 1 -- --> [v2:172.21.15.103:3300/0,v1:172.21.15.103:6789/0] -- mon_getmap magic: 0 v1 -- 0x7fb240079e80 con 0x7fb240106f00
2024-02-19T18:51:00.340 INFO:teuthology.orchestra.run.smithi103.stdout:/usr/bin/ceph: stderr
2024-02-19T18:50:59.467+0000 7fb23ffff700 1 --2- >> [v2:172.21.15.103:3300/0,v1:172.21.15.103:6789/0] conn(0x7fb240106f00 0x7fb2401092f0 unknown :-1 s=BANNER_CONNECTING pgs=0 cs=0 l=0 rev1=0 crypto rx=0 tx=0 comp rx=0 tx=0)._handle_peer_banner_payload supported=3 required=0
2024-02-19T18:51:00.340 INFO:teuthology.orchestra.run.smithi103.stdout:/usr/bin/ceph: stderr
2024-02-19T18:50:59.467+0000 7fb23ffff700 1 --2- >> [v2:172.21.15.103:3300/0,v1:172.21.15.103:6789/0] conn(0x7fb240106f00 0x7fb2401092f0 unknown :-1 s=HELLO_CONNECTING pgs=0 cs=0 l=0 rev1=1 crypto rx=0 tx=0 comp rx=0 tx=0).handle_hello peer v2:172.21.15.103:3300/0 says I am v2:172.21.15.103:37554/0 (socket says 172.21.15.103:37554)
2024-02-19T18:51:00.340 INFO:teuthology.orchestra.run.smithi103.stdout:/usr/bin/ceph: stderr
2024-02-19T18:50:59.467+0000 7fb23ffff700 1 -- 172.21.15.103:0/1376196337 learned_addr learned my addr 172.21.15.103:0/1376196337 (peer_addr_for_me v2:172.21.15.103:0/0)
2024-02-19T18:51:00.340 INFO:teuthology.orchestra.run.smithi103.stdout:/usr/bin/ceph: stderr
2024-02-19T18:50:59.467+0000 7fb23ffff700 1 -- 172.21.15.103:0/1376196337 --> [v2:172.21.15.103:3300/0,v1:172.21.15.103:6789/0] -- mon_subscribe({config=0+,monmap=0+}) v3 -- 0x7fb240109830 con 0x7fb240106f00
2024-02-19T18:51:00.340 INFO:teuthology.orchestra.run.smithi103.stdout:/usr/bin/ceph: stderr
2024-02-19T18:50:59.468+0000 7fb23ffff700 1 --2- 172.21.15.103:0/1376196337 >> [v2:172.21.15.103:3300/0,v1:172.21.15.103:6789/0] conn(0x7fb240106f00 0x7fb2401092f0 secure :-1 s=READY pgs=69 cs=0 l=1 rev1=1 crypto rx=0x7fb2280098a0 tx=0x7fb228009bb0 comp rx=0 tx=0).ready entity=mon.0 client_cookie=2e4136043d7e5be6 server_cookie=0 in_seq=0 out_seq=0
2024-02-19T18:51:00.340 INFO:teuthology.orchestra.run.smithi103.stdout:/usr/bin/ceph: stderr
2024-02-19T18:50:59.468+0000 7fb23effd700 1 -- 172.21.15.103:0/1376196337 <== mon.0 v2:172.21.15.103:3300/0 1 ==== mon_map magic: 0 v1 ==== 229+0+0 (secure 0 0 0) 0x7fb228004180 con 0x7fb240106f00
2024-02-19T18:51:00.340 INFO:teuthology.orchestra.run.smithi103.stdout:/usr/bin/ceph: stderr
2024-02-19T18:50:59.468+0000 7fb23effd700 1 -- 172.21.15.103:0/1376196337 <== mon.0 v2:172.21.15.103:3300/0 2 ==== config(27 keys) v1 ==== 1101+0+0 (secure 0 0 0) 0x7fb2280042e0 con 0x7fb240106f00
2024-02-19T18:51:00.340 INFO:teuthology.orchestra.run.smithi103.stdout:/usr/bin/ceph: stderr
2024-02-19T18:50:59.468+0000 7fb23effd700 1 -- 172.21.15.103:0/1376196337 <== mon.0 v2:172.21.15.103:3300/0 3 ==== mon_map magic: 0 v1 ==== 229+0+0 (secure 0 0 0) 0x7fb228011af0 con 0x7fb240106f00
2024-02-19T18:51:00.340 INFO:teuthology.orchestra.run.smithi103.stdout:/usr/bin/ceph: stderr
2024-02-19T18:50:59.468+0000 7fb24683e700 1 -- 172.21.15.103:0/1376196337 >> [v2:172.21.15.103:3300/0,v1:172.21.15.103:6789/0] conn(0x7fb240106f00 msgr2=0x7fb2401092f0 secure :-1 s=STATE_CONNECTION_ESTABLISHED l=1).mark_down
2024-02-19T18:51:00.341 INFO:teuthology.orchestra.run.smithi103.stdout:/usr/bin/ceph: stderr
2024-02-19T18:50:59.468+0000 7fb24683e700 1 --2- 172.21.15.103:0/1376196337 >> [v2:172.21.15.103:3300/0,v1:172.21.15.103:6789/0] conn(0x7fb240106f00 0x7fb2401092f0 secure :-1 s=READY pgs=69 cs=0 l=1 rev1=1 crypto rx=0x7fb2280098a0 tx=0x7fb228009bb0 comp rx=0 tx=0).stop
2024-02-19T18:51:00.341 INFO:teuthology.orchestra.run.smithi103.stdout:/usr/bin/ceph: stderr
2024-02-19T18:50:59.469+0000 7fb24683e700 1 -- 172.21.15.103:0/1376196337 shutdown_connections
2024-02-19T18:51:00.341 INFO:teuthology.orchestra.run.smithi103.stdout:/usr/bin/ceph: stderr
2024-02-19T18:50:59.469+0000 7fb24683e700 1 --2- 172.21.15.103:0/1376196337 >> [v2:172.21.15.103:3300/0,v1:172.21.15.103:6789/0] conn(0x7fb240106f00 0x7fb2401092f0 unknown :-1 s=CLOSED pgs=69 cs=0 l=1 rev1=1 crypto rx=0 tx=0 comp rx=0 tx=0).stop
2024-02-19T18:51:00.341 INFO:teuthology.orchestra.run.smithi103.stdout:/usr/bin/ceph: stderr
2024-02-19T18:50:59.469+0000 7fb24683e700 1 -- 172.21.15.103:0/1376196337 >> 172.21.15.103:0/1376196337 conn(0x7fb2401008d0 msgr2=0x7fb240102d30 unknown :-1 s=STATE_NONE l=0).mark_down
2024-02-19T18:51:00.341 INFO:teuthology.orchestra.run.smithi103.stdout:/usr/bin/ceph: stderr
2024-02-19T18:50:59.469+0000 7fb24683e700 1 -- 172.21.15.103:0/1376196337 shutdown_connections
2024-02-19T18:51:00.341 INFO:teuthology.orchestra.run.smithi103.stdout:/usr/bin/ceph: stderr
2024-02-19T18:50:59.469+0000 7fb24683e700 1 -- 172.21.15.103:0/1376196337 wait complete.
2024-02-19T18:51:00.341 INFO:teuthology.orchestra.run.smithi103.stdout:/usr/bin/ceph: stderr
2024-02-19T18:50:59.469+0000 7fb24683e700 1 Processor -- start
2024-02-19T18:51:00.341 INFO:teuthology.orchestra.run.smithi103.stdout:/usr/bin/ceph: stderr
2024-02-19T18:50:59.469+0000 7fb24683e700 1 -- start start
2024-02-19T18:51:00.341 INFO:teuthology.orchestra.run.smithi103.stdout:/usr/bin/ceph: stderr
2024-02-19T18:50:59.470+0000 7fb24683e700 1 --2- >> [v2:172.21.15.103:3300/0,v1:172.21.15.103:6789/0] conn(0x7fb240106f00 0x7fb24019a110 unknown :-1 s=NONE pgs=0 cs=0 l=1 rev1=0 crypto rx=0 tx=0 comp rx=0 tx=0).connect
2024-02-19T18:51:00.341 INFO:teuthology.orchestra.run.smithi103.stdout:/usr/bin/ceph: stderr
2024-02-19T18:50:59.470+0000 7fb24683e700 1 -- --> [v2:172.21.15.103:3300/0,v1:172.21.15.103:6789/0] -- mon_getmap magic: 0 v1 -- 0x7fb24019a650 con 0x7fb240106f00
2024-02-19T18:51:00.341 INFO:teuthology.orchestra.run.smithi103.stdout:/usr/bin/ceph: stderr
2024-02-19T18:50:59.470+0000 7fb23ffff700 1 --2- >> [v2:172.21.15.103:3300/0,v1:172.21.15.103:6789/0] conn(0x7fb240106f00 0x7fb24019a110 unknown :-1 s=BANNER_CONNECTING pgs=0 cs=0 l=1 rev1=0 crypto rx=0 tx=0 comp rx=0 tx=0)._handle_peer_banner_payload supported=3 required=0
2024-02-19T18:51:00.341 INFO:teuthology.orchestra.run.smithi103.stdout:/usr/bin/ceph: stderr
2024-02-19T18:50:59.470+0000 7fb23ffff700 1 --2- >> [v2:172.21.15.103:3300/0,v1:172.21.15.103:6789/0] conn(0x7fb240106f00 0x7fb24019a110 unknown :-1 s=HELLO_CONNECTING pgs=0 cs=0 l=1 rev1=1 crypto rx=0 tx=0 comp rx=0 tx=0).handle_hello peer v2:172.21.15.103:3300/0 says I am v2:172.21.15.103:37560/0 (socket says 172.21.15.103:37560)
2024-02-19T18:51:00.341 INFO:teuthology.orchestra.run.smithi103.stdout:/usr/bin/ceph: stderr
2024-02-19T18:50:59.470+0000 7fb23ffff700 1 -- 172.21.15.103:0/2766881713 learned_addr learned my addr 172.21.15.103:0/2766881713 (peer_addr_for_me v2:172.21.15.103:0/0)
2024-02-19T18:51:00.341 INFO:teuthology.orchestra.run.smithi103.stdout:/usr/bin/ceph: stderr
2024-02-19T18:50:59.470+0000 7fb23ffff700 1 -- 172.21.15.103:0/2766881713 --> [v2:172.21.15.103:3300/0,v1:172.21.15.103:6789/0] -- mon_subscribe({config=0+,monmap=0+}) v3 -- 0x7fb228009550 con 0x7fb240106f00
2024-02-19T18:51:00.342 INFO:teuthology.orchestra.run.smithi103.stdout:/usr/bin/ceph: stderr
2024-02-19T18:50:59.470+0000 7fb23ffff700 1 --2- 172.21.15.103:0/2766881713 >> [v2:172.21.15.103:3300/0,v1:172.21.15.103:6789/0] conn(0x7fb240106f00 0x7fb24019a110 secure :-1 s=READY pgs=70 cs=0 l=1 rev1=1 crypto rx=0x7fb228011670 tx=0x7fb228011aa0 comp rx=0 tx=0).ready entity=mon.0 client_cookie=0 server_cookie=0 in_seq=0 out_seq=0
2024-02-19T18:51:00.342 INFO:teuthology.orchestra.run.smithi103.stdout:/usr/bin/ceph: stderr
2024-02-19T18:50:59.470+0000 7fb23d7fa700 1 -- 172.21.15.103:0/2766881713 <== mon.0 v2:172.21.15.103:3300/0 1 ==== mon_map magic: 0 v1 ==== 229+0+0 (secure 0 0 0) 0x7fb228003a40 con 0x7fb240106f00
2024-02-19T18:51:00.342 INFO:teuthology.orchestra.run.smithi103.stdout:/usr/bin/ceph: stderr
2024-02-19T18:50:59.470+0000 7fb23d7fa700 1 -- 172.21.15.103:0/2766881713 <== mon.0 v2:172.21.15.103:3300/0 2 ==== config(27 keys) v1 ==== 1101+0+0 (secure 0 0 0) 0x7fb228003ba0 con 0x7fb240106f00
2024-02-19T18:51:00.342 INFO:teuthology.orchestra.run.smithi103.stdout:/usr/bin/ceph: stderr
2024-02-19T18:50:59.470+0000 7fb23d7fa700 1 -- 172.21.15.103:0/2766881713 <== mon.0 v2:172.21.15.103:3300/0 3 ==== mon_map magic: 0 v1 ==== 229+0+0 (secure 0 0 0) 0x7fb228024820 con 0x7fb240106f00
2024-02-19T18:51:00.342 INFO:teuthology.orchestra.run.smithi103.stdout:/usr/bin/ceph: stderr
2024-02-19T18:50:59.470+0000 7fb24683e700 1 -- 172.21.15.103:0/2766881713 --> [v2:172.21.15.103:3300/0,v1:172.21.15.103:6789/0] -- mon_subscribe({mgrmap=0+}) v3 -- 0x7fb24019a850 con 0x7fb240106f00
2024-02-19T18:51:00.342 INFO:teuthology.orchestra.run.smithi103.stdout:/usr/bin/ceph: stderr
2024-02-19T18:50:59.471+0000 7fb24683e700 1 -- 172.21.15.103:0/2766881713 --> [v2:172.21.15.103:3300/0,v1:172.21.15.103:6789/0] -- mon_subscribe({osdmap=0}) v3 -- 0x7fb24019acf0 con 0x7fb240106f00
2024-02-19T18:51:00.342 INFO:teuthology.orchestra.run.smithi103.stdout:/usr/bin/ceph: stderr
2024-02-19T18:50:59.471+0000 7fb23d7fa700 1 -- 172.21.15.103:0/2766881713 <== mon.0 v2:172.21.15.103:3300/0 4 ==== mgrmap(e 9) v1 ==== 45296+0+0 (secure 0 0 0) 0x7fb228024ae0 con 0x7fb240106f00
2024-02-19T18:51:00.342 INFO:teuthology.orchestra.run.smithi103.stdout:/usr/bin/ceph: stderr
2024-02-19T18:50:59.471+0000 7fb23d7fa700 1 --2- 172.21.15.103:0/2766881713 >> [v2:172.21.15.103:6800/385514192,v1:172.21.15.103:6801/385514192] conn(0x7fb22c038330 0x7fb22c03a7f0 unknown :-1 s=NONE pgs=0 cs=0 l=1 rev1=0 crypto rx=0 tx=0 comp rx=0 tx=0).connect
2024-02-19T18:51:00.342 INFO:teuthology.orchestra.run.smithi103.stdout:/usr/bin/ceph: stderr
2024-02-19T18:50:59.471+0000 7fb23d7fa700 1 -- 172.21.15.103:0/2766881713 <== mon.0 v2:172.21.15.103:3300/0 5 ==== osd_map(2..2 src has 1..2) v4 ==== 940+0+0 (secure 0 0 0) 0x7fb22804d3c0 con 0x7fb240106f00
2024-02-19T18:51:00.342 INFO:teuthology.orchestra.run.smithi103.stdout:/usr/bin/ceph: stderr
2024-02-19T18:50:59.471+0000 7fb23f7fe700 1 -- 172.21.15.103:0/2766881713 >> [v2:172.21.15.103:6800/385514192,v1:172.21.15.103:6801/385514192] conn(0x7fb22c038330 msgr2=0x7fb22c03a7f0 unknown :-1 s=STATE_CONNECTING_RE l=1).process reconnect failed to v2:172.21.15.103:6800/385514192
2024-02-19T18:51:00.342 INFO:teuthology.orchestra.run.smithi103.stdout:/usr/bin/ceph: stderr
2024-02-19T18:50:59.472+0000 7fb23f7fe700 1 --2- 172.21.15.103:0/2766881713 >> [v2:172.21.15.103:6800/385514192,v1:172.21.15.103:6801/385514192] conn(0x7fb22c038330 0x7fb22c03a7f0 unknown :-1 s=START_CONNECT pgs=0 cs=0 l=1 rev1=0 crypto rx=0 tx=0 comp rx=0 tx=0)._fault waiting 0.200000
2024-02-19T18:51:00.342 INFO:teuthology.orchestra.run.smithi103.stdout:/usr/bin/ceph: stderr
2024-02-19T18:50:59.472+0000 7fb24683e700 1 -- 172.21.15.103:0/2766881713 --> [v2:172.21.15.103:3300/0,v1:172.21.15.103:6789/0] -- mon_command({"prefix": "get_command_descriptions"} v 0) v1 -- 0x7fb2400623c0 con 0x7fb240106f00
2024-02-19T18:51:00.342 INFO:teuthology.orchestra.run.smithi103.stdout:/usr/bin/ceph: stderr
2024-02-19T18:50:59.476+0000 7fb23d7fa700 1 -- 172.21.15.103:0/2766881713 <== mon.0 v2:172.21.15.103:3300/0 6 ==== mon_command_ack([{"prefix": "get_command_descriptions"}]=0 v0) v1 ==== 72+0+180422 (secure 0 0 0) 0x7fb228022310 con 0x7fb240106f00
2024-02-19T18:51:00.342 INFO:teuthology.orchestra.run.smithi103.stdout:/usr/bin/ceph: stderr
2024-02-19T18:50:59.673+0000 7fb23f7fe700 1 -- 172.21.15.103:0/2766881713 >> [v2:172.21.15.103:6800/385514192,v1:172.21.15.103:6801/385514192] conn(0x7fb22c038330 msgr2=0x7fb22c03a7f0 unknown :-1 s=STATE_CONNECTING_RE l=1).process reconnect failed to v2:172.21.15.103:6800/385514192
2024-02-19T18:51:00.342 INFO:teuthology.orchestra.run.smithi103.stdout:/usr/bin/ceph: stderr
2024-02-19T18:50:59.673+0000 7fb23f7fe700 1 --2- 172.21.15.103:0/2766881713 >> [v2:172.21.15.103:6800/385514192,v1:172.21.15.103:6801/385514192] conn(0x7fb22c038330 0x7fb22c03a7f0 unknown :-1 s=START_CONNECT pgs=0 cs=0 l=1 rev1=0 crypto rx=0 tx=0 comp rx=0 tx=0)._fault waiting 0.400000
2024-02-19T18:51:00.343 INFO:teuthology.orchestra.run.smithi103.stdout:/usr/bin/ceph: stderr
2024-02-19T18:50:59.723+0000 7fb24683e700 1 -- 172.21.15.103:0/2766881713 --> [v2:172.21.15.103:3300/0,v1:172.21.15.103:6789/0] -- mon_command({"prefix": "mgr stat"} v 0) v1 -- 0x7fb24019d6b0 con 0x7fb240106f00
2024-02-19T18:51:00.343 INFO:teuthology.orchestra.run.smithi103.stdout:/usr/bin/ceph: stderr
2024-02-19T18:50:59.724+0000 7fb23d7fa700 1 -- 172.21.15.103:0/2766881713 <== mon.0 v2:172.21.15.103:3300/0 7 ==== mon_command_ack([{"prefix": "mgr stat"}]=0 v9) v1 ==== 56+0+103 (secure 0 0 0) 0x7fb22802c350 con 0x7fb240106f00
2024-02-19T18:51:00.343 INFO:teuthology.orchestra.run.smithi103.stdout:/usr/bin/ceph: stderr
2024-02-19T18:50:59.726+0000 7fb24683e700 1 -- 172.21.15.103:0/2766881713 >> [v2:172.21.15.103:6800/385514192,v1:172.21.15.103:6801/385514192] conn(0x7fb22c038330 msgr2=0x7fb22c03a7f0 unknown :-1 s=STATE_CONNECTING l=1).mark_down
2024-02-19T18:51:00.343 INFO:teuthology.orchestra.run.smithi103.stdout:/usr/bin/ceph: stderr
2024-02-19T18:50:59.726+0000 7fb24683e700 1 --2- 172.21.15.103:0/2766881713 >> [v2:172.21.15.103:6800/385514192,v1:172.21.15.103:6801/385514192] conn(0x7fb22c038330 0x7fb22c03a7f0 unknown :-1 s=START_CONNECT pgs=0 cs=0 l=1 rev1=0 crypto rx=0 tx=0 comp rx=0 tx=0).stop
2024-02-19T18:51:00.343 INFO:teuthology.orchestra.run.smithi103.stdout:/usr/bin/ceph: stderr
2024-02-19T18:50:59.726+0000 7fb24683e700 1 -- 172.21.15.103:0/2766881713 >> [v2:172.21.15.103:3300/0,v1:172.21.15.103:6789/0] conn(0x7fb240106f00 msgr2=0x7fb24019a110 secure :-1 s=STATE_CONNECTION_ESTABLISHED l=1).mark_down
2024-02-19T18:51:00.343 INFO:teuthology.orchestra.run.smithi103.stdout:/usr/bin/ceph: stderr
2024-02-19T18:50:59.726+0000 7fb24683e700 1 --2- 172.21.15.103:0/2766881713 >> [v2:172.21.15.103:3300/0,v1:172.21.15.103:6789/0] conn(0x7fb240106f00 0x7fb24019a110 secure :-1 s=READY pgs=70 cs=0 l=1 rev1=1 crypto rx=0x7fb228011670 tx=0x7fb228011aa0 comp rx=0 tx=0).stop
2024-02-19T18:51:00.343 INFO:teuthology.orchestra.run.smithi103.stdout:/usr/bin/ceph: stderr
2024-02-19T18:50:59.726+0000 7fb24683e700 1 -- 172.21.15.103:0/2766881713 shutdown_connections
2024-02-19T18:51:00.343 INFO:teuthology.orchestra.run.smithi103.stdout:/usr/bin/ceph: stderr
2024-02-19T18:50:59.726+0000 7fb24683e700 1 --2- 172.21.15.103:0/2766881713 >> [v2:172.21.15.103:6800/385514192,v1:172.21.15.103:6801/385514192] conn(0x7fb22c038330 0x7fb22c03a7f0 unknown :-1 s=CLOSED pgs=0 cs=0 l=1 rev1=0 crypto rx=0 tx=0 comp rx=0 tx=0).stop
2024-02-19T18:51:00.343 INFO:teuthology.orchestra.run.smithi103.stdout:/usr/bin/ceph: stderr
2024-02-19T18:50:59.726+0000 7fb24683e700 1 --2- 172.21.15.103:0/2766881713 >> [v2:172.21.15.103:3300/0,v1:172.21.15.103:6789/0] conn(0x7fb240106f00 0x7fb24019a110 unknown :-1 s=CLOSED pgs=70 cs=0 l=1 rev1=1 crypto rx=0 tx=0 comp rx=0 tx=0).stop
2024-02-19T18:51:00.343 INFO:teuthology.orchestra.run.smithi103.stdout:/usr/bin/ceph: stderr
2024-02-19T18:50:59.726+0000 7fb24683e700 1 -- 172.21.15.103:0/2766881713 >> 172.21.15.103:0/2766881713 conn(0x7fb2401008d0 msgr2=0x7fb240101690 unknown :-1 s=STATE_NONE l=0).mark_down
2024-02-19T18:51:00.343 INFO:teuthology.orchestra.run.smithi103.stdout:/usr/bin/ceph: stderr
2024-02-19T18:50:59.726+0000 7fb24683e700 1 -- 172.21.15.103:0/2766881713 shutdown_connections
2024-02-19T18:51:00.343 INFO:teuthology.orchestra.run.smithi103.stdout:/usr/bin/ceph: stderr
2024-02-19T18:50:59.726+0000 7fb24683e700 1 -- 172.21.15.103:0/2766881713 wait complete.
2024-02-19T18:51:00.343 INFO:teuthology.orchestra.run.smithi103.stdout:Waiting for the mgr to restart...
2024-02-19T18:51:00.343 INFO:teuthology.orchestra.run.smithi103.stdout:Waiting for mgr epoch 9...
2024-02-19T18:51:00.587 INFO:journalctl@ceph.mon.smithi103.smithi103.stdout:Feb 19 18:51:00 smithi103 ceph-mon[29203]: from='client.? 172.21.15.103:0/2766881713' entity='client.admin' cmd=[{"prefix": "mgr stat"}]: dispatch
2024-02-19T18:51:05.534 INFO:journalctl@ceph.mon.smithi103.smithi103.stdout:Feb 19 18:51:05 smithi103 ceph-mon[29203]: Active manager daemon smithi103.amzash restarted
2024-02-19T18:51:05.534 INFO:journalctl@ceph.mon.smithi103.smithi103.stdout:Feb 19 18:51:05 smithi103 ceph-mon[29203]: Activating manager daemon smithi103.amzash
2024-02-19T18:51:05.534 INFO:journalctl@ceph.mon.smithi103.smithi103.stdout:Feb 19 18:51:05 smithi103 ceph-mon[29203]: osdmap e3: 0 total, 0 up, 0 in
2024-02-19T18:51:05.534 INFO:journalctl@ceph.mon.smithi103.smithi103.stdout:Feb 19 18:51:05 smithi103 ceph-mon[29203]: mgrmap e10: smithi103.amzash(active, starting, since 0.00319116s)
2024-02-19T18:51:05.534 INFO:journalctl@ceph.mon.smithi103.smithi103.stdout:Feb 19 18:51:05 smithi103 ceph-mon[29203]: from='mgr.14162 172.21.15.103:0/1732725062' entity='mgr.smithi103.amzash' cmd=[{"prefix": "mon metadata", "id": "smithi103"}]: dispatch
2024-02-19T18:51:05.535 INFO:journalctl@ceph.mon.smithi103.smithi103.stdout:Feb 19 18:51:05 smithi103 ceph-mon[29203]: from='mgr.14162 172.21.15.103:0/1732725062' entity='mgr.smithi103.amzash' cmd=[{"prefix": "mgr metadata", "who": "smithi103.amzash", "id": "smithi103.amzash"}]: dispatch
2024-02-19T18:51:05.535 INFO:journalctl@ceph.mon.smithi103.smithi103.stdout:Feb 19 18:51:05 smithi103 ceph-mon[29203]: from='mgr.14162 172.21.15.103:0/1732725062' entity='mgr.smithi103.amzash' cmd=[{"prefix": "mds metadata"}]: dispatch
2024-02-19T18:51:05.535 INFO:journalctl@ceph.mon.smithi103.smithi103.stdout:Feb 19 18:51:05 smithi103 ceph-mon[29203]: from='mgr.14162 172.21.15.103:0/1732725062' entity='mgr.smithi103.amzash' cmd=[{"prefix": "osd metadata"}]: dispatch
2024-02-19T18:51:05.535 INFO:journalctl@ceph.mon.smithi103.smithi103.stdout:Feb 19 18:51:05 smithi103 ceph-mon[29203]: from='mgr.14162 172.21.15.103:0/1732725062' entity='mgr.smithi103.amzash' cmd=[{"prefix": "mon metadata"}]: dispatch
2024-02-19T18:51:05.535 INFO:journalctl@ceph.mon.smithi103.smithi103.stdout:Feb 19 18:51:05 smithi103 ceph-mon[29203]: Manager daemon smithi103.amzash is now available
2024-02-19T18:51:05.535 INFO:journalctl@ceph.mon.smithi103.smithi103.stdout:Feb 19 18:51:05 smithi103 ceph-mon[29203]: from='mgr.14162 172.21.15.103:0/1732725062' entity='mgr.smithi103.amzash' cmd=[{"prefix": "config dump", "format": "json"}]: dispatch
2024-02-19T18:51:05.535 INFO:journalctl@ceph.mon.smithi103.smithi103.stdout:Feb 19 18:51:05 smithi103 ceph-mon[29203]: from='mgr.14162 172.21.15.103:0/1732725062' entity='mgr.smithi103.amzash' cmd=[{"prefix": "config dump", "format": "json"}]: dispatch
2024-02-19T18:51:06.284 INFO:journalctl@ceph.mon.smithi103.smithi103.stdout:Feb 19 18:51:06 smithi103 ceph-mon[29203]: from='mgr.14162 172.21.15.103:0/1732725062' entity='mgr.smithi103.amzash' cmd=[{"prefix":"config rm","who":"mgr","name":"mgr/rbd_support/smithi103.amzash/mirror_snapshot_schedule"}]: dispatch
2024-02-19T18:51:06.284 INFO:journalctl@ceph.mon.smithi103.smithi103.stdout:Feb 19 18:51:06 smithi103 ceph-mon[29203]: from='mgr.14162 172.21.15.103:0/1732725062' entity='mgr.smithi103.amzash' cmd=[{"prefix":"config rm","who":"mgr","name":"mgr/rbd_support/smithi103.amzash/trash_purge_schedule"}]: dispatch
2024-02-19T18:51:06.284 INFO:journalctl@ceph.mon.smithi103.smithi103.stdout:Feb 19 18:51:06 smithi103 ceph-mon[29203]: [19/Feb/2024:18:51:05] ENGINE Bus STARTING
2024-02-19T18:51:06.284 INFO:journalctl@ceph.mon.smithi103.smithi103.stdout:Feb 19 18:51:06 smithi103 ceph-mon[29203]: mgrmap e11: smithi103.amzash(active, since 1.00542s)
2024-02-19T18:51:07.064 INFO:teuthology.orchestra.run.smithi103.stdout:/usr/bin/ceph: stdout {
2024-02-19T18:51:07.064 INFO:teuthology.orchestra.run.smithi103.stdout:/usr/bin/ceph: stdout "mgrmap_epoch": 11,
2024-02-19T18:51:07.064 INFO:teuthology.orchestra.run.smithi103.stdout:/usr/bin/ceph: stdout "initialized": true
2024-02-19T18:51:07.064 INFO:teuthology.orchestra.run.smithi103.stdout:/usr/bin/ceph: stdout }
2024-02-19T18:51:07.064 INFO:teuthology.orchestra.run.smithi103.stdout:/usr/bin/ceph: stderr
2024-02-19T18:51:00.757+0000 7f10833d9700 1 Processor -- start
2024-02-19T18:51:07.065 INFO:teuthology.orchestra.run.smithi103.stdout:/usr/bin/ceph: stderr
2024-02-19T18:51:00.757+0000 7f10833d9700 1 -- start start
2024-02-19T18:51:07.065 INFO:teuthology.orchestra.run.smithi103.stdout:/usr/bin/ceph: stderr
2024-02-19T18:51:00.757+0000 7f10833d9700 1 --2- >> [v2:172.21.15.103:3300/0,v1:172.21.15.103:6789/0] conn(0x7f107c104d30 0x7f107c105150 unknown :-1 s=NONE pgs=0 cs=0 l=0 rev1=0 crypto rx=0 tx=0 comp rx=0 tx=0).connect
2024-02-19T18:51:07.065 INFO:teuthology.orchestra.run.smithi103.stdout:/usr/bin/ceph: stderr
2024-02-19T18:51:00.757+0000 7f10833d9700 1 -- --> [v2:172.21.15.103:3300/0,v1:172.21.15.103:6789/0] -- mon_getmap magic: 0 v1 -- 0x7f107c079e40 con 0x7f107c104d30
2024-02-19T18:51:07.065 INFO:teuthology.orchestra.run.smithi103.stdout:/usr/bin/ceph: stderr
2024-02-19T18:51:00.757+0000 7f1081175700 1 --2- >> [v2:172.21.15.103:3300/0,v1:172.21.15.103:6789/0] conn(0x7f107c104d30 0x7f107c105150 unknown :-1 s=BANNER_CONNECTING pgs=0 cs=0 l=0 rev1=0 crypto rx=0 tx=0 comp rx=0 tx=0)._handle_peer_banner_payload supported=3 required=0
2024-02-19T18:51:07.065 INFO:teuthology.orchestra.run.smithi103.stdout:/usr/bin/ceph: stderr
2024-02-19T18:51:00.757+0000 7f1081175700 1 --2- >> [v2:172.21.15.103:3300/0,v1:172.21.15.103:6789/0] conn(0x7f107c104d30 0x7f107c105150 unknown :-1 s=HELLO_CONNECTING pgs=0 cs=0 l=0 rev1=1 crypto rx=0 tx=0 comp rx=0 tx=0).handle_hello peer v2:172.21.15.103:3300/0 says I am v2:172.21.15.103:37572/0 (socket says 172.21.15.103:37572)
2024-02-19T18:51:07.065 INFO:teuthology.orchestra.run.smithi103.stdout:/usr/bin/ceph: stderr
2024-02-19T18:51:00.757+0000 7f1081175700 1 -- 172.21.15.103:0/2921663421 learned_addr learned my addr 172.21.15.103:0/2921663421 (peer_addr_for_me v2:172.21.15.103:0/0)
2024-02-19T18:51:07.065 INFO:teuthology.orchestra.run.smithi103.stdout:/usr/bin/ceph: stderr
2024-02-19T18:51:00.758+0000 7f1081175700 1 -- 172.21.15.103:0/2921663421 --> [v2:172.21.15.103:3300/0,v1:172.21.15.103:6789/0] -- mon_subscribe({config=0+,monmap=0+}) v3 -- 0x7f107c105690 con 0x7f107c104d30
2024-02-19T18:51:07.065 INFO:teuthology.orchestra.run.smithi103.stdout:/usr/bin/ceph: stderr
2024-02-19T18:51:00.758+0000 7f1081175700 1 --2- 172.21.15.103:0/2921663421 >> [v2:172.21.15.103:3300/0,v1:172.21.15.103:6789/0] conn(0x7f107c104d30 0x7f107c105150 secure :-1 s=READY pgs=71 cs=0 l=1 rev1=1 crypto rx=0x7f106c0098a0 tx=0x7f106c009bb0 comp rx=0 tx=0).ready entity=mon.0 client_cookie=21aa2f93518a9f52 server_cookie=0 in_seq=0 out_seq=0
2024-02-19T18:51:07.065 INFO:teuthology.orchestra.run.smithi103.stdout:/usr/bin/ceph: stderr
2024-02-19T18:51:00.758+0000 7f1073fff700 1 -- 172.21.15.103:0/2921663421 <== mon.0 v2:172.21.15.103:3300/0 1 ==== mon_map magic: 0 v1 ==== 229+0+0 (secure 0 0 0) 0x7f106c004180 con 0x7f107c104d30
2024-02-19T18:51:07.065 INFO:teuthology.orchestra.run.smithi103.stdout:/usr/bin/ceph: stderr
2024-02-19T18:51:00.758+0000 7f1073fff700 1 -- 172.21.15.103:0/2921663421 <== mon.0 v2:172.21.15.103:3300/0 2 ==== config(27 keys) v1 ==== 1101+0+0 (secure 0 0 0) 0x7f106c0042e0 con 0x7f107c104d30
2024-02-19T18:51:07.065 INFO:teuthology.orchestra.run.smithi103.stdout:/usr/bin/ceph: stderr
2024-02-19T18:51:00.758+0000 7f1073fff700 1 -- 172.21.15.103:0/2921663421 <== mon.0 v2:172.21.15.103:3300/0 3 ==== mon_map magic: 0 v1 ==== 229+0+0 (secure 0 0 0) 0x7f106c011af0 con 0x7f107c104d30
2024-02-19T18:51:07.065 INFO:teuthology.orchestra.run.smithi103.stdout:/usr/bin/ceph: stderr
2024-02-19T18:51:00.759+0000 7f10833d9700 1 -- 172.21.15.103:0/2921663421 >> [v2:172.21.15.103:3300/0,v1:172.21.15.103:6789/0] conn(0x7f107c104d30 msgr2=0x7f107c105150 secure :-1 s=STATE_CONNECTION_ESTABLISHED l=1).mark_down
2024-02-19T18:51:07.065 INFO:teuthology.orchestra.run.smithi103.stdout:/usr/bin/ceph: stderr
2024-02-19T18:51:00.759+0000 7f10833d9700 1 --2- 172.21.15.103:0/2921663421 >> [v2:172.21.15.103:3300/0,v1:172.21.15.103:6789/0] conn(0x7f107c104d30 0x7f107c105150 secure :-1 s=READY pgs=71 cs=0 l=1 rev1=1 crypto rx=0x7f106c0098a0 tx=0x7f106c009bb0 comp rx=0 tx=0).stop
2024-02-19T18:51:07.065 INFO:teuthology.orchestra.run.smithi103.stdout:/usr/bin/ceph: stderr
2024-02-19T18:51:00.759+0000 7f10833d9700 1 -- 172.21.15.103:0/2921663421 shutdown_connections
2024-02-19T18:51:07.065 INFO:teuthology.orchestra.run.smithi103.stdout:/usr/bin/ceph: stderr
2024-02-19T18:51:00.759+0000 7f10833d9700 1 --2- 172.21.15.103:0/2921663421 >> [v2:172.21.15.103:3300/0,v1:172.21.15.103:6789/0] conn(0x7f107c104d30 0x7f107c105150 unknown :-1 s=CLOSED pgs=71 cs=0 l=1 rev1=1 crypto rx=0 tx=0 comp rx=0 tx=0).stop
2024-02-19T18:51:07.066 INFO:teuthology.orchestra.run.smithi103.stdout:/usr/bin/ceph: stderr
2024-02-19T18:51:00.759+0000 7f10833d9700 1 -- 172.21.15.103:0/2921663421 >> 172.21.15.103:0/2921663421 conn(0x7f107c1008d0 msgr2=0x7f107c102d30 unknown :-1 s=STATE_NONE l=0).mark_down
2024-02-19T18:51:07.066 INFO:teuthology.orchestra.run.smithi103.stdout:/usr/bin/ceph: stderr
2024-02-19T18:51:00.759+0000 7f10833d9700 1 -- 172.21.15.103:0/2921663421 shutdown_connections
2024-02-19T18:51:07.066 INFO:teuthology.orchestra.run.smithi103.stdout:/usr/bin/ceph: stderr
2024-02-19T18:51:00.759+0000 7f10833d9700 1 -- 172.21.15.103:0/2921663421 wait complete.
2024-02-19T18:51:07.066 INFO:teuthology.orchestra.run.smithi103.stdout:/usr/bin/ceph: stderr
2024-02-19T18:51:00.759+0000 7f10833d9700 1 Processor -- start
2024-02-19T18:51:07.066 INFO:teuthology.orchestra.run.smithi103.stdout:/usr/bin/ceph: stderr
2024-02-19T18:51:00.760+0000 7f10833d9700 1 -- start start
2024-02-19T18:51:07.066 INFO:teuthology.orchestra.run.smithi103.stdout:/usr/bin/ceph: stderr
2024-02-19T18:51:00.760+0000 7f10833d9700 1 --2- >> [v2:172.21.15.103:3300/0,v1:172.21.15.103:6789/0] conn(0x7f107c104d30 0x7f107c19c330 unknown :-1 s=NONE pgs=0 cs=0 l=1 rev1=0 crypto rx=0 tx=0 comp rx=0 tx=0).connect
2024-02-19T18:51:07.066 INFO:teuthology.orchestra.run.smithi103.stdout:/usr/bin/ceph: stderr
2024-02-19T18:51:00.760+0000 7f10833d9700 1 -- --> [v2:172.21.15.103:3300/0,v1:172.21.15.103:6789/0] -- mon_getmap magic: 0 v1 -- 0x7f107c19c870 con 0x7f107c104d30
2024-02-19T18:51:07.066 INFO:teuthology.orchestra.run.smithi103.stdout:/usr/bin/ceph: stderr
2024-02-19T18:51:00.760+0000 7f1081175700 1 --2- >> [v2:172.21.15.103:3300/0,v1:172.21.15.103:6789/0] conn(0x7f107c104d30 0x7f107c19c330 unknown :-1 s=BANNER_CONNECTING pgs=0 cs=0 l=1 rev1=0 crypto rx=0 tx=0 comp rx=0 tx=0)._handle_peer_banner_payload supported=3 required=0
2024-02-19T18:51:07.066 INFO:teuthology.orchestra.run.smithi103.stdout:/usr/bin/ceph: stderr
2024-02-19T18:51:00.760+0000 7f1081175700 1 --2- >> [v2:172.21.15.103:3300/0,v1:172.21.15.103:6789/0] conn(0x7f107c104d30 0x7f107c19c330 unknown :-1 s=HELLO_CONNECTING pgs=0 cs=0 l=1 rev1=1 crypto rx=0 tx=0 comp rx=0 tx=0).handle_hello peer v2:172.21.15.103:3300/0 says I am v2:172.21.15.103:37576/0 (socket says 172.21.15.103:37576)
2024-02-19T18:51:07.066 INFO:teuthology.orchestra.run.smithi103.stdout:/usr/bin/ceph: stderr
2024-02-19T18:51:00.760+0000 7f1081175700 1 -- 172.21.15.103:0/30268332 learned_addr learned my addr 172.21.15.103:0/30268332 (peer_addr_for_me v2:172.21.15.103:0/0)
2024-02-19T18:51:07.066 INFO:teuthology.orchestra.run.smithi103.stdout:/usr/bin/ceph: stderr
2024-02-19T18:51:00.760+0000 7f1081175700 1 -- 172.21.15.103:0/30268332 --> [v2:172.21.15.103:3300/0,v1:172.21.15.103:6789/0] -- mon_subscribe({config=0+,monmap=0+}) v3 -- 0x7f106c009550 con 0x7f107c104d30
2024-02-19T18:51:07.066 INFO:teuthology.orchestra.run.smithi103.stdout:/usr/bin/ceph: stderr
2024-02-19T18:51:00.760+0000 7f1081175700 1 --2- 172.21.15.103:0/30268332 >> [v2:172.21.15.103:3300/0,v1:172.21.15.103:6789/0] conn(0x7f107c104d30 0x7f107c19c330 secure :-1 s=READY pgs=72 cs=0 l=1 rev1=1 crypto rx=0x7f106c011670 tx=0x7f106c011aa0 comp rx=0 tx=0).ready entity=mon.0 client_cookie=0 server_cookie=0 in_seq=0 out_seq=0
2024-02-19T18:51:07.066 INFO:teuthology.orchestra.run.smithi103.stdout:/usr/bin/ceph: stderr
2024-02-19T18:51:00.760+0000 7f10727fc700 1 -- 172.21.15.103:0/30268332 <== mon.0 v2:172.21.15.103:3300/0 1 ==== mon_map magic: 0 v1 ==== 229+0+0 (secure 0 0 0) 0x7f106c003a40 con 0x7f107c104d30
2024-02-19T18:51:07.066 INFO:teuthology.orchestra.run.smithi103.stdout:/usr/bin/ceph: stderr
2024-02-19T18:51:00.760+0000 7f10727fc700 1 -- 172.21.15.103:0/30268332 <== mon.0 v2:172.21.15.103:3300/0 2 ==== config(27 keys) v1 ==== 1101+0+0 (secure 0 0 0) 0x7f106c003ba0 con 0x7f107c104d30
2024-02-19T18:51:07.067 INFO:teuthology.orchestra.run.smithi103.stdout:/usr/bin/ceph: stderr
2024-02-19T18:51:00.760+0000 7f10727fc700 1 -- 172.21.15.103:0/30268332 <== mon.0 v2:172.21.15.103:3300/0 3 ==== mon_map magic: 0 v1 ==== 229+0+0 (secure 0 0 0) 0x7f106c024820 con 0x7f107c104d30
2024-02-19T18:51:07.067 INFO:teuthology.orchestra.run.smithi103.stdout:/usr/bin/ceph: stderr
2024-02-19T18:51:00.760+0000 7f10833d9700 1 -- 172.21.15.103:0/30268332 --> [v2:172.21.15.103:3300/0,v1:172.21.15.103:6789/0] -- mon_subscribe({mgrmap=0+}) v3 -- 0x7f107c19ca70 con 0x7f107c104d30
2024-02-19T18:51:07.067 INFO:teuthology.orchestra.run.smithi103.stdout:/usr/bin/ceph: stderr
2024-02-19T18:51:00.761+0000 7f10833d9700 1 -- 172.21.15.103:0/30268332 --> [v2:172.21.15.103:3300/0,v1:172.21.15.103:6789/0] -- mon_subscribe({osdmap=0}) v3 -- 0x7f107c19cf10 con 0x7f107c104d30
2024-02-19T18:51:07.067 INFO:teuthology.orchestra.run.smithi103.stdout:/usr/bin/ceph: stderr
2024-02-19T18:51:00.762+0000 7f10727fc700 1 -- 172.21.15.103:0/30268332 <== mon.0 v2:172.21.15.103:3300/0 4 ==== mgrmap(e 9) v1 ==== 45296+0+0 (secure 0 0 0) 0x7f106c01ac70 con 0x7f107c104d30
2024-02-19T18:51:07.067 INFO:teuthology.orchestra.run.smithi103.stdout:/usr/bin/ceph: stderr
2024-02-19T18:51:00.762+0000 7f10727fc700 1 --2- 172.21.15.103:0/30268332 >> [v2:172.21.15.103:6800/385514192,v1:172.21.15.103:6801/385514192] conn(0x7f1068038330 0x7f106803a7f0 unknown :-1 s=NONE pgs=0 cs=0 l=1 rev1=0 crypto rx=0 tx=0 comp rx=0 tx=0).connect
2024-02-19T18:51:07.067 INFO:teuthology.orchestra.run.smithi103.stdout:/usr/bin/ceph: stderr
2024-02-19T18:51:00.762+0000 7f10727fc700 1 -- 172.21.15.103:0/30268332 --> [v2:172.21.15.103:6800/385514192,v1:172.21.15.103:6801/385514192] -- command(tid 0: {"prefix": "get_command_descriptions"}) v1 -- 0x7f106803af00 con 0x7f1068038330
2024-02-19T18:51:07.067 INFO:teuthology.orchestra.run.smithi103.stdout:/usr/bin/ceph: stderr
2024-02-19T18:51:00.762+0000 7f10727fc700 1 -- 172.21.15.103:0/30268332 <== mon.0 v2:172.21.15.103:3300/0 5 ==== osd_map(2..2 src has 1..2) v4 ==== 940+0+0 (secure 0 0 0) 0x7f106c04c300 con 0x7f107c104d30
2024-02-19T18:51:07.067 INFO:teuthology.orchestra.run.smithi103.stdout:/usr/bin/ceph: stderr
2024-02-19T18:51:00.762+0000 7f1080974700 1 -- 172.21.15.103:0/30268332 >> [v2:172.21.15.103:6800/385514192,v1:172.21.15.103:6801/385514192] conn(0x7f1068038330 msgr2=0x7f106803a7f0 unknown :-1 s=STATE_CONNECTING_RE l=1).process reconnect failed to v2:172.21.15.103:6800/385514192
2024-02-19T18:51:07.067 INFO:teuthology.orchestra.run.smithi103.stdout:/usr/bin/ceph: stderr
2024-02-19T18:51:00.762+0000 7f1080974700 1 --2- 172.21.15.103:0/30268332 >> [v2:172.21.15.103:6800/385514192,v1:172.21.15.103:6801/385514192] conn(0x7f1068038330 0x7f106803a7f0 unknown :-1 s=START_CONNECT pgs=0 cs=0 l=1 rev1=0 crypto rx=0 tx=0 comp rx=0 tx=0)._fault waiting 0.200000
2024-02-19T18:51:07.067 INFO:teuthology.orchestra.run.smithi103.stdout:/usr/bin/ceph: stderr
2024-02-19T18:51:00.963+0000 7f1080974700 1 -- 172.21.15.103:0/30268332 >> [v2:172.21.15.103:6800/385514192,v1:172.21.15.103:6801/385514192] conn(0x7f1068038330 msgr2=0x7f106803a7f0 unknown :-1 s=STATE_CONNECTING_RE l=1).process reconnect failed to v2:172.21.15.103:6800/385514192
2024-02-19T18:51:07.067 INFO:teuthology.orchestra.run.smithi103.stdout:/usr/bin/ceph: stderr
2024-02-19T18:51:00.963+0000 7f1080974700 1 --2- 172.21.15.103:0/30268332 >> [v2:172.21.15.103:6800/385514192,v1:172.21.15.103:6801/385514192] conn(0x7f1068038330 0x7f106803a7f0 unknown :-1 s=START_CONNECT pgs=0 cs=0 l=1 rev1=0 crypto rx=0 tx=0 comp rx=0 tx=0)._fault waiting 0.400000
2024-02-19T18:51:07.067 INFO:teuthology.orchestra.run.smithi103.stdout:/usr/bin/ceph: stderr
2024-02-19T18:51:01.364+0000 7f1080974700 1 -- 172.21.15.103:0/30268332 >> [v2:172.21.15.103:6800/385514192,v1:172.21.15.103:6801/385514192] conn(0x7f1068038330 msgr2=0x7f106803a7f0 unknown :-1 s=STATE_CONNECTING_RE l=1).process reconnect failed to v2:172.21.15.103:6800/385514192
2024-02-19T18:51:07.067 INFO:teuthology.orchestra.run.smithi103.stdout:/usr/bin/ceph: stderr
2024-02-19T18:51:01.364+0000 7f1080974700 1 --2- 172.21.15.103:0/30268332 >> [v2:172.21.15.103:6800/385514192,v1:172.21.15.103:6801/385514192] conn(0x7f1068038330 0x7f106803a7f0 unknown :-1 s=START_CONNECT pgs=0 cs=0 l=1 rev1=0 crypto rx=0 tx=0 comp rx=0 tx=0)._fault waiting 0.800000
2024-02-19T18:51:07.067 INFO:teuthology.orchestra.run.smithi103.stdout:/usr/bin/ceph: stderr
2024-02-19T18:51:02.165+0000 7f1080974700 1 -- 172.21.15.103:0/30268332 >> [v2:172.21.15.103:6800/385514192,v1:172.21.15.103:6801/385514192] conn(0x7f1068038330 msgr2=0x7f106803a7f0 unknown :-1 s=STATE_CONNECTING_RE l=1).process reconnect failed to v2:172.21.15.103:6800/385514192
2024-02-19T18:51:07.067 INFO:teuthology.orchestra.run.smithi103.stdout:/usr/bin/ceph: stderr
2024-02-19T18:51:02.165+0000 7f1080974700 1 --2- 172.21.15.103:0/30268332 >> [v2:172.21.15.103:6800/385514192,v1:172.21.15.103:6801/385514192] conn(0x7f1068038330 0x7f106803a7f0 unknown :-1 s=START_CONNECT pgs=0 cs=0 l=1 rev1=0 crypto rx=0 tx=0 comp rx=0 tx=0)._fault waiting 1.600000
2024-02-19T18:51:07.068 INFO:teuthology.orchestra.run.smithi103.stdout:/usr/bin/ceph: stderr
2024-02-19T18:51:03.766+0000 7f1080974700 1 -- 172.21.15.103:0/30268332 >> [v2:172.21.15.103:6800/385514192,v1:172.21.15.103:6801/385514192] conn(0x7f1068038330 msgr2=0x7f106803a7f0 unknown :-1 s=STATE_CONNECTING_RE l=1).process reconnect failed to v2:172.21.15.103:6800/385514192
2024-02-19T18:51:07.068 INFO:teuthology.orchestra.run.smithi103.stdout:/usr/bin/ceph: stderr
2024-02-19T18:51:03.766+0000 7f1080974700 1 --2- 172.21.15.103:0/30268332 >> [v2:172.21.15.103:6800/385514192,v1:172.21.15.103:6801/385514192] conn(0x7f1068038330 0x7f106803a7f0 unknown :-1 s=START_CONNECT pgs=0 cs=0 l=1 rev1=0 crypto rx=0 tx=0 comp rx=0 tx=0)._fault waiting 3.200000
2024-02-19T18:51:07.068 INFO:teuthology.orchestra.run.smithi103.stdout:/usr/bin/ceph: stderr
2024-02-19T18:51:05.122+0000 7f10727fc700 1 -- 172.21.15.103:0/30268332 <== mon.0 v2:172.21.15.103:3300/0 6 ==== mgrmap(e 10) v1 ==== 45063+0+0 (secure 0 0 0) 0x7f106c01a950 con 0x7f107c104d30
2024-02-19T18:51:07.068 INFO:teuthology.orchestra.run.smithi103.stdout:/usr/bin/ceph: stderr
2024-02-19T18:51:05.122+0000 7f10727fc700 1 -- 172.21.15.103:0/30268332 >> [v2:172.21.15.103:6800/385514192,v1:172.21.15.103:6801/385514192] conn(0x7f1068038330 msgr2=0x7f106803a7f0 unknown :-1 s=STATE_CONNECTING l=1).mark_down
2024-02-19T18:51:07.068 INFO:teuthology.orchestra.run.smithi103.stdout:/usr/bin/ceph: stderr
2024-02-19T18:51:05.122+0000 7f10727fc700 1 --2- 172.21.15.103:0/30268332 >> [v2:172.21.15.103:6800/385514192,v1:172.21.15.103:6801/385514192] conn(0x7f1068038330 0x7f106803a7f0 unknown :-1 s=START_CONNECT pgs=0 cs=0 l=1 rev1=0 crypto rx=0 tx=0 comp rx=0 tx=0).stop
2024-02-19T18:51:07.068 INFO:teuthology.orchestra.run.smithi103.stdout:/usr/bin/ceph: stderr
2024-02-19T18:51:06.123+0000 7f10727fc700 1 -- 172.21.15.103:0/30268332 <== mon.0 v2:172.21.15.103:3300/0 7 ==== mgrmap(e 11) v1 ==== 45190+0+0 (secure 0 0 0) 0x7f106c03b1f0 con 0x7f107c104d30
2024-02-19T18:51:07.068 INFO:teuthology.orchestra.run.smithi103.stdout:/usr/bin/ceph: stderr
2024-02-19T18:51:06.123+0000 7f10727fc700 1 --2- 172.21.15.103:0/30268332 >> [v2:172.21.15.103:6800/3725082940,v1:172.21.15.103:6801/3725082940] conn(0x7f106803bf10 0x7f106803e300 unknown :-1 s=NONE pgs=0 cs=0 l=1 rev1=0 crypto rx=0 tx=0 comp rx=0 tx=0).connect
2024-02-19T18:51:07.068 INFO:teuthology.orchestra.run.smithi103.stdout:/usr/bin/ceph: stderr
2024-02-19T18:51:06.123+0000 7f10727fc700 1 -- 172.21.15.103:0/30268332 --> [v2:172.21.15.103:6800/3725082940,v1:172.21.15.103:6801/3725082940] -- command(tid 0: {"prefix": "get_command_descriptions"}) v1 -- 0x7f106803af00 con 0x7f106803bf10
2024-02-19T18:51:07.068 INFO:teuthology.orchestra.run.smithi103.stdout:/usr/bin/ceph: stderr
2024-02-19T18:51:06.124+0000 7f1080974700 1 --2- 172.21.15.103:0/30268332 >> [v2:172.21.15.103:6800/3725082940,v1:172.21.15.103:6801/3725082940] conn(0x7f106803bf10 0x7f106803e300 unknown :-1 s=BANNER_CONNECTING pgs=0 cs=0 l=1 rev1=0 crypto rx=0 tx=0 comp rx=0 tx=0)._handle_peer_banner_payload supported=3 required=0
2024-02-19T18:51:07.068 INFO:teuthology.orchestra.run.smithi103.stdout:/usr/bin/ceph: stderr
2024-02-19T18:51:06.124+0000 7f1080974700 1 --2- 172.21.15.103:0/30268332 >> [v2:172.21.15.103:6800/3725082940,v1:172.21.15.103:6801/3725082940] conn(0x7f106803bf10 0x7f106803e300 secure :-1 s=READY pgs=3 cs=0 l=1 rev1=1 crypto rx=0x7f1078003a10 tx=0x7f10780092b0 comp rx=0 tx=0).ready entity=mgr.14162 client_cookie=0 server_cookie=0 in_seq=0 out_seq=0
2024-02-19T18:51:07.068 INFO:teuthology.orchestra.run.smithi103.stdout:/usr/bin/ceph: stderr
2024-02-19T18:51:06.125+0000 7f10727fc700 1 -- 172.21.15.103:0/30268332 <== mgr.14162 v2:172.21.15.103:6800/3725082940 1 ==== command_reply(tid 0: 0 ) v1 ==== 8+0+6910 (secure 0 0 0) 0x7f106803af00 con 0x7f106803bf10
2024-02-19T18:51:07.068 INFO:teuthology.orchestra.run.smithi103.stdout:/usr/bin/ceph: stderr
2024-02-19T18:51:06.131+0000 7f10833d9700 1 -- 172.21.15.103:0/30268332 --> [v2:172.21.15.103:6800/3725082940,v1:172.21.15.103:6801/3725082940] -- command(tid 1: {"prefix": "mgr_status"}) v1 -- 0x7f107c19d670 con 0x7f106803bf10
2024-02-19T18:51:07.068 INFO:teuthology.orchestra.run.smithi103.stdout:/usr/bin/ceph: stderr
2024-02-19T18:51:06.131+0000 7f10727fc700 1 -- 172.21.15.103:0/30268332 <== mgr.14162 v2:172.21.15.103:6800/3725082940 2 ==== command_reply(tid 1: 0 ) v1 ==== 8+0+52 (secure 0 0 0) 0x7f107c19d670 con 0x7f106803bf10
2024-02-19T18:51:07.068 INFO:teuthology.orchestra.run.smithi103.stdout:/usr/bin/ceph: stderr
2024-02-19T18:51:06.132+0000 7f10833d9700 1 -- 172.21.15.103:0/30268332 >> [v2:172.21.15.103:6800/3725082940,v1:172.21.15.103:6801/3725082940] conn(0x7f106803bf10 msgr2=0x7f106803e300 secure :-1 s=STATE_CONNECTION_ESTABLISHED l=1).mark_down
2024-02-19T18:51:07.069 INFO:teuthology.orchestra.run.smithi103.stdout:/usr/bin/ceph: stderr
2024-02-19T18:51:06.132+0000 7f10833d9700 1 --2- 172.21.15.103:0/30268332 >> [v2:172.21.15.103:6800/3725082940,v1:172.21.15.103:6801/3725082940] conn(0x7f106803bf10 0x7f106803e300 secure :-1 s=READY pgs=3 cs=0 l=1 rev1=1 crypto rx=0x7f1078003a10 tx=0x7f10780092b0 comp rx=0 tx=0).stop
2024-02-19T18:51:07.069 INFO:teuthology.orchestra.run.smithi103.stdout:/usr/bin/ceph: stderr
2024-02-19T18:51:06.132+0000 7f10833d9700 1 -- 172.21.15.103:0/30268332 >> [v2:172.21.15.103:3300/0,v1:172.21.15.103:6789/0] conn(0x7f107c104d30 msgr2=0x7f107c19c330 secure :-1 s=STATE_CONNECTION_ESTABLISHED l=1).mark_down
2024-02-19T18:51:07.069 INFO:teuthology.orchestra.run.smithi103.stdout:/usr/bin/ceph: stderr
2024-02-19T18:51:06.132+0000 7f10833d9700 1 --2- 172.21.15.103:0/30268332 >> [v2:172.21.15.103:3300/0,v1:172.21.15.103:6789/0] conn(0x7f107c104d30 0x7f107c19c330 secure :-1 s=READY pgs=72 cs=0 l=1 rev1=1 crypto rx=0x7f106c011670 tx=0x7f106c011aa0 comp rx=0 tx=0).stop
2024-02-19T18:51:07.069 INFO:teuthology.orchestra.run.smithi103.stdout:/usr/bin/ceph: stderr
2024-02-19T18:51:06.132+0000 7f10833d9700 1 -- 172.21.15.103:0/30268332 shutdown_connections
2024-02-19T18:51:07.069 INFO:teuthology.orchestra.run.smithi103.stdout:/usr/bin/ceph: stderr
2024-02-19T18:51:06.132+0000 7f10833d9700 1 --2- 172.21.15.103:0/30268332 >> [v2:172.21.15.103:6800/3725082940,v1:172.21.15.103:6801/3725082940] conn(0x7f106803bf10 0x7f106803e300 unknown :-1 s=CLOSED pgs=3 cs=0 l=1 rev1=1 crypto rx=0 tx=0 comp rx=0 tx=0).stop
2024-02-19T18:51:07.069 INFO:teuthology.orchestra.run.smithi103.stdout:/usr/bin/ceph: stderr
2024-02-19T18:51:06.132+0000 7f10833d9700 1 --2- 172.21.15.103:0/30268332 >> [v2:172.21.15.103:3300/0,v1:172.21.15.103:6789/0] conn(0x7f107c104d30 0x7f107c19c330 unknown :-1 s=CLOSED pgs=72 cs=0 l=1 rev1=1 crypto rx=0 tx=0 comp rx=0 tx=0).stop
2024-02-19T18:51:07.069 INFO:teuthology.orchestra.run.smithi103.stdout:/usr/bin/ceph: stderr
