2024-02-19T18:50:34.893+0000 7f2abda5f700 1 -- --> [v2:172.21.15.103:3300/0,v1:172.21.15.103:6789/0] -- mon_getmap magic: 0 v1 -- 0x7f2ab819a690 con 0x7f2ab8106430
2024-02-19T18:50:35.776 INFO:teuthology.orchestra.run.smithi103.stdout:/usr/bin/ceph: stderr
2024-02-19T18:50:34.893+0000 7f2ab6ffd700 1 --2- >> [v2:172.21.15.103:3300/0,v1:172.21.15.103:6789/0] conn(0x7f2ab8106430 0x7f2ab819a150 unknown :-1 s=BANNER_CONNECTING pgs=0 cs=0 l=1 rev1=0 crypto rx=0 tx=0 comp rx=0 tx=0)._handle_peer_banner_payload supported=3 required=0
2024-02-19T18:50:35.776 INFO:teuthology.orchestra.run.smithi103.stdout:/usr/bin/ceph: stderr
2024-02-19T18:50:34.893+0000 7f2ab6ffd700 1 --2- >> [v2:172.21.15.103:3300/0,v1:172.21.15.103:6789/0] conn(0x7f2ab8106430 0x7f2ab819a150 unknown :-1 s=HELLO_CONNECTING pgs=0 cs=0 l=1 rev1=1 crypto rx=0 tx=0 comp rx=0 tx=0).handle_hello peer v2:172.21.15.103:3300/0 says I am v2:172.21.15.103:49268/0 (socket says 172.21.15.103:49268)
2024-02-19T18:50:35.776 INFO:teuthology.orchestra.run.smithi103.stdout:/usr/bin/ceph: stderr
2024-02-19T18:50:34.893+0000 7f2ab6ffd700 1 -- 172.21.15.103:0/1534547011 learned_addr learned my addr 172.21.15.103:0/1534547011 (peer_addr_for_me v2:172.21.15.103:0/0)
2024-02-19T18:50:35.776 INFO:teuthology.orchestra.run.smithi103.stdout:/usr/bin/ceph: stderr
2024-02-19T18:50:34.893+0000 7f2ab6ffd700 1 -- 172.21.15.103:0/1534547011 --> [v2:172.21.15.103:3300/0,v1:172.21.15.103:6789/0] -- mon_subscribe({config=0+,monmap=0+}) v3 -- 0x7f2aa8009550 con 0x7f2ab8106430
2024-02-19T18:50:35.776 INFO:teuthology.orchestra.run.smithi103.stdout:/usr/bin/ceph: stderr
2024-02-19T18:50:34.893+0000 7f2ab6ffd700 1 --2- 172.21.15.103:0/1534547011 >> [v2:172.21.15.103:3300/0,v1:172.21.15.103:6789/0] conn(0x7f2ab8106430 0x7f2ab819a150 secure :-1 s=READY pgs=36 cs=0 l=1 rev1=1 crypto rx=0x7f2aa8009520 tx=0x7f2aa8011ab0 comp rx=0 tx=0).ready entity=mon.0 client_cookie=0 server_cookie=0 in_seq=0 out_seq=0
2024-02-19T18:50:35.776 INFO:teuthology.orchestra.run.smithi103.stdout:/usr/bin/ceph: stderr
2024-02-19T18:50:34.893+0000 7f2abca5d700 1 -- 172.21.15.103:0/1534547011 <== mon.0 v2:172.21.15.103:3300/0 1 ==== mon_map magic: 0 v1 ==== 229+0+0 (secure 0 0 0) 0x7f2aa8003a80 con 0x7f2ab8106430
2024-02-19T18:50:35.776 INFO:teuthology.orchestra.run.smithi103.stdout:/usr/bin/ceph: stderr
2024-02-19T18:50:34.893+0000 7f2abca5d700 1 -- 172.21.15.103:0/1534547011 <== mon.0 v2:172.21.15.103:3300/0 2 ==== config(27 keys) v1 ==== 1037+0+0 (secure 0 0 0) 0x7f2aa8003be0 con 0x7f2ab8106430
2024-02-19T18:50:35.776 INFO:teuthology.orchestra.run.smithi103.stdout:/usr/bin/ceph: stderr
2024-02-19T18:50:34.893+0000 7f2abda5f700 1 -- 172.21.15.103:0/1534547011 --> [v2:172.21.15.103:3300/0,v1:172.21.15.103:6789/0] -- mon_subscribe({mgrmap=0+}) v3 -- 0x7f2ab819a890 con 0x7f2ab8106430
2024-02-19T18:50:35.776 INFO:teuthology.orchestra.run.smithi103.stdout:/usr/bin/ceph: stderr
2024-02-19T18:50:34.893+0000 7f2abca5d700 1 -- 172.21.15.103:0/1534547011 <== mon.0 v2:172.21.15.103:3300/0 3 ==== mon_map magic: 0 v1 ==== 229+0+0 (secure 0 0 0) 0x7f2aa80197b0 con 0x7f2ab8106430
2024-02-19T18:50:35.777 INFO:teuthology.orchestra.run.smithi103.stdout:/usr/bin/ceph: stderr
2024-02-19T18:50:34.894+0000 7f2abda5f700 1 -- 172.21.15.103:0/1534547011 --> [v2:172.21.15.103:3300/0,v1:172.21.15.103:6789/0] -- mon_subscribe({osdmap=0}) v3 -- 0x7f2ab819ad30 con 0x7f2ab8106430
2024-02-19T18:50:35.777 INFO:teuthology.orchestra.run.smithi103.stdout:/usr/bin/ceph: stderr
2024-02-19T18:50:34.894+0000 7f2abca5d700 1 -- 172.21.15.103:0/1534547011 <== mon.0 v2:172.21.15.103:3300/0 4 ==== mgrmap(e 7) v1 ==== 45177+0+0 (secure 0 0 0) 0x7f2aa8019a70 con 0x7f2ab8106430
2024-02-19T18:50:35.777 INFO:teuthology.orchestra.run.smithi103.stdout:/usr/bin/ceph: stderr
2024-02-19T18:50:34.894+0000 7f2abda5f700 1 -- 172.21.15.103:0/1534547011 --> [v2:172.21.15.103:3300/0,v1:172.21.15.103:6789/0] -- mon_command({"prefix": "get_command_descriptions"} v 0) v1 -- 0x7f2ab80623c0 con 0x7f2ab8106430
2024-02-19T18:50:35.777 INFO:teuthology.orchestra.run.smithi103.stdout:/usr/bin/ceph: stderr
2024-02-19T18:50:34.894+0000 7f2abca5d700 1 --2- 172.21.15.103:0/1534547011 >> [v2:172.21.15.103:6800/385514192,v1:172.21.15.103:6801/385514192] conn(0x7f2aa40381a0 0x7f2aa403a660 unknown :-1 s=NONE pgs=0 cs=0 l=1 rev1=0 crypto rx=0 tx=0 comp rx=0 tx=0).connect
2024-02-19T18:50:35.777 INFO:teuthology.orchestra.run.smithi103.stdout:/usr/bin/ceph: stderr
2024-02-19T18:50:34.895+0000 7f2abca5d700 1 -- 172.21.15.103:0/1534547011 <== mon.0 v2:172.21.15.103:3300/0 5 ==== osd_map(2..2 src has 1..2) v4 ==== 940+0+0 (secure 0 0 0) 0x7f2aa804c3b0 con 0x7f2ab8106430
2024-02-19T18:50:35.777 INFO:teuthology.orchestra.run.smithi103.stdout:/usr/bin/ceph: stderr
2024-02-19T18:50:34.895+0000 7f2aae7fc700 1 --2- 172.21.15.103:0/1534547011 >> [v2:172.21.15.103:6800/385514192,v1:172.21.15.103:6801/385514192] conn(0x7f2aa40381a0 0x7f2aa403a660 unknown :-1 s=BANNER_CONNECTING pgs=0 cs=0 l=1 rev1=0 crypto rx=0 tx=0 comp rx=0 tx=0)._handle_peer_banner_payload supported=3 required=0
2024-02-19T18:50:35.777 INFO:teuthology.orchestra.run.smithi103.stdout:/usr/bin/ceph: stderr
2024-02-19T18:50:34.895+0000 7f2aae7fc700 1 --2- 172.21.15.103:0/1534547011 >> [v2:172.21.15.103:6800/385514192,v1:172.21.15.103:6801/385514192] conn(0x7f2aa40381a0 0x7f2aa403a660 secure :-1 s=READY pgs=7 cs=0 l=1 rev1=1 crypto rx=0x7f2aa0006fd0 tx=0x7f2aa0006e40 comp rx=0 tx=0).ready entity=mgr.14118 client_cookie=0 server_cookie=0 in_seq=0 out_seq=0
2024-02-19T18:50:35.777 INFO:teuthology.orchestra.run.smithi103.stdout:/usr/bin/ceph: stderr
2024-02-19T18:50:34.899+0000 7f2abca5d700 1 -- 172.21.15.103:0/1534547011 <== mon.0 v2:172.21.15.103:3300/0 6 ==== mon_command_ack([{"prefix": "get_command_descriptions"}]=0 v0) v1 ==== 72+0+180422 (secure 0 0 0) 0x7f2aa802b750 con 0x7f2ab8106430
2024-02-19T18:50:35.777 INFO:teuthology.orchestra.run.smithi103.stdout:/usr/bin/ceph: stderr
2024-02-19T18:50:35.101+0000 7f2abda5f700 1 -- 172.21.15.103:0/1534547011 --> [v2:172.21.15.103:6800/385514192,v1:172.21.15.103:6801/385514192] -- mgr_command(tid 0: {"prefix": "orch set backend", "module_name": "cephadm", "target": ["mon-mgr", ""]}) v1 -- 0x7f2ab810a830 con 0x7f2aa40381a0
2024-02-19T18:50:35.777 INFO:teuthology.orchestra.run.smithi103.stdout:/usr/bin/ceph: stderr
2024-02-19T18:50:35.106+0000 7f2abca5d700 1 -- 172.21.15.103:0/1534547011 <== mgr.14118 v2:172.21.15.103:6800/385514192 1 ==== mgr_command_reply(tid 0: 0 ) v1 ==== 8+0+0 (secure 0 0 0) 0x7f2ab810a830 con 0x7f2aa40381a0
2024-02-19T18:50:35.777 INFO:teuthology.orchestra.run.smithi103.stdout:/usr/bin/ceph: stderr
2024-02-19T18:50:35.109+0000 7f2abda5f700 1 -- 172.21.15.103:0/1534547011 >> [v2:172.21.15.103:6800/385514192,v1:172.21.15.103:6801/385514192] conn(0x7f2aa40381a0 msgr2=0x7f2aa403a660 secure :-1 s=STATE_CONNECTION_ESTABLISHED l=1).mark_down
2024-02-19T18:50:35.777 INFO:teuthology.orchestra.run.smithi103.stdout:/usr/bin/ceph: stderr
2024-02-19T18:50:35.109+0000 7f2abda5f700 1 --2- 172.21.15.103:0/1534547011 >> [v2:172.21.15.103:6800/385514192,v1:172.21.15.103:6801/385514192] conn(0x7f2aa40381a0 0x7f2aa403a660 secure :-1 s=READY pgs=7 cs=0 l=1 rev1=1 crypto rx=0x7f2aa0006fd0 tx=0x7f2aa0006e40 comp rx=0 tx=0).stop
2024-02-19T18:50:35.778 INFO:teuthology.orchestra.run.smithi103.stdout:/usr/bin/ceph: stderr
2024-02-19T18:50:35.109+0000 7f2abda5f700 1 -- 172.21.15.103:0/1534547011 >> [v2:172.21.15.103:3300/0,v1:172.21.15.103:6789/0] conn(0x7f2ab8106430 msgr2=0x7f2ab819a150 secure :-1 s=STATE_CONNECTION_ESTABLISHED l=1).mark_down
2024-02-19T18:50:35.778 INFO:teuthology.orchestra.run.smithi103.stdout:/usr/bin/ceph: stderr
2024-02-19T18:50:35.109+0000 7f2abda5f700 1 --2- 172.21.15.103:0/1534547011 >> [v2:172.21.15.103:3300/0,v1:172.21.15.103:6789/0] conn(0x7f2ab8106430 0x7f2ab819a150 secure :-1 s=READY pgs=36 cs=0 l=1 rev1=1 crypto rx=0x7f2aa8009520 tx=0x7f2aa8011ab0 comp rx=0 tx=0).stop
2024-02-19T18:50:35.778 INFO:teuthology.orchestra.run.smithi103.stdout:/usr/bin/ceph: stderr
2024-02-19T18:50:35.109+0000 7f2abda5f700 1 -- 172.21.15.103:0/1534547011 shutdown_connections
2024-02-19T18:50:35.778 INFO:teuthology.orchestra.run.smithi103.stdout:/usr/bin/ceph: stderr
2024-02-19T18:50:35.109+0000 7f2abda5f700 1 --2- 172.21.15.103:0/1534547011 >> [v2:172.21.15.103:6800/385514192,v1:172.21.15.103:6801/385514192] conn(0x7f2aa40381a0 0x7f2aa403a660 unknown :-1 s=CLOSED pgs=7 cs=0 l=1 rev1=1 crypto rx=0 tx=0 comp rx=0 tx=0).stop
2024-02-19T18:50:35.778 INFO:teuthology.orchestra.run.smithi103.stdout:/usr/bin/ceph: stderr
2024-02-19T18:50:35.109+0000 7f2abda5f700 1 --2- 172.21.15.103:0/1534547011 >> [v2:172.21.15.103:3300/0,v1:172.21.15.103:6789/0] conn(0x7f2ab8106430 0x7f2ab819a150 unknown :-1 s=CLOSED pgs=36 cs=0 l=1 rev1=1 crypto rx=0 tx=0 comp rx=0 tx=0).stop
2024-02-19T18:50:35.778 INFO:teuthology.orchestra.run.smithi103.stdout:/usr/bin/ceph: stderr
2024-02-19T18:50:35.109+0000 7f2abda5f700 1 -- 172.21.15.103:0/1534547011 >> 172.21.15.103:0/1534547011 conn(0x7f2ab81019b0 msgr2=0x7f2ab81030c0 unknown :-1 s=STATE_NONE l=0).mark_down
2024-02-19T18:50:35.778 INFO:teuthology.orchestra.run.smithi103.stdout:/usr/bin/ceph: stderr
2024-02-19T18:50:35.109+0000 7f2abda5f700 1 -- 172.21.15.103:0/1534547011 shutdown_connections
2024-02-19T18:50:35.778 INFO:teuthology.orchestra.run.smithi103.stdout:/usr/bin/ceph: stderr
2024-02-19T18:50:35.109+0000 7f2abda5f700 1 -- 172.21.15.103:0/1534547011 wait complete.
2024-02-19T18:50:36.377 INFO:journalctl@ceph.mon.smithi103.smithi103.stdout:Feb 19 18:50:36 smithi103 ceph-mon[29203]: from='client.14130 -' entity='client.admin' cmd=[{"prefix": "orch set backend", "module_name": "cephadm", "target": ["mon-mgr", ""]}]: dispatch
2024-02-19T18:50:36.377 INFO:journalctl@ceph.mon.smithi103.smithi103.stdout:Feb 19 18:50:36 smithi103 ceph-mon[29203]: from='mgr.14118 172.21.15.103:0/2875251069' entity='mgr.smithi103.amzash'
2024-02-19T18:50:36.377 INFO:journalctl@ceph.mon.smithi103.smithi103.stdout:Feb 19 18:50:36 smithi103 ceph-mon[29203]: from='mgr.14118 172.21.15.103:0/2875251069' entity='mgr.smithi103.amzash' cmd=[{"prefix": "config dump", "format": "json"}]: dispatch
2024-02-19T18:50:36.377 INFO:journalctl@ceph.mon.smithi103.smithi103.stdout:Feb 19 18:50:36 smithi103 ceph-mon[29203]: mgrmap e8: smithi103.amzash(active, since 2s)
2024-02-19T18:50:36.880 INFO:teuthology.orchestra.run.smithi103.stdout:/usr/bin/ceph: stdout value unchanged
2024-02-19T18:50:36.881 INFO:teuthology.orchestra.run.smithi103.stdout:/usr/bin/ceph: stderr
2024-02-19T18:50:36.160+0000 7f2189dc7700 1 Processor -- start
2024-02-19T18:50:36.881 INFO:teuthology.orchestra.run.smithi103.stdout:/usr/bin/ceph: stderr
2024-02-19T18:50:36.160+0000 7f2189dc7700 1 -- start start
2024-02-19T18:50:36.881 INFO:teuthology.orchestra.run.smithi103.stdout:/usr/bin/ceph: stderr
2024-02-19T18:50:36.160+0000 7f2189dc7700 1 --2- >> [v2:172.21.15.103:3300/0,v1:172.21.15.103:6789/0] conn(0x7f2184105330 0x7f2184105750 unknown :-1 s=NONE pgs=0 cs=0 l=0 rev1=0 crypto rx=0 tx=0 comp rx=0 tx=0).connect
2024-02-19T18:50:36.881 INFO:teuthology.orchestra.run.smithi103.stdout:/usr/bin/ceph: stderr
2024-02-19T18:50:36.160+0000 7f2189dc7700 1 -- --> [v2:172.21.15.103:3300/0,v1:172.21.15.103:6789/0] -- mon_getmap magic: 0 v1 -- 0x7f2184105d20 con 0x7f2184105330
2024-02-19T18:50:36.881 INFO:teuthology.orchestra.run.smithi103.stdout:/usr/bin/ceph: stderr
2024-02-19T18:50:36.160+0000 7f21837fe700 1 --2- >> [v2:172.21.15.103:3300/0,v1:172.21.15.103:6789/0] conn(0x7f2184105330 0x7f2184105750 unknown :-1 s=BANNER_CONNECTING pgs=0 cs=0 l=0 rev1=0 crypto rx=0 tx=0 comp rx=0 tx=0)._handle_peer_banner_payload supported=3 required=0
2024-02-19T18:50:36.881 INFO:teuthology.orchestra.run.smithi103.stdout:/usr/bin/ceph: stderr
2024-02-19T18:50:36.160+0000 7f21837fe700 1 --2- >> [v2:172.21.15.103:3300/0,v1:172.21.15.103:6789/0] conn(0x7f2184105330 0x7f2184105750 unknown :-1 s=HELLO_CONNECTING pgs=0 cs=0 l=0 rev1=1 crypto rx=0 tx=0 comp rx=0 tx=0).handle_hello peer v2:172.21.15.103:3300/0 says I am v2:172.21.15.103:49282/0 (socket says 172.21.15.103:49282)
2024-02-19T18:50:36.881 INFO:teuthology.orchestra.run.smithi103.stdout:/usr/bin/ceph: stderr
2024-02-19T18:50:36.160+0000 7f21837fe700 1 -- 172.21.15.103:0/1673920651 learned_addr learned my addr 172.21.15.103:0/1673920651 (peer_addr_for_me v2:172.21.15.103:0/0)
2024-02-19T18:50:36.881 INFO:teuthology.orchestra.run.smithi103.stdout:/usr/bin/ceph: stderr
2024-02-19T18:50:36.160+0000 7f21837fe700 1 -- 172.21.15.103:0/1673920651 --> [v2:172.21.15.103:3300/0,v1:172.21.15.103:6789/0] -- mon_subscribe({config=0+,monmap=0+}) v3 -- 0x7f2184106530 con 0x7f2184105330
2024-02-19T18:50:36.881 INFO:teuthology.orchestra.run.smithi103.stdout:/usr/bin/ceph: stderr
2024-02-19T18:50:36.161+0000 7f21837fe700 1 --2- 172.21.15.103:0/1673920651 >> [v2:172.21.15.103:3300/0,v1:172.21.15.103:6789/0] conn(0x7f2184105330 0x7f2184105750 secure :-1 s=READY pgs=37 cs=0 l=1 rev1=1 crypto rx=0x7f21740098a0 tx=0x7f2174009bb0 comp rx=0 tx=0).ready entity=mon.0 client_cookie=bbe929c2a1c7a94f server_cookie=0 in_seq=0 out_seq=0
2024-02-19T18:50:36.881 INFO:teuthology.orchestra.run.smithi103.stdout:/usr/bin/ceph: stderr
2024-02-19T18:50:36.161+0000 7f21827fc700 1 -- 172.21.15.103:0/1673920651 <== mon.0 v2:172.21.15.103:3300/0 1 ==== mon_map magic: 0 v1 ==== 229+0+0 (secure 0 0 0) 0x7f2174004180 con 0x7f2184105330
2024-02-19T18:50:36.881 INFO:teuthology.orchestra.run.smithi103.stdout:/usr/bin/ceph: stderr
2024-02-19T18:50:36.161+0000 7f21827fc700 1 -- 172.21.15.103:0/1673920651 <== mon.0 v2:172.21.15.103:3300/0 2 ==== config(27 keys) v1 ==== 1037+0+0 (secure 0 0 0) 0x7f21740042e0 con 0x7f2184105330
2024-02-19T18:50:36.881 INFO:teuthology.orchestra.run.smithi103.stdout:/usr/bin/ceph: stderr
2024-02-19T18:50:36.161+0000 7f21827fc700 1 -- 172.21.15.103:0/1673920651 <== mon.0 v2:172.21.15.103:3300/0 3 ==== mon_map magic: 0 v1 ==== 229+0+0 (secure 0 0 0) 0x7f2174011a50 con 0x7f2184105330
2024-02-19T18:50:36.881 INFO:teuthology.orchestra.run.smithi103.stdout:/usr/bin/ceph: stderr
2024-02-19T18:50:36.161+0000 7f2189dc7700 1 -- 172.21.15.103:0/1673920651 >> [v2:172.21.15.103:3300/0,v1:172.21.15.103:6789/0] conn(0x7f2184105330 msgr2=0x7f2184105750 secure :-1 s=STATE_CONNECTION_ESTABLISHED l=1).mark_down
2024-02-19T18:50:36.881 INFO:teuthology.orchestra.run.smithi103.stdout:/usr/bin/ceph: stderr
2024-02-19T18:50:36.161+0000 7f2189dc7700 1 --2- 172.21.15.103:0/1673920651 >> [v2:172.21.15.103:3300/0,v1:172.21.15.103:6789/0] conn(0x7f2184105330 0x7f2184105750 secure :-1 s=READY pgs=37 cs=0 l=1 rev1=1 crypto rx=0x7f21740098a0 tx=0x7f2174009bb0 comp rx=0 tx=0).stop
2024-02-19T18:50:36.882 INFO:teuthology.orchestra.run.smithi103.stdout:/usr/bin/ceph: stderr
2024-02-19T18:50:36.161+0000 7f2189dc7700 1 -- 172.21.15.103:0/1673920651 shutdown_connections
2024-02-19T18:50:36.882 INFO:teuthology.orchestra.run.smithi103.stdout:/usr/bin/ceph: stderr
2024-02-19T18:50:36.161+0000 7f2189dc7700 1 --2- 172.21.15.103:0/1673920651 >> [v2:172.21.15.103:3300/0,v1:172.21.15.103:6789/0] conn(0x7f2184105330 0x7f2184105750 unknown :-1 s=CLOSED pgs=37 cs=0 l=1 rev1=1 crypto rx=0 tx=0 comp rx=0 tx=0).stop
2024-02-19T18:50:36.882 INFO:teuthology.orchestra.run.smithi103.stdout:/usr/bin/ceph: stderr
2024-02-19T18:50:36.161+0000 7f2189dc7700 1 -- 172.21.15.103:0/1673920651 >> 172.21.15.103:0/1673920651 conn(0x7f21841008b0 msgr2=0x7f2184102d10 unknown :-1 s=STATE_NONE l=0).mark_down
2024-02-19T18:50:36.882 INFO:teuthology.orchestra.run.smithi103.stdout:/usr/bin/ceph: stderr
2024-02-19T18:50:36.161+0000 7f2189dc7700 1 -- 172.21.15.103:0/1673920651 shutdown_connections
2024-02-19T18:50:36.882 INFO:teuthology.orchestra.run.smithi103.stdout:/usr/bin/ceph: stderr
2024-02-19T18:50:36.161+0000 7f2189dc7700 1 -- 172.21.15.103:0/1673920651 wait complete.
2024-02-19T18:50:36.882 INFO:teuthology.orchestra.run.smithi103.stdout:/usr/bin/ceph: stderr
2024-02-19T18:50:36.162+0000 7f2189dc7700 1 Processor -- start
2024-02-19T18:50:36.882 INFO:teuthology.orchestra.run.smithi103.stdout:/usr/bin/ceph: stderr
2024-02-19T18:50:36.162+0000 7f2189dc7700 1 -- start start
2024-02-19T18:50:36.882 INFO:teuthology.orchestra.run.smithi103.stdout:/usr/bin/ceph: stderr
2024-02-19T18:50:36.162+0000 7f2189dc7700 1 --2- >> [v2:172.21.15.103:3300/0,v1:172.21.15.103:6789/0] conn(0x7f2184105330 0x7f2184079ba0 unknown :-1 s=NONE pgs=0 cs=0 l=1 rev1=0 crypto rx=0 tx=0 comp rx=0 tx=0).connect
2024-02-19T18:50:36.882 INFO:teuthology.orchestra.run.smithi103.stdout:/usr/bin/ceph: stderr
2024-02-19T18:50:36.162+0000 7f2189dc7700 1 -- --> [v2:172.21.15.103:3300/0,v1:172.21.15.103:6789/0] -- mon_getmap magic: 0 v1 -- 0x7f218419ce20 con 0x7f2184105330
2024-02-19T18:50:36.882 INFO:teuthology.orchestra.run.smithi103.stdout:/usr/bin/ceph: stderr
2024-02-19T18:50:36.162+0000 7f21837fe700 1 --2- >> [v2:172.21.15.103:3300/0,v1:172.21.15.103:6789/0] conn(0x7f2184105330 0x7f2184079ba0 unknown :-1 s=BANNER_CONNECTING pgs=0 cs=0 l=1 rev1=0 crypto rx=0 tx=0 comp rx=0 tx=0)._handle_peer_banner_payload supported=3 required=0
2024-02-19T18:50:36.882 INFO:teuthology.orchestra.run.smithi103.stdout:/usr/bin/ceph: stderr
2024-02-19T18:50:36.162+0000 7f21837fe700 1 --2- >> [v2:172.21.15.103:3300/0,v1:172.21.15.103:6789/0] conn(0x7f2184105330 0x7f2184079ba0 unknown :-1 s=HELLO_CONNECTING pgs=0 cs=0 l=1 rev1=1 crypto rx=0 tx=0 comp rx=0 tx=0).handle_hello peer v2:172.21.15.103:3300/0 says I am v2:172.21.15.103:49288/0 (socket says 172.21.15.103:49288)
2024-02-19T18:50:36.882 INFO:teuthology.orchestra.run.smithi103.stdout:/usr/bin/ceph: stderr
2024-02-19T18:50:36.162+0000 7f21837fe700 1 -- 172.21.15.103:0/4056470547 learned_addr learned my addr 172.21.15.103:0/4056470547 (peer_addr_for_me v2:172.21.15.103:0/0)
2024-02-19T18:50:36.882 INFO:teuthology.orchestra.run.smithi103.stdout:/usr/bin/ceph: stderr
2024-02-19T18:50:36.163+0000 7f21837fe700 1 -- 172.21.15.103:0/4056470547 --> [v2:172.21.15.103:3300/0,v1:172.21.15.103:6789/0] -- mon_subscribe({config=0+,monmap=0+}) v3 -- 0x7f2174009550 con 0x7f2184105330
2024-02-19T18:50:36.882 INFO:teuthology.orchestra.run.smithi103.stdout:/usr/bin/ceph: stderr
2024-02-19T18:50:36.163+0000 7f21837fe700 1 --2- 172.21.15.103:0/4056470547 >> [v2:172.21.15.103:3300/0,v1:172.21.15.103:6789/0] conn(0x7f2184105330 0x7f2184079ba0 secure :-1 s=READY pgs=38 cs=0 l=1 rev1=1 crypto rx=0x7f2174003de0 tx=0x7f2174011ab0 comp rx=0 tx=0).ready entity=mon.0 client_cookie=0 server_cookie=0 in_seq=0 out_seq=0
2024-02-19T18:50:36.882 INFO:teuthology.orchestra.run.smithi103.stdout:/usr/bin/ceph: stderr
2024-02-19T18:50:36.163+0000 7f2180ff9700 1 -- 172.21.15.103:0/4056470547 <== mon.0 v2:172.21.15.103:3300/0 1 ==== mon_map magic: 0 v1 ==== 229+0+0 (secure 0 0 0) 0x7f2174003930 con 0x7f2184105330
2024-02-19T18:50:36.882 INFO:teuthology.orchestra.run.smithi103.stdout:/usr/bin/ceph: stderr
2024-02-19T18:50:36.163+0000 7f2180ff9700 1 -- 172.21.15.103:0/4056470547 <== mon.0 v2:172.21.15.103:3300/0 2 ==== config(27 keys) v1 ==== 1037+0+0 (secure 0 0 0) 0x7f2174003a90 con 0x7f2184105330
2024-02-19T18:50:36.883 INFO:teuthology.orchestra.run.smithi103.stdout:/usr/bin/ceph: stderr
2024-02-19T18:50:36.163+0000 7f2189dc7700 1 -- 172.21.15.103:0/4056470547 --> [v2:172.21.15.103:3300/0,v1:172.21.15.103:6789/0] -- mon_subscribe({mgrmap=0+}) v3 -- 0x7f218419cf60 con 0x7f2184105330
2024-02-19T18:50:36.883 INFO:teuthology.orchestra.run.smithi103.stdout:/usr/bin/ceph: stderr
2024-02-19T18:50:36.163+0000 7f2180ff9700 1 -- 172.21.15.103:0/4056470547 <== mon.0 v2:172.21.15.103:3300/0 3 ==== mon_map magic: 0 v1 ==== 229+0+0 (secure 0 0 0) 0x7f21740196c0 con 0x7f2184105330
2024-02-19T18:50:36.883 INFO:teuthology.orchestra.run.smithi103.stdout:/usr/bin/ceph: stderr
2024-02-19T18:50:36.163+0000 7f2189dc7700 1 -- 172.21.15.103:0/4056470547 --> [v2:172.21.15.103:3300/0,v1:172.21.15.103:6789/0] -- mon_subscribe({osdmap=0}) v3 -- 0x7f218419d400 con 0x7f2184105330
2024-02-19T18:50:36.883 INFO:teuthology.orchestra.run.smithi103.stdout:/usr/bin/ceph: stderr
2024-02-19T18:50:36.164+0000 7f2180ff9700 1 -- 172.21.15.103:0/4056470547 <== mon.0 v2:172.21.15.103:3300/0 4 ==== mgrmap(e 8) v1 ==== 45283+0+0 (secure 0 0 0) 0x7f2174019930 con 0x7f2184105330
2024-02-19T18:50:36.883 INFO:teuthology.orchestra.run.smithi103.stdout:/usr/bin/ceph: stderr
2024-02-19T18:50:36.164+0000 7f2189dc7700 1 -- 172.21.15.103:0/4056470547 --> [v2:172.21.15.103:3300/0,v1:172.21.15.103:6789/0] -- mon_command({"prefix": "get_command_descriptions"} v 0) v1 -- 0x7f21840623c0 con 0x7f2184105330
2024-02-19T18:50:36.883 INFO:teuthology.orchestra.run.smithi103.stdout:/usr/bin/ceph: stderr
2024-02-19T18:50:36.164+0000 7f2180ff9700 1 --2- 172.21.15.103:0/4056470547 >> [v2:172.21.15.103:6800/385514192,v1:172.21.15.103:6801/385514192] conn(0x7f216c038370 0x7f216c03a830 unknown :-1 s=NONE pgs=0 cs=0 l=1 rev1=0 crypto rx=0 tx=0 comp rx=0 tx=0).connect
2024-02-19T18:50:36.883 INFO:teuthology.orchestra.run.smithi103.stdout:/usr/bin/ceph: stderr
2024-02-19T18:50:36.164+0000 7f2180ff9700 1 -- 172.21.15.103:0/4056470547 <== mon.0 v2:172.21.15.103:3300/0 5 ==== osd_map(2..2 src has 1..2) v4 ==== 940+0+0 (secure 0 0 0) 0x7f217404c390 con 0x7f2184105330
2024-02-19T18:50:36.883 INFO:teuthology.orchestra.run.smithi103.stdout:/usr/bin/ceph: stderr
2024-02-19T18:50:36.164+0000 7f2182ffd700 1 --2- 172.21.15.103:0/4056470547 >> [v2:172.21.15.103:6800/385514192,v1:172.21.15.103:6801/385514192] conn(0x7f216c038370 0x7f216c03a830 unknown :-1 s=BANNER_CONNECTING pgs=0 cs=0 l=1 rev1=0 crypto rx=0 tx=0 comp rx=0 tx=0)._handle_peer_banner_payload supported=3 required=0
2024-02-19T18:50:36.883 INFO:teuthology.orchestra.run.smithi103.stdout:/usr/bin/ceph: stderr
2024-02-19T18:50:36.164+0000 7f2182ffd700 1 --2- 172.21.15.103:0/4056470547 >> [v2:172.21.15.103:6800/385514192,v1:172.21.15.103:6801/385514192] conn(0x7f216c038370 0x7f216c03a830 secure :-1 s=READY pgs=8 cs=0 l=1 rev1=1 crypto rx=0x7f2178006fd0 tx=0x7f2178006e40 comp rx=0 tx=0).ready entity=mgr.14118 client_cookie=0 server_cookie=0 in_seq=0 out_seq=0
2024-02-19T18:50:36.883 INFO:teuthology.orchestra.run.smithi103.stdout:/usr/bin/ceph: stderr
2024-02-19T18:50:36.169+0000 7f2180ff9700 1 -- 172.21.15.103:0/4056470547 <== mon.0 v2:172.21.15.103:3300/0 6 ==== mon_command_ack([{"prefix": "get_command_descriptions"}]=0 v0) v1 ==== 72+0+180422 (secure 0 0 0) 0x7f2174010de0 con 0x7f2184105330
2024-02-19T18:50:36.883 INFO:teuthology.orchestra.run.smithi103.stdout:/usr/bin/ceph: stderr
2024-02-19T18:50:36.361+0000 7f2189dc7700 1 -- 172.21.15.103:0/4056470547 --> [v2:172.21.15.103:6800/385514192,v1:172.21.15.103:6801/385514192] -- mgr_command(tid 0: {"prefix": "cephadm set-user", "user": "root", "target": ["mon-mgr", ""]}) v1 -- 0x7f2184102bc0 con 0x7f216c038370
2024-02-19T18:50:36.883 INFO:teuthology.orchestra.run.smithi103.stdout:/usr/bin/ceph: stderr
2024-02-19T18:50:36.361+0000 7f2180ff9700 1 -- 172.21.15.103:0/4056470547 <== mgr.14118 v2:172.21.15.103:6800/385514192 1 ==== mgr_command_reply(tid 0: 0 ) v1 ==== 8+0+16 (secure 0 0 0) 0x7f2184102bc0 con 0x7f216c038370
2024-02-19T18:50:36.883 INFO:teuthology.orchestra.run.smithi103.stdout:/usr/bin/ceph: stderr
2024-02-19T18:50:36.363+0000 7f2189dc7700 1 -- 172.21.15.103:0/4056470547 >> [v2:172.21.15.103:6800/385514192,v1:172.21.15.103:6801/385514192] conn(0x7f216c038370 msgr2=0x7f216c03a830 secure :-1 s=STATE_CONNECTION_ESTABLISHED l=1).mark_down
2024-02-19T18:50:36.883 INFO:teuthology.orchestra.run.smithi103.stdout:/usr/bin/ceph: stderr
2024-02-19T18:50:36.363+0000 7f2189dc7700 1 --2- 172.21.15.103:0/4056470547 >> [v2:172.21.15.103:6800/385514192,v1:172.21.15.103:6801/385514192] conn(0x7f216c038370 0x7f216c03a830 secure :-1 s=READY pgs=8 cs=0 l=1 rev1=1 crypto rx=0x7f2178006fd0 tx=0x7f2178006e40 comp rx=0 tx=0).stop
2024-02-19T18:50:36.883 INFO:teuthology.orchestra.run.smithi103.stdout:/usr/bin/ceph: stderr
2024-02-19T18:50:36.363+0000 7f2189dc7700 1 -- 172.21.15.103:0/4056470547 >> [v2:172.21.15.103:3300/0,v1:172.21.15.103:6789/0] conn(0x7f2184105330 msgr2=0x7f2184079ba0 secure :-1 s=STATE_CONNECTION_ESTABLISHED l=1).mark_down
2024-02-19T18:50:36.884 INFO:teuthology.orchestra.run.smithi103.stdout:/usr/bin/ceph: stderr
2024-02-19T18:50:36.363+0000 7f2189dc7700 1 --2- 172.21.15.103:0/4056470547 >> [v2:172.21.15.103:3300/0,v1:172.21.15.103:6789/0] conn(0x7f2184105330 0x7f2184079ba0 secure :-1 s=READY pgs=38 cs=0 l=1 rev1=1 crypto rx=0x7f2174003de0 tx=0x7f2174011ab0 comp rx=0 tx=0).stop
2024-02-19T18:50:36.884 INFO:teuthology.orchestra.run.smithi103.stdout:/usr/bin/ceph: stderr
2024-02-19T18:50:36.364+0000 7f2189dc7700 1 -- 172.21.15.103:0/4056470547 shutdown_connections
2024-02-19T18:50:36.884 INFO:teuthology.orchestra.run.smithi103.stdout:/usr/bin/ceph: stderr
2024-02-19T18:50:36.364+0000 7f2189dc7700 1 --2- 172.21.15.103:0/4056470547 >> [v2:172.21.15.103:6800/385514192,v1:172.21.15.103:6801/385514192] conn(0x7f216c038370 0x7f216c03a830 unknown :-1 s=CLOSED pgs=8 cs=0 l=1 rev1=1 crypto rx=0 tx=0 comp rx=0 tx=0).stop
2024-02-19T18:50:36.884 INFO:teuthology.orchestra.run.smithi103.stdout:/usr/bin/ceph: stderr
2024-02-19T18:50:36.364+0000 7f2189dc7700 1 --2- 172.21.15.103:0/4056470547 >> [v2:172.21.15.103:3300/0,v1:172.21.15.103:6789/0] conn(0x7f2184105330 0x7f2184079ba0 unknown :-1 s=CLOSED pgs=38 cs=0 l=1 rev1=1 crypto rx=0 tx=0 comp rx=0 tx=0).stop
2024-02-19T18:50:36.884 INFO:teuthology.orchestra.run.smithi103.stdout:/usr/bin/ceph: stderr
2024-02-19T18:50:36.364+0000 7f2189dc7700 1 -- 172.21.15.103:0/4056470547 >> 172.21.15.103:0/4056470547 conn(0x7f21841008b0 msgr2=0x7f2184101fa0 unknown :-1 s=STATE_NONE l=0).mark_down
2024-02-19T18:50:36.884 INFO:teuthology.orchestra.run.smithi103.stdout:/usr/bin/ceph: stderr
2024-02-19T18:50:36.364+0000 7f2189dc7700 1 -- 172.21.15.103:0/4056470547 shutdown_connections
2024-02-19T18:50:36.884 INFO:teuthology.orchestra.run.smithi103.stdout:/usr/bin/ceph: stderr
2024-02-19T18:50:36.364+0000 7f2189dc7700 1 -- 172.21.15.103:0/4056470547 wait complete.
2024-02-19T18:50:36.884 INFO:teuthology.orchestra.run.smithi103.stdout:Generating ssh key...
2024-02-19T18:50:37.520 INFO:journalctl@ceph.mon.smithi103.smithi103.stdout:Feb 19 18:50:37 smithi103 ceph-mon[29203]: from='client.14132 -' entity='client.admin' cmd=[{"prefix": "cephadm set-user", "user": "root", "target": ["mon-mgr", ""]}]: dispatch
2024-02-19T18:50:38.495 INFO:teuthology.orchestra.run.smithi103.stdout:/usr/bin/ceph: stderr
2024-02-19T18:50:37.308+0000 7f64ff8f5700 1 Processor -- start
2024-02-19T18:50:38.495 INFO:teuthology.orchestra.run.smithi103.stdout:/usr/bin/ceph: stderr
2024-02-19T18:50:37.308+0000 7f64ff8f5700 1 -- start start
2024-02-19T18:50:38.495 INFO:teuthology.orchestra.run.smithi103.stdout:/usr/bin/ceph: stderr
2024-02-19T18:50:37.308+0000 7f64ff8f5700 1 --2- >> [v2:172.21.15.103:3300/0,v1:172.21.15.103:6789/0] conn(0x7f64f8106f60 0x7f64f8109350 unknown :-1 s=NONE pgs=0 cs=0 l=0 rev1=0 crypto rx=0 tx=0 comp rx=0 tx=0).connect
2024-02-19T18:50:38.496 INFO:teuthology.orchestra.run.smithi103.stdout:/usr/bin/ceph: stderr
2024-02-19T18:50:37.308+0000 7f64ff8f5700 1 -- --> [v2:172.21.15.103:3300/0,v1:172.21.15.103:6789/0] -- mon_getmap magic: 0 v1 -- 0x7f64f8079e00 con 0x7f64f8106f60
2024-02-19T18:50:38.496 INFO:teuthology.orchestra.run.smithi103.stdout:/usr/bin/ceph: stderr
2024-02-19T18:50:37.308+0000 7f64fd691700 1 --2- >> [v2:172.21.15.103:3300/0,v1:172.21.15.103:6789/0] conn(0x7f64f8106f60 0x7f64f8109350 unknown :-1 s=BANNER_CONNECTING pgs=0 cs=0 l=0 rev1=0 crypto rx=0 tx=0 comp rx=0 tx=0)._handle_peer_banner_payload supported=3 required=0
2024-02-19T18:50:38.496 INFO:teuthology.orchestra.run.smithi103.stdout:/usr/bin/ceph: stderr
2024-02-19T18:50:37.308+0000 7f64fd691700 1 --2- >> [v2:172.21.15.103:3300/0,v1:172.21.15.103:6789/0] conn(0x7f64f8106f60 0x7f64f8109350 unknown :-1 s=HELLO_CONNECTING pgs=0 cs=0 l=0 rev1=1 crypto rx=0 tx=0 comp rx=0 tx=0).handle_hello peer v2:172.21.15.103:3300/0 says I am v2:172.21.15.103:49290/0 (socket says 172.21.15.103:49290)
2024-02-19T18:50:38.496 INFO:teuthology.orchestra.run.smithi103.stdout:/usr/bin/ceph: stderr
2024-02-19T18:50:37.308+0000 7f64fd691700 1 -- 172.21.15.103:0/3970185591 learned_addr learned my addr 172.21.15.103:0/3970185591 (peer_addr_for_me v2:172.21.15.103:0/0)
2024-02-19T18:50:38.496 INFO:teuthology.orchestra.run.smithi103.stdout:/usr/bin/ceph: stderr
2024-02-19T18:50:37.309+0000 7f64fd691700 1 -- 172.21.15.103:0/3970185591 --> [v2:172.21.15.103:3300/0,v1:172.21.15.103:6789/0] -- mon_subscribe({config=0+,monmap=0+}) v3 -- 0x7f64f8079f40 con 0x7f64f8106f60
2024-02-19T18:50:38.496 INFO:teuthology.orchestra.run.smithi103.stdout:/usr/bin/ceph: stderr
2024-02-19T18:50:37.309+0000 7f64fd691700 1 --2- 172.21.15.103:0/3970185591 >> [v2:172.21.15.103:3300/0,v1:172.21.15.103:6789/0] conn(0x7f64f8106f60 0x7f64f8109350 secure :-1 s=READY pgs=39 cs=0 l=1 rev1=1 crypto rx=0x7f64f0009e80 tx=0x7f64f000b330 comp rx=0 tx=0).ready entity=mon.0 client_cookie=5827b440ccb8bed0 server_cookie=0 in_seq=0 out_seq=0
2024-02-19T18:50:38.496 INFO:teuthology.orchestra.run.smithi103.stdout:/usr/bin/ceph: stderr
2024-02-19T18:50:37.309+0000 7f64effff700 1 -- 172.21.15.103:0/3970185591 <== mon.0 v2:172.21.15.103:3300/0 1 ==== mon_map magic: 0 v1 ==== 229+0+0 (secure 0 0 0) 0x7f64f000e070 con 0x7f64f8106f60
2024-02-19T18:50:38.496 INFO:teuthology.orchestra.run.smithi103.stdout:/usr/bin/ceph: stderr
2024-02-19T18:50:37.309+0000 7f64effff700 1 -- 172.21.15.103:0/3970185591 <== mon.0 v2:172.21.15.103:3300/0 2 ==== config(27 keys) v1 ==== 1037+0+0 (secure 0 0 0) 0x7f64f0003e90 con 0x7f64f8106f60
2024-02-19T18:50:38.496 INFO:teuthology.orchestra.run.smithi103.stdout:/usr/bin/ceph: stderr
2024-02-19T18:50:37.309+0000 7f64effff700 1 -- 172.21.15.103:0/3970185591 <== mon.0 v2:172.21.15.103:3300/0 3 ==== mon_map magic: 0 v1 ==== 229+0+0 (secure 0 0 0) 0x7f64f0004380 con 0x7f64f8106f60
2024-02-19T18:50:38.496 INFO:teuthology.orchestra.run.smithi103.stdout:/usr/bin/ceph: stderr
2024-02-19T18:50:37.309+0000 7f64ff8f5700 1 -- 172.21.15.103:0/3970185591 >> [v2:172.21.15.103:3300/0,v1:172.21.15.103:6789/0] conn(0x7f64f8106f60 msgr2=0x7f64f8109350 secure :-1 s=STATE_CONNECTION_ESTABLISHED l=1).mark_down
2024-02-19T18:50:38.496 INFO:teuthology.orchestra.run.smithi103.stdout:/usr/bin/ceph: stderr
2024-02-19T18:50:37.309+0000 7f64ff8f5700 1 --2- 172.21.15.103:0/3970185591 >> [v2:172.21.15.103:3300/0,v1:172.21.15.103:6789/0] conn(0x7f64f8106f60 0x7f64f8109350 secure :-1 s=READY pgs=39 cs=0 l=1 rev1=1 crypto rx=0x7f64f0009e80 tx=0x7f64f000b330 comp rx=0 tx=0).stop
2024-02-19T18:50:38.496 INFO:teuthology.orchestra.run.smithi103.stdout:/usr/bin/ceph: stderr
2024-02-19T18:50:37.310+0000 7f64ff8f5700 1 -- 172.21.15.103:0/3970185591 shutdown_connections
2024-02-19T18:50:38.496 INFO:teuthology.orchestra.run.smithi103.stdout:/usr/bin/ceph: stderr
2024-02-19T18:50:37.310+0000 7f64ff8f5700 1 --2- 172.21.15.103:0/3970185591 >> [v2:172.21.15.103:3300/0,v1:172.21.15.103:6789/0] conn(0x7f64f8106f60 0x7f64f8109350 unknown :-1 s=CLOSED pgs=39 cs=0 l=1 rev1=1 crypto rx=0 tx=0 comp rx=0 tx=0).stop
2024-02-19T18:50:38.497 INFO:teuthology.orchestra.run.smithi103.stdout:/usr/bin/ceph: stderr
2024-02-19T18:50:37.310+0000 7f64ff8f5700 1 -- 172.21.15.103:0/3970185591 >> 172.21.15.103:0/3970185591 conn(0x7f64f81008b0 msgr2=0x7f64f8102d10 unknown :-1 s=STATE_NONE l=0).mark_down
2024-02-19T18:50:38.497 INFO:teuthology.orchestra.run.smithi103.stdout:/usr/bin/ceph: stderr
2024-02-19T18:50:37.310+0000 7f64ff8f5700 1 -- 172.21.15.103:0/3970185591 shutdown_connections
2024-02-19T18:50:38.497 INFO:teuthology.orchestra.run.smithi103.stdout:/usr/bin/ceph: stderr
2024-02-19T18:50:37.310+0000 7f64ff8f5700 1 -- 172.21.15.103:0/3970185591 wait complete.
2024-02-19T18:50:38.497 INFO:teuthology.orchestra.run.smithi103.stdout:/usr/bin/ceph: stderr
2024-02-19T18:50:37.310+0000 7f64ff8f5700 1 Processor -- start
2024-02-19T18:50:38.497 INFO:teuthology.orchestra.run.smithi103.stdout:/usr/bin/ceph: stderr
2024-02-19T18:50:37.310+0000 7f64ff8f5700 1 -- start start
2024-02-19T18:50:38.497 INFO:teuthology.orchestra.run.smithi103.stdout:/usr/bin/ceph: stderr
2024-02-19T18:50:37.310+0000 7f64ff8f5700 1 --2- >> [v2:172.21.15.103:3300/0,v1:172.21.15.103:6789/0] conn(0x7f64f8106f60 0x7f64f819a0a0 unknown :-1 s=NONE pgs=0 cs=0 l=1 rev1=0 crypto rx=0 tx=0 comp rx=0 tx=0).connect
2024-02-19T18:50:38.497 INFO:teuthology.orchestra.run.smithi103.stdout:/usr/bin/ceph: stderr
2024-02-19T18:50:37.310+0000 7f64ff8f5700 1 -- --> [v2:172.21.15.103:3300/0,v1:172.21.15.103:6789/0] -- mon_getmap magic: 0 v1 -- 0x7f64f819a5e0 con 0x7f64f8106f60
2024-02-19T18:50:38.497 INFO:teuthology.orchestra.run.smithi103.stdout:/usr/bin/ceph: stderr
2024-02-19T18:50:37.310+0000 7f64fd691700 1 --2- >> [v2:172.21.15.103:3300/0,v1:172.21.15.103:6789/0] conn(0x7f64f8106f60 0x7f64f819a0a0 unknown :-1 s=BANNER_CONNECTING pgs=0 cs=0 l=1 rev1=0 crypto rx=0 tx=0 comp rx=0 tx=0)._handle_peer_banner_payload supported=3 required=0
2024-02-19T18:50:38.497 INFO:teuthology.orchestra.run.smithi103.stdout:/usr/bin/ceph: stderr
2024-02-19T18:50:37.311+0000 7f64fd691700 1 --2- >> [v2:172.21.15.103:3300/0,v1:172.21.15.103:6789/0] conn(0x7f64f8106f60 0x7f64f819a0a0 unknown :-1 s=HELLO_CONNECTING pgs=0 cs=0 l=1 rev1=1 crypto rx=0 tx=0 comp rx=0 tx=0).handle_hello peer v2:172.21.15.103:3300/0 says I am v2:172.21.15.103:49298/0 (socket says 172.21.15.103:49298)
2024-02-19T18:50:38.497 INFO:teuthology.orchestra.run.smithi103.stdout:/usr/bin/ceph: stderr
2024-02-19T18:50:37.311+0000 7f64fd691700 1 -- 172.21.15.103:0/1372697588 learned_addr learned my addr 172.21.15.103:0/1372697588 (peer_addr_for_me v2:172.21.15.103:0/0)
2024-02-19T18:50:38.497 INFO:teuthology.orchestra.run.smithi103.stdout:/usr/bin/ceph: stderr
2024-02-19T18:50:37.311+0000 7f64fd691700 1 -- 172.21.15.103:0/1372697588 --> [v2:172.21.15.103:3300/0,v1:172.21.15.103:6789/0] -- mon_subscribe({config=0+,monmap=0+}) v3 -- 0x7f64f0009b30 con 0x7f64f8106f60
2024-02-19T18:50:38.497 INFO:teuthology.orchestra.run.smithi103.stdout:/usr/bin/ceph: stderr
2024-02-19T18:50:37.311+0000 7f64fd691700 1 --2- 172.21.15.103:0/1372697588 >> [v2:172.21.15.103:3300/0,v1:172.21.15.103:6789/0] conn(0x7f64f8106f60 0x7f64f819a0a0 secure :-1 s=READY pgs=40 cs=0 l=1 rev1=1 crypto rx=0x7f64f000d010 tx=0x7f64f0004430 comp rx=0 tx=0).ready entity=mon.0 client_cookie=0 server_cookie=0 in_seq=0 out_seq=0
2024-02-19T18:50:38.497 INFO:teuthology.orchestra.run.smithi103.stdout:/usr/bin/ceph: stderr
2024-02-19T18:50:37.311+0000 7f64ee7fc700 1 -- 172.21.15.103:0/1372697588 <== mon.0 v2:172.21.15.103:3300/0 1 ==== mon_map magic: 0 v1 ==== 229+0+0 (secure 0 0 0) 0x7f64f000e040 con 0x7f64f8106f60
2024-02-19T18:50:38.497 INFO:teuthology.orchestra.run.smithi103.stdout:/usr/bin/ceph: stderr
2024-02-19T18:50:37.311+0000 7f64ee7fc700 1 -- 172.21.15.103:0/1372697588 <== mon.0 v2:172.21.15.103:3300/0 2 ==== config(27 keys) v1 ==== 1037+0+0 (secure 0 0 0) 0x7f64f0003c30 con 0x7f64f8106f60
2024-02-19T18:50:38.497 INFO:teuthology.orchestra.run.smithi103.stdout:/usr/bin/ceph: stderr
2024-02-19T18:50:37.311+0000 7f64ff8f5700 1 -- 172.21.15.103:0/1372697588 --> [v2:172.21.15.103:3300/0,v1:172.21.15.103:6789/0] -- mon_subscribe({mgrmap=0+}) v3 -- 0x7f64f819a7e0 con 0x7f64f8106f60
2024-02-19T18:50:38.498 INFO:teuthology.orchestra.run.smithi103.stdout:/usr/bin/ceph: stderr
2024-02-19T18:50:37.311+0000 7f64ee7fc700 1 -- 172.21.15.103:0/1372697588 <== mon.0 v2:172.21.15.103:3300/0 3 ==== mon_map magic: 0 v1 ==== 229+0+0 (secure 0 0 0) 0x7f64f001b790 con 0x7f64f8106f60
2024-02-19T18:50:38.498 INFO:teuthology.orchestra.run.smithi103.stdout:/usr/bin/ceph: stderr
2024-02-19T18:50:37.311+0000 7f64ff8f5700 1 -- 172.21.15.103:0/1372697588 --> [v2:172.21.15.103:3300/0,v1:172.21.15.103:6789/0] -- mon_subscribe({osdmap=0}) v3 -- 0x7f64f819ace0 con 0x7f64f8106f60
2024-02-19T18:50:38.498 INFO:teuthology.orchestra.run.smithi103.stdout:/usr/bin/ceph: stderr
2024-02-19T18:50:37.312+0000 7f64ee7fc700 1 -- 172.21.15.103:0/1372697588 <== mon.0 v2:172.21.15.103:3300/0 4 ==== mgrmap(e 8) v1 ==== 45283+0+0 (secure 0 0 0) 0x7f64f0019040 con 0x7f64f8106f60
2024-02-19T18:50:38.498 INFO:teuthology.orchestra.run.smithi103.stdout:/usr/bin/ceph: stderr
2024-02-19T18:50:37.312+0000 7f64ff8f5700 1 -- 172.21.15.103:0/1372697588 --> [v2:172.21.15.103:3300/0,v1:172.21.15.103:6789/0] -- mon_command({"prefix": "get_command_descriptions"} v 0) v1 -- 0x7f64f810a570 con 0x7f64f8106f60
2024-02-19T18:50:38.498 INFO:teuthology.orchestra.run.smithi103.stdout:/usr/bin/ceph: stderr
2024-02-19T18:50:37.312+0000 7f64ee7fc700 1 --2- 172.21.15.103:0/1372697588 >> [v2:172.21.15.103:6800/385514192,v1:172.21.15.103:6801/385514192] conn(0x7f64e40382e0 0x7f64e403a7a0 unknown :-1 s=NONE pgs=0 cs=0 l=1 rev1=0 crypto rx=0 tx=0 comp rx=0 tx=0).connect
2024-02-19T18:50:38.498 INFO:teuthology.orchestra.run.smithi103.stdout:/usr/bin/ceph: stderr
2024-02-19T18:50:37.312+0000 7f64ee7fc700 1 -- 172.21.15.103:0/1372697588 <== mon.0 v2:172.21.15.103:3300/0 5 ==== osd_map(2..2 src has 1..2) v4 ==== 940+0+0 (secure 0 0 0) 0x7f64f004bf90 con 0x7f64f8106f60
2024-02-19T18:50:38.498 INFO:teuthology.orchestra.run.smithi103.stdout:/usr/bin/ceph: stderr
2024-02-19T18:50:37.312+0000 7f64fce90700 1 --2- 172.21.15.103:0/1372697588 >> [v2:172.21.15.103:6800/385514192,v1:172.21.15.103:6801/385514192] conn(0x7f64e40382e0 0x7f64e403a7a0 unknown :-1 s=BANNER_CONNECTING pgs=0 cs=0 l=1 rev1=0 crypto rx=0 tx=0 comp rx=0 tx=0)._handle_peer_banner_payload supported=3 required=0
2024-02-19T18:50:38.498 INFO:teuthology.orchestra.run.smithi103.stdout:/usr/bin/ceph: stderr
2024-02-19T18:50:37.312+0000 7f64fce90700 1 --2- 172.21.15.103:0/1372697588 >> [v2:172.21.15.103:6800/385514192,v1:172.21.15.103:6801/385514192] conn(0x7f64e40382e0 0x7f64e403a7a0 secure :-1 s=READY pgs=9 cs=0 l=1 rev1=1 crypto rx=0x7f64e8006fd0 tx=0x7f64e8006e40 comp rx=0 tx=0).ready entity=mgr.14118 client_cookie=0 server_cookie=0 in_seq=0 out_seq=0
2024-02-19T18:50:38.498 INFO:teuthology.orchestra.run.smithi103.stdout:/usr/bin/ceph: stderr
2024-02-19T18:50:37.317+0000 7f64ee7fc700 1 -- 172.21.15.103:0/1372697588 <== mon.0 v2:172.21.15.103:3300/0 6 ==== mon_command_ack([{"prefix": "get_command_descriptions"}]=0 v0) v1 ==== 72+0+180422 (secure 0 0 0) 0x7f64f007f0e0 con 0x7f64f8106f60
2024-02-19T18:50:38.498 INFO:teuthology.orchestra.run.smithi103.stdout:/usr/bin/ceph: stderr
2024-02-19T18:50:37.504+0000 7f64ff8f5700 1 -- 172.21.15.103:0/1372697588 --> [v2:172.21.15.103:6800/385514192,v1:172.21.15.103:6801/385514192] -- mgr_command(tid 0: {"prefix": "cephadm generate-key", "target": ["mon-mgr", ""]}) v1 -- 0x7f64f8101db0 con 0x7f64e40382e0
2024-02-19T18:50:38.498 INFO:teuthology.orchestra.run.smithi103.stdout:/usr/bin/ceph: stderr
2024-02-19T18:50:37.877+0000 7f64ee7fc700 1 -- 172.21.15.103:0/1372697588 <== mgr.14118 v2:172.21.15.103:6800/385514192 1 ==== mgr_command_reply(tid 0: 0 ) v1 ==== 8+0+0 (secure 0 0 0) 0x7f64f8101db0 con 0x7f64e40382e0
2024-02-19T18:50:38.498 INFO:teuthology.orchestra.run.smithi103.stdout:/usr/bin/ceph: stderr
2024-02-19T18:50:37.879+0000 7f64ff8f5700 1 -- 172.21.15.103:0/1372697588 >> [v2:172.21.15.103:6800/385514192,v1:172.21.15.103:6801/385514192] conn(0x7f64e40382e0 msgr2=0x7f64e403a7a0 secure :-1 s=STATE_CONNECTION_ESTABLISHED l=1).mark_down
2024-02-19T18:50:38.498 INFO:teuthology.orchestra.run.smithi103.stdout:/usr/bin/ceph: stderr
2024-02-19T18:50:37.879+0000 7f64ff8f5700 1 --2- 172.21.15.103:0/1372697588 >> [v2:172.21.15.103:6800/385514192,v1:172.21.15.103:6801/385514192] conn(0x7f64e40382e0 0x7f64e403a7a0 secure :-1 s=READY pgs=9 cs=0 l=1 rev1=1 crypto rx=0x7f64e8006fd0 tx=0x7f64e8006e40 comp rx=0 tx=0).stop
2024-02-19T18:50:38.498 INFO:teuthology.orchestra.run.smithi103.stdout:/usr/bin/ceph: stderr
2024-02-19T18:50:37.879+0000 7f64ff8f5700 1 -- 172.21.15.103:0/1372697588 >> [v2:172.21.15.103:3300/0,v1:172.21.15.103:6789/0] conn(0x7f64f8106f60 msgr2=0x7f64f819a0a0 secure :-1 s=STATE_CONNECTION_ESTABLISHED l=1).mark_down
2024-02-19T18:50:38.498 INFO:teuthology.orchestra.run.smithi103.stdout:/usr/bin/ceph: stderr
2024-02-19T18:50:37.879+0000 7f64ff8f5700 1 --2- 172.21.15.103:0/1372697588 >> [v2:172.21.15.103:3300/0,v1:172.21.15.103:6789/0] conn(0x7f64f8106f60 0x7f64f819a0a0 secure :-1 s=READY pgs=40 cs=0 l=1 rev1=1 crypto rx=0x7f64f000d010 tx=0x7f64f0004430 comp rx=0 tx=0).stop
2024-02-19T18:50:38.499 INFO:teuthology.orchestra.run.smithi103.stdout:/usr/bin/ceph: stderr
2024-02-19T18:50:37.879+0000 7f64ff8f5700 1 -- 172.21.15.103:0/1372697588 shutdown_connections
2024-02-19T18:50:38.499 INFO:teuthology.orchestra.run.smithi103.stdout:/usr/bin/ceph: stderr
2024-02-19T18:50:37.879+0000 7f64ff8f5700 1 --2- 172.21.15.103:0/1372697588 >> [v2:172.21.15.103:6800/385514192,v1:172.21.15.103:6801/385514192] conn(0x7f64e40382e0 0x7f64e403a7a0 unknown :-1 s=CLOSED pgs=9 cs=0 l=1 rev1=1 crypto rx=0 tx=0 comp rx=0 tx=0).stop
2024-02-19T18:50:38.499 INFO:teuthology.orchestra.run.smithi103.stdout:/usr/bin/ceph: stderr
2024-02-19T18:50:37.879+0000 7f64ff8f5700 1 --2- 172.21.15.103:0/1372697588 >> [v2:172.21.15.103:3300/0,v1:172.21.15.103:6789/0] conn(0x7f64f8106f60 0x7f64f819a0a0 unknown :-1 s=CLOSED pgs=40 cs=0 l=1 rev1=1 crypto rx=0 tx=0 comp rx=0 tx=0).stop
2024-02-19T18:50:38.499 INFO:teuthology.orchestra.run.smithi103.stdout:/usr/bin/ceph: stderr
2024-02-19T18:50:37.879+0000 7f64ff8f5700 1 -- 172.21.15.103:0/1372697588 >> 172.21.15.103:0/1372697588 conn(0x7f64f81008b0 msgr2=0x7f64f81016a0 unknown :-1 s=STATE_NONE l=0).mark_down
2024-02-19T18:50:38.499 INFO:teuthology.orchestra.run.smithi103.stdout:/usr/bin/ceph: stderr
2024-02-19T18:50:37.880+0000 7f64ff8f5700 1 -- 172.21.15.103:0/1372697588 shutdown_connections
2024-02-19T18:50:38.499 INFO:teuthology.orchestra.run.smithi103.stdout:/usr/bin/ceph: stderr
2024-02-19T18:50:37.880+0000 7f64ff8f5700 1 -- 172.21.15.103:0/1372697588 wait complete.
2024-02-19T18:50:39.034 INFO:journalctl@ceph.mon.smithi103.smithi103.stdout:Feb 19 18:50:38 smithi103 ceph-mon[29203]: from='client.14134 -' entity='client.admin' cmd=[{"prefix": "cephadm generate-key", "target": ["mon-mgr", ""]}]: dispatch
2024-02-19T18:50:39.034 INFO:journalctl@ceph.mon.smithi103.smithi103.stdout:Feb 19 18:50:38 smithi103 ceph-mon[29203]: Generating ssh key...
2024-02-19T18:50:39.034 INFO:journalctl@ceph.mon.smithi103.smithi103.stdout:Feb 19 18:50:38 smithi103 ceph-mon[29203]: from='mgr.14118 172.21.15.103:0/2875251069' entity='mgr.smithi103.amzash'
2024-02-19T18:50:39.034 INFO:journalctl@ceph.mon.smithi103.smithi103.stdout:Feb 19 18:50:38 smithi103 ceph-mon[29203]: from='mgr.14118 172.21.15.103:0/2875251069' entity='mgr.smithi103.amzash'
2024-02-19T18:50:39.719 INFO:teuthology.orchestra.run.smithi103.stdout:/usr/bin/ceph: stdout ssh-rsa AAAAB3NzaC1yc2EAAAADAQABAAABgQDEBVO4Xe8xVyyoRyCxCGEBX4wr6beuWm7hQQUzg0L60HFox3mwaV/hHf+72ZysPutd4WuEAfql8EK8YZZs/cX8WLWIxEjoszXfffHZNPnCOtiwmKb1IsRNT4LIgIPONuBE6NGth4crlfKa70lrKmnhtzYEiGKTkh3UDx5cxvz+RkCjnBCGc4y/En0Ia0fbfODltzilv4LItbVh1V3W+ETJKvRmQMvxcDsWMPtCWd+dd8WC8Gx9nShRp1rQTcCk5Pg+1Br9Rg5qm7EDm9GxSZmM4llN4Xtee8uwwaqGgH3Hdj4H+GjNAwLS34UFMaeU2fQ4E7BbDeMaigo+X+P2tiqZjUVEM4ZbpY5/7INnQrHN/M1Af/kTkGiy5lwuDvuXrNgrZfwQWq8ewp3dNSQcsZhSmZB4UiJvCZCdsS7KSTlXbi/OYY/+YvbnchLdH+5w277Ycm/e9SkIBqMQ3f+bhGOef3QqfHqQpqGUjrfsFnprCP3FPlg1WBU/dOzoTkTCv9U= ceph-89dbf006-cf57-11ee-95bb-87774f69a715
2024-02-19T18:50:39.719 INFO:teuthology.orchestra.run.smithi103.stdout:/usr/bin/ceph: stderr
2024-02-19T18:50:38.839+0000 7f7980ee2700 1 Processor -- start
2024-02-19T18:50:39.719 INFO:teuthology.orchestra.run.smithi103.stdout:/usr/bin/ceph: stderr
2024-02-19T18:50:38.839+0000 7f7980ee2700 1 -- start start
2024-02-19T18:50:39.719 INFO:teuthology.orchestra.run.smithi103.stdout:/usr/bin/ceph: stderr
2024-02-19T18:50:38.839+0000 7f7980ee2700 1 --2- >> [v2:172.21.15.103:3300/0,v1:172.21.15.103:6789/0] conn(0x7f797c106430 0x7f797c106850 unknown :-1 s=NONE pgs=0 cs=0 l=0 rev1=0 crypto rx=0 tx=0 comp rx=0 tx=0).connect
2024-02-19T18:50:39.720 INFO:teuthology.orchestra.run.smithi103.stdout:/usr/bin/ceph: stderr
2024-02-19T18:50:38.839+0000 7f7980ee2700 1 -- --> [v2:172.21.15.103:3300/0,v1:172.21.15.103:6789/0] -- mon_getmap magic: 0 v1 -- 0x7f797c106e20 con 0x7f797c106430
2024-02-19T18:50:39.720 INFO:teuthology.orchestra.run.smithi103.stdout:/usr/bin/ceph: stderr
2024-02-19T18:50:38.840+0000 7f797a59c700 1 --2- >> [v2:172.21.15.103:3300/0,v1:172.21.15.103:6789/0] conn(0x7f797c106430 0x7f797c106850 unknown :-1 s=BANNER_CONNECTING pgs=0 cs=0 l=0 rev1=0 crypto rx=0 tx=0 comp rx=0 tx=0)._handle_peer_banner_payload supported=3 required=0
2024-02-19T18:50:39.720 INFO:teuthology.orchestra.run.smithi103.stdout:/usr/bin/ceph: stderr
2024-02-19T18:50:38.840+0000 7f797a59c700 1 --2- >> [v2:172.21.15.103:3300/0,v1:172.21.15.103:6789/0] conn(0x7f797c106430 0x7f797c106850 unknown :-1 s=HELLO_CONNECTING pgs=0 cs=0 l=0 rev1=1 crypto rx=0 tx=0 comp rx=0 tx=0).handle_hello peer v2:172.21.15.103:3300/0 says I am v2:172.21.15.103:32768/0 (socket says 172.21.15.103:32768)
2024-02-19T18:50:39.720 INFO:teuthology.orchestra.run.smithi103.stdout:/usr/bin/ceph: stderr
2024-02-19T18:50:38.840+0000 7f797a59c700 1 -- 172.21.15.103:0/3692367450 learned_addr learned my addr 172.21.15.103:0/3692367450 (peer_addr_for_me v2:172.21.15.103:0/0)
2024-02-19T18:50:39.720 INFO:teuthology.orchestra.run.smithi103.stdout:/usr/bin/ceph: stderr
2024-02-19T18:50:38.840+0000 7f797a59c700 1 -- 172.21.15.103:0/3692367450 --> [v2:172.21.15.103:3300/0,v1:172.21.15.103:6789/0] -- mon_subscribe({config=0+,monmap=0+}) v3 -- 0x7f797c107630 con 0x7f797c106430
2024-02-19T18:50:39.720 INFO:teuthology.orchestra.run.smithi103.stdout:/usr/bin/ceph: stderr
2024-02-19T18:50:38.840+0000 7f797a59c700 1 --2- 172.21.15.103:0/3692367450 >> [v2:172.21.15.103:3300/0,v1:172.21.15.103:6789/0] conn(0x7f797c106430 0x7f797c106850 secure :-1 s=READY pgs=41 cs=0 l=1 rev1=1 crypto rx=0x7f796c0098a0 tx=0x7f796c009bb0 comp rx=0 tx=0).ready entity=mon.0 client_cookie=8c9227b66c9439fd server_cookie=0 in_seq=0 out_seq=0
2024-02-19T18:50:39.720 INFO:teuthology.orchestra.run.smithi103.stdout:/usr/bin/ceph: stderr
2024-02-19T18:50:38.840+0000 7f797959a700 1 -- 172.21.15.103:0/3692367450 <== mon.0 v2:172.21.15.103:3300/0 1 ==== mon_map magic: 0 v1 ==== 229+0+0 (secure 0 0 0) 0x7f796c004180 con 0x7f797c106430
2024-02-19T18:50:39.720 INFO:teuthology.orchestra.run.smithi103.stdout:/usr/bin/ceph: stderr
2024-02-19T18:50:38.840+0000 7f797959a700 1 -- 172.21.15.103:0/3692367450 <== mon.0 v2:172.21.15.103:3300/0 2 ==== config(27 keys) v1 ==== 1037+0+0 (secure 0 0 0) 0x7f796c0042e0 con 0x7f797c106430
2024-02-19T18:50:39.720 INFO:teuthology.orchestra.run.smithi103.stdout:/usr/bin/ceph: stderr
2024-02-19T18:50:38.840+0000 7f797959a700 1 -- 172.21.15.103:0/3692367450 <== mon.0 v2:172.21.15.103:3300/0 3 ==== mon_map magic: 0 v1 ==== 229+0+0 (secure 0 0 0) 0x7f796c011a50 con 0x7f797c106430
2024-02-19T18:50:39.720 INFO:teuthology.orchestra.run.smithi103.stdout:/usr/bin/ceph: stderr
2024-02-19T18:50:38.841+0000 7f7980ee2700 1 -- 172.21.15.103:0/3692367450 >> [v2:172.21.15.103:3300/0,v1:172.21.15.103:6789/0] conn(0x7f797c106430 msgr2=0x7f797c106850 secure :-1 s=STATE_CONNECTION_ESTABLISHED l=1).mark_down
2024-02-19T18:50:39.720 INFO:teuthology.orchestra.run.smithi103.stdout:/usr/bin/ceph: stderr
2024-02-19T18:50:38.841+0000 7f7980ee2700 1 --2- 172.21.15.103:0/3692367450 >> [v2:172.21.15.103:3300/0,v1:172.21.15.103:6789/0] conn(0x7f797c106430 0x7f797c106850 secure :-1 s=READY pgs=41 cs=0 l=1 rev1=1 crypto rx=0x7f796c0098a0 tx=0x7f796c009bb0 comp rx=0 tx=0).stop
2024-02-19T18:50:39.721 INFO:teuthology.orchestra.run.smithi103.stdout:/usr/bin/ceph: stderr
2024-02-19T18:50:38.841+0000 7f7980ee2700 1 -- 172.21.15.103:0/3692367450 shutdown_connections
2024-02-19T18:50:39.721 INFO:teuthology.orchestra.run.smithi103.stdout:/usr/bin/ceph: stderr
2024-02-19T18:50:38.841+0000 7f7980ee2700 1 --2- 172.21.15.103:0/3692367450 >> [v2:172.21.15.103:3300/0,v1:172.21.15.103:6789/0] conn(0x7f797c106430 0x7f797c106850 unknown :-1 s=CLOSED pgs=41 cs=0 l=1 rev1=1 crypto rx=0 tx=0 comp rx=0 tx=0).stop
2024-02-19T18:50:39.721 INFO:teuthology.orchestra.run.smithi103.stdout:/usr/bin/ceph: stderr
2024-02-19T18:50:38.841+0000 7f7980ee2700 1 -- 172.21.15.103:0/3692367450 >> 172.21.15.103:0/3692367450 conn(0x7f797c1019b0 msgr2=0x7f797c103e10 unknown :-1 s=STATE_NONE l=0).mark_down
2024-02-19T18:50:39.721 INFO:teuthology.orchestra.run.smithi103.stdout:/usr/bin/ceph: stderr
2024-02-19T18:50:38.841+0000 7f7980ee2700 1 -- 172.21.15.103:0/3692367450 shutdown_connections
2024-02-19T18:50:39.721 INFO:teuthology.orchestra.run.smithi103.stdout:/usr/bin/ceph: stderr
2024-02-19T18:50:38.841+0000 7f7980ee2700 1 -- 172.21.15.103:0/3692367450 wait complete.
2024-02-19T18:50:39.721 INFO:teuthology.orchestra.run.smithi103.stdout:/usr/bin/ceph: stderr
2024-02-19T18:50:38.842+0000 7f7980ee2700 1 Processor -- start
2024-02-19T18:50:39.721 INFO:teuthology.orchestra.run.smithi103.stdout:/usr/bin/ceph: stderr
2024-02-19T18:50:38.842+0000 7f7980ee2700 1 -- start start
2024-02-19T18:50:39.721 INFO:teuthology.orchestra.run.smithi103.stdout:/usr/bin/ceph: stderr
2024-02-19T18:50:38.842+0000 7f7980ee2700 1 --2- >> [v2:172.21.15.103:3300/0,v1:172.21.15.103:6789/0] conn(0x7f797c106430 0x7f797c07ab50 unknown :-1 s=NONE pgs=0 cs=0 l=1 rev1=0 crypto rx=0 tx=0 comp rx=0 tx=0).connect
2024-02-19T18:50:39.721 INFO:teuthology.orchestra.run.smithi103.stdout:/usr/bin/ceph: stderr
2024-02-19T18:50:38.842+0000 7f7980ee2700 1 -- --> [v2:172.21.15.103:3300/0,v1:172.21.15.103:6789/0] -- mon_getmap magic: 0 v1 -- 0x7f797c07b090 con 0x7f797c106430
2024-02-19T18:50:39.721 INFO:teuthology.orchestra.run.smithi103.stdout:/usr/bin/ceph: stderr
