2024-02-19T18:50:49.699+0000 7fd5237fe700 1 --2- >> [v2:172.21.15.103:3300/0,v1:172.21.15.103:6789/0] conn(0x7fd524106950 0x7fd52419c3a0 unknown :-1 s=HELLO_CONNECTING pgs=0 cs=0 l=1 rev1=1 crypto rx=0 tx=0 comp rx=0 tx=0).handle_hello peer v2:172.21.15.103:3300/0 says I am v2:172.21.15.103:36432/0 (socket says 172.21.15.103:36432)
2024-02-19T18:50:50.456 INFO:teuthology.orchestra.run.smithi103.stdout:/usr/bin/ceph: stderr
2024-02-19T18:50:49.699+0000 7fd5237fe700 1 -- 172.21.15.103:0/1280006164 learned_addr learned my addr 172.21.15.103:0/1280006164 (peer_addr_for_me v2:172.21.15.103:0/0)
2024-02-19T18:50:50.456 INFO:teuthology.orchestra.run.smithi103.stdout:/usr/bin/ceph: stderr
2024-02-19T18:50:49.699+0000 7fd5237fe700 1 -- 172.21.15.103:0/1280006164 --> [v2:172.21.15.103:3300/0,v1:172.21.15.103:6789/0] -- mon_subscribe({config=0+,monmap=0+}) v3 -- 0x7fd518009550 con 0x7fd524106950
2024-02-19T18:50:50.456 INFO:teuthology.orchestra.run.smithi103.stdout:/usr/bin/ceph: stderr
2024-02-19T18:50:49.700+0000 7fd5237fe700 1 --2- 172.21.15.103:0/1280006164 >> [v2:172.21.15.103:3300/0,v1:172.21.15.103:6789/0] conn(0x7fd524106950 0x7fd52419c3a0 secure :-1 s=READY pgs=54 cs=0 l=1 rev1=1 crypto rx=0x7fd518011670 tx=0x7fd518011aa0 comp rx=0 tx=0).ready entity=mon.0 client_cookie=0 server_cookie=0 in_seq=0 out_seq=0
2024-02-19T18:50:50.456 INFO:teuthology.orchestra.run.smithi103.stdout:/usr/bin/ceph: stderr
2024-02-19T18:50:49.700+0000 7fd520ff9700 1 -- 172.21.15.103:0/1280006164 <== mon.0 v2:172.21.15.103:3300/0 1 ==== mon_map magic: 0 v1 ==== 229+0+0 (secure 0 0 0) 0x7fd5180039c0 con 0x7fd524106950
2024-02-19T18:50:50.456 INFO:teuthology.orchestra.run.smithi103.stdout:/usr/bin/ceph: stderr
2024-02-19T18:50:49.700+0000 7fd520ff9700 1 -- 172.21.15.103:0/1280006164 <== mon.0 v2:172.21.15.103:3300/0 2 ==== config(27 keys) v1 ==== 1101+0+0 (secure 0 0 0) 0x7fd518003b20 con 0x7fd524106950
2024-02-19T18:50:50.456 INFO:teuthology.orchestra.run.smithi103.stdout:/usr/bin/ceph: stderr
2024-02-19T18:50:49.700+0000 7fd52a10a700 1 -- 172.21.15.103:0/1280006164 --> [v2:172.21.15.103:3300/0,v1:172.21.15.103:6789/0] -- mon_subscribe({mgrmap=0+}) v3 -- 0x7fd52419cae0 con 0x7fd524106950
2024-02-19T18:50:50.456 INFO:teuthology.orchestra.run.smithi103.stdout:/usr/bin/ceph: stderr
2024-02-19T18:50:49.700+0000 7fd520ff9700 1 -- 172.21.15.103:0/1280006164 <== mon.0 v2:172.21.15.103:3300/0 3 ==== mon_map magic: 0 v1 ==== 229+0+0 (secure 0 0 0) 0x7fd5180247f0 con 0x7fd524106950
2024-02-19T18:50:50.456 INFO:teuthology.orchestra.run.smithi103.stdout:/usr/bin/ceph: stderr
2024-02-19T18:50:49.700+0000 7fd52a10a700 1 -- 172.21.15.103:0/1280006164 --> [v2:172.21.15.103:3300/0,v1:172.21.15.103:6789/0] -- mon_subscribe({osdmap=0}) v3 -- 0x7fd52419cf80 con 0x7fd524106950
2024-02-19T18:50:50.456 INFO:teuthology.orchestra.run.smithi103.stdout:/usr/bin/ceph: stderr
2024-02-19T18:50:49.701+0000 7fd520ff9700 1 -- 172.21.15.103:0/1280006164 <== mon.0 v2:172.21.15.103:3300/0 4 ==== mgrmap(e 8) v1 ==== 45283+0+0 (secure 0 0 0) 0x7fd518024ab0 con 0x7fd524106950
2024-02-19T18:50:50.456 INFO:teuthology.orchestra.run.smithi103.stdout:/usr/bin/ceph: stderr
2024-02-19T18:50:49.701+0000 7fd52a10a700 1 -- 172.21.15.103:0/1280006164 --> [v2:172.21.15.103:3300/0,v1:172.21.15.103:6789/0] -- mon_command({"prefix": "get_command_descriptions"} v 0) v1 -- 0x7fd524196040 con 0x7fd524106950
2024-02-19T18:50:50.457 INFO:teuthology.orchestra.run.smithi103.stdout:/usr/bin/ceph: stderr
2024-02-19T18:50:49.701+0000 7fd520ff9700 1 --2- 172.21.15.103:0/1280006164 >> [v2:172.21.15.103:6800/385514192,v1:172.21.15.103:6801/385514192] conn(0x7fd50c0382e0 0x7fd50c03a7a0 unknown :-1 s=NONE pgs=0 cs=0 l=1 rev1=0 crypto rx=0 tx=0 comp rx=0 tx=0).connect
2024-02-19T18:50:50.457 INFO:teuthology.orchestra.run.smithi103.stdout:/usr/bin/ceph: stderr
2024-02-19T18:50:49.701+0000 7fd520ff9700 1 -- 172.21.15.103:0/1280006164 <== mon.0 v2:172.21.15.103:3300/0 5 ==== osd_map(2..2 src has 1..2) v4 ==== 940+0+0 (secure 0 0 0) 0x7fd51804c2e0 con 0x7fd524106950
2024-02-19T18:50:50.457 INFO:teuthology.orchestra.run.smithi103.stdout:/usr/bin/ceph: stderr
2024-02-19T18:50:49.701+0000 7fd522ffd700 1 --2- 172.21.15.103:0/1280006164 >> [v2:172.21.15.103:6800/385514192,v1:172.21.15.103:6801/385514192] conn(0x7fd50c0382e0 0x7fd50c03a7a0 unknown :-1 s=BANNER_CONNECTING pgs=0 cs=0 l=1 rev1=0 crypto rx=0 tx=0 comp rx=0 tx=0)._handle_peer_banner_payload supported=3 required=0
2024-02-19T18:50:50.457 INFO:teuthology.orchestra.run.smithi103.stdout:/usr/bin/ceph: stderr
2024-02-19T18:50:49.701+0000 7fd522ffd700 1 --2- 172.21.15.103:0/1280006164 >> [v2:172.21.15.103:6800/385514192,v1:172.21.15.103:6801/385514192] conn(0x7fd50c0382e0 0x7fd50c03a7a0 secure :-1 s=READY pgs=16 cs=0 l=1 rev1=1 crypto rx=0x7fd514006fd0 tx=0x7fd514006e40 comp rx=0 tx=0).ready entity=mgr.14118 client_cookie=0 server_cookie=0 in_seq=0 out_seq=0
2024-02-19T18:50:50.457 INFO:teuthology.orchestra.run.smithi103.stdout:/usr/bin/ceph: stderr
2024-02-19T18:50:49.706+0000 7fd520ff9700 1 -- 172.21.15.103:0/1280006164 <== mon.0 v2:172.21.15.103:3300/0 6 ==== mon_command_ack([{"prefix": "get_command_descriptions"}]=0 v0) v1 ==== 72+0+180422 (secure 0 0 0) 0x7fd518022310 con 0x7fd524106950
2024-02-19T18:50:50.457 INFO:teuthology.orchestra.run.smithi103.stdout:/usr/bin/ceph: stderr
2024-02-19T18:50:49.916+0000 7fd52a10a700 1 -- 172.21.15.103:0/1280006164 --> [v2:172.21.15.103:6800/385514192,v1:172.21.15.103:6801/385514192] -- mgr_command(tid 0: {"prefix": "orch apply", "service_type": "prometheus", "target": ["mon-mgr", ""]}) v1 -- 0x7fd5240611d0 con 0x7fd50c0382e0
2024-02-19T18:50:50.457 INFO:teuthology.orchestra.run.smithi103.stdout:/usr/bin/ceph: stderr
2024-02-19T18:50:49.921+0000 7fd520ff9700 1 -- 172.21.15.103:0/1280006164 <== mgr.14118 v2:172.21.15.103:6800/385514192 1 ==== mgr_command_reply(tid 0: 0 ) v1 ==== 8+0+31 (secure 0 0 0) 0x7fd5240611d0 con 0x7fd50c0382e0
2024-02-19T18:50:50.457 INFO:teuthology.orchestra.run.smithi103.stdout:/usr/bin/ceph: stderr
2024-02-19T18:50:49.923+0000 7fd52a10a700 1 -- 172.21.15.103:0/1280006164 >> [v2:172.21.15.103:6800/385514192,v1:172.21.15.103:6801/385514192] conn(0x7fd50c0382e0 msgr2=0x7fd50c03a7a0 secure :-1 s=STATE_CONNECTION_ESTABLISHED l=1).mark_down
2024-02-19T18:50:50.457 INFO:teuthology.orchestra.run.smithi103.stdout:/usr/bin/ceph: stderr
2024-02-19T18:50:49.923+0000 7fd52a10a700 1 --2- 172.21.15.103:0/1280006164 >> [v2:172.21.15.103:6800/385514192,v1:172.21.15.103:6801/385514192] conn(0x7fd50c0382e0 0x7fd50c03a7a0 secure :-1 s=READY pgs=16 cs=0 l=1 rev1=1 crypto rx=0x7fd514006fd0 tx=0x7fd514006e40 comp rx=0 tx=0).stop
2024-02-19T18:50:50.457 INFO:teuthology.orchestra.run.smithi103.stdout:/usr/bin/ceph: stderr
2024-02-19T18:50:49.923+0000 7fd52a10a700 1 -- 172.21.15.103:0/1280006164 >> [v2:172.21.15.103:3300/0,v1:172.21.15.103:6789/0] conn(0x7fd524106950 msgr2=0x7fd52419c3a0 secure :-1 s=STATE_CONNECTION_ESTABLISHED l=1).mark_down
2024-02-19T18:50:50.457 INFO:teuthology.orchestra.run.smithi103.stdout:/usr/bin/ceph: stderr
2024-02-19T18:50:49.923+0000 7fd52a10a700 1 --2- 172.21.15.103:0/1280006164 >> [v2:172.21.15.103:3300/0,v1:172.21.15.103:6789/0] conn(0x7fd524106950 0x7fd52419c3a0 secure :-1 s=READY pgs=54 cs=0 l=1 rev1=1 crypto rx=0x7fd518011670 tx=0x7fd518011aa0 comp rx=0 tx=0).stop
2024-02-19T18:50:50.457 INFO:teuthology.orchestra.run.smithi103.stdout:/usr/bin/ceph: stderr
2024-02-19T18:50:49.923+0000 7fd52a10a700 1 -- 172.21.15.103:0/1280006164 shutdown_connections
2024-02-19T18:50:50.457 INFO:teuthology.orchestra.run.smithi103.stdout:/usr/bin/ceph: stderr
2024-02-19T18:50:49.923+0000 7fd52a10a700 1 --2- 172.21.15.103:0/1280006164 >> [v2:172.21.15.103:6800/385514192,v1:172.21.15.103:6801/385514192] conn(0x7fd50c0382e0 0x7fd50c03a7a0 unknown :-1 s=CLOSED pgs=16 cs=0 l=1 rev1=1 crypto rx=0 tx=0 comp rx=0 tx=0).stop
2024-02-19T18:50:50.457 INFO:teuthology.orchestra.run.smithi103.stdout:/usr/bin/ceph: stderr
2024-02-19T18:50:49.923+0000 7fd52a10a700 1 --2- 172.21.15.103:0/1280006164 >> [v2:172.21.15.103:3300/0,v1:172.21.15.103:6789/0] conn(0x7fd524106950 0x7fd52419c3a0 unknown :-1 s=CLOSED pgs=54 cs=0 l=1 rev1=1 crypto rx=0 tx=0 comp rx=0 tx=0).stop
2024-02-19T18:50:50.458 INFO:teuthology.orchestra.run.smithi103.stdout:/usr/bin/ceph: stderr
2024-02-19T18:50:49.923+0000 7fd52a10a700 1 -- 172.21.15.103:0/1280006164 >> 172.21.15.103:0/1280006164 conn(0x7fd524100040 msgr2=0x7fd524193180 unknown :-1 s=STATE_NONE l=0).mark_down
2024-02-19T18:50:50.458 INFO:teuthology.orchestra.run.smithi103.stdout:/usr/bin/ceph: stderr
2024-02-19T18:50:49.923+0000 7fd52a10a700 1 -- 172.21.15.103:0/1280006164 shutdown_connections
2024-02-19T18:50:50.458 INFO:teuthology.orchestra.run.smithi103.stdout:/usr/bin/ceph: stderr
2024-02-19T18:50:49.923+0000 7fd52a10a700 1 -- 172.21.15.103:0/1280006164 wait complete.
2024-02-19T18:50:50.458 INFO:teuthology.orchestra.run.smithi103.stdout:Deploying grafana service with default placement...
2024-02-19T18:50:51.034 INFO:journalctl@ceph.mon.smithi103.smithi103.stdout:Feb 19 18:50:50 smithi103 ceph-mon[29203]: from='mgr.14118 172.21.15.103:0/2875251069' entity='mgr.smithi103.amzash'
2024-02-19T18:50:51.034 INFO:journalctl@ceph.mon.smithi103.smithi103.stdout:Feb 19 18:50:50 smithi103 ceph-mon[29203]: from='client.14148 -' entity='client.admin' cmd=[{"prefix": "orch apply", "service_type": "prometheus", "target": ["mon-mgr", ""]}]: dispatch
2024-02-19T18:50:51.034 INFO:journalctl@ceph.mon.smithi103.smithi103.stdout:Feb 19 18:50:50 smithi103 ceph-mon[29203]: Saving service prometheus spec with placement count:1
2024-02-19T18:50:51.034 INFO:journalctl@ceph.mon.smithi103.smithi103.stdout:Feb 19 18:50:50 smithi103 ceph-mon[29203]: from='mgr.14118 172.21.15.103:0/2875251069' entity='mgr.smithi103.amzash'
2024-02-19T18:50:51.596 INFO:teuthology.orchestra.run.smithi103.stdout:/usr/bin/ceph: stdout Scheduled grafana update...
2024-02-19T18:50:51.596 INFO:teuthology.orchestra.run.smithi103.stdout:/usr/bin/ceph: stderr
2024-02-19T18:50:50.834+0000 7fce659e4700 1 Processor -- start
2024-02-19T18:50:51.596 INFO:teuthology.orchestra.run.smithi103.stdout:/usr/bin/ceph: stderr
2024-02-19T18:50:50.834+0000 7fce659e4700 1 -- start start
2024-02-19T18:50:51.596 INFO:teuthology.orchestra.run.smithi103.stdout:/usr/bin/ceph: stderr
2024-02-19T18:50:50.834+0000 7fce659e4700 1 --2- >> [v2:172.21.15.103:3300/0,v1:172.21.15.103:6789/0] conn(0x7fce60105340 0x7fce60105760 unknown :-1 s=NONE pgs=0 cs=0 l=0 rev1=0 crypto rx=0 tx=0 comp rx=0 tx=0).connect
2024-02-19T18:50:51.596 INFO:teuthology.orchestra.run.smithi103.stdout:/usr/bin/ceph: stderr
2024-02-19T18:50:50.834+0000 7fce659e4700 1 -- --> [v2:172.21.15.103:3300/0,v1:172.21.15.103:6789/0] -- mon_getmap magic: 0 v1 -- 0x7fce60105d30 con 0x7fce60105340
2024-02-19T18:50:51.596 INFO:teuthology.orchestra.run.smithi103.stdout:/usr/bin/ceph: stderr
2024-02-19T18:50:50.834+0000 7fce5effd700 1 --2- >> [v2:172.21.15.103:3300/0,v1:172.21.15.103:6789/0] conn(0x7fce60105340 0x7fce60105760 unknown :-1 s=BANNER_CONNECTING pgs=0 cs=0 l=0 rev1=0 crypto rx=0 tx=0 comp rx=0 tx=0)._handle_peer_banner_payload supported=3 required=0
2024-02-19T18:50:51.596 INFO:teuthology.orchestra.run.smithi103.stdout:/usr/bin/ceph: stderr
2024-02-19T18:50:50.834+0000 7fce5effd700 1 --2- >> [v2:172.21.15.103:3300/0,v1:172.21.15.103:6789/0] conn(0x7fce60105340 0x7fce60105760 unknown :-1 s=HELLO_CONNECTING pgs=0 cs=0 l=0 rev1=1 crypto rx=0 tx=0 comp rx=0 tx=0).handle_hello peer v2:172.21.15.103:3300/0 says I am v2:172.21.15.103:36436/0 (socket says 172.21.15.103:36436)
2024-02-19T18:50:51.596 INFO:teuthology.orchestra.run.smithi103.stdout:/usr/bin/ceph: stderr
2024-02-19T18:50:50.834+0000 7fce5effd700 1 -- 172.21.15.103:0/2620216636 learned_addr learned my addr 172.21.15.103:0/2620216636 (peer_addr_for_me v2:172.21.15.103:0/0)
2024-02-19T18:50:51.596 INFO:teuthology.orchestra.run.smithi103.stdout:/usr/bin/ceph: stderr
2024-02-19T18:50:50.834+0000 7fce5effd700 1 -- 172.21.15.103:0/2620216636 --> [v2:172.21.15.103:3300/0,v1:172.21.15.103:6789/0] -- mon_subscribe({config=0+,monmap=0+}) v3 -- 0x7fce60106540 con 0x7fce60105340
2024-02-19T18:50:51.597 INFO:teuthology.orchestra.run.smithi103.stdout:/usr/bin/ceph: stderr
2024-02-19T18:50:50.835+0000 7fce5effd700 1 --2- 172.21.15.103:0/2620216636 >> [v2:172.21.15.103:3300/0,v1:172.21.15.103:6789/0] conn(0x7fce60105340 0x7fce60105760 secure :-1 s=READY pgs=55 cs=0 l=1 rev1=1 crypto rx=0x7fce500098a0 tx=0x7fce50009bb0 comp rx=0 tx=0).ready entity=mon.0 client_cookie=8b2f41386a0b1e25 server_cookie=0 in_seq=0 out_seq=0
2024-02-19T18:50:51.597 INFO:teuthology.orchestra.run.smithi103.stdout:/usr/bin/ceph: stderr
2024-02-19T18:50:50.835+0000 7fce5dffb700 1 -- 172.21.15.103:0/2620216636 <== mon.0 v2:172.21.15.103:3300/0 1 ==== mon_map magic: 0 v1 ==== 229+0+0 (secure 0 0 0) 0x7fce50004180 con 0x7fce60105340
2024-02-19T18:50:51.597 INFO:teuthology.orchestra.run.smithi103.stdout:/usr/bin/ceph: stderr
2024-02-19T18:50:50.835+0000 7fce5dffb700 1 -- 172.21.15.103:0/2620216636 <== mon.0 v2:172.21.15.103:3300/0 2 ==== config(27 keys) v1 ==== 1101+0+0 (secure 0 0 0) 0x7fce500042e0 con 0x7fce60105340
2024-02-19T18:50:51.597 INFO:teuthology.orchestra.run.smithi103.stdout:/usr/bin/ceph: stderr
2024-02-19T18:50:50.835+0000 7fce5dffb700 1 -- 172.21.15.103:0/2620216636 <== mon.0 v2:172.21.15.103:3300/0 3 ==== mon_map magic: 0 v1 ==== 229+0+0 (secure 0 0 0) 0x7fce50011af0 con 0x7fce60105340
2024-02-19T18:50:51.597 INFO:teuthology.orchestra.run.smithi103.stdout:/usr/bin/ceph: stderr
2024-02-19T18:50:50.836+0000 7fce659e4700 1 -- 172.21.15.103:0/2620216636 >> [v2:172.21.15.103:3300/0,v1:172.21.15.103:6789/0] conn(0x7fce60105340 msgr2=0x7fce60105760 secure :-1 s=STATE_CONNECTION_ESTABLISHED l=1).mark_down
2024-02-19T18:50:51.597 INFO:teuthology.orchestra.run.smithi103.stdout:/usr/bin/ceph: stderr
2024-02-19T18:50:50.836+0000 7fce659e4700 1 --2- 172.21.15.103:0/2620216636 >> [v2:172.21.15.103:3300/0,v1:172.21.15.103:6789/0] conn(0x7fce60105340 0x7fce60105760 secure :-1 s=READY pgs=55 cs=0 l=1 rev1=1 crypto rx=0x7fce500098a0 tx=0x7fce50009bb0 comp rx=0 tx=0).stop
2024-02-19T18:50:51.597 INFO:teuthology.orchestra.run.smithi103.stdout:/usr/bin/ceph: stderr
2024-02-19T18:50:50.836+0000 7fce659e4700 1 -- 172.21.15.103:0/2620216636 shutdown_connections
2024-02-19T18:50:51.597 INFO:teuthology.orchestra.run.smithi103.stdout:/usr/bin/ceph: stderr
2024-02-19T18:50:50.836+0000 7fce659e4700 1 --2- 172.21.15.103:0/2620216636 >> [v2:172.21.15.103:3300/0,v1:172.21.15.103:6789/0] conn(0x7fce60105340 0x7fce60105760 unknown :-1 s=CLOSED pgs=55 cs=0 l=1 rev1=1 crypto rx=0 tx=0 comp rx=0 tx=0).stop
2024-02-19T18:50:51.597 INFO:teuthology.orchestra.run.smithi103.stdout:/usr/bin/ceph: stderr
2024-02-19T18:50:50.836+0000 7fce659e4700 1 -- 172.21.15.103:0/2620216636 >> 172.21.15.103:0/2620216636 conn(0x7fce601008c0 msgr2=0x7fce60102d20 unknown :-1 s=STATE_NONE l=0).mark_down
2024-02-19T18:50:51.597 INFO:teuthology.orchestra.run.smithi103.stdout:/usr/bin/ceph: stderr
2024-02-19T18:50:50.836+0000 7fce659e4700 1 -- 172.21.15.103:0/2620216636 shutdown_connections
2024-02-19T18:50:51.597 INFO:teuthology.orchestra.run.smithi103.stdout:/usr/bin/ceph: stderr
2024-02-19T18:50:50.836+0000 7fce659e4700 1 -- 172.21.15.103:0/2620216636 wait complete.
2024-02-19T18:50:51.597 INFO:teuthology.orchestra.run.smithi103.stdout:/usr/bin/ceph: stderr
2024-02-19T18:50:50.836+0000 7fce659e4700 1 Processor -- start
2024-02-19T18:50:51.597 INFO:teuthology.orchestra.run.smithi103.stdout:/usr/bin/ceph: stderr
2024-02-19T18:50:50.837+0000 7fce659e4700 1 -- start start
2024-02-19T18:50:51.597 INFO:teuthology.orchestra.run.smithi103.stdout:/usr/bin/ceph: stderr
2024-02-19T18:50:50.837+0000 7fce659e4700 1 --2- >> [v2:172.21.15.103:3300/0,v1:172.21.15.103:6789/0] conn(0x7fce60105340 0x7fce6019a1a0 unknown :-1 s=NONE pgs=0 cs=0 l=1 rev1=0 crypto rx=0 tx=0 comp rx=0 tx=0).connect
2024-02-19T18:50:51.597 INFO:teuthology.orchestra.run.smithi103.stdout:/usr/bin/ceph: stderr
2024-02-19T18:50:50.837+0000 7fce659e4700 1 -- --> [v2:172.21.15.103:3300/0,v1:172.21.15.103:6789/0] -- mon_getmap magic: 0 v1 -- 0x7fce6019a6e0 con 0x7fce60105340
2024-02-19T18:50:51.597 INFO:teuthology.orchestra.run.smithi103.stdout:/usr/bin/ceph: stderr
2024-02-19T18:50:50.837+0000 7fce5effd700 1 --2- >> [v2:172.21.15.103:3300/0,v1:172.21.15.103:6789/0] conn(0x7fce60105340 0x7fce6019a1a0 unknown :-1 s=BANNER_CONNECTING pgs=0 cs=0 l=1 rev1=0 crypto rx=0 tx=0 comp rx=0 tx=0)._handle_peer_banner_payload supported=3 required=0
2024-02-19T18:50:51.598 INFO:teuthology.orchestra.run.smithi103.stdout:/usr/bin/ceph: stderr
2024-02-19T18:50:50.837+0000 7fce5effd700 1 --2- >> [v2:172.21.15.103:3300/0,v1:172.21.15.103:6789/0] conn(0x7fce60105340 0x7fce6019a1a0 unknown :-1 s=HELLO_CONNECTING pgs=0 cs=0 l=1 rev1=1 crypto rx=0 tx=0 comp rx=0 tx=0).handle_hello peer v2:172.21.15.103:3300/0 says I am v2:172.21.15.103:36448/0 (socket says 172.21.15.103:36448)
2024-02-19T18:50:51.598 INFO:teuthology.orchestra.run.smithi103.stdout:/usr/bin/ceph: stderr
2024-02-19T18:50:50.837+0000 7fce5effd700 1 -- 172.21.15.103:0/4100647682 learned_addr learned my addr 172.21.15.103:0/4100647682 (peer_addr_for_me v2:172.21.15.103:0/0)
2024-02-19T18:50:51.598 INFO:teuthology.orchestra.run.smithi103.stdout:/usr/bin/ceph: stderr
2024-02-19T18:50:50.837+0000 7fce5effd700 1 -- 172.21.15.103:0/4100647682 --> [v2:172.21.15.103:3300/0,v1:172.21.15.103:6789/0] -- mon_subscribe({config=0+,monmap=0+}) v3 -- 0x7fce50009550 con 0x7fce60105340
2024-02-19T18:50:51.598 INFO:teuthology.orchestra.run.smithi103.stdout:/usr/bin/ceph: stderr
2024-02-19T18:50:50.837+0000 7fce5effd700 1 --2- 172.21.15.103:0/4100647682 >> [v2:172.21.15.103:3300/0,v1:172.21.15.103:6789/0] conn(0x7fce60105340 0x7fce6019a1a0 secure :-1 s=READY pgs=56 cs=0 l=1 rev1=1 crypto rx=0x7fce50011670 tx=0x7fce50011aa0 comp rx=0 tx=0).ready entity=mon.0 client_cookie=0 server_cookie=0 in_seq=0 out_seq=0
2024-02-19T18:50:51.598 INFO:teuthology.orchestra.run.smithi103.stdout:/usr/bin/ceph: stderr
2024-02-19T18:50:50.838+0000 7fce649e2700 1 -- 172.21.15.103:0/4100647682 <== mon.0 v2:172.21.15.103:3300/0 1 ==== mon_map magic: 0 v1 ==== 229+0+0 (secure 0 0 0) 0x7fce500039c0 con 0x7fce60105340
2024-02-19T18:50:51.598 INFO:teuthology.orchestra.run.smithi103.stdout:/usr/bin/ceph: stderr
2024-02-19T18:50:50.838+0000 7fce659e4700 1 -- 172.21.15.103:0/4100647682 --> [v2:172.21.15.103:3300/0,v1:172.21.15.103:6789/0] -- mon_subscribe({mgrmap=0+}) v3 -- 0x7fce6019a8e0 con 0x7fce60105340
2024-02-19T18:50:51.598 INFO:teuthology.orchestra.run.smithi103.stdout:/usr/bin/ceph: stderr
2024-02-19T18:50:50.838+0000 7fce649e2700 1 -- 172.21.15.103:0/4100647682 <== mon.0 v2:172.21.15.103:3300/0 2 ==== config(27 keys) v1 ==== 1101+0+0 (secure 0 0 0) 0x7fce50003b20 con 0x7fce60105340
2024-02-19T18:50:51.598 INFO:teuthology.orchestra.run.smithi103.stdout:/usr/bin/ceph: stderr
2024-02-19T18:50:50.838+0000 7fce649e2700 1 -- 172.21.15.103:0/4100647682 <== mon.0 v2:172.21.15.103:3300/0 3 ==== mon_map magic: 0 v1 ==== 229+0+0 (secure 0 0 0) 0x7fce500247f0 con 0x7fce60105340
2024-02-19T18:50:51.598 INFO:teuthology.orchestra.run.smithi103.stdout:/usr/bin/ceph: stderr
2024-02-19T18:50:50.838+0000 7fce659e4700 1 -- 172.21.15.103:0/4100647682 --> [v2:172.21.15.103:3300/0,v1:172.21.15.103:6789/0] -- mon_subscribe({osdmap=0}) v3 -- 0x7fce6019ad80 con 0x7fce60105340
2024-02-19T18:50:51.598 INFO:teuthology.orchestra.run.smithi103.stdout:/usr/bin/ceph: stderr
2024-02-19T18:50:50.839+0000 7fce649e2700 1 -- 172.21.15.103:0/4100647682 <== mon.0 v2:172.21.15.103:3300/0 4 ==== mgrmap(e 8) v1 ==== 45283+0+0 (secure 0 0 0) 0x7fce50024ab0 con 0x7fce60105340
2024-02-19T18:50:51.598 INFO:teuthology.orchestra.run.smithi103.stdout:/usr/bin/ceph: stderr
2024-02-19T18:50:50.839+0000 7fce649e2700 1 --2- 172.21.15.103:0/4100647682 >> [v2:172.21.15.103:6800/385514192,v1:172.21.15.103:6801/385514192] conn(0x7fce480382e0 0x7fce4803a7a0 unknown :-1 s=NONE pgs=0 cs=0 l=1 rev1=0 crypto rx=0 tx=0 comp rx=0 tx=0).connect
2024-02-19T18:50:51.598 INFO:teuthology.orchestra.run.smithi103.stdout:/usr/bin/ceph: stderr
2024-02-19T18:50:50.839+0000 7fce649e2700 1 -- 172.21.15.103:0/4100647682 <== mon.0 v2:172.21.15.103:3300/0 5 ==== osd_map(2..2 src has 1..2) v4 ==== 940+0+0 (secure 0 0 0) 0x7fce5004c2c0 con 0x7fce60105340
2024-02-19T18:50:51.598 INFO:teuthology.orchestra.run.smithi103.stdout:/usr/bin/ceph: stderr
2024-02-19T18:50:50.839+0000 7fce5e7fc700 1 --2- 172.21.15.103:0/4100647682 >> [v2:172.21.15.103:6800/385514192,v1:172.21.15.103:6801/385514192] conn(0x7fce480382e0 0x7fce4803a7a0 unknown :-1 s=BANNER_CONNECTING pgs=0 cs=0 l=1 rev1=0 crypto rx=0 tx=0 comp rx=0 tx=0)._handle_peer_banner_payload supported=3 required=0
2024-02-19T18:50:51.598 INFO:teuthology.orchestra.run.smithi103.stdout:/usr/bin/ceph: stderr
2024-02-19T18:50:50.839+0000 7fce659e4700 1 -- 172.21.15.103:0/4100647682 --> [v2:172.21.15.103:3300/0,v1:172.21.15.103:6789/0] -- mon_command({"prefix": "get_command_descriptions"} v 0) v1 -- 0x7fce600623c0 con 0x7fce60105340
2024-02-19T18:50:51.598 INFO:teuthology.orchestra.run.smithi103.stdout:/usr/bin/ceph: stderr
2024-02-19T18:50:50.839+0000 7fce5e7fc700 1 --2- 172.21.15.103:0/4100647682 >> [v2:172.21.15.103:6800/385514192,v1:172.21.15.103:6801/385514192] conn(0x7fce480382e0 0x7fce4803a7a0 secure :-1 s=READY pgs=17 cs=0 l=1 rev1=1 crypto rx=0x7fce54006fd0 tx=0x7fce54006e40 comp rx=0 tx=0).ready entity=mgr.14118 client_cookie=0 server_cookie=0 in_seq=0 out_seq=0
2024-02-19T18:50:51.599 INFO:teuthology.orchestra.run.smithi103.stdout:/usr/bin/ceph: stderr
2024-02-19T18:50:50.844+0000 7fce649e2700 1 -- 172.21.15.103:0/4100647682 <== mon.0 v2:172.21.15.103:3300/0 6 ==== mon_command_ack([{"prefix": "get_command_descriptions"}]=0 v0) v1 ==== 72+0+180422 (secure 0 0 0) 0x7fce50024d60 con 0x7fce60105340
2024-02-19T18:50:51.599 INFO:teuthology.orchestra.run.smithi103.stdout:/usr/bin/ceph: stderr
2024-02-19T18:50:51.047+0000 7fce659e4700 1 -- 172.21.15.103:0/4100647682 --> [v2:172.21.15.103:6800/385514192,v1:172.21.15.103:6801/385514192] -- mgr_command(tid 0: {"prefix": "orch apply", "service_type": "grafana", "target": ["mon-mgr", ""]}) v1 -- 0x7fce60102b30 con 0x7fce480382e0
2024-02-19T18:50:51.599 INFO:teuthology.orchestra.run.smithi103.stdout:/usr/bin/ceph: stderr
2024-02-19T18:50:51.053+0000 7fce649e2700 1 -- 172.21.15.103:0/4100647682 <== mgr.14118 v2:172.21.15.103:6800/385514192 1 ==== mgr_command_reply(tid 0: 0 ) v1 ==== 8+0+28 (secure 0 0 0) 0x7fce60102b30 con 0x7fce480382e0
2024-02-19T18:50:51.599 INFO:teuthology.orchestra.run.smithi103.stdout:/usr/bin/ceph: stderr
2024-02-19T18:50:51.054+0000 7fce659e4700 1 -- 172.21.15.103:0/4100647682 >> [v2:172.21.15.103:6800/385514192,v1:172.21.15.103:6801/385514192] conn(0x7fce480382e0 msgr2=0x7fce4803a7a0 secure :-1 s=STATE_CONNECTION_ESTABLISHED l=1).mark_down
2024-02-19T18:50:51.599 INFO:teuthology.orchestra.run.smithi103.stdout:/usr/bin/ceph: stderr
2024-02-19T18:50:51.054+0000 7fce659e4700 1 --2- 172.21.15.103:0/4100647682 >> [v2:172.21.15.103:6800/385514192,v1:172.21.15.103:6801/385514192] conn(0x7fce480382e0 0x7fce4803a7a0 secure :-1 s=READY pgs=17 cs=0 l=1 rev1=1 crypto rx=0x7fce54006fd0 tx=0x7fce54006e40 comp rx=0 tx=0).stop
2024-02-19T18:50:51.599 INFO:teuthology.orchestra.run.smithi103.stdout:/usr/bin/ceph: stderr
2024-02-19T18:50:51.054+0000 7fce659e4700 1 -- 172.21.15.103:0/4100647682 >> [v2:172.21.15.103:3300/0,v1:172.21.15.103:6789/0] conn(0x7fce60105340 msgr2=0x7fce6019a1a0 secure :-1 s=STATE_CONNECTION_ESTABLISHED l=1).mark_down
2024-02-19T18:50:51.599 INFO:teuthology.orchestra.run.smithi103.stdout:/usr/bin/ceph: stderr
2024-02-19T18:50:51.054+0000 7fce659e4700 1 --2- 172.21.15.103:0/4100647682 >> [v2:172.21.15.103:3300/0,v1:172.21.15.103:6789/0] conn(0x7fce60105340 0x7fce6019a1a0 secure :-1 s=READY pgs=56 cs=0 l=1 rev1=1 crypto rx=0x7fce50011670 tx=0x7fce50011aa0 comp rx=0 tx=0).stop
2024-02-19T18:50:51.599 INFO:teuthology.orchestra.run.smithi103.stdout:/usr/bin/ceph: stderr
2024-02-19T18:50:51.055+0000 7fce659e4700 1 -- 172.21.15.103:0/4100647682 shutdown_connections
2024-02-19T18:50:51.599 INFO:teuthology.orchestra.run.smithi103.stdout:/usr/bin/ceph: stderr
2024-02-19T18:50:51.055+0000 7fce659e4700 1 --2- 172.21.15.103:0/4100647682 >> [v2:172.21.15.103:6800/385514192,v1:172.21.15.103:6801/385514192] conn(0x7fce480382e0 0x7fce4803a7a0 unknown :-1 s=CLOSED pgs=17 cs=0 l=1 rev1=1 crypto rx=0 tx=0 comp rx=0 tx=0).stop
2024-02-19T18:50:51.599 INFO:teuthology.orchestra.run.smithi103.stdout:/usr/bin/ceph: stderr
2024-02-19T18:50:51.055+0000 7fce659e4700 1 --2- 172.21.15.103:0/4100647682 >> [v2:172.21.15.103:3300/0,v1:172.21.15.103:6789/0] conn(0x7fce60105340 0x7fce6019a1a0 unknown :-1 s=CLOSED pgs=56 cs=0 l=1 rev1=1 crypto rx=0 tx=0 comp rx=0 tx=0).stop
2024-02-19T18:50:51.599 INFO:teuthology.orchestra.run.smithi103.stdout:/usr/bin/ceph: stderr
2024-02-19T18:50:51.055+0000 7fce659e4700 1 -- 172.21.15.103:0/4100647682 >> 172.21.15.103:0/4100647682 conn(0x7fce601008c0 msgr2=0x7fce600740b0 unknown :-1 s=STATE_NONE l=0).mark_down
2024-02-19T18:50:51.599 INFO:teuthology.orchestra.run.smithi103.stdout:/usr/bin/ceph: stderr
2024-02-19T18:50:51.055+0000 7fce659e4700 1 -- 172.21.15.103:0/4100647682 shutdown_connections
2024-02-19T18:50:51.599 INFO:teuthology.orchestra.run.smithi103.stdout:/usr/bin/ceph: stderr
2024-02-19T18:50:51.055+0000 7fce659e4700 1 -- 172.21.15.103:0/4100647682 wait complete.
2024-02-19T18:50:51.599 INFO:teuthology.orchestra.run.smithi103.stdout:Deploying node-exporter service with default placement...
2024-02-19T18:50:52.258 INFO:journalctl@ceph.mon.smithi103.smithi103.stdout:Feb 19 18:50:52 smithi103 ceph-mon[29203]: from='client.14150 -' entity='client.admin' cmd=[{"prefix": "orch apply", "service_type": "grafana", "target": ["mon-mgr", ""]}]: dispatch
2024-02-19T18:50:52.258 INFO:journalctl@ceph.mon.smithi103.smithi103.stdout:Feb 19 18:50:52 smithi103 ceph-mon[29203]: Saving service grafana spec with placement count:1
2024-02-19T18:50:52.258 INFO:journalctl@ceph.mon.smithi103.smithi103.stdout:Feb 19 18:50:52 smithi103 ceph-mon[29203]: from='mgr.14118 172.21.15.103:0/2875251069' entity='mgr.smithi103.amzash'
2024-02-19T18:50:52.963 INFO:teuthology.orchestra.run.smithi103.stdout:/usr/bin/ceph: stdout Scheduled node-exporter update...
2024-02-19T18:50:52.963 INFO:teuthology.orchestra.run.smithi103.stdout:/usr/bin/ceph: stderr
2024-02-19T18:50:52.010+0000 7f3320d80700 1 Processor -- start
2024-02-19T18:50:52.963 INFO:teuthology.orchestra.run.smithi103.stdout:/usr/bin/ceph: stderr
2024-02-19T18:50:52.010+0000 7f3320d80700 1 -- start start
2024-02-19T18:50:52.963 INFO:teuthology.orchestra.run.smithi103.stdout:/usr/bin/ceph: stderr
2024-02-19T18:50:52.010+0000 7f3320d80700 1 --2- >> [v2:172.21.15.103:3300/0,v1:172.21.15.103:6789/0] conn(0x7f331c106f00 0x7f331c1092f0 unknown :-1 s=NONE pgs=0 cs=0 l=0 rev1=0 crypto rx=0 tx=0 comp rx=0 tx=0).connect
2024-02-19T18:50:52.963 INFO:teuthology.orchestra.run.smithi103.stdout:/usr/bin/ceph: stderr
2024-02-19T18:50:52.010+0000 7f3320d80700 1 -- --> [v2:172.21.15.103:3300/0,v1:172.21.15.103:6789/0] -- mon_getmap magic: 0 v1 -- 0x7f331c079e80 con 0x7f331c106f00
2024-02-19T18:50:52.963 INFO:teuthology.orchestra.run.smithi103.stdout:/usr/bin/ceph: stderr
2024-02-19T18:50:52.011+0000 7f331a59c700 1 --2- >> [v2:172.21.15.103:3300/0,v1:172.21.15.103:6789/0] conn(0x7f331c106f00 0x7f331c1092f0 unknown :-1 s=BANNER_CONNECTING pgs=0 cs=0 l=0 rev1=0 crypto rx=0 tx=0 comp rx=0 tx=0)._handle_peer_banner_payload supported=3 required=0
2024-02-19T18:50:52.963 INFO:teuthology.orchestra.run.smithi103.stdout:/usr/bin/ceph: stderr
2024-02-19T18:50:52.011+0000 7f331a59c700 1 --2- >> [v2:172.21.15.103:3300/0,v1:172.21.15.103:6789/0] conn(0x7f331c106f00 0x7f331c1092f0 unknown :-1 s=HELLO_CONNECTING pgs=0 cs=0 l=0 rev1=1 crypto rx=0 tx=0 comp rx=0 tx=0).handle_hello peer v2:172.21.15.103:3300/0 says I am v2:172.21.15.103:36462/0 (socket says 172.21.15.103:36462)
2024-02-19T18:50:52.963 INFO:teuthology.orchestra.run.smithi103.stdout:/usr/bin/ceph: stderr
2024-02-19T18:50:52.011+0000 7f331a59c700 1 -- 172.21.15.103:0/1599411754 learned_addr learned my addr 172.21.15.103:0/1599411754 (peer_addr_for_me v2:172.21.15.103:0/0)
2024-02-19T18:50:52.963 INFO:teuthology.orchestra.run.smithi103.stdout:/usr/bin/ceph: stderr
2024-02-19T18:50:52.011+0000 7f331a59c700 1 -- 172.21.15.103:0/1599411754 --> [v2:172.21.15.103:3300/0,v1:172.21.15.103:6789/0] -- mon_subscribe({config=0+,monmap=0+}) v3 -- 0x7f331c109830 con 0x7f331c106f00
2024-02-19T18:50:52.963 INFO:teuthology.orchestra.run.smithi103.stdout:/usr/bin/ceph: stderr
2024-02-19T18:50:52.011+0000 7f331a59c700 1 --2- 172.21.15.103:0/1599411754 >> [v2:172.21.15.103:3300/0,v1:172.21.15.103:6789/0] conn(0x7f331c106f00 0x7f331c1092f0 secure :-1 s=READY pgs=57 cs=0 l=1 rev1=1 crypto rx=0x7f330c0098a0 tx=0x7f330c009bb0 comp rx=0 tx=0).ready entity=mon.0 client_cookie=f64a7b894ec2e104 server_cookie=0 in_seq=0 out_seq=0
2024-02-19T18:50:52.963 INFO:teuthology.orchestra.run.smithi103.stdout:/usr/bin/ceph: stderr
2024-02-19T18:50:52.011+0000 7f331959a700 1 -- 172.21.15.103:0/1599411754 <== mon.0 v2:172.21.15.103:3300/0 1 ==== mon_map magic: 0 v1 ==== 229+0+0 (secure 0 0 0) 0x7f330c004180 con 0x7f331c106f00
2024-02-19T18:50:52.964 INFO:teuthology.orchestra.run.smithi103.stdout:/usr/bin/ceph: stderr
2024-02-19T18:50:52.011+0000 7f331959a700 1 -- 172.21.15.103:0/1599411754 <== mon.0 v2:172.21.15.103:3300/0 2 ==== config(27 keys) v1 ==== 1101+0+0 (secure 0 0 0) 0x7f330c0042e0 con 0x7f331c106f00
2024-02-19T18:50:52.964 INFO:teuthology.orchestra.run.smithi103.stdout:/usr/bin/ceph: stderr
2024-02-19T18:50:52.011+0000 7f331959a700 1 -- 172.21.15.103:0/1599411754 <== mon.0 v2:172.21.15.103:3300/0 3 ==== mon_map magic: 0 v1 ==== 229+0+0 (secure 0 0 0) 0x7f330c011af0 con 0x7f331c106f00
2024-02-19T18:50:52.964 INFO:teuthology.orchestra.run.smithi103.stdout:/usr/bin/ceph: stderr
2024-02-19T18:50:52.012+0000 7f3320d80700 1 -- 172.21.15.103:0/1599411754 >> [v2:172.21.15.103:3300/0,v1:172.21.15.103:6789/0] conn(0x7f331c106f00 msgr2=0x7f331c1092f0 secure :-1 s=STATE_CONNECTION_ESTABLISHED l=1).mark_down
2024-02-19T18:50:52.964 INFO:teuthology.orchestra.run.smithi103.stdout:/usr/bin/ceph: stderr
2024-02-19T18:50:52.012+0000 7f3320d80700 1 --2- 172.21.15.103:0/1599411754 >> [v2:172.21.15.103:3300/0,v1:172.21.15.103:6789/0] conn(0x7f331c106f00 0x7f331c1092f0 secure :-1 s=READY pgs=57 cs=0 l=1 rev1=1 crypto rx=0x7f330c0098a0 tx=0x7f330c009bb0 comp rx=0 tx=0).stop
2024-02-19T18:50:52.964 INFO:teuthology.orchestra.run.smithi103.stdout:/usr/bin/ceph: stderr
2024-02-19T18:50:52.012+0000 7f3320d80700 1 -- 172.21.15.103:0/1599411754 shutdown_connections
2024-02-19T18:50:52.964 INFO:teuthology.orchestra.run.smithi103.stdout:/usr/bin/ceph: stderr
2024-02-19T18:50:52.012+0000 7f3320d80700 1 --2- 172.21.15.103:0/1599411754 >> [v2:172.21.15.103:3300/0,v1:172.21.15.103:6789/0] conn(0x7f331c106f00 0x7f331c1092f0 unknown :-1 s=CLOSED pgs=57 cs=0 l=1 rev1=1 crypto rx=0 tx=0 comp rx=0 tx=0).stop
2024-02-19T18:50:52.964 INFO:teuthology.orchestra.run.smithi103.stdout:/usr/bin/ceph: stderr
2024-02-19T18:50:52.012+0000 7f3320d80700 1 -- 172.21.15.103:0/1599411754 >> 172.21.15.103:0/1599411754 conn(0x7f331c1008d0 msgr2=0x7f331c102d30 unknown :-1 s=STATE_NONE l=0).mark_down
2024-02-19T18:50:52.964 INFO:teuthology.orchestra.run.smithi103.stdout:/usr/bin/ceph: stderr
2024-02-19T18:50:52.012+0000 7f3320d80700 1 -- 172.21.15.103:0/1599411754 shutdown_connections
2024-02-19T18:50:52.964 INFO:teuthology.orchestra.run.smithi103.stdout:/usr/bin/ceph: stderr
2024-02-19T18:50:52.012+0000 7f3320d80700 1 -- 172.21.15.103:0/1599411754 wait complete.
2024-02-19T18:50:52.964 INFO:teuthology.orchestra.run.smithi103.stdout:/usr/bin/ceph: stderr
2024-02-19T18:50:52.013+0000 7f3320d80700 1 Processor -- start
2024-02-19T18:50:52.964 INFO:teuthology.orchestra.run.smithi103.stdout:/usr/bin/ceph: stderr
2024-02-19T18:50:52.013+0000 7f3320d80700 1 -- start start
2024-02-19T18:50:52.964 INFO:teuthology.orchestra.run.smithi103.stdout:/usr/bin/ceph: stderr
2024-02-19T18:50:52.013+0000 7f3320d80700 1 --2- >> [v2:172.21.15.103:3300/0,v1:172.21.15.103:6789/0] conn(0x7f331c106f00 0x7f331c106860 unknown :-1 s=NONE pgs=0 cs=0 l=1 rev1=0 crypto rx=0 tx=0 comp rx=0 tx=0).connect
2024-02-19T18:50:52.964 INFO:teuthology.orchestra.run.smithi103.stdout:/usr/bin/ceph: stderr
2024-02-19T18:50:52.013+0000 7f3320d80700 1 -- --> [v2:172.21.15.103:3300/0,v1:172.21.15.103:6789/0] -- mon_getmap magic: 0 v1 -- 0x7f331c106da0 con 0x7f331c106f00
2024-02-19T18:50:52.964 INFO:teuthology.orchestra.run.smithi103.stdout:/usr/bin/ceph: stderr
2024-02-19T18:50:52.013+0000 7f331a59c700 1 --2- >> [v2:172.21.15.103:3300/0,v1:172.21.15.103:6789/0] conn(0x7f331c106f00 0x7f331c106860 unknown :-1 s=BANNER_CONNECTING pgs=0 cs=0 l=1 rev1=0 crypto rx=0 tx=0 comp rx=0 tx=0)._handle_peer_banner_payload supported=3 required=0
2024-02-19T18:50:52.965 INFO:teuthology.orchestra.run.smithi103.stdout:/usr/bin/ceph: stderr
2024-02-19T18:50:52.013+0000 7f331a59c700 1 --2- >> [v2:172.21.15.103:3300/0,v1:172.21.15.103:6789/0] conn(0x7f331c106f00 0x7f331c106860 unknown :-1 s=HELLO_CONNECTING pgs=0 cs=0 l=1 rev1=1 crypto rx=0 tx=0 comp rx=0 tx=0).handle_hello peer v2:172.21.15.103:3300/0 says I am v2:172.21.15.103:36472/0 (socket says 172.21.15.103:36472)
2024-02-19T18:50:52.965 INFO:teuthology.orchestra.run.smithi103.stdout:/usr/bin/ceph: stderr
2024-02-19T18:50:52.013+0000 7f331a59c700 1 -- 172.21.15.103:0/2560836854 learned_addr learned my addr 172.21.15.103:0/2560836854 (peer_addr_for_me v2:172.21.15.103:0/0)
2024-02-19T18:50:52.965 INFO:teuthology.orchestra.run.smithi103.stdout:/usr/bin/ceph: stderr
2024-02-19T18:50:52.013+0000 7f331a59c700 1 -- 172.21.15.103:0/2560836854 --> [v2:172.21.15.103:3300/0,v1:172.21.15.103:6789/0] -- mon_subscribe({config=0+,monmap=0+}) v3 -- 0x7f330c009550 con 0x7f331c106f00
2024-02-19T18:50:52.965 INFO:teuthology.orchestra.run.smithi103.stdout:/usr/bin/ceph: stderr
2024-02-19T18:50:52.013+0000 7f331a59c700 1 --2- 172.21.15.103:0/2560836854 >> [v2:172.21.15.103:3300/0,v1:172.21.15.103:6789/0] conn(0x7f331c106f00 0x7f331c106860 secure :-1 s=READY pgs=58 cs=0 l=1 rev1=1 crypto rx=0x7f330c011670 tx=0x7f330c011aa0 comp rx=0 tx=0).ready entity=mon.0 client_cookie=0 server_cookie=0 in_seq=0 out_seq=0
2024-02-19T18:50:52.965 INFO:teuthology.orchestra.run.smithi103.stdout:/usr/bin/ceph: stderr
2024-02-19T18:50:52.014+0000 7f330b7fe700 1 -- 172.21.15.103:0/2560836854 <== mon.0 v2:172.21.15.103:3300/0 1 ==== mon_map magic: 0 v1 ==== 229+0+0 (secure 0 0 0) 0x7f330c003a40 con 0x7f331c106f00
2024-02-19T18:50:52.965 INFO:teuthology.orchestra.run.smithi103.stdout:/usr/bin/ceph: stderr
2024-02-19T18:50:52.014+0000 7f3320d80700 1 -- 172.21.15.103:0/2560836854 --> [v2:172.21.15.103:3300/0,v1:172.21.15.103:6789/0] -- mon_subscribe({mgrmap=0+}) v3 -- 0x7f331c104eb0 con 0x7f331c106f00
2024-02-19T18:50:52.965 INFO:teuthology.orchestra.run.smithi103.stdout:/usr/bin/ceph: stderr
2024-02-19T18:50:52.014+0000 7f330b7fe700 1 -- 172.21.15.103:0/2560836854 <== mon.0 v2:172.21.15.103:3300/0 2 ==== config(27 keys) v1 ==== 1101+0+0 (secure 0 0 0) 0x7f330c003ba0 con 0x7f331c106f00
2024-02-19T18:50:52.965 INFO:teuthology.orchestra.run.smithi103.stdout:/usr/bin/ceph: stderr
2024-02-19T18:50:52.014+0000 7f330b7fe700 1 -- 172.21.15.103:0/2560836854 <== mon.0 v2:172.21.15.103:3300/0 3 ==== mon_map magic: 0 v1 ==== 229+0+0 (secure 0 0 0) 0x7f330c024820 con 0x7f331c106f00
2024-02-19T18:50:52.965 INFO:teuthology.orchestra.run.smithi103.stdout:/usr/bin/ceph: stderr
2024-02-19T18:50:52.014+0000 7f3320d80700 1 -- 172.21.15.103:0/2560836854 --> [v2:172.21.15.103:3300/0,v1:172.21.15.103:6789/0] -- mon_subscribe({osdmap=0}) v3 -- 0x7f331c105350 con 0x7f331c106f00
2024-02-19T18:50:52.965 INFO:teuthology.orchestra.run.smithi103.stdout:/usr/bin/ceph: stderr
2024-02-19T18:50:52.014+0000 7f330b7fe700 1 -- 172.21.15.103:0/2560836854 <== mon.0 v2:172.21.15.103:3300/0 4 ==== mgrmap(e 8) v1 ==== 45283+0+0 (secure 0 0 0) 0x7f330c024ae0 con 0x7f331c106f00
2024-02-19T18:50:52.965 INFO:teuthology.orchestra.run.smithi103.stdout:/usr/bin/ceph: stderr
2024-02-19T18:50:52.014+0000 7f330b7fe700 1 --2- 172.21.15.103:0/2560836854 >> [v2:172.21.15.103:6800/385514192,v1:172.21.15.103:6801/385514192] conn(0x7f33040382e0 0x7f330403a7a0 unknown :-1 s=NONE pgs=0 cs=0 l=1 rev1=0 crypto rx=0 tx=0 comp rx=0 tx=0).connect
2024-02-19T18:50:52.965 INFO:teuthology.orchestra.run.smithi103.stdout:/usr/bin/ceph: stderr
2024-02-19T18:50:52.015+0000 7f330b7fe700 1 -- 172.21.15.103:0/2560836854 <== mon.0 v2:172.21.15.103:3300/0 5 ==== osd_map(2..2 src has 1..2) v4 ==== 940+0+0 (secure 0 0 0) 0x7f330c04c460 con 0x7f331c106f00
2024-02-19T18:50:52.965 INFO:teuthology.orchestra.run.smithi103.stdout:/usr/bin/ceph: stderr
2024-02-19T18:50:52.015+0000 7f3319d9b700 1 --2- 172.21.15.103:0/2560836854 >> [v2:172.21.15.103:6800/385514192,v1:172.21.15.103:6801/385514192] conn(0x7f33040382e0 0x7f330403a7a0 unknown :-1 s=BANNER_CONNECTING pgs=0 cs=0 l=1 rev1=0 crypto rx=0 tx=0 comp rx=0 tx=0)._handle_peer_banner_payload supported=3 required=0
2024-02-19T18:50:52.965 INFO:teuthology.orchestra.run.smithi103.stdout:/usr/bin/ceph: stderr
2024-02-19T18:50:52.015+0000 7f3320d80700 1 -- 172.21.15.103:0/2560836854 --> [v2:172.21.15.103:3300/0,v1:172.21.15.103:6789/0] -- mon_command({"prefix": "get_command_descriptions"} v 0) v1 -- 0x7f331c10a5c0 con 0x7f331c106f00
2024-02-19T18:50:52.965 INFO:teuthology.orchestra.run.smithi103.stdout:/usr/bin/ceph: stderr
2024-02-19T18:50:52.015+0000 7f3319d9b700 1 --2- 172.21.15.103:0/2560836854 >> [v2:172.21.15.103:6800/385514192,v1:172.21.15.103:6801/385514192] conn(0x7f33040382e0 0x7f330403a7a0 secure :-1 s=READY pgs=18 cs=0 l=1 rev1=1 crypto rx=0x7f3310006fd0 tx=0x7f3310006e40 comp rx=0 tx=0).ready entity=mgr.14118 client_cookie=0 server_cookie=0 in_seq=0 out_seq=0
2024-02-19T18:50:52.966 INFO:teuthology.orchestra.run.smithi103.stdout:/usr/bin/ceph: stderr
2024-02-19T18:50:52.019+0000 7f330b7fe700 1 -- 172.21.15.103:0/2560836854 <== mon.0 v2:172.21.15.103:3300/0 6 ==== mon_command_ack([{"prefix": "get_command_descriptions"}]=0 v0) v1 ==== 72+0+180422 (secure 0 0 0) 0x7f330c024d90 con 0x7f331c106f00
2024-02-19T18:50:52.966 INFO:teuthology.orchestra.run.smithi103.stdout:/usr/bin/ceph: stderr
2024-02-19T18:50:52.225+0000 7f3320d80700 1 -- 172.21.15.103:0/2560836854 --> [v2:172.21.15.103:6800/385514192,v1:172.21.15.103:6801/385514192] -- mgr_command(tid 0: {"prefix": "orch apply", "service_type": "node-exporter", "target": ["mon-mgr", ""]}) v1 -- 0x7f331c101da0 con 0x7f33040382e0
2024-02-19T18:50:52.966 INFO:teuthology.orchestra.run.smithi103.stdout:/usr/bin/ceph: stderr
2024-02-19T18:50:52.230+0000 7f330b7fe700 1 -- 172.21.15.103:0/2560836854 <== mgr.14118 v2:172.21.15.103:6800/385514192 1 ==== mgr_command_reply(tid 0: 0 ) v1 ==== 8+0+34 (secure 0 0 0) 0x7f331c101da0 con 0x7f33040382e0
2024-02-19T18:50:52.966 INFO:teuthology.orchestra.run.smithi103.stdout:/usr/bin/ceph: stderr
2024-02-19T18:50:52.232+0000 7f3320d80700 1 -- 172.21.15.103:0/2560836854 >> [v2:172.21.15.103:6800/385514192,v1:172.21.15.103:6801/385514192] conn(0x7f33040382e0 msgr2=0x7f330403a7a0 secure :-1 s=STATE_CONNECTION_ESTABLISHED l=1).mark_down
2024-02-19T18:50:52.966 INFO:teuthology.orchestra.run.smithi103.stdout:/usr/bin/ceph: stderr
2024-02-19T18:50:52.232+0000 7f3320d80700 1 --2- 172.21.15.103:0/2560836854 >> [v2:172.21.15.103:6800/385514192,v1:172.21.15.103:6801/385514192] conn(0x7f33040382e0 0x7f330403a7a0 secure :-1 s=READY pgs=18 cs=0 l=1 rev1=1 crypto rx=0x7f3310006fd0 tx=0x7f3310006e40 comp rx=0 tx=0).stop
2024-02-19T18:50:52.966 INFO:teuthology.orchestra.run.smithi103.stdout:/usr/bin/ceph: stderr
2024-02-19T18:50:52.232+0000 7f3320d80700 1 -- 172.21.15.103:0/2560836854 >> [v2:172.21.15.103:3300/0,v1:172.21.15.103:6789/0] conn(0x7f331c106f00 msgr2=0x7f331c106860 secure :-1 s=STATE_CONNECTION_ESTABLISHED l=1).mark_down
2024-02-19T18:50:52.966 INFO:teuthology.orchestra.run.smithi103.stdout:/usr/bin/ceph: stderr
2024-02-19T18:50:52.232+0000 7f3320d80700 1 --2- 172.21.15.103:0/2560836854 >> [v2:172.21.15.103:3300/0,v1:172.21.15.103:6789/0] conn(0x7f331c106f00 0x7f331c106860 secure :-1 s=READY pgs=58 cs=0 l=1 rev1=1 crypto rx=0x7f330c011670 tx=0x7f330c011aa0 comp rx=0 tx=0).stop
2024-02-19T18:50:52.966 INFO:teuthology.orchestra.run.smithi103.stdout:/usr/bin/ceph: stderr
2024-02-19T18:50:52.232+0000 7f3320d80700 1 -- 172.21.15.103:0/2560836854 shutdown_connections
2024-02-19T18:50:52.966 INFO:teuthology.orchestra.run.smithi103.stdout:/usr/bin/ceph: stderr
2024-02-19T18:50:52.232+0000 7f3320d80700 1 --2- 172.21.15.103:0/2560836854 >> [v2:172.21.15.103:6800/385514192,v1:172.21.15.103:6801/385514192] conn(0x7f33040382e0 0x7f330403a7a0 unknown :-1 s=CLOSED pgs=18 cs=0 l=1 rev1=1 crypto rx=0 tx=0 comp rx=0 tx=0).stop
2024-02-19T18:50:52.966 INFO:teuthology.orchestra.run.smithi103.stdout:/usr/bin/ceph: stderr
2024-02-19T18:50:52.232+0000 7f3320d80700 1 --2- 172.21.15.103:0/2560836854 >> [v2:172.21.15.103:3300/0,v1:172.21.15.103:6789/0] conn(0x7f331c106f00 0x7f331c106860 unknown :-1 s=CLOSED pgs=58 cs=0 l=1 rev1=1 crypto rx=0 tx=0 comp rx=0 tx=0).stop
2024-02-19T18:50:52.966 INFO:teuthology.orchestra.run.smithi103.stdout:/usr/bin/ceph: stderr
2024-02-19T18:50:52.232+0000 7f3320d80700 1 -- 172.21.15.103:0/2560836854 >> 172.21.15.103:0/2560836854 conn(0x7f331c1008d0 msgr2=0x7f331c101690 unknown :-1 s=STATE_NONE l=0).mark_down
2024-02-19T18:50:52.966 INFO:teuthology.orchestra.run.smithi103.stdout:/usr/bin/ceph: stderr
2024-02-19T18:50:52.232+0000 7f3320d80700 1 -- 172.21.15.103:0/2560836854 shutdown_connections
2024-02-19T18:50:52.966 INFO:teuthology.orchestra.run.smithi103.stdout:/usr/bin/ceph: stderr
2024-02-19T18:50:52.233+0000 7f3320d80700 1 -- 172.21.15.103:0/2560836854 wait complete.
2024-02-19T18:50:52.966 INFO:teuthology.orchestra.run.smithi103.stdout:Deploying alertmanager service with default placement...
2024-02-19T18:50:53.400 INFO:journalctl@ceph.mon.smithi103.smithi103.stdout:Feb 19 18:50:53 smithi103 ceph-mon[29203]: from='client.14152 -' entity='client.admin' cmd=[{"prefix": "orch apply", "service_type": "node-exporter", "target": ["mon-mgr", ""]}]: dispatch
2024-02-19T18:50:53.400 INFO:journalctl@ceph.mon.smithi103.smithi103.stdout:Feb 19 18:50:53 smithi103 ceph-mon[29203]: Saving service node-exporter spec with placement *
2024-02-19T18:50:53.400 INFO:journalctl@ceph.mon.smithi103.smithi103.stdout:Feb 19 18:50:53 smithi103 ceph-mon[29203]: from='mgr.14118 172.21.15.103:0/2875251069' entity='mgr.smithi103.amzash'
2024-02-19T18:50:53.400 INFO:journalctl@ceph.mon.smithi103.smithi103.stdout:Feb 19 18:50:53 smithi103 ceph-mon[29203]: pgmap v3: 0 pgs: ; 0 B data, 0 B used, 0 B / 0 B avail
2024-02-19T18:50:54.408 INFO:teuthology.orchestra.run.smithi103.stdout:/usr/bin/ceph: stdout Scheduled alertmanager update...
2024-02-19T18:50:54.408 INFO:teuthology.orchestra.run.smithi103.stdout:/usr/bin/ceph: stderr
2024-02-19T18:50:53.410+0000 7fa5749eb700 1 Processor -- start
2024-02-19T18:50:54.408 INFO:teuthology.orchestra.run.smithi103.stdout:/usr/bin/ceph: stderr
2024-02-19T18:50:53.410+0000 7fa5749eb700 1 -- start start
2024-02-19T18:50:54.408 INFO:teuthology.orchestra.run.smithi103.stdout:/usr/bin/ceph: stderr
2024-02-19T18:50:53.410+0000 7fa5749eb700 1 --2- >> [v2:172.21.15.103:3300/0,v1:172.21.15.103:6789/0] conn(0x7fa570106920 0x7fa570106d40 unknown :-1 s=NONE pgs=0 cs=0 l=0 rev1=0 crypto rx=0 tx=0 comp rx=0 tx=0).connect
2024-02-19T18:50:54.408 INFO:teuthology.orchestra.run.smithi103.stdout:/usr/bin/ceph: stderr
2024-02-19T18:50:53.410+0000 7fa5749eb700 1 -- --> [v2:172.21.15.103:3300/0,v1:172.21.15.103:6789/0] -- mon_getmap magic: 0 v1 -- 0x7fa570107310 con 0x7fa570106920
2024-02-19T18:50:54.408 INFO:teuthology.orchestra.run.smithi103.stdout:/usr/bin/ceph: stderr
2024-02-19T18:50:53.410+0000 7fa56e59c700 1 --2- >> [v2:172.21.15.103:3300/0,v1:172.21.15.103:6789/0] conn(0x7fa570106920 0x7fa570106d40 unknown :-1 s=BANNER_CONNECTING pgs=0 cs=0 l=0 rev1=0 crypto rx=0 tx=0 comp rx=0 tx=0)._handle_peer_banner_payload supported=3 required=0
2024-02-19T18:50:54.408 INFO:teuthology.orchestra.run.smithi103.stdout:/usr/bin/ceph: stderr
2024-02-19T18:50:53.410+0000 7fa56e59c700 1 --2- >> [v2:172.21.15.103:3300/0,v1:172.21.15.103:6789/0] conn(0x7fa570106920 0x7fa570106d40 unknown :-1 s=HELLO_CONNECTING pgs=0 cs=0 l=0 rev1=1 crypto rx=0 tx=0 comp rx=0 tx=0).handle_hello peer v2:172.21.15.103:3300/0 says I am v2:172.21.15.103:36484/0 (socket says 172.21.15.103:36484)
2024-02-19T18:50:54.409 INFO:teuthology.orchestra.run.smithi103.stdout:/usr/bin/ceph: stderr
2024-02-19T18:50:53.410+0000 7fa56e59c700 1 -- 172.21.15.103:0/3405941393 learned_addr learned my addr 172.21.15.103:0/3405941393 (peer_addr_for_me v2:172.21.15.103:0/0)
2024-02-19T18:50:54.409 INFO:teuthology.orchestra.run.smithi103.stdout:/usr/bin/ceph: stderr
2024-02-19T18:50:53.410+0000 7fa56e59c700 1 -- 172.21.15.103:0/3405941393 --> [v2:172.21.15.103:3300/0,v1:172.21.15.103:6789/0] -- mon_subscribe({config=0+,monmap=0+}) v3 -- 0x7fa570105530 con 0x7fa570106920
2024-02-19T18:50:54.409 INFO:teuthology.orchestra.run.smithi103.stdout:/usr/bin/ceph: stderr
2024-02-19T18:50:53.411+0000 7fa56e59c700 1 --2- 172.21.15.103:0/3405941393 >> [v2:172.21.15.103:3300/0,v1:172.21.15.103:6789/0] conn(0x7fa570106920 0x7fa570106d40 secure :-1 s=READY pgs=59 cs=0 l=1 rev1=1 crypto rx=0x7fa5600098a0 tx=0x7fa560009bb0 comp rx=0 tx=0).ready entity=mon.0 client_cookie=833c3e4ec34e8059 server_cookie=0 in_seq=0 out_seq=0
2024-02-19T18:50:54.409 INFO:teuthology.orchestra.run.smithi103.stdout:/usr/bin/ceph: stderr
2024-02-19T18:50:53.411+0000 7fa56d59a700 1 -- 172.21.15.103:0/3405941393 <== mon.0 v2:172.21.15.103:3300/0 1 ==== mon_map magic: 0 v1 ==== 229+0+0 (secure 0 0 0) 0x7fa560004180 con 0x7fa570106920
2024-02-19T18:50:54.409 INFO:teuthology.orchestra.run.smithi103.stdout:/usr/bin/ceph: stderr
2024-02-19T18:50:53.411+0000 7fa56d59a700 1 -- 172.21.15.103:0/3405941393 <== mon.0 v2:172.21.15.103:3300/0 2 ==== config(27 keys) v1 ==== 1101+0+0 (secure 0 0 0) 0x7fa5600042e0 con 0x7fa570106920
2024-02-19T18:50:54.409 INFO:teuthology.orchestra.run.smithi103.stdout:/usr/bin/ceph: stderr
2024-02-19T18:50:53.411+0000 7fa56d59a700 1 -- 172.21.15.103:0/3405941393 <== mon.0 v2:172.21.15.103:3300/0 3 ==== mon_map magic: 0 v1 ==== 229+0+0 (secure 0 0 0) 0x7fa560011af0 con 0x7fa570106920
2024-02-19T18:50:54.409 INFO:teuthology.orchestra.run.smithi103.stdout:/usr/bin/ceph: stderr
2024-02-19T18:50:53.411+0000 7fa5749eb700 1 -- 172.21.15.103:0/3405941393 >> [v2:172.21.15.103:3300/0,v1:172.21.15.103:6789/0] conn(0x7fa570106920 msgr2=0x7fa570106d40 secure :-1 s=STATE_CONNECTION_ESTABLISHED l=1).mark_down
2024-02-19T18:50:54.409 INFO:teuthology.orchestra.run.smithi103.stdout:/usr/bin/ceph: stderr
2024-02-19T18:50:53.411+0000 7fa5749eb700 1 --2- 172.21.15.103:0/3405941393 >> [v2:172.21.15.103:3300/0,v1:172.21.15.103:6789/0] conn(0x7fa570106920 0x7fa570106d40 secure :-1 s=READY pgs=59 cs=0 l=1 rev1=1 crypto rx=0x7fa5600098a0 tx=0x7fa560009bb0 comp rx=0 tx=0).stop
2024-02-19T18:50:54.409 INFO:teuthology.orchestra.run.smithi103.stdout:/usr/bin/ceph: stderr
2024-02-19T18:50:53.411+0000 7fa5749eb700 1 -- 172.21.15.103:0/3405941393 shutdown_connections
2024-02-19T18:50:54.409 INFO:teuthology.orchestra.run.smithi103.stdout:/usr/bin/ceph: stderr
2024-02-19T18:50:53.411+0000 7fa5749eb700 1 --2- 172.21.15.103:0/3405941393 >> [v2:172.21.15.103:3300/0,v1:172.21.15.103:6789/0] conn(0x7fa570106920 0x7fa570106d40 unknown :-1 s=CLOSED pgs=59 cs=0 l=1 rev1=1 crypto rx=0 tx=0 comp rx=0 tx=0).stop
2024-02-19T18:50:54.409 INFO:teuthology.orchestra.run.smithi103.stdout:/usr/bin/ceph: stderr
2024-02-19T18:50:53.411+0000 7fa5749eb700 1 -- 172.21.15.103:0/3405941393 >> 172.21.15.103:0/3405941393 conn(0x7fa570100040 msgr2=0x7fa5701024a0 unknown :-1 s=STATE_NONE l=0).mark_down
2024-02-19T18:50:54.409 INFO:teuthology.orchestra.run.smithi103.stdout:/usr/bin/ceph: stderr
2024-02-19T18:50:53.412+0000 7fa5749eb700 1 -- 172.21.15.103:0/3405941393 shutdown_connections
2024-02-19T18:50:54.409 INFO:teuthology.orchestra.run.smithi103.stdout:/usr/bin/ceph: stderr
2024-02-19T18:50:53.412+0000 7fa5749eb700 1 -- 172.21.15.103:0/3405941393 wait complete.
2024-02-19T18:50:54.410 INFO:teuthology.orchestra.run.smithi103.stdout:/usr/bin/ceph: stderr
2024-02-19T18:50:53.412+0000 7fa5749eb700 1 Processor -- start
2024-02-19T18:50:54.410 INFO:teuthology.orchestra.run.smithi103.stdout:/usr/bin/ceph: stderr
2024-02-19T18:50:53.412+0000 7fa5749eb700 1 -- start start
2024-02-19T18:50:54.410 INFO:teuthology.orchestra.run.smithi103.stdout:/usr/bin/ceph: stderr
2024-02-19T18:50:53.412+0000 7fa5749eb700 1 --2- >> [v2:172.21.15.103:3300/0,v1:172.21.15.103:6789/0] conn(0x7fa570106920 0x7fa570104fa0 unknown :-1 s=NONE pgs=0 cs=0 l=1 rev1=0 crypto rx=0 tx=0 comp rx=0 tx=0).connect
2024-02-19T18:50:54.410 INFO:teuthology.orchestra.run.smithi103.stdout:/usr/bin/ceph: stderr
2024-02-19T18:50:53.412+0000 7fa5749eb700 1 -- --> [v2:172.21.15.103:3300/0,v1:172.21.15.103:6789/0] -- mon_getmap magic: 0 v1 -- 0x7fa57019ceb0 con 0x7fa570106920
2024-02-19T18:50:54.410 INFO:teuthology.orchestra.run.smithi103.stdout:/usr/bin/ceph: stderr
2024-02-19T18:50:53.413+0000 7fa56e59c700 1 --2- >> [v2:172.21.15.103:3300/0,v1:172.21.15.103:6789/0] conn(0x7fa570106920 0x7fa570104fa0 unknown :-1 s=BANNER_CONNECTING pgs=0 cs=0 l=1 rev1=0 crypto rx=0 tx=0 comp rx=0 tx=0)._handle_peer_banner_payload supported=3 required=0
2024-02-19T18:50:54.410 INFO:teuthology.orchestra.run.smithi103.stdout:/usr/bin/ceph: stderr
