2024-02-19T18:50:38.842+0000 7f797a59c700 1 --2- >> [v2:172.21.15.103:3300/0,v1:172.21.15.103:6789/0] conn(0x7f797c106430 0x7f797c07ab50 unknown :-1 s=BANNER_CONNECTING pgs=0 cs=0 l=1 rev1=0 crypto rx=0 tx=0 comp rx=0 tx=0)._handle_peer_banner_payload supported=3 required=0
2024-02-19T18:50:39.721 INFO:teuthology.orchestra.run.smithi103.stdout:/usr/bin/ceph: stderr
2024-02-19T18:50:38.842+0000 7f797a59c700 1 --2- >> [v2:172.21.15.103:3300/0,v1:172.21.15.103:6789/0] conn(0x7f797c106430 0x7f797c07ab50 unknown :-1 s=HELLO_CONNECTING pgs=0 cs=0 l=1 rev1=1 crypto rx=0 tx=0 comp rx=0 tx=0).handle_hello peer v2:172.21.15.103:3300/0 says I am v2:172.21.15.103:32776/0 (socket says 172.21.15.103:32776)
2024-02-19T18:50:39.722 INFO:teuthology.orchestra.run.smithi103.stdout:/usr/bin/ceph: stderr
2024-02-19T18:50:38.842+0000 7f797a59c700 1 -- 172.21.15.103:0/1352953548 learned_addr learned my addr 172.21.15.103:0/1352953548 (peer_addr_for_me v2:172.21.15.103:0/0)
2024-02-19T18:50:39.722 INFO:teuthology.orchestra.run.smithi103.stdout:/usr/bin/ceph: stderr
2024-02-19T18:50:38.842+0000 7f797a59c700 1 -- 172.21.15.103:0/1352953548 --> [v2:172.21.15.103:3300/0,v1:172.21.15.103:6789/0] -- mon_subscribe({config=0+,monmap=0+}) v3 -- 0x7f796c009550 con 0x7f797c106430
2024-02-19T18:50:39.722 INFO:teuthology.orchestra.run.smithi103.stdout:/usr/bin/ceph: stderr
2024-02-19T18:50:38.842+0000 7f797a59c700 1 --2- 172.21.15.103:0/1352953548 >> [v2:172.21.15.103:3300/0,v1:172.21.15.103:6789/0] conn(0x7f797c106430 0x7f797c07ab50 secure :-1 s=READY pgs=42 cs=0 l=1 rev1=1 crypto rx=0x7f796c003de0 tx=0x7f796c011ab0 comp rx=0 tx=0).ready entity=mon.0 client_cookie=0 server_cookie=0 in_seq=0 out_seq=0
2024-02-19T18:50:39.722 INFO:teuthology.orchestra.run.smithi103.stdout:/usr/bin/ceph: stderr
2024-02-19T18:50:38.842+0000 7f796b7fe700 1 -- 172.21.15.103:0/1352953548 <== mon.0 v2:172.21.15.103:3300/0 1 ==== mon_map magic: 0 v1 ==== 229+0+0 (secure 0 0 0) 0x7f796c003930 con 0x7f797c106430
2024-02-19T18:50:39.722 INFO:teuthology.orchestra.run.smithi103.stdout:/usr/bin/ceph: stderr
2024-02-19T18:50:38.843+0000 7f7980ee2700 1 -- 172.21.15.103:0/1352953548 --> [v2:172.21.15.103:3300/0,v1:172.21.15.103:6789/0] -- mon_subscribe({mgrmap=0+}) v3 -- 0x7f797c0791a0 con 0x7f797c106430
2024-02-19T18:50:39.722 INFO:teuthology.orchestra.run.smithi103.stdout:/usr/bin/ceph: stderr
2024-02-19T18:50:38.843+0000 7f796b7fe700 1 -- 172.21.15.103:0/1352953548 <== mon.0 v2:172.21.15.103:3300/0 2 ==== config(27 keys) v1 ==== 1037+0+0 (secure 0 0 0) 0x7f796c003a90 con 0x7f797c106430
2024-02-19T18:50:39.722 INFO:teuthology.orchestra.run.smithi103.stdout:/usr/bin/ceph: stderr
2024-02-19T18:50:38.843+0000 7f796b7fe700 1 -- 172.21.15.103:0/1352953548 <== mon.0 v2:172.21.15.103:3300/0 3 ==== mon_map magic: 0 v1 ==== 229+0+0 (secure 0 0 0) 0x7f796c0196c0 con 0x7f797c106430
2024-02-19T18:50:39.722 INFO:teuthology.orchestra.run.smithi103.stdout:/usr/bin/ceph: stderr
2024-02-19T18:50:38.843+0000 7f7980ee2700 1 -- 172.21.15.103:0/1352953548 --> [v2:172.21.15.103:3300/0,v1:172.21.15.103:6789/0] -- mon_subscribe({osdmap=0}) v3 -- 0x7f797c079640 con 0x7f797c106430
2024-02-19T18:50:39.722 INFO:teuthology.orchestra.run.smithi103.stdout:/usr/bin/ceph: stderr
2024-02-19T18:50:38.843+0000 7f796b7fe700 1 -- 172.21.15.103:0/1352953548 <== mon.0 v2:172.21.15.103:3300/0 4 ==== mgrmap(e 8) v1 ==== 45283+0+0 (secure 0 0 0) 0x7f796c019980 con 0x7f797c106430
2024-02-19T18:50:39.722 INFO:teuthology.orchestra.run.smithi103.stdout:/usr/bin/ceph: stderr
2024-02-19T18:50:38.843+0000 7f7980ee2700 1 -- 172.21.15.103:0/1352953548 --> [v2:172.21.15.103:3300/0,v1:172.21.15.103:6789/0] -- mon_command({"prefix": "get_command_descriptions"} v 0) v1 -- 0x7f797c0623c0 con 0x7f797c106430
2024-02-19T18:50:39.722 INFO:teuthology.orchestra.run.smithi103.stdout:/usr/bin/ceph: stderr
2024-02-19T18:50:38.844+0000 7f796b7fe700 1 --2- 172.21.15.103:0/1352953548 >> [v2:172.21.15.103:6800/385514192,v1:172.21.15.103:6801/385514192] conn(0x7f7964038320 0x7f796403a7e0 unknown :-1 s=NONE pgs=0 cs=0 l=1 rev1=0 crypto rx=0 tx=0 comp rx=0 tx=0).connect
2024-02-19T18:50:39.722 INFO:teuthology.orchestra.run.smithi103.stdout:/usr/bin/ceph: stderr
2024-02-19T18:50:38.844+0000 7f796b7fe700 1 -- 172.21.15.103:0/1352953548 <== mon.0 v2:172.21.15.103:3300/0 5 ==== osd_map(2..2 src has 1..2) v4 ==== 940+0+0 (secure 0 0 0) 0x7f796c04c560 con 0x7f797c106430
2024-02-19T18:50:39.723 INFO:teuthology.orchestra.run.smithi103.stdout:/usr/bin/ceph: stderr
2024-02-19T18:50:38.844+0000 7f7979d9b700 1 --2- 172.21.15.103:0/1352953548 >> [v2:172.21.15.103:6800/385514192,v1:172.21.15.103:6801/385514192] conn(0x7f7964038320 0x7f796403a7e0 unknown :-1 s=BANNER_CONNECTING pgs=0 cs=0 l=1 rev1=0 crypto rx=0 tx=0 comp rx=0 tx=0)._handle_peer_banner_payload supported=3 required=0
2024-02-19T18:50:39.723 INFO:teuthology.orchestra.run.smithi103.stdout:/usr/bin/ceph: stderr
2024-02-19T18:50:38.844+0000 7f7979d9b700 1 --2- 172.21.15.103:0/1352953548 >> [v2:172.21.15.103:6800/385514192,v1:172.21.15.103:6801/385514192] conn(0x7f7964038320 0x7f796403a7e0 secure :-1 s=READY pgs=10 cs=0 l=1 rev1=1 crypto rx=0x7f7970006fd0 tx=0x7f7970006e40 comp rx=0 tx=0).ready entity=mgr.14118 client_cookie=0 server_cookie=0 in_seq=0 out_seq=0
2024-02-19T18:50:39.723 INFO:teuthology.orchestra.run.smithi103.stdout:/usr/bin/ceph: stderr
2024-02-19T18:50:38.848+0000 7f796b7fe700 1 -- 172.21.15.103:0/1352953548 <== mon.0 v2:172.21.15.103:3300/0 6 ==== mon_command_ack([{"prefix": "get_command_descriptions"}]=0 v0) v1 ==== 72+0+180422 (secure 0 0 0) 0x7f796c010bb0 con 0x7f797c106430
2024-02-19T18:50:39.723 INFO:teuthology.orchestra.run.smithi103.stdout:/usr/bin/ceph: stderr
2024-02-19T18:50:39.038+0000 7f7980ee2700 1 -- 172.21.15.103:0/1352953548 --> [v2:172.21.15.103:6800/385514192,v1:172.21.15.103:6801/385514192] -- mgr_command(tid 0: {"prefix": "cephadm get-pub-key", "target": ["mon-mgr", ""]}) v1 -- 0x7f797c103cc0 con 0x7f7964038320
2024-02-19T18:50:39.723 INFO:teuthology.orchestra.run.smithi103.stdout:/usr/bin/ceph: stderr
2024-02-19T18:50:39.039+0000 7f796b7fe700 1 -- 172.21.15.103:0/1352953548 <== mgr.14118 v2:172.21.15.103:6800/385514192 1 ==== mgr_command_reply(tid 0: 0 ) v1 ==== 8+0+595 (secure 0 0 0) 0x7f797c103cc0 con 0x7f7964038320
2024-02-19T18:50:39.723 INFO:teuthology.orchestra.run.smithi103.stdout:/usr/bin/ceph: stderr
2024-02-19T18:50:39.041+0000 7f7980ee2700 1 -- 172.21.15.103:0/1352953548 >> [v2:172.21.15.103:6800/385514192,v1:172.21.15.103:6801/385514192] conn(0x7f7964038320 msgr2=0x7f796403a7e0 secure :-1 s=STATE_CONNECTION_ESTABLISHED l=1).mark_down
2024-02-19T18:50:39.723 INFO:teuthology.orchestra.run.smithi103.stdout:/usr/bin/ceph: stderr
2024-02-19T18:50:39.041+0000 7f7980ee2700 1 --2- 172.21.15.103:0/1352953548 >> [v2:172.21.15.103:6800/385514192,v1:172.21.15.103:6801/385514192] conn(0x7f7964038320 0x7f796403a7e0 secure :-1 s=READY pgs=10 cs=0 l=1 rev1=1 crypto rx=0x7f7970006fd0 tx=0x7f7970006e40 comp rx=0 tx=0).stop
2024-02-19T18:50:39.723 INFO:teuthology.orchestra.run.smithi103.stdout:/usr/bin/ceph: stderr
2024-02-19T18:50:39.041+0000 7f7980ee2700 1 -- 172.21.15.103:0/1352953548 >> [v2:172.21.15.103:3300/0,v1:172.21.15.103:6789/0] conn(0x7f797c106430 msgr2=0x7f797c07ab50 secure :-1 s=STATE_CONNECTION_ESTABLISHED l=1).mark_down
2024-02-19T18:50:39.723 INFO:teuthology.orchestra.run.smithi103.stdout:/usr/bin/ceph: stderr
2024-02-19T18:50:39.041+0000 7f7980ee2700 1 --2- 172.21.15.103:0/1352953548 >> [v2:172.21.15.103:3300/0,v1:172.21.15.103:6789/0] conn(0x7f797c106430 0x7f797c07ab50 secure :-1 s=READY pgs=42 cs=0 l=1 rev1=1 crypto rx=0x7f796c003de0 tx=0x7f796c011ab0 comp rx=0 tx=0).stop
2024-02-19T18:50:39.723 INFO:teuthology.orchestra.run.smithi103.stdout:/usr/bin/ceph: stderr
2024-02-19T18:50:39.041+0000 7f7980ee2700 1 -- 172.21.15.103:0/1352953548 shutdown_connections
2024-02-19T18:50:39.723 INFO:teuthology.orchestra.run.smithi103.stdout:/usr/bin/ceph: stderr
2024-02-19T18:50:39.041+0000 7f7980ee2700 1 --2- 172.21.15.103:0/1352953548 >> [v2:172.21.15.103:6800/385514192,v1:172.21.15.103:6801/385514192] conn(0x7f7964038320 0x7f796403a7e0 unknown :-1 s=CLOSED pgs=10 cs=0 l=1 rev1=1 crypto rx=0 tx=0 comp rx=0 tx=0).stop
2024-02-19T18:50:39.724 INFO:teuthology.orchestra.run.smithi103.stdout:/usr/bin/ceph: stderr
2024-02-19T18:50:39.041+0000 7f7980ee2700 1 --2- 172.21.15.103:0/1352953548 >> [v2:172.21.15.103:3300/0,v1:172.21.15.103:6789/0] conn(0x7f797c106430 0x7f797c07ab50 unknown :-1 s=CLOSED pgs=42 cs=0 l=1 rev1=1 crypto rx=0 tx=0 comp rx=0 tx=0).stop
2024-02-19T18:50:39.724 INFO:teuthology.orchestra.run.smithi103.stdout:/usr/bin/ceph: stderr
2024-02-19T18:50:39.041+0000 7f7980ee2700 1 -- 172.21.15.103:0/1352953548 >> 172.21.15.103:0/1352953548 conn(0x7f797c1019b0 msgr2=0x7f797c1030a0 unknown :-1 s=STATE_NONE l=0).mark_down
2024-02-19T18:50:39.724 INFO:teuthology.orchestra.run.smithi103.stdout:/usr/bin/ceph: stderr
2024-02-19T18:50:39.041+0000 7f7980ee2700 1 -- 172.21.15.103:0/1352953548 shutdown_connections
2024-02-19T18:50:39.724 INFO:teuthology.orchestra.run.smithi103.stdout:/usr/bin/ceph: stderr
2024-02-19T18:50:39.041+0000 7f7980ee2700 1 -- 172.21.15.103:0/1352953548 wait complete.
2024-02-19T18:50:39.724 INFO:teuthology.orchestra.run.smithi103.stdout:Wrote public SSH key to /home/ubuntu/cephtest/ceph.pub
2024-02-19T18:50:39.724 INFO:teuthology.orchestra.run.smithi103.stdout:Adding key to root@localhost authorized_keys...
2024-02-19T18:50:39.724 INFO:teuthology.orchestra.run.smithi103.stdout:Adding host smithi103...
2024-02-19T18:50:40.284 INFO:journalctl@ceph.mon.smithi103.smithi103.stdout:Feb 19 18:50:39 smithi103 ceph-mon[29203]: from='client.14136 -' entity='client.admin' cmd=[{"prefix": "cephadm get-pub-key", "target": ["mon-mgr", ""]}]: dispatch
2024-02-19T18:50:41.480 INFO:journalctl@ceph.mon.smithi103.smithi103.stdout:Feb 19 18:50:41 smithi103 ceph-mon[29203]: from='client.14138 -' entity='client.admin' cmd=[{"prefix": "orch host add", "hostname": "smithi103", "addr": "172.21.15.103", "target": ["mon-mgr", ""]}]: dispatch
2024-02-19T18:50:41.480 INFO:journalctl@ceph.mon.smithi103.smithi103.stdout:Feb 19 18:50:41 smithi103 ceph-mon[29203]: Deploying cephadm binary to smithi103
2024-02-19T18:50:43.510 INFO:teuthology.orchestra.run.smithi103.stdout:/usr/bin/ceph: stdout Added host 'smithi103' with addr '172.21.15.103'
2024-02-19T18:50:43.510 INFO:teuthology.orchestra.run.smithi103.stdout:/usr/bin/ceph: stderr
2024-02-19T18:50:40.091+0000 7f4a6dcdf700 1 Processor -- start
2024-02-19T18:50:43.510 INFO:teuthology.orchestra.run.smithi103.stdout:/usr/bin/ceph: stderr
2024-02-19T18:50:40.091+0000 7f4a6dcdf700 1 -- start start
2024-02-19T18:50:43.510 INFO:teuthology.orchestra.run.smithi103.stdout:/usr/bin/ceph: stderr
2024-02-19T18:50:40.091+0000 7f4a6dcdf700 1 --2- >> [v2:172.21.15.103:3300/0,v1:172.21.15.103:6789/0] conn(0x7f4a68106420 0x7f4a68106840 unknown :-1 s=NONE pgs=0 cs=0 l=0 rev1=0 crypto rx=0 tx=0 comp rx=0 tx=0).connect
2024-02-19T18:50:43.511 INFO:teuthology.orchestra.run.smithi103.stdout:/usr/bin/ceph: stderr
2024-02-19T18:50:40.091+0000 7f4a6dcdf700 1 -- --> [v2:172.21.15.103:3300/0,v1:172.21.15.103:6789/0] -- mon_getmap magic: 0 v1 -- 0x7f4a68106e10 con 0x7f4a68106420
2024-02-19T18:50:43.511 INFO:teuthology.orchestra.run.smithi103.stdout:/usr/bin/ceph: stderr
2024-02-19T18:50:40.091+0000 7f4a677fe700 1 --2- >> [v2:172.21.15.103:3300/0,v1:172.21.15.103:6789/0] conn(0x7f4a68106420 0x7f4a68106840 unknown :-1 s=BANNER_CONNECTING pgs=0 cs=0 l=0 rev1=0 crypto rx=0 tx=0 comp rx=0 tx=0)._handle_peer_banner_payload supported=3 required=0
2024-02-19T18:50:43.511 INFO:teuthology.orchestra.run.smithi103.stdout:/usr/bin/ceph: stderr
2024-02-19T18:50:40.091+0000 7f4a677fe700 1 --2- >> [v2:172.21.15.103:3300/0,v1:172.21.15.103:6789/0] conn(0x7f4a68106420 0x7f4a68106840 unknown :-1 s=HELLO_CONNECTING pgs=0 cs=0 l=0 rev1=1 crypto rx=0 tx=0 comp rx=0 tx=0).handle_hello peer v2:172.21.15.103:3300/0 says I am v2:172.21.15.103:32786/0 (socket says 172.21.15.103:32786)
2024-02-19T18:50:43.511 INFO:teuthology.orchestra.run.smithi103.stdout:/usr/bin/ceph: stderr
2024-02-19T18:50:40.091+0000 7f4a677fe700 1 -- 172.21.15.103:0/1870398196 learned_addr learned my addr 172.21.15.103:0/1870398196 (peer_addr_for_me v2:172.21.15.103:0/0)
2024-02-19T18:50:43.511 INFO:teuthology.orchestra.run.smithi103.stdout:/usr/bin/ceph: stderr
2024-02-19T18:50:40.092+0000 7f4a677fe700 1 -- 172.21.15.103:0/1870398196 --> [v2:172.21.15.103:3300/0,v1:172.21.15.103:6789/0] -- mon_subscribe({config=0+,monmap=0+}) v3 -- 0x7f4a68107620 con 0x7f4a68106420
2024-02-19T18:50:43.511 INFO:teuthology.orchestra.run.smithi103.stdout:/usr/bin/ceph: stderr
2024-02-19T18:50:40.092+0000 7f4a677fe700 1 --2- 172.21.15.103:0/1870398196 >> [v2:172.21.15.103:3300/0,v1:172.21.15.103:6789/0] conn(0x7f4a68106420 0x7f4a68106840 secure :-1 s=READY pgs=43 cs=0 l=1 rev1=1 crypto rx=0x7f4a580098a0 tx=0x7f4a58009bb0 comp rx=0 tx=0).ready entity=mon.0 client_cookie=2281429b1e73387f server_cookie=0 in_seq=0 out_seq=0
2024-02-19T18:50:43.511 INFO:teuthology.orchestra.run.smithi103.stdout:/usr/bin/ceph: stderr
2024-02-19T18:50:40.092+0000 7f4a667fc700 1 -- 172.21.15.103:0/1870398196 <== mon.0 v2:172.21.15.103:3300/0 1 ==== mon_map magic: 0 v1 ==== 229+0+0 (secure 0 0 0) 0x7f4a58004180 con 0x7f4a68106420
2024-02-19T18:50:43.511 INFO:teuthology.orchestra.run.smithi103.stdout:/usr/bin/ceph: stderr
2024-02-19T18:50:40.092+0000 7f4a667fc700 1 -- 172.21.15.103:0/1870398196 <== mon.0 v2:172.21.15.103:3300/0 2 ==== config(27 keys) v1 ==== 1037+0+0 (secure 0 0 0) 0x7f4a580042e0 con 0x7f4a68106420
2024-02-19T18:50:43.511 INFO:teuthology.orchestra.run.smithi103.stdout:/usr/bin/ceph: stderr
2024-02-19T18:50:40.092+0000 7f4a667fc700 1 -- 172.21.15.103:0/1870398196 <== mon.0 v2:172.21.15.103:3300/0 3 ==== mon_map magic: 0 v1 ==== 229+0+0 (secure 0 0 0) 0x7f4a58011a50 con 0x7f4a68106420
2024-02-19T18:50:43.511 INFO:teuthology.orchestra.run.smithi103.stdout:/usr/bin/ceph: stderr
2024-02-19T18:50:40.092+0000 7f4a6dcdf700 1 -- 172.21.15.103:0/1870398196 >> [v2:172.21.15.103:3300/0,v1:172.21.15.103:6789/0] conn(0x7f4a68106420 msgr2=0x7f4a68106840 secure :-1 s=STATE_CONNECTION_ESTABLISHED l=1).mark_down
2024-02-19T18:50:43.511 INFO:teuthology.orchestra.run.smithi103.stdout:/usr/bin/ceph: stderr
2024-02-19T18:50:40.092+0000 7f4a6dcdf700 1 --2- 172.21.15.103:0/1870398196 >> [v2:172.21.15.103:3300/0,v1:172.21.15.103:6789/0] conn(0x7f4a68106420 0x7f4a68106840 secure :-1 s=READY pgs=43 cs=0 l=1 rev1=1 crypto rx=0x7f4a580098a0 tx=0x7f4a58009bb0 comp rx=0 tx=0).stop
2024-02-19T18:50:43.511 INFO:teuthology.orchestra.run.smithi103.stdout:/usr/bin/ceph: stderr
2024-02-19T18:50:40.092+0000 7f4a6dcdf700 1 -- 172.21.15.103:0/1870398196 shutdown_connections
2024-02-19T18:50:43.511 INFO:teuthology.orchestra.run.smithi103.stdout:/usr/bin/ceph: stderr
2024-02-19T18:50:40.092+0000 7f4a6dcdf700 1 --2- 172.21.15.103:0/1870398196 >> [v2:172.21.15.103:3300/0,v1:172.21.15.103:6789/0] conn(0x7f4a68106420 0x7f4a68106840 unknown :-1 s=CLOSED pgs=43 cs=0 l=1 rev1=1 crypto rx=0 tx=0 comp rx=0 tx=0).stop
2024-02-19T18:50:43.511 INFO:teuthology.orchestra.run.smithi103.stdout:/usr/bin/ceph: stderr
2024-02-19T18:50:40.092+0000 7f4a6dcdf700 1 -- 172.21.15.103:0/1870398196 >> 172.21.15.103:0/1870398196 conn(0x7f4a68101a00 msgr2=0x7f4a68103e20 unknown :-1 s=STATE_NONE l=0).mark_down
2024-02-19T18:50:43.512 INFO:teuthology.orchestra.run.smithi103.stdout:/usr/bin/ceph: stderr
2024-02-19T18:50:40.093+0000 7f4a6dcdf700 1 -- 172.21.15.103:0/1870398196 shutdown_connections
2024-02-19T18:50:43.512 INFO:teuthology.orchestra.run.smithi103.stdout:/usr/bin/ceph: stderr
2024-02-19T18:50:40.093+0000 7f4a6dcdf700 1 -- 172.21.15.103:0/1870398196 wait complete.
2024-02-19T18:50:43.512 INFO:teuthology.orchestra.run.smithi103.stdout:/usr/bin/ceph: stderr
2024-02-19T18:50:40.093+0000 7f4a6dcdf700 1 Processor -- start
2024-02-19T18:50:43.512 INFO:teuthology.orchestra.run.smithi103.stdout:/usr/bin/ceph: stderr
2024-02-19T18:50:40.093+0000 7f4a6dcdf700 1 -- start start
2024-02-19T18:50:43.512 INFO:teuthology.orchestra.run.smithi103.stdout:/usr/bin/ceph: stderr
2024-02-19T18:50:40.093+0000 7f4a6dcdf700 1 --2- >> [v2:172.21.15.103:3300/0,v1:172.21.15.103:6789/0] conn(0x7f4a68106420 0x7f4a6819a0b0 unknown :-1 s=NONE pgs=0 cs=0 l=1 rev1=0 crypto rx=0 tx=0 comp rx=0 tx=0).connect
2024-02-19T18:50:43.512 INFO:teuthology.orchestra.run.smithi103.stdout:/usr/bin/ceph: stderr
2024-02-19T18:50:40.093+0000 7f4a6dcdf700 1 -- --> [v2:172.21.15.103:3300/0,v1:172.21.15.103:6789/0] -- mon_getmap magic: 0 v1 -- 0x7f4a6819a5f0 con 0x7f4a68106420
2024-02-19T18:50:43.512 INFO:teuthology.orchestra.run.smithi103.stdout:/usr/bin/ceph: stderr
2024-02-19T18:50:40.093+0000 7f4a677fe700 1 --2- >> [v2:172.21.15.103:3300/0,v1:172.21.15.103:6789/0] conn(0x7f4a68106420 0x7f4a6819a0b0 unknown :-1 s=BANNER_CONNECTING pgs=0 cs=0 l=1 rev1=0 crypto rx=0 tx=0 comp rx=0 tx=0)._handle_peer_banner_payload supported=3 required=0
2024-02-19T18:50:43.512 INFO:teuthology.orchestra.run.smithi103.stdout:/usr/bin/ceph: stderr
2024-02-19T18:50:40.093+0000 7f4a677fe700 1 --2- >> [v2:172.21.15.103:3300/0,v1:172.21.15.103:6789/0] conn(0x7f4a68106420 0x7f4a6819a0b0 unknown :-1 s=HELLO_CONNECTING pgs=0 cs=0 l=1 rev1=1 crypto rx=0 tx=0 comp rx=0 tx=0).handle_hello peer v2:172.21.15.103:3300/0 says I am v2:172.21.15.103:32794/0 (socket says 172.21.15.103:32794)
2024-02-19T18:50:43.512 INFO:teuthology.orchestra.run.smithi103.stdout:/usr/bin/ceph: stderr
2024-02-19T18:50:40.094+0000 7f4a677fe700 1 -- 172.21.15.103:0/2169770806 learned_addr learned my addr 172.21.15.103:0/2169770806 (peer_addr_for_me v2:172.21.15.103:0/0)
2024-02-19T18:50:43.512 INFO:teuthology.orchestra.run.smithi103.stdout:/usr/bin/ceph: stderr
2024-02-19T18:50:40.094+0000 7f4a677fe700 1 -- 172.21.15.103:0/2169770806 --> [v2:172.21.15.103:3300/0,v1:172.21.15.103:6789/0] -- mon_subscribe({config=0+,monmap=0+}) v3 -- 0x7f4a58009550 con 0x7f4a68106420
2024-02-19T18:50:43.512 INFO:teuthology.orchestra.run.smithi103.stdout:/usr/bin/ceph: stderr
2024-02-19T18:50:40.094+0000 7f4a677fe700 1 --2- 172.21.15.103:0/2169770806 >> [v2:172.21.15.103:3300/0,v1:172.21.15.103:6789/0] conn(0x7f4a68106420 0x7f4a6819a0b0 secure :-1 s=READY pgs=44 cs=0 l=1 rev1=1 crypto rx=0x7f4a58006af0 tx=0x7f4a58011a90 comp rx=0 tx=0).ready entity=mon.0 client_cookie=0 server_cookie=0 in_seq=0 out_seq=0
2024-02-19T18:50:43.512 INFO:teuthology.orchestra.run.smithi103.stdout:/usr/bin/ceph: stderr
2024-02-19T18:50:40.094+0000 7f4a64ff9700 1 -- 172.21.15.103:0/2169770806 <== mon.0 v2:172.21.15.103:3300/0 1 ==== mon_map magic: 0 v1 ==== 229+0+0 (secure 0 0 0) 0x7f4a58003b90 con 0x7f4a68106420
2024-02-19T18:50:43.512 INFO:teuthology.orchestra.run.smithi103.stdout:/usr/bin/ceph: stderr
2024-02-19T18:50:40.094+0000 7f4a64ff9700 1 -- 172.21.15.103:0/2169770806 <== mon.0 v2:172.21.15.103:3300/0 2 ==== config(27 keys) v1 ==== 1037+0+0 (secure 0 0 0) 0x7f4a5801a8a0 con 0x7f4a68106420
2024-02-19T18:50:43.513 INFO:teuthology.orchestra.run.smithi103.stdout:/usr/bin/ceph: stderr
2024-02-19T18:50:40.094+0000 7f4a6dcdf700 1 -- 172.21.15.103:0/2169770806 --> [v2:172.21.15.103:3300/0,v1:172.21.15.103:6789/0] -- mon_subscribe({mgrmap=0+}) v3 -- 0x7f4a6819a7f0 con 0x7f4a68106420
2024-02-19T18:50:43.513 INFO:teuthology.orchestra.run.smithi103.stdout:/usr/bin/ceph: stderr
2024-02-19T18:50:40.094+0000 7f4a64ff9700 1 -- 172.21.15.103:0/2169770806 <== mon.0 v2:172.21.15.103:3300/0 3 ==== mon_map magic: 0 v1 ==== 229+0+0 (secure 0 0 0) 0x7f4a58019880 con 0x7f4a68106420
2024-02-19T18:50:43.513 INFO:teuthology.orchestra.run.smithi103.stdout:/usr/bin/ceph: stderr
2024-02-19T18:50:40.094+0000 7f4a6dcdf700 1 -- 172.21.15.103:0/2169770806 --> [v2:172.21.15.103:3300/0,v1:172.21.15.103:6789/0] -- mon_subscribe({osdmap=0}) v3 -- 0x7f4a6819ac90 con 0x7f4a68106420
2024-02-19T18:50:43.513 INFO:teuthology.orchestra.run.smithi103.stdout:/usr/bin/ceph: stderr
2024-02-19T18:50:40.095+0000 7f4a64ff9700 1 -- 172.21.15.103:0/2169770806 <== mon.0 v2:172.21.15.103:3300/0 4 ==== mgrmap(e 8) v1 ==== 45283+0+0 (secure 0 0 0) 0x7f4a58019b40 con 0x7f4a68106420
2024-02-19T18:50:43.513 INFO:teuthology.orchestra.run.smithi103.stdout:/usr/bin/ceph: stderr
2024-02-19T18:50:40.095+0000 7f4a64ff9700 1 --2- 172.21.15.103:0/2169770806 >> [v2:172.21.15.103:6800/385514192,v1:172.21.15.103:6801/385514192] conn(0x7f4a500382e0 0x7f4a5003a7a0 unknown :-1 s=NONE pgs=0 cs=0 l=1 rev1=0 crypto rx=0 tx=0 comp rx=0 tx=0).connect
2024-02-19T18:50:43.513 INFO:teuthology.orchestra.run.smithi103.stdout:/usr/bin/ceph: stderr
2024-02-19T18:50:40.095+0000 7f4a64ff9700 1 -- 172.21.15.103:0/2169770806 <== mon.0 v2:172.21.15.103:3300/0 5 ==== osd_map(2..2 src has 1..2) v4 ==== 940+0+0 (secure 0 0 0) 0x7f4a5804c7b0 con 0x7f4a68106420
2024-02-19T18:50:43.513 INFO:teuthology.orchestra.run.smithi103.stdout:/usr/bin/ceph: stderr
2024-02-19T18:50:40.095+0000 7f4a66ffd700 1 --2- 172.21.15.103:0/2169770806 >> [v2:172.21.15.103:6800/385514192,v1:172.21.15.103:6801/385514192] conn(0x7f4a500382e0 0x7f4a5003a7a0 unknown :-1 s=BANNER_CONNECTING pgs=0 cs=0 l=1 rev1=0 crypto rx=0 tx=0 comp rx=0 tx=0)._handle_peer_banner_payload supported=3 required=0
2024-02-19T18:50:43.513 INFO:teuthology.orchestra.run.smithi103.stdout:/usr/bin/ceph: stderr
2024-02-19T18:50:40.095+0000 7f4a6dcdf700 1 -- 172.21.15.103:0/2169770806 --> [v2:172.21.15.103:3300/0,v1:172.21.15.103:6789/0] -- mon_command({"prefix": "get_command_descriptions"} v 0) v1 -- 0x7f4a680623c0 con 0x7f4a68106420
2024-02-19T18:50:43.513 INFO:teuthology.orchestra.run.smithi103.stdout:/usr/bin/ceph: stderr
2024-02-19T18:50:40.096+0000 7f4a66ffd700 1 --2- 172.21.15.103:0/2169770806 >> [v2:172.21.15.103:6800/385514192,v1:172.21.15.103:6801/385514192] conn(0x7f4a500382e0 0x7f4a5003a7a0 secure :-1 s=READY pgs=11 cs=0 l=1 rev1=1 crypto rx=0x7f4a5c006fd0 tx=0x7f4a5c006e40 comp rx=0 tx=0).ready entity=mgr.14118 client_cookie=0 server_cookie=0 in_seq=0 out_seq=0
2024-02-19T18:50:43.513 INFO:teuthology.orchestra.run.smithi103.stdout:/usr/bin/ceph: stderr
2024-02-19T18:50:40.100+0000 7f4a64ff9700 1 -- 172.21.15.103:0/2169770806 <== mon.0 v2:172.21.15.103:3300/0 6 ==== mon_command_ack([{"prefix": "get_command_descriptions"}]=0 v0) v1 ==== 72+0+180422 (secure 0 0 0) 0x7f4a5802c3a0 con 0x7f4a68106420
2024-02-19T18:50:43.513 INFO:teuthology.orchestra.run.smithi103.stdout:/usr/bin/ceph: stderr
2024-02-19T18:50:40.293+0000 7f4a6dcdf700 1 -- 172.21.15.103:0/2169770806 --> [v2:172.21.15.103:6800/385514192,v1:172.21.15.103:6801/385514192] -- mgr_command(tid 0: {"prefix": "orch host add", "hostname": "smithi103", "addr": "172.21.15.103", "target": ["mon-mgr", ""]}) v1 -- 0x7f4a68102ec0 con 0x7f4a500382e0
2024-02-19T18:50:43.514 INFO:teuthology.orchestra.run.smithi103.stdout:/usr/bin/ceph: stderr
2024-02-19T18:50:42.861+0000 7f4a64ff9700 1 -- 172.21.15.103:0/2169770806 <== mgr.14118 v2:172.21.15.103:6800/385514192 1 ==== mgr_command_reply(tid 0: 0 ) v1 ==== 8+0+49 (secure 0 0 0) 0x7f4a68102ec0 con 0x7f4a500382e0
2024-02-19T18:50:43.514 INFO:teuthology.orchestra.run.smithi103.stdout:/usr/bin/ceph: stderr
2024-02-19T18:50:42.864+0000 7f4a6dcdf700 1 -- 172.21.15.103:0/2169770806 >> [v2:172.21.15.103:6800/385514192,v1:172.21.15.103:6801/385514192] conn(0x7f4a500382e0 msgr2=0x7f4a5003a7a0 secure :-1 s=STATE_CONNECTION_ESTABLISHED l=1).mark_down
2024-02-19T18:50:43.514 INFO:teuthology.orchestra.run.smithi103.stdout:/usr/bin/ceph: stderr
2024-02-19T18:50:42.864+0000 7f4a6dcdf700 1 --2- 172.21.15.103:0/2169770806 >> [v2:172.21.15.103:6800/385514192,v1:172.21.15.103:6801/385514192] conn(0x7f4a500382e0 0x7f4a5003a7a0 secure :-1 s=READY pgs=11 cs=0 l=1 rev1=1 crypto rx=0x7f4a5c006fd0 tx=0x7f4a5c006e40 comp rx=0 tx=0).stop
2024-02-19T18:50:43.514 INFO:teuthology.orchestra.run.smithi103.stdout:/usr/bin/ceph: stderr
2024-02-19T18:50:42.864+0000 7f4a6dcdf700 1 -- 172.21.15.103:0/2169770806 >> [v2:172.21.15.103:3300/0,v1:172.21.15.103:6789/0] conn(0x7f4a68106420 msgr2=0x7f4a6819a0b0 secure :-1 s=STATE_CONNECTION_ESTABLISHED l=1).mark_down
2024-02-19T18:50:43.514 INFO:teuthology.orchestra.run.smithi103.stdout:/usr/bin/ceph: stderr
2024-02-19T18:50:42.864+0000 7f4a6dcdf700 1 --2- 172.21.15.103:0/2169770806 >> [v2:172.21.15.103:3300/0,v1:172.21.15.103:6789/0] conn(0x7f4a68106420 0x7f4a6819a0b0 secure :-1 s=READY pgs=44 cs=0 l=1 rev1=1 crypto rx=0x7f4a58006af0 tx=0x7f4a58011a90 comp rx=0 tx=0).stop
2024-02-19T18:50:43.514 INFO:teuthology.orchestra.run.smithi103.stdout:/usr/bin/ceph: stderr
2024-02-19T18:50:42.864+0000 7f4a6dcdf700 1 -- 172.21.15.103:0/2169770806 shutdown_connections
2024-02-19T18:50:43.514 INFO:teuthology.orchestra.run.smithi103.stdout:/usr/bin/ceph: stderr
2024-02-19T18:50:42.864+0000 7f4a6dcdf700 1 --2- 172.21.15.103:0/2169770806 >> [v2:172.21.15.103:6800/385514192,v1:172.21.15.103:6801/385514192] conn(0x7f4a500382e0 0x7f4a5003a7a0 unknown :-1 s=CLOSED pgs=11 cs=0 l=1 rev1=1 crypto rx=0 tx=0 comp rx=0 tx=0).stop
2024-02-19T18:50:43.514 INFO:teuthology.orchestra.run.smithi103.stdout:/usr/bin/ceph: stderr
2024-02-19T18:50:42.864+0000 7f4a6dcdf700 1 --2- 172.21.15.103:0/2169770806 >> [v2:172.21.15.103:3300/0,v1:172.21.15.103:6789/0] conn(0x7f4a68106420 0x7f4a6819a0b0 unknown :-1 s=CLOSED pgs=44 cs=0 l=1 rev1=1 crypto rx=0 tx=0 comp rx=0 tx=0).stop
2024-02-19T18:50:43.514 INFO:teuthology.orchestra.run.smithi103.stdout:/usr/bin/ceph: stderr
2024-02-19T18:50:42.864+0000 7f4a6dcdf700 1 -- 172.21.15.103:0/2169770806 >> 172.21.15.103:0/2169770806 conn(0x7f4a68101a00 msgr2=0x7f4a681027b0 unknown :-1 s=STATE_NONE l=0).mark_down
2024-02-19T18:50:43.514 INFO:teuthology.orchestra.run.smithi103.stdout:/usr/bin/ceph: stderr
2024-02-19T18:50:42.864+0000 7f4a6dcdf700 1 -- 172.21.15.103:0/2169770806 shutdown_connections
2024-02-19T18:50:43.514 INFO:teuthology.orchestra.run.smithi103.stdout:/usr/bin/ceph: stderr
2024-02-19T18:50:42.864+0000 7f4a6dcdf700 1 -- 172.21.15.103:0/2169770806 wait complete.
2024-02-19T18:50:43.514 INFO:teuthology.orchestra.run.smithi103.stdout:Deploying mon service with default placement...
2024-02-19T18:50:44.034 INFO:journalctl@ceph.mon.smithi103.smithi103.stdout:Feb 19 18:50:43 smithi103 ceph-mon[29203]: from='mgr.14118 172.21.15.103:0/2875251069' entity='mgr.smithi103.amzash'
2024-02-19T18:50:44.034 INFO:journalctl@ceph.mon.smithi103.smithi103.stdout:Feb 19 18:50:43 smithi103 ceph-mon[29203]: Added host smithi103
2024-02-19T18:50:44.034 INFO:journalctl@ceph.mon.smithi103.smithi103.stdout:Feb 19 18:50:43 smithi103 ceph-mon[29203]: from='mgr.14118 172.21.15.103:0/2875251069' entity='mgr.smithi103.amzash' cmd=[{"prefix": "config dump", "format": "json"}]: dispatch
2024-02-19T18:50:44.728 INFO:teuthology.orchestra.run.smithi103.stdout:/usr/bin/ceph: stdout Scheduled mon update...
2024-02-19T18:50:44.728 INFO:teuthology.orchestra.run.smithi103.stdout:/usr/bin/ceph: stderr
2024-02-19T18:50:43.849+0000 7fe446629700 1 Processor -- start
2024-02-19T18:50:44.728 INFO:teuthology.orchestra.run.smithi103.stdout:/usr/bin/ceph: stderr
2024-02-19T18:50:43.849+0000 7fe446629700 1 -- start start
2024-02-19T18:50:44.728 INFO:teuthology.orchestra.run.smithi103.stdout:/usr/bin/ceph: stderr
2024-02-19T18:50:43.849+0000 7fe446629700 1 --2- >> [v2:172.21.15.103:3300/0,v1:172.21.15.103:6789/0] conn(0x7fe44007beb0 0x7fe44007a310 unknown :-1 s=NONE pgs=0 cs=0 l=0 rev1=0 crypto rx=0 tx=0 comp rx=0 tx=0).connect
2024-02-19T18:50:44.728 INFO:teuthology.orchestra.run.smithi103.stdout:/usr/bin/ceph: stderr
2024-02-19T18:50:43.849+0000 7fe446629700 1 -- --> [v2:172.21.15.103:3300/0,v1:172.21.15.103:6789/0] -- mon_getmap magic: 0 v1 -- 0x7fe44007a8e0 con 0x7fe44007beb0
2024-02-19T18:50:44.728 INFO:teuthology.orchestra.run.smithi103.stdout:/usr/bin/ceph: stderr
2024-02-19T18:50:43.849+0000 7fe43ffff700 1 --2- >> [v2:172.21.15.103:3300/0,v1:172.21.15.103:6789/0] conn(0x7fe44007beb0 0x7fe44007a310 unknown :-1 s=BANNER_CONNECTING pgs=0 cs=0 l=0 rev1=0 crypto rx=0 tx=0 comp rx=0 tx=0)._handle_peer_banner_payload supported=3 required=0
2024-02-19T18:50:44.728 INFO:teuthology.orchestra.run.smithi103.stdout:/usr/bin/ceph: stderr
2024-02-19T18:50:43.849+0000 7fe43ffff700 1 --2- >> [v2:172.21.15.103:3300/0,v1:172.21.15.103:6789/0] conn(0x7fe44007beb0 0x7fe44007a310 unknown :-1 s=HELLO_CONNECTING pgs=0 cs=0 l=0 rev1=1 crypto rx=0 tx=0 comp rx=0 tx=0).handle_hello peer v2:172.21.15.103:3300/0 says I am v2:172.21.15.103:32808/0 (socket says 172.21.15.103:32808)
2024-02-19T18:50:44.728 INFO:teuthology.orchestra.run.smithi103.stdout:/usr/bin/ceph: stderr
2024-02-19T18:50:43.849+0000 7fe43ffff700 1 -- 172.21.15.103:0/2594315580 learned_addr learned my addr 172.21.15.103:0/2594315580 (peer_addr_for_me v2:172.21.15.103:0/0)
2024-02-19T18:50:44.728 INFO:teuthology.orchestra.run.smithi103.stdout:/usr/bin/ceph: stderr
2024-02-19T18:50:43.849+0000 7fe43ffff700 1 -- 172.21.15.103:0/2594315580 --> [v2:172.21.15.103:3300/0,v1:172.21.15.103:6789/0] -- mon_subscribe({config=0+,monmap=0+}) v3 -- 0x7fe44007aa20 con 0x7fe44007beb0
2024-02-19T18:50:44.728 INFO:teuthology.orchestra.run.smithi103.stdout:/usr/bin/ceph: stderr
2024-02-19T18:50:43.849+0000 7fe43ffff700 1 --2- 172.21.15.103:0/2594315580 >> [v2:172.21.15.103:3300/0,v1:172.21.15.103:6789/0] conn(0x7fe44007beb0 0x7fe44007a310 secure :-1 s=READY pgs=45 cs=0 l=1 rev1=1 crypto rx=0x7fe4300098a0 tx=0x7fe430009bb0 comp rx=0 tx=0).ready entity=mon.0 client_cookie=25bb5623453b791e server_cookie=0 in_seq=0 out_seq=0
2024-02-19T18:50:44.728 INFO:teuthology.orchestra.run.smithi103.stdout:/usr/bin/ceph: stderr
2024-02-19T18:50:43.850+0000 7fe43effd700 1 -- 172.21.15.103:0/2594315580 <== mon.0 v2:172.21.15.103:3300/0 1 ==== mon_map magic: 0 v1 ==== 229+0+0 (secure 0 0 0) 0x7fe430004180 con 0x7fe44007beb0
2024-02-19T18:50:44.728 INFO:teuthology.orchestra.run.smithi103.stdout:/usr/bin/ceph: stderr
2024-02-19T18:50:43.850+0000 7fe43effd700 1 -- 172.21.15.103:0/2594315580 <== mon.0 v2:172.21.15.103:3300/0 2 ==== config(27 keys) v1 ==== 1037+0+0 (secure 0 0 0) 0x7fe4300042e0 con 0x7fe44007beb0
2024-02-19T18:50:44.729 INFO:teuthology.orchestra.run.smithi103.stdout:/usr/bin/ceph: stderr
2024-02-19T18:50:43.850+0000 7fe43effd700 1 -- 172.21.15.103:0/2594315580 <== mon.0 v2:172.21.15.103:3300/0 3 ==== mon_map magic: 0 v1 ==== 229+0+0 (secure 0 0 0) 0x7fe430011a50 con 0x7fe44007beb0
2024-02-19T18:50:44.729 INFO:teuthology.orchestra.run.smithi103.stdout:/usr/bin/ceph: stderr
2024-02-19T18:50:43.850+0000 7fe446629700 1 -- 172.21.15.103:0/2594315580 >> [v2:172.21.15.103:3300/0,v1:172.21.15.103:6789/0] conn(0x7fe44007beb0 msgr2=0x7fe44007a310 secure :-1 s=STATE_CONNECTION_ESTABLISHED l=1).mark_down
2024-02-19T18:50:44.729 INFO:teuthology.orchestra.run.smithi103.stdout:/usr/bin/ceph: stderr
2024-02-19T18:50:43.850+0000 7fe446629700 1 --2- 172.21.15.103:0/2594315580 >> [v2:172.21.15.103:3300/0,v1:172.21.15.103:6789/0] conn(0x7fe44007beb0 0x7fe44007a310 secure :-1 s=READY pgs=45 cs=0 l=1 rev1=1 crypto rx=0x7fe4300098a0 tx=0x7fe430009bb0 comp rx=0 tx=0).stop
2024-02-19T18:50:44.729 INFO:teuthology.orchestra.run.smithi103.stdout:/usr/bin/ceph: stderr
2024-02-19T18:50:43.850+0000 7fe446629700 1 -- 172.21.15.103:0/2594315580 shutdown_connections
2024-02-19T18:50:44.729 INFO:teuthology.orchestra.run.smithi103.stdout:/usr/bin/ceph: stderr
2024-02-19T18:50:43.850+0000 7fe446629700 1 --2- 172.21.15.103:0/2594315580 >> [v2:172.21.15.103:3300/0,v1:172.21.15.103:6789/0] conn(0x7fe44007beb0 0x7fe44007a310 unknown :-1 s=CLOSED pgs=45 cs=0 l=1 rev1=1 crypto rx=0 tx=0 comp rx=0 tx=0).stop
2024-02-19T18:50:44.729 INFO:teuthology.orchestra.run.smithi103.stdout:/usr/bin/ceph: stderr
2024-02-19T18:50:43.850+0000 7fe446629700 1 -- 172.21.15.103:0/2594315580 >> 172.21.15.103:0/2594315580 conn(0x7fe440101a00 msgr2=0x7fe440103e20 unknown :-1 s=STATE_NONE l=0).mark_down
2024-02-19T18:50:44.729 INFO:teuthology.orchestra.run.smithi103.stdout:/usr/bin/ceph: stderr
2024-02-19T18:50:43.850+0000 7fe446629700 1 -- 172.21.15.103:0/2594315580 shutdown_connections
2024-02-19T18:50:44.729 INFO:teuthology.orchestra.run.smithi103.stdout:/usr/bin/ceph: stderr
2024-02-19T18:50:43.850+0000 7fe446629700 1 -- 172.21.15.103:0/2594315580 wait complete.
2024-02-19T18:50:44.729 INFO:teuthology.orchestra.run.smithi103.stdout:/usr/bin/ceph: stderr
2024-02-19T18:50:43.851+0000 7fe446629700 1 Processor -- start
2024-02-19T18:50:44.729 INFO:teuthology.orchestra.run.smithi103.stdout:/usr/bin/ceph: stderr
2024-02-19T18:50:43.851+0000 7fe446629700 1 -- start start
2024-02-19T18:50:44.729 INFO:teuthology.orchestra.run.smithi103.stdout:/usr/bin/ceph: stderr
2024-02-19T18:50:43.851+0000 7fe446629700 1 --2- >> [v2:172.21.15.103:3300/0,v1:172.21.15.103:6789/0] conn(0x7fe44007beb0 0x7fe44019c300 unknown :-1 s=NONE pgs=0 cs=0 l=1 rev1=0 crypto rx=0 tx=0 comp rx=0 tx=0).connect
2024-02-19T18:50:44.729 INFO:teuthology.orchestra.run.smithi103.stdout:/usr/bin/ceph: stderr
2024-02-19T18:50:43.851+0000 7fe446629700 1 -- --> [v2:172.21.15.103:3300/0,v1:172.21.15.103:6789/0] -- mon_getmap magic: 0 v1 -- 0x7fe44019c840 con 0x7fe44007beb0
2024-02-19T18:50:44.729 INFO:teuthology.orchestra.run.smithi103.stdout:/usr/bin/ceph: stderr
2024-02-19T18:50:43.851+0000 7fe43ffff700 1 --2- >> [v2:172.21.15.103:3300/0,v1:172.21.15.103:6789/0] conn(0x7fe44007beb0 0x7fe44019c300 unknown :-1 s=BANNER_CONNECTING pgs=0 cs=0 l=1 rev1=0 crypto rx=0 tx=0 comp rx=0 tx=0)._handle_peer_banner_payload supported=3 required=0
2024-02-19T18:50:44.729 INFO:teuthology.orchestra.run.smithi103.stdout:/usr/bin/ceph: stderr
2024-02-19T18:50:43.851+0000 7fe43ffff700 1 --2- >> [v2:172.21.15.103:3300/0,v1:172.21.15.103:6789/0] conn(0x7fe44007beb0 0x7fe44019c300 unknown :-1 s=HELLO_CONNECTING pgs=0 cs=0 l=1 rev1=1 crypto rx=0 tx=0 comp rx=0 tx=0).handle_hello peer v2:172.21.15.103:3300/0 says I am v2:172.21.15.103:32824/0 (socket says 172.21.15.103:32824)
2024-02-19T18:50:44.729 INFO:teuthology.orchestra.run.smithi103.stdout:/usr/bin/ceph: stderr
2024-02-19T18:50:43.851+0000 7fe43ffff700 1 -- 172.21.15.103:0/3414018447 learned_addr learned my addr 172.21.15.103:0/3414018447 (peer_addr_for_me v2:172.21.15.103:0/0)
2024-02-19T18:50:44.730 INFO:teuthology.orchestra.run.smithi103.stdout:/usr/bin/ceph: stderr
2024-02-19T18:50:43.851+0000 7fe43ffff700 1 -- 172.21.15.103:0/3414018447 --> [v2:172.21.15.103:3300/0,v1:172.21.15.103:6789/0] -- mon_subscribe({config=0+,monmap=0+}) v3 -- 0x7fe430009550 con 0x7fe44007beb0
2024-02-19T18:50:44.730 INFO:teuthology.orchestra.run.smithi103.stdout:/usr/bin/ceph: stderr
2024-02-19T18:50:43.852+0000 7fe43ffff700 1 --2- 172.21.15.103:0/3414018447 >> [v2:172.21.15.103:3300/0,v1:172.21.15.103:6789/0] conn(0x7fe44007beb0 0x7fe44019c300 secure :-1 s=READY pgs=46 cs=0 l=1 rev1=1 crypto rx=0x7fe430000c00 tx=0x7fe430011ab0 comp rx=0 tx=0).ready entity=mon.0 client_cookie=0 server_cookie=0 in_seq=0 out_seq=0
2024-02-19T18:50:44.730 INFO:teuthology.orchestra.run.smithi103.stdout:/usr/bin/ceph: stderr
2024-02-19T18:50:43.852+0000 7fe43d7fa700 1 -- 172.21.15.103:0/3414018447 <== mon.0 v2:172.21.15.103:3300/0 1 ==== mon_map magic: 0 v1 ==== 229+0+0 (secure 0 0 0) 0x7fe430003b90 con 0x7fe44007beb0
2024-02-19T18:50:44.730 INFO:teuthology.orchestra.run.smithi103.stdout:/usr/bin/ceph: stderr
2024-02-19T18:50:43.852+0000 7fe43d7fa700 1 -- 172.21.15.103:0/3414018447 <== mon.0 v2:172.21.15.103:3300/0 2 ==== config(27 keys) v1 ==== 1037+0+0 (secure 0 0 0) 0x7fe4300248b0 con 0x7fe44007beb0
2024-02-19T18:50:44.730 INFO:teuthology.orchestra.run.smithi103.stdout:/usr/bin/ceph: stderr
2024-02-19T18:50:43.852+0000 7fe446629700 1 -- 172.21.15.103:0/3414018447 --> [v2:172.21.15.103:3300/0,v1:172.21.15.103:6789/0] -- mon_subscribe({mgrmap=0+}) v3 -- 0x7fe44019ca40 con 0x7fe44007beb0
2024-02-19T18:50:44.730 INFO:teuthology.orchestra.run.smithi103.stdout:/usr/bin/ceph: stderr
2024-02-19T18:50:43.852+0000 7fe43d7fa700 1 -- 172.21.15.103:0/3414018447 <== mon.0 v2:172.21.15.103:3300/0 3 ==== mon_map magic: 0 v1 ==== 229+0+0 (secure 0 0 0) 0x7fe43001a8e0 con 0x7fe44007beb0
2024-02-19T18:50:44.730 INFO:teuthology.orchestra.run.smithi103.stdout:/usr/bin/ceph: stderr
2024-02-19T18:50:43.852+0000 7fe446629700 1 -- 172.21.15.103:0/3414018447 --> [v2:172.21.15.103:3300/0,v1:172.21.15.103:6789/0] -- mon_subscribe({osdmap=0}) v3 -- 0x7fe44019cee0 con 0x7fe44007beb0
2024-02-19T18:50:44.730 INFO:teuthology.orchestra.run.smithi103.stdout:/usr/bin/ceph: stderr
2024-02-19T18:50:43.853+0000 7fe43d7fa700 1 -- 172.21.15.103:0/3414018447 <== mon.0 v2:172.21.15.103:3300/0 4 ==== mgrmap(e 8) v1 ==== 45283+0+0 (secure 0 0 0) 0x7fe430024440 con 0x7fe44007beb0
2024-02-19T18:50:44.730 INFO:teuthology.orchestra.run.smithi103.stdout:/usr/bin/ceph: stderr
2024-02-19T18:50:43.853+0000 7fe446629700 1 -- 172.21.15.103:0/3414018447 --> [v2:172.21.15.103:3300/0,v1:172.21.15.103:6789/0] -- mon_command({"prefix": "get_command_descriptions"} v 0) v1 -- 0x7fe44010c780 con 0x7fe44007beb0
2024-02-19T18:50:44.730 INFO:teuthology.orchestra.run.smithi103.stdout:/usr/bin/ceph: stderr
2024-02-19T18:50:43.853+0000 7fe43d7fa700 1 --2- 172.21.15.103:0/3414018447 >> [v2:172.21.15.103:6800/385514192,v1:172.21.15.103:6801/385514192] conn(0x7fe428038370 0x7fe42803a830 unknown :-1 s=NONE pgs=0 cs=0 l=1 rev1=0 crypto rx=0 tx=0 comp rx=0 tx=0).connect
2024-02-19T18:50:44.730 INFO:teuthology.orchestra.run.smithi103.stdout:/usr/bin/ceph: stderr
2024-02-19T18:50:43.853+0000 7fe43d7fa700 1 -- 172.21.15.103:0/3414018447 <== mon.0 v2:172.21.15.103:3300/0 5 ==== osd_map(2..2 src has 1..2) v4 ==== 940+0+0 (secure 0 0 0) 0x7fe43004c3b0 con 0x7fe44007beb0
2024-02-19T18:50:44.730 INFO:teuthology.orchestra.run.smithi103.stdout:/usr/bin/ceph: stderr
2024-02-19T18:50:43.853+0000 7fe43f7fe700 1 --2- 172.21.15.103:0/3414018447 >> [v2:172.21.15.103:6800/385514192,v1:172.21.15.103:6801/385514192] conn(0x7fe428038370 0x7fe42803a830 unknown :-1 s=BANNER_CONNECTING pgs=0 cs=0 l=1 rev1=0 crypto rx=0 tx=0 comp rx=0 tx=0)._handle_peer_banner_payload supported=3 required=0
2024-02-19T18:50:44.730 INFO:teuthology.orchestra.run.smithi103.stdout:/usr/bin/ceph: stderr
2024-02-19T18:50:43.853+0000 7fe43f7fe700 1 --2- 172.21.15.103:0/3414018447 >> [v2:172.21.15.103:6800/385514192,v1:172.21.15.103:6801/385514192] conn(0x7fe428038370 0x7fe42803a830 secure :-1 s=READY pgs=12 cs=0 l=1 rev1=1 crypto rx=0x7fe434006fd0 tx=0x7fe434006e40 comp rx=0 tx=0).ready entity=mgr.14118 client_cookie=0 server_cookie=0 in_seq=0 out_seq=0
2024-02-19T18:50:44.731 INFO:teuthology.orchestra.run.smithi103.stdout:/usr/bin/ceph: stderr
2024-02-19T18:50:43.857+0000 7fe43d7fa700 1 -- 172.21.15.103:0/3414018447 <== mon.0 v2:172.21.15.103:3300/0 6 ==== mon_command_ack([{"prefix": "get_command_descriptions"}]=0 v0) v1 ==== 72+0+180422 (secure 0 0 0) 0x7fe430018b40 con 0x7fe44007beb0
2024-02-19T18:50:44.731 INFO:teuthology.orchestra.run.smithi103.stdout:/usr/bin/ceph: stderr
2024-02-19T18:50:44.073+0000 7fe446629700 1 -- 172.21.15.103:0/3414018447 --> [v2:172.21.15.103:6800/385514192,v1:172.21.15.103:6801/385514192] -- mgr_command(tid 0: {"prefix": "orch apply", "service_type": "mon", "target": ["mon-mgr", ""]}) v1 -- 0x7fe440103cc0 con 0x7fe428038370
2024-02-19T18:50:44.731 INFO:teuthology.orchestra.run.smithi103.stdout:/usr/bin/ceph: stderr
2024-02-19T18:50:44.078+0000 7fe43d7fa700 1 -- 172.21.15.103:0/3414018447 <== mgr.14118 v2:172.21.15.103:6800/385514192 1 ==== mgr_command_reply(tid 0: 0 ) v1 ==== 8+0+24 (secure 0 0 0) 0x7fe440103cc0 con 0x7fe428038370
2024-02-19T18:50:44.731 INFO:teuthology.orchestra.run.smithi103.stdout:/usr/bin/ceph: stderr
2024-02-19T18:50:44.080+0000 7fe446629700 1 -- 172.21.15.103:0/3414018447 >> [v2:172.21.15.103:6800/385514192,v1:172.21.15.103:6801/385514192] conn(0x7fe428038370 msgr2=0x7fe42803a830 secure :-1 s=STATE_CONNECTION_ESTABLISHED l=1).mark_down
2024-02-19T18:50:44.731 INFO:teuthology.orchestra.run.smithi103.stdout:/usr/bin/ceph: stderr
2024-02-19T18:50:44.080+0000 7fe446629700 1 --2- 172.21.15.103:0/3414018447 >> [v2:172.21.15.103:6800/385514192,v1:172.21.15.103:6801/385514192] conn(0x7fe428038370 0x7fe42803a830 secure :-1 s=READY pgs=12 cs=0 l=1 rev1=1 crypto rx=0x7fe434006fd0 tx=0x7fe434006e40 comp rx=0 tx=0).stop
2024-02-19T18:50:44.731 INFO:teuthology.orchestra.run.smithi103.stdout:/usr/bin/ceph: stderr
2024-02-19T18:50:44.080+0000 7fe446629700 1 -- 172.21.15.103:0/3414018447 >> [v2:172.21.15.103:3300/0,v1:172.21.15.103:6789/0] conn(0x7fe44007beb0 msgr2=0x7fe44019c300 secure :-1 s=STATE_CONNECTION_ESTABLISHED l=1).mark_down
2024-02-19T18:50:44.731 INFO:teuthology.orchestra.run.smithi103.stdout:/usr/bin/ceph: stderr
2024-02-19T18:50:44.080+0000 7fe446629700 1 --2- 172.21.15.103:0/3414018447 >> [v2:172.21.15.103:3300/0,v1:172.21.15.103:6789/0] conn(0x7fe44007beb0 0x7fe44019c300 secure :-1 s=READY pgs=46 cs=0 l=1 rev1=1 crypto rx=0x7fe430000c00 tx=0x7fe430011ab0 comp rx=0 tx=0).stop
2024-02-19T18:50:44.731 INFO:teuthology.orchestra.run.smithi103.stdout:/usr/bin/ceph: stderr
2024-02-19T18:50:44.080+0000 7fe446629700 1 -- 172.21.15.103:0/3414018447 shutdown_connections
2024-02-19T18:50:44.731 INFO:teuthology.orchestra.run.smithi103.stdout:/usr/bin/ceph: stderr
2024-02-19T18:50:44.080+0000 7fe446629700 1 --2- 172.21.15.103:0/3414018447 >> [v2:172.21.15.103:6800/385514192,v1:172.21.15.103:6801/385514192] conn(0x7fe428038370 0x7fe42803a830 unknown :-1 s=CLOSED pgs=12 cs=0 l=1 rev1=1 crypto rx=0 tx=0 comp rx=0 tx=0).stop
2024-02-19T18:50:44.731 INFO:teuthology.orchestra.run.smithi103.stdout:/usr/bin/ceph: stderr
2024-02-19T18:50:44.080+0000 7fe446629700 1 --2- 172.21.15.103:0/3414018447 >> [v2:172.21.15.103:3300/0,v1:172.21.15.103:6789/0] conn(0x7fe44007beb0 0x7fe44019c300 unknown :-1 s=CLOSED pgs=46 cs=0 l=1 rev1=1 crypto rx=0 tx=0 comp rx=0 tx=0).stop
2024-02-19T18:50:44.731 INFO:teuthology.orchestra.run.smithi103.stdout:/usr/bin/ceph: stderr
2024-02-19T18:50:44.080+0000 7fe446629700 1 -- 172.21.15.103:0/3414018447 >> 172.21.15.103:0/3414018447 conn(0x7fe440101a00 msgr2=0x7fe4401030a0 unknown :-1 s=STATE_NONE l=0).mark_down
2024-02-19T18:50:44.731 INFO:teuthology.orchestra.run.smithi103.stdout:/usr/bin/ceph: stderr
2024-02-19T18:50:44.080+0000 7fe446629700 1 -- 172.21.15.103:0/3414018447 shutdown_connections
2024-02-19T18:50:44.731 INFO:teuthology.orchestra.run.smithi103.stdout:/usr/bin/ceph: stderr
2024-02-19T18:50:44.080+0000 7fe446629700 1 -- 172.21.15.103:0/3414018447 wait complete.
2024-02-19T18:50:44.731 INFO:teuthology.orchestra.run.smithi103.stdout:Deploying mgr service with default placement...
2024-02-19T18:50:45.351 INFO:journalctl@ceph.mon.smithi103.smithi103.stdout:Feb 19 18:50:45 smithi103 ceph-mon[29203]: from='client.14140 -' entity='client.admin' cmd=[{"prefix": "orch apply", "service_type": "mon", "target": ["mon-mgr", ""]}]: dispatch
2024-02-19T18:50:45.351 INFO:journalctl@ceph.mon.smithi103.smithi103.stdout:Feb 19 18:50:45 smithi103 ceph-mon[29203]: Saving service mon spec with placement count:5
2024-02-19T18:50:45.351 INFO:journalctl@ceph.mon.smithi103.smithi103.stdout:Feb 19 18:50:45 smithi103 ceph-mon[29203]: from='mgr.14118 172.21.15.103:0/2875251069' entity='mgr.smithi103.amzash'
2024-02-19T18:50:46.481 INFO:teuthology.orchestra.run.smithi103.stdout:/usr/bin/ceph: stdout Scheduled mgr update...
2024-02-19T18:50:46.482 INFO:teuthology.orchestra.run.smithi103.stdout:/usr/bin/ceph: stderr
2024-02-19T18:50:45.534+0000 7f7abaa3f700 1 Processor -- start
2024-02-19T18:50:46.482 INFO:teuthology.orchestra.run.smithi103.stdout:/usr/bin/ceph: stderr
2024-02-19T18:50:45.534+0000 7f7abaa3f700 1 -- start start
2024-02-19T18:50:46.482 INFO:teuthology.orchestra.run.smithi103.stdout:/usr/bin/ceph: stderr
2024-02-19T18:50:45.534+0000 7f7abaa3f700 1 --2- >> [v2:172.21.15.103:3300/0,v1:172.21.15.103:6789/0] conn(0x7f7ab4106ef0 0x7f7ab41092e0 unknown :-1 s=NONE pgs=0 cs=0 l=0 rev1=0 crypto rx=0 tx=0 comp rx=0 tx=0).connect
2024-02-19T18:50:46.482 INFO:teuthology.orchestra.run.smithi103.stdout:/usr/bin/ceph: stderr
2024-02-19T18:50:45.534+0000 7f7abaa3f700 1 -- --> [v2:172.21.15.103:3300/0,v1:172.21.15.103:6789/0] -- mon_getmap magic: 0 v1 -- 0x7f7ab4074640 con 0x7f7ab4106ef0
2024-02-19T18:50:46.482 INFO:teuthology.orchestra.run.smithi103.stdout:/usr/bin/ceph: stderr
2024-02-19T18:50:45.535+0000 7f7ab3fff700 1 --2- >> [v2:172.21.15.103:3300/0,v1:172.21.15.103:6789/0] conn(0x7f7ab4106ef0 0x7f7ab41092e0 unknown :-1 s=BANNER_CONNECTING pgs=0 cs=0 l=0 rev1=0 crypto rx=0 tx=0 comp rx=0 tx=0)._handle_peer_banner_payload supported=3 required=0
2024-02-19T18:50:46.482 INFO:teuthology.orchestra.run.smithi103.stdout:/usr/bin/ceph: stderr
2024-02-19T18:50:45.535+0000 7f7ab3fff700 1 --2- >> [v2:172.21.15.103:3300/0,v1:172.21.15.103:6789/0] conn(0x7f7ab4106ef0 0x7f7ab41092e0 unknown :-1 s=HELLO_CONNECTING pgs=0 cs=0 l=0 rev1=1 crypto rx=0 tx=0 comp rx=0 tx=0).handle_hello peer v2:172.21.15.103:3300/0 says I am v2:172.21.15.103:32826/0 (socket says 172.21.15.103:32826)
2024-02-19T18:50:46.482 INFO:teuthology.orchestra.run.smithi103.stdout:/usr/bin/ceph: stderr
2024-02-19T18:50:45.535+0000 7f7ab3fff700 1 -- 172.21.15.103:0/281385937 learned_addr learned my addr 172.21.15.103:0/281385937 (peer_addr_for_me v2:172.21.15.103:0/0)
2024-02-19T18:50:46.482 INFO:teuthology.orchestra.run.smithi103.stdout:/usr/bin/ceph: stderr
2024-02-19T18:50:45.535+0000 7f7ab3fff700 1 -- 172.21.15.103:0/281385937 --> [v2:172.21.15.103:3300/0,v1:172.21.15.103:6789/0] -- mon_subscribe({config=0+,monmap=0+}) v3 -- 0x7f7ab4109820 con 0x7f7ab4106ef0
2024-02-19T18:50:46.482 INFO:teuthology.orchestra.run.smithi103.stdout:/usr/bin/ceph: stderr
2024-02-19T18:50:45.535+0000 7f7ab3fff700 1 --2- 172.21.15.103:0/281385937 >> [v2:172.21.15.103:3300/0,v1:172.21.15.103:6789/0] conn(0x7f7ab4106ef0 0x7f7ab41092e0 secure :-1 s=READY pgs=47 cs=0 l=1 rev1=1 crypto rx=0x7f7aa40098a0 tx=0x7f7aa4009bb0 comp rx=0 tx=0).ready entity=mon.0 client_cookie=24ebe13c60717883 server_cookie=0 in_seq=0 out_seq=0
2024-02-19T18:50:46.483 INFO:teuthology.orchestra.run.smithi103.stdout:/usr/bin/ceph: stderr
2024-02-19T18:50:45.535+0000 7f7ab2ffd700 1 -- 172.21.15.103:0/281385937 <== mon.0 v2:172.21.15.103:3300/0 1 ==== mon_map magic: 0 v1 ==== 229+0+0 (secure 0 0 0) 0x7f7aa4004180 con 0x7f7ab4106ef0
2024-02-19T18:50:46.483 INFO:teuthology.orchestra.run.smithi103.stdout:/usr/bin/ceph: stderr
2024-02-19T18:50:45.535+0000 7f7ab2ffd700 1 -- 172.21.15.103:0/281385937 <== mon.0 v2:172.21.15.103:3300/0 2 ==== config(27 keys) v1 ==== 1037+0+0 (secure 0 0 0) 0x7f7aa40042e0 con 0x7f7ab4106ef0
2024-02-19T18:50:46.483 INFO:teuthology.orchestra.run.smithi103.stdout:/usr/bin/ceph: stderr
2024-02-19T18:50:45.535+0000 7f7ab2ffd700 1 -- 172.21.15.103:0/281385937 <== mon.0 v2:172.21.15.103:3300/0 3 ==== mon_map magic: 0 v1 ==== 229+0+0 (secure 0 0 0) 0x7f7aa4011a50 con 0x7f7ab4106ef0
2024-02-19T18:50:46.483 INFO:teuthology.orchestra.run.smithi103.stdout:/usr/bin/ceph: stderr
2024-02-19T18:50:45.536+0000 7f7abaa3f700 1 -- 172.21.15.103:0/281385937 >> [v2:172.21.15.103:3300/0,v1:172.21.15.103:6789/0] conn(0x7f7ab4106ef0 msgr2=0x7f7ab41092e0 secure :-1 s=STATE_CONNECTION_ESTABLISHED l=1).mark_down
2024-02-19T18:50:46.483 INFO:teuthology.orchestra.run.smithi103.stdout:/usr/bin/ceph: stderr
2024-02-19T18:50:45.536+0000 7f7abaa3f700 1 --2- 172.21.15.103:0/281385937 >> [v2:172.21.15.103:3300/0,v1:172.21.15.103:6789/0] conn(0x7f7ab4106ef0 0x7f7ab41092e0 secure :-1 s=READY pgs=47 cs=0 l=1 rev1=1 crypto rx=0x7f7aa40098a0 tx=0x7f7aa4009bb0 comp rx=0 tx=0).stop
2024-02-19T18:50:46.483 INFO:teuthology.orchestra.run.smithi103.stdout:/usr/bin/ceph: stderr
2024-02-19T18:50:45.536+0000 7f7abaa3f700 1 -- 172.21.15.103:0/281385937 shutdown_connections
2024-02-19T18:50:46.483 INFO:teuthology.orchestra.run.smithi103.stdout:/usr/bin/ceph: stderr
2024-02-19T18:50:45.536+0000 7f7abaa3f700 1 --2- 172.21.15.103:0/281385937 >> [v2:172.21.15.103:3300/0,v1:172.21.15.103:6789/0] conn(0x7f7ab4106ef0 0x7f7ab41092e0 unknown :-1 s=CLOSED pgs=47 cs=0 l=1 rev1=1 crypto rx=0 tx=0 comp rx=0 tx=0).stop
2024-02-19T18:50:46.483 INFO:teuthology.orchestra.run.smithi103.stdout:/usr/bin/ceph: stderr
2024-02-19T18:50:45.536+0000 7f7abaa3f700 1 -- 172.21.15.103:0/281385937 >> 172.21.15.103:0/281385937 conn(0x7f7ab41008c0 msgr2=0x7f7ab4102d20 unknown :-1 s=STATE_NONE l=0).mark_down
2024-02-19T18:50:46.483 INFO:teuthology.orchestra.run.smithi103.stdout:/usr/bin/ceph: stderr
2024-02-19T18:50:45.536+0000 7f7abaa3f700 1 -- 172.21.15.103:0/281385937 shutdown_connections
2024-02-19T18:50:46.483 INFO:teuthology.orchestra.run.smithi103.stdout:/usr/bin/ceph: stderr
2024-02-19T18:50:45.536+0000 7f7abaa3f700 1 -- 172.21.15.103:0/281385937 wait complete.
2024-02-19T18:50:46.483 INFO:teuthology.orchestra.run.smithi103.stdout:/usr/bin/ceph: stderr
2024-02-19T18:50:45.536+0000 7f7abaa3f700 1 Processor -- start
2024-02-19T18:50:46.483 INFO:teuthology.orchestra.run.smithi103.stdout:/usr/bin/ceph: stderr
2024-02-19T18:50:45.536+0000 7f7abaa3f700 1 -- start start
2024-02-19T18:50:46.484 INFO:teuthology.orchestra.run.smithi103.stdout:/usr/bin/ceph: stderr
2024-02-19T18:50:45.537+0000 7f7abaa3f700 1 --2- >> [v2:172.21.15.103:3300/0,v1:172.21.15.103:6789/0] conn(0x7f7ab4106ef0 0x7f7ab419a120 unknown :-1 s=NONE pgs=0 cs=0 l=1 rev1=0 crypto rx=0 tx=0 comp rx=0 tx=0).connect
2024-02-19T18:50:46.484 INFO:teuthology.orchestra.run.smithi103.stdout:/usr/bin/ceph: stderr
2024-02-19T18:50:45.537+0000 7f7abaa3f700 1 -- --> [v2:172.21.15.103:3300/0,v1:172.21.15.103:6789/0] -- mon_getmap magic: 0 v1 -- 0x7f7ab419a660 con 0x7f7ab4106ef0
2024-02-19T18:50:46.484 INFO:teuthology.orchestra.run.smithi103.stdout:/usr/bin/ceph: stderr
2024-02-19T18:50:45.537+0000 7f7ab3fff700 1 --2- >> [v2:172.21.15.103:3300/0,v1:172.21.15.103:6789/0] conn(0x7f7ab4106ef0 0x7f7ab419a120 unknown :-1 s=BANNER_CONNECTING pgs=0 cs=0 l=1 rev1=0 crypto rx=0 tx=0 comp rx=0 tx=0)._handle_peer_banner_payload supported=3 required=0
2024-02-19T18:50:46.484 INFO:teuthology.orchestra.run.smithi103.stdout:/usr/bin/ceph: stderr
