2024-02-19T18:53:21.091 INFO:teuthology.orchestra.run.smithi139.stdout:/usr/bin/ceph: stderr
2024-02-19T18:53:19.089+0000 7f1671f9e700 1 --2- >> [v2:172.21.15.139:3300/0,v1:172.21.15.139:6789/0] conn(0x7f166c105220 0x7f166c19a130 unknown :-1 s=NONE pgs=0 cs=0 l=1 rev1=0 crypto rx=0 tx=0 comp rx=0 tx=0).connect
2024-02-19T18:53:21.091 INFO:teuthology.orchestra.run.smithi139.stdout:/usr/bin/ceph: stderr
2024-02-19T18:53:19.089+0000 7f1671f9e700 1 -- --> [v2:172.21.15.139:3300/0,v1:172.21.15.139:6789/0] -- mon_getmap magic: 0 v1 -- 0x7f166c19a670 con 0x7f166c105220
2024-02-19T18:53:21.092 INFO:teuthology.orchestra.run.smithi139.stdout:/usr/bin/ceph: stderr
2024-02-19T18:53:19.089+0000 7f166b7fe700 1 --2- >> [v2:172.21.15.139:3300/0,v1:172.21.15.139:6789/0] conn(0x7f166c105220 0x7f166c19a130 unknown :-1 s=BANNER_CONNECTING pgs=0 cs=0 l=1 rev1=0 crypto rx=0 tx=0 comp rx=0 tx=0)._handle_peer_banner_payload supported=3 required=0
2024-02-19T18:53:21.092 INFO:teuthology.orchestra.run.smithi139.stdout:/usr/bin/ceph: stderr
2024-02-19T18:53:19.089+0000 7f166b7fe700 1 --2- >> [v2:172.21.15.139:3300/0,v1:172.21.15.139:6789/0] conn(0x7f166c105220 0x7f166c19a130 unknown :-1 s=HELLO_CONNECTING pgs=0 cs=0 l=1 rev1=1 crypto rx=0 tx=0 comp rx=0 tx=0).handle_hello peer v2:172.21.15.139:3300/0 says I am v2:172.21.15.139:41754/0 (socket says 172.21.15.139:41754)
2024-02-19T18:53:21.092 INFO:teuthology.orchestra.run.smithi139.stdout:/usr/bin/ceph: stderr
2024-02-19T18:53:19.089+0000 7f166b7fe700 1 -- 172.21.15.139:0/3596649413 learned_addr learned my addr 172.21.15.139:0/3596649413 (peer_addr_for_me v2:172.21.15.139:0/0)
2024-02-19T18:53:21.092 INFO:teuthology.orchestra.run.smithi139.stdout:/usr/bin/ceph: stderr
2024-02-19T18:53:19.089+0000 7f166b7fe700 1 -- 172.21.15.139:0/3596649413 --> [v2:172.21.15.139:3300/0,v1:172.21.15.139:6789/0] -- mon_subscribe({config=0+,monmap=0+}) v3 -- 0x7f165c009550 con 0x7f166c105220
2024-02-19T18:53:21.092 INFO:teuthology.orchestra.run.smithi139.stdout:/usr/bin/ceph: stderr
2024-02-19T18:53:19.089+0000 7f166b7fe700 1 --2- 172.21.15.139:0/3596649413 >> [v2:172.21.15.139:3300/0,v1:172.21.15.139:6789/0] conn(0x7f166c105220 0x7f166c19a130 secure :-1 s=READY pgs=85 cs=0 l=1 rev1=1 crypto rx=0x7f165c009fb0 tx=0x7f165c011890 comp rx=0 tx=0).ready entity=mon.0 client_cookie=0 server_cookie=0 in_seq=0 out_seq=0
2024-02-19T18:53:21.092 INFO:teuthology.orchestra.run.smithi139.stdout:/usr/bin/ceph: stderr
2024-02-19T18:53:19.089+0000 7f1668ff9700 1 -- 172.21.15.139:0/3596649413 <== mon.0 v2:172.21.15.139:3300/0 1 ==== mon_map magic: 0 v1 ==== 229+0+0 (secure 0 0 0) 0x7f165c0038b0 con 0x7f166c105220
2024-02-19T18:53:21.092 INFO:teuthology.orchestra.run.smithi139.stdout:/usr/bin/ceph: stderr
2024-02-19T18:53:19.090+0000 7f1671f9e700 1 -- 172.21.15.139:0/3596649413 --> [v2:172.21.15.139:3300/0,v1:172.21.15.139:6789/0] -- mon_subscribe({mgrmap=0+}) v3 -- 0x7f166c19a870 con 0x7f166c105220
2024-02-19T18:53:21.092 INFO:teuthology.orchestra.run.smithi139.stdout:/usr/bin/ceph: stderr
2024-02-19T18:53:19.090+0000 7f1668ff9700 1 -- 172.21.15.139:0/3596649413 <== mon.0 v2:172.21.15.139:3300/0 2 ==== config(27 keys) v1 ==== 1109+0+0 (secure 0 0 0) 0x7f165c003a10 con 0x7f166c105220
2024-02-19T18:53:21.092 INFO:teuthology.orchestra.run.smithi139.stdout:/usr/bin/ceph: stderr
2024-02-19T18:53:19.090+0000 7f1668ff9700 1 -- 172.21.15.139:0/3596649413 <== mon.0 v2:172.21.15.139:3300/0 3 ==== mon_map magic: 0 v1 ==== 229+0+0 (secure 0 0 0) 0x7f165c019770 con 0x7f166c105220
2024-02-19T18:53:21.092 INFO:teuthology.orchestra.run.smithi139.stdout:/usr/bin/ceph: stderr
2024-02-19T18:53:19.090+0000 7f1671f9e700 1 -- 172.21.15.139:0/3596649413 --> [v2:172.21.15.139:3300/0,v1:172.21.15.139:6789/0] -- mon_subscribe({osdmap=0}) v3 -- 0x7f166c19ad10 con 0x7f166c105220
2024-02-19T18:53:21.092 INFO:teuthology.orchestra.run.smithi139.stdout:/usr/bin/ceph: stderr
2024-02-19T18:53:19.090+0000 7f1668ff9700 1 -- 172.21.15.139:0/3596649413 <== mon.0 v2:172.21.15.139:3300/0 4 ==== mgrmap(e 12) v1 ==== 45565+0+0 (secure 0 0 0) 0x7f165c0198d0 con 0x7f166c105220
2024-02-19T18:53:21.092 INFO:teuthology.orchestra.run.smithi139.stdout:/usr/bin/ceph: stderr
2024-02-19T18:53:19.091+0000 7f1668ff9700 1 --2- 172.21.15.139:0/3596649413 >> [v2:172.21.15.139:6800/2159051390,v1:172.21.15.139:6801/2159051390] conn(0x7f1654038730 0x7f165403abf0 unknown :-1 s=NONE pgs=0 cs=0 l=1 rev1=0 crypto rx=0 tx=0 comp rx=0 tx=0).connect
2024-02-19T18:53:21.092 INFO:teuthology.orchestra.run.smithi139.stdout:/usr/bin/ceph: stderr
2024-02-19T18:53:19.091+0000 7f1671f9e700 1 -- 172.21.15.139:0/3596649413 --> [v2:172.21.15.139:3300/0,v1:172.21.15.139:6789/0] -- mon_command({"prefix": "get_command_descriptions"} v 0) v1 -- 0x7f166c194260 con 0x7f166c105220
2024-02-19T18:53:21.093 INFO:teuthology.orchestra.run.smithi139.stdout:/usr/bin/ceph: stderr
2024-02-19T18:53:19.091+0000 7f1668ff9700 1 -- 172.21.15.139:0/3596649413 <== mon.0 v2:172.21.15.139:3300/0 5 ==== osd_map(3..3 src has 1..3) v4 ==== 1155+0+0 (secure 0 0 0) 0x7f165c04d9b0 con 0x7f166c105220
2024-02-19T18:53:21.093 INFO:teuthology.orchestra.run.smithi139.stdout:/usr/bin/ceph: stderr
2024-02-19T18:53:19.091+0000 7f166affd700 1 --2- 172.21.15.139:0/3596649413 >> [v2:172.21.15.139:6800/2159051390,v1:172.21.15.139:6801/2159051390] conn(0x7f1654038730 0x7f165403abf0 unknown :-1 s=BANNER_CONNECTING pgs=0 cs=0 l=1 rev1=0 crypto rx=0 tx=0 comp rx=0 tx=0)._handle_peer_banner_payload supported=3 required=0
2024-02-19T18:53:21.093 INFO:teuthology.orchestra.run.smithi139.stdout:/usr/bin/ceph: stderr
2024-02-19T18:53:19.091+0000 7f166affd700 1 --2- 172.21.15.139:0/3596649413 >> [v2:172.21.15.139:6800/2159051390,v1:172.21.15.139:6801/2159051390] conn(0x7f1654038730 0x7f165403abf0 secure :-1 s=READY pgs=8 cs=0 l=1 rev1=1 crypto rx=0x7f1660006fd0 tx=0x7f1660006e40 comp rx=0 tx=0).ready entity=mgr.14164 client_cookie=0 server_cookie=0 in_seq=0 out_seq=0
2024-02-19T18:53:21.093 INFO:teuthology.orchestra.run.smithi139.stdout:/usr/bin/ceph: stderr
2024-02-19T18:53:19.096+0000 7f1668ff9700 1 -- 172.21.15.139:0/3596649413 <== mon.0 v2:172.21.15.139:3300/0 6 ==== mon_command_ack([{"prefix": "get_command_descriptions"}]=0 v0) v1 ==== 72+0+182595 (secure 0 0 0) 0x7f165c019e00 con 0x7f166c105220
2024-02-19T18:53:21.093 INFO:teuthology.orchestra.run.smithi139.stdout:/usr/bin/ceph: stderr
2024-02-19T18:53:19.319+0000 7f1671f9e700 1 -- 172.21.15.139:0/3596649413 --> [v2:172.21.15.139:6800/2159051390,v1:172.21.15.139:6801/2159051390] -- mgr_command(tid 0: {"prefix": "dashboard ac-user-create", "username": "admin", "rolename": "administrator", "force_password": true, "pwd_update_required": true, "target": ["mon-mgr", ""]}) v1 -- 0x7f166c0621c0 con 0x7f1654038730
2024-02-19T18:53:21.093 INFO:teuthology.orchestra.run.smithi139.stdout:/usr/bin/ceph: stderr
2024-02-19T18:53:19.542+0000 7f1668ff9700 1 -- 172.21.15.139:0/3596649413 <== mgr.14164 v2:172.21.15.139:6800/2159051390 1 ==== mgr_command_reply(tid 0: 0 ) v1 ==== 8+0+252 (secure 0 0 0) 0x7f166c0621c0 con 0x7f1654038730
2024-02-19T18:53:21.093 INFO:teuthology.orchestra.run.smithi139.stdout:/usr/bin/ceph: stderr
2024-02-19T18:53:19.544+0000 7f1671f9e700 1 -- 172.21.15.139:0/3596649413 >> [v2:172.21.15.139:6800/2159051390,v1:172.21.15.139:6801/2159051390] conn(0x7f1654038730 msgr2=0x7f165403abf0 secure :-1 s=STATE_CONNECTION_ESTABLISHED l=1).mark_down
2024-02-19T18:53:21.093 INFO:teuthology.orchestra.run.smithi139.stdout:/usr/bin/ceph: stderr
2024-02-19T18:53:19.544+0000 7f1671f9e700 1 --2- 172.21.15.139:0/3596649413 >> [v2:172.21.15.139:6800/2159051390,v1:172.21.15.139:6801/2159051390] conn(0x7f1654038730 0x7f165403abf0 secure :-1 s=READY pgs=8 cs=0 l=1 rev1=1 crypto rx=0x7f1660006fd0 tx=0x7f1660006e40 comp rx=0 tx=0).stop
2024-02-19T18:53:21.093 INFO:teuthology.orchestra.run.smithi139.stdout:/usr/bin/ceph: stderr
2024-02-19T18:53:19.544+0000 7f1671f9e700 1 -- 172.21.15.139:0/3596649413 >> [v2:172.21.15.139:3300/0,v1:172.21.15.139:6789/0] conn(0x7f166c105220 msgr2=0x7f166c19a130 secure :-1 s=STATE_CONNECTION_ESTABLISHED l=1).mark_down
2024-02-19T18:53:21.093 INFO:teuthology.orchestra.run.smithi139.stdout:/usr/bin/ceph: stderr
2024-02-19T18:53:19.544+0000 7f1671f9e700 1 --2- 172.21.15.139:0/3596649413 >> [v2:172.21.15.139:3300/0,v1:172.21.15.139:6789/0] conn(0x7f166c105220 0x7f166c19a130 secure :-1 s=READY pgs=85 cs=0 l=1 rev1=1 crypto rx=0x7f165c009fb0 tx=0x7f165c011890 comp rx=0 tx=0).stop
2024-02-19T18:53:21.093 INFO:teuthology.orchestra.run.smithi139.stdout:/usr/bin/ceph: stderr
2024-02-19T18:53:19.544+0000 7f1671f9e700 1 -- 172.21.15.139:0/3596649413 shutdown_connections
2024-02-19T18:53:21.093 INFO:teuthology.orchestra.run.smithi139.stdout:/usr/bin/ceph: stderr
2024-02-19T18:53:19.544+0000 7f1671f9e700 1 --2- 172.21.15.139:0/3596649413 >> [v2:172.21.15.139:6800/2159051390,v1:172.21.15.139:6801/2159051390] conn(0x7f1654038730 0x7f165403abf0 unknown :-1 s=CLOSED pgs=8 cs=0 l=1 rev1=1 crypto rx=0 tx=0 comp rx=0 tx=0).stop
2024-02-19T18:53:21.093 INFO:teuthology.orchestra.run.smithi139.stdout:/usr/bin/ceph: stderr
2024-02-19T18:53:19.544+0000 7f1671f9e700 1 --2- 172.21.15.139:0/3596649413 >> [v2:172.21.15.139:3300/0,v1:172.21.15.139:6789/0] conn(0x7f166c105220 0x7f166c19a130 unknown :-1 s=CLOSED pgs=85 cs=0 l=1 rev1=1 crypto rx=0 tx=0 comp rx=0 tx=0).stop
2024-02-19T18:53:21.094 INFO:teuthology.orchestra.run.smithi139.stdout:/usr/bin/ceph: stderr
2024-02-19T18:53:19.544+0000 7f1671f9e700 1 -- 172.21.15.139:0/3596649413 >> 172.21.15.139:0/3596649413 conn(0x7f166c100820 msgr2=0x7f166c101740 unknown :-1 s=STATE_NONE l=0).mark_down
2024-02-19T18:53:21.094 INFO:teuthology.orchestra.run.smithi139.stdout:/usr/bin/ceph: stderr
2024-02-19T18:53:19.545+0000 7f1671f9e700 1 -- 172.21.15.139:0/3596649413 shutdown_connections
2024-02-19T18:53:21.094 INFO:teuthology.orchestra.run.smithi139.stdout:/usr/bin/ceph: stderr
2024-02-19T18:53:19.545+0000 7f1671f9e700 1 -- 172.21.15.139:0/3596649413 wait complete.
2024-02-19T18:53:21.094 INFO:teuthology.orchestra.run.smithi139.stdout:Fetching dashboard port number...
2024-02-19T18:53:22.021 INFO:journalctl@ceph.mon.smithi139.smithi139.stdout:Feb 19 18:53:21 smithi139 ceph-mon[29340]: from='client.? 172.21.15.139:0/1637843077' entity='client.admin' cmd=[{"prefix": "config get", "who": "mgr", "key": "mgr/dashboard/ssl_server_port"}]: dispatch
2024-02-19T18:53:22.288 INFO:teuthology.orchestra.run.smithi139.stdout:/usr/bin/ceph: stdout 8443
2024-02-19T18:53:22.288 INFO:teuthology.orchestra.run.smithi139.stdout:/usr/bin/ceph: stderr
2024-02-19T18:53:21.496+0000 7f7662326700 1 Processor -- start
2024-02-19T18:53:22.288 INFO:teuthology.orchestra.run.smithi139.stdout:/usr/bin/ceph: stderr
2024-02-19T18:53:21.496+0000 7f7662326700 1 -- start start
2024-02-19T18:53:22.288 INFO:teuthology.orchestra.run.smithi139.stdout:/usr/bin/ceph: stderr
2024-02-19T18:53:21.496+0000 7f7662326700 1 --2- >> [v2:172.21.15.139:3300/0,v1:172.21.15.139:6789/0] conn(0x7f765c106dc0 0x7f765c1091b0 unknown :-1 s=NONE pgs=0 cs=0 l=0 rev1=0 crypto rx=0 tx=0 comp rx=0 tx=0).connect
2024-02-19T18:53:22.288 INFO:teuthology.orchestra.run.smithi139.stdout:/usr/bin/ceph: stderr
2024-02-19T18:53:21.496+0000 7f7662326700 1 -- --> [v2:172.21.15.139:3300/0,v1:172.21.15.139:6789/0] -- mon_getmap magic: 0 v1 -- 0x7f765c074500 con 0x7f765c106dc0
2024-02-19T18:53:22.289 INFO:teuthology.orchestra.run.smithi139.stdout:/usr/bin/ceph: stderr
2024-02-19T18:53:21.497+0000 7f765bfff700 1 --2- >> [v2:172.21.15.139:3300/0,v1:172.21.15.139:6789/0] conn(0x7f765c106dc0 0x7f765c1091b0 unknown :-1 s=BANNER_CONNECTING pgs=0 cs=0 l=0 rev1=0 crypto rx=0 tx=0 comp rx=0 tx=0)._handle_peer_banner_payload supported=3 required=0
2024-02-19T18:53:22.289 INFO:teuthology.orchestra.run.smithi139.stdout:/usr/bin/ceph: stderr
2024-02-19T18:53:21.497+0000 7f765bfff700 1 --2- >> [v2:172.21.15.139:3300/0,v1:172.21.15.139:6789/0] conn(0x7f765c106dc0 0x7f765c1091b0 unknown :-1 s=HELLO_CONNECTING pgs=0 cs=0 l=0 rev1=1 crypto rx=0 tx=0 comp rx=0 tx=0).handle_hello peer v2:172.21.15.139:3300/0 says I am v2:172.21.15.139:38382/0 (socket says 172.21.15.139:38382)
2024-02-19T18:53:22.289 INFO:teuthology.orchestra.run.smithi139.stdout:/usr/bin/ceph: stderr
2024-02-19T18:53:21.497+0000 7f765bfff700 1 -- 172.21.15.139:0/4005771033 learned_addr learned my addr 172.21.15.139:0/4005771033 (peer_addr_for_me v2:172.21.15.139:0/0)
2024-02-19T18:53:22.289 INFO:teuthology.orchestra.run.smithi139.stdout:/usr/bin/ceph: stderr
2024-02-19T18:53:21.497+0000 7f765bfff700 1 -- 172.21.15.139:0/4005771033 --> [v2:172.21.15.139:3300/0,v1:172.21.15.139:6789/0] -- mon_subscribe({config=0+,monmap=0+}) v3 -- 0x7f765c1096f0 con 0x7f765c106dc0
2024-02-19T18:53:22.289 INFO:teuthology.orchestra.run.smithi139.stdout:/usr/bin/ceph: stderr
2024-02-19T18:53:21.497+0000 7f765bfff700 1 --2- 172.21.15.139:0/4005771033 >> [v2:172.21.15.139:3300/0,v1:172.21.15.139:6789/0] conn(0x7f765c106dc0 0x7f765c1091b0 secure :-1 s=READY pgs=86 cs=0 l=1 rev1=1 crypto rx=0x7f76500098a0 tx=0x7f7650009bb0 comp rx=0 tx=0).ready entity=mon.0 client_cookie=844d783de2ee8d87 server_cookie=0 in_seq=0 out_seq=0
2024-02-19T18:53:22.289 INFO:teuthology.orchestra.run.smithi139.stdout:/usr/bin/ceph: stderr
2024-02-19T18:53:21.497+0000 7f765affd700 1 -- 172.21.15.139:0/4005771033 <== mon.0 v2:172.21.15.139:3300/0 1 ==== mon_map magic: 0 v1 ==== 229+0+0 (secure 0 0 0) 0x7f7650004180 con 0x7f765c106dc0
2024-02-19T18:53:22.289 INFO:teuthology.orchestra.run.smithi139.stdout:/usr/bin/ceph: stderr
2024-02-19T18:53:21.497+0000 7f765affd700 1 -- 172.21.15.139:0/4005771033 <== mon.0 v2:172.21.15.139:3300/0 2 ==== config(27 keys) v1 ==== 1109+0+0 (secure 0 0 0) 0x7f76500042e0 con 0x7f765c106dc0
2024-02-19T18:53:22.289 INFO:teuthology.orchestra.run.smithi139.stdout:/usr/bin/ceph: stderr
2024-02-19T18:53:21.497+0000 7f765affd700 1 -- 172.21.15.139:0/4005771033 <== mon.0 v2:172.21.15.139:3300/0 3 ==== mon_map magic: 0 v1 ==== 229+0+0 (secure 0 0 0) 0x7f7650011b10 con 0x7f765c106dc0
2024-02-19T18:53:22.289 INFO:teuthology.orchestra.run.smithi139.stdout:/usr/bin/ceph: stderr
2024-02-19T18:53:21.498+0000 7f7662326700 1 -- 172.21.15.139:0/4005771033 >> [v2:172.21.15.139:3300/0,v1:172.21.15.139:6789/0] conn(0x7f765c106dc0 msgr2=0x7f765c1091b0 secure :-1 s=STATE_CONNECTION_ESTABLISHED l=1).mark_down
2024-02-19T18:53:22.289 INFO:teuthology.orchestra.run.smithi139.stdout:/usr/bin/ceph: stderr
2024-02-19T18:53:21.498+0000 7f7662326700 1 --2- 172.21.15.139:0/4005771033 >> [v2:172.21.15.139:3300/0,v1:172.21.15.139:6789/0] conn(0x7f765c106dc0 0x7f765c1091b0 secure :-1 s=READY pgs=86 cs=0 l=1 rev1=1 crypto rx=0x7f76500098a0 tx=0x7f7650009bb0 comp rx=0 tx=0).stop
2024-02-19T18:53:22.289 INFO:teuthology.orchestra.run.smithi139.stdout:/usr/bin/ceph: stderr
2024-02-19T18:53:21.498+0000 7f7662326700 1 -- 172.21.15.139:0/4005771033 shutdown_connections
2024-02-19T18:53:22.289 INFO:teuthology.orchestra.run.smithi139.stdout:/usr/bin/ceph: stderr
2024-02-19T18:53:21.498+0000 7f7662326700 1 --2- 172.21.15.139:0/4005771033 >> [v2:172.21.15.139:3300/0,v1:172.21.15.139:6789/0] conn(0x7f765c106dc0 0x7f765c1091b0 unknown :-1 s=CLOSED pgs=86 cs=0 l=1 rev1=1 crypto rx=0 tx=0 comp rx=0 tx=0).stop
2024-02-19T18:53:22.289 INFO:teuthology.orchestra.run.smithi139.stdout:/usr/bin/ceph: stderr
2024-02-19T18:53:21.498+0000 7f7662326700 1 -- 172.21.15.139:0/4005771033 >> 172.21.15.139:0/4005771033 conn(0x7f765c1007b0 msgr2=0x7f765c102bf0 unknown :-1 s=STATE_NONE l=0).mark_down
2024-02-19T18:53:22.289 INFO:teuthology.orchestra.run.smithi139.stdout:/usr/bin/ceph: stderr
2024-02-19T18:53:21.498+0000 7f7662326700 1 -- 172.21.15.139:0/4005771033 shutdown_connections
2024-02-19T18:53:22.289 INFO:teuthology.orchestra.run.smithi139.stdout:/usr/bin/ceph: stderr
2024-02-19T18:53:21.498+0000 7f7662326700 1 -- 172.21.15.139:0/4005771033 wait complete.
2024-02-19T18:53:22.289 INFO:teuthology.orchestra.run.smithi139.stdout:/usr/bin/ceph: stderr
2024-02-19T18:53:21.499+0000 7f7662326700 1 Processor -- start
2024-02-19T18:53:22.290 INFO:teuthology.orchestra.run.smithi139.stdout:/usr/bin/ceph: stderr
2024-02-19T18:53:21.499+0000 7f7662326700 1 -- start start
2024-02-19T18:53:22.290 INFO:teuthology.orchestra.run.smithi139.stdout:/usr/bin/ceph: stderr
2024-02-19T18:53:21.499+0000 7f7662326700 1 --2- >> [v2:172.21.15.139:3300/0,v1:172.21.15.139:6789/0] conn(0x7f765c106dc0 0x7f765c19a3f0 unknown :-1 s=NONE pgs=0 cs=0 l=1 rev1=0 crypto rx=0 tx=0 comp rx=0 tx=0).connect
2024-02-19T18:53:22.290 INFO:teuthology.orchestra.run.smithi139.stdout:/usr/bin/ceph: stderr
2024-02-19T18:53:21.499+0000 7f7662326700 1 -- --> [v2:172.21.15.139:3300/0,v1:172.21.15.139:6789/0] -- mon_getmap magic: 0 v1 -- 0x7f765c19a930 con 0x7f765c106dc0
2024-02-19T18:53:22.290 INFO:teuthology.orchestra.run.smithi139.stdout:/usr/bin/ceph: stderr
2024-02-19T18:53:21.499+0000 7f765bfff700 1 --2- >> [v2:172.21.15.139:3300/0,v1:172.21.15.139:6789/0] conn(0x7f765c106dc0 0x7f765c19a3f0 unknown :-1 s=BANNER_CONNECTING pgs=0 cs=0 l=1 rev1=0 crypto rx=0 tx=0 comp rx=0 tx=0)._handle_peer_banner_payload supported=3 required=0
2024-02-19T18:53:22.290 INFO:teuthology.orchestra.run.smithi139.stdout:/usr/bin/ceph: stderr
2024-02-19T18:53:21.499+0000 7f765bfff700 1 --2- >> [v2:172.21.15.139:3300/0,v1:172.21.15.139:6789/0] conn(0x7f765c106dc0 0x7f765c19a3f0 unknown :-1 s=HELLO_CONNECTING pgs=0 cs=0 l=1 rev1=1 crypto rx=0 tx=0 comp rx=0 tx=0).handle_hello peer v2:172.21.15.139:3300/0 says I am v2:172.21.15.139:38396/0 (socket says 172.21.15.139:38396)
2024-02-19T18:53:22.290 INFO:teuthology.orchestra.run.smithi139.stdout:/usr/bin/ceph: stderr
2024-02-19T18:53:21.499+0000 7f765bfff700 1 -- 172.21.15.139:0/1637843077 learned_addr learned my addr 172.21.15.139:0/1637843077 (peer_addr_for_me v2:172.21.15.139:0/0)
2024-02-19T18:53:22.290 INFO:teuthology.orchestra.run.smithi139.stdout:/usr/bin/ceph: stderr
2024-02-19T18:53:21.499+0000 7f765bfff700 1 -- 172.21.15.139:0/1637843077 --> [v2:172.21.15.139:3300/0,v1:172.21.15.139:6789/0] -- mon_subscribe({config=0+,monmap=0+}) v3 -- 0x7f7650009550 con 0x7f765c106dc0
2024-02-19T18:53:22.290 INFO:teuthology.orchestra.run.smithi139.stdout:/usr/bin/ceph: stderr
2024-02-19T18:53:21.499+0000 7f765bfff700 1 --2- 172.21.15.139:0/1637843077 >> [v2:172.21.15.139:3300/0,v1:172.21.15.139:6789/0] conn(0x7f765c106dc0 0x7f765c19a3f0 secure :-1 s=READY pgs=87 cs=0 l=1 rev1=1 crypto rx=0x7f76500117b0 tx=0x7f7650011890 comp rx=0 tx=0).ready entity=mon.0 client_cookie=0 server_cookie=0 in_seq=0 out_seq=0
2024-02-19T18:53:22.290 INFO:teuthology.orchestra.run.smithi139.stdout:/usr/bin/ceph: stderr
2024-02-19T18:53:21.500+0000 7f76597fa700 1 -- 172.21.15.139:0/1637843077 <== mon.0 v2:172.21.15.139:3300/0 1 ==== mon_map magic: 0 v1 ==== 229+0+0 (secure 0 0 0) 0x7f76500038b0 con 0x7f765c106dc0
2024-02-19T18:53:22.290 INFO:teuthology.orchestra.run.smithi139.stdout:/usr/bin/ceph: stderr
2024-02-19T18:53:21.500+0000 7f76597fa700 1 -- 172.21.15.139:0/1637843077 <== mon.0 v2:172.21.15.139:3300/0 2 ==== config(27 keys) v1 ==== 1109+0+0 (secure 0 0 0) 0x7f7650003a10 con 0x7f765c106dc0
2024-02-19T18:53:22.290 INFO:teuthology.orchestra.run.smithi139.stdout:/usr/bin/ceph: stderr
2024-02-19T18:53:21.500+0000 7f7662326700 1 -- 172.21.15.139:0/1637843077 --> [v2:172.21.15.139:3300/0,v1:172.21.15.139:6789/0] -- mon_subscribe({mgrmap=0+}) v3 -- 0x7f765c19ab30 con 0x7f765c106dc0
2024-02-19T18:53:22.290 INFO:teuthology.orchestra.run.smithi139.stdout:/usr/bin/ceph: stderr
2024-02-19T18:53:21.500+0000 7f76597fa700 1 -- 172.21.15.139:0/1637843077 <== mon.0 v2:172.21.15.139:3300/0 3 ==== mon_map magic: 0 v1 ==== 229+0+0 (secure 0 0 0) 0x7f7650024780 con 0x7f765c106dc0
2024-02-19T18:53:22.290 INFO:teuthology.orchestra.run.smithi139.stdout:/usr/bin/ceph: stderr
2024-02-19T18:53:21.500+0000 7f7662326700 1 -- 172.21.15.139:0/1637843077 --> [v2:172.21.15.139:3300/0,v1:172.21.15.139:6789/0] -- mon_subscribe({osdmap=0}) v3 -- 0x7f765c19afd0 con 0x7f765c106dc0
2024-02-19T18:53:22.290 INFO:teuthology.orchestra.run.smithi139.stdout:/usr/bin/ceph: stderr
2024-02-19T18:53:21.501+0000 7f76597fa700 1 -- 172.21.15.139:0/1637843077 <== mon.0 v2:172.21.15.139:3300/0 4 ==== mgrmap(e 12) v1 ==== 45565+0+0 (secure 0 0 0) 0x7f76500248e0 con 0x7f765c106dc0
2024-02-19T18:53:22.290 INFO:teuthology.orchestra.run.smithi139.stdout:/usr/bin/ceph: stderr
2024-02-19T18:53:21.501+0000 7f7662326700 1 -- 172.21.15.139:0/1637843077 --> [v2:172.21.15.139:3300/0,v1:172.21.15.139:6789/0] -- mon_command({"prefix": "get_command_descriptions"} v 0) v1 -- 0x7f765c194160 con 0x7f765c106dc0
2024-02-19T18:53:22.290 INFO:teuthology.orchestra.run.smithi139.stdout:/usr/bin/ceph: stderr
2024-02-19T18:53:21.501+0000 7f76597fa700 1 --2- 172.21.15.139:0/1637843077 >> [v2:172.21.15.139:6800/2159051390,v1:172.21.15.139:6801/2159051390] conn(0x7f76440387c0 0x7f764403ac80 unknown :-1 s=NONE pgs=0 cs=0 l=1 rev1=0 crypto rx=0 tx=0 comp rx=0 tx=0).connect
2024-02-19T18:53:22.291 INFO:teuthology.orchestra.run.smithi139.stdout:/usr/bin/ceph: stderr
2024-02-19T18:53:21.501+0000 7f76597fa700 1 -- 172.21.15.139:0/1637843077 <== mon.0 v2:172.21.15.139:3300/0 5 ==== osd_map(3..3 src has 1..3) v4 ==== 1155+0+0 (secure 0 0 0) 0x7f765004c880 con 0x7f765c106dc0
2024-02-19T18:53:22.291 INFO:teuthology.orchestra.run.smithi139.stdout:/usr/bin/ceph: stderr
2024-02-19T18:53:21.501+0000 7f765b7fe700 1 --2- 172.21.15.139:0/1637843077 >> [v2:172.21.15.139:6800/2159051390,v1:172.21.15.139:6801/2159051390] conn(0x7f76440387c0 0x7f764403ac80 unknown :-1 s=BANNER_CONNECTING pgs=0 cs=0 l=1 rev1=0 crypto rx=0 tx=0 comp rx=0 tx=0)._handle_peer_banner_payload supported=3 required=0
2024-02-19T18:53:22.291 INFO:teuthology.orchestra.run.smithi139.stdout:/usr/bin/ceph: stderr
2024-02-19T18:53:21.501+0000 7f765b7fe700 1 --2- 172.21.15.139:0/1637843077 >> [v2:172.21.15.139:6800/2159051390,v1:172.21.15.139:6801/2159051390] conn(0x7f76440387c0 0x7f764403ac80 secure :-1 s=READY pgs=9 cs=0 l=1 rev1=1 crypto rx=0x7f764c006fd0 tx=0x7f764c006e40 comp rx=0 tx=0).ready entity=mgr.14164 client_cookie=0 server_cookie=0 in_seq=0 out_seq=0
2024-02-19T18:53:22.291 INFO:teuthology.orchestra.run.smithi139.stdout:/usr/bin/ceph: stderr
2024-02-19T18:53:21.506+0000 7f76597fa700 1 -- 172.21.15.139:0/1637843077 <== mon.0 v2:172.21.15.139:3300/0 6 ==== mon_command_ack([{"prefix": "get_command_descriptions"}]=0 v0) v1 ==== 72+0+182595 (secure 0 0 0) 0x7f7650024b90 con 0x7f765c106dc0
2024-02-19T18:53:22.291 INFO:teuthology.orchestra.run.smithi139.stdout:/usr/bin/ceph: stderr
2024-02-19T18:53:21.704+0000 7f7662326700 1 -- 172.21.15.139:0/1637843077 --> [v2:172.21.15.139:3300/0,v1:172.21.15.139:6789/0] -- mon_command({"prefix": "config get", "who": "mgr", "key": "mgr/dashboard/ssl_server_port"} v 0) v1 -- 0x7f765c02cf20 con 0x7f765c106dc0
2024-02-19T18:53:22.291 INFO:teuthology.orchestra.run.smithi139.stdout:/usr/bin/ceph: stderr
2024-02-19T18:53:21.705+0000 7f76597fa700 1 -- 172.21.15.139:0/1637843077 <== mon.0 v2:172.21.15.139:3300/0 7 ==== mon_command_ack([{"prefix": "config get", "who": "mgr", "key": "mgr/dashboard/ssl_server_port"}]=0 v8) v1 ==== 112+0+5 (secure 0 0 0) 0x7f7650018350 con 0x7f765c106dc0
2024-02-19T18:53:22.291 INFO:teuthology.orchestra.run.smithi139.stdout:/usr/bin/ceph: stderr
2024-02-19T18:53:21.707+0000 7f7662326700 1 -- 172.21.15.139:0/1637843077 >> [v2:172.21.15.139:6800/2159051390,v1:172.21.15.139:6801/2159051390] conn(0x7f76440387c0 msgr2=0x7f764403ac80 secure :-1 s=STATE_CONNECTION_ESTABLISHED l=1).mark_down
2024-02-19T18:53:22.291 INFO:teuthology.orchestra.run.smithi139.stdout:/usr/bin/ceph: stderr
2024-02-19T18:53:21.707+0000 7f7662326700 1 --2- 172.21.15.139:0/1637843077 >> [v2:172.21.15.139:6800/2159051390,v1:172.21.15.139:6801/2159051390] conn(0x7f76440387c0 0x7f764403ac80 secure :-1 s=READY pgs=9 cs=0 l=1 rev1=1 crypto rx=0x7f764c006fd0 tx=0x7f764c006e40 comp rx=0 tx=0).stop
2024-02-19T18:53:22.291 INFO:teuthology.orchestra.run.smithi139.stdout:/usr/bin/ceph: stderr
2024-02-19T18:53:21.707+0000 7f7662326700 1 -- 172.21.15.139:0/1637843077 >> [v2:172.21.15.139:3300/0,v1:172.21.15.139:6789/0] conn(0x7f765c106dc0 msgr2=0x7f765c19a3f0 secure :-1 s=STATE_CONNECTION_ESTABLISHED l=1).mark_down
2024-02-19T18:53:22.291 INFO:teuthology.orchestra.run.smithi139.stdout:/usr/bin/ceph: stderr
2024-02-19T18:53:21.707+0000 7f7662326700 1 --2- 172.21.15.139:0/1637843077 >> [v2:172.21.15.139:3300/0,v1:172.21.15.139:6789/0] conn(0x7f765c106dc0 0x7f765c19a3f0 secure :-1 s=READY pgs=87 cs=0 l=1 rev1=1 crypto rx=0x7f76500117b0 tx=0x7f7650011890 comp rx=0 tx=0).stop
2024-02-19T18:53:22.291 INFO:teuthology.orchestra.run.smithi139.stdout:/usr/bin/ceph: stderr
2024-02-19T18:53:21.707+0000 7f7662326700 1 -- 172.21.15.139:0/1637843077 shutdown_connections
2024-02-19T18:53:22.291 INFO:teuthology.orchestra.run.smithi139.stdout:/usr/bin/ceph: stderr
2024-02-19T18:53:21.707+0000 7f7662326700 1 --2- 172.21.15.139:0/1637843077 >> [v2:172.21.15.139:6800/2159051390,v1:172.21.15.139:6801/2159051390] conn(0x7f76440387c0 0x7f764403ac80 unknown :-1 s=CLOSED pgs=9 cs=0 l=1 rev1=1 crypto rx=0 tx=0 comp rx=0 tx=0).stop
2024-02-19T18:53:22.291 INFO:teuthology.orchestra.run.smithi139.stdout:/usr/bin/ceph: stderr
2024-02-19T18:53:21.707+0000 7f7662326700 1 --2- 172.21.15.139:0/1637843077 >> [v2:172.21.15.139:3300/0,v1:172.21.15.139:6789/0] conn(0x7f765c106dc0 0x7f765c19a3f0 unknown :-1 s=CLOSED pgs=87 cs=0 l=1 rev1=1 crypto rx=0 tx=0 comp rx=0 tx=0).stop
2024-02-19T18:53:22.291 INFO:teuthology.orchestra.run.smithi139.stdout:/usr/bin/ceph: stderr
2024-02-19T18:53:21.707+0000 7f7662326700 1 -- 172.21.15.139:0/1637843077 >> 172.21.15.139:0/1637843077 conn(0x7f765c1007b0 msgr2=0x7f765c101640 unknown :-1 s=STATE_NONE l=0).mark_down
2024-02-19T18:53:22.291 INFO:teuthology.orchestra.run.smithi139.stdout:/usr/bin/ceph: stderr
2024-02-19T18:53:21.707+0000 7f7662326700 1 -- 172.21.15.139:0/1637843077 shutdown_connections
2024-02-19T18:53:22.292 INFO:teuthology.orchestra.run.smithi139.stdout:/usr/bin/ceph: stderr
2024-02-19T18:53:21.707+0000 7f7662326700 1 -- 172.21.15.139:0/1637843077 wait complete.
2024-02-19T18:53:22.295 INFO:teuthology.orchestra.run.smithi139.stdout:Non-zero exit code 1 from systemctl is-enabled firewalld.service
2024-02-19T18:53:22.295 INFO:teuthology.orchestra.run.smithi139.stdout:systemctl: stdout disabled
2024-02-19T18:53:22.302 INFO:teuthology.orchestra.run.smithi139.stdout:Non-zero exit code 3 from systemctl is-active firewalld.service
2024-02-19T18:53:22.302 INFO:teuthology.orchestra.run.smithi139.stdout:systemctl: stdout inactive
2024-02-19T18:53:22.302 INFO:teuthology.orchestra.run.smithi139.stdout:firewalld.service is not enabled
2024-02-19T18:53:22.302 INFO:teuthology.orchestra.run.smithi139.stdout:Not possible to open ports <[8443]>. firewalld.service is not available
2024-02-19T18:53:22.304 INFO:teuthology.orchestra.run.smithi139.stdout:Ceph Dashboard is now available at:
2024-02-19T18:53:22.304 INFO:teuthology.orchestra.run.smithi139.stdout:
2024-02-19T18:53:22.304 INFO:teuthology.orchestra.run.smithi139.stdout: URL: https://smithi139.front.sepia.ceph.com:8443/
2024-02-19T18:53:22.304 INFO:teuthology.orchestra.run.smithi139.stdout: User: admin
2024-02-19T18:53:22.304 INFO:teuthology.orchestra.run.smithi139.stdout: Password: c69lckj3p9
2024-02-19T18:53:22.304 INFO:teuthology.orchestra.run.smithi139.stdout:
2024-02-19T18:53:22.305 INFO:teuthology.orchestra.run.smithi139.stdout:Saving cluster configuration to /var/lib/ceph/d7b2fdce-cf57-11ee-95bb-87774f69a715/config directory
2024-02-19T18:53:22.305 INFO:teuthology.orchestra.run.smithi139.stdout:Enabling autotune for osd_memory_target
2024-02-19T18:53:23.141 INFO:journalctl@ceph.mon.smithi139.smithi139.stdout:Feb 19 18:53:22 smithi139 ceph-mon[29340]: mgrmap e13: smithi139.crreww(active, since 6s)
2024-02-19T18:53:23.577 INFO:teuthology.orchestra.run.smithi139.stdout:/usr/bin/ceph: stderr
2024-02-19T18:53:22.768+0000 7ffb7f83e700 1 Processor -- start
2024-02-19T18:53:23.577 INFO:teuthology.orchestra.run.smithi139.stdout:/usr/bin/ceph: stderr
2024-02-19T18:53:22.768+0000 7ffb7f83e700 1 -- start start
2024-02-19T18:53:23.577 INFO:teuthology.orchestra.run.smithi139.stdout:/usr/bin/ceph: stderr
2024-02-19T18:53:22.768+0000 7ffb7f83e700 1 --2- >> [v2:172.21.15.139:3300/0,v1:172.21.15.139:6789/0] conn(0x7ffb78104600 0x7ffb78104a20 unknown :-1 s=NONE pgs=0 cs=0 l=0 rev1=0 crypto rx=0 tx=0 comp rx=0 tx=0).connect
2024-02-19T18:53:23.577 INFO:teuthology.orchestra.run.smithi139.stdout:/usr/bin/ceph: stderr
2024-02-19T18:53:22.768+0000 7ffb7f83e700 1 -- --> [v2:172.21.15.139:3300/0,v1:172.21.15.139:6789/0] -- mon_getmap magic: 0 v1 -- 0x7ffb78104ff0 con 0x7ffb78104600
2024-02-19T18:53:23.578 INFO:teuthology.orchestra.run.smithi139.stdout:/usr/bin/ceph: stderr
2024-02-19T18:53:22.769+0000 7ffb7d5da700 1 --2- >> [v2:172.21.15.139:3300/0,v1:172.21.15.139:6789/0] conn(0x7ffb78104600 0x7ffb78104a20 unknown :-1 s=BANNER_CONNECTING pgs=0 cs=0 l=0 rev1=0 crypto rx=0 tx=0 comp rx=0 tx=0)._handle_peer_banner_payload supported=3 required=0
2024-02-19T18:53:23.578 INFO:teuthology.orchestra.run.smithi139.stdout:/usr/bin/ceph: stderr
2024-02-19T18:53:22.769+0000 7ffb7d5da700 1 --2- >> [v2:172.21.15.139:3300/0,v1:172.21.15.139:6789/0] conn(0x7ffb78104600 0x7ffb78104a20 unknown :-1 s=HELLO_CONNECTING pgs=0 cs=0 l=0 rev1=1 crypto rx=0 tx=0 comp rx=0 tx=0).handle_hello peer v2:172.21.15.139:3300/0 says I am v2:172.21.15.139:38408/0 (socket says 172.21.15.139:38408)
2024-02-19T18:53:23.578 INFO:teuthology.orchestra.run.smithi139.stdout:/usr/bin/ceph: stderr
2024-02-19T18:53:22.769+0000 7ffb7d5da700 1 -- 172.21.15.139:0/1277641747 learned_addr learned my addr 172.21.15.139:0/1277641747 (peer_addr_for_me v2:172.21.15.139:0/0)
2024-02-19T18:53:23.578 INFO:teuthology.orchestra.run.smithi139.stdout:/usr/bin/ceph: stderr
2024-02-19T18:53:22.769+0000 7ffb7d5da700 1 -- 172.21.15.139:0/1277641747 --> [v2:172.21.15.139:3300/0,v1:172.21.15.139:6789/0] -- mon_subscribe({config=0+,monmap=0+}) v3 -- 0x7ffb78105130 con 0x7ffb78104600
2024-02-19T18:53:23.578 INFO:teuthology.orchestra.run.smithi139.stdout:/usr/bin/ceph: stderr
2024-02-19T18:53:22.769+0000 7ffb7d5da700 1 --2- 172.21.15.139:0/1277641747 >> [v2:172.21.15.139:3300/0,v1:172.21.15.139:6789/0] conn(0x7ffb78104600 0x7ffb78104a20 secure :-1 s=READY pgs=88 cs=0 l=1 rev1=1 crypto rx=0x7ffb68009e80 tx=0x7ffb6800b330 comp rx=0 tx=0).ready entity=mon.0 client_cookie=d3628dc1890a67c0 server_cookie=0 in_seq=0 out_seq=0
2024-02-19T18:53:23.578 INFO:teuthology.orchestra.run.smithi139.stdout:/usr/bin/ceph: stderr
2024-02-19T18:53:22.769+0000 7ffb77fff700 1 -- 172.21.15.139:0/1277641747 <== mon.0 v2:172.21.15.139:3300/0 1 ==== mon_map magic: 0 v1 ==== 229+0+0 (secure 0 0 0) 0x7ffb6800e070 con 0x7ffb78104600
2024-02-19T18:53:23.578 INFO:teuthology.orchestra.run.smithi139.stdout:/usr/bin/ceph: stderr
2024-02-19T18:53:22.769+0000 7ffb77fff700 1 -- 172.21.15.139:0/1277641747 <== mon.0 v2:172.21.15.139:3300/0 2 ==== config(27 keys) v1 ==== 1109+0+0 (secure 0 0 0) 0x7ffb6800b8c0 con 0x7ffb78104600
2024-02-19T18:53:23.578 INFO:teuthology.orchestra.run.smithi139.stdout:/usr/bin/ceph: stderr
2024-02-19T18:53:22.769+0000 7ffb77fff700 1 -- 172.21.15.139:0/1277641747 <== mon.0 v2:172.21.15.139:3300/0 3 ==== mon_map magic: 0 v1 ==== 229+0+0 (secure 0 0 0) 0x7ffb680044d0 con 0x7ffb78104600
2024-02-19T18:53:23.578 INFO:teuthology.orchestra.run.smithi139.stdout:/usr/bin/ceph: stderr
2024-02-19T18:53:22.770+0000 7ffb7f83e700 1 -- 172.21.15.139:0/1277641747 >> [v2:172.21.15.139:3300/0,v1:172.21.15.139:6789/0] conn(0x7ffb78104600 msgr2=0x7ffb78104a20 secure :-1 s=STATE_CONNECTION_ESTABLISHED l=1).mark_down
2024-02-19T18:53:23.578 INFO:teuthology.orchestra.run.smithi139.stdout:/usr/bin/ceph: stderr
2024-02-19T18:53:22.770+0000 7ffb7f83e700 1 --2- 172.21.15.139:0/1277641747 >> [v2:172.21.15.139:3300/0,v1:172.21.15.139:6789/0] conn(0x7ffb78104600 0x7ffb78104a20 secure :-1 s=READY pgs=88 cs=0 l=1 rev1=1 crypto rx=0x7ffb68009e80 tx=0x7ffb6800b330 comp rx=0 tx=0).stop
2024-02-19T18:53:23.578 INFO:teuthology.orchestra.run.smithi139.stdout:/usr/bin/ceph: stderr
2024-02-19T18:53:22.770+0000 7ffb7f83e700 1 -- 172.21.15.139:0/1277641747 shutdown_connections
2024-02-19T18:53:23.578 INFO:teuthology.orchestra.run.smithi139.stdout:/usr/bin/ceph: stderr
2024-02-19T18:53:22.770+0000 7ffb7f83e700 1 --2- 172.21.15.139:0/1277641747 >> [v2:172.21.15.139:3300/0,v1:172.21.15.139:6789/0] conn(0x7ffb78104600 0x7ffb78104a20 unknown :-1 s=CLOSED pgs=88 cs=0 l=1 rev1=1 crypto rx=0 tx=0 comp rx=0 tx=0).stop
2024-02-19T18:53:23.578 INFO:teuthology.orchestra.run.smithi139.stdout:/usr/bin/ceph: stderr
2024-02-19T18:53:22.770+0000 7ffb7f83e700 1 -- 172.21.15.139:0/1277641747 >> 172.21.15.139:0/1277641747 conn(0x7ffb780fff30 msgr2=0x7ffb78102370 unknown :-1 s=STATE_NONE l=0).mark_down
2024-02-19T18:53:23.578 INFO:teuthology.orchestra.run.smithi139.stdout:/usr/bin/ceph: stderr
2024-02-19T18:53:22.770+0000 7ffb7f83e700 1 -- 172.21.15.139:0/1277641747 shutdown_connections
2024-02-19T18:53:23.578 INFO:teuthology.orchestra.run.smithi139.stdout:/usr/bin/ceph: stderr
2024-02-19T18:53:22.770+0000 7ffb7f83e700 1 -- 172.21.15.139:0/1277641747 wait complete.
2024-02-19T18:53:23.579 INFO:teuthology.orchestra.run.smithi139.stdout:/usr/bin/ceph: stderr
2024-02-19T18:53:22.771+0000 7ffb7f83e700 1 Processor -- start
2024-02-19T18:53:23.579 INFO:teuthology.orchestra.run.smithi139.stdout:/usr/bin/ceph: stderr
2024-02-19T18:53:22.771+0000 7ffb7f83e700 1 -- start start
2024-02-19T18:53:23.579 INFO:teuthology.orchestra.run.smithi139.stdout:/usr/bin/ceph: stderr
2024-02-19T18:53:22.771+0000 7ffb7f83e700 1 --2- >> [v2:172.21.15.139:3300/0,v1:172.21.15.139:6789/0] conn(0x7ffb78104600 0x7ffb78106e60 unknown :-1 s=NONE pgs=0 cs=0 l=1 rev1=0 crypto rx=0 tx=0 comp rx=0 tx=0).connect
2024-02-19T18:53:23.579 INFO:teuthology.orchestra.run.smithi139.stdout:/usr/bin/ceph: stderr
2024-02-19T18:53:22.771+0000 7ffb7f83e700 1 -- --> [v2:172.21.15.139:3300/0,v1:172.21.15.139:6789/0] -- mon_getmap magic: 0 v1 -- 0x7ffb781073a0 con 0x7ffb78104600
2024-02-19T18:53:23.579 INFO:teuthology.orchestra.run.smithi139.stdout:/usr/bin/ceph: stderr
2024-02-19T18:53:22.771+0000 7ffb7d5da700 1 --2- >> [v2:172.21.15.139:3300/0,v1:172.21.15.139:6789/0] conn(0x7ffb78104600 0x7ffb78106e60 unknown :-1 s=BANNER_CONNECTING pgs=0 cs=0 l=1 rev1=0 crypto rx=0 tx=0 comp rx=0 tx=0)._handle_peer_banner_payload supported=3 required=0
2024-02-19T18:53:23.579 INFO:teuthology.orchestra.run.smithi139.stdout:/usr/bin/ceph: stderr
2024-02-19T18:53:22.771+0000 7ffb7d5da700 1 --2- >> [v2:172.21.15.139:3300/0,v1:172.21.15.139:6789/0] conn(0x7ffb78104600 0x7ffb78106e60 unknown :-1 s=HELLO_CONNECTING pgs=0 cs=0 l=1 rev1=1 crypto rx=0 tx=0 comp rx=0 tx=0).handle_hello peer v2:172.21.15.139:3300/0 says I am v2:172.21.15.139:38414/0 (socket says 172.21.15.139:38414)
2024-02-19T18:53:23.579 INFO:teuthology.orchestra.run.smithi139.stdout:/usr/bin/ceph: stderr
2024-02-19T18:53:22.771+0000 7ffb7d5da700 1 -- 172.21.15.139:0/3489541022 learned_addr learned my addr 172.21.15.139:0/3489541022 (peer_addr_for_me v2:172.21.15.139:0/0)
2024-02-19T18:53:23.579 INFO:teuthology.orchestra.run.smithi139.stdout:/usr/bin/ceph: stderr
2024-02-19T18:53:22.771+0000 7ffb7d5da700 1 -- 172.21.15.139:0/3489541022 --> [v2:172.21.15.139:3300/0,v1:172.21.15.139:6789/0] -- mon_subscribe({config=0+,monmap=0+}) v3 -- 0x7ffb68009b30 con 0x7ffb78104600
2024-02-19T18:53:23.579 INFO:teuthology.orchestra.run.smithi139.stdout:/usr/bin/ceph: stderr
2024-02-19T18:53:22.771+0000 7ffb7d5da700 1 --2- 172.21.15.139:0/3489541022 >> [v2:172.21.15.139:3300/0,v1:172.21.15.139:6789/0] conn(0x7ffb78104600 0x7ffb78106e60 secure :-1 s=READY pgs=89 cs=0 l=1 rev1=1 crypto rx=0x7ffb68000f80 tx=0x7ffb6800bd10 comp rx=0 tx=0).ready entity=mon.0 client_cookie=0 server_cookie=0 in_seq=0 out_seq=0
2024-02-19T18:53:23.579 INFO:teuthology.orchestra.run.smithi139.stdout:/usr/bin/ceph: stderr
2024-02-19T18:53:22.771+0000 7ffb767fc700 1 -- 172.21.15.139:0/3489541022 <== mon.0 v2:172.21.15.139:3300/0 1 ==== mon_map magic: 0 v1 ==== 229+0+0 (secure 0 0 0) 0x7ffb6800e040 con 0x7ffb78104600
2024-02-19T18:53:23.579 INFO:teuthology.orchestra.run.smithi139.stdout:/usr/bin/ceph: stderr
2024-02-19T18:53:22.772+0000 7ffb767fc700 1 -- 172.21.15.139:0/3489541022 <== mon.0 v2:172.21.15.139:3300/0 2 ==== config(27 keys) v1 ==== 1109+0+0 (secure 0 0 0) 0x7ffb68003c30 con 0x7ffb78104600
2024-02-19T18:53:23.579 INFO:teuthology.orchestra.run.smithi139.stdout:/usr/bin/ceph: stderr
2024-02-19T18:53:22.772+0000 7ffb767fc700 1 -- 172.21.15.139:0/3489541022 <== mon.0 v2:172.21.15.139:3300/0 3 ==== mon_map magic: 0 v1 ==== 229+0+0 (secure 0 0 0) 0x7ffb68012670 con 0x7ffb78104600
2024-02-19T18:53:23.579 INFO:teuthology.orchestra.run.smithi139.stdout:/usr/bin/ceph: stderr
2024-02-19T18:53:22.772+0000 7ffb7f83e700 1 -- 172.21.15.139:0/3489541022 --> [v2:172.21.15.139:3300/0,v1:172.21.15.139:6789/0] -- mon_subscribe({mgrmap=0+}) v3 -- 0x7ffb781055e0 con 0x7ffb78104600
2024-02-19T18:53:23.579 INFO:teuthology.orchestra.run.smithi139.stdout:/usr/bin/ceph: stderr
2024-02-19T18:53:22.772+0000 7ffb7f83e700 1 -- 172.21.15.139:0/3489541022 --> [v2:172.21.15.139:3300/0,v1:172.21.15.139:6789/0] -- mon_subscribe({osdmap=0}) v3 -- 0x7ffb78105ae0 con 0x7ffb78104600
2024-02-19T18:53:23.579 INFO:teuthology.orchestra.run.smithi139.stdout:/usr/bin/ceph: stderr
2024-02-19T18:53:22.772+0000 7ffb767fc700 1 -- 172.21.15.139:0/3489541022 <== mon.0 v2:172.21.15.139:3300/0 4 ==== mgrmap(e 13) v1 ==== 45609+0+0 (secure 0 0 0) 0x7ffb68019040 con 0x7ffb78104600
2024-02-19T18:53:23.579 INFO:teuthology.orchestra.run.smithi139.stdout:/usr/bin/ceph: stderr
2024-02-19T18:53:22.773+0000 7ffb767fc700 1 --2- 172.21.15.139:0/3489541022 >> [v2:172.21.15.139:6800/2159051390,v1:172.21.15.139:6801/2159051390] conn(0x7ffb60038810 0x7ffb6003acd0 unknown :-1 s=NONE pgs=0 cs=0 l=1 rev1=0 crypto rx=0 tx=0 comp rx=0 tx=0).connect
2024-02-19T18:53:23.580 INFO:teuthology.orchestra.run.smithi139.stdout:/usr/bin/ceph: stderr
2024-02-19T18:53:22.773+0000 7ffb767fc700 1 -- 172.21.15.139:0/3489541022 <== mon.0 v2:172.21.15.139:3300/0 5 ==== osd_map(3..3 src has 1..3) v4 ==== 1155+0+0 (secure 0 0 0) 0x7ffb6804c2c0 con 0x7ffb78104600
2024-02-19T18:53:23.580 INFO:teuthology.orchestra.run.smithi139.stdout:/usr/bin/ceph: stderr
2024-02-19T18:53:22.773+0000 7ffb7f83e700 1 -- 172.21.15.139:0/3489541022 --> [v2:172.21.15.139:3300/0,v1:172.21.15.139:6789/0] -- mon_command({"prefix": "get_command_descriptions"} v 0) v1 -- 0x7ffb780623a0 con 0x7ffb78104600
2024-02-19T18:53:23.580 INFO:teuthology.orchestra.run.smithi139.stdout:/usr/bin/ceph: stderr
2024-02-19T18:53:22.773+0000 7ffb7cdd9700 1 --2- 172.21.15.139:0/3489541022 >> [v2:172.21.15.139:6800/2159051390,v1:172.21.15.139:6801/2159051390] conn(0x7ffb60038810 0x7ffb6003acd0 unknown :-1 s=BANNER_CONNECTING pgs=0 cs=0 l=1 rev1=0 crypto rx=0 tx=0 comp rx=0 tx=0)._handle_peer_banner_payload supported=3 required=0
2024-02-19T18:53:23.580 INFO:teuthology.orchestra.run.smithi139.stdout:/usr/bin/ceph: stderr
2024-02-19T18:53:22.773+0000 7ffb7cdd9700 1 --2- 172.21.15.139:0/3489541022 >> [v2:172.21.15.139:6800/2159051390,v1:172.21.15.139:6801/2159051390] conn(0x7ffb60038810 0x7ffb6003acd0 secure :-1 s=READY pgs=10 cs=0 l=1 rev1=1 crypto rx=0x7ffb6c006fd0 tx=0x7ffb6c006e40 comp rx=0 tx=0).ready entity=mgr.14164 client_cookie=0 server_cookie=0 in_seq=0 out_seq=0
2024-02-19T18:53:23.580 INFO:teuthology.orchestra.run.smithi139.stdout:/usr/bin/ceph: stderr
2024-02-19T18:53:22.778+0000 7ffb767fc700 1 -- 172.21.15.139:0/3489541022 <== mon.0 v2:172.21.15.139:3300/0 6 ==== mon_command_ack([{"prefix": "get_command_descriptions"}]=0 v0) v1 ==== 72+0+182595 (secure 0 0 0) 0x7ffb6801f080 con 0x7ffb78104600
2024-02-19T18:53:23.580 INFO:teuthology.orchestra.run.smithi139.stdout:/usr/bin/ceph: stderr
2024-02-19T18:53:22.970+0000 7ffb7f83e700 1 -- 172.21.15.139:0/3489541022 --> [v2:172.21.15.139:3300/0,v1:172.21.15.139:6789/0] -- mon_command([{prefix=config set, name=osd_memory_target_autotune}] v 0) v1 -- 0x7ffb781061b0 con 0x7ffb78104600
2024-02-19T18:53:23.580 INFO:teuthology.orchestra.run.smithi139.stdout:/usr/bin/ceph: stderr
2024-02-19T18:53:22.971+0000 7ffb767fc700 1 -- 172.21.15.139:0/3489541022 <== mon.0 v2:172.21.15.139:3300/0 7 ==== mon_command_ack([{prefix=config set, name=osd_memory_target_autotune}]=0 v8)=0 v8) v1 ==== 127+0+0 (secure 0 0 0) 0x7ffb68011750 con 0x7ffb78104600
2024-02-19T18:53:23.580 INFO:teuthology.orchestra.run.smithi139.stdout:/usr/bin/ceph: stderr
2024-02-19T18:53:22.973+0000 7ffb7f83e700 1 -- 172.21.15.139:0/3489541022 >> [v2:172.21.15.139:6800/2159051390,v1:172.21.15.139:6801/2159051390] conn(0x7ffb60038810 msgr2=0x7ffb6003acd0 secure :-1 s=STATE_CONNECTION_ESTABLISHED l=1).mark_down
2024-02-19T18:53:23.580 INFO:teuthology.orchestra.run.smithi139.stdout:/usr/bin/ceph: stderr
2024-02-19T18:53:22.973+0000 7ffb7f83e700 1 --2- 172.21.15.139:0/3489541022 >> [v2:172.21.15.139:6800/2159051390,v1:172.21.15.139:6801/2159051390] conn(0x7ffb60038810 0x7ffb6003acd0 secure :-1 s=READY pgs=10 cs=0 l=1 rev1=1 crypto rx=0x7ffb6c006fd0 tx=0x7ffb6c006e40 comp rx=0 tx=0).stop
2024-02-19T18:53:23.580 INFO:teuthology.orchestra.run.smithi139.stdout:/usr/bin/ceph: stderr
2024-02-19T18:53:22.973+0000 7ffb7f83e700 1 -- 172.21.15.139:0/3489541022 >> [v2:172.21.15.139:3300/0,v1:172.21.15.139:6789/0] conn(0x7ffb78104600 msgr2=0x7ffb78106e60 secure :-1 s=STATE_CONNECTION_ESTABLISHED l=1).mark_down
2024-02-19T18:53:23.580 INFO:teuthology.orchestra.run.smithi139.stdout:/usr/bin/ceph: stderr
2024-02-19T18:53:22.973+0000 7ffb7f83e700 1 --2- 172.21.15.139:0/3489541022 >> [v2:172.21.15.139:3300/0,v1:172.21.15.139:6789/0] conn(0x7ffb78104600 0x7ffb78106e60 secure :-1 s=READY pgs=89 cs=0 l=1 rev1=1 crypto rx=0x7ffb68000f80 tx=0x7ffb6800bd10 comp rx=0 tx=0).stop
2024-02-19T18:53:23.580 INFO:teuthology.orchestra.run.smithi139.stdout:/usr/bin/ceph: stderr
2024-02-19T18:53:22.973+0000 7ffb7f83e700 1 -- 172.21.15.139:0/3489541022 shutdown_connections
2024-02-19T18:53:23.581 INFO:teuthology.orchestra.run.smithi139.stdout:/usr/bin/ceph: stderr
2024-02-19T18:53:22.973+0000 7ffb7f83e700 1 --2- 172.21.15.139:0/3489541022 >> [v2:172.21.15.139:6800/2159051390,v1:172.21.15.139:6801/2159051390] conn(0x7ffb60038810 0x7ffb6003acd0 unknown :-1 s=CLOSED pgs=10 cs=0 l=1 rev1=1 crypto rx=0 tx=0 comp rx=0 tx=0).stop
2024-02-19T18:53:23.581 INFO:teuthology.orchestra.run.smithi139.stdout:/usr/bin/ceph: stderr
2024-02-19T18:53:22.973+0000 7ffb7f83e700 1 --2- 172.21.15.139:0/3489541022 >> [v2:172.21.15.139:3300/0,v1:172.21.15.139:6789/0] conn(0x7ffb78104600 0x7ffb78106e60 unknown :-1 s=CLOSED pgs=89 cs=0 l=1 rev1=1 crypto rx=0 tx=0 comp rx=0 tx=0).stop
2024-02-19T18:53:23.581 INFO:teuthology.orchestra.run.smithi139.stdout:/usr/bin/ceph: stderr
2024-02-19T18:53:22.973+0000 7ffb7f83e700 1 -- 172.21.15.139:0/3489541022 >> 172.21.15.139:0/3489541022 conn(0x7ffb780fff30 msgr2=0x7ffb78100ad0 unknown :-1 s=STATE_NONE l=0).mark_down
2024-02-19T18:53:23.581 INFO:teuthology.orchestra.run.smithi139.stdout:/usr/bin/ceph: stderr
2024-02-19T18:53:22.973+0000 7ffb7f83e700 1 -- 172.21.15.139:0/3489541022 shutdown_connections
2024-02-19T18:53:23.581 INFO:teuthology.orchestra.run.smithi139.stdout:/usr/bin/ceph: stderr
2024-02-19T18:53:22.973+0000 7ffb7f83e700 1 -- 172.21.15.139:0/3489541022 wait complete.
2024-02-19T18:53:24.909 INFO:teuthology.orchestra.run.smithi139.stdout:/usr/bin/ceph: stderr
2024-02-19T18:53:24.008+0000 7f6eca825700 1 Processor -- start
2024-02-19T18:53:24.910 INFO:teuthology.orchestra.run.smithi139.stdout:/usr/bin/ceph: stderr
2024-02-19T18:53:24.008+0000 7f6eca825700 1 -- start start
2024-02-19T18:53:24.910 INFO:teuthology.orchestra.run.smithi139.stdout:/usr/bin/ceph: stderr
2024-02-19T18:53:24.008+0000 7f6eca825700 1 --2- >> [v2:172.21.15.139:3300/0,v1:172.21.15.139:6789/0] conn(0x7f6ec4106800 0x7f6ec4106c20 unknown :-1 s=NONE pgs=0 cs=0 l=0 rev1=0 crypto rx=0 tx=0 comp rx=0 tx=0).connect
2024-02-19T18:53:24.910 INFO:teuthology.orchestra.run.smithi139.stdout:/usr/bin/ceph: stderr
2024-02-19T18:53:24.008+0000 7f6eca825700 1 -- --> [v2:172.21.15.139:3300/0,v1:172.21.15.139:6789/0] -- mon_getmap magic: 0 v1 -- 0x7f6ec41071f0 con 0x7f6ec4106800
2024-02-19T18:53:24.910 INFO:teuthology.orchestra.run.smithi139.stdout:/usr/bin/ceph: stderr
2024-02-19T18:53:24.008+0000 7f6ec3fff700 1 --2- >> [v2:172.21.15.139:3300/0,v1:172.21.15.139:6789/0] conn(0x7f6ec4106800 0x7f6ec4106c20 unknown :-1 s=BANNER_CONNECTING pgs=0 cs=0 l=0 rev1=0 crypto rx=0 tx=0 comp rx=0 tx=0)._handle_peer_banner_payload supported=3 required=0
2024-02-19T18:53:24.910 INFO:teuthology.orchestra.run.smithi139.stdout:/usr/bin/ceph: stderr
2024-02-19T18:53:24.008+0000 7f6ec3fff700 1 --2- >> [v2:172.21.15.139:3300/0,v1:172.21.15.139:6789/0] conn(0x7f6ec4106800 0x7f6ec4106c20 unknown :-1 s=HELLO_CONNECTING pgs=0 cs=0 l=0 rev1=1 crypto rx=0 tx=0 comp rx=0 tx=0).handle_hello peer v2:172.21.15.139:3300/0 says I am v2:172.21.15.139:38430/0 (socket says 172.21.15.139:38430)
2024-02-19T18:53:24.910 INFO:teuthology.orchestra.run.smithi139.stdout:/usr/bin/ceph: stderr
2024-02-19T18:53:24.008+0000 7f6ec3fff700 1 -- 172.21.15.139:0/1393463177 learned_addr learned my addr 172.21.15.139:0/1393463177 (peer_addr_for_me v2:172.21.15.139:0/0)
2024-02-19T18:53:24.910 INFO:teuthology.orchestra.run.smithi139.stdout:/usr/bin/ceph: stderr
2024-02-19T18:53:24.009+0000 7f6ec3fff700 1 -- 172.21.15.139:0/1393463177 --> [v2:172.21.15.139:3300/0,v1:172.21.15.139:6789/0] -- mon_subscribe({config=0+,monmap=0+}) v3 -- 0x7f6ec4105410 con 0x7f6ec4106800
2024-02-19T18:53:24.910 INFO:teuthology.orchestra.run.smithi139.stdout:/usr/bin/ceph: stderr
2024-02-19T18:53:24.009+0000 7f6ec3fff700 1 --2- 172.21.15.139:0/1393463177 >> [v2:172.21.15.139:3300/0,v1:172.21.15.139:6789/0] conn(0x7f6ec4106800 0x7f6ec4106c20 secure :-1 s=READY pgs=90 cs=0 l=1 rev1=1 crypto rx=0x7f6eb40098a0 tx=0x7f6eb4009bb0 comp rx=0 tx=0).ready entity=mon.0 client_cookie=13a75307cddb6e20 server_cookie=0 in_seq=0 out_seq=0
2024-02-19T18:53:24.910 INFO:teuthology.orchestra.run.smithi139.stdout:/usr/bin/ceph: stderr
2024-02-19T18:53:24.009+0000 7f6ec2ffd700 1 -- 172.21.15.139:0/1393463177 <== mon.0 v2:172.21.15.139:3300/0 1 ==== mon_map magic: 0 v1 ==== 229+0+0 (secure 0 0 0) 0x7f6eb4004180 con 0x7f6ec4106800
2024-02-19T18:53:24.910 INFO:teuthology.orchestra.run.smithi139.stdout:/usr/bin/ceph: stderr
2024-02-19T18:53:24.009+0000 7f6ec2ffd700 1 -- 172.21.15.139:0/1393463177 <== mon.0 v2:172.21.15.139:3300/0 2 ==== config(27 keys) v1 ==== 1109+0+0 (secure 0 0 0) 0x7f6eb40042e0 con 0x7f6ec4106800
2024-02-19T18:53:24.910 INFO:teuthology.orchestra.run.smithi139.stdout:/usr/bin/ceph: stderr
2024-02-19T18:53:24.009+0000 7f6ec2ffd700 1 -- 172.21.15.139:0/1393463177 <== mon.0 v2:172.21.15.139:3300/0 3 ==== mon_map magic: 0 v1 ==== 229+0+0 (secure 0 0 0) 0x7f6eb4011b10 con 0x7f6ec4106800
2024-02-19T18:53:24.910 INFO:teuthology.orchestra.run.smithi139.stdout:/usr/bin/ceph: stderr
2024-02-19T18:53:24.010+0000 7f6eca825700 1 -- 172.21.15.139:0/1393463177 >> [v2:172.21.15.139:3300/0,v1:172.21.15.139:6789/0] conn(0x7f6ec4106800 msgr2=0x7f6ec4106c20 secure :-1 s=STATE_CONNECTION_ESTABLISHED l=1).mark_down
2024-02-19T18:53:24.910 INFO:teuthology.orchestra.run.smithi139.stdout:/usr/bin/ceph: stderr
2024-02-19T18:53:24.010+0000 7f6eca825700 1 --2- 172.21.15.139:0/1393463177 >> [v2:172.21.15.139:3300/0,v1:172.21.15.139:6789/0] conn(0x7f6ec4106800 0x7f6ec4106c20 secure :-1 s=READY pgs=90 cs=0 l=1 rev1=1 crypto rx=0x7f6eb40098a0 tx=0x7f6eb4009bb0 comp rx=0 tx=0).stop
2024-02-19T18:53:24.911 INFO:teuthology.orchestra.run.smithi139.stdout:/usr/bin/ceph: stderr
2024-02-19T18:53:24.010+0000 7f6eca825700 1 -- 172.21.15.139:0/1393463177 shutdown_connections
2024-02-19T18:53:24.911 INFO:teuthology.orchestra.run.smithi139.stdout:/usr/bin/ceph: stderr
2024-02-19T18:53:24.010+0000 7f6eca825700 1 --2- 172.21.15.139:0/1393463177 >> [v2:172.21.15.139:3300/0,v1:172.21.15.139:6789/0] conn(0x7f6ec4106800 0x7f6ec4106c20 unknown :-1 s=CLOSED pgs=90 cs=0 l=1 rev1=1 crypto rx=0 tx=0 comp rx=0 tx=0).stop
2024-02-19T18:53:24.911 INFO:teuthology.orchestra.run.smithi139.stdout:/usr/bin/ceph: stderr
2024-02-19T18:53:24.010+0000 7f6eca825700 1 -- 172.21.15.139:0/1393463177 >> 172.21.15.139:0/1393463177 conn(0x7f6ec40fff20 msgr2=0x7f6ec4102380 unknown :-1 s=STATE_NONE l=0).mark_down
2024-02-19T18:53:24.911 INFO:teuthology.orchestra.run.smithi139.stdout:/usr/bin/ceph: stderr
2024-02-19T18:53:24.010+0000 7f6eca825700 1 -- 172.21.15.139:0/1393463177 shutdown_connections
2024-02-19T18:53:24.911 INFO:teuthology.orchestra.run.smithi139.stdout:/usr/bin/ceph: stderr
2024-02-19T18:53:24.010+0000 7f6eca825700 1 -- 172.21.15.139:0/1393463177 wait complete.
2024-02-19T18:53:24.911 INFO:teuthology.orchestra.run.smithi139.stdout:/usr/bin/ceph: stderr
2024-02-19T18:53:24.010+0000 7f6eca825700 1 Processor -- start
2024-02-19T18:53:24.911 INFO:teuthology.orchestra.run.smithi139.stdout:/usr/bin/ceph: stderr
2024-02-19T18:53:24.010+0000 7f6eca825700 1 -- start start
2024-02-19T18:53:24.911 INFO:teuthology.orchestra.run.smithi139.stdout:/usr/bin/ceph: stderr
2024-02-19T18:53:24.011+0000 7f6eca825700 1 --2- >> [v2:172.21.15.139:3300/0,v1:172.21.15.139:6789/0] conn(0x7f6ec4106800 0x7f6ec419a0a0 unknown :-1 s=NONE pgs=0 cs=0 l=1 rev1=0 crypto rx=0 tx=0 comp rx=0 tx=0).connect
2024-02-19T18:53:24.911 INFO:teuthology.orchestra.run.smithi139.stdout:/usr/bin/ceph: stderr
2024-02-19T18:53:24.011+0000 7f6eca825700 1 -- --> [v2:172.21.15.139:3300/0,v1:172.21.15.139:6789/0] -- mon_getmap magic: 0 v1 -- 0x7f6ec419a5e0 con 0x7f6ec4106800
2024-02-19T18:53:24.911 INFO:teuthology.orchestra.run.smithi139.stdout:/usr/bin/ceph: stderr
