2024-02-19T18:52:38.251+0000 7f972f212700 1 Processor -- start
2024-02-19T18:52:44.290 INFO:teuthology.orchestra.run.smithi139.stdout:/usr/bin/ceph: stderr
2024-02-19T18:52:38.251+0000 7f972f212700 1 -- start start
2024-02-19T18:52:44.290 INFO:teuthology.orchestra.run.smithi139.stdout:/usr/bin/ceph: stderr
2024-02-19T18:52:38.251+0000 7f972f212700 1 --2- >> [v2:172.21.15.139:3300/0,v1:172.21.15.139:6789/0] conn(0x7f9728105740 0x7f972819a1a0 unknown :-1 s=NONE pgs=0 cs=0 l=1 rev1=0 crypto rx=0 tx=0 comp rx=0 tx=0).connect
2024-02-19T18:52:44.290 INFO:teuthology.orchestra.run.smithi139.stdout:/usr/bin/ceph: stderr
2024-02-19T18:52:38.251+0000 7f972f212700 1 -- --> [v2:172.21.15.139:3300/0,v1:172.21.15.139:6789/0] -- mon_getmap magic: 0 v1 -- 0x7f972819a6e0 con 0x7f9728105740
2024-02-19T18:52:44.290 INFO:teuthology.orchestra.run.smithi139.stdout:/usr/bin/ceph: stderr
2024-02-19T18:52:38.251+0000 7f972cfae700 1 --2- >> [v2:172.21.15.139:3300/0,v1:172.21.15.139:6789/0] conn(0x7f9728105740 0x7f972819a1a0 unknown :-1 s=BANNER_CONNECTING pgs=0 cs=0 l=1 rev1=0 crypto rx=0 tx=0 comp rx=0 tx=0)._handle_peer_banner_payload supported=3 required=0
2024-02-19T18:52:44.290 INFO:teuthology.orchestra.run.smithi139.stdout:/usr/bin/ceph: stderr
2024-02-19T18:52:38.251+0000 7f972cfae700 1 --2- >> [v2:172.21.15.139:3300/0,v1:172.21.15.139:6789/0] conn(0x7f9728105740 0x7f972819a1a0 unknown :-1 s=HELLO_CONNECTING pgs=0 cs=0 l=1 rev1=1 crypto rx=0 tx=0 comp rx=0 tx=0).handle_hello peer v2:172.21.15.139:3300/0 says I am v2:172.21.15.139:58250/0 (socket says 172.21.15.139:58250)
2024-02-19T18:52:44.290 INFO:teuthology.orchestra.run.smithi139.stdout:/usr/bin/ceph: stderr
2024-02-19T18:52:38.251+0000 7f972cfae700 1 -- 172.21.15.139:0/3416850489 learned_addr learned my addr 172.21.15.139:0/3416850489 (peer_addr_for_me v2:172.21.15.139:0/0)
2024-02-19T18:52:44.290 INFO:teuthology.orchestra.run.smithi139.stdout:/usr/bin/ceph: stderr
2024-02-19T18:52:38.252+0000 7f972cfae700 1 -- 172.21.15.139:0/3416850489 --> [v2:172.21.15.139:3300/0,v1:172.21.15.139:6789/0] -- mon_subscribe({config=0+,monmap=0+}) v3 -- 0x7f971c009550 con 0x7f9728105740
2024-02-19T18:52:44.290 INFO:teuthology.orchestra.run.smithi139.stdout:/usr/bin/ceph: stderr
2024-02-19T18:52:38.252+0000 7f972cfae700 1 --2- 172.21.15.139:0/3416850489 >> [v2:172.21.15.139:3300/0,v1:172.21.15.139:6789/0] conn(0x7f9728105740 0x7f972819a1a0 secure :-1 s=READY pgs=29 cs=0 l=1 rev1=1 crypto rx=0x7f971c003df0 tx=0x7f971c0047c0 comp rx=0 tx=0).ready entity=mon.0 client_cookie=0 server_cookie=0 in_seq=0 out_seq=0
2024-02-19T18:52:44.290 INFO:teuthology.orchestra.run.smithi139.stdout:/usr/bin/ceph: stderr
2024-02-19T18:52:38.252+0000 7f9725ffb700 1 -- 172.21.15.139:0/3416850489 <== mon.0 v2:172.21.15.139:3300/0 1 ==== mon_map magic: 0 v1 ==== 229+0+0 (secure 0 0 0) 0x7f971c0038b0 con 0x7f9728105740
2024-02-19T18:52:44.290 INFO:teuthology.orchestra.run.smithi139.stdout:/usr/bin/ceph: stderr
2024-02-19T18:52:38.252+0000 7f9725ffb700 1 -- 172.21.15.139:0/3416850489 <== mon.0 v2:172.21.15.139:3300/0 2 ==== config(27 keys) v1 ==== 1042+0+0 (secure 0 0 0) 0x7f971c003a10 con 0x7f9728105740
2024-02-19T18:52:44.290 INFO:teuthology.orchestra.run.smithi139.stdout:/usr/bin/ceph: stderr
2024-02-19T18:52:38.252+0000 7f972f212700 1 -- 172.21.15.139:0/3416850489 --> [v2:172.21.15.139:3300/0,v1:172.21.15.139:6789/0] -- mon_subscribe({mgrmap=0+}) v3 -- 0x7f972819a8e0 con 0x7f9728105740
2024-02-19T18:52:44.290 INFO:teuthology.orchestra.run.smithi139.stdout:/usr/bin/ceph: stderr
2024-02-19T18:52:38.252+0000 7f9725ffb700 1 -- 172.21.15.139:0/3416850489 <== mon.0 v2:172.21.15.139:3300/0 3 ==== mon_map magic: 0 v1 ==== 229+0+0 (secure 0 0 0) 0x7f971c019600 con 0x7f9728105740
2024-02-19T18:52:44.290 INFO:teuthology.orchestra.run.smithi139.stdout:/usr/bin/ceph: stderr
2024-02-19T18:52:38.252+0000 7f972f212700 1 -- 172.21.15.139:0/3416850489 --> [v2:172.21.15.139:3300/0,v1:172.21.15.139:6789/0] -- mon_subscribe({osdmap=0}) v3 -- 0x7f972819ad80 con 0x7f9728105740
2024-02-19T18:52:44.291 INFO:teuthology.orchestra.run.smithi139.stdout:/usr/bin/ceph: stderr
2024-02-19T18:52:38.253+0000 7f9725ffb700 1 -- 172.21.15.139:0/3416850489 <== mon.0 v2:172.21.15.139:3300/0 4 ==== mgrmap(e 5) v1 ==== 45552+0+0 (secure 0 0 0) 0x7f971c0197c0 con 0x7f9728105740
2024-02-19T18:52:44.291 INFO:teuthology.orchestra.run.smithi139.stdout:/usr/bin/ceph: stderr
2024-02-19T18:52:38.253+0000 7f9725ffb700 1 --2- 172.21.15.139:0/3416850489 >> [v2:172.21.15.139:6800/3365728431,v1:172.21.15.139:6801/3365728431] conn(0x7f9718038770 0x7f971803ac30 unknown :-1 s=NONE pgs=0 cs=0 l=1 rev1=0 crypto rx=0 tx=0 comp rx=0 tx=0).connect
2024-02-19T18:52:44.291 INFO:teuthology.orchestra.run.smithi139.stdout:/usr/bin/ceph: stderr
2024-02-19T18:52:38.253+0000 7f9725ffb700 1 -- 172.21.15.139:0/3416850489 --> [v2:172.21.15.139:6800/3365728431,v1:172.21.15.139:6801/3365728431] -- command(tid 0: {"prefix": "get_command_descriptions"}) v1 -- 0x7f971803b340 con 0x7f9718038770
2024-02-19T18:52:44.291 INFO:teuthology.orchestra.run.smithi139.stdout:/usr/bin/ceph: stderr
2024-02-19T18:52:38.253+0000 7f9725ffb700 1 -- 172.21.15.139:0/3416850489 <== mon.0 v2:172.21.15.139:3300/0 5 ==== osd_map(1..1 src has 1..1) v4 ==== 725+0+0 (secure 0 0 0) 0x7f971c04c4f0 con 0x7f9728105740
2024-02-19T18:52:44.291 INFO:teuthology.orchestra.run.smithi139.stdout:/usr/bin/ceph: stderr
2024-02-19T18:52:38.253+0000 7f9727fff700 1 -- 172.21.15.139:0/3416850489 >> [v2:172.21.15.139:6800/3365728431,v1:172.21.15.139:6801/3365728431] conn(0x7f9718038770 msgr2=0x7f971803ac30 unknown :-1 s=STATE_CONNECTING_RE l=1).process reconnect failed to v2:172.21.15.139:6800/3365728431
2024-02-19T18:52:44.291 INFO:teuthology.orchestra.run.smithi139.stdout:/usr/bin/ceph: stderr
2024-02-19T18:52:38.253+0000 7f9727fff700 1 --2- 172.21.15.139:0/3416850489 >> [v2:172.21.15.139:6800/3365728431,v1:172.21.15.139:6801/3365728431] conn(0x7f9718038770 0x7f971803ac30 unknown :-1 s=START_CONNECT pgs=0 cs=0 l=1 rev1=0 crypto rx=0 tx=0 comp rx=0 tx=0)._fault waiting 0.200000
2024-02-19T18:52:44.291 INFO:teuthology.orchestra.run.smithi139.stdout:/usr/bin/ceph: stderr
2024-02-19T18:52:38.454+0000 7f9727fff700 1 -- 172.21.15.139:0/3416850489 >> [v2:172.21.15.139:6800/3365728431,v1:172.21.15.139:6801/3365728431] conn(0x7f9718038770 msgr2=0x7f971803ac30 unknown :-1 s=STATE_CONNECTING_RE l=1).process reconnect failed to v2:172.21.15.139:6800/3365728431
2024-02-19T18:52:44.291 INFO:teuthology.orchestra.run.smithi139.stdout:/usr/bin/ceph: stderr
2024-02-19T18:52:38.454+0000 7f9727fff700 1 --2- 172.21.15.139:0/3416850489 >> [v2:172.21.15.139:6800/3365728431,v1:172.21.15.139:6801/3365728431] conn(0x7f9718038770 0x7f971803ac30 unknown :-1 s=START_CONNECT pgs=0 cs=0 l=1 rev1=0 crypto rx=0 tx=0 comp rx=0 tx=0)._fault waiting 0.400000
2024-02-19T18:52:44.291 INFO:teuthology.orchestra.run.smithi139.stdout:/usr/bin/ceph: stderr
2024-02-19T18:52:38.855+0000 7f9727fff700 1 -- 172.21.15.139:0/3416850489 >> [v2:172.21.15.139:6800/3365728431,v1:172.21.15.139:6801/3365728431] conn(0x7f9718038770 msgr2=0x7f971803ac30 unknown :-1 s=STATE_CONNECTING_RE l=1).process reconnect failed to v2:172.21.15.139:6800/3365728431
2024-02-19T18:52:44.291 INFO:teuthology.orchestra.run.smithi139.stdout:/usr/bin/ceph: stderr
2024-02-19T18:52:38.855+0000 7f9727fff700 1 --2- 172.21.15.139:0/3416850489 >> [v2:172.21.15.139:6800/3365728431,v1:172.21.15.139:6801/3365728431] conn(0x7f9718038770 0x7f971803ac30 unknown :-1 s=START_CONNECT pgs=0 cs=0 l=1 rev1=0 crypto rx=0 tx=0 comp rx=0 tx=0)._fault waiting 0.800000
2024-02-19T18:52:44.291 INFO:teuthology.orchestra.run.smithi139.stdout:/usr/bin/ceph: stderr
2024-02-19T18:52:39.657+0000 7f9727fff700 1 -- 172.21.15.139:0/3416850489 >> [v2:172.21.15.139:6800/3365728431,v1:172.21.15.139:6801/3365728431] conn(0x7f9718038770 msgr2=0x7f971803ac30 unknown :-1 s=STATE_CONNECTING_RE l=1).process reconnect failed to v2:172.21.15.139:6800/3365728431
2024-02-19T18:52:44.291 INFO:teuthology.orchestra.run.smithi139.stdout:/usr/bin/ceph: stderr
2024-02-19T18:52:39.657+0000 7f9727fff700 1 --2- 172.21.15.139:0/3416850489 >> [v2:172.21.15.139:6800/3365728431,v1:172.21.15.139:6801/3365728431] conn(0x7f9718038770 0x7f971803ac30 unknown :-1 s=START_CONNECT pgs=0 cs=0 l=1 rev1=0 crypto rx=0 tx=0 comp rx=0 tx=0)._fault waiting 1.600000
2024-02-19T18:52:44.291 INFO:teuthology.orchestra.run.smithi139.stdout:/usr/bin/ceph: stderr
2024-02-19T18:52:41.258+0000 7f9727fff700 1 -- 172.21.15.139:0/3416850489 >> [v2:172.21.15.139:6800/3365728431,v1:172.21.15.139:6801/3365728431] conn(0x7f9718038770 msgr2=0x7f971803ac30 unknown :-1 s=STATE_CONNECTING_RE l=1).process reconnect failed to v2:172.21.15.139:6800/3365728431
2024-02-19T18:52:44.292 INFO:teuthology.orchestra.run.smithi139.stdout:/usr/bin/ceph: stderr
2024-02-19T18:52:41.258+0000 7f9727fff700 1 --2- 172.21.15.139:0/3416850489 >> [v2:172.21.15.139:6800/3365728431,v1:172.21.15.139:6801/3365728431] conn(0x7f9718038770 0x7f971803ac30 unknown :-1 s=START_CONNECT pgs=0 cs=0 l=1 rev1=0 crypto rx=0 tx=0 comp rx=0 tx=0)._fault waiting 3.200000
2024-02-19T18:52:44.292 INFO:teuthology.orchestra.run.smithi139.stdout:/usr/bin/ceph: stderr
2024-02-19T18:52:42.681+0000 7f9725ffb700 1 -- 172.21.15.139:0/3416850489 <== mon.0 v2:172.21.15.139:3300/0 6 ==== mgrmap(e 6) v1 ==== 45319+0+0 (secure 0 0 0) 0x7f971c01aad0 con 0x7f9728105740
2024-02-19T18:52:44.292 INFO:teuthology.orchestra.run.smithi139.stdout:/usr/bin/ceph: stderr
2024-02-19T18:52:42.681+0000 7f9725ffb700 1 -- 172.21.15.139:0/3416850489 >> [v2:172.21.15.139:6800/3365728431,v1:172.21.15.139:6801/3365728431] conn(0x7f9718038770 msgr2=0x7f971803ac30 unknown :-1 s=STATE_CONNECTING l=1).mark_down
2024-02-19T18:52:44.292 INFO:teuthology.orchestra.run.smithi139.stdout:/usr/bin/ceph: stderr
2024-02-19T18:52:42.681+0000 7f9725ffb700 1 --2- 172.21.15.139:0/3416850489 >> [v2:172.21.15.139:6800/3365728431,v1:172.21.15.139:6801/3365728431] conn(0x7f9718038770 0x7f971803ac30 unknown :-1 s=START_CONNECT pgs=0 cs=0 l=1 rev1=0 crypto rx=0 tx=0 comp rx=0 tx=0).stop
2024-02-19T18:52:44.292 INFO:teuthology.orchestra.run.smithi139.stdout:/usr/bin/ceph: stderr
2024-02-19T18:52:43.683+0000 7f9725ffb700 1 -- 172.21.15.139:0/3416850489 <== mon.0 v2:172.21.15.139:3300/0 7 ==== mgrmap(e 7) v1 ==== 45446+0+0 (secure 0 0 0) 0x7f971c04dcf0 con 0x7f9728105740
2024-02-19T18:52:44.292 INFO:teuthology.orchestra.run.smithi139.stdout:/usr/bin/ceph: stderr
2024-02-19T18:52:43.683+0000 7f9725ffb700 1 --2- 172.21.15.139:0/3416850489 >> [v2:172.21.15.139:6800/1816107105,v1:172.21.15.139:6801/1816107105] conn(0x7f971803bfb0 0x7f971803e3a0 unknown :-1 s=NONE pgs=0 cs=0 l=1 rev1=0 crypto rx=0 tx=0 comp rx=0 tx=0).connect
2024-02-19T18:52:44.292 INFO:teuthology.orchestra.run.smithi139.stdout:/usr/bin/ceph: stderr
2024-02-19T18:52:43.683+0000 7f9725ffb700 1 -- 172.21.15.139:0/3416850489 --> [v2:172.21.15.139:6800/1816107105,v1:172.21.15.139:6801/1816107105] -- command(tid 0: {"prefix": "get_command_descriptions"}) v1 -- 0x7f971803b340 con 0x7f971803bfb0
2024-02-19T18:52:44.292 INFO:teuthology.orchestra.run.smithi139.stdout:/usr/bin/ceph: stderr
2024-02-19T18:52:43.683+0000 7f9727fff700 1 --2- 172.21.15.139:0/3416850489 >> [v2:172.21.15.139:6800/1816107105,v1:172.21.15.139:6801/1816107105] conn(0x7f971803bfb0 0x7f971803e3a0 unknown :-1 s=BANNER_CONNECTING pgs=0 cs=0 l=1 rev1=0 crypto rx=0 tx=0 comp rx=0 tx=0)._handle_peer_banner_payload supported=3 required=0
2024-02-19T18:52:44.292 INFO:teuthology.orchestra.run.smithi139.stdout:/usr/bin/ceph: stderr
2024-02-19T18:52:43.684+0000 7f9727fff700 1 --2- 172.21.15.139:0/3416850489 >> [v2:172.21.15.139:6800/1816107105,v1:172.21.15.139:6801/1816107105] conn(0x7f971803bfb0 0x7f971803e3a0 secure :-1 s=READY pgs=1 cs=0 l=1 rev1=1 crypto rx=0x7f9714003a10 tx=0x7f97140092b0 comp rx=0 tx=0).ready entity=mgr.14120 client_cookie=0 server_cookie=0 in_seq=0 out_seq=0
2024-02-19T18:52:44.292 INFO:teuthology.orchestra.run.smithi139.stdout:/usr/bin/ceph: stderr
2024-02-19T18:52:43.684+0000 7f9725ffb700 1 -- 172.21.15.139:0/3416850489 <== mgr.14120 v2:172.21.15.139:6800/1816107105 1 ==== command_reply(tid 0: 0 ) v1 ==== 8+0+6910 (secure 0 0 0) 0x7f971803b340 con 0x7f971803bfb0
2024-02-19T18:52:44.292 INFO:teuthology.orchestra.run.smithi139.stdout:/usr/bin/ceph: stderr
2024-02-19T18:52:43.690+0000 7f972f212700 1 -- 172.21.15.139:0/3416850489 --> [v2:172.21.15.139:6800/1816107105,v1:172.21.15.139:6801/1816107105] -- command(tid 1: {"prefix": "mgr_status"}) v1 -- 0x7f97280623a0 con 0x7f971803bfb0
2024-02-19T18:52:44.292 INFO:teuthology.orchestra.run.smithi139.stdout:/usr/bin/ceph: stderr
2024-02-19T18:52:43.691+0000 7f9725ffb700 1 -- 172.21.15.139:0/3416850489 <== mgr.14120 v2:172.21.15.139:6800/1816107105 2 ==== command_reply(tid 1: 0 ) v1 ==== 8+0+51 (secure 0 0 0) 0x7f97280623a0 con 0x7f971803bfb0
2024-02-19T18:52:44.293 INFO:teuthology.orchestra.run.smithi139.stdout:/usr/bin/ceph: stderr
2024-02-19T18:52:43.691+0000 7f972f212700 1 -- 172.21.15.139:0/3416850489 >> [v2:172.21.15.139:6800/1816107105,v1:172.21.15.139:6801/1816107105] conn(0x7f971803bfb0 msgr2=0x7f971803e3a0 secure :-1 s=STATE_CONNECTION_ESTABLISHED l=1).mark_down
2024-02-19T18:52:44.293 INFO:teuthology.orchestra.run.smithi139.stdout:/usr/bin/ceph: stderr
2024-02-19T18:52:43.691+0000 7f972f212700 1 --2- 172.21.15.139:0/3416850489 >> [v2:172.21.15.139:6800/1816107105,v1:172.21.15.139:6801/1816107105] conn(0x7f971803bfb0 0x7f971803e3a0 secure :-1 s=READY pgs=1 cs=0 l=1 rev1=1 crypto rx=0x7f9714003a10 tx=0x7f97140092b0 comp rx=0 tx=0).stop
2024-02-19T18:52:44.293 INFO:teuthology.orchestra.run.smithi139.stdout:/usr/bin/ceph: stderr
2024-02-19T18:52:43.691+0000 7f972f212700 1 -- 172.21.15.139:0/3416850489 >> [v2:172.21.15.139:3300/0,v1:172.21.15.139:6789/0] conn(0x7f9728105740 msgr2=0x7f972819a1a0 secure :-1 s=STATE_CONNECTION_ESTABLISHED l=1).mark_down
2024-02-19T18:52:44.293 INFO:teuthology.orchestra.run.smithi139.stdout:/usr/bin/ceph: stderr
2024-02-19T18:52:43.691+0000 7f972f212700 1 --2- 172.21.15.139:0/3416850489 >> [v2:172.21.15.139:3300/0,v1:172.21.15.139:6789/0] conn(0x7f9728105740 0x7f972819a1a0 secure :-1 s=READY pgs=29 cs=0 l=1 rev1=1 crypto rx=0x7f971c003df0 tx=0x7f971c0047c0 comp rx=0 tx=0).stop
2024-02-19T18:52:44.293 INFO:teuthology.orchestra.run.smithi139.stdout:/usr/bin/ceph: stderr
2024-02-19T18:52:43.691+0000 7f972f212700 1 -- 172.21.15.139:0/3416850489 shutdown_connections
2024-02-19T18:52:44.293 INFO:teuthology.orchestra.run.smithi139.stdout:/usr/bin/ceph: stderr
2024-02-19T18:52:43.691+0000 7f972f212700 1 --2- 172.21.15.139:0/3416850489 >> [v2:172.21.15.139:6800/1816107105,v1:172.21.15.139:6801/1816107105] conn(0x7f971803bfb0 0x7f971803e3a0 unknown :-1 s=CLOSED pgs=1 cs=0 l=1 rev1=1 crypto rx=0 tx=0 comp rx=0 tx=0).stop
2024-02-19T18:52:44.293 INFO:teuthology.orchestra.run.smithi139.stdout:/usr/bin/ceph: stderr
2024-02-19T18:52:43.691+0000 7f972f212700 1 --2- 172.21.15.139:0/3416850489 >> [v2:172.21.15.139:3300/0,v1:172.21.15.139:6789/0] conn(0x7f9728105740 0x7f972819a1a0 unknown :-1 s=CLOSED pgs=29 cs=0 l=1 rev1=1 crypto rx=0 tx=0 comp rx=0 tx=0).stop
2024-02-19T18:52:44.293 INFO:teuthology.orchestra.run.smithi139.stdout:/usr/bin/ceph: stderr
2024-02-19T18:52:43.691+0000 7f972f212700 1 --2- 172.21.15.139:0/3416850489 >> [v2:172.21.15.139:6800/3365728431,v1:172.21.15.139:6801/3365728431] conn(0x7f9718038770 0x7f971803ac30 unknown :-1 s=CLOSED pgs=0 cs=0 l=1 rev1=0 crypto rx=0 tx=0 comp rx=0 tx=0).stop
2024-02-19T18:52:44.293 INFO:teuthology.orchestra.run.smithi139.stdout:/usr/bin/ceph: stderr
2024-02-19T18:52:43.691+0000 7f972f212700 1 -- 172.21.15.139:0/3416850489 >> 172.21.15.139:0/3416850489 conn(0x7f97280fff20 msgr2=0x7f9728100e70 unknown :-1 s=STATE_NONE l=0).mark_down
2024-02-19T18:52:44.293 INFO:teuthology.orchestra.run.smithi139.stdout:/usr/bin/ceph: stderr
2024-02-19T18:52:43.691+0000 7f972f212700 1 -- 172.21.15.139:0/3416850489 shutdown_connections
2024-02-19T18:52:44.293 INFO:teuthology.orchestra.run.smithi139.stdout:/usr/bin/ceph: stderr
2024-02-19T18:52:43.691+0000 7f972f212700 1 -- 172.21.15.139:0/3416850489 wait complete.
2024-02-19T18:52:44.293 INFO:teuthology.orchestra.run.smithi139.stdout:mgr epoch 5 is available
2024-02-19T18:52:44.293 INFO:teuthology.orchestra.run.smithi139.stdout:Setting orchestrator backend to cephadm...
2024-02-19T18:52:44.891 INFO:journalctl@ceph.mon.smithi139.smithi139.stdout:Feb 19 18:52:44 smithi139 ceph-mon[29340]: from='client.14124 -' entity='client.admin' cmd=[{"prefix": "get_command_descriptions"}]: dispatch
2024-02-19T18:52:44.891 INFO:journalctl@ceph.mon.smithi139.smithi139.stdout:Feb 19 18:52:44 smithi139 ceph-mon[29340]: from='client.14124 -' entity='client.admin' cmd=[{"prefix": "mgr_status"}]: dispatch
2024-02-19T18:52:44.891 INFO:journalctl@ceph.mon.smithi139.smithi139.stdout:Feb 19 18:52:44 smithi139 ceph-mon[29340]: [19/Feb/2024:18:52:43] ENGINE Bus STARTING
2024-02-19T18:52:44.891 INFO:journalctl@ceph.mon.smithi139.smithi139.stdout:Feb 19 18:52:44 smithi139 ceph-mon[29340]: [19/Feb/2024:18:52:43] ENGINE Serving on https://172.21.15.139:7150
2024-02-19T18:52:44.891 INFO:journalctl@ceph.mon.smithi139.smithi139.stdout:Feb 19 18:52:44 smithi139 ceph-mon[29340]: from='mgr.14120 172.21.15.139:0/1263607154' entity='mgr.smithi139.crreww' cmd=[{"prefix": "config dump", "format": "json"}]: dispatch
2024-02-19T18:52:45.499 INFO:teuthology.orchestra.run.smithi139.stdout:/usr/bin/ceph: stderr
2024-02-19T18:52:44.687+0000 7fcd362bf700 1 Processor -- start
2024-02-19T18:52:45.499 INFO:teuthology.orchestra.run.smithi139.stdout:/usr/bin/ceph: stderr
2024-02-19T18:52:44.687+0000 7fcd362bf700 1 -- start start
2024-02-19T18:52:45.499 INFO:teuthology.orchestra.run.smithi139.stdout:/usr/bin/ceph: stderr
2024-02-19T18:52:44.687+0000 7fcd362bf700 1 --2- >> [v2:172.21.15.139:3300/0,v1:172.21.15.139:6789/0] conn(0x7fcd30104630 0x7fcd30104a50 unknown :-1 s=NONE pgs=0 cs=0 l=0 rev1=0 crypto rx=0 tx=0 comp rx=0 tx=0).connect
2024-02-19T18:52:45.499 INFO:teuthology.orchestra.run.smithi139.stdout:/usr/bin/ceph: stderr
2024-02-19T18:52:44.687+0000 7fcd362bf700 1 -- --> [v2:172.21.15.139:3300/0,v1:172.21.15.139:6789/0] -- mon_getmap magic: 0 v1 -- 0x7fcd30105020 con 0x7fcd30104630
2024-02-19T18:52:45.499 INFO:teuthology.orchestra.run.smithi139.stdout:/usr/bin/ceph: stderr
2024-02-19T18:52:44.687+0000 7fcd2ffff700 1 --2- >> [v2:172.21.15.139:3300/0,v1:172.21.15.139:6789/0] conn(0x7fcd30104630 0x7fcd30104a50 unknown :-1 s=BANNER_CONNECTING pgs=0 cs=0 l=0 rev1=0 crypto rx=0 tx=0 comp rx=0 tx=0)._handle_peer_banner_payload supported=3 required=0
2024-02-19T18:52:45.499 INFO:teuthology.orchestra.run.smithi139.stdout:/usr/bin/ceph: stderr
2024-02-19T18:52:44.687+0000 7fcd2ffff700 1 --2- >> [v2:172.21.15.139:3300/0,v1:172.21.15.139:6789/0] conn(0x7fcd30104630 0x7fcd30104a50 unknown :-1 s=HELLO_CONNECTING pgs=0 cs=0 l=0 rev1=1 crypto rx=0 tx=0 comp rx=0 tx=0).handle_hello peer v2:172.21.15.139:3300/0 says I am v2:172.21.15.139:46540/0 (socket says 172.21.15.139:46540)
2024-02-19T18:52:45.499 INFO:teuthology.orchestra.run.smithi139.stdout:/usr/bin/ceph: stderr
2024-02-19T18:52:44.687+0000 7fcd2ffff700 1 -- 172.21.15.139:0/3679639566 learned_addr learned my addr 172.21.15.139:0/3679639566 (peer_addr_for_me v2:172.21.15.139:0/0)
2024-02-19T18:52:45.499 INFO:teuthology.orchestra.run.smithi139.stdout:/usr/bin/ceph: stderr
2024-02-19T18:52:44.687+0000 7fcd2ffff700 1 -- 172.21.15.139:0/3679639566 --> [v2:172.21.15.139:3300/0,v1:172.21.15.139:6789/0] -- mon_subscribe({config=0+,monmap=0+}) v3 -- 0x7fcd301075c0 con 0x7fcd30104630
2024-02-19T18:52:45.499 INFO:teuthology.orchestra.run.smithi139.stdout:/usr/bin/ceph: stderr
2024-02-19T18:52:44.688+0000 7fcd2ffff700 1 --2- 172.21.15.139:0/3679639566 >> [v2:172.21.15.139:3300/0,v1:172.21.15.139:6789/0] conn(0x7fcd30104630 0x7fcd30104a50 secure :-1 s=READY pgs=37 cs=0 l=1 rev1=1 crypto rx=0x7fcd240098a0 tx=0x7fcd24009bb0 comp rx=0 tx=0).ready entity=mon.0 client_cookie=d93cdfd372255cf5 server_cookie=0 in_seq=0 out_seq=0
2024-02-19T18:52:45.499 INFO:teuthology.orchestra.run.smithi139.stdout:/usr/bin/ceph: stderr
2024-02-19T18:52:44.688+0000 7fcd2effd700 1 -- 172.21.15.139:0/3679639566 <== mon.0 v2:172.21.15.139:3300/0 1 ==== mon_map magic: 0 v1 ==== 229+0+0 (secure 0 0 0) 0x7fcd24004180 con 0x7fcd30104630
2024-02-19T18:52:45.500 INFO:teuthology.orchestra.run.smithi139.stdout:/usr/bin/ceph: stderr
2024-02-19T18:52:44.688+0000 7fcd2effd700 1 -- 172.21.15.139:0/3679639566 <== mon.0 v2:172.21.15.139:3300/0 2 ==== config(27 keys) v1 ==== 1042+0+0 (secure 0 0 0) 0x7fcd240042e0 con 0x7fcd30104630
2024-02-19T18:52:45.500 INFO:teuthology.orchestra.run.smithi139.stdout:/usr/bin/ceph: stderr
2024-02-19T18:52:44.688+0000 7fcd2effd700 1 -- 172.21.15.139:0/3679639566 <== mon.0 v2:172.21.15.139:3300/0 3 ==== mon_map magic: 0 v1 ==== 229+0+0 (secure 0 0 0) 0x7fcd24011a70 con 0x7fcd30104630
2024-02-19T18:52:45.500 INFO:teuthology.orchestra.run.smithi139.stdout:/usr/bin/ceph: stderr
2024-02-19T18:52:44.688+0000 7fcd362bf700 1 -- 172.21.15.139:0/3679639566 >> [v2:172.21.15.139:3300/0,v1:172.21.15.139:6789/0] conn(0x7fcd30104630 msgr2=0x7fcd30104a50 secure :-1 s=STATE_CONNECTION_ESTABLISHED l=1).mark_down
2024-02-19T18:52:45.500 INFO:teuthology.orchestra.run.smithi139.stdout:/usr/bin/ceph: stderr
2024-02-19T18:52:44.688+0000 7fcd362bf700 1 --2- 172.21.15.139:0/3679639566 >> [v2:172.21.15.139:3300/0,v1:172.21.15.139:6789/0] conn(0x7fcd30104630 0x7fcd30104a50 secure :-1 s=READY pgs=37 cs=0 l=1 rev1=1 crypto rx=0x7fcd240098a0 tx=0x7fcd24009bb0 comp rx=0 tx=0).stop
2024-02-19T18:52:45.500 INFO:teuthology.orchestra.run.smithi139.stdout:/usr/bin/ceph: stderr
2024-02-19T18:52:44.688+0000 7fcd362bf700 1 -- 172.21.15.139:0/3679639566 shutdown_connections
2024-02-19T18:52:45.500 INFO:teuthology.orchestra.run.smithi139.stdout:/usr/bin/ceph: stderr
2024-02-19T18:52:44.688+0000 7fcd362bf700 1 --2- 172.21.15.139:0/3679639566 >> [v2:172.21.15.139:3300/0,v1:172.21.15.139:6789/0] conn(0x7fcd30104630 0x7fcd30104a50 unknown :-1 s=CLOSED pgs=37 cs=0 l=1 rev1=1 crypto rx=0 tx=0 comp rx=0 tx=0).stop
2024-02-19T18:52:45.500 INFO:teuthology.orchestra.run.smithi139.stdout:/usr/bin/ceph: stderr
2024-02-19T18:52:44.688+0000 7fcd362bf700 1 -- 172.21.15.139:0/3679639566 >> 172.21.15.139:0/3679639566 conn(0x7fcd300fffa0 msgr2=0x7fcd301023c0 unknown :-1 s=STATE_NONE l=0).mark_down
2024-02-19T18:52:45.500 INFO:teuthology.orchestra.run.smithi139.stdout:/usr/bin/ceph: stderr
2024-02-19T18:52:44.688+0000 7fcd362bf700 1 -- 172.21.15.139:0/3679639566 shutdown_connections
2024-02-19T18:52:45.500 INFO:teuthology.orchestra.run.smithi139.stdout:/usr/bin/ceph: stderr
2024-02-19T18:52:44.688+0000 7fcd362bf700 1 -- 172.21.15.139:0/3679639566 wait complete.
2024-02-19T18:52:45.500 INFO:teuthology.orchestra.run.smithi139.stdout:/usr/bin/ceph: stderr
2024-02-19T18:52:44.689+0000 7fcd362bf700 1 Processor -- start
2024-02-19T18:52:45.500 INFO:teuthology.orchestra.run.smithi139.stdout:/usr/bin/ceph: stderr
2024-02-19T18:52:44.689+0000 7fcd362bf700 1 -- start start
2024-02-19T18:52:45.500 INFO:teuthology.orchestra.run.smithi139.stdout:/usr/bin/ceph: stderr
2024-02-19T18:52:44.689+0000 7fcd362bf700 1 --2- >> [v2:172.21.15.139:3300/0,v1:172.21.15.139:6789/0] conn(0x7fcd30104630 0x7fcd3019a060 unknown :-1 s=NONE pgs=0 cs=0 l=1 rev1=0 crypto rx=0 tx=0 comp rx=0 tx=0).connect
2024-02-19T18:52:45.500 INFO:teuthology.orchestra.run.smithi139.stdout:/usr/bin/ceph: stderr
2024-02-19T18:52:44.689+0000 7fcd362bf700 1 -- --> [v2:172.21.15.139:3300/0,v1:172.21.15.139:6789/0] -- mon_getmap magic: 0 v1 -- 0x7fcd3019a5a0 con 0x7fcd30104630
2024-02-19T18:52:45.500 INFO:teuthology.orchestra.run.smithi139.stdout:/usr/bin/ceph: stderr
2024-02-19T18:52:44.689+0000 7fcd2ffff700 1 --2- >> [v2:172.21.15.139:3300/0,v1:172.21.15.139:6789/0] conn(0x7fcd30104630 0x7fcd3019a060 unknown :-1 s=BANNER_CONNECTING pgs=0 cs=0 l=1 rev1=0 crypto rx=0 tx=0 comp rx=0 tx=0)._handle_peer_banner_payload supported=3 required=0
2024-02-19T18:52:45.500 INFO:teuthology.orchestra.run.smithi139.stdout:/usr/bin/ceph: stderr
2024-02-19T18:52:44.689+0000 7fcd2ffff700 1 --2- >> [v2:172.21.15.139:3300/0,v1:172.21.15.139:6789/0] conn(0x7fcd30104630 0x7fcd3019a060 unknown :-1 s=HELLO_CONNECTING pgs=0 cs=0 l=1 rev1=1 crypto rx=0 tx=0 comp rx=0 tx=0).handle_hello peer v2:172.21.15.139:3300/0 says I am v2:172.21.15.139:46544/0 (socket says 172.21.15.139:46544)
2024-02-19T18:52:45.501 INFO:teuthology.orchestra.run.smithi139.stdout:/usr/bin/ceph: stderr
2024-02-19T18:52:44.689+0000 7fcd2ffff700 1 -- 172.21.15.139:0/1207328769 learned_addr learned my addr 172.21.15.139:0/1207328769 (peer_addr_for_me v2:172.21.15.139:0/0)
2024-02-19T18:52:45.501 INFO:teuthology.orchestra.run.smithi139.stdout:/usr/bin/ceph: stderr
2024-02-19T18:52:44.690+0000 7fcd2ffff700 1 -- 172.21.15.139:0/1207328769 --> [v2:172.21.15.139:3300/0,v1:172.21.15.139:6789/0] -- mon_subscribe({config=0+,monmap=0+}) v3 -- 0x7fcd24009550 con 0x7fcd30104630
2024-02-19T18:52:45.501 INFO:teuthology.orchestra.run.smithi139.stdout:/usr/bin/ceph: stderr
2024-02-19T18:52:44.690+0000 7fcd2ffff700 1 --2- 172.21.15.139:0/1207328769 >> [v2:172.21.15.139:3300/0,v1:172.21.15.139:6789/0] conn(0x7fcd30104630 0x7fcd3019a060 secure :-1 s=READY pgs=38 cs=0 l=1 rev1=1 crypto rx=0x7fcd24011710 tx=0x7fcd240047c0 comp rx=0 tx=0).ready entity=mon.0 client_cookie=0 server_cookie=0 in_seq=0 out_seq=0
2024-02-19T18:52:45.501 INFO:teuthology.orchestra.run.smithi139.stdout:/usr/bin/ceph: stderr
2024-02-19T18:52:44.690+0000 7fcd2d7fa700 1 -- 172.21.15.139:0/1207328769 <== mon.0 v2:172.21.15.139:3300/0 1 ==== mon_map magic: 0 v1 ==== 229+0+0 (secure 0 0 0) 0x7fcd24003b10 con 0x7fcd30104630
2024-02-19T18:52:45.501 INFO:teuthology.orchestra.run.smithi139.stdout:/usr/bin/ceph: stderr
2024-02-19T18:52:44.690+0000 7fcd2d7fa700 1 -- 172.21.15.139:0/1207328769 <== mon.0 v2:172.21.15.139:3300/0 2 ==== config(27 keys) v1 ==== 1042+0+0 (secure 0 0 0) 0x7fcd2401b8c0 con 0x7fcd30104630
2024-02-19T18:52:45.501 INFO:teuthology.orchestra.run.smithi139.stdout:/usr/bin/ceph: stderr
2024-02-19T18:52:44.690+0000 7fcd2d7fa700 1 -- 172.21.15.139:0/1207328769 <== mon.0 v2:172.21.15.139:3300/0 3 ==== mon_map magic: 0 v1 ==== 229+0+0 (secure 0 0 0) 0x7fcd24019710 con 0x7fcd30104630
2024-02-19T18:52:45.501 INFO:teuthology.orchestra.run.smithi139.stdout:/usr/bin/ceph: stderr
2024-02-19T18:52:44.690+0000 7fcd362bf700 1 -- 172.21.15.139:0/1207328769 --> [v2:172.21.15.139:3300/0,v1:172.21.15.139:6789/0] -- mon_subscribe({mgrmap=0+}) v3 -- 0x7fcd3019a7a0 con 0x7fcd30104630
2024-02-19T18:52:45.501 INFO:teuthology.orchestra.run.smithi139.stdout:/usr/bin/ceph: stderr
2024-02-19T18:52:44.690+0000 7fcd362bf700 1 -- 172.21.15.139:0/1207328769 --> [v2:172.21.15.139:3300/0,v1:172.21.15.139:6789/0] -- mon_subscribe({osdmap=0}) v3 -- 0x7fcd3019ac40 con 0x7fcd30104630
2024-02-19T18:52:45.501 INFO:teuthology.orchestra.run.smithi139.stdout:/usr/bin/ceph: stderr
2024-02-19T18:52:44.691+0000 7fcd2d7fa700 1 -- 172.21.15.139:0/1207328769 <== mon.0 v2:172.21.15.139:3300/0 4 ==== mgrmap(e 7) v1 ==== 45446+0+0 (secure 0 0 0) 0x7fcd240198c0 con 0x7fcd30104630
2024-02-19T18:52:45.501 INFO:teuthology.orchestra.run.smithi139.stdout:/usr/bin/ceph: stderr
2024-02-19T18:52:44.691+0000 7fcd2d7fa700 1 --2- 172.21.15.139:0/1207328769 >> [v2:172.21.15.139:6800/1816107105,v1:172.21.15.139:6801/1816107105] conn(0x7fcd18038610 0x7fcd1803aad0 unknown :-1 s=NONE pgs=0 cs=0 l=1 rev1=0 crypto rx=0 tx=0 comp rx=0 tx=0).connect
2024-02-19T18:52:45.501 INFO:teuthology.orchestra.run.smithi139.stdout:/usr/bin/ceph: stderr
2024-02-19T18:52:44.691+0000 7fcd2d7fa700 1 -- 172.21.15.139:0/1207328769 <== mon.0 v2:172.21.15.139:3300/0 5 ==== osd_map(2..2 src has 1..2) v4 ==== 940+0+0 (secure 0 0 0) 0x7fcd2404d8b0 con 0x7fcd30104630
2024-02-19T18:52:45.501 INFO:teuthology.orchestra.run.smithi139.stdout:/usr/bin/ceph: stderr
2024-02-19T18:52:44.691+0000 7fcd2f7fe700 1 --2- 172.21.15.139:0/1207328769 >> [v2:172.21.15.139:6800/1816107105,v1:172.21.15.139:6801/1816107105] conn(0x7fcd18038610 0x7fcd1803aad0 unknown :-1 s=BANNER_CONNECTING pgs=0 cs=0 l=1 rev1=0 crypto rx=0 tx=0 comp rx=0 tx=0)._handle_peer_banner_payload supported=3 required=0
2024-02-19T18:52:45.501 INFO:teuthology.orchestra.run.smithi139.stdout:/usr/bin/ceph: stderr
2024-02-19T18:52:44.691+0000 7fcd362bf700 1 -- 172.21.15.139:0/1207328769 --> [v2:172.21.15.139:3300/0,v1:172.21.15.139:6789/0] -- mon_command({"prefix": "get_command_descriptions"} v 0) v1 -- 0x7fcd300623a0 con 0x7fcd30104630
2024-02-19T18:52:45.502 INFO:teuthology.orchestra.run.smithi139.stdout:/usr/bin/ceph: stderr
2024-02-19T18:52:44.691+0000 7fcd2f7fe700 1 --2- 172.21.15.139:0/1207328769 >> [v2:172.21.15.139:6800/1816107105,v1:172.21.15.139:6801/1816107105] conn(0x7fcd18038610 0x7fcd1803aad0 secure :-1 s=READY pgs=7 cs=0 l=1 rev1=1 crypto rx=0x7fcd20006fd0 tx=0x7fcd20006e40 comp rx=0 tx=0).ready entity=mgr.14120 client_cookie=0 server_cookie=0 in_seq=0 out_seq=0
2024-02-19T18:52:45.502 INFO:teuthology.orchestra.run.smithi139.stdout:/usr/bin/ceph: stderr
2024-02-19T18:52:44.696+0000 7fcd2d7fa700 1 -- 172.21.15.139:0/1207328769 <== mon.0 v2:172.21.15.139:3300/0 6 ==== mon_command_ack([{"prefix": "get_command_descriptions"}]=0 v0) v1 ==== 72+0+182595 (secure 0 0 0) 0x7fcd24018db0 con 0x7fcd30104630
2024-02-19T18:52:45.502 INFO:teuthology.orchestra.run.smithi139.stdout:/usr/bin/ceph: stderr
2024-02-19T18:52:44.734+0000 7fcd2d7fa700 1 -- 172.21.15.139:0/1207328769 <== mon.0 v2:172.21.15.139:3300/0 7 ==== mgrmap(e 8) v1 ==== 45552+0+0 (secure 0 0 0) 0x7fcd2401a8f0 con 0x7fcd30104630
2024-02-19T18:52:45.502 INFO:teuthology.orchestra.run.smithi139.stdout:/usr/bin/ceph: stderr
2024-02-19T18:52:44.904+0000 7fcd362bf700 1 -- 172.21.15.139:0/1207328769 --> [v2:172.21.15.139:6800/1816107105,v1:172.21.15.139:6801/1816107105] -- mgr_command(tid 0: {"prefix": "orch set backend", "module_name": "cephadm", "target": ["mon-mgr", ""]}) v1 -- 0x7fcd301011c0 con 0x7fcd18038610
2024-02-19T18:52:45.502 INFO:teuthology.orchestra.run.smithi139.stdout:/usr/bin/ceph: stderr
2024-02-19T18:52:44.912+0000 7fcd2d7fa700 1 -- 172.21.15.139:0/1207328769 <== mgr.14120 v2:172.21.15.139:6800/1816107105 1 ==== mgr_command_reply(tid 0: 0 ) v1 ==== 8+0+0 (secure 0 0 0) 0x7fcd301011c0 con 0x7fcd18038610
2024-02-19T18:52:45.502 INFO:teuthology.orchestra.run.smithi139.stdout:/usr/bin/ceph: stderr
2024-02-19T18:52:44.914+0000 7fcd362bf700 1 -- 172.21.15.139:0/1207328769 >> [v2:172.21.15.139:6800/1816107105,v1:172.21.15.139:6801/1816107105] conn(0x7fcd18038610 msgr2=0x7fcd1803aad0 secure :-1 s=STATE_CONNECTION_ESTABLISHED l=1).mark_down
2024-02-19T18:52:45.502 INFO:teuthology.orchestra.run.smithi139.stdout:/usr/bin/ceph: stderr
2024-02-19T18:52:44.914+0000 7fcd362bf700 1 --2- 172.21.15.139:0/1207328769 >> [v2:172.21.15.139:6800/1816107105,v1:172.21.15.139:6801/1816107105] conn(0x7fcd18038610 0x7fcd1803aad0 secure :-1 s=READY pgs=7 cs=0 l=1 rev1=1 crypto rx=0x7fcd20006fd0 tx=0x7fcd20006e40 comp rx=0 tx=0).stop
2024-02-19T18:52:45.502 INFO:teuthology.orchestra.run.smithi139.stdout:/usr/bin/ceph: stderr
2024-02-19T18:52:44.915+0000 7fcd362bf700 1 -- 172.21.15.139:0/1207328769 >> [v2:172.21.15.139:3300/0,v1:172.21.15.139:6789/0] conn(0x7fcd30104630 msgr2=0x7fcd3019a060 secure :-1 s=STATE_CONNECTION_ESTABLISHED l=1).mark_down
2024-02-19T18:52:45.502 INFO:teuthology.orchestra.run.smithi139.stdout:/usr/bin/ceph: stderr
2024-02-19T18:52:44.915+0000 7fcd362bf700 1 --2- 172.21.15.139:0/1207328769 >> [v2:172.21.15.139:3300/0,v1:172.21.15.139:6789/0] conn(0x7fcd30104630 0x7fcd3019a060 secure :-1 s=READY pgs=38 cs=0 l=1 rev1=1 crypto rx=0x7fcd24011710 tx=0x7fcd240047c0 comp rx=0 tx=0).stop
2024-02-19T18:52:45.502 INFO:teuthology.orchestra.run.smithi139.stdout:/usr/bin/ceph: stderr
2024-02-19T18:52:44.915+0000 7fcd362bf700 1 -- 172.21.15.139:0/1207328769 shutdown_connections
2024-02-19T18:52:45.502 INFO:teuthology.orchestra.run.smithi139.stdout:/usr/bin/ceph: stderr
2024-02-19T18:52:44.915+0000 7fcd362bf700 1 --2- 172.21.15.139:0/1207328769 >> [v2:172.21.15.139:6800/1816107105,v1:172.21.15.139:6801/1816107105] conn(0x7fcd18038610 0x7fcd1803aad0 unknown :-1 s=CLOSED pgs=7 cs=0 l=1 rev1=1 crypto rx=0 tx=0 comp rx=0 tx=0).stop
2024-02-19T18:52:45.502 INFO:teuthology.orchestra.run.smithi139.stdout:/usr/bin/ceph: stderr
2024-02-19T18:52:44.915+0000 7fcd362bf700 1 --2- 172.21.15.139:0/1207328769 >> [v2:172.21.15.139:3300/0,v1:172.21.15.139:6789/0] conn(0x7fcd30104630 0x7fcd3019a060 unknown :-1 s=CLOSED pgs=38 cs=0 l=1 rev1=1 crypto rx=0 tx=0 comp rx=0 tx=0).stop
2024-02-19T18:52:45.502 INFO:teuthology.orchestra.run.smithi139.stdout:/usr/bin/ceph: stderr
2024-02-19T18:52:44.915+0000 7fcd362bf700 1 -- 172.21.15.139:0/1207328769 >> 172.21.15.139:0/1207328769 conn(0x7fcd300fffa0 msgr2=0x7fcd30100ab0 unknown :-1 s=STATE_NONE l=0).mark_down
2024-02-19T18:52:45.502 INFO:teuthology.orchestra.run.smithi139.stdout:/usr/bin/ceph: stderr
2024-02-19T18:52:44.915+0000 7fcd362bf700 1 -- 172.21.15.139:0/1207328769 shutdown_connections
2024-02-19T18:52:45.503 INFO:teuthology.orchestra.run.smithi139.stdout:/usr/bin/ceph: stderr
2024-02-19T18:52:44.915+0000 7fcd362bf700 1 -- 172.21.15.139:0/1207328769 wait complete.
2024-02-19T18:52:46.140 INFO:journalctl@ceph.mon.smithi139.smithi139.stdout:Feb 19 18:52:45 smithi139 ceph-mon[29340]: [19/Feb/2024:18:52:43] ENGINE Serving on http://172.21.15.139:8765
2024-02-19T18:52:46.141 INFO:journalctl@ceph.mon.smithi139.smithi139.stdout:Feb 19 18:52:45 smithi139 ceph-mon[29340]: [19/Feb/2024:18:52:43] ENGINE Bus STARTED
2024-02-19T18:52:46.141 INFO:journalctl@ceph.mon.smithi139.smithi139.stdout:Feb 19 18:52:45 smithi139 ceph-mon[29340]: mgrmap e8: smithi139.crreww(active, since 2s)
2024-02-19T18:52:46.141 INFO:journalctl@ceph.mon.smithi139.smithi139.stdout:Feb 19 18:52:45 smithi139 ceph-mon[29340]: from='client.14132 -' entity='client.admin' cmd=[{"prefix": "orch set backend", "module_name": "cephadm", "target": ["mon-mgr", ""]}]: dispatch
2024-02-19T18:52:46.141 INFO:journalctl@ceph.mon.smithi139.smithi139.stdout:Feb 19 18:52:45 smithi139 ceph-mon[29340]: from='mgr.14120 172.21.15.139:0/1263607154' entity='mgr.smithi139.crreww'
2024-02-19T18:52:46.141 INFO:journalctl@ceph.mon.smithi139.smithi139.stdout:Feb 19 18:52:45 smithi139 ceph-mon[29340]: from='mgr.14120 172.21.15.139:0/1263607154' entity='mgr.smithi139.crreww' cmd=[{"prefix": "config dump", "format": "json"}]: dispatch
2024-02-19T18:52:46.697 INFO:teuthology.orchestra.run.smithi139.stdout:/usr/bin/ceph: stdout value unchanged
2024-02-19T18:52:46.697 INFO:teuthology.orchestra.run.smithi139.stdout:/usr/bin/ceph: stderr
2024-02-19T18:52:45.947+0000 7f18768e9700 1 Processor -- start
2024-02-19T18:52:46.697 INFO:teuthology.orchestra.run.smithi139.stdout:/usr/bin/ceph: stderr
2024-02-19T18:52:45.947+0000 7f18768e9700 1 -- start start
2024-02-19T18:52:46.697 INFO:teuthology.orchestra.run.smithi139.stdout:/usr/bin/ceph: stderr
2024-02-19T18:52:45.947+0000 7f18768e9700 1 --2- >> [v2:172.21.15.139:3300/0,v1:172.21.15.139:6789/0] conn(0x7f187007bea0 0x7f187007a300 unknown :-1 s=NONE pgs=0 cs=0 l=0 rev1=0 crypto rx=0 tx=0 comp rx=0 tx=0).connect
2024-02-19T18:52:46.697 INFO:teuthology.orchestra.run.smithi139.stdout:/usr/bin/ceph: stderr
2024-02-19T18:52:45.947+0000 7f18768e9700 1 -- --> [v2:172.21.15.139:3300/0,v1:172.21.15.139:6789/0] -- mon_getmap magic: 0 v1 -- 0x7f187007a8d0 con 0x7f187007bea0
2024-02-19T18:52:46.697 INFO:teuthology.orchestra.run.smithi139.stdout:/usr/bin/ceph: stderr
2024-02-19T18:52:45.947+0000 7f186ffff700 1 --2- >> [v2:172.21.15.139:3300/0,v1:172.21.15.139:6789/0] conn(0x7f187007bea0 0x7f187007a300 unknown :-1 s=BANNER_CONNECTING pgs=0 cs=0 l=0 rev1=0 crypto rx=0 tx=0 comp rx=0 tx=0)._handle_peer_banner_payload supported=3 required=0
2024-02-19T18:52:46.697 INFO:teuthology.orchestra.run.smithi139.stdout:/usr/bin/ceph: stderr
2024-02-19T18:52:45.947+0000 7f186ffff700 1 --2- >> [v2:172.21.15.139:3300/0,v1:172.21.15.139:6789/0] conn(0x7f187007bea0 0x7f187007a300 unknown :-1 s=HELLO_CONNECTING pgs=0 cs=0 l=0 rev1=1 crypto rx=0 tx=0 comp rx=0 tx=0).handle_hello peer v2:172.21.15.139:3300/0 says I am v2:172.21.15.139:46552/0 (socket says 172.21.15.139:46552)
2024-02-19T18:52:46.698 INFO:teuthology.orchestra.run.smithi139.stdout:/usr/bin/ceph: stderr
2024-02-19T18:52:45.947+0000 7f186ffff700 1 -- 172.21.15.139:0/316960426 learned_addr learned my addr 172.21.15.139:0/316960426 (peer_addr_for_me v2:172.21.15.139:0/0)
2024-02-19T18:52:46.698 INFO:teuthology.orchestra.run.smithi139.stdout:/usr/bin/ceph: stderr
2024-02-19T18:52:45.947+0000 7f186ffff700 1 -- 172.21.15.139:0/316960426 --> [v2:172.21.15.139:3300/0,v1:172.21.15.139:6789/0] -- mon_subscribe({config=0+,monmap=0+}) v3 -- 0x7f187007aa10 con 0x7f187007bea0
2024-02-19T18:52:46.698 INFO:teuthology.orchestra.run.smithi139.stdout:/usr/bin/ceph: stderr
2024-02-19T18:52:45.947+0000 7f186ffff700 1 --2- 172.21.15.139:0/316960426 >> [v2:172.21.15.139:3300/0,v1:172.21.15.139:6789/0] conn(0x7f187007bea0 0x7f187007a300 secure :-1 s=READY pgs=39 cs=0 l=1 rev1=1 crypto rx=0x7f18600098a0 tx=0x7f1860009bb0 comp rx=0 tx=0).ready entity=mon.0 client_cookie=d91704bd881a98a server_cookie=0 in_seq=0 out_seq=0
2024-02-19T18:52:46.698 INFO:teuthology.orchestra.run.smithi139.stdout:/usr/bin/ceph: stderr
2024-02-19T18:52:45.947+0000 7f186effd700 1 -- 172.21.15.139:0/316960426 <== mon.0 v2:172.21.15.139:3300/0 1 ==== mon_map magic: 0 v1 ==== 229+0+0 (secure 0 0 0) 0x7f1860004180 con 0x7f187007bea0
2024-02-19T18:52:46.698 INFO:teuthology.orchestra.run.smithi139.stdout:/usr/bin/ceph: stderr
2024-02-19T18:52:45.948+0000 7f186effd700 1 -- 172.21.15.139:0/316960426 <== mon.0 v2:172.21.15.139:3300/0 2 ==== config(27 keys) v1 ==== 1042+0+0 (secure 0 0 0) 0x7f18600042e0 con 0x7f187007bea0
2024-02-19T18:52:46.698 INFO:teuthology.orchestra.run.smithi139.stdout:/usr/bin/ceph: stderr
2024-02-19T18:52:45.948+0000 7f186effd700 1 -- 172.21.15.139:0/316960426 <== mon.0 v2:172.21.15.139:3300/0 3 ==== mon_map magic: 0 v1 ==== 229+0+0 (secure 0 0 0) 0x7f1860011a70 con 0x7f187007bea0
2024-02-19T18:52:46.698 INFO:teuthology.orchestra.run.smithi139.stdout:/usr/bin/ceph: stderr
2024-02-19T18:52:45.948+0000 7f18768e9700 1 -- 172.21.15.139:0/316960426 >> [v2:172.21.15.139:3300/0,v1:172.21.15.139:6789/0] conn(0x7f187007bea0 msgr2=0x7f187007a300 secure :-1 s=STATE_CONNECTION_ESTABLISHED l=1).mark_down
2024-02-19T18:52:46.698 INFO:teuthology.orchestra.run.smithi139.stdout:/usr/bin/ceph: stderr
2024-02-19T18:52:45.948+0000 7f18768e9700 1 --2- 172.21.15.139:0/316960426 >> [v2:172.21.15.139:3300/0,v1:172.21.15.139:6789/0] conn(0x7f187007bea0 0x7f187007a300 secure :-1 s=READY pgs=39 cs=0 l=1 rev1=1 crypto rx=0x7f18600098a0 tx=0x7f1860009bb0 comp rx=0 tx=0).stop
2024-02-19T18:52:46.698 INFO:teuthology.orchestra.run.smithi139.stdout:/usr/bin/ceph: stderr
2024-02-19T18:52:45.948+0000 7f18768e9700 1 -- 172.21.15.139:0/316960426 shutdown_connections
2024-02-19T18:52:46.698 INFO:teuthology.orchestra.run.smithi139.stdout:/usr/bin/ceph: stderr
2024-02-19T18:52:45.948+0000 7f18768e9700 1 --2- 172.21.15.139:0/316960426 >> [v2:172.21.15.139:3300/0,v1:172.21.15.139:6789/0] conn(0x7f187007bea0 0x7f187007a300 unknown :-1 s=CLOSED pgs=39 cs=0 l=1 rev1=1 crypto rx=0 tx=0 comp rx=0 tx=0).stop
2024-02-19T18:52:46.698 INFO:teuthology.orchestra.run.smithi139.stdout:/usr/bin/ceph: stderr
2024-02-19T18:52:45.948+0000 7f18768e9700 1 -- 172.21.15.139:0/316960426 >> 172.21.15.139:0/316960426 conn(0x7f18701018c0 msgr2=0x7f1870103d20 unknown :-1 s=STATE_NONE l=0).mark_down
2024-02-19T18:52:46.698 INFO:teuthology.orchestra.run.smithi139.stdout:/usr/bin/ceph: stderr
2024-02-19T18:52:45.948+0000 7f18768e9700 1 -- 172.21.15.139:0/316960426 shutdown_connections
2024-02-19T18:52:46.698 INFO:teuthology.orchestra.run.smithi139.stdout:/usr/bin/ceph: stderr
2024-02-19T18:52:45.948+0000 7f18768e9700 1 -- 172.21.15.139:0/316960426 wait complete.
2024-02-19T18:52:46.698 INFO:teuthology.orchestra.run.smithi139.stdout:/usr/bin/ceph: stderr
2024-02-19T18:52:45.949+0000 7f18768e9700 1 Processor -- start
2024-02-19T18:52:46.699 INFO:teuthology.orchestra.run.smithi139.stdout:/usr/bin/ceph: stderr
2024-02-19T18:52:45.949+0000 7f18768e9700 1 -- start start
2024-02-19T18:52:46.699 INFO:teuthology.orchestra.run.smithi139.stdout:/usr/bin/ceph: stderr
2024-02-19T18:52:45.949+0000 7f18768e9700 1 --2- >> [v2:172.21.15.139:3300/0,v1:172.21.15.139:6789/0] conn(0x7f187007bea0 0x7f187019c5c0 unknown :-1 s=NONE pgs=0 cs=0 l=1 rev1=0 crypto rx=0 tx=0 comp rx=0 tx=0).connect
2024-02-19T18:52:46.699 INFO:teuthology.orchestra.run.smithi139.stdout:/usr/bin/ceph: stderr
2024-02-19T18:52:45.949+0000 7f18768e9700 1 -- --> [v2:172.21.15.139:3300/0,v1:172.21.15.139:6789/0] -- mon_getmap magic: 0 v1 -- 0x7f187019cb00 con 0x7f187007bea0
2024-02-19T18:52:46.699 INFO:teuthology.orchestra.run.smithi139.stdout:/usr/bin/ceph: stderr
2024-02-19T18:52:45.949+0000 7f186ffff700 1 --2- >> [v2:172.21.15.139:3300/0,v1:172.21.15.139:6789/0] conn(0x7f187007bea0 0x7f187019c5c0 unknown :-1 s=BANNER_CONNECTING pgs=0 cs=0 l=1 rev1=0 crypto rx=0 tx=0 comp rx=0 tx=0)._handle_peer_banner_payload supported=3 required=0
2024-02-19T18:52:46.699 INFO:teuthology.orchestra.run.smithi139.stdout:/usr/bin/ceph: stderr
2024-02-19T18:52:45.949+0000 7f186ffff700 1 --2- >> [v2:172.21.15.139:3300/0,v1:172.21.15.139:6789/0] conn(0x7f187007bea0 0x7f187019c5c0 unknown :-1 s=HELLO_CONNECTING pgs=0 cs=0 l=1 rev1=1 crypto rx=0 tx=0 comp rx=0 tx=0).handle_hello peer v2:172.21.15.139:3300/0 says I am v2:172.21.15.139:46558/0 (socket says 172.21.15.139:46558)
2024-02-19T18:52:46.699 INFO:teuthology.orchestra.run.smithi139.stdout:/usr/bin/ceph: stderr
2024-02-19T18:52:45.949+0000 7f186ffff700 1 -- 172.21.15.139:0/2742708262 learned_addr learned my addr 172.21.15.139:0/2742708262 (peer_addr_for_me v2:172.21.15.139:0/0)
2024-02-19T18:52:46.699 INFO:teuthology.orchestra.run.smithi139.stdout:/usr/bin/ceph: stderr
2024-02-19T18:52:45.949+0000 7f186ffff700 1 -- 172.21.15.139:0/2742708262 --> [v2:172.21.15.139:3300/0,v1:172.21.15.139:6789/0] -- mon_subscribe({config=0+,monmap=0+}) v3 -- 0x7f1860009550 con 0x7f187007bea0
2024-02-19T18:52:46.699 INFO:teuthology.orchestra.run.smithi139.stdout:/usr/bin/ceph: stderr
2024-02-19T18:52:45.950+0000 7f186ffff700 1 --2- 172.21.15.139:0/2742708262 >> [v2:172.21.15.139:3300/0,v1:172.21.15.139:6789/0] conn(0x7f187007bea0 0x7f187019c5c0 secure :-1 s=READY pgs=40 cs=0 l=1 rev1=1 crypto rx=0x7f1860011710 tx=0x7f18600047c0 comp rx=0 tx=0).ready entity=mon.0 client_cookie=0 server_cookie=0 in_seq=0 out_seq=0
2024-02-19T18:52:46.699 INFO:teuthology.orchestra.run.smithi139.stdout:/usr/bin/ceph: stderr
2024-02-19T18:52:45.950+0000 7f186d7fa700 1 -- 172.21.15.139:0/2742708262 <== mon.0 v2:172.21.15.139:3300/0 1 ==== mon_map magic: 0 v1 ==== 229+0+0 (secure 0 0 0) 0x7f1860003b10 con 0x7f187007bea0
2024-02-19T18:52:46.699 INFO:teuthology.orchestra.run.smithi139.stdout:/usr/bin/ceph: stderr
2024-02-19T18:52:45.950+0000 7f186d7fa700 1 -- 172.21.15.139:0/2742708262 <== mon.0 v2:172.21.15.139:3300/0 2 ==== config(27 keys) v1 ==== 1042+0+0 (secure 0 0 0) 0x7f186001b8c0 con 0x7f187007bea0
2024-02-19T18:52:46.699 INFO:teuthology.orchestra.run.smithi139.stdout:/usr/bin/ceph: stderr
2024-02-19T18:52:45.950+0000 7f18768e9700 1 -- 172.21.15.139:0/2742708262 --> [v2:172.21.15.139:3300/0,v1:172.21.15.139:6789/0] -- mon_subscribe({mgrmap=0+}) v3 -- 0x7f187019cd00 con 0x7f187007bea0
2024-02-19T18:52:46.699 INFO:teuthology.orchestra.run.smithi139.stdout:/usr/bin/ceph: stderr
2024-02-19T18:52:45.950+0000 7f186d7fa700 1 -- 172.21.15.139:0/2742708262 <== mon.0 v2:172.21.15.139:3300/0 3 ==== mon_map magic: 0 v1 ==== 229+0+0 (secure 0 0 0) 0x7f1860019710 con 0x7f187007bea0
2024-02-19T18:52:46.699 INFO:teuthology.orchestra.run.smithi139.stdout:/usr/bin/ceph: stderr
2024-02-19T18:52:45.950+0000 7f18768e9700 1 -- 172.21.15.139:0/2742708262 --> [v2:172.21.15.139:3300/0,v1:172.21.15.139:6789/0] -- mon_subscribe({osdmap=0}) v3 -- 0x7f187019d1a0 con 0x7f187007bea0
2024-02-19T18:52:46.699 INFO:teuthology.orchestra.run.smithi139.stdout:/usr/bin/ceph: stderr
2024-02-19T18:52:45.951+0000 7f186d7fa700 1 -- 172.21.15.139:0/2742708262 <== mon.0 v2:172.21.15.139:3300/0 4 ==== mgrmap(e 8) v1 ==== 45552+0+0 (secure 0 0 0) 0x7f186001b440 con 0x7f187007bea0
2024-02-19T18:52:46.700 INFO:teuthology.orchestra.run.smithi139.stdout:/usr/bin/ceph: stderr
2024-02-19T18:52:45.951+0000 7f186d7fa700 1 --2- 172.21.15.139:0/2742708262 >> [v2:172.21.15.139:6800/1816107105,v1:172.21.15.139:6801/1816107105] conn(0x7f1858038730 0x7f185803abf0 unknown :-1 s=NONE pgs=0 cs=0 l=1 rev1=0 crypto rx=0 tx=0 comp rx=0 tx=0).connect
2024-02-19T18:52:46.700 INFO:teuthology.orchestra.run.smithi139.stdout:/usr/bin/ceph: stderr
2024-02-19T18:52:45.951+0000 7f186d7fa700 1 -- 172.21.15.139:0/2742708262 <== mon.0 v2:172.21.15.139:3300/0 5 ==== osd_map(2..2 src has 1..2) v4 ==== 940+0+0 (secure 0 0 0) 0x7f186004ca50 con 0x7f187007bea0
2024-02-19T18:52:46.700 INFO:teuthology.orchestra.run.smithi139.stdout:/usr/bin/ceph: stderr
2024-02-19T18:52:45.951+0000 7f18768e9700 1 -- 172.21.15.139:0/2742708262 --> [v2:172.21.15.139:3300/0,v1:172.21.15.139:6789/0] -- mon_command({"prefix": "get_command_descriptions"} v 0) v1 -- 0x7f1870196340 con 0x7f187007bea0
2024-02-19T18:52:46.700 INFO:teuthology.orchestra.run.smithi139.stdout:/usr/bin/ceph: stderr
2024-02-19T18:52:45.951+0000 7f186f7fe700 1 --2- 172.21.15.139:0/2742708262 >> [v2:172.21.15.139:6800/1816107105,v1:172.21.15.139:6801/1816107105] conn(0x7f1858038730 0x7f185803abf0 unknown :-1 s=BANNER_CONNECTING pgs=0 cs=0 l=1 rev1=0 crypto rx=0 tx=0 comp rx=0 tx=0)._handle_peer_banner_payload supported=3 required=0
2024-02-19T18:52:46.700 INFO:teuthology.orchestra.run.smithi139.stdout:/usr/bin/ceph: stderr
2024-02-19T18:52:45.951+0000 7f186f7fe700 1 --2- 172.21.15.139:0/2742708262 >> [v2:172.21.15.139:6800/1816107105,v1:172.21.15.139:6801/1816107105] conn(0x7f1858038730 0x7f185803abf0 secure :-1 s=READY pgs=8 cs=0 l=1 rev1=1 crypto rx=0x7f1864006fd0 tx=0x7f1864006e40 comp rx=0 tx=0).ready entity=mgr.14120 client_cookie=0 server_cookie=0 in_seq=0 out_seq=0
2024-02-19T18:52:46.700 INFO:teuthology.orchestra.run.smithi139.stdout:/usr/bin/ceph: stderr
2024-02-19T18:52:45.956+0000 7f186d7fa700 1 -- 172.21.15.139:0/2742708262 <== mon.0 v2:172.21.15.139:3300/0 6 ==== mon_command_ack([{"prefix": "get_command_descriptions"}]=0 v0) v1 ==== 72+0+182595 (secure 0 0 0) 0x7f186001a3d0 con 0x7f187007bea0
2024-02-19T18:52:46.700 INFO:teuthology.orchestra.run.smithi139.stdout:/usr/bin/ceph: stderr
2024-02-19T18:52:46.149+0000 7f18768e9700 1 -- 172.21.15.139:0/2742708262 --> [v2:172.21.15.139:6800/1816107105,v1:172.21.15.139:6801/1816107105] -- mgr_command(tid 0: {"prefix": "cephadm set-user", "user": "root", "target": ["mon-mgr", ""]}) v1 -- 0x7f18700611b0 con 0x7f1858038730
2024-02-19T18:52:46.700 INFO:teuthology.orchestra.run.smithi139.stdout:/usr/bin/ceph: stderr
2024-02-19T18:52:46.150+0000 7f186d7fa700 1 -- 172.21.15.139:0/2742708262 <== mgr.14120 v2:172.21.15.139:6800/1816107105 1 ==== mgr_command_reply(tid 0: 0 ) v1 ==== 8+0+16 (secure 0 0 0) 0x7f18700611b0 con 0x7f1858038730
2024-02-19T18:52:46.700 INFO:teuthology.orchestra.run.smithi139.stdout:/usr/bin/ceph: stderr
2024-02-19T18:52:46.152+0000 7f18768e9700 1 -- 172.21.15.139:0/2742708262 >> [v2:172.21.15.139:6800/1816107105,v1:172.21.15.139:6801/1816107105] conn(0x7f1858038730 msgr2=0x7f185803abf0 secure :-1 s=STATE_CONNECTION_ESTABLISHED l=1).mark_down
2024-02-19T18:52:46.700 INFO:teuthology.orchestra.run.smithi139.stdout:/usr/bin/ceph: stderr
2024-02-19T18:52:46.152+0000 7f18768e9700 1 --2- 172.21.15.139:0/2742708262 >> [v2:172.21.15.139:6800/1816107105,v1:172.21.15.139:6801/1816107105] conn(0x7f1858038730 0x7f185803abf0 secure :-1 s=READY pgs=8 cs=0 l=1 rev1=1 crypto rx=0x7f1864006fd0 tx=0x7f1864006e40 comp rx=0 tx=0).stop
2024-02-19T18:52:46.700 INFO:teuthology.orchestra.run.smithi139.stdout:/usr/bin/ceph: stderr
2024-02-19T18:52:46.152+0000 7f18768e9700 1 -- 172.21.15.139:0/2742708262 >> [v2:172.21.15.139:3300/0,v1:172.21.15.139:6789/0] conn(0x7f187007bea0 msgr2=0x7f187019c5c0 secure :-1 s=STATE_CONNECTION_ESTABLISHED l=1).mark_down
2024-02-19T18:52:46.700 INFO:teuthology.orchestra.run.smithi139.stdout:/usr/bin/ceph: stderr
2024-02-19T18:52:46.152+0000 7f18768e9700 1 --2- 172.21.15.139:0/2742708262 >> [v2:172.21.15.139:3300/0,v1:172.21.15.139:6789/0] conn(0x7f187007bea0 0x7f187019c5c0 secure :-1 s=READY pgs=40 cs=0 l=1 rev1=1 crypto rx=0x7f1860011710 tx=0x7f18600047c0 comp rx=0 tx=0).stop
2024-02-19T18:52:46.700 INFO:teuthology.orchestra.run.smithi139.stdout:/usr/bin/ceph: stderr
2024-02-19T18:52:46.152+0000 7f18768e9700 1 -- 172.21.15.139:0/2742708262 shutdown_connections
2024-02-19T18:52:46.701 INFO:teuthology.orchestra.run.smithi139.stdout:/usr/bin/ceph: stderr
2024-02-19T18:52:46.152+0000 7f18768e9700 1 --2- 172.21.15.139:0/2742708262 >> [v2:172.21.15.139:6800/1816107105,v1:172.21.15.139:6801/1816107105] conn(0x7f1858038730 0x7f185803abf0 unknown :-1 s=CLOSED pgs=8 cs=0 l=1 rev1=1 crypto rx=0 tx=0 comp rx=0 tx=0).stop
2024-02-19T18:52:46.701 INFO:teuthology.orchestra.run.smithi139.stdout:/usr/bin/ceph: stderr
2024-02-19T18:52:46.152+0000 7f18768e9700 1 --2- 172.21.15.139:0/2742708262 >> [v2:172.21.15.139:3300/0,v1:172.21.15.139:6789/0] conn(0x7f187007bea0 0x7f187019c5c0 unknown :-1 s=CLOSED pgs=40 cs=0 l=1 rev1=1 crypto rx=0 tx=0 comp rx=0 tx=0).stop
2024-02-19T18:52:46.701 INFO:teuthology.orchestra.run.smithi139.stdout:/usr/bin/ceph: stderr
2024-02-19T18:52:46.152+0000 7f18768e9700 1 -- 172.21.15.139:0/2742708262 >> 172.21.15.139:0/2742708262 conn(0x7f18701018c0 msgr2=0x7f18701026d0 unknown :-1 s=STATE_NONE l=0).mark_down
2024-02-19T18:52:46.701 INFO:teuthology.orchestra.run.smithi139.stdout:/usr/bin/ceph: stderr
