2024-02-19T18:52:58.501 INFO:journalctl@ceph.mon.smithi139.smithi139.stdout:Feb 19 18:52:58 smithi139 ceph-mon[29340]: from='client.14146 -' entity='client.admin' cmd=[{"prefix": "orch apply", "service_type": "crash", "target": ["mon-mgr", ""]}]: dispatch
2024-02-19T18:52:58.501 INFO:journalctl@ceph.mon.smithi139.smithi139.stdout:Feb 19 18:52:58 smithi139 ceph-mon[29340]: Saving service crash spec with placement *
2024-02-19T18:52:58.501 INFO:journalctl@ceph.mon.smithi139.smithi139.stdout:Feb 19 18:52:58 smithi139 ceph-mon[29340]: from='mgr.14120 172.21.15.139:0/1263607154' entity='mgr.smithi139.crreww'
2024-02-19T18:52:59.355 INFO:teuthology.orchestra.run.smithi139.stdout:/usr/bin/ceph: stdout Scheduled ceph-exporter update...
2024-02-19T18:52:59.355 INFO:teuthology.orchestra.run.smithi139.stdout:/usr/bin/ceph: stderr
2024-02-19T18:52:58.520+0000 7f20f9c41700 1 Processor -- start
2024-02-19T18:52:59.355 INFO:teuthology.orchestra.run.smithi139.stdout:/usr/bin/ceph: stderr
2024-02-19T18:52:58.520+0000 7f20f9c41700 1 -- start start
2024-02-19T18:52:59.355 INFO:teuthology.orchestra.run.smithi139.stdout:/usr/bin/ceph: stderr
2024-02-19T18:52:58.520+0000 7f20f9c41700 1 --2- >> [v2:172.21.15.139:3300/0,v1:172.21.15.139:6789/0] conn(0x7f20f4106360 0x7f20f4106780 unknown :-1 s=NONE pgs=0 cs=0 l=0 rev1=0 crypto rx=0 tx=0 comp rx=0 tx=0).connect
2024-02-19T18:52:59.355 INFO:teuthology.orchestra.run.smithi139.stdout:/usr/bin/ceph: stderr
2024-02-19T18:52:58.520+0000 7f20f9c41700 1 -- --> [v2:172.21.15.139:3300/0,v1:172.21.15.139:6789/0] -- mon_getmap magic: 0 v1 -- 0x7f20f4106d50 con 0x7f20f4106360
2024-02-19T18:52:59.355 INFO:teuthology.orchestra.run.smithi139.stdout:/usr/bin/ceph: stderr
2024-02-19T18:52:58.521+0000 7f20f37fe700 1 --2- >> [v2:172.21.15.139:3300/0,v1:172.21.15.139:6789/0] conn(0x7f20f4106360 0x7f20f4106780 unknown :-1 s=BANNER_CONNECTING pgs=0 cs=0 l=0 rev1=0 crypto rx=0 tx=0 comp rx=0 tx=0)._handle_peer_banner_payload supported=3 required=0
2024-02-19T18:52:59.355 INFO:teuthology.orchestra.run.smithi139.stdout:/usr/bin/ceph: stderr
2024-02-19T18:52:58.521+0000 7f20f37fe700 1 --2- >> [v2:172.21.15.139:3300/0,v1:172.21.15.139:6789/0] conn(0x7f20f4106360 0x7f20f4106780 unknown :-1 s=HELLO_CONNECTING pgs=0 cs=0 l=0 rev1=1 crypto rx=0 tx=0 comp rx=0 tx=0).handle_hello peer v2:172.21.15.139:3300/0 says I am v2:172.21.15.139:47770/0 (socket says 172.21.15.139:47770)
2024-02-19T18:52:59.355 INFO:teuthology.orchestra.run.smithi139.stdout:/usr/bin/ceph: stderr
2024-02-19T18:52:58.521+0000 7f20f37fe700 1 -- 172.21.15.139:0/1003491389 learned_addr learned my addr 172.21.15.139:0/1003491389 (peer_addr_for_me v2:172.21.15.139:0/0)
2024-02-19T18:52:59.355 INFO:teuthology.orchestra.run.smithi139.stdout:/usr/bin/ceph: stderr
2024-02-19T18:52:58.521+0000 7f20f37fe700 1 -- 172.21.15.139:0/1003491389 --> [v2:172.21.15.139:3300/0,v1:172.21.15.139:6789/0] -- mon_subscribe({config=0+,monmap=0+}) v3 -- 0x7f20f4107560 con 0x7f20f4106360
2024-02-19T18:52:59.356 INFO:teuthology.orchestra.run.smithi139.stdout:/usr/bin/ceph: stderr
2024-02-19T18:52:58.521+0000 7f20f37fe700 1 --2- 172.21.15.139:0/1003491389 >> [v2:172.21.15.139:3300/0,v1:172.21.15.139:6789/0] conn(0x7f20f4106360 0x7f20f4106780 secure :-1 s=READY pgs=53 cs=0 l=1 rev1=1 crypto rx=0x7f20e40098a0 tx=0x7f20e4009bb0 comp rx=0 tx=0).ready entity=mon.0 client_cookie=3c04c6094ab8dc1c server_cookie=0 in_seq=0 out_seq=0
2024-02-19T18:52:59.356 INFO:teuthology.orchestra.run.smithi139.stdout:/usr/bin/ceph: stderr
2024-02-19T18:52:58.521+0000 7f20f27fc700 1 -- 172.21.15.139:0/1003491389 <== mon.0 v2:172.21.15.139:3300/0 1 ==== mon_map magic: 0 v1 ==== 229+0+0 (secure 0 0 0) 0x7f20e4004180 con 0x7f20f4106360
2024-02-19T18:52:59.356 INFO:teuthology.orchestra.run.smithi139.stdout:/usr/bin/ceph: stderr
2024-02-19T18:52:58.521+0000 7f20f27fc700 1 -- 172.21.15.139:0/1003491389 <== mon.0 v2:172.21.15.139:3300/0 2 ==== config(27 keys) v1 ==== 1109+0+0 (secure 0 0 0) 0x7f20e40042e0 con 0x7f20f4106360
2024-02-19T18:52:59.356 INFO:teuthology.orchestra.run.smithi139.stdout:/usr/bin/ceph: stderr
2024-02-19T18:52:58.521+0000 7f20f27fc700 1 -- 172.21.15.139:0/1003491389 <== mon.0 v2:172.21.15.139:3300/0 3 ==== mon_map magic: 0 v1 ==== 229+0+0 (secure 0 0 0) 0x7f20e4011b10 con 0x7f20f4106360
2024-02-19T18:52:59.356 INFO:teuthology.orchestra.run.smithi139.stdout:/usr/bin/ceph: stderr
2024-02-19T18:52:58.522+0000 7f20f9c41700 1 -- 172.21.15.139:0/1003491389 >> [v2:172.21.15.139:3300/0,v1:172.21.15.139:6789/0] conn(0x7f20f4106360 msgr2=0x7f20f4106780 secure :-1 s=STATE_CONNECTION_ESTABLISHED l=1).mark_down
2024-02-19T18:52:59.356 INFO:teuthology.orchestra.run.smithi139.stdout:/usr/bin/ceph: stderr
2024-02-19T18:52:58.522+0000 7f20f9c41700 1 --2- 172.21.15.139:0/1003491389 >> [v2:172.21.15.139:3300/0,v1:172.21.15.139:6789/0] conn(0x7f20f4106360 0x7f20f4106780 secure :-1 s=READY pgs=53 cs=0 l=1 rev1=1 crypto rx=0x7f20e40098a0 tx=0x7f20e4009bb0 comp rx=0 tx=0).stop
2024-02-19T18:52:59.356 INFO:teuthology.orchestra.run.smithi139.stdout:/usr/bin/ceph: stderr
2024-02-19T18:52:58.522+0000 7f20f9c41700 1 -- 172.21.15.139:0/1003491389 shutdown_connections
2024-02-19T18:52:59.356 INFO:teuthology.orchestra.run.smithi139.stdout:/usr/bin/ceph: stderr
2024-02-19T18:52:58.522+0000 7f20f9c41700 1 --2- 172.21.15.139:0/1003491389 >> [v2:172.21.15.139:3300/0,v1:172.21.15.139:6789/0] conn(0x7f20f4106360 0x7f20f4106780 unknown :-1 s=CLOSED pgs=53 cs=0 l=1 rev1=1 crypto rx=0 tx=0 comp rx=0 tx=0).stop
2024-02-19T18:52:59.356 INFO:teuthology.orchestra.run.smithi139.stdout:/usr/bin/ceph: stderr
2024-02-19T18:52:58.522+0000 7f20f9c41700 1 -- 172.21.15.139:0/1003491389 >> 172.21.15.139:0/1003491389 conn(0x7f20f4101920 msgr2=0x7f20f4103d40 unknown :-1 s=STATE_NONE l=0).mark_down
2024-02-19T18:52:59.356 INFO:teuthology.orchestra.run.smithi139.stdout:/usr/bin/ceph: stderr
2024-02-19T18:52:58.522+0000 7f20f9c41700 1 -- 172.21.15.139:0/1003491389 shutdown_connections
2024-02-19T18:52:59.356 INFO:teuthology.orchestra.run.smithi139.stdout:/usr/bin/ceph: stderr
2024-02-19T18:52:58.522+0000 7f20f9c41700 1 -- 172.21.15.139:0/1003491389 wait complete.
2024-02-19T18:52:59.356 INFO:teuthology.orchestra.run.smithi139.stdout:/usr/bin/ceph: stderr
2024-02-19T18:52:58.523+0000 7f20f9c41700 1 Processor -- start
2024-02-19T18:52:59.356 INFO:teuthology.orchestra.run.smithi139.stdout:/usr/bin/ceph: stderr
2024-02-19T18:52:58.523+0000 7f20f9c41700 1 -- start start
2024-02-19T18:52:59.357 INFO:teuthology.orchestra.run.smithi139.stdout:/usr/bin/ceph: stderr
2024-02-19T18:52:58.523+0000 7f20f9c41700 1 --2- >> [v2:172.21.15.139:3300/0,v1:172.21.15.139:6789/0] conn(0x7f20f4106360 0x7f20f419a160 unknown :-1 s=NONE pgs=0 cs=0 l=1 rev1=0 crypto rx=0 tx=0 comp rx=0 tx=0).connect
2024-02-19T18:52:59.357 INFO:teuthology.orchestra.run.smithi139.stdout:/usr/bin/ceph: stderr
2024-02-19T18:52:58.523+0000 7f20f9c41700 1 -- --> [v2:172.21.15.139:3300/0,v1:172.21.15.139:6789/0] -- mon_getmap magic: 0 v1 -- 0x7f20f419a6a0 con 0x7f20f4106360
2024-02-19T18:52:59.357 INFO:teuthology.orchestra.run.smithi139.stdout:/usr/bin/ceph: stderr
2024-02-19T18:52:58.523+0000 7f20f37fe700 1 --2- >> [v2:172.21.15.139:3300/0,v1:172.21.15.139:6789/0] conn(0x7f20f4106360 0x7f20f419a160 unknown :-1 s=BANNER_CONNECTING pgs=0 cs=0 l=1 rev1=0 crypto rx=0 tx=0 comp rx=0 tx=0)._handle_peer_banner_payload supported=3 required=0
2024-02-19T18:52:59.357 INFO:teuthology.orchestra.run.smithi139.stdout:/usr/bin/ceph: stderr
2024-02-19T18:52:58.523+0000 7f20f37fe700 1 --2- >> [v2:172.21.15.139:3300/0,v1:172.21.15.139:6789/0] conn(0x7f20f4106360 0x7f20f419a160 unknown :-1 s=HELLO_CONNECTING pgs=0 cs=0 l=1 rev1=1 crypto rx=0 tx=0 comp rx=0 tx=0).handle_hello peer v2:172.21.15.139:3300/0 says I am v2:172.21.15.139:47780/0 (socket says 172.21.15.139:47780)
2024-02-19T18:52:59.357 INFO:teuthology.orchestra.run.smithi139.stdout:/usr/bin/ceph: stderr
2024-02-19T18:52:58.523+0000 7f20f37fe700 1 -- 172.21.15.139:0/1608966055 learned_addr learned my addr 172.21.15.139:0/1608966055 (peer_addr_for_me v2:172.21.15.139:0/0)
2024-02-19T18:52:59.357 INFO:teuthology.orchestra.run.smithi139.stdout:/usr/bin/ceph: stderr
2024-02-19T18:52:58.524+0000 7f20f37fe700 1 -- 172.21.15.139:0/1608966055 --> [v2:172.21.15.139:3300/0,v1:172.21.15.139:6789/0] -- mon_subscribe({config=0+,monmap=0+}) v3 -- 0x7f20e4009550 con 0x7f20f4106360
2024-02-19T18:52:59.357 INFO:teuthology.orchestra.run.smithi139.stdout:/usr/bin/ceph: stderr
2024-02-19T18:52:58.524+0000 7f20f37fe700 1 --2- 172.21.15.139:0/1608966055 >> [v2:172.21.15.139:3300/0,v1:172.21.15.139:6789/0] conn(0x7f20f4106360 0x7f20f419a160 secure :-1 s=READY pgs=54 cs=0 l=1 rev1=1 crypto rx=0x7f20e4000c00 tx=0x7f20e4011890 comp rx=0 tx=0).ready entity=mon.0 client_cookie=0 server_cookie=0 in_seq=0 out_seq=0
2024-02-19T18:52:59.357 INFO:teuthology.orchestra.run.smithi139.stdout:/usr/bin/ceph: stderr
2024-02-19T18:52:58.524+0000 7f20f0ff9700 1 -- 172.21.15.139:0/1608966055 <== mon.0 v2:172.21.15.139:3300/0 1 ==== mon_map magic: 0 v1 ==== 229+0+0 (secure 0 0 0) 0x7f20e40038b0 con 0x7f20f4106360
2024-02-19T18:52:59.357 INFO:teuthology.orchestra.run.smithi139.stdout:/usr/bin/ceph: stderr
2024-02-19T18:52:58.524+0000 7f20f0ff9700 1 -- 172.21.15.139:0/1608966055 <== mon.0 v2:172.21.15.139:3300/0 2 ==== config(27 keys) v1 ==== 1109+0+0 (secure 0 0 0) 0x7f20e4003a10 con 0x7f20f4106360
2024-02-19T18:52:59.357 INFO:teuthology.orchestra.run.smithi139.stdout:/usr/bin/ceph: stderr
2024-02-19T18:52:58.524+0000 7f20f0ff9700 1 -- 172.21.15.139:0/1608966055 <== mon.0 v2:172.21.15.139:3300/0 3 ==== mon_map magic: 0 v1 ==== 229+0+0 (secure 0 0 0) 0x7f20e4024780 con 0x7f20f4106360
2024-02-19T18:52:59.357 INFO:teuthology.orchestra.run.smithi139.stdout:/usr/bin/ceph: stderr
2024-02-19T18:52:58.524+0000 7f20f9c41700 1 -- 172.21.15.139:0/1608966055 --> [v2:172.21.15.139:3300/0,v1:172.21.15.139:6789/0] -- mon_subscribe({mgrmap=0+}) v3 -- 0x7f20f419a8a0 con 0x7f20f4106360
2024-02-19T18:52:59.357 INFO:teuthology.orchestra.run.smithi139.stdout:/usr/bin/ceph: stderr
2024-02-19T18:52:58.524+0000 7f20f9c41700 1 -- 172.21.15.139:0/1608966055 --> [v2:172.21.15.139:3300/0,v1:172.21.15.139:6789/0] -- mon_subscribe({osdmap=0}) v3 -- 0x7f20f419ad40 con 0x7f20f4106360
2024-02-19T18:52:59.357 INFO:teuthology.orchestra.run.smithi139.stdout:/usr/bin/ceph: stderr
2024-02-19T18:52:58.525+0000 7f20f0ff9700 1 -- 172.21.15.139:0/1608966055 <== mon.0 v2:172.21.15.139:3300/0 4 ==== mgrmap(e 8) v1 ==== 45552+0+0 (secure 0 0 0) 0x7f20e402d3f0 con 0x7f20f4106360
2024-02-19T18:52:59.358 INFO:teuthology.orchestra.run.smithi139.stdout:/usr/bin/ceph: stderr
2024-02-19T18:52:58.525+0000 7f20f9c41700 1 -- 172.21.15.139:0/1608966055 --> [v2:172.21.15.139:3300/0,v1:172.21.15.139:6789/0] -- mon_command({"prefix": "get_command_descriptions"} v 0) v1 -- 0x7f20f410a790 con 0x7f20f4106360
2024-02-19T18:52:59.358 INFO:teuthology.orchestra.run.smithi139.stdout:/usr/bin/ceph: stderr
2024-02-19T18:52:58.525+0000 7f20f0ff9700 1 --2- 172.21.15.139:0/1608966055 >> [v2:172.21.15.139:6800/1816107105,v1:172.21.15.139:6801/1816107105] conn(0x7f20dc038770 0x7f20dc03ac30 unknown :-1 s=NONE pgs=0 cs=0 l=1 rev1=0 crypto rx=0 tx=0 comp rx=0 tx=0).connect
2024-02-19T18:52:59.358 INFO:teuthology.orchestra.run.smithi139.stdout:/usr/bin/ceph: stderr
2024-02-19T18:52:58.525+0000 7f20f0ff9700 1 -- 172.21.15.139:0/1608966055 <== mon.0 v2:172.21.15.139:3300/0 5 ==== osd_map(2..2 src has 1..2) v4 ==== 940+0+0 (secure 0 0 0) 0x7f20e404c590 con 0x7f20f4106360
2024-02-19T18:52:59.358 INFO:teuthology.orchestra.run.smithi139.stdout:/usr/bin/ceph: stderr
2024-02-19T18:52:58.525+0000 7f20f2ffd700 1 --2- 172.21.15.139:0/1608966055 >> [v2:172.21.15.139:6800/1816107105,v1:172.21.15.139:6801/1816107105] conn(0x7f20dc038770 0x7f20dc03ac30 unknown :-1 s=BANNER_CONNECTING pgs=0 cs=0 l=1 rev1=0 crypto rx=0 tx=0 comp rx=0 tx=0)._handle_peer_banner_payload supported=3 required=0
2024-02-19T18:52:59.358 INFO:teuthology.orchestra.run.smithi139.stdout:/usr/bin/ceph: stderr
2024-02-19T18:52:58.526+0000 7f20f2ffd700 1 --2- 172.21.15.139:0/1608966055 >> [v2:172.21.15.139:6800/1816107105,v1:172.21.15.139:6801/1816107105] conn(0x7f20dc038770 0x7f20dc03ac30 secure :-1 s=READY pgs=15 cs=0 l=1 rev1=1 crypto rx=0x7f20e8006fd0 tx=0x7f20e8006e40 comp rx=0 tx=0).ready entity=mgr.14120 client_cookie=0 server_cookie=0 in_seq=0 out_seq=0
2024-02-19T18:52:59.358 INFO:teuthology.orchestra.run.smithi139.stdout:/usr/bin/ceph: stderr
2024-02-19T18:52:58.533+0000 7f20f0ff9700 1 -- 172.21.15.139:0/1608966055 <== mon.0 v2:172.21.15.139:3300/0 6 ==== mon_command_ack([{"prefix": "get_command_descriptions"}]=0 v0) v1 ==== 72+0+182595 (secure 0 0 0) 0x7f20e402d6a0 con 0x7f20f4106360
2024-02-19T18:52:59.358 INFO:teuthology.orchestra.run.smithi139.stdout:/usr/bin/ceph: stderr
2024-02-19T18:52:58.750+0000 7f20f9c41700 1 -- 172.21.15.139:0/1608966055 --> [v2:172.21.15.139:6800/1816107105,v1:172.21.15.139:6801/1816107105] -- mgr_command(tid 0: {"prefix": "orch apply", "service_type": "ceph-exporter", "target": ["mon-mgr", ""]}) v1 -- 0x7f20f419da50 con 0x7f20dc038770
2024-02-19T18:52:59.358 INFO:teuthology.orchestra.run.smithi139.stdout:/usr/bin/ceph: stderr
2024-02-19T18:52:58.756+0000 7f20f0ff9700 1 -- 172.21.15.139:0/1608966055 <== mgr.14120 v2:172.21.15.139:6800/1816107105 1 ==== mgr_command_reply(tid 0: 0 ) v1 ==== 8+0+34 (secure 0 0 0) 0x7f20f419da50 con 0x7f20dc038770
2024-02-19T18:52:59.358 INFO:teuthology.orchestra.run.smithi139.stdout:/usr/bin/ceph: stderr
2024-02-19T18:52:58.758+0000 7f20f9c41700 1 -- 172.21.15.139:0/1608966055 >> [v2:172.21.15.139:6800/1816107105,v1:172.21.15.139:6801/1816107105] conn(0x7f20dc038770 msgr2=0x7f20dc03ac30 secure :-1 s=STATE_CONNECTION_ESTABLISHED l=1).mark_down
2024-02-19T18:52:59.358 INFO:teuthology.orchestra.run.smithi139.stdout:/usr/bin/ceph: stderr
2024-02-19T18:52:58.758+0000 7f20f9c41700 1 --2- 172.21.15.139:0/1608966055 >> [v2:172.21.15.139:6800/1816107105,v1:172.21.15.139:6801/1816107105] conn(0x7f20dc038770 0x7f20dc03ac30 secure :-1 s=READY pgs=15 cs=0 l=1 rev1=1 crypto rx=0x7f20e8006fd0 tx=0x7f20e8006e40 comp rx=0 tx=0).stop
2024-02-19T18:52:59.359 INFO:teuthology.orchestra.run.smithi139.stdout:/usr/bin/ceph: stderr
2024-02-19T18:52:58.758+0000 7f20f9c41700 1 -- 172.21.15.139:0/1608966055 >> [v2:172.21.15.139:3300/0,v1:172.21.15.139:6789/0] conn(0x7f20f4106360 msgr2=0x7f20f419a160 secure :-1 s=STATE_CONNECTION_ESTABLISHED l=1).mark_down
2024-02-19T18:52:59.359 INFO:teuthology.orchestra.run.smithi139.stdout:/usr/bin/ceph: stderr
2024-02-19T18:52:58.758+0000 7f20f9c41700 1 --2- 172.21.15.139:0/1608966055 >> [v2:172.21.15.139:3300/0,v1:172.21.15.139:6789/0] conn(0x7f20f4106360 0x7f20f419a160 secure :-1 s=READY pgs=54 cs=0 l=1 rev1=1 crypto rx=0x7f20e4000c00 tx=0x7f20e4011890 comp rx=0 tx=0).stop
2024-02-19T18:52:59.359 INFO:teuthology.orchestra.run.smithi139.stdout:/usr/bin/ceph: stderr
2024-02-19T18:52:58.758+0000 7f20f9c41700 1 -- 172.21.15.139:0/1608966055 shutdown_connections
2024-02-19T18:52:59.359 INFO:teuthology.orchestra.run.smithi139.stdout:/usr/bin/ceph: stderr
2024-02-19T18:52:58.758+0000 7f20f9c41700 1 --2- 172.21.15.139:0/1608966055 >> [v2:172.21.15.139:6800/1816107105,v1:172.21.15.139:6801/1816107105] conn(0x7f20dc038770 0x7f20dc03ac30 unknown :-1 s=CLOSED pgs=15 cs=0 l=1 rev1=1 crypto rx=0 tx=0 comp rx=0 tx=0).stop
2024-02-19T18:52:59.359 INFO:teuthology.orchestra.run.smithi139.stdout:/usr/bin/ceph: stderr
2024-02-19T18:52:58.758+0000 7f20f9c41700 1 --2- 172.21.15.139:0/1608966055 >> [v2:172.21.15.139:3300/0,v1:172.21.15.139:6789/0] conn(0x7f20f4106360 0x7f20f419a160 unknown :-1 s=CLOSED pgs=54 cs=0 l=1 rev1=1 crypto rx=0 tx=0 comp rx=0 tx=0).stop
2024-02-19T18:52:59.359 INFO:teuthology.orchestra.run.smithi139.stdout:/usr/bin/ceph: stderr
2024-02-19T18:52:58.758+0000 7f20f9c41700 1 -- 172.21.15.139:0/1608966055 >> 172.21.15.139:0/1608966055 conn(0x7f20f4101920 msgr2=0x7f20f41024e0 unknown :-1 s=STATE_NONE l=0).mark_down
2024-02-19T18:52:59.359 INFO:teuthology.orchestra.run.smithi139.stdout:/usr/bin/ceph: stderr
2024-02-19T18:52:58.758+0000 7f20f9c41700 1 -- 172.21.15.139:0/1608966055 shutdown_connections
2024-02-19T18:52:59.359 INFO:teuthology.orchestra.run.smithi139.stdout:/usr/bin/ceph: stderr
2024-02-19T18:52:58.758+0000 7f20f9c41700 1 -- 172.21.15.139:0/1608966055 wait complete.
2024-02-19T18:52:59.359 INFO:teuthology.orchestra.run.smithi139.stdout:Deploying prometheus service with default placement...
2024-02-19T18:52:59.891 INFO:journalctl@ceph.mon.smithi139.smithi139.stdout:Feb 19 18:52:59 smithi139 ceph-mon[29340]: from='mgr.14120 172.21.15.139:0/1263607154' entity='mgr.smithi139.crreww'
2024-02-19T18:52:59.891 INFO:journalctl@ceph.mon.smithi139.smithi139.stdout:Feb 19 18:52:59 smithi139 ceph-mon[29340]: from='client.14148 -' entity='client.admin' cmd=[{"prefix": "orch apply", "service_type": "ceph-exporter", "target": ["mon-mgr", ""]}]: dispatch
2024-02-19T18:52:59.891 INFO:journalctl@ceph.mon.smithi139.smithi139.stdout:Feb 19 18:52:59 smithi139 ceph-mon[29340]: Saving service ceph-exporter spec with placement *
2024-02-19T18:52:59.891 INFO:journalctl@ceph.mon.smithi139.smithi139.stdout:Feb 19 18:52:59 smithi139 ceph-mon[29340]: from='mgr.14120 172.21.15.139:0/1263607154' entity='mgr.smithi139.crreww'
2024-02-19T18:53:00.822 INFO:journalctl@ceph.mon.smithi139.smithi139.stdout:Feb 19 18:53:00 smithi139 ceph-mon[29340]: from='mgr.14120 172.21.15.139:0/1263607154' entity='mgr.smithi139.crreww'
2024-02-19T18:53:00.823 INFO:journalctl@ceph.mon.smithi139.smithi139.stdout:Feb 19 18:53:00 smithi139 ceph-mon[29340]: from='mgr.14120 172.21.15.139:0/1263607154' entity='mgr.smithi139.crreww'
2024-02-19T18:53:01.200 INFO:teuthology.orchestra.run.smithi139.stdout:/usr/bin/ceph: stdout Scheduled prometheus update...
2024-02-19T18:53:01.200 INFO:teuthology.orchestra.run.smithi139.stdout:/usr/bin/ceph: stderr
2024-02-19T18:52:59.778+0000 7f3f58c30700 1 Processor -- start
2024-02-19T18:53:01.200 INFO:teuthology.orchestra.run.smithi139.stdout:/usr/bin/ceph: stderr
2024-02-19T18:52:59.778+0000 7f3f58c30700 1 -- start start
2024-02-19T18:53:01.200 INFO:teuthology.orchestra.run.smithi139.stdout:/usr/bin/ceph: stderr
2024-02-19T18:52:59.779+0000 7f3f58c30700 1 --2- >> [v2:172.21.15.139:3300/0,v1:172.21.15.139:6789/0] conn(0x7f3f54105660 0x7f3f54105a80 unknown :-1 s=NONE pgs=0 cs=0 l=0 rev1=0 crypto rx=0 tx=0 comp rx=0 tx=0).connect
2024-02-19T18:53:01.200 INFO:teuthology.orchestra.run.smithi139.stdout:/usr/bin/ceph: stderr
2024-02-19T18:52:59.779+0000 7f3f58c30700 1 -- --> [v2:172.21.15.139:3300/0,v1:172.21.15.139:6789/0] -- mon_getmap magic: 0 v1 -- 0x7f3f54106050 con 0x7f3f54105660
2024-02-19T18:53:01.200 INFO:teuthology.orchestra.run.smithi139.stdout:/usr/bin/ceph: stderr
2024-02-19T18:52:59.779+0000 7f3f5259c700 1 --2- >> [v2:172.21.15.139:3300/0,v1:172.21.15.139:6789/0] conn(0x7f3f54105660 0x7f3f54105a80 unknown :-1 s=BANNER_CONNECTING pgs=0 cs=0 l=0 rev1=0 crypto rx=0 tx=0 comp rx=0 tx=0)._handle_peer_banner_payload supported=3 required=0
2024-02-19T18:53:01.200 INFO:teuthology.orchestra.run.smithi139.stdout:/usr/bin/ceph: stderr
2024-02-19T18:52:59.779+0000 7f3f5259c700 1 --2- >> [v2:172.21.15.139:3300/0,v1:172.21.15.139:6789/0] conn(0x7f3f54105660 0x7f3f54105a80 unknown :-1 s=HELLO_CONNECTING pgs=0 cs=0 l=0 rev1=1 crypto rx=0 tx=0 comp rx=0 tx=0).handle_hello peer v2:172.21.15.139:3300/0 says I am v2:172.21.15.139:47796/0 (socket says 172.21.15.139:47796)
2024-02-19T18:53:01.201 INFO:teuthology.orchestra.run.smithi139.stdout:/usr/bin/ceph: stderr
2024-02-19T18:52:59.779+0000 7f3f5259c700 1 -- 172.21.15.139:0/402506308 learned_addr learned my addr 172.21.15.139:0/402506308 (peer_addr_for_me v2:172.21.15.139:0/0)
2024-02-19T18:53:01.201 INFO:teuthology.orchestra.run.smithi139.stdout:/usr/bin/ceph: stderr
2024-02-19T18:52:59.779+0000 7f3f5259c700 1 -- 172.21.15.139:0/402506308 --> [v2:172.21.15.139:3300/0,v1:172.21.15.139:6789/0] -- mon_subscribe({config=0+,monmap=0+}) v3 -- 0x7f3f54106380 con 0x7f3f54105660
2024-02-19T18:53:01.201 INFO:teuthology.orchestra.run.smithi139.stdout:/usr/bin/ceph: stderr
2024-02-19T18:52:59.779+0000 7f3f5259c700 1 --2- 172.21.15.139:0/402506308 >> [v2:172.21.15.139:3300/0,v1:172.21.15.139:6789/0] conn(0x7f3f54105660 0x7f3f54105a80 secure :-1 s=READY pgs=55 cs=0 l=1 rev1=1 crypto rx=0x7f3f480098a0 tx=0x7f3f48009bb0 comp rx=0 tx=0).ready entity=mon.0 client_cookie=1c3ef3d660f99e21 server_cookie=0 in_seq=0 out_seq=0
2024-02-19T18:53:01.201 INFO:teuthology.orchestra.run.smithi139.stdout:/usr/bin/ceph: stderr
2024-02-19T18:52:59.780+0000 7f3f5159a700 1 -- 172.21.15.139:0/402506308 <== mon.0 v2:172.21.15.139:3300/0 1 ==== mon_map magic: 0 v1 ==== 229+0+0 (secure 0 0 0) 0x7f3f48004180 con 0x7f3f54105660
2024-02-19T18:53:01.201 INFO:teuthology.orchestra.run.smithi139.stdout:/usr/bin/ceph: stderr
2024-02-19T18:52:59.780+0000 7f3f5159a700 1 -- 172.21.15.139:0/402506308 <== mon.0 v2:172.21.15.139:3300/0 2 ==== config(27 keys) v1 ==== 1109+0+0 (secure 0 0 0) 0x7f3f480042e0 con 0x7f3f54105660
2024-02-19T18:53:01.201 INFO:teuthology.orchestra.run.smithi139.stdout:/usr/bin/ceph: stderr
2024-02-19T18:52:59.780+0000 7f3f5159a700 1 -- 172.21.15.139:0/402506308 <== mon.0 v2:172.21.15.139:3300/0 3 ==== mon_map magic: 0 v1 ==== 229+0+0 (secure 0 0 0) 0x7f3f48011b10 con 0x7f3f54105660
2024-02-19T18:53:01.201 INFO:teuthology.orchestra.run.smithi139.stdout:/usr/bin/ceph: stderr
2024-02-19T18:52:59.780+0000 7f3f58c30700 1 -- 172.21.15.139:0/402506308 >> [v2:172.21.15.139:3300/0,v1:172.21.15.139:6789/0] conn(0x7f3f54105660 msgr2=0x7f3f54105a80 secure :-1 s=STATE_CONNECTION_ESTABLISHED l=1).mark_down
2024-02-19T18:53:01.201 INFO:teuthology.orchestra.run.smithi139.stdout:/usr/bin/ceph: stderr
2024-02-19T18:52:59.780+0000 7f3f58c30700 1 --2- 172.21.15.139:0/402506308 >> [v2:172.21.15.139:3300/0,v1:172.21.15.139:6789/0] conn(0x7f3f54105660 0x7f3f54105a80 secure :-1 s=READY pgs=55 cs=0 l=1 rev1=1 crypto rx=0x7f3f480098a0 tx=0x7f3f48009bb0 comp rx=0 tx=0).stop
2024-02-19T18:53:01.201 INFO:teuthology.orchestra.run.smithi139.stdout:/usr/bin/ceph: stderr
2024-02-19T18:52:59.780+0000 7f3f58c30700 1 -- 172.21.15.139:0/402506308 shutdown_connections
2024-02-19T18:53:01.201 INFO:teuthology.orchestra.run.smithi139.stdout:/usr/bin/ceph: stderr
2024-02-19T18:52:59.780+0000 7f3f58c30700 1 --2- 172.21.15.139:0/402506308 >> [v2:172.21.15.139:3300/0,v1:172.21.15.139:6789/0] conn(0x7f3f54105660 0x7f3f54105a80 unknown :-1 s=CLOSED pgs=55 cs=0 l=1 rev1=1 crypto rx=0 tx=0 comp rx=0 tx=0).stop
2024-02-19T18:53:01.202 INFO:teuthology.orchestra.run.smithi139.stdout:/usr/bin/ceph: stderr
2024-02-19T18:52:59.780+0000 7f3f58c30700 1 -- 172.21.15.139:0/402506308 >> 172.21.15.139:0/402506308 conn(0x7f3f540ffee0 msgr2=0x7f3f54102300 unknown :-1 s=STATE_NONE l=0).mark_down
2024-02-19T18:53:01.202 INFO:teuthology.orchestra.run.smithi139.stdout:/usr/bin/ceph: stderr
2024-02-19T18:52:59.780+0000 7f3f58c30700 1 -- 172.21.15.139:0/402506308 shutdown_connections
2024-02-19T18:53:01.202 INFO:teuthology.orchestra.run.smithi139.stdout:/usr/bin/ceph: stderr
2024-02-19T18:52:59.780+0000 7f3f58c30700 1 -- 172.21.15.139:0/402506308 wait complete.
2024-02-19T18:53:01.202 INFO:teuthology.orchestra.run.smithi139.stdout:/usr/bin/ceph: stderr
2024-02-19T18:52:59.781+0000 7f3f58c30700 1 Processor -- start
2024-02-19T18:53:01.202 INFO:teuthology.orchestra.run.smithi139.stdout:/usr/bin/ceph: stderr
2024-02-19T18:52:59.781+0000 7f3f58c30700 1 -- start start
2024-02-19T18:53:01.202 INFO:teuthology.orchestra.run.smithi139.stdout:/usr/bin/ceph: stderr
2024-02-19T18:52:59.781+0000 7f3f58c30700 1 --2- >> [v2:172.21.15.139:3300/0,v1:172.21.15.139:6789/0] conn(0x7f3f54105660 0x7f3f54198f20 unknown :-1 s=NONE pgs=0 cs=0 l=1 rev1=0 crypto rx=0 tx=0 comp rx=0 tx=0).connect
2024-02-19T18:53:01.202 INFO:teuthology.orchestra.run.smithi139.stdout:/usr/bin/ceph: stderr
2024-02-19T18:52:59.781+0000 7f3f58c30700 1 -- --> [v2:172.21.15.139:3300/0,v1:172.21.15.139:6789/0] -- mon_getmap magic: 0 v1 -- 0x7f3f54199460 con 0x7f3f54105660
2024-02-19T18:53:01.202 INFO:teuthology.orchestra.run.smithi139.stdout:/usr/bin/ceph: stderr
2024-02-19T18:52:59.782+0000 7f3f5259c700 1 --2- >> [v2:172.21.15.139:3300/0,v1:172.21.15.139:6789/0] conn(0x7f3f54105660 0x7f3f54198f20 unknown :-1 s=BANNER_CONNECTING pgs=0 cs=0 l=1 rev1=0 crypto rx=0 tx=0 comp rx=0 tx=0)._handle_peer_banner_payload supported=3 required=0
2024-02-19T18:53:01.202 INFO:teuthology.orchestra.run.smithi139.stdout:/usr/bin/ceph: stderr
2024-02-19T18:52:59.782+0000 7f3f5259c700 1 --2- >> [v2:172.21.15.139:3300/0,v1:172.21.15.139:6789/0] conn(0x7f3f54105660 0x7f3f54198f20 unknown :-1 s=HELLO_CONNECTING pgs=0 cs=0 l=1 rev1=1 crypto rx=0 tx=0 comp rx=0 tx=0).handle_hello peer v2:172.21.15.139:3300/0 says I am v2:172.21.15.139:47810/0 (socket says 172.21.15.139:47810)
2024-02-19T18:53:01.203 INFO:teuthology.orchestra.run.smithi139.stdout:/usr/bin/ceph: stderr
2024-02-19T18:52:59.782+0000 7f3f5259c700 1 -- 172.21.15.139:0/2641866031 learned_addr learned my addr 172.21.15.139:0/2641866031 (peer_addr_for_me v2:172.21.15.139:0/0)
2024-02-19T18:53:01.203 INFO:teuthology.orchestra.run.smithi139.stdout:/usr/bin/ceph: stderr
2024-02-19T18:52:59.782+0000 7f3f5259c700 1 -- 172.21.15.139:0/2641866031 --> [v2:172.21.15.139:3300/0,v1:172.21.15.139:6789/0] -- mon_subscribe({config=0+,monmap=0+}) v3 -- 0x7f3f48009550 con 0x7f3f54105660
2024-02-19T18:53:01.203 INFO:teuthology.orchestra.run.smithi139.stdout:/usr/bin/ceph: stderr
2024-02-19T18:52:59.782+0000 7f3f5259c700 1 --2- 172.21.15.139:0/2641866031 >> [v2:172.21.15.139:3300/0,v1:172.21.15.139:6789/0] conn(0x7f3f54105660 0x7f3f54198f20 secure :-1 s=READY pgs=56 cs=0 l=1 rev1=1 crypto rx=0x7f3f48006ba0 tx=0x7f3f48011b70 comp rx=0 tx=0).ready entity=mon.0 client_cookie=0 server_cookie=0 in_seq=0 out_seq=0
2024-02-19T18:53:01.203 INFO:teuthology.orchestra.run.smithi139.stdout:/usr/bin/ceph: stderr
2024-02-19T18:52:59.782+0000 7f3f437fe700 1 -- 172.21.15.139:0/2641866031 <== mon.0 v2:172.21.15.139:3300/0 1 ==== mon_map magic: 0 v1 ==== 229+0+0 (secure 0 0 0) 0x7f3f48003a00 con 0x7f3f54105660
2024-02-19T18:53:01.203 INFO:teuthology.orchestra.run.smithi139.stdout:/usr/bin/ceph: stderr
2024-02-19T18:52:59.782+0000 7f3f437fe700 1 -- 172.21.15.139:0/2641866031 <== mon.0 v2:172.21.15.139:3300/0 2 ==== config(27 keys) v1 ==== 1109+0+0 (secure 0 0 0) 0x7f3f48025930 con 0x7f3f54105660
2024-02-19T18:53:01.203 INFO:teuthology.orchestra.run.smithi139.stdout:/usr/bin/ceph: stderr
2024-02-19T18:52:59.782+0000 7f3f58c30700 1 -- 172.21.15.139:0/2641866031 --> [v2:172.21.15.139:3300/0,v1:172.21.15.139:6789/0] -- mon_subscribe({mgrmap=0+}) v3 -- 0x7f3f54199660 con 0x7f3f54105660
2024-02-19T18:53:01.203 INFO:teuthology.orchestra.run.smithi139.stdout:/usr/bin/ceph: stderr
2024-02-19T18:52:59.782+0000 7f3f437fe700 1 -- 172.21.15.139:0/2641866031 <== mon.0 v2:172.21.15.139:3300/0 3 ==== mon_map magic: 0 v1 ==== 229+0+0 (secure 0 0 0) 0x7f3f4801ba30 con 0x7f3f54105660
2024-02-19T18:53:01.204 INFO:teuthology.orchestra.run.smithi139.stdout:/usr/bin/ceph: stderr
2024-02-19T18:52:59.782+0000 7f3f58c30700 1 -- 172.21.15.139:0/2641866031 --> [v2:172.21.15.139:3300/0,v1:172.21.15.139:6789/0] -- mon_subscribe({osdmap=0}) v3 -- 0x7f3f54199b00 con 0x7f3f54105660
2024-02-19T18:53:01.204 INFO:teuthology.orchestra.run.smithi139.stdout:/usr/bin/ceph: stderr
2024-02-19T18:52:59.783+0000 7f3f437fe700 1 -- 172.21.15.139:0/2641866031 <== mon.0 v2:172.21.15.139:3300/0 4 ==== mgrmap(e 8) v1 ==== 45552+0+0 (secure 0 0 0) 0x7f3f48022070 con 0x7f3f54105660
2024-02-19T18:53:01.204 INFO:teuthology.orchestra.run.smithi139.stdout:/usr/bin/ceph: stderr
2024-02-19T18:52:59.783+0000 7f3f58c30700 1 -- 172.21.15.139:0/2641866031 --> [v2:172.21.15.139:3300/0,v1:172.21.15.139:6789/0] -- mon_command({"prefix": "get_command_descriptions"} v 0) v1 -- 0x7f3f541095b0 con 0x7f3f54105660
2024-02-19T18:53:01.204 INFO:teuthology.orchestra.run.smithi139.stdout:/usr/bin/ceph: stderr
2024-02-19T18:52:59.784+0000 7f3f437fe700 1 --2- 172.21.15.139:0/2641866031 >> [v2:172.21.15.139:6800/1816107105,v1:172.21.15.139:6801/1816107105] conn(0x7f3f3c0386e0 0x7f3f3c03aba0 unknown :-1 s=NONE pgs=0 cs=0 l=1 rev1=0 crypto rx=0 tx=0 comp rx=0 tx=0).connect
2024-02-19T18:53:01.204 INFO:teuthology.orchestra.run.smithi139.stdout:/usr/bin/ceph: stderr
2024-02-19T18:52:59.784+0000 7f3f437fe700 1 -- 172.21.15.139:0/2641866031 <== mon.0 v2:172.21.15.139:3300/0 5 ==== osd_map(2..2 src has 1..2) v4 ==== 940+0+0 (secure 0 0 0) 0x7f3f4804ee10 con 0x7f3f54105660
2024-02-19T18:53:01.204 INFO:teuthology.orchestra.run.smithi139.stdout:/usr/bin/ceph: stderr
2024-02-19T18:52:59.784+0000 7f3f51d9b700 1 --2- 172.21.15.139:0/2641866031 >> [v2:172.21.15.139:6800/1816107105,v1:172.21.15.139:6801/1816107105] conn(0x7f3f3c0386e0 0x7f3f3c03aba0 unknown :-1 s=BANNER_CONNECTING pgs=0 cs=0 l=1 rev1=0 crypto rx=0 tx=0 comp rx=0 tx=0)._handle_peer_banner_payload supported=3 required=0
2024-02-19T18:53:01.204 INFO:teuthology.orchestra.run.smithi139.stdout:/usr/bin/ceph: stderr
2024-02-19T18:52:59.784+0000 7f3f51d9b700 1 --2- 172.21.15.139:0/2641866031 >> [v2:172.21.15.139:6800/1816107105,v1:172.21.15.139:6801/1816107105] conn(0x7f3f3c0386e0 0x7f3f3c03aba0 secure :-1 s=READY pgs=16 cs=0 l=1 rev1=1 crypto rx=0x7f3f44006fd0 tx=0x7f3f44006e40 comp rx=0 tx=0).ready entity=mgr.14120 client_cookie=0 server_cookie=0 in_seq=0 out_seq=0
2024-02-19T18:53:01.204 INFO:teuthology.orchestra.run.smithi139.stdout:/usr/bin/ceph: stderr
2024-02-19T18:52:59.789+0000 7f3f437fe700 1 -- 172.21.15.139:0/2641866031 <== mon.0 v2:172.21.15.139:3300/0 6 ==== mon_command_ack([{"prefix": "get_command_descriptions"}]=0 v0) v1 ==== 72+0+182595 (secure 0 0 0) 0x7f3f48052030 con 0x7f3f54105660
2024-02-19T18:53:01.204 INFO:teuthology.orchestra.run.smithi139.stdout:/usr/bin/ceph: stderr
2024-02-19T18:53:00.005+0000 7f3f58c30700 1 -- 172.21.15.139:0/2641866031 --> [v2:172.21.15.139:6800/1816107105,v1:172.21.15.139:6801/1816107105] -- mgr_command(tid 0: {"prefix": "orch apply", "service_type": "prometheus", "target": ["mon-mgr", ""]}) v1 -- 0x7f3f54104dd0 con 0x7f3f3c0386e0
2024-02-19T18:53:01.204 INFO:teuthology.orchestra.run.smithi139.stdout:/usr/bin/ceph: stderr
2024-02-19T18:53:00.009+0000 7f3f437fe700 1 -- 172.21.15.139:0/2641866031 <== mgr.14120 v2:172.21.15.139:6800/1816107105 1 ==== mgr_command_reply(tid 0: 0 ) v1 ==== 8+0+31 (secure 0 0 0) 0x7f3f54104dd0 con 0x7f3f3c0386e0
2024-02-19T18:53:01.204 INFO:teuthology.orchestra.run.smithi139.stdout:/usr/bin/ceph: stderr
2024-02-19T18:53:00.011+0000 7f3f58c30700 1 -- 172.21.15.139:0/2641866031 >> [v2:172.21.15.139:6800/1816107105,v1:172.21.15.139:6801/1816107105] conn(0x7f3f3c0386e0 msgr2=0x7f3f3c03aba0 secure :-1 s=STATE_CONNECTION_ESTABLISHED l=1).mark_down
2024-02-19T18:53:01.204 INFO:teuthology.orchestra.run.smithi139.stdout:/usr/bin/ceph: stderr
2024-02-19T18:53:00.011+0000 7f3f58c30700 1 --2- 172.21.15.139:0/2641866031 >> [v2:172.21.15.139:6800/1816107105,v1:172.21.15.139:6801/1816107105] conn(0x7f3f3c0386e0 0x7f3f3c03aba0 secure :-1 s=READY pgs=16 cs=0 l=1 rev1=1 crypto rx=0x7f3f44006fd0 tx=0x7f3f44006e40 comp rx=0 tx=0).stop
2024-02-19T18:53:01.205 INFO:teuthology.orchestra.run.smithi139.stdout:/usr/bin/ceph: stderr
2024-02-19T18:53:00.011+0000 7f3f58c30700 1 -- 172.21.15.139:0/2641866031 >> [v2:172.21.15.139:3300/0,v1:172.21.15.139:6789/0] conn(0x7f3f54105660 msgr2=0x7f3f54198f20 secure :-1 s=STATE_CONNECTION_ESTABLISHED l=1).mark_down
2024-02-19T18:53:01.205 INFO:teuthology.orchestra.run.smithi139.stdout:/usr/bin/ceph: stderr
2024-02-19T18:53:00.011+0000 7f3f58c30700 1 --2- 172.21.15.139:0/2641866031 >> [v2:172.21.15.139:3300/0,v1:172.21.15.139:6789/0] conn(0x7f3f54105660 0x7f3f54198f20 secure :-1 s=READY pgs=56 cs=0 l=1 rev1=1 crypto rx=0x7f3f48006ba0 tx=0x7f3f48011b70 comp rx=0 tx=0).stop
2024-02-19T18:53:01.205 INFO:teuthology.orchestra.run.smithi139.stdout:/usr/bin/ceph: stderr
2024-02-19T18:53:00.011+0000 7f3f58c30700 1 -- 172.21.15.139:0/2641866031 shutdown_connections
2024-02-19T18:53:01.205 INFO:teuthology.orchestra.run.smithi139.stdout:/usr/bin/ceph: stderr
2024-02-19T18:53:00.011+0000 7f3f58c30700 1 --2- 172.21.15.139:0/2641866031 >> [v2:172.21.15.139:6800/1816107105,v1:172.21.15.139:6801/1816107105] conn(0x7f3f3c0386e0 0x7f3f3c03aba0 unknown :-1 s=CLOSED pgs=16 cs=0 l=1 rev1=1 crypto rx=0 tx=0 comp rx=0 tx=0).stop
2024-02-19T18:53:01.205 INFO:teuthology.orchestra.run.smithi139.stdout:/usr/bin/ceph: stderr
2024-02-19T18:53:00.011+0000 7f3f58c30700 1 --2- 172.21.15.139:0/2641866031 >> [v2:172.21.15.139:3300/0,v1:172.21.15.139:6789/0] conn(0x7f3f54105660 0x7f3f54198f20 unknown :-1 s=CLOSED pgs=56 cs=0 l=1 rev1=1 crypto rx=0 tx=0 comp rx=0 tx=0).stop
2024-02-19T18:53:01.205 INFO:teuthology.orchestra.run.smithi139.stdout:/usr/bin/ceph: stderr
2024-02-19T18:53:00.011+0000 7f3f58c30700 1 -- 172.21.15.139:0/2641866031 >> 172.21.15.139:0/2641866031 conn(0x7f3f540ffee0 msgr2=0x7f3f54100a70 unknown :-1 s=STATE_NONE l=0).mark_down
2024-02-19T18:53:01.205 INFO:teuthology.orchestra.run.smithi139.stdout:/usr/bin/ceph: stderr
2024-02-19T18:53:00.011+0000 7f3f58c30700 1 -- 172.21.15.139:0/2641866031 shutdown_connections
2024-02-19T18:53:01.205 INFO:teuthology.orchestra.run.smithi139.stdout:/usr/bin/ceph: stderr
2024-02-19T18:53:00.011+0000 7f3f58c30700 1 -- 172.21.15.139:0/2641866031 wait complete.
2024-02-19T18:53:01.205 INFO:teuthology.orchestra.run.smithi139.stdout:Deploying grafana service with default placement...
2024-02-19T18:53:02.141 INFO:journalctl@ceph.mon.smithi139.smithi139.stdout:Feb 19 18:53:01 smithi139 ceph-mon[29340]: from='client.14150 -' entity='client.admin' cmd=[{"prefix": "orch apply", "service_type": "prometheus", "target": ["mon-mgr", ""]}]: dispatch
2024-02-19T18:53:02.141 INFO:journalctl@ceph.mon.smithi139.smithi139.stdout:Feb 19 18:53:01 smithi139 ceph-mon[29340]: Saving service prometheus spec with placement count:1
2024-02-19T18:53:02.141 INFO:journalctl@ceph.mon.smithi139.smithi139.stdout:Feb 19 18:53:01 smithi139 ceph-mon[29340]: from='mgr.14120 172.21.15.139:0/1263607154' entity='mgr.smithi139.crreww'
2024-02-19T18:53:02.540 INFO:teuthology.orchestra.run.smithi139.stdout:/usr/bin/ceph: stdout Scheduled grafana update...
2024-02-19T18:53:02.540 INFO:teuthology.orchestra.run.smithi139.stdout:/usr/bin/ceph: stderr
2024-02-19T18:53:01.600+0000 7f139bf31700 1 Processor -- start
2024-02-19T18:53:02.540 INFO:teuthology.orchestra.run.smithi139.stdout:/usr/bin/ceph: stderr
2024-02-19T18:53:01.600+0000 7f139bf31700 1 -- start start
2024-02-19T18:53:02.540 INFO:teuthology.orchestra.run.smithi139.stdout:/usr/bin/ceph: stderr
2024-02-19T18:53:01.600+0000 7f139bf31700 1 --2- >> [v2:172.21.15.139:3300/0,v1:172.21.15.139:6789/0] conn(0x7f139407be30 0x7f139407a2e0 unknown :-1 s=NONE pgs=0 cs=0 l=0 rev1=0 crypto rx=0 tx=0 comp rx=0 tx=0).connect
2024-02-19T18:53:02.541 INFO:teuthology.orchestra.run.smithi139.stdout:/usr/bin/ceph: stderr
2024-02-19T18:53:01.600+0000 7f139bf31700 1 -- --> [v2:172.21.15.139:3300/0,v1:172.21.15.139:6789/0] -- mon_getmap magic: 0 v1 -- 0x7f139407a820 con 0x7f139407be30
2024-02-19T18:53:02.541 INFO:teuthology.orchestra.run.smithi139.stdout:/usr/bin/ceph: stderr
2024-02-19T18:53:01.600+0000 7f1399ccd700 1 --2- >> [v2:172.21.15.139:3300/0,v1:172.21.15.139:6789/0] conn(0x7f139407be30 0x7f139407a2e0 unknown :-1 s=BANNER_CONNECTING pgs=0 cs=0 l=0 rev1=0 crypto rx=0 tx=0 comp rx=0 tx=0)._handle_peer_banner_payload supported=3 required=0
2024-02-19T18:53:02.541 INFO:teuthology.orchestra.run.smithi139.stdout:/usr/bin/ceph: stderr
2024-02-19T18:53:01.600+0000 7f1399ccd700 1 --2- >> [v2:172.21.15.139:3300/0,v1:172.21.15.139:6789/0] conn(0x7f139407be30 0x7f139407a2e0 unknown :-1 s=HELLO_CONNECTING pgs=0 cs=0 l=0 rev1=1 crypto rx=0 tx=0 comp rx=0 tx=0).handle_hello peer v2:172.21.15.139:3300/0 says I am v2:172.21.15.139:44688/0 (socket says 172.21.15.139:44688)
2024-02-19T18:53:02.541 INFO:teuthology.orchestra.run.smithi139.stdout:/usr/bin/ceph: stderr
2024-02-19T18:53:01.600+0000 7f1399ccd700 1 -- 172.21.15.139:0/2485042043 learned_addr learned my addr 172.21.15.139:0/2485042043 (peer_addr_for_me v2:172.21.15.139:0/0)
2024-02-19T18:53:02.541 INFO:teuthology.orchestra.run.smithi139.stdout:/usr/bin/ceph: stderr
2024-02-19T18:53:01.601+0000 7f1399ccd700 1 -- 172.21.15.139:0/2485042043 --> [v2:172.21.15.139:3300/0,v1:172.21.15.139:6789/0] -- mon_subscribe({config=0+,monmap=0+}) v3 -- 0x7f139407a960 con 0x7f139407be30
2024-02-19T18:53:02.541 INFO:teuthology.orchestra.run.smithi139.stdout:/usr/bin/ceph: stderr
2024-02-19T18:53:01.601+0000 7f1399ccd700 1 --2- 172.21.15.139:0/2485042043 >> [v2:172.21.15.139:3300/0,v1:172.21.15.139:6789/0] conn(0x7f139407be30 0x7f139407a2e0 secure :-1 s=READY pgs=57 cs=0 l=1 rev1=1 crypto rx=0x7f13900098a0 tx=0x7f1390009bb0 comp rx=0 tx=0).ready entity=mon.0 client_cookie=8802732711a49554 server_cookie=0 in_seq=0 out_seq=0
2024-02-19T18:53:02.541 INFO:teuthology.orchestra.run.smithi139.stdout:/usr/bin/ceph: stderr
2024-02-19T18:53:01.601+0000 7f1398ccb700 1 -- 172.21.15.139:0/2485042043 <== mon.0 v2:172.21.15.139:3300/0 1 ==== mon_map magic: 0 v1 ==== 229+0+0 (secure 0 0 0) 0x7f1390004180 con 0x7f139407be30
2024-02-19T18:53:02.541 INFO:teuthology.orchestra.run.smithi139.stdout:/usr/bin/ceph: stderr
2024-02-19T18:53:01.601+0000 7f1398ccb700 1 -- 172.21.15.139:0/2485042043 <== mon.0 v2:172.21.15.139:3300/0 2 ==== config(27 keys) v1 ==== 1109+0+0 (secure 0 0 0) 0x7f13900042e0 con 0x7f139407be30
2024-02-19T18:53:02.541 INFO:teuthology.orchestra.run.smithi139.stdout:/usr/bin/ceph: stderr
2024-02-19T18:53:01.601+0000 7f1398ccb700 1 -- 172.21.15.139:0/2485042043 <== mon.0 v2:172.21.15.139:3300/0 3 ==== mon_map magic: 0 v1 ==== 229+0+0 (secure 0 0 0) 0x7f1390011b10 con 0x7f139407be30
2024-02-19T18:53:02.541 INFO:teuthology.orchestra.run.smithi139.stdout:/usr/bin/ceph: stderr
2024-02-19T18:53:01.601+0000 7f139bf31700 1 -- 172.21.15.139:0/2485042043 >> [v2:172.21.15.139:3300/0,v1:172.21.15.139:6789/0] conn(0x7f139407be30 msgr2=0x7f139407a2e0 secure :-1 s=STATE_CONNECTION_ESTABLISHED l=1).mark_down
2024-02-19T18:53:02.541 INFO:teuthology.orchestra.run.smithi139.stdout:/usr/bin/ceph: stderr
2024-02-19T18:53:01.601+0000 7f139bf31700 1 --2- 172.21.15.139:0/2485042043 >> [v2:172.21.15.139:3300/0,v1:172.21.15.139:6789/0] conn(0x7f139407be30 0x7f139407a2e0 secure :-1 s=READY pgs=57 cs=0 l=1 rev1=1 crypto rx=0x7f13900098a0 tx=0x7f1390009bb0 comp rx=0 tx=0).stop
2024-02-19T18:53:02.541 INFO:teuthology.orchestra.run.smithi139.stdout:/usr/bin/ceph: stderr
2024-02-19T18:53:01.602+0000 7f139bf31700 1 -- 172.21.15.139:0/2485042043 shutdown_connections
2024-02-19T18:53:02.541 INFO:teuthology.orchestra.run.smithi139.stdout:/usr/bin/ceph: stderr
2024-02-19T18:53:01.602+0000 7f139bf31700 1 --2- 172.21.15.139:0/2485042043 >> [v2:172.21.15.139:3300/0,v1:172.21.15.139:6789/0] conn(0x7f139407be30 0x7f139407a2e0 unknown :-1 s=CLOSED pgs=57 cs=0 l=1 rev1=1 crypto rx=0 tx=0 comp rx=0 tx=0).stop
2024-02-19T18:53:02.541 INFO:teuthology.orchestra.run.smithi139.stdout:/usr/bin/ceph: stderr
2024-02-19T18:53:01.602+0000 7f139bf31700 1 -- 172.21.15.139:0/2485042043 >> 172.21.15.139:0/2485042043 conn(0x7f13941018f0 msgr2=0x7f1394103d70 unknown :-1 s=STATE_NONE l=0).mark_down
2024-02-19T18:53:02.542 INFO:teuthology.orchestra.run.smithi139.stdout:/usr/bin/ceph: stderr
2024-02-19T18:53:01.602+0000 7f139bf31700 1 -- 172.21.15.139:0/2485042043 shutdown_connections
2024-02-19T18:53:02.542 INFO:teuthology.orchestra.run.smithi139.stdout:/usr/bin/ceph: stderr
2024-02-19T18:53:01.602+0000 7f139bf31700 1 -- 172.21.15.139:0/2485042043 wait complete.
2024-02-19T18:53:02.542 INFO:teuthology.orchestra.run.smithi139.stdout:/usr/bin/ceph: stderr
2024-02-19T18:53:01.602+0000 7f139bf31700 1 Processor -- start
2024-02-19T18:53:02.542 INFO:teuthology.orchestra.run.smithi139.stdout:/usr/bin/ceph: stderr
2024-02-19T18:53:01.602+0000 7f139bf31700 1 -- start start
2024-02-19T18:53:02.542 INFO:teuthology.orchestra.run.smithi139.stdout:/usr/bin/ceph: stderr
2024-02-19T18:53:01.602+0000 7f139bf31700 1 --2- >> [v2:172.21.15.139:3300/0,v1:172.21.15.139:6789/0] conn(0x7f139407be30 0x7f139419c620 unknown :-1 s=NONE pgs=0 cs=0 l=1 rev1=0 crypto rx=0 tx=0 comp rx=0 tx=0).connect
2024-02-19T18:53:02.542 INFO:teuthology.orchestra.run.smithi139.stdout:/usr/bin/ceph: stderr
2024-02-19T18:53:01.602+0000 7f139bf31700 1 -- --> [v2:172.21.15.139:3300/0,v1:172.21.15.139:6789/0] -- mon_getmap magic: 0 v1 -- 0x7f139419cb60 con 0x7f139407be30
2024-02-19T18:53:02.542 INFO:teuthology.orchestra.run.smithi139.stdout:/usr/bin/ceph: stderr
2024-02-19T18:53:01.603+0000 7f1399ccd700 1 --2- >> [v2:172.21.15.139:3300/0,v1:172.21.15.139:6789/0] conn(0x7f139407be30 0x7f139419c620 unknown :-1 s=BANNER_CONNECTING pgs=0 cs=0 l=1 rev1=0 crypto rx=0 tx=0 comp rx=0 tx=0)._handle_peer_banner_payload supported=3 required=0
2024-02-19T18:53:02.542 INFO:teuthology.orchestra.run.smithi139.stdout:/usr/bin/ceph: stderr
2024-02-19T18:53:01.603+0000 7f1399ccd700 1 --2- >> [v2:172.21.15.139:3300/0,v1:172.21.15.139:6789/0] conn(0x7f139407be30 0x7f139419c620 unknown :-1 s=HELLO_CONNECTING pgs=0 cs=0 l=1 rev1=1 crypto rx=0 tx=0 comp rx=0 tx=0).handle_hello peer v2:172.21.15.139:3300/0 says I am v2:172.21.15.139:44700/0 (socket says 172.21.15.139:44700)
2024-02-19T18:53:02.542 INFO:teuthology.orchestra.run.smithi139.stdout:/usr/bin/ceph: stderr
2024-02-19T18:53:01.603+0000 7f1399ccd700 1 -- 172.21.15.139:0/601255393 learned_addr learned my addr 172.21.15.139:0/601255393 (peer_addr_for_me v2:172.21.15.139:0/0)
2024-02-19T18:53:02.542 INFO:teuthology.orchestra.run.smithi139.stdout:/usr/bin/ceph: stderr
2024-02-19T18:53:01.603+0000 7f1399ccd700 1 -- 172.21.15.139:0/601255393 --> [v2:172.21.15.139:3300/0,v1:172.21.15.139:6789/0] -- mon_subscribe({config=0+,monmap=0+}) v3 -- 0x7f1390009550 con 0x7f139407be30
2024-02-19T18:53:02.542 INFO:teuthology.orchestra.run.smithi139.stdout:/usr/bin/ceph: stderr
2024-02-19T18:53:01.603+0000 7f1399ccd700 1 --2- 172.21.15.139:0/601255393 >> [v2:172.21.15.139:3300/0,v1:172.21.15.139:6789/0] conn(0x7f139407be30 0x7f139419c620 secure :-1 s=READY pgs=58 cs=0 l=1 rev1=1 crypto rx=0x7f13900117b0 tx=0x7f1390011890 comp rx=0 tx=0).ready entity=mon.0 client_cookie=0 server_cookie=0 in_seq=0 out_seq=0
2024-02-19T18:53:02.542 INFO:teuthology.orchestra.run.smithi139.stdout:/usr/bin/ceph: stderr
2024-02-19T18:53:01.603+0000 7f138affd700 1 -- 172.21.15.139:0/601255393 <== mon.0 v2:172.21.15.139:3300/0 1 ==== mon_map magic: 0 v1 ==== 229+0+0 (secure 0 0 0) 0x7f13900038b0 con 0x7f139407be30
2024-02-19T18:53:02.543 INFO:teuthology.orchestra.run.smithi139.stdout:/usr/bin/ceph: stderr
2024-02-19T18:53:01.603+0000 7f138affd700 1 -- 172.21.15.139:0/601255393 <== mon.0 v2:172.21.15.139:3300/0 2 ==== config(27 keys) v1 ==== 1109+0+0 (secure 0 0 0) 0x7f1390003a10 con 0x7f139407be30
2024-02-19T18:53:02.543 INFO:teuthology.orchestra.run.smithi139.stdout:/usr/bin/ceph: stderr
2024-02-19T18:53:01.603+0000 7f139bf31700 1 -- 172.21.15.139:0/601255393 --> [v2:172.21.15.139:3300/0,v1:172.21.15.139:6789/0] -- mon_subscribe({mgrmap=0+}) v3 -- 0x7f139419cd60 con 0x7f139407be30
2024-02-19T18:53:02.543 INFO:teuthology.orchestra.run.smithi139.stdout:/usr/bin/ceph: stderr
2024-02-19T18:53:01.603+0000 7f138affd700 1 -- 172.21.15.139:0/601255393 <== mon.0 v2:172.21.15.139:3300/0 3 ==== mon_map magic: 0 v1 ==== 229+0+0 (secure 0 0 0) 0x7f1390024780 con 0x7f139407be30
2024-02-19T18:53:02.543 INFO:teuthology.orchestra.run.smithi139.stdout:/usr/bin/ceph: stderr
2024-02-19T18:53:01.603+0000 7f139bf31700 1 -- 172.21.15.139:0/601255393 --> [v2:172.21.15.139:3300/0,v1:172.21.15.139:6789/0] -- mon_subscribe({osdmap=0}) v3 -- 0x7f139419d200 con 0x7f139407be30
2024-02-19T18:53:02.543 INFO:teuthology.orchestra.run.smithi139.stdout:/usr/bin/ceph: stderr
2024-02-19T18:53:01.604+0000 7f138affd700 1 -- 172.21.15.139:0/601255393 <== mon.0 v2:172.21.15.139:3300/0 4 ==== mgrmap(e 8) v1 ==== 45552+0+0 (secure 0 0 0) 0x7f139001ac10 con 0x7f139407be30
2024-02-19T18:53:02.543 INFO:teuthology.orchestra.run.smithi139.stdout:/usr/bin/ceph: stderr
2024-02-19T18:53:01.604+0000 7f139bf31700 1 -- 172.21.15.139:0/601255393 --> [v2:172.21.15.139:3300/0,v1:172.21.15.139:6789/0] -- mon_command({"prefix": "get_command_descriptions"} v 0) v1 -- 0x7f1394196390 con 0x7f139407be30
2024-02-19T18:53:02.543 INFO:teuthology.orchestra.run.smithi139.stdout:/usr/bin/ceph: stderr
2024-02-19T18:53:01.604+0000 7f138affd700 1 --2- 172.21.15.139:0/601255393 >> [v2:172.21.15.139:6800/1816107105,v1:172.21.15.139:6801/1816107105] conn(0x7f1380038770 0x7f138003ac30 unknown :-1 s=NONE pgs=0 cs=0 l=1 rev1=0 crypto rx=0 tx=0 comp rx=0 tx=0).connect
2024-02-19T18:53:02.543 INFO:teuthology.orchestra.run.smithi139.stdout:/usr/bin/ceph: stderr
2024-02-19T18:53:01.604+0000 7f138affd700 1 -- 172.21.15.139:0/601255393 <== mon.0 v2:172.21.15.139:3300/0 5 ==== osd_map(2..2 src has 1..2) v4 ==== 940+0+0 (secure 0 0 0) 0x7f139004c7e0 con 0x7f139407be30
2024-02-19T18:53:02.543 INFO:teuthology.orchestra.run.smithi139.stdout:/usr/bin/ceph: stderr
2024-02-19T18:53:01.604+0000 7f13994cc700 1 --2- 172.21.15.139:0/601255393 >> [v2:172.21.15.139:6800/1816107105,v1:172.21.15.139:6801/1816107105] conn(0x7f1380038770 0x7f138003ac30 unknown :-1 s=BANNER_CONNECTING pgs=0 cs=0 l=1 rev1=0 crypto rx=0 tx=0 comp rx=0 tx=0)._handle_peer_banner_payload supported=3 required=0
2024-02-19T18:53:02.543 INFO:teuthology.orchestra.run.smithi139.stdout:/usr/bin/ceph: stderr
2024-02-19T18:53:01.605+0000 7f13994cc700 1 --2- 172.21.15.139:0/601255393 >> [v2:172.21.15.139:6800/1816107105,v1:172.21.15.139:6801/1816107105] conn(0x7f1380038770 0x7f138003ac30 secure :-1 s=READY pgs=17 cs=0 l=1 rev1=1 crypto rx=0x7f1384006fd0 tx=0x7f1384006e40 comp rx=0 tx=0).ready entity=mgr.14120 client_cookie=0 server_cookie=0 in_seq=0 out_seq=0
2024-02-19T18:53:02.543 INFO:teuthology.orchestra.run.smithi139.stdout:/usr/bin/ceph: stderr
2024-02-19T18:53:01.609+0000 7f138affd700 1 -- 172.21.15.139:0/601255393 <== mon.0 v2:172.21.15.139:3300/0 6 ==== mon_command_ack([{"prefix": "get_command_descriptions"}]=0 v0) v1 ==== 72+0+182595 (secure 0 0 0) 0x7f139002cb40 con 0x7f139407be30
2024-02-19T18:53:02.544 INFO:teuthology.orchestra.run.smithi139.stdout:/usr/bin/ceph: stderr
2024-02-19T18:53:01.817+0000 7f139bf31700 1 -- 172.21.15.139:0/601255393 --> [v2:172.21.15.139:6800/1816107105,v1:172.21.15.139:6801/1816107105] -- mgr_command(tid 0: {"prefix": "orch apply", "service_type": "grafana", "target": ["mon-mgr", ""]}) v1 -- 0x7f13940611b0 con 0x7f1380038770
2024-02-19T18:53:02.544 INFO:teuthology.orchestra.run.smithi139.stdout:/usr/bin/ceph: stderr
2024-02-19T18:53:01.822+0000 7f138affd700 1 -- 172.21.15.139:0/601255393 <== mgr.14120 v2:172.21.15.139:6800/1816107105 1 ==== mgr_command_reply(tid 0: 0 ) v1 ==== 8+0+28 (secure 0 0 0) 0x7f13940611b0 con 0x7f1380038770
2024-02-19T18:53:02.544 INFO:teuthology.orchestra.run.smithi139.stdout:/usr/bin/ceph: stderr
2024-02-19T18:53:01.824+0000 7f139bf31700 1 -- 172.21.15.139:0/601255393 >> [v2:172.21.15.139:6800/1816107105,v1:172.21.15.139:6801/1816107105] conn(0x7f1380038770 msgr2=0x7f138003ac30 secure :-1 s=STATE_CONNECTION_ESTABLISHED l=1).mark_down
2024-02-19T18:53:02.544 INFO:teuthology.orchestra.run.smithi139.stdout:/usr/bin/ceph: stderr
2024-02-19T18:53:01.824+0000 7f139bf31700 1 --2- 172.21.15.139:0/601255393 >> [v2:172.21.15.139:6800/1816107105,v1:172.21.15.139:6801/1816107105] conn(0x7f1380038770 0x7f138003ac30 secure :-1 s=READY pgs=17 cs=0 l=1 rev1=1 crypto rx=0x7f1384006fd0 tx=0x7f1384006e40 comp rx=0 tx=0).stop
2024-02-19T18:53:02.544 INFO:teuthology.orchestra.run.smithi139.stdout:/usr/bin/ceph: stderr
2024-02-19T18:53:01.824+0000 7f139bf31700 1 -- 172.21.15.139:0/601255393 >> [v2:172.21.15.139:3300/0,v1:172.21.15.139:6789/0] conn(0x7f139407be30 msgr2=0x7f139419c620 secure :-1 s=STATE_CONNECTION_ESTABLISHED l=1).mark_down
2024-02-19T18:53:02.544 INFO:teuthology.orchestra.run.smithi139.stdout:/usr/bin/ceph: stderr
2024-02-19T18:53:01.824+0000 7f139bf31700 1 --2- 172.21.15.139:0/601255393 >> [v2:172.21.15.139:3300/0,v1:172.21.15.139:6789/0] conn(0x7f139407be30 0x7f139419c620 secure :-1 s=READY pgs=58 cs=0 l=1 rev1=1 crypto rx=0x7f13900117b0 tx=0x7f1390011890 comp rx=0 tx=0).stop
2024-02-19T18:53:02.544 INFO:teuthology.orchestra.run.smithi139.stdout:/usr/bin/ceph: stderr
2024-02-19T18:53:01.824+0000 7f139bf31700 1 -- 172.21.15.139:0/601255393 shutdown_connections
2024-02-19T18:53:02.544 INFO:teuthology.orchestra.run.smithi139.stdout:/usr/bin/ceph: stderr
2024-02-19T18:53:01.824+0000 7f139bf31700 1 --2- 172.21.15.139:0/601255393 >> [v2:172.21.15.139:6800/1816107105,v1:172.21.15.139:6801/1816107105] conn(0x7f1380038770 0x7f138003ac30 unknown :-1 s=CLOSED pgs=17 cs=0 l=1 rev1=1 crypto rx=0 tx=0 comp rx=0 tx=0).stop
2024-02-19T18:53:02.544 INFO:teuthology.orchestra.run.smithi139.stdout:/usr/bin/ceph: stderr
2024-02-19T18:53:01.824+0000 7f139bf31700 1 --2- 172.21.15.139:0/601255393 >> [v2:172.21.15.139:3300/0,v1:172.21.15.139:6789/0] conn(0x7f139407be30 0x7f139419c620 unknown :-1 s=CLOSED pgs=58 cs=0 l=1 rev1=1 crypto rx=0 tx=0 comp rx=0 tx=0).stop
2024-02-19T18:53:02.544 INFO:teuthology.orchestra.run.smithi139.stdout:/usr/bin/ceph: stderr
2024-02-19T18:53:01.824+0000 7f139bf31700 1 -- 172.21.15.139:0/601255393 >> 172.21.15.139:0/601255393 conn(0x7f13941018f0 msgr2=0x7f13941026c0 unknown :-1 s=STATE_NONE l=0).mark_down
2024-02-19T18:53:02.544 INFO:teuthology.orchestra.run.smithi139.stdout:/usr/bin/ceph: stderr
2024-02-19T18:53:01.824+0000 7f139bf31700 1 -- 172.21.15.139:0/601255393 shutdown_connections
2024-02-19T18:53:02.544 INFO:teuthology.orchestra.run.smithi139.stdout:/usr/bin/ceph: stderr
2024-02-19T18:53:01.824+0000 7f139bf31700 1 -- 172.21.15.139:0/601255393 wait complete.
2024-02-19T18:53:02.544 INFO:teuthology.orchestra.run.smithi139.stdout:Deploying node-exporter service with default placement...
