2024-02-19T18:50:54.108 INFO:teuthology.orchestra.run.smithi077.stdout:/usr/bin/ceph: stderr
2024-02-19T18:50:53.371+0000 7fcea6058700 1 --2- 172.21.15.77:0/1977746896 >> [v2:172.21.15.77:3300/0,v1:172.21.15.77:6789/0] conn(0x7fcea0102770 0x7fcea0102b80 unknown :-1 s=CLOSED pgs=86 cs=0 l=1 rev1=1 crypto rx=0 tx=0 comp rx=0 tx=0).stop
2024-02-19T18:50:54.108 INFO:teuthology.orchestra.run.smithi077.stdout:/usr/bin/ceph: stderr
2024-02-19T18:50:53.371+0000 7fcea6058700 1 -- 172.21.15.77:0/1977746896 >> 172.21.15.77:0/1977746896 conn(0x7fcea00fded0 msgr2=0x7fcea0100300 unknown :-1 s=STATE_NONE l=0).mark_down
2024-02-19T18:50:54.108 INFO:teuthology.orchestra.run.smithi077.stdout:/usr/bin/ceph: stderr
2024-02-19T18:50:53.371+0000 7fcea6058700 1 -- 172.21.15.77:0/1977746896 shutdown_connections
2024-02-19T18:50:54.108 INFO:teuthology.orchestra.run.smithi077.stdout:/usr/bin/ceph: stderr
2024-02-19T18:50:53.371+0000 7fcea6058700 1 -- 172.21.15.77:0/1977746896 wait complete.
2024-02-19T18:50:54.108 INFO:teuthology.orchestra.run.smithi077.stdout:/usr/bin/ceph: stderr
2024-02-19T18:50:53.371+0000 7fcea6058700 1 Processor -- start
2024-02-19T18:50:54.108 INFO:teuthology.orchestra.run.smithi077.stdout:/usr/bin/ceph: stderr
2024-02-19T18:50:53.371+0000 7fcea6058700 1 -- start start
2024-02-19T18:50:54.108 INFO:teuthology.orchestra.run.smithi077.stdout:/usr/bin/ceph: stderr
2024-02-19T18:50:53.372+0000 7fcea6058700 1 --2- >> [v2:172.21.15.77:3300/0,v1:172.21.15.77:6789/0] conn(0x7fcea0102770 0x7fcea01115c0 unknown :-1 s=NONE pgs=0 cs=0 l=1 rev1=0 crypto rx=0 tx=0 comp rx=0 tx=0).connect
2024-02-19T18:50:54.108 INFO:teuthology.orchestra.run.smithi077.stdout:/usr/bin/ceph: stderr
2024-02-19T18:50:53.372+0000 7fcea6058700 1 -- --> [v2:172.21.15.77:3300/0,v1:172.21.15.77:6789/0] -- mon_getmap magic: 0 v1 -- 0x7fcea0111b00 con 0x7fcea0102770
2024-02-19T18:50:54.108 INFO:teuthology.orchestra.run.smithi077.stdout:/usr/bin/ceph: stderr
2024-02-19T18:50:53.372+0000 7fce9f7fe700 1 --2- >> [v2:172.21.15.77:3300/0,v1:172.21.15.77:6789/0] conn(0x7fcea0102770 0x7fcea01115c0 unknown :-1 s=BANNER_CONNECTING pgs=0 cs=0 l=1 rev1=0 crypto rx=0 tx=0 comp rx=0 tx=0)._handle_peer_banner_payload supported=3 required=0
2024-02-19T18:50:54.108 INFO:teuthology.orchestra.run.smithi077.stdout:/usr/bin/ceph: stderr
2024-02-19T18:50:53.372+0000 7fce9f7fe700 1 --2- >> [v2:172.21.15.77:3300/0,v1:172.21.15.77:6789/0] conn(0x7fcea0102770 0x7fcea01115c0 unknown :-1 s=HELLO_CONNECTING pgs=0 cs=0 l=1 rev1=1 crypto rx=0 tx=0 comp rx=0 tx=0).handle_hello peer v2:172.21.15.77:3300/0 says I am v2:172.21.15.77:51652/0 (socket says 172.21.15.77:51652)
2024-02-19T18:50:54.109 INFO:teuthology.orchestra.run.smithi077.stdout:/usr/bin/ceph: stderr
2024-02-19T18:50:53.372+0000 7fce9f7fe700 1 -- 172.21.15.77:0/83053812 learned_addr learned my addr 172.21.15.77:0/83053812 (peer_addr_for_me v2:172.21.15.77:0/0)
2024-02-19T18:50:54.109 INFO:teuthology.orchestra.run.smithi077.stdout:/usr/bin/ceph: stderr
2024-02-19T18:50:53.372+0000 7fce9f7fe700 1 -- 172.21.15.77:0/83053812 --> [v2:172.21.15.77:3300/0,v1:172.21.15.77:6789/0] -- mon_subscribe({config=0+,monmap=0+}) v3 -- 0x7fce900094f0 con 0x7fcea0102770
2024-02-19T18:50:54.109 INFO:teuthology.orchestra.run.smithi077.stdout:/usr/bin/ceph: stderr
2024-02-19T18:50:53.372+0000 7fce9f7fe700 1 --2- 172.21.15.77:0/83053812 >> [v2:172.21.15.77:3300/0,v1:172.21.15.77:6789/0] conn(0x7fcea0102770 0x7fcea01115c0 secure :-1 s=READY pgs=87 cs=0 l=1 rev1=1 crypto rx=0x7fce900090b0 tx=0x7fce90009250 comp rx=0 tx=0).ready entity=mon.0 client_cookie=0 server_cookie=0 in_seq=0 out_seq=0
2024-02-19T18:50:54.109 INFO:teuthology.orchestra.run.smithi077.stdout:/usr/bin/ceph: stderr
2024-02-19T18:50:53.372+0000 7fce87fff700 1 -- 172.21.15.77:0/83053812 <== mon.0 v2:172.21.15.77:3300/0 1 ==== mon_map magic: 0 v1 ==== 229+0+0 (secure 0 0 0) 0x7fce90010840 con 0x7fcea0102770
2024-02-19T18:50:54.109 INFO:teuthology.orchestra.run.smithi077.stdout:/usr/bin/ceph: stderr
2024-02-19T18:50:53.372+0000 7fcea6058700 1 -- 172.21.15.77:0/83053812 --> [v2:172.21.15.77:3300/0,v1:172.21.15.77:6789/0] -- mon_subscribe({mgrmap=0+}) v3 -- 0x7fcea0111d00 con 0x7fcea0102770
2024-02-19T18:50:54.109 INFO:teuthology.orchestra.run.smithi077.stdout:/usr/bin/ceph: stderr
2024-02-19T18:50:53.372+0000 7fce87fff700 1 -- 172.21.15.77:0/83053812 <== mon.0 v2:172.21.15.77:3300/0 2 ==== config(27 keys) v1 ==== 1109+0+0 (secure 0 0 0) 0x7fce90010e70 con 0x7fcea0102770
2024-02-19T18:50:54.109 INFO:teuthology.orchestra.run.smithi077.stdout:/usr/bin/ceph: stderr
2024-02-19T18:50:53.372+0000 7fce87fff700 1 -- 172.21.15.77:0/83053812 <== mon.0 v2:172.21.15.77:3300/0 3 ==== mon_map magic: 0 v1 ==== 229+0+0 (secure 0 0 0) 0x7fce90024e40 con 0x7fcea0102770
2024-02-19T18:50:54.109 INFO:teuthology.orchestra.run.smithi077.stdout:/usr/bin/ceph: stderr
2024-02-19T18:50:53.372+0000 7fcea6058700 1 -- 172.21.15.77:0/83053812 --> [v2:172.21.15.77:3300/0,v1:172.21.15.77:6789/0] -- mon_subscribe({osdmap=0}) v3 -- 0x7fcea01129a0 con 0x7fcea0102770
2024-02-19T18:50:54.109 INFO:teuthology.orchestra.run.smithi077.stdout:/usr/bin/ceph: stderr
2024-02-19T18:50:53.373+0000 7fce87fff700 1 -- 172.21.15.77:0/83053812 <== mon.0 v2:172.21.15.77:3300/0 4 ==== mgrmap(e 13) v1 ==== 43424+0+0 (secure 0 0 0) 0x7fce9001a530 con 0x7fcea0102770
2024-02-19T18:50:54.109 INFO:teuthology.orchestra.run.smithi077.stdout:/usr/bin/ceph: stderr
2024-02-19T18:50:53.373+0000 7fce87fff700 1 --2- 172.21.15.77:0/83053812 >> [v2:172.21.15.77:6800/3287530536,v1:172.21.15.77:6801/3287530536] conn(0x7fce88036830 0x7fce88038ce0 unknown :-1 s=NONE pgs=0 cs=0 l=1 rev1=0 crypto rx=0 tx=0 comp rx=0 tx=0).connect
2024-02-19T18:50:54.109 INFO:teuthology.orchestra.run.smithi077.stdout:/usr/bin/ceph: stderr
2024-02-19T18:50:53.373+0000 7fcea6058700 1 -- 172.21.15.77:0/83053812 --> [v2:172.21.15.77:3300/0,v1:172.21.15.77:6789/0] -- mon_command({"prefix": "get_command_descriptions"} v 0) v1 -- 0x7fcea005f5c0 con 0x7fcea0102770
2024-02-19T18:50:54.109 INFO:teuthology.orchestra.run.smithi077.stdout:/usr/bin/ceph: stderr
2024-02-19T18:50:53.373+0000 7fce87fff700 1 -- 172.21.15.77:0/83053812 <== mon.0 v2:172.21.15.77:3300/0 5 ==== osd_map(3..3 src has 1..3) v4 ==== 1151+0+0 (secure 0 0 0) 0x7fce9004abd0 con 0x7fcea0102770
2024-02-19T18:50:54.109 INFO:teuthology.orchestra.run.smithi077.stdout:/usr/bin/ceph: stderr
2024-02-19T18:50:53.373+0000 7fce9effd700 1 --2- 172.21.15.77:0/83053812 >> [v2:172.21.15.77:6800/3287530536,v1:172.21.15.77:6801/3287530536] conn(0x7fce88036830 0x7fce88038ce0 unknown :-1 s=BANNER_CONNECTING pgs=0 cs=0 l=1 rev1=0 crypto rx=0 tx=0 comp rx=0 tx=0)._handle_peer_banner_payload supported=3 required=0
2024-02-19T18:50:54.109 INFO:teuthology.orchestra.run.smithi077.stdout:/usr/bin/ceph: stderr
2024-02-19T18:50:53.374+0000 7fce9effd700 1 --2- 172.21.15.77:0/83053812 >> [v2:172.21.15.77:6800/3287530536,v1:172.21.15.77:6801/3287530536] conn(0x7fce88036830 0x7fce88038ce0 secure :-1 s=READY pgs=10 cs=0 l=1 rev1=1 crypto rx=0x7fce94009990 tx=0x7fce94006e40 comp rx=0 tx=0).ready entity=mgr.14162 client_cookie=0 server_cookie=0 in_seq=0 out_seq=0
2024-02-19T18:50:54.109 INFO:teuthology.orchestra.run.smithi077.stdout:/usr/bin/ceph: stderr
2024-02-19T18:50:53.378+0000 7fce87fff700 1 -- 172.21.15.77:0/83053812 <== mon.0 v2:172.21.15.77:3300/0 6 ==== mon_command_ack([{"prefix": "get_command_descriptions"}]=0 v0) v1 ==== 72+0+175031 (secure 0 0 0) 0x7fce90018530 con 0x7fcea0102770
2024-02-19T18:50:54.109 INFO:teuthology.orchestra.run.smithi077.stdout:/usr/bin/ceph: stderr
2024-02-19T18:50:53.560+0000 7fcea6058700 1 -- 172.21.15.77:0/83053812 --> [v2:172.21.15.77:3300/0,v1:172.21.15.77:6789/0] -- mon_command([{prefix=config set, name=osd_memory_target_autotune}] v 0) v1 -- 0x7fcea004bed0 con 0x7fcea0102770
2024-02-19T18:50:54.110 INFO:teuthology.orchestra.run.smithi077.stdout:/usr/bin/ceph: stderr
2024-02-19T18:50:53.561+0000 7fce87fff700 1 -- 172.21.15.77:0/83053812 <== mon.0 v2:172.21.15.77:3300/0 7 ==== mon_command_ack([{prefix=config set, name=osd_memory_target_autotune}]=0 v8)=0 v8) v1 ==== 127+0+0 (secure 0 0 0) 0x7fce90018350 con 0x7fcea0102770
2024-02-19T18:50:54.110 INFO:teuthology.orchestra.run.smithi077.stdout:/usr/bin/ceph: stderr
2024-02-19T18:50:53.562+0000 7fcea6058700 1 -- 172.21.15.77:0/83053812 >> [v2:172.21.15.77:6800/3287530536,v1:172.21.15.77:6801/3287530536] conn(0x7fce88036830 msgr2=0x7fce88038ce0 secure :-1 s=STATE_CONNECTION_ESTABLISHED l=1).mark_down
2024-02-19T18:50:54.110 INFO:teuthology.orchestra.run.smithi077.stdout:/usr/bin/ceph: stderr
2024-02-19T18:50:53.562+0000 7fcea6058700 1 --2- 172.21.15.77:0/83053812 >> [v2:172.21.15.77:6800/3287530536,v1:172.21.15.77:6801/3287530536] conn(0x7fce88036830 0x7fce88038ce0 secure :-1 s=READY pgs=10 cs=0 l=1 rev1=1 crypto rx=0x7fce94009990 tx=0x7fce94006e40 comp rx=0 tx=0).stop
2024-02-19T18:50:54.110 INFO:teuthology.orchestra.run.smithi077.stdout:/usr/bin/ceph: stderr
2024-02-19T18:50:53.562+0000 7fcea6058700 1 -- 172.21.15.77:0/83053812 >> [v2:172.21.15.77:3300/0,v1:172.21.15.77:6789/0] conn(0x7fcea0102770 msgr2=0x7fcea01115c0 secure :-1 s=STATE_CONNECTION_ESTABLISHED l=1).mark_down
2024-02-19T18:50:54.110 INFO:teuthology.orchestra.run.smithi077.stdout:/usr/bin/ceph: stderr
2024-02-19T18:50:53.562+0000 7fcea6058700 1 --2- 172.21.15.77:0/83053812 >> [v2:172.21.15.77:3300/0,v1:172.21.15.77:6789/0] conn(0x7fcea0102770 0x7fcea01115c0 secure :-1 s=READY pgs=87 cs=0 l=1 rev1=1 crypto rx=0x7fce900090b0 tx=0x7fce90009250 comp rx=0 tx=0).stop
2024-02-19T18:50:54.110 INFO:teuthology.orchestra.run.smithi077.stdout:/usr/bin/ceph: stderr
2024-02-19T18:50:53.563+0000 7fcea6058700 1 -- 172.21.15.77:0/83053812 shutdown_connections
2024-02-19T18:50:54.110 INFO:teuthology.orchestra.run.smithi077.stdout:/usr/bin/ceph: stderr
2024-02-19T18:50:53.563+0000 7fcea6058700 1 --2- 172.21.15.77:0/83053812 >> [v2:172.21.15.77:6800/3287530536,v1:172.21.15.77:6801/3287530536] conn(0x7fce88036830 0x7fce88038ce0 unknown :-1 s=CLOSED pgs=10 cs=0 l=1 rev1=1 crypto rx=0 tx=0 comp rx=0 tx=0).stop
2024-02-19T18:50:54.110 INFO:teuthology.orchestra.run.smithi077.stdout:/usr/bin/ceph: stderr
2024-02-19T18:50:53.563+0000 7fcea6058700 1 --2- 172.21.15.77:0/83053812 >> [v2:172.21.15.77:3300/0,v1:172.21.15.77:6789/0] conn(0x7fcea0102770 0x7fcea01115c0 unknown :-1 s=CLOSED pgs=87 cs=0 l=1 rev1=1 crypto rx=0 tx=0 comp rx=0 tx=0).stop
2024-02-19T18:50:54.110 INFO:teuthology.orchestra.run.smithi077.stdout:/usr/bin/ceph: stderr
2024-02-19T18:50:53.563+0000 7fcea6058700 1 -- 172.21.15.77:0/83053812 >> 172.21.15.77:0/83053812 conn(0x7fcea00fded0 msgr2=0x7fcea00ff5b0 unknown :-1 s=STATE_NONE l=0).mark_down
2024-02-19T18:50:54.110 INFO:teuthology.orchestra.run.smithi077.stdout:/usr/bin/ceph: stderr
2024-02-19T18:50:53.563+0000 7fcea6058700 1 -- 172.21.15.77:0/83053812 shutdown_connections
2024-02-19T18:50:54.110 INFO:teuthology.orchestra.run.smithi077.stdout:/usr/bin/ceph: stderr
2024-02-19T18:50:53.563+0000 7fcea6058700 1 -- 172.21.15.77:0/83053812 wait complete.
2024-02-19T18:50:55.381 INFO:teuthology.orchestra.run.smithi077.stdout:/usr/bin/ceph: stderr
2024-02-19T18:50:54.498+0000 7f943058b700 1 Processor -- start
2024-02-19T18:50:55.381 INFO:teuthology.orchestra.run.smithi077.stdout:/usr/bin/ceph: stderr
2024-02-19T18:50:54.498+0000 7f943058b700 1 -- start start
2024-02-19T18:50:55.382 INFO:teuthology.orchestra.run.smithi077.stdout:/usr/bin/ceph: stderr
2024-02-19T18:50:54.498+0000 7f943058b700 1 --2- >> [v2:172.21.15.77:3300/0,v1:172.21.15.77:6789/0] conn(0x7f9428102770 0x7f9428102b80 unknown :-1 s=NONE pgs=0 cs=0 l=0 rev1=0 crypto rx=0 tx=0 comp rx=0 tx=0).connect
2024-02-19T18:50:55.382 INFO:teuthology.orchestra.run.smithi077.stdout:/usr/bin/ceph: stderr
2024-02-19T18:50:54.498+0000 7f943058b700 1 -- --> [v2:172.21.15.77:3300/0,v1:172.21.15.77:6789/0] -- mon_getmap magic: 0 v1 -- 0x7f94281030c0 con 0x7f9428102770
2024-02-19T18:50:55.382 INFO:teuthology.orchestra.run.smithi077.stdout:/usr/bin/ceph: stderr
2024-02-19T18:50:54.499+0000 7f942e327700 1 --2- >> [v2:172.21.15.77:3300/0,v1:172.21.15.77:6789/0] conn(0x7f9428102770 0x7f9428102b80 unknown :-1 s=BANNER_CONNECTING pgs=0 cs=0 l=0 rev1=0 crypto rx=0 tx=0 comp rx=0 tx=0)._handle_peer_banner_payload supported=3 required=0
2024-02-19T18:50:55.382 INFO:teuthology.orchestra.run.smithi077.stdout:/usr/bin/ceph: stderr
2024-02-19T18:50:54.499+0000 7f942e327700 1 --2- >> [v2:172.21.15.77:3300/0,v1:172.21.15.77:6789/0] conn(0x7f9428102770 0x7f9428102b80 unknown :-1 s=HELLO_CONNECTING pgs=0 cs=0 l=0 rev1=1 crypto rx=0 tx=0 comp rx=0 tx=0).handle_hello peer v2:172.21.15.77:3300/0 says I am v2:172.21.15.77:51658/0 (socket says 172.21.15.77:51658)
2024-02-19T18:50:55.382 INFO:teuthology.orchestra.run.smithi077.stdout:/usr/bin/ceph: stderr
2024-02-19T18:50:54.499+0000 7f942e327700 1 -- 172.21.15.77:0/3173700186 learned_addr learned my addr 172.21.15.77:0/3173700186 (peer_addr_for_me v2:172.21.15.77:0/0)
2024-02-19T18:50:55.382 INFO:teuthology.orchestra.run.smithi077.stdout:/usr/bin/ceph: stderr
2024-02-19T18:50:54.499+0000 7f942e327700 1 -- 172.21.15.77:0/3173700186 --> [v2:172.21.15.77:3300/0,v1:172.21.15.77:6789/0] -- mon_subscribe({config=0+,monmap=0+}) v3 -- 0x7f9428103200 con 0x7f9428102770
2024-02-19T18:50:55.382 INFO:teuthology.orchestra.run.smithi077.stdout:/usr/bin/ceph: stderr
2024-02-19T18:50:54.499+0000 7f942e327700 1 --2- 172.21.15.77:0/3173700186 >> [v2:172.21.15.77:3300/0,v1:172.21.15.77:6789/0] conn(0x7f9428102770 0x7f9428102b80 secure :-1 s=READY pgs=88 cs=0 l=1 rev1=1 crypto rx=0x7f9424009e50 tx=0x7f9424009840 comp rx=0 tx=0).ready entity=mon.0 client_cookie=fc5d330724116bab server_cookie=0 in_seq=0 out_seq=0
2024-02-19T18:50:55.382 INFO:teuthology.orchestra.run.smithi077.stdout:/usr/bin/ceph: stderr
2024-02-19T18:50:54.499+0000 7f942d325700 1 -- 172.21.15.77:0/3173700186 <== mon.0 v2:172.21.15.77:3300/0 1 ==== mon_map magic: 0 v1 ==== 229+0+0 (secure 0 0 0) 0x7f94240092e0 con 0x7f9428102770
2024-02-19T18:50:55.382 INFO:teuthology.orchestra.run.smithi077.stdout:/usr/bin/ceph: stderr
2024-02-19T18:50:54.499+0000 7f942d325700 1 -- 172.21.15.77:0/3173700186 <== mon.0 v2:172.21.15.77:3300/0 2 ==== config(27 keys) v1 ==== 1109+0+0 (secure 0 0 0) 0x7f9424012430 con 0x7f9428102770
2024-02-19T18:50:55.382 INFO:teuthology.orchestra.run.smithi077.stdout:/usr/bin/ceph: stderr
2024-02-19T18:50:54.499+0000 7f942d325700 1 -- 172.21.15.77:0/3173700186 <== mon.0 v2:172.21.15.77:3300/0 3 ==== mon_map magic: 0 v1 ==== 229+0+0 (secure 0 0 0) 0x7f94240075a0 con 0x7f9428102770
2024-02-19T18:50:55.382 INFO:teuthology.orchestra.run.smithi077.stdout:/usr/bin/ceph: stderr
2024-02-19T18:50:54.500+0000 7f943058b700 1 -- 172.21.15.77:0/3173700186 >> [v2:172.21.15.77:3300/0,v1:172.21.15.77:6789/0] conn(0x7f9428102770 msgr2=0x7f9428102b80 secure :-1 s=STATE_CONNECTION_ESTABLISHED l=1).mark_down
2024-02-19T18:50:55.382 INFO:teuthology.orchestra.run.smithi077.stdout:/usr/bin/ceph: stderr
2024-02-19T18:50:54.500+0000 7f943058b700 1 --2- 172.21.15.77:0/3173700186 >> [v2:172.21.15.77:3300/0,v1:172.21.15.77:6789/0] conn(0x7f9428102770 0x7f9428102b80 secure :-1 s=READY pgs=88 cs=0 l=1 rev1=1 crypto rx=0x7f9424009e50 tx=0x7f9424009840 comp rx=0 tx=0).stop
2024-02-19T18:50:55.382 INFO:teuthology.orchestra.run.smithi077.stdout:/usr/bin/ceph: stderr
2024-02-19T18:50:54.500+0000 7f943058b700 1 -- 172.21.15.77:0/3173700186 shutdown_connections
2024-02-19T18:50:55.383 INFO:teuthology.orchestra.run.smithi077.stdout:/usr/bin/ceph: stderr
2024-02-19T18:50:54.500+0000 7f943058b700 1 --2- 172.21.15.77:0/3173700186 >> [v2:172.21.15.77:3300/0,v1:172.21.15.77:6789/0] conn(0x7f9428102770 0x7f9428102b80 unknown :-1 s=CLOSED pgs=88 cs=0 l=1 rev1=1 crypto rx=0 tx=0 comp rx=0 tx=0).stop
2024-02-19T18:50:55.383 INFO:teuthology.orchestra.run.smithi077.stdout:/usr/bin/ceph: stderr
2024-02-19T18:50:54.500+0000 7f943058b700 1 -- 172.21.15.77:0/3173700186 >> 172.21.15.77:0/3173700186 conn(0x7f94280fded0 msgr2=0x7f9428100300 unknown :-1 s=STATE_NONE l=0).mark_down
2024-02-19T18:50:55.383 INFO:teuthology.orchestra.run.smithi077.stdout:/usr/bin/ceph: stderr
2024-02-19T18:50:54.500+0000 7f943058b700 1 -- 172.21.15.77:0/3173700186 shutdown_connections
2024-02-19T18:50:55.383 INFO:teuthology.orchestra.run.smithi077.stdout:/usr/bin/ceph: stderr
2024-02-19T18:50:54.500+0000 7f943058b700 1 -- 172.21.15.77:0/3173700186 wait complete.
2024-02-19T18:50:55.383 INFO:teuthology.orchestra.run.smithi077.stdout:/usr/bin/ceph: stderr
2024-02-19T18:50:54.500+0000 7f943058b700 1 Processor -- start
2024-02-19T18:50:55.383 INFO:teuthology.orchestra.run.smithi077.stdout:/usr/bin/ceph: stderr
2024-02-19T18:50:54.500+0000 7f943058b700 1 -- start start
2024-02-19T18:50:55.383 INFO:teuthology.orchestra.run.smithi077.stdout:/usr/bin/ceph: stderr
2024-02-19T18:50:54.500+0000 7f943058b700 1 --2- >> [v2:172.21.15.77:3300/0,v1:172.21.15.77:6789/0] conn(0x7f9428102770 0x7f94281115b0 unknown :-1 s=NONE pgs=0 cs=0 l=1 rev1=0 crypto rx=0 tx=0 comp rx=0 tx=0).connect
2024-02-19T18:50:55.383 INFO:teuthology.orchestra.run.smithi077.stdout:/usr/bin/ceph: stderr
2024-02-19T18:50:54.500+0000 7f943058b700 1 -- --> [v2:172.21.15.77:3300/0,v1:172.21.15.77:6789/0] -- mon_getmap magic: 0 v1 -- 0x7f9428111af0 con 0x7f9428102770
2024-02-19T18:50:55.383 INFO:teuthology.orchestra.run.smithi077.stdout:/usr/bin/ceph: stderr
2024-02-19T18:50:54.500+0000 7f942e327700 1 --2- >> [v2:172.21.15.77:3300/0,v1:172.21.15.77:6789/0] conn(0x7f9428102770 0x7f94281115b0 unknown :-1 s=BANNER_CONNECTING pgs=0 cs=0 l=1 rev1=0 crypto rx=0 tx=0 comp rx=0 tx=0)._handle_peer_banner_payload supported=3 required=0
2024-02-19T18:50:55.383 INFO:teuthology.orchestra.run.smithi077.stdout:/usr/bin/ceph: stderr
2024-02-19T18:50:54.500+0000 7f942e327700 1 --2- >> [v2:172.21.15.77:3300/0,v1:172.21.15.77:6789/0] conn(0x7f9428102770 0x7f94281115b0 unknown :-1 s=HELLO_CONNECTING pgs=0 cs=0 l=1 rev1=1 crypto rx=0 tx=0 comp rx=0 tx=0).handle_hello peer v2:172.21.15.77:3300/0 says I am v2:172.21.15.77:51662/0 (socket says 172.21.15.77:51662)
2024-02-19T18:50:55.383 INFO:teuthology.orchestra.run.smithi077.stdout:/usr/bin/ceph: stderr
2024-02-19T18:50:54.500+0000 7f942e327700 1 -- 172.21.15.77:0/3324571629 learned_addr learned my addr 172.21.15.77:0/3324571629 (peer_addr_for_me v2:172.21.15.77:0/0)
2024-02-19T18:50:55.383 INFO:teuthology.orchestra.run.smithi077.stdout:/usr/bin/ceph: stderr
2024-02-19T18:50:54.501+0000 7f942e327700 1 -- 172.21.15.77:0/3324571629 --> [v2:172.21.15.77:3300/0,v1:172.21.15.77:6789/0] -- mon_subscribe({config=0+,monmap=0+}) v3 -- 0x7f9424009ae0 con 0x7f9428102770
2024-02-19T18:50:55.383 INFO:teuthology.orchestra.run.smithi077.stdout:/usr/bin/ceph: stderr
2024-02-19T18:50:54.501+0000 7f942e327700 1 --2- 172.21.15.77:0/3324571629 >> [v2:172.21.15.77:3300/0,v1:172.21.15.77:6789/0] conn(0x7f9428102770 0x7f94281115b0 secure :-1 s=READY pgs=89 cs=0 l=1 rev1=1 crypto rx=0x7f9424012800 tx=0x7f9424009840 comp rx=0 tx=0).ready entity=mon.0 client_cookie=0 server_cookie=0 in_seq=0 out_seq=0
2024-02-19T18:50:55.383 INFO:teuthology.orchestra.run.smithi077.stdout:/usr/bin/ceph: stderr
2024-02-19T18:50:54.501+0000 7f941effd700 1 -- 172.21.15.77:0/3324571629 <== mon.0 v2:172.21.15.77:3300/0 1 ==== mon_map magic: 0 v1 ==== 229+0+0 (secure 0 0 0) 0x7f94240092e0 con 0x7f9428102770
2024-02-19T18:50:55.384 INFO:teuthology.orchestra.run.smithi077.stdout:/usr/bin/ceph: stderr
2024-02-19T18:50:54.501+0000 7f943058b700 1 -- 172.21.15.77:0/3324571629 --> [v2:172.21.15.77:3300/0,v1:172.21.15.77:6789/0] -- mon_subscribe({mgrmap=0+}) v3 -- 0x7f9428111cf0 con 0x7f9428102770
2024-02-19T18:50:55.384 INFO:teuthology.orchestra.run.smithi077.stdout:/usr/bin/ceph: stderr
2024-02-19T18:50:54.501+0000 7f941effd700 1 -- 172.21.15.77:0/3324571629 <== mon.0 v2:172.21.15.77:3300/0 2 ==== config(27 keys) v1 ==== 1109+0+0 (secure 0 0 0) 0x7f9424007d30 con 0x7f9428102770
2024-02-19T18:50:55.384 INFO:teuthology.orchestra.run.smithi077.stdout:/usr/bin/ceph: stderr
2024-02-19T18:50:54.501+0000 7f941effd700 1 -- 172.21.15.77:0/3324571629 <== mon.0 v2:172.21.15.77:3300/0 3 ==== mon_map magic: 0 v1 ==== 229+0+0 (secure 0 0 0) 0x7f94240259a0 con 0x7f9428102770
2024-02-19T18:50:55.384 INFO:teuthology.orchestra.run.smithi077.stdout:/usr/bin/ceph: stderr
2024-02-19T18:50:54.501+0000 7f943058b700 1 -- 172.21.15.77:0/3324571629 --> [v2:172.21.15.77:3300/0,v1:172.21.15.77:6789/0] -- mon_subscribe({osdmap=0}) v3 -- 0x7f9428112990 con 0x7f9428102770
2024-02-19T18:50:55.384 INFO:teuthology.orchestra.run.smithi077.stdout:/usr/bin/ceph: stderr
2024-02-19T18:50:54.502+0000 7f941effd700 1 -- 172.21.15.77:0/3324571629 <== mon.0 v2:172.21.15.77:3300/0 4 ==== mgrmap(e 13) v1 ==== 43424+0+0 (secure 0 0 0) 0x7f9424019050 con 0x7f9428102770
2024-02-19T18:50:55.384 INFO:teuthology.orchestra.run.smithi077.stdout:/usr/bin/ceph: stderr
2024-02-19T18:50:54.502+0000 7f943058b700 1 -- 172.21.15.77:0/3324571629 --> [v2:172.21.15.77:3300/0,v1:172.21.15.77:6789/0] -- mon_command({"prefix": "get_command_descriptions"} v 0) v1 -- 0x7f942805f5c0 con 0x7f9428102770
2024-02-19T18:50:55.384 INFO:teuthology.orchestra.run.smithi077.stdout:/usr/bin/ceph: stderr
2024-02-19T18:50:54.502+0000 7f941effd700 1 --2- 172.21.15.77:0/3324571629 >> [v2:172.21.15.77:6800/3287530536,v1:172.21.15.77:6801/3287530536] conn(0x7f9414036880 0x7f9414038d30 unknown :-1 s=NONE pgs=0 cs=0 l=1 rev1=0 crypto rx=0 tx=0 comp rx=0 tx=0).connect
2024-02-19T18:50:55.384 INFO:teuthology.orchestra.run.smithi077.stdout:/usr/bin/ceph: stderr
2024-02-19T18:50:54.502+0000 7f941effd700 1 -- 172.21.15.77:0/3324571629 <== mon.0 v2:172.21.15.77:3300/0 5 ==== osd_map(3..3 src has 1..3) v4 ==== 1151+0+0 (secure 0 0 0) 0x7f942404a3f0 con 0x7f9428102770
2024-02-19T18:50:55.384 INFO:teuthology.orchestra.run.smithi077.stdout:/usr/bin/ceph: stderr
2024-02-19T18:50:54.502+0000 7f942db26700 1 --2- 172.21.15.77:0/3324571629 >> [v2:172.21.15.77:6800/3287530536,v1:172.21.15.77:6801/3287530536] conn(0x7f9414036880 0x7f9414038d30 unknown :-1 s=BANNER_CONNECTING pgs=0 cs=0 l=1 rev1=0 crypto rx=0 tx=0 comp rx=0 tx=0)._handle_peer_banner_payload supported=3 required=0
2024-02-19T18:50:55.384 INFO:teuthology.orchestra.run.smithi077.stdout:/usr/bin/ceph: stderr
2024-02-19T18:50:54.502+0000 7f942db26700 1 --2- 172.21.15.77:0/3324571629 >> [v2:172.21.15.77:6800/3287530536,v1:172.21.15.77:6801/3287530536] conn(0x7f9414036880 0x7f9414038d30 secure :-1 s=READY pgs=11 cs=0 l=1 rev1=1 crypto rx=0x7f9418009990 tx=0x7f9418006e40 comp rx=0 tx=0).ready entity=mgr.14162 client_cookie=0 server_cookie=0 in_seq=0 out_seq=0
2024-02-19T18:50:55.385 INFO:teuthology.orchestra.run.smithi077.stdout:/usr/bin/ceph: stderr
2024-02-19T18:50:54.506+0000 7f941effd700 1 -- 172.21.15.77:0/3324571629 <== mon.0 v2:172.21.15.77:3300/0 6 ==== mon_command_ack([{"prefix": "get_command_descriptions"}]=0 v0) v1 ==== 72+0+175031 (secure 0 0 0) 0x7f9424011570 con 0x7f9428102770
2024-02-19T18:50:55.385 INFO:teuthology.orchestra.run.smithi077.stdout:/usr/bin/ceph: stderr
2024-02-19T18:50:54.790+0000 7f943058b700 1 -- 172.21.15.77:0/3324571629 --> [v2:172.21.15.77:3300/0,v1:172.21.15.77:6789/0] -- mon_command([{prefix=config-key set, key=mgr/dashboard/cluster/status}] v 0) v1 -- 0x7f942804bed0 con 0x7f9428102770
2024-02-19T18:50:55.385 INFO:teuthology.orchestra.run.smithi077.stdout:/usr/bin/ceph: stderr
2024-02-19T18:50:54.793+0000 7f941effd700 1 -- 172.21.15.77:0/3324571629 <== mon.0 v2:172.21.15.77:3300/0 7 ==== mon_command_ack([{prefix=config-key set, key=mgr/dashboard/cluster/status}]=0 set mgr/dashboard/cluster/status v33)=0 set mgr/dashboard/cluster/status v33) v1 ==== 153+0+0 (secure 0 0 0) 0x7f9424020070 con 0x7f9428102770
2024-02-19T18:50:55.385 INFO:teuthology.orchestra.run.smithi077.stdout:/usr/bin/ceph: stderr
2024-02-19T18:50:54.796+0000 7f943058b700 1 -- 172.21.15.77:0/3324571629 >> [v2:172.21.15.77:6800/3287530536,v1:172.21.15.77:6801/3287530536] conn(0x7f9414036880 msgr2=0x7f9414038d30 secure :-1 s=STATE_CONNECTION_ESTABLISHED l=1).mark_down
2024-02-19T18:50:55.385 INFO:teuthology.orchestra.run.smithi077.stdout:/usr/bin/ceph: stderr
2024-02-19T18:50:54.796+0000 7f943058b700 1 --2- 172.21.15.77:0/3324571629 >> [v2:172.21.15.77:6800/3287530536,v1:172.21.15.77:6801/3287530536] conn(0x7f9414036880 0x7f9414038d30 secure :-1 s=READY pgs=11 cs=0 l=1 rev1=1 crypto rx=0x7f9418009990 tx=0x7f9418006e40 comp rx=0 tx=0).stop
2024-02-19T18:50:55.385 INFO:teuthology.orchestra.run.smithi077.stdout:/usr/bin/ceph: stderr
2024-02-19T18:50:54.796+0000 7f943058b700 1 -- 172.21.15.77:0/3324571629 >> [v2:172.21.15.77:3300/0,v1:172.21.15.77:6789/0] conn(0x7f9428102770 msgr2=0x7f94281115b0 secure :-1 s=STATE_CONNECTION_ESTABLISHED l=1).mark_down
2024-02-19T18:50:55.385 INFO:teuthology.orchestra.run.smithi077.stdout:/usr/bin/ceph: stderr
2024-02-19T18:50:54.796+0000 7f943058b700 1 --2- 172.21.15.77:0/3324571629 >> [v2:172.21.15.77:3300/0,v1:172.21.15.77:6789/0] conn(0x7f9428102770 0x7f94281115b0 secure :-1 s=READY pgs=89 cs=0 l=1 rev1=1 crypto rx=0x7f9424012800 tx=0x7f9424009840 comp rx=0 tx=0).stop
2024-02-19T18:50:55.385 INFO:teuthology.orchestra.run.smithi077.stdout:/usr/bin/ceph: stderr
2024-02-19T18:50:54.796+0000 7f943058b700 1 -- 172.21.15.77:0/3324571629 shutdown_connections
2024-02-19T18:50:55.385 INFO:teuthology.orchestra.run.smithi077.stdout:/usr/bin/ceph: stderr
2024-02-19T18:50:54.796+0000 7f943058b700 1 --2- 172.21.15.77:0/3324571629 >> [v2:172.21.15.77:6800/3287530536,v1:172.21.15.77:6801/3287530536] conn(0x7f9414036880 0x7f9414038d30 unknown :-1 s=CLOSED pgs=11 cs=0 l=1 rev1=1 crypto rx=0 tx=0 comp rx=0 tx=0).stop
2024-02-19T18:50:55.385 INFO:teuthology.orchestra.run.smithi077.stdout:/usr/bin/ceph: stderr
2024-02-19T18:50:54.796+0000 7f943058b700 1 --2- 172.21.15.77:0/3324571629 >> [v2:172.21.15.77:3300/0,v1:172.21.15.77:6789/0] conn(0x7f9428102770 0x7f94281115b0 unknown :-1 s=CLOSED pgs=89 cs=0 l=1 rev1=1 crypto rx=0 tx=0 comp rx=0 tx=0).stop
2024-02-19T18:50:55.385 INFO:teuthology.orchestra.run.smithi077.stdout:/usr/bin/ceph: stderr
2024-02-19T18:50:54.796+0000 7f943058b700 1 -- 172.21.15.77:0/3324571629 >> 172.21.15.77:0/3324571629 conn(0x7f94280fded0 msgr2=0x7f94280ff5c0 unknown :-1 s=STATE_NONE l=0).mark_down
2024-02-19T18:50:55.385 INFO:teuthology.orchestra.run.smithi077.stdout:/usr/bin/ceph: stderr
2024-02-19T18:50:54.796+0000 7f943058b700 1 -- 172.21.15.77:0/3324571629 shutdown_connections
2024-02-19T18:50:55.385 INFO:teuthology.orchestra.run.smithi077.stdout:/usr/bin/ceph: stderr
2024-02-19T18:50:54.796+0000 7f943058b700 1 -- 172.21.15.77:0/3324571629 wait complete.
2024-02-19T18:50:55.385 INFO:teuthology.orchestra.run.smithi077.stdout:/usr/bin/ceph: stderr set mgr/dashboard/cluster/status
2024-02-19T18:50:55.386 INFO:teuthology.orchestra.run.smithi077.stdout:You can access the Ceph CLI as following in case of multi-cluster or non-default config:
2024-02-19T18:50:55.386 INFO:teuthology.orchestra.run.smithi077.stdout:
2024-02-19T18:50:55.386 INFO:teuthology.orchestra.run.smithi077.stdout: sudo /home/ubuntu/cephtest/cephadm shell --fsid 6778a95a-cf57-11ee-95bb-87774f69a715 -c /etc/ceph/ceph.conf -k /etc/ceph/ceph.client.admin.keyring
2024-02-19T18:50:55.386 INFO:teuthology.orchestra.run.smithi077.stdout:
2024-02-19T18:50:55.386 INFO:teuthology.orchestra.run.smithi077.stdout:Or, if you are only running a single cluster on this host:
2024-02-19T18:50:55.386 INFO:teuthology.orchestra.run.smithi077.stdout:
2024-02-19T18:50:55.386 INFO:teuthology.orchestra.run.smithi077.stdout: sudo /home/ubuntu/cephtest/cephadm shell
2024-02-19T18:50:55.386 INFO:teuthology.orchestra.run.smithi077.stdout:
2024-02-19T18:50:55.386 INFO:teuthology.orchestra.run.smithi077.stdout:Please consider enabling telemetry to help improve Ceph:
2024-02-19T18:50:55.386 INFO:teuthology.orchestra.run.smithi077.stdout:
2024-02-19T18:50:55.386 INFO:teuthology.orchestra.run.smithi077.stdout: ceph telemetry on
2024-02-19T18:50:55.386 INFO:teuthology.orchestra.run.smithi077.stdout:
2024-02-19T18:50:55.386 INFO:teuthology.orchestra.run.smithi077.stdout:For more information see:
2024-02-19T18:50:55.386 INFO:teuthology.orchestra.run.smithi077.stdout:
2024-02-19T18:50:55.386 INFO:teuthology.orchestra.run.smithi077.stdout: https://docs.ceph.com/docs/master/mgr/telemetry/
2024-02-19T18:50:55.387 INFO:teuthology.orchestra.run.smithi077.stdout:
2024-02-19T18:50:55.387 INFO:teuthology.orchestra.run.smithi077.stdout:Bootstrap complete.
2024-02-19T18:50:55.414 INFO:tasks.cephadm:Fetching config...
2024-02-19T18:50:55.415 DEBUG:teuthology.orchestra.run.smithi077:> set -ex
2024-02-19T18:50:55.415 DEBUG:teuthology.orchestra.run.smithi077:> dd if=/etc/ceph/ceph.conf of=/dev/stdout
2024-02-19T18:50:55.469 INFO:tasks.cephadm:Fetching client.admin keyring...
2024-02-19T18:50:55.469 DEBUG:teuthology.orchestra.run.smithi077:> set -ex
2024-02-19T18:50:55.470 DEBUG:teuthology.orchestra.run.smithi077:> dd if=/etc/ceph/ceph.client.admin.keyring of=/dev/stdout
2024-02-19T18:50:55.524 INFO:tasks.cephadm:Fetching mon keyring...
2024-02-19T18:50:55.524 DEBUG:teuthology.orchestra.run.smithi077:> set -ex
2024-02-19T18:50:55.524 DEBUG:teuthology.orchestra.run.smithi077:> sudo dd if=/var/lib/ceph/6778a95a-cf57-11ee-95bb-87774f69a715/mon.smithi077/keyring of=/dev/stdout
2024-02-19T18:50:55.591 INFO:tasks.cephadm:Fetching pub ssh key...
2024-02-19T18:50:55.591 DEBUG:teuthology.orchestra.run.smithi077:> set -ex
2024-02-19T18:50:55.592 DEBUG:teuthology.orchestra.run.smithi077:> dd if=/home/ubuntu/cephtest/ceph.pub of=/dev/stdout
2024-02-19T18:50:55.646 INFO:tasks.cephadm:Installing pub ssh key for root users...
2024-02-19T18:50:55.646 DEBUG:teuthology.orchestra.run.smithi077:> sudo install -d -m 0700 /root/.ssh && echo 'ssh-rsa AAAAB3NzaC1yc2EAAAADAQABAAABgQDIFJBfDNK+jtfEcX4T56qJQTp5o+vjm8mmcglfds0U13RN3MyQmfQeym98bfMfZz9wav42zhWN0mHDojHvJBXYScB9RE0brQ8qFKypWQrGonKXYs2+TqGGJQw2cE7E7z5E25EnkiIBPbPlNwL6c0FBzOzA4CoRuc5mgpc3VlZANyq5QHWIry6magvLY5Cwq/ZfK39Ebd+Mcz73dlgkff4tx6WYBmFRbzNL/VJiruSdgufsuoxQPD/y64Lj/SYABR30mBUES678SA+2uDSx7sZAtKgE30q9Zzos3AXZDE2HKaNtY17FjMk6dBAljjBJD4oDLSjEss7wNXP7bLHbofN5qV9IWbWKgSObDZsgom7vv+F509/xhYgVQQhAEOdrzjLg1MpiHhCIqYUo/aSjNHvskqZY26b7Lt0eNb/+VTSayoVOdBcUKRUppBSRNBqyAdV6J1y6NckbIBddhKStPmcYlI2Ic9f2FhcKnzIQSC2g9tNHlkM6jbkc9dvr1UWzPLs= ceph-6778a95a-cf57-11ee-95bb-87774f69a715' | sudo tee -a /root/.ssh/authorized_keys && sudo chmod 0600 /root/.ssh/authorized_keys
2024-02-19T18:50:55.726 INFO:teuthology.orchestra.run.smithi077.stdout:ssh-rsa AAAAB3NzaC1yc2EAAAADAQABAAABgQDIFJBfDNK+jtfEcX4T56qJQTp5o+vjm8mmcglfds0U13RN3MyQmfQeym98bfMfZz9wav42zhWN0mHDojHvJBXYScB9RE0brQ8qFKypWQrGonKXYs2+TqGGJQw2cE7E7z5E25EnkiIBPbPlNwL6c0FBzOzA4CoRuc5mgpc3VlZANyq5QHWIry6magvLY5Cwq/ZfK39Ebd+Mcz73dlgkff4tx6WYBmFRbzNL/VJiruSdgufsuoxQPD/y64Lj/SYABR30mBUES678SA+2uDSx7sZAtKgE30q9Zzos3AXZDE2HKaNtY17FjMk6dBAljjBJD4oDLSjEss7wNXP7bLHbofN5qV9IWbWKgSObDZsgom7vv+F509/xhYgVQQhAEOdrzjLg1MpiHhCIqYUo/aSjNHvskqZY26b7Lt0eNb/+VTSayoVOdBcUKRUppBSRNBqyAdV6J1y6NckbIBddhKStPmcYlI2Ic9f2FhcKnzIQSC2g9tNHlkM6jbkc9dvr1UWzPLs= ceph-6778a95a-cf57-11ee-95bb-87774f69a715
2024-02-19T18:50:55.740 DEBUG:teuthology.orchestra.run.smithi104:> sudo install -d -m 0700 /root/.ssh && echo 'ssh-rsa AAAAB3NzaC1yc2EAAAADAQABAAABgQDIFJBfDNK+jtfEcX4T56qJQTp5o+vjm8mmcglfds0U13RN3MyQmfQeym98bfMfZz9wav42zhWN0mHDojHvJBXYScB9RE0brQ8qFKypWQrGonKXYs2+TqGGJQw2cE7E7z5E25EnkiIBPbPlNwL6c0FBzOzA4CoRuc5mgpc3VlZANyq5QHWIry6magvLY5Cwq/ZfK39Ebd+Mcz73dlgkff4tx6WYBmFRbzNL/VJiruSdgufsuoxQPD/y64Lj/SYABR30mBUES678SA+2uDSx7sZAtKgE30q9Zzos3AXZDE2HKaNtY17FjMk6dBAljjBJD4oDLSjEss7wNXP7bLHbofN5qV9IWbWKgSObDZsgom7vv+F509/xhYgVQQhAEOdrzjLg1MpiHhCIqYUo/aSjNHvskqZY26b7Lt0eNb/+VTSayoVOdBcUKRUppBSRNBqyAdV6J1y6NckbIBddhKStPmcYlI2Ic9f2FhcKnzIQSC2g9tNHlkM6jbkc9dvr1UWzPLs= ceph-6778a95a-cf57-11ee-95bb-87774f69a715' | sudo tee -a /root/.ssh/authorized_keys && sudo chmod 0600 /root/.ssh/authorized_keys
2024-02-19T18:50:55.786 INFO:teuthology.orchestra.run.smithi104.stdout:ssh-rsa AAAAB3NzaC1yc2EAAAADAQABAAABgQDIFJBfDNK+jtfEcX4T56qJQTp5o+vjm8mmcglfds0U13RN3MyQmfQeym98bfMfZz9wav42zhWN0mHDojHvJBXYScB9RE0brQ8qFKypWQrGonKXYs2+TqGGJQw2cE7E7z5E25EnkiIBPbPlNwL6c0FBzOzA4CoRuc5mgpc3VlZANyq5QHWIry6magvLY5Cwq/ZfK39Ebd+Mcz73dlgkff4tx6WYBmFRbzNL/VJiruSdgufsuoxQPD/y64Lj/SYABR30mBUES678SA+2uDSx7sZAtKgE30q9Zzos3AXZDE2HKaNtY17FjMk6dBAljjBJD4oDLSjEss7wNXP7bLHbofN5qV9IWbWKgSObDZsgom7vv+F509/xhYgVQQhAEOdrzjLg1MpiHhCIqYUo/aSjNHvskqZY26b7Lt0eNb/+VTSayoVOdBcUKRUppBSRNBqyAdV6J1y6NckbIBddhKStPmcYlI2Ic9f2FhcKnzIQSC2g9tNHlkM6jbkc9dvr1UWzPLs= ceph-6778a95a-cf57-11ee-95bb-87774f69a715
2024-02-19T18:50:55.801 DEBUG:teuthology.orchestra.run.smithi077:> sudo /home/ubuntu/cephtest/cephadm --image quay.ceph.io/ceph-ci/ceph:quincy shell -c /etc/ceph/ceph.conf -k /etc/ceph/ceph.client.admin.keyring --fsid 6778a95a-cf57-11ee-95bb-87774f69a715 -- ceph config set mgr mgr/cephadm/allow_ptrace true
2024-02-19T18:50:55.825 INFO:journalctl@ceph.mon.smithi077.smithi077.stdout:Feb 19 18:50:55 smithi077 ceph-mon[29247]: from='client.? 172.21.15.77:0/3324571629' entity='client.admin'
2024-02-19T18:50:56.057 INFO:teuthology.orchestra.run.smithi077.stderr:Inferring config /var/lib/ceph/6778a95a-cf57-11ee-95bb-87774f69a715/mon.smithi077/config
2024-02-19T18:50:58.526 INFO:teuthology.orchestra.run.smithi077.stderr:2024-02-19T18:50:58.507+0000 7f9696e09700 1 -- 172.21.15.77:0/3417045928 >> [v2:172.21.15.77:3300/0,v1:172.21.15.77:6789/0] conn(0x7f96900fbab0 msgr2=0x7f96900fbec0 secure :-1 s=STATE_CONNECTION_ESTABLISHED l=1).mark_down
2024-02-19T18:50:58.526 INFO:teuthology.orchestra.run.smithi077.stderr:2024-02-19T18:50:58.507+0000 7f9696e09700 1 --2- 172.21.15.77:0/3417045928 >> [v2:172.21.15.77:3300/0,v1:172.21.15.77:6789/0] conn(0x7f96900fbab0 0x7f96900fbec0 secure :-1 s=READY pgs=90 cs=0 l=1 rev1=1 crypto rx=0x7f9688009c60 tx=0x7f9688004d10 comp rx=0 tx=0).stop
2024-02-19T18:50:58.526 INFO:teuthology.orchestra.run.smithi077.stderr:2024-02-19T18:50:58.507+0000 7f9696e09700 1 -- 172.21.15.77:0/3417045928 shutdown_connections
2024-02-19T18:50:58.526 INFO:teuthology.orchestra.run.smithi077.stderr:2024-02-19T18:50:58.507+0000 7f9696e09700 1 --2- 172.21.15.77:0/3417045928 >> [v2:172.21.15.77:3300/0,v1:172.21.15.77:6789/0] conn(0x7f96900fbab0 0x7f96900fbec0 unknown :-1 s=CLOSED pgs=90 cs=0 l=1 rev1=1 crypto rx=0 tx=0 comp rx=0 tx=0).stop
2024-02-19T18:50:58.526 INFO:teuthology.orchestra.run.smithi077.stderr:2024-02-19T18:50:58.507+0000 7f9696e09700 1 -- 172.21.15.77:0/3417045928 >> 172.21.15.77:0/3417045928 conn(0x7f96900f7210 msgr2=0x7f96900f9640 unknown :-1 s=STATE_NONE l=0).mark_down
2024-02-19T18:50:58.526 INFO:teuthology.orchestra.run.smithi077.stderr:2024-02-19T18:50:58.507+0000 7f9696e09700 1 -- 172.21.15.77:0/3417045928 shutdown_connections
2024-02-19T18:50:58.526 INFO:teuthology.orchestra.run.smithi077.stderr:2024-02-19T18:50:58.507+0000 7f9696e09700 1 -- 172.21.15.77:0/3417045928 wait complete.
2024-02-19T18:50:58.526 INFO:teuthology.orchestra.run.smithi077.stderr:2024-02-19T18:50:58.508+0000 7f9696e09700 1 Processor -- start
2024-02-19T18:50:58.526 INFO:teuthology.orchestra.run.smithi077.stderr:2024-02-19T18:50:58.508+0000 7f9696e09700 1 -- start start
2024-02-19T18:50:58.526 INFO:teuthology.orchestra.run.smithi077.stderr:2024-02-19T18:50:58.508+0000 7f9696e09700 1 --2- >> [v2:172.21.15.77:3300/0,v1:172.21.15.77:6789/0] conn(0x7f96900fbab0 0x7f96900f92d0 unknown :-1 s=NONE pgs=0 cs=0 l=1 rev1=0 crypto rx=0 tx=0 comp rx=0 tx=0).connect
2024-02-19T18:50:58.526 INFO:teuthology.orchestra.run.smithi077.stderr:2024-02-19T18:50:58.508+0000 7f9696e09700 1 -- --> [v2:172.21.15.77:3300/0,v1:172.21.15.77:6789/0] -- mon_getmap magic: 0 v1 -- 0x7f96900f7750 con 0x7f96900fbab0
2024-02-19T18:50:58.526 INFO:teuthology.orchestra.run.smithi077.stderr:2024-02-19T18:50:58.508+0000 7f9694ba5700 1 --2- >> [v2:172.21.15.77:3300/0,v1:172.21.15.77:6789/0] conn(0x7f96900fbab0 0x7f96900f92d0 unknown :-1 s=BANNER_CONNECTING pgs=0 cs=0 l=1 rev1=0 crypto rx=0 tx=0 comp rx=0 tx=0)._handle_peer_banner_payload supported=3 required=0
2024-02-19T18:50:58.527 INFO:teuthology.orchestra.run.smithi077.stderr:2024-02-19T18:50:58.508+0000 7f9694ba5700 1 --2- >> [v2:172.21.15.77:3300/0,v1:172.21.15.77:6789/0] conn(0x7f96900fbab0 0x7f96900f92d0 unknown :-1 s=HELLO_CONNECTING pgs=0 cs=0 l=1 rev1=1 crypto rx=0 tx=0 comp rx=0 tx=0).handle_hello peer v2:172.21.15.77:3300/0 says I am v2:172.21.15.77:41982/0 (socket says 172.21.15.77:41982)
2024-02-19T18:50:58.527 INFO:teuthology.orchestra.run.smithi077.stderr:2024-02-19T18:50:58.508+0000 7f9694ba5700 1 -- 172.21.15.77:0/102191185 learned_addr learned my addr 172.21.15.77:0/102191185 (peer_addr_for_me v2:172.21.15.77:0/0)
2024-02-19T18:50:58.527 INFO:teuthology.orchestra.run.smithi077.stderr:2024-02-19T18:50:58.508+0000 7f9694ba5700 1 -- 172.21.15.77:0/102191185 --> [v2:172.21.15.77:3300/0,v1:172.21.15.77:6789/0] -- mon_subscribe({config=0+,monmap=0+}) v3 -- 0x7f9688009940 con 0x7f96900fbab0
2024-02-19T18:50:58.527 INFO:teuthology.orchestra.run.smithi077.stderr:2024-02-19T18:50:58.509+0000 7f9694ba5700 1 --2- 172.21.15.77:0/102191185 >> [v2:172.21.15.77:3300/0,v1:172.21.15.77:6789/0] conn(0x7f96900fbab0 0x7f96900f92d0 secure :-1 s=READY pgs=91 cs=0 l=1 rev1=1 crypto rx=0x7f9688004e60 tx=0x7f9688004d10 comp rx=0 tx=0).ready entity=mon.0 client_cookie=0 server_cookie=0 in_seq=0 out_seq=0
2024-02-19T18:50:58.527 INFO:teuthology.orchestra.run.smithi077.stderr:2024-02-19T18:50:58.509+0000 7f968d7fa700 1 -- 172.21.15.77:0/102191185 <== mon.0 v2:172.21.15.77:3300/0 1 ==== mon_map magic: 0 v1 ==== 229+0+0 (secure 0 0 0) 0x7f968801d440 con 0x7f96900fbab0
2024-02-19T18:50:58.527 INFO:teuthology.orchestra.run.smithi077.stderr:2024-02-19T18:50:58.509+0000 7f9696e09700 1 -- 172.21.15.77:0/102191185 --> [v2:172.21.15.77:3300/0,v1:172.21.15.77:6789/0] -- mon_subscribe({mgrmap=0+}) v3 -- 0x7f96900f7950 con 0x7f96900fbab0
2024-02-19T18:50:58.527 INFO:teuthology.orchestra.run.smithi077.stderr:2024-02-19T18:50:58.509+0000 7f968d7fa700 1 -- 172.21.15.77:0/102191185 <== mon.0 v2:172.21.15.77:3300/0 2 ==== config(27 keys) v1 ==== 1109+0+0 (secure 0 0 0) 0x7f968801da70 con 0x7f96900fbab0
2024-02-19T18:50:58.527 INFO:teuthology.orchestra.run.smithi077.stderr:2024-02-19T18:50:58.509+0000 7f968d7fa700 1 -- 172.21.15.77:0/102191185 <== mon.0 v2:172.21.15.77:3300/0 3 ==== mon_map magic: 0 v1 ==== 229+0+0 (secure 0 0 0) 0x7f9688012aa0 con 0x7f96900fbab0
2024-02-19T18:50:58.527 INFO:teuthology.orchestra.run.smithi077.stderr:2024-02-19T18:50:58.509+0000 7f9696e09700 1 -- 172.21.15.77:0/102191185 --> [v2:172.21.15.77:3300/0,v1:172.21.15.77:6789/0] -- mon_subscribe({osdmap=0}) v3 -- 0x7f96900f7e40 con 0x7f96900fbab0
2024-02-19T18:50:58.527 INFO:teuthology.orchestra.run.smithi077.stderr:2024-02-19T18:50:58.509+0000 7f968d7fa700 1 -- 172.21.15.77:0/102191185 <== mon.0 v2:172.21.15.77:3300/0 4 ==== mgrmap(e 13) v1 ==== 43424+0+0 (secure 0 0 0) 0x7f9688019040 con 0x7f96900fbab0
2024-02-19T18:50:58.527 INFO:teuthology.orchestra.run.smithi077.stderr:2024-02-19T18:50:58.510+0000 7f968d7fa700 1 --2- 172.21.15.77:0/102191185 >> [v2:172.21.15.77:6800/3287530536,v1:172.21.15.77:6801/3287530536] conn(0x7f967c0368c0 0x7f967c038d70 unknown :-1 s=NONE pgs=0 cs=0 l=1 rev1=0 crypto rx=0 tx=0 comp rx=0 tx=0).connect
2024-02-19T18:50:58.527 INFO:teuthology.orchestra.run.smithi077.stderr:2024-02-19T18:50:58.510+0000 7f968d7fa700 1 -- 172.21.15.77:0/102191185 <== mon.0 v2:172.21.15.77:3300/0 5 ==== osd_map(3..3 src has 1..3) v4 ==== 1151+0+0 (secure 0 0 0) 0x7f968804b280 con 0x7f96900fbab0
2024-02-19T18:50:58.527 INFO:teuthology.orchestra.run.smithi077.stderr:2024-02-19T18:50:58.510+0000 7f968ffff700 1 --2- 172.21.15.77:0/102191185 >> [v2:172.21.15.77:6800/3287530536,v1:172.21.15.77:6801/3287530536] conn(0x7f967c0368c0 0x7f967c038d70 unknown :-1 s=BANNER_CONNECTING pgs=0 cs=0 l=1 rev1=0 crypto rx=0 tx=0 comp rx=0 tx=0)._handle_peer_banner_payload supported=3 required=0
2024-02-19T18:50:58.527 INFO:teuthology.orchestra.run.smithi077.stderr:2024-02-19T18:50:58.510+0000 7f9696e09700 1 -- 172.21.15.77:0/102191185 --> [v2:172.21.15.77:3300/0,v1:172.21.15.77:6789/0] -- mon_command({"prefix": "get_command_descriptions"} v 0) v1 -- 0x7f9690106810 con 0x7f96900fbab0
2024-02-19T18:50:58.528 INFO:teuthology.orchestra.run.smithi077.stderr:2024-02-19T18:50:58.510+0000 7f968ffff700 1 --2- 172.21.15.77:0/102191185 >> [v2:172.21.15.77:6800/3287530536,v1:172.21.15.77:6801/3287530536] conn(0x7f967c0368c0 0x7f967c038d70 secure :-1 s=READY pgs=12 cs=0 l=1 rev1=1 crypto rx=0x7f9678009990 tx=0x7f9678006e40 comp rx=0 tx=0).ready entity=mgr.14162 client_cookie=0 server_cookie=0 in_seq=0 out_seq=0
2024-02-19T18:50:58.530 INFO:teuthology.orchestra.run.smithi077.stderr:2024-02-19T18:50:58.515+0000 7f968d7fa700 1 -- 172.21.15.77:0/102191185 <== mon.0 v2:172.21.15.77:3300/0 6 ==== mon_command_ack([{"prefix": "get_command_descriptions"}]=0 v0) v1 ==== 72+0+175031 (secure 0 0 0) 0x7f9688017080 con 0x7f96900fbab0
2024-02-19T18:50:58.722 INFO:teuthology.orchestra.run.smithi077.stderr:2024-02-19T18:50:58.706+0000 7f9696e09700 1 -- 172.21.15.77:0/102191185 --> [v2:172.21.15.77:3300/0,v1:172.21.15.77:6789/0] -- mon_command([{prefix=config set, name=mgr/cephadm/allow_ptrace}] v 0) v1 -- 0x7f9690106230 con 0x7f96900fbab0
2024-02-19T18:50:58.725 INFO:teuthology.orchestra.run.smithi077.stderr:2024-02-19T18:50:58.709+0000 7f968d7fa700 1 -- 172.21.15.77:0/102191185 <== mon.0 v2:172.21.15.77:3300/0 7 ==== mon_command_ack([{prefix=config set, name=mgr/cephadm/allow_ptrace}]=0 v9)=0 v9) v1 ==== 125+0+0 (secure 0 0 0) 0x7f9688021070 con 0x7f96900fbab0
2024-02-19T18:50:58.728 INFO:teuthology.orchestra.run.smithi077.stderr:2024-02-19T18:50:58.712+0000 7f9696e09700 1 -- 172.21.15.77:0/102191185 >> [v2:172.21.15.77:6800/3287530536,v1:172.21.15.77:6801/3287530536] conn(0x7f967c0368c0 msgr2=0x7f967c038d70 secure :-1 s=STATE_CONNECTION_ESTABLISHED l=1).mark_down
2024-02-19T18:50:58.728 INFO:teuthology.orchestra.run.smithi077.stderr:2024-02-19T18:50:58.712+0000 7f9696e09700 1 --2- 172.21.15.77:0/102191185 >> [v2:172.21.15.77:6800/3287530536,v1:172.21.15.77:6801/3287530536] conn(0x7f967c0368c0 0x7f967c038d70 secure :-1 s=READY pgs=12 cs=0 l=1 rev1=1 crypto rx=0x7f9678009990 tx=0x7f9678006e40 comp rx=0 tx=0).stop
2024-02-19T18:50:58.728 INFO:teuthology.orchestra.run.smithi077.stderr:2024-02-19T18:50:58.712+0000 7f9696e09700 1 -- 172.21.15.77:0/102191185 >> [v2:172.21.15.77:3300/0,v1:172.21.15.77:6789/0] conn(0x7f96900fbab0 msgr2=0x7f96900f92d0 secure :-1 s=STATE_CONNECTION_ESTABLISHED l=1).mark_down
2024-02-19T18:50:58.728 INFO:teuthology.orchestra.run.smithi077.stderr:2024-02-19T18:50:58.712+0000 7f9696e09700 1 --2- 172.21.15.77:0/102191185 >> [v2:172.21.15.77:3300/0,v1:172.21.15.77:6789/0] conn(0x7f96900fbab0 0x7f96900f92d0 secure :-1 s=READY pgs=91 cs=0 l=1 rev1=1 crypto rx=0x7f9688004e60 tx=0x7f9688004d10 comp rx=0 tx=0).stop
2024-02-19T18:50:58.728 INFO:teuthology.orchestra.run.smithi077.stderr:2024-02-19T18:50:58.712+0000 7f9696e09700 1 -- 172.21.15.77:0/102191185 shutdown_connections
2024-02-19T18:50:58.728 INFO:teuthology.orchestra.run.smithi077.stderr:2024-02-19T18:50:58.712+0000 7f9696e09700 1 --2- 172.21.15.77:0/102191185 >> [v2:172.21.15.77:6800/3287530536,v1:172.21.15.77:6801/3287530536] conn(0x7f967c0368c0 0x7f967c038d70 unknown :-1 s=CLOSED pgs=12 cs=0 l=1 rev1=1 crypto rx=0 tx=0 comp rx=0 tx=0).stop
2024-02-19T18:50:58.728 INFO:teuthology.orchestra.run.smithi077.stderr:2024-02-19T18:50:58.712+0000 7f9696e09700 1 --2- 172.21.15.77:0/102191185 >> [v2:172.21.15.77:3300/0,v1:172.21.15.77:6789/0] conn(0x7f96900fbab0 0x7f96900f92d0 unknown :-1 s=CLOSED pgs=91 cs=0 l=1 rev1=1 crypto rx=0 tx=0 comp rx=0 tx=0).stop
2024-02-19T18:50:58.728 INFO:teuthology.orchestra.run.smithi077.stderr:2024-02-19T18:50:58.712+0000 7f9696e09700 1 -- 172.21.15.77:0/102191185 >> 172.21.15.77:0/102191185 conn(0x7f96900f7210 msgr2=0x7f9690066430 unknown :-1 s=STATE_NONE l=0).mark_down
2024-02-19T18:50:58.728 INFO:teuthology.orchestra.run.smithi077.stderr:2024-02-19T18:50:58.712+0000 7f9696e09700 1 -- 172.21.15.77:0/102191185 shutdown_connections
2024-02-19T18:50:58.729 INFO:teuthology.orchestra.run.smithi077.stderr:2024-02-19T18:50:58.712+0000 7f9696e09700 1 -- 172.21.15.77:0/102191185 wait complete.
2024-02-19T18:50:59.977 INFO:journalctl@ceph.mon.smithi077.smithi077.stdout:Feb 19 18:50:59 smithi077 ceph-mon[29247]: from='client.? 172.21.15.77:0/102191185' entity='client.admin'
2024-02-19T18:50:59.977 INFO:journalctl@ceph.mon.smithi077.smithi077.stdout:Feb 19 18:50:59 smithi077 ceph-mon[29247]: from='mgr.14162 172.21.15.77:0/3719165407' entity='mgr.smithi077.yiiqpd'
2024-02-19T18:50:59.977 INFO:journalctl@ceph.mon.smithi077.smithi077.stdout:Feb 19 18:50:59 smithi077 ceph-mon[29247]: from='mgr.14162 172.21.15.77:0/3719165407' entity='mgr.smithi077.yiiqpd'
2024-02-19T18:50:59.977 INFO:journalctl@ceph.mon.smithi077.smithi077.stdout:Feb 19 18:50:59 smithi077 ceph-mon[29247]: from='mgr.14162 172.21.15.77:0/3719165407' entity='mgr.smithi077.yiiqpd' cmd=[{"prefix": "config rm", "who": "osd/host:smithi077", "name": "osd_memory_target"}]: dispatch
2024-02-19T18:50:59.978 INFO:journalctl@ceph.mon.smithi077.smithi077.stdout:Feb 19 18:50:59 smithi077 ceph-mon[29247]: from='mgr.14162 172.21.15.77:0/3719165407' entity='mgr.smithi077.yiiqpd'
2024-02-19T18:50:59.978 INFO:journalctl@ceph.mon.smithi077.smithi077.stdout:Feb 19 18:50:59 smithi077 ceph-mon[29247]: from='mgr.14162 172.21.15.77:0/3719165407' entity='mgr.smithi077.yiiqpd' cmd=[{"prefix": "auth get-or-create", "entity": "client.crash.smithi077", "caps": ["mon", "profile crash", "mgr", "profile crash"]}]: dispatch
2024-02-19T18:50:59.978 INFO:journalctl@ceph.mon.smithi077.smithi077.stdout:Feb 19 18:50:59 smithi077 ceph-mon[29247]: from='mgr.14162 172.21.15.77:0/3719165407' entity='mgr.smithi077.yiiqpd' cmd='[{"prefix": "auth get-or-create", "entity": "client.crash.smithi077", "caps": ["mon", "profile crash", "mgr", "profile crash"]}]': finished
2024-02-19T18:50:59.978 INFO:journalctl@ceph.mon.smithi077.smithi077.stdout:Feb 19 18:50:59 smithi077 ceph-mon[29247]: from='mgr.14162 172.21.15.77:0/3719165407' entity='mgr.smithi077.yiiqpd' cmd=[{"prefix": "config generate-minimal-conf"}]: dispatch
2024-02-19T18:50:59.978 INFO:journalctl@ceph.mon.smithi077.smithi077.stdout:Feb 19 18:50:59 smithi077 ceph-mon[29247]: Deploying daemon crash.smithi077 on smithi077
2024-02-19T18:51:00.003 INFO:tasks.cephadm:Distributing conf and client.admin keyring to all hosts + 0755
2024-02-19T18:51:00.003 DEBUG:teuthology.orchestra.run.smithi077:> sudo /home/ubuntu/cephtest/cephadm --image quay.ceph.io/ceph-ci/ceph:quincy shell -c /etc/ceph/ceph.conf -k /etc/ceph/ceph.client.admin.keyring --fsid 6778a95a-cf57-11ee-95bb-87774f69a715 -- ceph orch client-keyring set client.admin '*' --mode 0755
2024-02-19T18:51:01.243 INFO:teuthology.orchestra.run.smithi077.stderr:Inferring config /var/lib/ceph/6778a95a-cf57-11ee-95bb-87774f69a715/mon.smithi077/config
2024-02-19T18:51:02.798 INFO:teuthology.orchestra.run.smithi077.stderr:2024-02-19T18:51:02.781+0000 7fe290bdc700 1 -- 172.21.15.77:0/4272392797 >> [v2:172.21.15.77:3300/0,v1:172.21.15.77:6789/0] conn(0x7fe28c0fbac0 msgr2=0x7fe28c0fbed0 secure :-1 s=STATE_CONNECTION_ESTABLISHED l=1).mark_down
2024-02-19T18:51:02.798 INFO:teuthology.orchestra.run.smithi077.stderr:2024-02-19T18:51:02.781+0000 7fe290bdc700 1 --2- 172.21.15.77:0/4272392797 >> [v2:172.21.15.77:3300/0,v1:172.21.15.77:6789/0] conn(0x7fe28c0fbac0 0x7fe28c0fbed0 secure :-1 s=READY pgs=92 cs=0 l=1 rev1=1 crypto rx=0x7fe2840048c0 tx=0x7fe284009e30 comp rx=0 tx=0).stop
2024-02-19T18:51:02.798 INFO:teuthology.orchestra.run.smithi077.stderr:2024-02-19T18:51:02.781+0000 7fe290bdc700 1 -- 172.21.15.77:0/4272392797 shutdown_connections
2024-02-19T18:51:02.798 INFO:teuthology.orchestra.run.smithi077.stderr:2024-02-19T18:51:02.781+0000 7fe290bdc700 1 --2- 172.21.15.77:0/4272392797 >> [v2:172.21.15.77:3300/0,v1:172.21.15.77:6789/0] conn(0x7fe28c0fbac0 0x7fe28c0fbed0 unknown :-1 s=CLOSED pgs=92 cs=0 l=1 rev1=1 crypto rx=0 tx=0 comp rx=0 tx=0).stop
2024-02-19T18:51:02.798 INFO:teuthology.orchestra.run.smithi077.stderr:2024-02-19T18:51:02.781+0000 7fe290bdc700 1 -- 172.21.15.77:0/4272392797 >> 172.21.15.77:0/4272392797 conn(0x7fe28c0f71a0 msgr2=0x7fe28c0f95b0 unknown :-1 s=STATE_NONE l=0).mark_down
2024-02-19T18:51:02.798 INFO:teuthology.orchestra.run.smithi077.stderr:2024-02-19T18:51:02.781+0000 7fe290bdc700 1 -- 172.21.15.77:0/4272392797 shutdown_connections
2024-02-19T18:51:02.798 INFO:teuthology.orchestra.run.smithi077.stderr:2024-02-19T18:51:02.781+0000 7fe290bdc700 1 -- 172.21.15.77:0/4272392797 wait complete.
2024-02-19T18:51:02.798 INFO:teuthology.orchestra.run.smithi077.stderr:2024-02-19T18:51:02.782+0000 7fe290bdc700 1 Processor -- start
2024-02-19T18:51:02.798 INFO:teuthology.orchestra.run.smithi077.stderr:2024-02-19T18:51:02.782+0000 7fe290bdc700 1 -- start start
2024-02-19T18:51:02.798 INFO:teuthology.orchestra.run.smithi077.stderr:2024-02-19T18:51:02.782+0000 7fe290bdc700 1 --2- >> [v2:172.21.15.77:3300/0,v1:172.21.15.77:6789/0] conn(0x7fe28c0fbac0 0x7fe28c10fbc0 unknown :-1 s=NONE pgs=0 cs=0 l=1 rev1=0 crypto rx=0 tx=0 comp rx=0 tx=0).connect
2024-02-19T18:51:02.798 INFO:teuthology.orchestra.run.smithi077.stderr:2024-02-19T18:51:02.782+0000 7fe290bdc700 1 -- --> [v2:172.21.15.77:3300/0,v1:172.21.15.77:6789/0] -- mon_getmap magic: 0 v1 -- 0x7fe28c066810 con 0x7fe28c0fbac0
2024-02-19T18:51:02.799 INFO:teuthology.orchestra.run.smithi077.stderr:2024-02-19T18:51:02.782+0000 7fe28a59c700 1 --2- >> [v2:172.21.15.77:3300/0,v1:172.21.15.77:6789/0] conn(0x7fe28c0fbac0 0x7fe28c10fbc0 unknown :-1 s=BANNER_CONNECTING pgs=0 cs=0 l=1 rev1=0 crypto rx=0 tx=0 comp rx=0 tx=0)._handle_peer_banner_payload supported=3 required=0
