2024-02-19T18:50:16.324+0000 7f8226ff8700 1 --2- 172.21.15.77:0/1117387514 >> [v2:172.21.15.77:6800/1028404574,v1:172.21.15.77:6801/1028404574] conn(0x7f8210039fc0 0x7f821003c3a0 secure :-1 s=READY pgs=2 cs=0 l=1 rev1=1 crypto rx=0x7f820c0039d0 tx=0x7f820c009350 comp rx=0 tx=0).stop
2024-02-19T18:50:16.966 INFO:teuthology.orchestra.run.smithi077.stdout:/usr/bin/ceph: stderr
2024-02-19T18:50:16.324+0000 7f8226ff8700 1 -- 172.21.15.77:0/1117387514 >> [v2:172.21.15.77:3300/0,v1:172.21.15.77:6789/0] conn(0x7f8220076bc0 msgr2=0x7f8220113720 secure :-1 s=STATE_CONNECTION_ESTABLISHED l=1).mark_down
2024-02-19T18:50:16.966 INFO:teuthology.orchestra.run.smithi077.stdout:/usr/bin/ceph: stderr
2024-02-19T18:50:16.324+0000 7f8226ff8700 1 --2- 172.21.15.77:0/1117387514 >> [v2:172.21.15.77:3300/0,v1:172.21.15.77:6789/0] conn(0x7f8220076bc0 0x7f8220113720 secure :-1 s=READY pgs=29 cs=0 l=1 rev1=1 crypto rx=0x7f821400b440 tx=0x7f8214009250 comp rx=0 tx=0).stop
2024-02-19T18:50:16.966 INFO:teuthology.orchestra.run.smithi077.stdout:/usr/bin/ceph: stderr
2024-02-19T18:50:16.324+0000 7f8226ff8700 1 -- 172.21.15.77:0/1117387514 shutdown_connections
2024-02-19T18:50:16.966 INFO:teuthology.orchestra.run.smithi077.stdout:/usr/bin/ceph: stderr
2024-02-19T18:50:16.324+0000 7f8226ff8700 1 --2- 172.21.15.77:0/1117387514 >> [v2:172.21.15.77:6800/1028404574,v1:172.21.15.77:6801/1028404574] conn(0x7f8210039fc0 0x7f821003c3a0 unknown :-1 s=CLOSED pgs=2 cs=0 l=1 rev1=1 crypto rx=0 tx=0 comp rx=0 tx=0).stop
2024-02-19T18:50:16.966 INFO:teuthology.orchestra.run.smithi077.stdout:/usr/bin/ceph: stderr
2024-02-19T18:50:16.324+0000 7f8226ff8700 1 --2- 172.21.15.77:0/1117387514 >> [v2:172.21.15.77:3300/0,v1:172.21.15.77:6789/0] conn(0x7f8220076bc0 0x7f8220113720 unknown :-1 s=CLOSED pgs=29 cs=0 l=1 rev1=1 crypto rx=0 tx=0 comp rx=0 tx=0).stop
2024-02-19T18:50:16.966 INFO:teuthology.orchestra.run.smithi077.stdout:/usr/bin/ceph: stderr
2024-02-19T18:50:16.324+0000 7f8226ff8700 1 --2- 172.21.15.77:0/1117387514 >> [v2:172.21.15.77:6800/2289192383,v1:172.21.15.77:6801/2289192383] conn(0x7f8210036790 0x7f8210038c40 unknown :-1 s=CLOSED pgs=0 cs=0 l=1 rev1=0 crypto rx=0 tx=0 comp rx=0 tx=0).stop
2024-02-19T18:50:16.966 INFO:teuthology.orchestra.run.smithi077.stdout:/usr/bin/ceph: stderr
2024-02-19T18:50:16.324+0000 7f8226ff8700 1 -- 172.21.15.77:0/1117387514 >> 172.21.15.77:0/1117387514 conn(0x7f82200fcdd0 msgr2=0x7f82200fdbd0 unknown :-1 s=STATE_NONE l=0).mark_down
2024-02-19T18:50:16.966 INFO:teuthology.orchestra.run.smithi077.stdout:/usr/bin/ceph: stderr
2024-02-19T18:50:16.324+0000 7f8226ff8700 1 -- 172.21.15.77:0/1117387514 shutdown_connections
2024-02-19T18:50:16.966 INFO:teuthology.orchestra.run.smithi077.stdout:/usr/bin/ceph: stderr
2024-02-19T18:50:16.324+0000 7f8226ff8700 1 -- 172.21.15.77:0/1117387514 wait complete.
2024-02-19T18:50:16.966 INFO:teuthology.orchestra.run.smithi077.stdout:mgr epoch 5 is available
2024-02-19T18:50:16.966 INFO:teuthology.orchestra.run.smithi077.stdout:Setting orchestrator backend to cephadm...
2024-02-19T18:50:17.975 INFO:journalctl@ceph.mon.smithi077.smithi077.stdout:Feb 19 18:50:17 smithi077 ceph-mon[29247]: from='client.14124 -' entity='client.admin' cmd=[{"prefix": "get_command_descriptions"}]: dispatch
2024-02-19T18:50:17.975 INFO:journalctl@ceph.mon.smithi077.smithi077.stdout:Feb 19 18:50:17 smithi077 ceph-mon[29247]: from='client.14124 -' entity='client.admin' cmd=[{"prefix": "mgr_status"}]: dispatch
2024-02-19T18:50:17.975 INFO:journalctl@ceph.mon.smithi077.smithi077.stdout:Feb 19 18:50:17 smithi077 ceph-mon[29247]: [19/Feb/2024:18:50:16] ENGINE Bus STARTING
2024-02-19T18:50:17.976 INFO:journalctl@ceph.mon.smithi077.smithi077.stdout:Feb 19 18:50:17 smithi077 ceph-mon[29247]: [19/Feb/2024:18:50:16] ENGINE Serving on https://172.21.15.77:7150
2024-02-19T18:50:17.976 INFO:journalctl@ceph.mon.smithi077.smithi077.stdout:Feb 19 18:50:17 smithi077 ceph-mon[29247]: [19/Feb/2024:18:50:16] ENGINE Bus STARTED
2024-02-19T18:50:17.976 INFO:journalctl@ceph.mon.smithi077.smithi077.stdout:Feb 19 18:50:17 smithi077 ceph-mon[29247]: from='mgr.14120 172.21.15.77:0/3658709087' entity='mgr.smithi077.yiiqpd'
2024-02-19T18:50:17.976 INFO:journalctl@ceph.mon.smithi077.smithi077.stdout:Feb 19 18:50:17 smithi077 ceph-mon[29247]: from='mgr.14120 172.21.15.77:0/3658709087' entity='mgr.smithi077.yiiqpd' cmd=[{"prefix": "config dump", "format": "json"}]: dispatch
2024-02-19T18:50:17.976 INFO:journalctl@ceph.mon.smithi077.smithi077.stdout:Feb 19 18:50:17 smithi077 ceph-mon[29247]: from='mgr.14120 172.21.15.77:0/3658709087' entity='mgr.smithi077.yiiqpd'
2024-02-19T18:50:17.976 INFO:journalctl@ceph.mon.smithi077.smithi077.stdout:Feb 19 18:50:17 smithi077 ceph-mon[29247]: from='mgr.14120 172.21.15.77:0/3658709087' entity='mgr.smithi077.yiiqpd' cmd=[{"prefix": "config dump", "format": "json"}]: dispatch
2024-02-19T18:50:18.242 INFO:teuthology.orchestra.run.smithi077.stdout:/usr/bin/ceph: stderr
2024-02-19T18:50:17.395+0000 7f5855306700 1 Processor -- start
2024-02-19T18:50:18.242 INFO:teuthology.orchestra.run.smithi077.stdout:/usr/bin/ceph: stderr
2024-02-19T18:50:17.395+0000 7f5855306700 1 -- start start
2024-02-19T18:50:18.242 INFO:teuthology.orchestra.run.smithi077.stdout:/usr/bin/ceph: stderr
2024-02-19T18:50:17.395+0000 7f5855306700 1 --2- >> [v2:172.21.15.77:3300/0,v1:172.21.15.77:6789/0] conn(0x7f5850071480 0x7f5850105380 unknown :-1 s=NONE pgs=0 cs=0 l=0 rev1=0 crypto rx=0 tx=0 comp rx=0 tx=0).connect
2024-02-19T18:50:18.242 INFO:teuthology.orchestra.run.smithi077.stdout:/usr/bin/ceph: stderr
2024-02-19T18:50:17.395+0000 7f5855306700 1 -- --> [v2:172.21.15.77:3300/0,v1:172.21.15.77:6789/0] -- mon_getmap magic: 0 v1 -- 0x7f58501058c0 con 0x7f5850071480
2024-02-19T18:50:18.242 INFO:teuthology.orchestra.run.smithi077.stdout:/usr/bin/ceph: stderr
2024-02-19T18:50:17.395+0000 7f584effd700 1 --2- >> [v2:172.21.15.77:3300/0,v1:172.21.15.77:6789/0] conn(0x7f5850071480 0x7f5850105380 unknown :-1 s=BANNER_CONNECTING pgs=0 cs=0 l=0 rev1=0 crypto rx=0 tx=0 comp rx=0 tx=0)._handle_peer_banner_payload supported=3 required=0
2024-02-19T18:50:18.242 INFO:teuthology.orchestra.run.smithi077.stdout:/usr/bin/ceph: stderr
2024-02-19T18:50:17.395+0000 7f584effd700 1 --2- >> [v2:172.21.15.77:3300/0,v1:172.21.15.77:6789/0] conn(0x7f5850071480 0x7f5850105380 unknown :-1 s=HELLO_CONNECTING pgs=0 cs=0 l=0 rev1=1 crypto rx=0 tx=0 comp rx=0 tx=0).handle_hello peer v2:172.21.15.77:3300/0 says I am v2:172.21.15.77:56412/0 (socket says 172.21.15.77:56412)
2024-02-19T18:50:18.242 INFO:teuthology.orchestra.run.smithi077.stdout:/usr/bin/ceph: stderr
2024-02-19T18:50:17.395+0000 7f584effd700 1 -- 172.21.15.77:0/2560620661 learned_addr learned my addr 172.21.15.77:0/2560620661 (peer_addr_for_me v2:172.21.15.77:0/0)
2024-02-19T18:50:18.242 INFO:teuthology.orchestra.run.smithi077.stdout:/usr/bin/ceph: stderr
2024-02-19T18:50:17.395+0000 7f584effd700 1 -- 172.21.15.77:0/2560620661 --> [v2:172.21.15.77:3300/0,v1:172.21.15.77:6789/0] -- mon_subscribe({config=0+,monmap=0+}) v3 -- 0x7f5850105a00 con 0x7f5850071480
2024-02-19T18:50:18.242 INFO:teuthology.orchestra.run.smithi077.stdout:/usr/bin/ceph: stderr
2024-02-19T18:50:17.395+0000 7f584effd700 1 --2- 172.21.15.77:0/2560620661 >> [v2:172.21.15.77:3300/0,v1:172.21.15.77:6789/0] conn(0x7f5850071480 0x7f5850105380 secure :-1 s=READY pgs=37 cs=0 l=1 rev1=1 crypto rx=0x7f58400098e0 tx=0x7f5840009250 comp rx=0 tx=0).ready entity=mon.0 client_cookie=21a52e514076901 server_cookie=0 in_seq=0 out_seq=0
2024-02-19T18:50:18.242 INFO:teuthology.orchestra.run.smithi077.stdout:/usr/bin/ceph: stderr
2024-02-19T18:50:17.395+0000 7f584dffb700 1 -- 172.21.15.77:0/2560620661 <== mon.0 v2:172.21.15.77:3300/0 1 ==== mon_map magic: 0 v1 ==== 229+0+0 (secure 0 0 0) 0x7f584000b860 con 0x7f5850071480
2024-02-19T18:50:18.242 INFO:teuthology.orchestra.run.smithi077.stdout:/usr/bin/ceph: stderr
2024-02-19T18:50:17.396+0000 7f584dffb700 1 -- 172.21.15.77:0/2560620661 <== mon.0 v2:172.21.15.77:3300/0 2 ==== config(27 keys) v1 ==== 1044+0+0 (secure 0 0 0) 0x7f584000be50 con 0x7f5850071480
2024-02-19T18:50:18.242 INFO:teuthology.orchestra.run.smithi077.stdout:/usr/bin/ceph: stderr
2024-02-19T18:50:17.396+0000 7f584dffb700 1 -- 172.21.15.77:0/2560620661 <== mon.0 v2:172.21.15.77:3300/0 3 ==== mon_map magic: 0 v1 ==== 229+0+0 (secure 0 0 0) 0x7f5840010380 con 0x7f5850071480
2024-02-19T18:50:18.243 INFO:teuthology.orchestra.run.smithi077.stdout:/usr/bin/ceph: stderr
2024-02-19T18:50:17.396+0000 7f5855306700 1 -- 172.21.15.77:0/2560620661 >> [v2:172.21.15.77:3300/0,v1:172.21.15.77:6789/0] conn(0x7f5850071480 msgr2=0x7f5850105380 secure :-1 s=STATE_CONNECTION_ESTABLISHED l=1).mark_down
2024-02-19T18:50:18.243 INFO:teuthology.orchestra.run.smithi077.stdout:/usr/bin/ceph: stderr
2024-02-19T18:50:17.396+0000 7f5855306700 1 --2- 172.21.15.77:0/2560620661 >> [v2:172.21.15.77:3300/0,v1:172.21.15.77:6789/0] conn(0x7f5850071480 0x7f5850105380 secure :-1 s=READY pgs=37 cs=0 l=1 rev1=1 crypto rx=0x7f58400098e0 tx=0x7f5840009250 comp rx=0 tx=0).stop
2024-02-19T18:50:18.243 INFO:teuthology.orchestra.run.smithi077.stdout:/usr/bin/ceph: stderr
2024-02-19T18:50:17.396+0000 7f5855306700 1 -- 172.21.15.77:0/2560620661 shutdown_connections
2024-02-19T18:50:18.243 INFO:teuthology.orchestra.run.smithi077.stdout:/usr/bin/ceph: stderr
2024-02-19T18:50:17.396+0000 7f5855306700 1 --2- 172.21.15.77:0/2560620661 >> [v2:172.21.15.77:3300/0,v1:172.21.15.77:6789/0] conn(0x7f5850071480 0x7f5850105380 unknown :-1 s=CLOSED pgs=37 cs=0 l=1 rev1=1 crypto rx=0 tx=0 comp rx=0 tx=0).stop
2024-02-19T18:50:18.243 INFO:teuthology.orchestra.run.smithi077.stdout:/usr/bin/ceph: stderr
2024-02-19T18:50:17.396+0000 7f5855306700 1 -- 172.21.15.77:0/2560620661 >> 172.21.15.77:0/2560620661 conn(0x7f58500fcdd0 msgr2=0x7f58500ff200 unknown :-1 s=STATE_NONE l=0).mark_down
2024-02-19T18:50:18.243 INFO:teuthology.orchestra.run.smithi077.stdout:/usr/bin/ceph: stderr
2024-02-19T18:50:17.396+0000 7f5855306700 1 -- 172.21.15.77:0/2560620661 shutdown_connections
2024-02-19T18:50:18.243 INFO:teuthology.orchestra.run.smithi077.stdout:/usr/bin/ceph: stderr
2024-02-19T18:50:17.396+0000 7f5855306700 1 -- 172.21.15.77:0/2560620661 wait complete.
2024-02-19T18:50:18.243 INFO:teuthology.orchestra.run.smithi077.stdout:/usr/bin/ceph: stderr
2024-02-19T18:50:17.397+0000 7f5855306700 1 Processor -- start
2024-02-19T18:50:18.243 INFO:teuthology.orchestra.run.smithi077.stdout:/usr/bin/ceph: stderr
2024-02-19T18:50:17.397+0000 7f5855306700 1 -- start start
2024-02-19T18:50:18.243 INFO:teuthology.orchestra.run.smithi077.stdout:/usr/bin/ceph: stderr
2024-02-19T18:50:17.397+0000 7f5855306700 1 --2- >> [v2:172.21.15.77:3300/0,v1:172.21.15.77:6789/0] conn(0x7f5850111700 0x7f5850111b10 unknown :-1 s=NONE pgs=0 cs=0 l=1 rev1=0 crypto rx=0 tx=0 comp rx=0 tx=0).connect
2024-02-19T18:50:18.243 INFO:teuthology.orchestra.run.smithi077.stdout:/usr/bin/ceph: stderr
2024-02-19T18:50:17.397+0000 7f5855306700 1 -- --> [v2:172.21.15.77:3300/0,v1:172.21.15.77:6789/0] -- mon_getmap magic: 0 v1 -- 0x7f5850112050 con 0x7f5850111700
2024-02-19T18:50:18.243 INFO:teuthology.orchestra.run.smithi077.stdout:/usr/bin/ceph: stderr
2024-02-19T18:50:17.397+0000 7f584effd700 1 --2- >> [v2:172.21.15.77:3300/0,v1:172.21.15.77:6789/0] conn(0x7f5850111700 0x7f5850111b10 unknown :-1 s=BANNER_CONNECTING pgs=0 cs=0 l=1 rev1=0 crypto rx=0 tx=0 comp rx=0 tx=0)._handle_peer_banner_payload supported=3 required=0
2024-02-19T18:50:18.243 INFO:teuthology.orchestra.run.smithi077.stdout:/usr/bin/ceph: stderr
2024-02-19T18:50:17.397+0000 7f584effd700 1 --2- >> [v2:172.21.15.77:3300/0,v1:172.21.15.77:6789/0] conn(0x7f5850111700 0x7f5850111b10 unknown :-1 s=HELLO_CONNECTING pgs=0 cs=0 l=1 rev1=1 crypto rx=0 tx=0 comp rx=0 tx=0).handle_hello peer v2:172.21.15.77:3300/0 says I am v2:172.21.15.77:56414/0 (socket says 172.21.15.77:56414)
2024-02-19T18:50:18.243 INFO:teuthology.orchestra.run.smithi077.stdout:/usr/bin/ceph: stderr
2024-02-19T18:50:17.397+0000 7f584effd700 1 -- 172.21.15.77:0/2234525499 learned_addr learned my addr 172.21.15.77:0/2234525499 (peer_addr_for_me v2:172.21.15.77:0/0)
2024-02-19T18:50:18.243 INFO:teuthology.orchestra.run.smithi077.stdout:/usr/bin/ceph: stderr
2024-02-19T18:50:17.397+0000 7f584effd700 1 -- 172.21.15.77:0/2234525499 --> [v2:172.21.15.77:3300/0,v1:172.21.15.77:6789/0] -- mon_subscribe({config=0+,monmap=0+}) v3 -- 0x7f58400094f0 con 0x7f5850111700
2024-02-19T18:50:18.244 INFO:teuthology.orchestra.run.smithi077.stdout:/usr/bin/ceph: stderr
2024-02-19T18:50:17.398+0000 7f584effd700 1 --2- 172.21.15.77:0/2234525499 >> [v2:172.21.15.77:3300/0,v1:172.21.15.77:6789/0] conn(0x7f5850111700 0x7f5850111b10 secure :-1 s=READY pgs=38 cs=0 l=1 rev1=1 crypto rx=0x7f584000b440 tx=0x7f5840009250 comp rx=0 tx=0).ready entity=mon.0 client_cookie=0 server_cookie=0 in_seq=0 out_seq=0
2024-02-19T18:50:18.244 INFO:teuthology.orchestra.run.smithi077.stdout:/usr/bin/ceph: stderr
2024-02-19T18:50:17.398+0000 7f58377fe700 1 -- 172.21.15.77:0/2234525499 <== mon.0 v2:172.21.15.77:3300/0 1 ==== mon_map magic: 0 v1 ==== 229+0+0 (secure 0 0 0) 0x7f5840010600 con 0x7f5850111700
2024-02-19T18:50:18.244 INFO:teuthology.orchestra.run.smithi077.stdout:/usr/bin/ceph: stderr
2024-02-19T18:50:17.398+0000 7f58377fe700 1 -- 172.21.15.77:0/2234525499 <== mon.0 v2:172.21.15.77:3300/0 2 ==== config(27 keys) v1 ==== 1044+0+0 (secure 0 0 0) 0x7f584001f070 con 0x7f5850111700
2024-02-19T18:50:18.244 INFO:teuthology.orchestra.run.smithi077.stdout:/usr/bin/ceph: stderr
2024-02-19T18:50:17.398+0000 7f5855306700 1 -- 172.21.15.77:0/2234525499 --> [v2:172.21.15.77:3300/0,v1:172.21.15.77:6789/0] -- mon_subscribe({mgrmap=0+}) v3 -- 0x7f5850112250 con 0x7f5850111700
2024-02-19T18:50:18.244 INFO:teuthology.orchestra.run.smithi077.stdout:/usr/bin/ceph: stderr
2024-02-19T18:50:17.398+0000 7f58377fe700 1 -- 172.21.15.77:0/2234525499 <== mon.0 v2:172.21.15.77:3300/0 3 ==== mon_map magic: 0 v1 ==== 229+0+0 (secure 0 0 0) 0x7f5840026b90 con 0x7f5850111700
2024-02-19T18:50:18.244 INFO:teuthology.orchestra.run.smithi077.stdout:/usr/bin/ceph: stderr
2024-02-19T18:50:17.398+0000 7f5855306700 1 -- 172.21.15.77:0/2234525499 --> [v2:172.21.15.77:3300/0,v1:172.21.15.77:6789/0] -- mon_subscribe({osdmap=0}) v3 -- 0x7f5850112d60 con 0x7f5850111700
2024-02-19T18:50:18.244 INFO:teuthology.orchestra.run.smithi077.stdout:/usr/bin/ceph: stderr
2024-02-19T18:50:17.398+0000 7f58377fe700 1 -- 172.21.15.77:0/2234525499 <== mon.0 v2:172.21.15.77:3300/0 4 ==== mgrmap(e 7) v1 ==== 43262+0+0 (secure 0 0 0) 0x7f5840026cf0 con 0x7f5850111700
2024-02-19T18:50:18.244 INFO:teuthology.orchestra.run.smithi077.stdout:/usr/bin/ceph: stderr
2024-02-19T18:50:17.399+0000 7f5855306700 1 -- 172.21.15.77:0/2234525499 --> [v2:172.21.15.77:3300/0,v1:172.21.15.77:6789/0] -- mon_command({"prefix": "get_command_descriptions"} v 0) v1 -- 0x7f585004bed0 con 0x7f5850111700
2024-02-19T18:50:18.244 INFO:teuthology.orchestra.run.smithi077.stdout:/usr/bin/ceph: stderr
2024-02-19T18:50:17.399+0000 7f58377fe700 1 --2- 172.21.15.77:0/2234525499 >> [v2:172.21.15.77:6800/1028404574,v1:172.21.15.77:6801/1028404574] conn(0x7f58380366b0 0x7f5838038b60 unknown :-1 s=NONE pgs=0 cs=0 l=1 rev1=0 crypto rx=0 tx=0 comp rx=0 tx=0).connect
2024-02-19T18:50:18.244 INFO:teuthology.orchestra.run.smithi077.stdout:/usr/bin/ceph: stderr
2024-02-19T18:50:17.399+0000 7f58377fe700 1 -- 172.21.15.77:0/2234525499 <== mon.0 v2:172.21.15.77:3300/0 5 ==== osd_map(2..2 src has 1..2) v4 ==== 936+0+0 (secure 0 0 0) 0x7f5840021070 con 0x7f5850111700
2024-02-19T18:50:18.244 INFO:teuthology.orchestra.run.smithi077.stdout:/usr/bin/ceph: stderr
2024-02-19T18:50:17.399+0000 7f584e7fc700 1 --2- 172.21.15.77:0/2234525499 >> [v2:172.21.15.77:6800/1028404574,v1:172.21.15.77:6801/1028404574] conn(0x7f58380366b0 0x7f5838038b60 unknown :-1 s=BANNER_CONNECTING pgs=0 cs=0 l=1 rev1=0 crypto rx=0 tx=0 comp rx=0 tx=0)._handle_peer_banner_payload supported=3 required=0
2024-02-19T18:50:18.244 INFO:teuthology.orchestra.run.smithi077.stdout:/usr/bin/ceph: stderr
2024-02-19T18:50:17.399+0000 7f584e7fc700 1 --2- 172.21.15.77:0/2234525499 >> [v2:172.21.15.77:6800/1028404574,v1:172.21.15.77:6801/1028404574] conn(0x7f58380366b0 0x7f5838038b60 secure :-1 s=READY pgs=7 cs=0 l=1 rev1=1 crypto rx=0x7f5844009990 tx=0x7f5844006e40 comp rx=0 tx=0).ready entity=mgr.14120 client_cookie=0 server_cookie=0 in_seq=0 out_seq=0
2024-02-19T18:50:18.245 INFO:teuthology.orchestra.run.smithi077.stdout:/usr/bin/ceph: stderr
2024-02-19T18:50:17.403+0000 7f58377fe700 1 -- 172.21.15.77:0/2234525499 <== mon.0 v2:172.21.15.77:3300/0 6 ==== mon_command_ack([{"prefix": "get_command_descriptions"}]=0 v0) v1 ==== 72+0+175031 (secure 0 0 0) 0x7f5840024970 con 0x7f5850111700
2024-02-19T18:50:18.245 INFO:teuthology.orchestra.run.smithi077.stdout:/usr/bin/ceph: stderr
2024-02-19T18:50:17.596+0000 7f5855306700 1 -- 172.21.15.77:0/2234525499 --> [v2:172.21.15.77:6800/1028404574,v1:172.21.15.77:6801/1028404574] -- mgr_command(tid 0: {"prefix": "orch set backend", "module_name": "cephadm", "target": ["mon-mgr", ""]}) v1 -- 0x7f5850112fa0 con 0x7f58380366b0
2024-02-19T18:50:18.245 INFO:teuthology.orchestra.run.smithi077.stdout:/usr/bin/ceph: stderr
2024-02-19T18:50:17.603+0000 7f58377fe700 1 -- 172.21.15.77:0/2234525499 <== mgr.14120 v2:172.21.15.77:6800/1028404574 1 ==== mgr_command_reply(tid 0: 0 ) v1 ==== 8+0+0 (secure 0 0 0) 0x7f5850112fa0 con 0x7f58380366b0
2024-02-19T18:50:18.245 INFO:teuthology.orchestra.run.smithi077.stdout:/usr/bin/ceph: stderr
2024-02-19T18:50:17.605+0000 7f5855306700 1 -- 172.21.15.77:0/2234525499 >> [v2:172.21.15.77:6800/1028404574,v1:172.21.15.77:6801/1028404574] conn(0x7f58380366b0 msgr2=0x7f5838038b60 secure :-1 s=STATE_CONNECTION_ESTABLISHED l=1).mark_down
2024-02-19T18:50:18.245 INFO:teuthology.orchestra.run.smithi077.stdout:/usr/bin/ceph: stderr
2024-02-19T18:50:17.605+0000 7f5855306700 1 --2- 172.21.15.77:0/2234525499 >> [v2:172.21.15.77:6800/1028404574,v1:172.21.15.77:6801/1028404574] conn(0x7f58380366b0 0x7f5838038b60 secure :-1 s=READY pgs=7 cs=0 l=1 rev1=1 crypto rx=0x7f5844009990 tx=0x7f5844006e40 comp rx=0 tx=0).stop
2024-02-19T18:50:18.245 INFO:teuthology.orchestra.run.smithi077.stdout:/usr/bin/ceph: stderr
2024-02-19T18:50:17.605+0000 7f5855306700 1 -- 172.21.15.77:0/2234525499 >> [v2:172.21.15.77:3300/0,v1:172.21.15.77:6789/0] conn(0x7f5850111700 msgr2=0x7f5850111b10 secure :-1 s=STATE_CONNECTION_ESTABLISHED l=1).mark_down
2024-02-19T18:50:18.245 INFO:teuthology.orchestra.run.smithi077.stdout:/usr/bin/ceph: stderr
2024-02-19T18:50:17.605+0000 7f5855306700 1 --2- 172.21.15.77:0/2234525499 >> [v2:172.21.15.77:3300/0,v1:172.21.15.77:6789/0] conn(0x7f5850111700 0x7f5850111b10 secure :-1 s=READY pgs=38 cs=0 l=1 rev1=1 crypto rx=0x7f584000b440 tx=0x7f5840009250 comp rx=0 tx=0).stop
2024-02-19T18:50:18.245 INFO:teuthology.orchestra.run.smithi077.stdout:/usr/bin/ceph: stderr
2024-02-19T18:50:17.605+0000 7f5855306700 1 -- 172.21.15.77:0/2234525499 shutdown_connections
2024-02-19T18:50:18.245 INFO:teuthology.orchestra.run.smithi077.stdout:/usr/bin/ceph: stderr
2024-02-19T18:50:17.605+0000 7f5855306700 1 --2- 172.21.15.77:0/2234525499 >> [v2:172.21.15.77:6800/1028404574,v1:172.21.15.77:6801/1028404574] conn(0x7f58380366b0 0x7f5838038b60 unknown :-1 s=CLOSED pgs=7 cs=0 l=1 rev1=1 crypto rx=0 tx=0 comp rx=0 tx=0).stop
2024-02-19T18:50:18.245 INFO:teuthology.orchestra.run.smithi077.stdout:/usr/bin/ceph: stderr
2024-02-19T18:50:17.605+0000 7f5855306700 1 --2- 172.21.15.77:0/2234525499 >> [v2:172.21.15.77:3300/0,v1:172.21.15.77:6789/0] conn(0x7f5850111700 0x7f5850111b10 unknown :-1 s=CLOSED pgs=38 cs=0 l=1 rev1=1 crypto rx=0 tx=0 comp rx=0 tx=0).stop
2024-02-19T18:50:18.245 INFO:teuthology.orchestra.run.smithi077.stdout:/usr/bin/ceph: stderr
2024-02-19T18:50:17.605+0000 7f5855306700 1 -- 172.21.15.77:0/2234525499 >> 172.21.15.77:0/2234525499 conn(0x7f58500fcdd0 msgr2=0x7f58500fe5e0 unknown :-1 s=STATE_NONE l=0).mark_down
2024-02-19T18:50:18.245 INFO:teuthology.orchestra.run.smithi077.stdout:/usr/bin/ceph: stderr
2024-02-19T18:50:17.605+0000 7f5855306700 1 -- 172.21.15.77:0/2234525499 shutdown_connections
2024-02-19T18:50:18.245 INFO:teuthology.orchestra.run.smithi077.stdout:/usr/bin/ceph: stderr
2024-02-19T18:50:17.605+0000 7f5855306700 1 -- 172.21.15.77:0/2234525499 wait complete.
2024-02-19T18:50:18.799 INFO:journalctl@ceph.mon.smithi077.smithi077.stdout:Feb 19 18:50:18 smithi077 ceph-mon[29247]: from='client.14132 -' entity='client.admin' cmd=[{"prefix": "orch set backend", "module_name": "cephadm", "target": ["mon-mgr", ""]}]: dispatch
2024-02-19T18:50:18.799 INFO:journalctl@ceph.mon.smithi077.smithi077.stdout:Feb 19 18:50:18 smithi077 ceph-mon[29247]: mgrmap e8: smithi077.yiiqpd(active, since 2s)
2024-02-19T18:50:19.373 INFO:teuthology.orchestra.run.smithi077.stdout:/usr/bin/ceph: stdout value unchanged
2024-02-19T18:50:19.373 INFO:teuthology.orchestra.run.smithi077.stdout:/usr/bin/ceph: stderr
2024-02-19T18:50:18.593+0000 7f559f3ac700 1 Processor -- start
2024-02-19T18:50:19.373 INFO:teuthology.orchestra.run.smithi077.stdout:/usr/bin/ceph: stderr
2024-02-19T18:50:18.593+0000 7f559f3ac700 1 -- start start
2024-02-19T18:50:19.373 INFO:teuthology.orchestra.run.smithi077.stdout:/usr/bin/ceph: stderr
2024-02-19T18:50:18.593+0000 7f559f3ac700 1 --2- >> [v2:172.21.15.77:3300/0,v1:172.21.15.77:6789/0] conn(0x7f5598102700 0x7f5598102b10 unknown :-1 s=NONE pgs=0 cs=0 l=0 rev1=0 crypto rx=0 tx=0 comp rx=0 tx=0).connect
2024-02-19T18:50:19.373 INFO:teuthology.orchestra.run.smithi077.stdout:/usr/bin/ceph: stderr
2024-02-19T18:50:18.593+0000 7f559f3ac700 1 -- --> [v2:172.21.15.77:3300/0,v1:172.21.15.77:6789/0] -- mon_getmap magic: 0 v1 -- 0x7f5598103050 con 0x7f5598102700
2024-02-19T18:50:19.373 INFO:teuthology.orchestra.run.smithi077.stdout:/usr/bin/ceph: stderr
2024-02-19T18:50:18.593+0000 7f559d148700 1 --2- >> [v2:172.21.15.77:3300/0,v1:172.21.15.77:6789/0] conn(0x7f5598102700 0x7f5598102b10 unknown :-1 s=BANNER_CONNECTING pgs=0 cs=0 l=0 rev1=0 crypto rx=0 tx=0 comp rx=0 tx=0)._handle_peer_banner_payload supported=3 required=0
2024-02-19T18:50:19.373 INFO:teuthology.orchestra.run.smithi077.stdout:/usr/bin/ceph: stderr
2024-02-19T18:50:18.593+0000 7f559d148700 1 --2- >> [v2:172.21.15.77:3300/0,v1:172.21.15.77:6789/0] conn(0x7f5598102700 0x7f5598102b10 unknown :-1 s=HELLO_CONNECTING pgs=0 cs=0 l=0 rev1=1 crypto rx=0 tx=0 comp rx=0 tx=0).handle_hello peer v2:172.21.15.77:3300/0 says I am v2:172.21.15.77:56428/0 (socket says 172.21.15.77:56428)
2024-02-19T18:50:19.373 INFO:teuthology.orchestra.run.smithi077.stdout:/usr/bin/ceph: stderr
2024-02-19T18:50:18.593+0000 7f559d148700 1 -- 172.21.15.77:0/2103422380 learned_addr learned my addr 172.21.15.77:0/2103422380 (peer_addr_for_me v2:172.21.15.77:0/0)
2024-02-19T18:50:19.373 INFO:teuthology.orchestra.run.smithi077.stdout:/usr/bin/ceph: stderr
2024-02-19T18:50:18.593+0000 7f559d148700 1 -- 172.21.15.77:0/2103422380 --> [v2:172.21.15.77:3300/0,v1:172.21.15.77:6789/0] -- mon_subscribe({config=0+,monmap=0+}) v3 -- 0x7f5598103190 con 0x7f5598102700
2024-02-19T18:50:19.374 INFO:teuthology.orchestra.run.smithi077.stdout:/usr/bin/ceph: stderr
2024-02-19T18:50:18.594+0000 7f559d148700 1 --2- 172.21.15.77:0/2103422380 >> [v2:172.21.15.77:3300/0,v1:172.21.15.77:6789/0] conn(0x7f5598102700 0x7f5598102b10 secure :-1 s=READY pgs=39 cs=0 l=1 rev1=1 crypto rx=0x7f55940098e0 tx=0x7f5594009250 comp rx=0 tx=0).ready entity=mon.0 client_cookie=67cd571e14f13b64 server_cookie=0 in_seq=0 out_seq=0
2024-02-19T18:50:19.374 INFO:teuthology.orchestra.run.smithi077.stdout:/usr/bin/ceph: stderr
2024-02-19T18:50:18.594+0000 7f558ffff700 1 -- 172.21.15.77:0/2103422380 <== mon.0 v2:172.21.15.77:3300/0 1 ==== mon_map magic: 0 v1 ==== 229+0+0 (secure 0 0 0) 0x7f559400b860 con 0x7f5598102700
2024-02-19T18:50:19.374 INFO:teuthology.orchestra.run.smithi077.stdout:/usr/bin/ceph: stderr
2024-02-19T18:50:18.594+0000 7f558ffff700 1 -- 172.21.15.77:0/2103422380 <== mon.0 v2:172.21.15.77:3300/0 2 ==== config(27 keys) v1 ==== 1044+0+0 (secure 0 0 0) 0x7f559400be50 con 0x7f5598102700
2024-02-19T18:50:19.374 INFO:teuthology.orchestra.run.smithi077.stdout:/usr/bin/ceph: stderr
2024-02-19T18:50:18.594+0000 7f558ffff700 1 -- 172.21.15.77:0/2103422380 <== mon.0 v2:172.21.15.77:3300/0 3 ==== mon_map magic: 0 v1 ==== 229+0+0 (secure 0 0 0) 0x7f5594010380 con 0x7f5598102700
2024-02-19T18:50:19.374 INFO:teuthology.orchestra.run.smithi077.stdout:/usr/bin/ceph: stderr
2024-02-19T18:50:18.594+0000 7f559f3ac700 1 -- 172.21.15.77:0/2103422380 >> [v2:172.21.15.77:3300/0,v1:172.21.15.77:6789/0] conn(0x7f5598102700 msgr2=0x7f5598102b10 secure :-1 s=STATE_CONNECTION_ESTABLISHED l=1).mark_down
2024-02-19T18:50:19.374 INFO:teuthology.orchestra.run.smithi077.stdout:/usr/bin/ceph: stderr
2024-02-19T18:50:18.594+0000 7f559f3ac700 1 --2- 172.21.15.77:0/2103422380 >> [v2:172.21.15.77:3300/0,v1:172.21.15.77:6789/0] conn(0x7f5598102700 0x7f5598102b10 secure :-1 s=READY pgs=39 cs=0 l=1 rev1=1 crypto rx=0x7f55940098e0 tx=0x7f5594009250 comp rx=0 tx=0).stop
2024-02-19T18:50:19.374 INFO:teuthology.orchestra.run.smithi077.stdout:/usr/bin/ceph: stderr
2024-02-19T18:50:18.594+0000 7f559f3ac700 1 -- 172.21.15.77:0/2103422380 shutdown_connections
2024-02-19T18:50:19.374 INFO:teuthology.orchestra.run.smithi077.stdout:/usr/bin/ceph: stderr
2024-02-19T18:50:18.594+0000 7f559f3ac700 1 --2- 172.21.15.77:0/2103422380 >> [v2:172.21.15.77:3300/0,v1:172.21.15.77:6789/0] conn(0x7f5598102700 0x7f5598102b10 unknown :-1 s=CLOSED pgs=39 cs=0 l=1 rev1=1 crypto rx=0 tx=0 comp rx=0 tx=0).stop
2024-02-19T18:50:19.374 INFO:teuthology.orchestra.run.smithi077.stdout:/usr/bin/ceph: stderr
2024-02-19T18:50:18.594+0000 7f559f3ac700 1 -- 172.21.15.77:0/2103422380 >> 172.21.15.77:0/2103422380 conn(0x7f55980fde60 msgr2=0x7f5598100290 unknown :-1 s=STATE_NONE l=0).mark_down
2024-02-19T18:50:19.374 INFO:teuthology.orchestra.run.smithi077.stdout:/usr/bin/ceph: stderr
2024-02-19T18:50:18.594+0000 7f559f3ac700 1 -- 172.21.15.77:0/2103422380 shutdown_connections
2024-02-19T18:50:19.374 INFO:teuthology.orchestra.run.smithi077.stdout:/usr/bin/ceph: stderr
2024-02-19T18:50:18.594+0000 7f559f3ac700 1 -- 172.21.15.77:0/2103422380 wait complete.
2024-02-19T18:50:19.374 INFO:teuthology.orchestra.run.smithi077.stdout:/usr/bin/ceph: stderr
2024-02-19T18:50:18.595+0000 7f559f3ac700 1 Processor -- start
2024-02-19T18:50:19.374 INFO:teuthology.orchestra.run.smithi077.stdout:/usr/bin/ceph: stderr
2024-02-19T18:50:18.595+0000 7f559f3ac700 1 -- start start
2024-02-19T18:50:19.374 INFO:teuthology.orchestra.run.smithi077.stdout:/usr/bin/ceph: stderr
2024-02-19T18:50:18.595+0000 7f559f3ac700 1 --2- >> [v2:172.21.15.77:3300/0,v1:172.21.15.77:6789/0] conn(0x7f5598102700 0x7f5598111480 unknown :-1 s=NONE pgs=0 cs=0 l=1 rev1=0 crypto rx=0 tx=0 comp rx=0 tx=0).connect
2024-02-19T18:50:19.375 INFO:teuthology.orchestra.run.smithi077.stdout:/usr/bin/ceph: stderr
2024-02-19T18:50:18.595+0000 7f559f3ac700 1 -- --> [v2:172.21.15.77:3300/0,v1:172.21.15.77:6789/0] -- mon_getmap magic: 0 v1 -- 0x7f55981119c0 con 0x7f5598102700
2024-02-19T18:50:19.375 INFO:teuthology.orchestra.run.smithi077.stdout:/usr/bin/ceph: stderr
2024-02-19T18:50:18.595+0000 7f559d148700 1 --2- >> [v2:172.21.15.77:3300/0,v1:172.21.15.77:6789/0] conn(0x7f5598102700 0x7f5598111480 unknown :-1 s=BANNER_CONNECTING pgs=0 cs=0 l=1 rev1=0 crypto rx=0 tx=0 comp rx=0 tx=0)._handle_peer_banner_payload supported=3 required=0
2024-02-19T18:50:19.375 INFO:teuthology.orchestra.run.smithi077.stdout:/usr/bin/ceph: stderr
2024-02-19T18:50:18.595+0000 7f559d148700 1 --2- >> [v2:172.21.15.77:3300/0,v1:172.21.15.77:6789/0] conn(0x7f5598102700 0x7f5598111480 unknown :-1 s=HELLO_CONNECTING pgs=0 cs=0 l=1 rev1=1 crypto rx=0 tx=0 comp rx=0 tx=0).handle_hello peer v2:172.21.15.77:3300/0 says I am v2:172.21.15.77:56442/0 (socket says 172.21.15.77:56442)
2024-02-19T18:50:19.375 INFO:teuthology.orchestra.run.smithi077.stdout:/usr/bin/ceph: stderr
2024-02-19T18:50:18.595+0000 7f559d148700 1 -- 172.21.15.77:0/3523876730 learned_addr learned my addr 172.21.15.77:0/3523876730 (peer_addr_for_me v2:172.21.15.77:0/0)
2024-02-19T18:50:19.375 INFO:teuthology.orchestra.run.smithi077.stdout:/usr/bin/ceph: stderr
2024-02-19T18:50:18.595+0000 7f559d148700 1 -- 172.21.15.77:0/3523876730 --> [v2:172.21.15.77:3300/0,v1:172.21.15.77:6789/0] -- mon_subscribe({config=0+,monmap=0+}) v3 -- 0x7f55940094f0 con 0x7f5598102700
2024-02-19T18:50:19.375 INFO:teuthology.orchestra.run.smithi077.stdout:/usr/bin/ceph: stderr
2024-02-19T18:50:18.595+0000 7f559d148700 1 --2- 172.21.15.77:0/3523876730 >> [v2:172.21.15.77:3300/0,v1:172.21.15.77:6789/0] conn(0x7f5598102700 0x7f5598111480 secure :-1 s=READY pgs=40 cs=0 l=1 rev1=1 crypto rx=0x7f559400b440 tx=0x7f5594009250 comp rx=0 tx=0).ready entity=mon.0 client_cookie=0 server_cookie=0 in_seq=0 out_seq=0
2024-02-19T18:50:19.375 INFO:teuthology.orchestra.run.smithi077.stdout:/usr/bin/ceph: stderr
2024-02-19T18:50:18.596+0000 7f558dffb700 1 -- 172.21.15.77:0/3523876730 <== mon.0 v2:172.21.15.77:3300/0 1 ==== mon_map magic: 0 v1 ==== 229+0+0 (secure 0 0 0) 0x7f55940107c0 con 0x7f5598102700
2024-02-19T18:50:19.375 INFO:teuthology.orchestra.run.smithi077.stdout:/usr/bin/ceph: stderr
2024-02-19T18:50:18.596+0000 7f558dffb700 1 -- 172.21.15.77:0/3523876730 <== mon.0 v2:172.21.15.77:3300/0 2 ==== config(27 keys) v1 ==== 1044+0+0 (secure 0 0 0) 0x7f5594010db0 con 0x7f5598102700
2024-02-19T18:50:19.375 INFO:teuthology.orchestra.run.smithi077.stdout:/usr/bin/ceph: stderr
2024-02-19T18:50:18.596+0000 7f558dffb700 1 -- 172.21.15.77:0/3523876730 <== mon.0 v2:172.21.15.77:3300/0 3 ==== mon_map magic: 0 v1 ==== 229+0+0 (secure 0 0 0) 0x7f559401ada0 con 0x7f5598102700
2024-02-19T18:50:19.375 INFO:teuthology.orchestra.run.smithi077.stdout:/usr/bin/ceph: stderr
2024-02-19T18:50:18.596+0000 7f559f3ac700 1 -- 172.21.15.77:0/3523876730 --> [v2:172.21.15.77:3300/0,v1:172.21.15.77:6789/0] -- mon_subscribe({mgrmap=0+}) v3 -- 0x7f5598111bc0 con 0x7f5598102700
2024-02-19T18:50:19.375 INFO:teuthology.orchestra.run.smithi077.stdout:/usr/bin/ceph: stderr
2024-02-19T18:50:18.596+0000 7f559f3ac700 1 -- 172.21.15.77:0/3523876730 --> [v2:172.21.15.77:3300/0,v1:172.21.15.77:6789/0] -- mon_subscribe({osdmap=0}) v3 -- 0x7f5598112860 con 0x7f5598102700
2024-02-19T18:50:19.375 INFO:teuthology.orchestra.run.smithi077.stdout:/usr/bin/ceph: stderr
2024-02-19T18:50:18.597+0000 7f558dffb700 1 -- 172.21.15.77:0/3523876730 <== mon.0 v2:172.21.15.77:3300/0 4 ==== mgrmap(e 8) v1 ==== 43368+0+0 (secure 0 0 0) 0x7f5594010920 con 0x7f5598102700
2024-02-19T18:50:19.375 INFO:teuthology.orchestra.run.smithi077.stdout:/usr/bin/ceph: stderr
2024-02-19T18:50:18.597+0000 7f559f3ac700 1 -- 172.21.15.77:0/3523876730 --> [v2:172.21.15.77:3300/0,v1:172.21.15.77:6789/0] -- mon_command({"prefix": "get_command_descriptions"} v 0) v1 -- 0x7f559805f5c0 con 0x7f5598102700
2024-02-19T18:50:19.375 INFO:teuthology.orchestra.run.smithi077.stdout:/usr/bin/ceph: stderr
2024-02-19T18:50:18.597+0000 7f558dffb700 1 --2- 172.21.15.77:0/3523876730 >> [v2:172.21.15.77:6800/1028404574,v1:172.21.15.77:6801/1028404574] conn(0x7f55840367e0 0x7f5584038c90 unknown :-1 s=NONE pgs=0 cs=0 l=1 rev1=0 crypto rx=0 tx=0 comp rx=0 tx=0).connect
2024-02-19T18:50:19.376 INFO:teuthology.orchestra.run.smithi077.stdout:/usr/bin/ceph: stderr
2024-02-19T18:50:18.597+0000 7f558dffb700 1 -- 172.21.15.77:0/3523876730 <== mon.0 v2:172.21.15.77:3300/0 5 ==== osd_map(2..2 src has 1..2) v4 ==== 936+0+0 (secure 0 0 0) 0x7f559404acf0 con 0x7f5598102700
2024-02-19T18:50:19.376 INFO:teuthology.orchestra.run.smithi077.stdout:/usr/bin/ceph: stderr
2024-02-19T18:50:18.597+0000 7f559c947700 1 --2- 172.21.15.77:0/3523876730 >> [v2:172.21.15.77:6800/1028404574,v1:172.21.15.77:6801/1028404574] conn(0x7f55840367e0 0x7f5584038c90 unknown :-1 s=BANNER_CONNECTING pgs=0 cs=0 l=1 rev1=0 crypto rx=0 tx=0 comp rx=0 tx=0)._handle_peer_banner_payload supported=3 required=0
2024-02-19T18:50:19.376 INFO:teuthology.orchestra.run.smithi077.stdout:/usr/bin/ceph: stderr
2024-02-19T18:50:18.597+0000 7f559c947700 1 --2- 172.21.15.77:0/3523876730 >> [v2:172.21.15.77:6800/1028404574,v1:172.21.15.77:6801/1028404574] conn(0x7f55840367e0 0x7f5584038c90 secure :-1 s=READY pgs=8 cs=0 l=1 rev1=1 crypto rx=0x7f5588009990 tx=0x7f5588006e40 comp rx=0 tx=0).ready entity=mgr.14120 client_cookie=0 server_cookie=0 in_seq=0 out_seq=0
2024-02-19T18:50:19.376 INFO:teuthology.orchestra.run.smithi077.stdout:/usr/bin/ceph: stderr
2024-02-19T18:50:18.602+0000 7f558dffb700 1 -- 172.21.15.77:0/3523876730 <== mon.0 v2:172.21.15.77:3300/0 6 ==== mon_command_ack([{"prefix": "get_command_descriptions"}]=0 v0) v1 ==== 72+0+175031 (secure 0 0 0) 0x7f5594018940 con 0x7f5598102700
2024-02-19T18:50:19.376 INFO:teuthology.orchestra.run.smithi077.stdout:/usr/bin/ceph: stderr
2024-02-19T18:50:18.784+0000 7f559f3ac700 1 -- 172.21.15.77:0/3523876730 --> [v2:172.21.15.77:6800/1028404574,v1:172.21.15.77:6801/1028404574] -- mgr_command(tid 0: {"prefix": "cephadm set-user", "user": "root", "target": ["mon-mgr", ""]}) v1 -- 0x7f55980ff350 con 0x7f55840367e0
2024-02-19T18:50:19.376 INFO:teuthology.orchestra.run.smithi077.stdout:/usr/bin/ceph: stderr
2024-02-19T18:50:18.784+0000 7f558dffb700 1 -- 172.21.15.77:0/3523876730 <== mgr.14120 v2:172.21.15.77:6800/1028404574 1 ==== mgr_command_reply(tid 0: 0 ) v1 ==== 8+0+16 (secure 0 0 0) 0x7f55980ff350 con 0x7f55840367e0
2024-02-19T18:50:19.376 INFO:teuthology.orchestra.run.smithi077.stdout:/usr/bin/ceph: stderr
2024-02-19T18:50:18.786+0000 7f559f3ac700 1 -- 172.21.15.77:0/3523876730 >> [v2:172.21.15.77:6800/1028404574,v1:172.21.15.77:6801/1028404574] conn(0x7f55840367e0 msgr2=0x7f5584038c90 secure :-1 s=STATE_CONNECTION_ESTABLISHED l=1).mark_down
2024-02-19T18:50:19.376 INFO:teuthology.orchestra.run.smithi077.stdout:/usr/bin/ceph: stderr
2024-02-19T18:50:18.786+0000 7f559f3ac700 1 --2- 172.21.15.77:0/3523876730 >> [v2:172.21.15.77:6800/1028404574,v1:172.21.15.77:6801/1028404574] conn(0x7f55840367e0 0x7f5584038c90 secure :-1 s=READY pgs=8 cs=0 l=1 rev1=1 crypto rx=0x7f5588009990 tx=0x7f5588006e40 comp rx=0 tx=0).stop
2024-02-19T18:50:19.376 INFO:teuthology.orchestra.run.smithi077.stdout:/usr/bin/ceph: stderr
2024-02-19T18:50:18.786+0000 7f559f3ac700 1 -- 172.21.15.77:0/3523876730 >> [v2:172.21.15.77:3300/0,v1:172.21.15.77:6789/0] conn(0x7f5598102700 msgr2=0x7f5598111480 secure :-1 s=STATE_CONNECTION_ESTABLISHED l=1).mark_down
2024-02-19T18:50:19.376 INFO:teuthology.orchestra.run.smithi077.stdout:/usr/bin/ceph: stderr
2024-02-19T18:50:18.786+0000 7f559f3ac700 1 --2- 172.21.15.77:0/3523876730 >> [v2:172.21.15.77:3300/0,v1:172.21.15.77:6789/0] conn(0x7f5598102700 0x7f5598111480 secure :-1 s=READY pgs=40 cs=0 l=1 rev1=1 crypto rx=0x7f559400b440 tx=0x7f5594009250 comp rx=0 tx=0).stop
2024-02-19T18:50:19.376 INFO:teuthology.orchestra.run.smithi077.stdout:/usr/bin/ceph: stderr
2024-02-19T18:50:18.786+0000 7f559f3ac700 1 -- 172.21.15.77:0/3523876730 shutdown_connections
2024-02-19T18:50:19.376 INFO:teuthology.orchestra.run.smithi077.stdout:/usr/bin/ceph: stderr
2024-02-19T18:50:18.786+0000 7f559f3ac700 1 --2- 172.21.15.77:0/3523876730 >> [v2:172.21.15.77:6800/1028404574,v1:172.21.15.77:6801/1028404574] conn(0x7f55840367e0 0x7f5584038c90 unknown :-1 s=CLOSED pgs=8 cs=0 l=1 rev1=1 crypto rx=0 tx=0 comp rx=0 tx=0).stop
2024-02-19T18:50:19.376 INFO:teuthology.orchestra.run.smithi077.stdout:/usr/bin/ceph: stderr
2024-02-19T18:50:18.786+0000 7f559f3ac700 1 --2- 172.21.15.77:0/3523876730 >> [v2:172.21.15.77:3300/0,v1:172.21.15.77:6789/0] conn(0x7f5598102700 0x7f5598111480 unknown :-1 s=CLOSED pgs=40 cs=0 l=1 rev1=1 crypto rx=0 tx=0 comp rx=0 tx=0).stop
2024-02-19T18:50:19.376 INFO:teuthology.orchestra.run.smithi077.stdout:/usr/bin/ceph: stderr
2024-02-19T18:50:18.786+0000 7f559f3ac700 1 -- 172.21.15.77:0/3523876730 >> 172.21.15.77:0/3523876730 conn(0x7f55980fde60 msgr2=0x7f55980fec40 unknown :-1 s=STATE_NONE l=0).mark_down
2024-02-19T18:50:19.377 INFO:teuthology.orchestra.run.smithi077.stdout:/usr/bin/ceph: stderr
2024-02-19T18:50:18.786+0000 7f559f3ac700 1 -- 172.21.15.77:0/3523876730 shutdown_connections
2024-02-19T18:50:19.377 INFO:teuthology.orchestra.run.smithi077.stdout:/usr/bin/ceph: stderr
2024-02-19T18:50:18.786+0000 7f559f3ac700 1 -- 172.21.15.77:0/3523876730 wait complete.
2024-02-19T18:50:19.377 INFO:teuthology.orchestra.run.smithi077.stdout:Generating ssh key...
2024-02-19T18:50:19.980 INFO:journalctl@ceph.mon.smithi077.smithi077.stdout:Feb 19 18:50:19 smithi077 ceph-mon[29247]: from='client.14134 -' entity='client.admin' cmd=[{"prefix": "cephadm set-user", "user": "root", "target": ["mon-mgr", ""]}]: dispatch
2024-02-19T18:50:20.662 INFO:teuthology.orchestra.run.smithi077.stdout:/usr/bin/ceph: stderr
2024-02-19T18:50:19.773+0000 7f4a10c3e700 1 Processor -- start
2024-02-19T18:50:20.662 INFO:teuthology.orchestra.run.smithi077.stdout:/usr/bin/ceph: stderr
2024-02-19T18:50:19.773+0000 7f4a10c3e700 1 -- start start
2024-02-19T18:50:20.662 INFO:teuthology.orchestra.run.smithi077.stdout:/usr/bin/ceph: stderr
2024-02-19T18:50:19.773+0000 7f4a10c3e700 1 --2- >> [v2:172.21.15.77:3300/0,v1:172.21.15.77:6789/0] conn(0x7f4a0c102770 0x7f4a0c102b80 unknown :-1 s=NONE pgs=0 cs=0 l=0 rev1=0 crypto rx=0 tx=0 comp rx=0 tx=0).connect
2024-02-19T18:50:20.662 INFO:teuthology.orchestra.run.smithi077.stdout:/usr/bin/ceph: stderr
2024-02-19T18:50:19.773+0000 7f4a10c3e700 1 -- --> [v2:172.21.15.77:3300/0,v1:172.21.15.77:6789/0] -- mon_getmap magic: 0 v1 -- 0x7f4a0c1030c0 con 0x7f4a0c102770
2024-02-19T18:50:20.662 INFO:teuthology.orchestra.run.smithi077.stdout:/usr/bin/ceph: stderr
2024-02-19T18:50:19.773+0000 7f4a0a59c700 1 --2- >> [v2:172.21.15.77:3300/0,v1:172.21.15.77:6789/0] conn(0x7f4a0c102770 0x7f4a0c102b80 unknown :-1 s=BANNER_CONNECTING pgs=0 cs=0 l=0 rev1=0 crypto rx=0 tx=0 comp rx=0 tx=0)._handle_peer_banner_payload supported=3 required=0
2024-02-19T18:50:20.663 INFO:teuthology.orchestra.run.smithi077.stdout:/usr/bin/ceph: stderr
2024-02-19T18:50:19.773+0000 7f4a0a59c700 1 --2- >> [v2:172.21.15.77:3300/0,v1:172.21.15.77:6789/0] conn(0x7f4a0c102770 0x7f4a0c102b80 unknown :-1 s=HELLO_CONNECTING pgs=0 cs=0 l=0 rev1=1 crypto rx=0 tx=0 comp rx=0 tx=0).handle_hello peer v2:172.21.15.77:3300/0 says I am v2:172.21.15.77:56452/0 (socket says 172.21.15.77:56452)
2024-02-19T18:50:20.663 INFO:teuthology.orchestra.run.smithi077.stdout:/usr/bin/ceph: stderr
2024-02-19T18:50:19.773+0000 7f4a0a59c700 1 -- 172.21.15.77:0/3521207313 learned_addr learned my addr 172.21.15.77:0/3521207313 (peer_addr_for_me v2:172.21.15.77:0/0)
2024-02-19T18:50:20.663 INFO:teuthology.orchestra.run.smithi077.stdout:/usr/bin/ceph: stderr
2024-02-19T18:50:19.774+0000 7f4a0a59c700 1 -- 172.21.15.77:0/3521207313 --> [v2:172.21.15.77:3300/0,v1:172.21.15.77:6789/0] -- mon_subscribe({config=0+,monmap=0+}) v3 -- 0x7f4a0c103200 con 0x7f4a0c102770
2024-02-19T18:50:20.663 INFO:teuthology.orchestra.run.smithi077.stdout:/usr/bin/ceph: stderr
2024-02-19T18:50:19.774+0000 7f4a0a59c700 1 --2- 172.21.15.77:0/3521207313 >> [v2:172.21.15.77:3300/0,v1:172.21.15.77:6789/0] conn(0x7f4a0c102770 0x7f4a0c102b80 secure :-1 s=READY pgs=41 cs=0 l=1 rev1=1 crypto rx=0x7f49fc0098e0 tx=0x7f49fc009250 comp rx=0 tx=0).ready entity=mon.0 client_cookie=95a5dfb4a36e6cb8 server_cookie=0 in_seq=0 out_seq=0
2024-02-19T18:50:20.663 INFO:teuthology.orchestra.run.smithi077.stdout:/usr/bin/ceph: stderr
2024-02-19T18:50:19.774+0000 7f4a0959a700 1 -- 172.21.15.77:0/3521207313 <== mon.0 v2:172.21.15.77:3300/0 1 ==== mon_map magic: 0 v1 ==== 229+0+0 (secure 0 0 0) 0x7f49fc00b860 con 0x7f4a0c102770
2024-02-19T18:50:20.663 INFO:teuthology.orchestra.run.smithi077.stdout:/usr/bin/ceph: stderr
2024-02-19T18:50:19.774+0000 7f4a0959a700 1 -- 172.21.15.77:0/3521207313 <== mon.0 v2:172.21.15.77:3300/0 2 ==== config(27 keys) v1 ==== 1044+0+0 (secure 0 0 0) 0x7f49fc00be50 con 0x7f4a0c102770
2024-02-19T18:50:20.663 INFO:teuthology.orchestra.run.smithi077.stdout:/usr/bin/ceph: stderr
2024-02-19T18:50:19.774+0000 7f4a0959a700 1 -- 172.21.15.77:0/3521207313 <== mon.0 v2:172.21.15.77:3300/0 3 ==== mon_map magic: 0 v1 ==== 229+0+0 (secure 0 0 0) 0x7f49fc010380 con 0x7f4a0c102770
2024-02-19T18:50:20.663 INFO:teuthology.orchestra.run.smithi077.stdout:/usr/bin/ceph: stderr
2024-02-19T18:50:19.775+0000 7f4a10c3e700 1 -- 172.21.15.77:0/3521207313 >> [v2:172.21.15.77:3300/0,v1:172.21.15.77:6789/0] conn(0x7f4a0c102770 msgr2=0x7f4a0c102b80 secure :-1 s=STATE_CONNECTION_ESTABLISHED l=1).mark_down
2024-02-19T18:50:20.663 INFO:teuthology.orchestra.run.smithi077.stdout:/usr/bin/ceph: stderr
2024-02-19T18:50:19.775+0000 7f4a10c3e700 1 --2- 172.21.15.77:0/3521207313 >> [v2:172.21.15.77:3300/0,v1:172.21.15.77:6789/0] conn(0x7f4a0c102770 0x7f4a0c102b80 secure :-1 s=READY pgs=41 cs=0 l=1 rev1=1 crypto rx=0x7f49fc0098e0 tx=0x7f49fc009250 comp rx=0 tx=0).stop
2024-02-19T18:50:20.663 INFO:teuthology.orchestra.run.smithi077.stdout:/usr/bin/ceph: stderr
2024-02-19T18:50:19.775+0000 7f4a10c3e700 1 -- 172.21.15.77:0/3521207313 shutdown_connections
2024-02-19T18:50:20.663 INFO:teuthology.orchestra.run.smithi077.stdout:/usr/bin/ceph: stderr
2024-02-19T18:50:19.775+0000 7f4a10c3e700 1 --2- 172.21.15.77:0/3521207313 >> [v2:172.21.15.77:3300/0,v1:172.21.15.77:6789/0] conn(0x7f4a0c102770 0x7f4a0c102b80 unknown :-1 s=CLOSED pgs=41 cs=0 l=1 rev1=1 crypto rx=0 tx=0 comp rx=0 tx=0).stop
2024-02-19T18:50:20.663 INFO:teuthology.orchestra.run.smithi077.stdout:/usr/bin/ceph: stderr
2024-02-19T18:50:19.775+0000 7f4a10c3e700 1 -- 172.21.15.77:0/3521207313 >> 172.21.15.77:0/3521207313 conn(0x7f4a0c0fded0 msgr2=0x7f4a0c100300 unknown :-1 s=STATE_NONE l=0).mark_down
2024-02-19T18:50:20.663 INFO:teuthology.orchestra.run.smithi077.stdout:/usr/bin/ceph: stderr
2024-02-19T18:50:19.775+0000 7f4a10c3e700 1 -- 172.21.15.77:0/3521207313 shutdown_connections
2024-02-19T18:50:20.663 INFO:teuthology.orchestra.run.smithi077.stdout:/usr/bin/ceph: stderr
2024-02-19T18:50:19.775+0000 7f4a10c3e700 1 -- 172.21.15.77:0/3521207313 wait complete.
2024-02-19T18:50:20.663 INFO:teuthology.orchestra.run.smithi077.stdout:/usr/bin/ceph: stderr
2024-02-19T18:50:19.775+0000 7f4a10c3e700 1 Processor -- start
2024-02-19T18:50:20.664 INFO:teuthology.orchestra.run.smithi077.stdout:/usr/bin/ceph: stderr
2024-02-19T18:50:19.775+0000 7f4a10c3e700 1 -- start start
2024-02-19T18:50:20.664 INFO:teuthology.orchestra.run.smithi077.stdout:/usr/bin/ceph: stderr
2024-02-19T18:50:19.775+0000 7f4a10c3e700 1 --2- >> [v2:172.21.15.77:3300/0,v1:172.21.15.77:6789/0] conn(0x7f4a0c102770 0x7f4a0c078d10 unknown :-1 s=NONE pgs=0 cs=0 l=1 rev1=0 crypto rx=0 tx=0 comp rx=0 tx=0).connect
2024-02-19T18:50:20.664 INFO:teuthology.orchestra.run.smithi077.stdout:/usr/bin/ceph: stderr
2024-02-19T18:50:19.775+0000 7f4a10c3e700 1 -- --> [v2:172.21.15.77:3300/0,v1:172.21.15.77:6789/0] -- mon_getmap magic: 0 v1 -- 0x7f4a0c077190 con 0x7f4a0c102770
2024-02-19T18:50:20.664 INFO:teuthology.orchestra.run.smithi077.stdout:/usr/bin/ceph: stderr
2024-02-19T18:50:19.776+0000 7f4a0a59c700 1 --2- >> [v2:172.21.15.77:3300/0,v1:172.21.15.77:6789/0] conn(0x7f4a0c102770 0x7f4a0c078d10 unknown :-1 s=BANNER_CONNECTING pgs=0 cs=0 l=1 rev1=0 crypto rx=0 tx=0 comp rx=0 tx=0)._handle_peer_banner_payload supported=3 required=0
2024-02-19T18:50:20.664 INFO:teuthology.orchestra.run.smithi077.stdout:/usr/bin/ceph: stderr
2024-02-19T18:50:19.776+0000 7f4a0a59c700 1 --2- >> [v2:172.21.15.77:3300/0,v1:172.21.15.77:6789/0] conn(0x7f4a0c102770 0x7f4a0c078d10 unknown :-1 s=HELLO_CONNECTING pgs=0 cs=0 l=1 rev1=1 crypto rx=0 tx=0 comp rx=0 tx=0).handle_hello peer v2:172.21.15.77:3300/0 says I am v2:172.21.15.77:56462/0 (socket says 172.21.15.77:56462)
2024-02-19T18:50:20.664 INFO:teuthology.orchestra.run.smithi077.stdout:/usr/bin/ceph: stderr
2024-02-19T18:50:19.776+0000 7f4a0a59c700 1 -- 172.21.15.77:0/499184562 learned_addr learned my addr 172.21.15.77:0/499184562 (peer_addr_for_me v2:172.21.15.77:0/0)
2024-02-19T18:50:20.664 INFO:teuthology.orchestra.run.smithi077.stdout:/usr/bin/ceph: stderr
2024-02-19T18:50:19.776+0000 7f4a0a59c700 1 -- 172.21.15.77:0/499184562 --> [v2:172.21.15.77:3300/0,v1:172.21.15.77:6789/0] -- mon_subscribe({config=0+,monmap=0+}) v3 -- 0x7f49fc0094f0 con 0x7f4a0c102770
2024-02-19T18:50:20.664 INFO:teuthology.orchestra.run.smithi077.stdout:/usr/bin/ceph: stderr
2024-02-19T18:50:19.776+0000 7f4a0a59c700 1 --2- 172.21.15.77:0/499184562 >> [v2:172.21.15.77:3300/0,v1:172.21.15.77:6789/0] conn(0x7f4a0c102770 0x7f4a0c078d10 secure :-1 s=READY pgs=42 cs=0 l=1 rev1=1 crypto rx=0x7f49fc00b440 tx=0x7f49fc009250 comp rx=0 tx=0).ready entity=mon.0 client_cookie=0 server_cookie=0 in_seq=0 out_seq=0
2024-02-19T18:50:20.664 INFO:teuthology.orchestra.run.smithi077.stdout:/usr/bin/ceph: stderr
2024-02-19T18:50:19.776+0000 7f49faffd700 1 -- 172.21.15.77:0/499184562 <== mon.0 v2:172.21.15.77:3300/0 1 ==== mon_map magic: 0 v1 ==== 229+0+0 (secure 0 0 0) 0x7f49fc010760 con 0x7f4a0c102770
2024-02-19T18:50:20.664 INFO:teuthology.orchestra.run.smithi077.stdout:/usr/bin/ceph: stderr
2024-02-19T18:50:19.776+0000 7f49faffd700 1 -- 172.21.15.77:0/499184562 <== mon.0 v2:172.21.15.77:3300/0 2 ==== config(27 keys) v1 ==== 1044+0+0 (secure 0 0 0) 0x7f49fc010d50 con 0x7f4a0c102770
2024-02-19T18:50:20.664 INFO:teuthology.orchestra.run.smithi077.stdout:/usr/bin/ceph: stderr
2024-02-19T18:50:19.776+0000 7f49faffd700 1 -- 172.21.15.77:0/499184562 <== mon.0 v2:172.21.15.77:3300/0 3 ==== mon_map magic: 0 v1 ==== 229+0+0 (secure 0 0 0) 0x7f49fc01ae20 con 0x7f4a0c102770
2024-02-19T18:50:20.664 INFO:teuthology.orchestra.run.smithi077.stdout:/usr/bin/ceph: stderr
2024-02-19T18:50:19.776+0000 7f4a10c3e700 1 -- 172.21.15.77:0/499184562 --> [v2:172.21.15.77:3300/0,v1:172.21.15.77:6789/0] -- mon_subscribe({mgrmap=0+}) v3 -- 0x7f4a0c077390 con 0x7f4a0c102770
2024-02-19T18:50:20.664 INFO:teuthology.orchestra.run.smithi077.stdout:/usr/bin/ceph: stderr
2024-02-19T18:50:19.776+0000 7f4a10c3e700 1 -- 172.21.15.77:0/499184562 --> [v2:172.21.15.77:3300/0,v1:172.21.15.77:6789/0] -- mon_subscribe({osdmap=0}) v3 -- 0x7f4a0c077820 con 0x7f4a0c102770
2024-02-19T18:50:20.664 INFO:teuthology.orchestra.run.smithi077.stdout:/usr/bin/ceph: stderr
2024-02-19T18:50:19.777+0000 7f49faffd700 1 -- 172.21.15.77:0/499184562 <== mon.0 v2:172.21.15.77:3300/0 4 ==== mgrmap(e 8) v1 ==== 43368+0+0 (secure 0 0 0) 0x7f49fc02e440 con 0x7f4a0c102770
2024-02-19T18:50:20.664 INFO:teuthology.orchestra.run.smithi077.stdout:/usr/bin/ceph: stderr
2024-02-19T18:50:19.777+0000 7f4a10c3e700 1 -- 172.21.15.77:0/499184562 --> [v2:172.21.15.77:3300/0,v1:172.21.15.77:6789/0] -- mon_command({"prefix": "get_command_descriptions"} v 0) v1 -- 0x7f4a0c04bed0 con 0x7f4a0c102770
2024-02-19T18:50:20.664 INFO:teuthology.orchestra.run.smithi077.stdout:/usr/bin/ceph: stderr
2024-02-19T18:50:19.777+0000 7f49faffd700 1 --2- 172.21.15.77:0/499184562 >> [v2:172.21.15.77:6800/1028404574,v1:172.21.15.77:6801/1028404574] conn(0x7f49f4036770 0x7f49f4038c20 unknown :-1 s=NONE pgs=0 cs=0 l=1 rev1=0 crypto rx=0 tx=0 comp rx=0 tx=0).connect
2024-02-19T18:50:20.664 INFO:teuthology.orchestra.run.smithi077.stdout:/usr/bin/ceph: stderr
2024-02-19T18:50:19.777+0000 7f49faffd700 1 -- 172.21.15.77:0/499184562 <== mon.0 v2:172.21.15.77:3300/0 5 ==== osd_map(2..2 src has 1..2) v4 ==== 936+0+0 (secure 0 0 0) 0x7f49fc04a860 con 0x7f4a0c102770
2024-02-19T18:50:20.665 INFO:teuthology.orchestra.run.smithi077.stdout:/usr/bin/ceph: stderr
2024-02-19T18:50:19.777+0000 7f4a09d9b700 1 --2- 172.21.15.77:0/499184562 >> [v2:172.21.15.77:6800/1028404574,v1:172.21.15.77:6801/1028404574] conn(0x7f49f4036770 0x7f49f4038c20 unknown :-1 s=BANNER_CONNECTING pgs=0 cs=0 l=1 rev1=0 crypto rx=0 tx=0 comp rx=0 tx=0)._handle_peer_banner_payload supported=3 required=0
2024-02-19T18:50:20.665 INFO:teuthology.orchestra.run.smithi077.stdout:/usr/bin/ceph: stderr
2024-02-19T18:50:19.778+0000 7f4a09d9b700 1 --2- 172.21.15.77:0/499184562 >> [v2:172.21.15.77:6800/1028404574,v1:172.21.15.77:6801/1028404574] conn(0x7f49f4036770 0x7f49f4038c20 secure :-1 s=READY pgs=9 cs=0 l=1 rev1=1 crypto rx=0x7f4a00009990 tx=0x7f4a00006e40 comp rx=0 tx=0).ready entity=mgr.14120 client_cookie=0 server_cookie=0 in_seq=0 out_seq=0
2024-02-19T18:50:20.665 INFO:teuthology.orchestra.run.smithi077.stdout:/usr/bin/ceph: stderr
2024-02-19T18:50:19.783+0000 7f49faffd700 1 -- 172.21.15.77:0/499184562 <== mon.0 v2:172.21.15.77:3300/0 6 ==== mon_command_ack([{"prefix": "get_command_descriptions"}]=0 v0) v1 ==== 72+0+175031 (secure 0 0 0) 0x7f49fc018710 con 0x7f4a0c102770
2024-02-19T18:50:20.665 INFO:teuthology.orchestra.run.smithi077.stdout:/usr/bin/ceph: stderr
2024-02-19T18:50:19.964+0000 7f4a10c3e700 1 -- 172.21.15.77:0/499184562 --> [v2:172.21.15.77:6800/1028404574,v1:172.21.15.77:6801/1028404574] -- mgr_command(tid 0: {"prefix": "cephadm generate-key", "target": ["mon-mgr", ""]}) v1 -- 0x7f4a0c077fa0 con 0x7f49f4036770
2024-02-19T18:50:20.665 INFO:teuthology.orchestra.run.smithi077.stdout:/usr/bin/ceph: stderr
2024-02-19T18:50:20.074+0000 7f49faffd700 1 -- 172.21.15.77:0/499184562 <== mgr.14120 v2:172.21.15.77:6800/1028404574 1 ==== mgr_command_reply(tid 0: 0 ) v1 ==== 8+0+0 (secure 0 0 0) 0x7f4a0c077fa0 con 0x7f49f4036770
2024-02-19T18:50:20.665 INFO:teuthology.orchestra.run.smithi077.stdout:/usr/bin/ceph: stderr
2024-02-19T18:50:20.076+0000 7f4a10c3e700 1 -- 172.21.15.77:0/499184562 >> [v2:172.21.15.77:6800/1028404574,v1:172.21.15.77:6801/1028404574] conn(0x7f49f4036770 msgr2=0x7f49f4038c20 secure :-1 s=STATE_CONNECTION_ESTABLISHED l=1).mark_down
2024-02-19T18:50:20.665 INFO:teuthology.orchestra.run.smithi077.stdout:/usr/bin/ceph: stderr
2024-02-19T18:50:20.076+0000 7f4a10c3e700 1 --2- 172.21.15.77:0/499184562 >> [v2:172.21.15.77:6800/1028404574,v1:172.21.15.77:6801/1028404574] conn(0x7f49f4036770 0x7f49f4038c20 secure :-1 s=READY pgs=9 cs=0 l=1 rev1=1 crypto rx=0x7f4a00009990 tx=0x7f4a00006e40 comp rx=0 tx=0).stop
