2024-02-19T18:50:20.665 INFO:teuthology.orchestra.run.smithi077.stdout:/usr/bin/ceph: stderr
2024-02-19T18:50:20.076+0000 7f4a10c3e700 1 -- 172.21.15.77:0/499184562 >> [v2:172.21.15.77:3300/0,v1:172.21.15.77:6789/0] conn(0x7f4a0c102770 msgr2=0x7f4a0c078d10 secure :-1 s=STATE_CONNECTION_ESTABLISHED l=1).mark_down
2024-02-19T18:50:20.665 INFO:teuthology.orchestra.run.smithi077.stdout:/usr/bin/ceph: stderr
2024-02-19T18:50:20.076+0000 7f4a10c3e700 1 --2- 172.21.15.77:0/499184562 >> [v2:172.21.15.77:3300/0,v1:172.21.15.77:6789/0] conn(0x7f4a0c102770 0x7f4a0c078d10 secure :-1 s=READY pgs=42 cs=0 l=1 rev1=1 crypto rx=0x7f49fc00b440 tx=0x7f49fc009250 comp rx=0 tx=0).stop
2024-02-19T18:50:20.665 INFO:teuthology.orchestra.run.smithi077.stdout:/usr/bin/ceph: stderr
2024-02-19T18:50:20.076+0000 7f4a10c3e700 1 -- 172.21.15.77:0/499184562 shutdown_connections
2024-02-19T18:50:20.665 INFO:teuthology.orchestra.run.smithi077.stdout:/usr/bin/ceph: stderr
2024-02-19T18:50:20.076+0000 7f4a10c3e700 1 --2- 172.21.15.77:0/499184562 >> [v2:172.21.15.77:6800/1028404574,v1:172.21.15.77:6801/1028404574] conn(0x7f49f4036770 0x7f49f4038c20 unknown :-1 s=CLOSED pgs=9 cs=0 l=1 rev1=1 crypto rx=0 tx=0 comp rx=0 tx=0).stop
2024-02-19T18:50:20.665 INFO:teuthology.orchestra.run.smithi077.stdout:/usr/bin/ceph: stderr
2024-02-19T18:50:20.076+0000 7f4a10c3e700 1 --2- 172.21.15.77:0/499184562 >> [v2:172.21.15.77:3300/0,v1:172.21.15.77:6789/0] conn(0x7f4a0c102770 0x7f4a0c078d10 unknown :-1 s=CLOSED pgs=42 cs=0 l=1 rev1=1 crypto rx=0 tx=0 comp rx=0 tx=0).stop
2024-02-19T18:50:20.665 INFO:teuthology.orchestra.run.smithi077.stdout:/usr/bin/ceph: stderr
2024-02-19T18:50:20.076+0000 7f4a10c3e700 1 -- 172.21.15.77:0/499184562 >> 172.21.15.77:0/499184562 conn(0x7f4a0c0fded0 msgr2=0x7f4a0c0ff570 unknown :-1 s=STATE_NONE l=0).mark_down
2024-02-19T18:50:20.665 INFO:teuthology.orchestra.run.smithi077.stdout:/usr/bin/ceph: stderr
2024-02-19T18:50:20.076+0000 7f4a10c3e700 1 -- 172.21.15.77:0/499184562 shutdown_connections
2024-02-19T18:50:20.666 INFO:teuthology.orchestra.run.smithi077.stdout:/usr/bin/ceph: stderr
2024-02-19T18:50:20.076+0000 7f4a10c3e700 1 -- 172.21.15.77:0/499184562 wait complete.
2024-02-19T18:50:21.306 INFO:journalctl@ceph.mon.smithi077.smithi077.stdout:Feb 19 18:50:21 smithi077 ceph-mon[29247]: from='client.14136 -' entity='client.admin' cmd=[{"prefix": "cephadm generate-key", "target": ["mon-mgr", ""]}]: dispatch
2024-02-19T18:50:21.306 INFO:journalctl@ceph.mon.smithi077.smithi077.stdout:Feb 19 18:50:21 smithi077 ceph-mon[29247]: Generating ssh key...
2024-02-19T18:50:21.306 INFO:journalctl@ceph.mon.smithi077.smithi077.stdout:Feb 19 18:50:21 smithi077 ceph-mon[29247]: from='mgr.14120 172.21.15.77:0/3658709087' entity='mgr.smithi077.yiiqpd'
2024-02-19T18:50:21.306 INFO:journalctl@ceph.mon.smithi077.smithi077.stdout:Feb 19 18:50:21 smithi077 ceph-mon[29247]: from='mgr.14120 172.21.15.77:0/3658709087' entity='mgr.smithi077.yiiqpd'
2024-02-19T18:50:21.810 INFO:teuthology.orchestra.run.smithi077.stdout:/usr/bin/ceph: stdout ssh-rsa AAAAB3NzaC1yc2EAAAADAQABAAABgQDIFJBfDNK+jtfEcX4T56qJQTp5o+vjm8mmcglfds0U13RN3MyQmfQeym98bfMfZz9wav42zhWN0mHDojHvJBXYScB9RE0brQ8qFKypWQrGonKXYs2+TqGGJQw2cE7E7z5E25EnkiIBPbPlNwL6c0FBzOzA4CoRuc5mgpc3VlZANyq5QHWIry6magvLY5Cwq/ZfK39Ebd+Mcz73dlgkff4tx6WYBmFRbzNL/VJiruSdgufsuoxQPD/y64Lj/SYABR30mBUES678SA+2uDSx7sZAtKgE30q9Zzos3AXZDE2HKaNtY17FjMk6dBAljjBJD4oDLSjEss7wNXP7bLHbofN5qV9IWbWKgSObDZsgom7vv+F509/xhYgVQQhAEOdrzjLg1MpiHhCIqYUo/aSjNHvskqZY26b7Lt0eNb/+VTSayoVOdBcUKRUppBSRNBqyAdV6J1y6NckbIBddhKStPmcYlI2Ic9f2FhcKnzIQSC2g9tNHlkM6jbkc9dvr1UWzPLs= ceph-6778a95a-cf57-11ee-95bb-87774f69a715
2024-02-19T18:50:21.810 INFO:teuthology.orchestra.run.smithi077.stdout:/usr/bin/ceph: stderr
2024-02-19T18:50:21.014+0000 7fbbccc97700 1 Processor -- start
2024-02-19T18:50:21.811 INFO:teuthology.orchestra.run.smithi077.stdout:/usr/bin/ceph: stderr
2024-02-19T18:50:21.014+0000 7fbbccc97700 1 -- start start
2024-02-19T18:50:21.811 INFO:teuthology.orchestra.run.smithi077.stdout:/usr/bin/ceph: stderr
2024-02-19T18:50:21.014+0000 7fbbccc97700 1 --2- >> [v2:172.21.15.77:3300/0,v1:172.21.15.77:6789/0] conn(0x7fbbc8102770 0x7fbbc8102b80 unknown :-1 s=NONE pgs=0 cs=0 l=0 rev1=0 crypto rx=0 tx=0 comp rx=0 tx=0).connect
2024-02-19T18:50:21.811 INFO:teuthology.orchestra.run.smithi077.stdout:/usr/bin/ceph: stderr
2024-02-19T18:50:21.014+0000 7fbbccc97700 1 -- --> [v2:172.21.15.77:3300/0,v1:172.21.15.77:6789/0] -- mon_getmap magic: 0 v1 -- 0x7fbbc81030c0 con 0x7fbbc8102770
2024-02-19T18:50:21.811 INFO:teuthology.orchestra.run.smithi077.stdout:/usr/bin/ceph: stderr
2024-02-19T18:50:21.015+0000 7fbbc659c700 1 --2- >> [v2:172.21.15.77:3300/0,v1:172.21.15.77:6789/0] conn(0x7fbbc8102770 0x7fbbc8102b80 unknown :-1 s=BANNER_CONNECTING pgs=0 cs=0 l=0 rev1=0 crypto rx=0 tx=0 comp rx=0 tx=0)._handle_peer_banner_payload supported=3 required=0
2024-02-19T18:50:21.811 INFO:teuthology.orchestra.run.smithi077.stdout:/usr/bin/ceph: stderr
2024-02-19T18:50:21.015+0000 7fbbc659c700 1 --2- >> [v2:172.21.15.77:3300/0,v1:172.21.15.77:6789/0] conn(0x7fbbc8102770 0x7fbbc8102b80 unknown :-1 s=HELLO_CONNECTING pgs=0 cs=0 l=0 rev1=1 crypto rx=0 tx=0 comp rx=0 tx=0).handle_hello peer v2:172.21.15.77:3300/0 says I am v2:172.21.15.77:56466/0 (socket says 172.21.15.77:56466)
2024-02-19T18:50:21.811 INFO:teuthology.orchestra.run.smithi077.stdout:/usr/bin/ceph: stderr
2024-02-19T18:50:21.015+0000 7fbbc659c700 1 -- 172.21.15.77:0/2254455834 learned_addr learned my addr 172.21.15.77:0/2254455834 (peer_addr_for_me v2:172.21.15.77:0/0)
2024-02-19T18:50:21.811 INFO:teuthology.orchestra.run.smithi077.stdout:/usr/bin/ceph: stderr
2024-02-19T18:50:21.015+0000 7fbbc659c700 1 -- 172.21.15.77:0/2254455834 --> [v2:172.21.15.77:3300/0,v1:172.21.15.77:6789/0] -- mon_subscribe({config=0+,monmap=0+}) v3 -- 0x7fbbc8103200 con 0x7fbbc8102770
2024-02-19T18:50:21.811 INFO:teuthology.orchestra.run.smithi077.stdout:/usr/bin/ceph: stderr
2024-02-19T18:50:21.015+0000 7fbbc659c700 1 --2- 172.21.15.77:0/2254455834 >> [v2:172.21.15.77:3300/0,v1:172.21.15.77:6789/0] conn(0x7fbbc8102770 0x7fbbc8102b80 secure :-1 s=READY pgs=43 cs=0 l=1 rev1=1 crypto rx=0x7fbbb80098e0 tx=0x7fbbb8009250 comp rx=0 tx=0).ready entity=mon.0 client_cookie=fd2261e6c40d5790 server_cookie=0 in_seq=0 out_seq=0
2024-02-19T18:50:21.811 INFO:teuthology.orchestra.run.smithi077.stdout:/usr/bin/ceph: stderr
2024-02-19T18:50:21.015+0000 7fbbc559a700 1 -- 172.21.15.77:0/2254455834 <== mon.0 v2:172.21.15.77:3300/0 1 ==== mon_map magic: 0 v1 ==== 229+0+0 (secure 0 0 0) 0x7fbbb800b860 con 0x7fbbc8102770
2024-02-19T18:50:21.811 INFO:teuthology.orchestra.run.smithi077.stdout:/usr/bin/ceph: stderr
2024-02-19T18:50:21.015+0000 7fbbc559a700 1 -- 172.21.15.77:0/2254455834 <== mon.0 v2:172.21.15.77:3300/0 2 ==== config(27 keys) v1 ==== 1044+0+0 (secure 0 0 0) 0x7fbbb800be50 con 0x7fbbc8102770
2024-02-19T18:50:21.811 INFO:teuthology.orchestra.run.smithi077.stdout:/usr/bin/ceph: stderr
2024-02-19T18:50:21.015+0000 7fbbc559a700 1 -- 172.21.15.77:0/2254455834 <== mon.0 v2:172.21.15.77:3300/0 3 ==== mon_map magic: 0 v1 ==== 229+0+0 (secure 0 0 0) 0x7fbbb8010380 con 0x7fbbc8102770
2024-02-19T18:50:21.811 INFO:teuthology.orchestra.run.smithi077.stdout:/usr/bin/ceph: stderr
2024-02-19T18:50:21.016+0000 7fbbccc97700 1 -- 172.21.15.77:0/2254455834 >> [v2:172.21.15.77:3300/0,v1:172.21.15.77:6789/0] conn(0x7fbbc8102770 msgr2=0x7fbbc8102b80 secure :-1 s=STATE_CONNECTION_ESTABLISHED l=1).mark_down
2024-02-19T18:50:21.811 INFO:teuthology.orchestra.run.smithi077.stdout:/usr/bin/ceph: stderr
2024-02-19T18:50:21.016+0000 7fbbccc97700 1 --2- 172.21.15.77:0/2254455834 >> [v2:172.21.15.77:3300/0,v1:172.21.15.77:6789/0] conn(0x7fbbc8102770 0x7fbbc8102b80 secure :-1 s=READY pgs=43 cs=0 l=1 rev1=1 crypto rx=0x7fbbb80098e0 tx=0x7fbbb8009250 comp rx=0 tx=0).stop
2024-02-19T18:50:21.811 INFO:teuthology.orchestra.run.smithi077.stdout:/usr/bin/ceph: stderr
2024-02-19T18:50:21.016+0000 7fbbccc97700 1 -- 172.21.15.77:0/2254455834 shutdown_connections
2024-02-19T18:50:21.812 INFO:teuthology.orchestra.run.smithi077.stdout:/usr/bin/ceph: stderr
2024-02-19T18:50:21.016+0000 7fbbccc97700 1 --2- 172.21.15.77:0/2254455834 >> [v2:172.21.15.77:3300/0,v1:172.21.15.77:6789/0] conn(0x7fbbc8102770 0x7fbbc8102b80 unknown :-1 s=CLOSED pgs=43 cs=0 l=1 rev1=1 crypto rx=0 tx=0 comp rx=0 tx=0).stop
2024-02-19T18:50:21.812 INFO:teuthology.orchestra.run.smithi077.stdout:/usr/bin/ceph: stderr
2024-02-19T18:50:21.016+0000 7fbbccc97700 1 -- 172.21.15.77:0/2254455834 >> 172.21.15.77:0/2254455834 conn(0x7fbbc80fded0 msgr2=0x7fbbc8100300 unknown :-1 s=STATE_NONE l=0).mark_down
2024-02-19T18:50:21.812 INFO:teuthology.orchestra.run.smithi077.stdout:/usr/bin/ceph: stderr
2024-02-19T18:50:21.016+0000 7fbbccc97700 1 -- 172.21.15.77:0/2254455834 shutdown_connections
2024-02-19T18:50:21.812 INFO:teuthology.orchestra.run.smithi077.stdout:/usr/bin/ceph: stderr
2024-02-19T18:50:21.016+0000 7fbbccc97700 1 -- 172.21.15.77:0/2254455834 wait complete.
2024-02-19T18:50:21.812 INFO:teuthology.orchestra.run.smithi077.stdout:/usr/bin/ceph: stderr
2024-02-19T18:50:21.016+0000 7fbbccc97700 1 Processor -- start
2024-02-19T18:50:21.812 INFO:teuthology.orchestra.run.smithi077.stdout:/usr/bin/ceph: stderr
2024-02-19T18:50:21.016+0000 7fbbccc97700 1 -- start start
2024-02-19T18:50:21.812 INFO:teuthology.orchestra.run.smithi077.stdout:/usr/bin/ceph: stderr
2024-02-19T18:50:21.017+0000 7fbbccc97700 1 --2- >> [v2:172.21.15.77:3300/0,v1:172.21.15.77:6789/0] conn(0x7fbbc8102770 0x7fbbc8111500 unknown :-1 s=NONE pgs=0 cs=0 l=1 rev1=0 crypto rx=0 tx=0 comp rx=0 tx=0).connect
2024-02-19T18:50:21.812 INFO:teuthology.orchestra.run.smithi077.stdout:/usr/bin/ceph: stderr
2024-02-19T18:50:21.017+0000 7fbbccc97700 1 -- --> [v2:172.21.15.77:3300/0,v1:172.21.15.77:6789/0] -- mon_getmap magic: 0 v1 -- 0x7fbbc8111a40 con 0x7fbbc8102770
2024-02-19T18:50:21.812 INFO:teuthology.orchestra.run.smithi077.stdout:/usr/bin/ceph: stderr
2024-02-19T18:50:21.017+0000 7fbbc659c700 1 --2- >> [v2:172.21.15.77:3300/0,v1:172.21.15.77:6789/0] conn(0x7fbbc8102770 0x7fbbc8111500 unknown :-1 s=BANNER_CONNECTING pgs=0 cs=0 l=1 rev1=0 crypto rx=0 tx=0 comp rx=0 tx=0)._handle_peer_banner_payload supported=3 required=0
2024-02-19T18:50:21.812 INFO:teuthology.orchestra.run.smithi077.stdout:/usr/bin/ceph: stderr
2024-02-19T18:50:21.017+0000 7fbbc659c700 1 --2- >> [v2:172.21.15.77:3300/0,v1:172.21.15.77:6789/0] conn(0x7fbbc8102770 0x7fbbc8111500 unknown :-1 s=HELLO_CONNECTING pgs=0 cs=0 l=1 rev1=1 crypto rx=0 tx=0 comp rx=0 tx=0).handle_hello peer v2:172.21.15.77:3300/0 says I am v2:172.21.15.77:56468/0 (socket says 172.21.15.77:56468)
2024-02-19T18:50:21.812 INFO:teuthology.orchestra.run.smithi077.stdout:/usr/bin/ceph: stderr
2024-02-19T18:50:21.017+0000 7fbbc659c700 1 -- 172.21.15.77:0/3247819496 learned_addr learned my addr 172.21.15.77:0/3247819496 (peer_addr_for_me v2:172.21.15.77:0/0)
2024-02-19T18:50:21.812 INFO:teuthology.orchestra.run.smithi077.stdout:/usr/bin/ceph: stderr
2024-02-19T18:50:21.017+0000 7fbbc659c700 1 -- 172.21.15.77:0/3247819496 --> [v2:172.21.15.77:3300/0,v1:172.21.15.77:6789/0] -- mon_subscribe({config=0+,monmap=0+}) v3 -- 0x7fbbb80094f0 con 0x7fbbc8102770
2024-02-19T18:50:21.812 INFO:teuthology.orchestra.run.smithi077.stdout:/usr/bin/ceph: stderr
2024-02-19T18:50:21.017+0000 7fbbc659c700 1 --2- 172.21.15.77:0/3247819496 >> [v2:172.21.15.77:3300/0,v1:172.21.15.77:6789/0] conn(0x7fbbc8102770 0x7fbbc8111500 secure :-1 s=READY pgs=44 cs=0 l=1 rev1=1 crypto rx=0x7fbbb800b440 tx=0x7fbbb8009250 comp rx=0 tx=0).ready entity=mon.0 client_cookie=0 server_cookie=0 in_seq=0 out_seq=0
2024-02-19T18:50:21.813 INFO:teuthology.orchestra.run.smithi077.stdout:/usr/bin/ceph: stderr
2024-02-19T18:50:21.017+0000 7fbbb6ffd700 1 -- 172.21.15.77:0/3247819496 <== mon.0 v2:172.21.15.77:3300/0 1 ==== mon_map magic: 0 v1 ==== 229+0+0 (secure 0 0 0) 0x7fbbb80107c0 con 0x7fbbc8102770
2024-02-19T18:50:21.813 INFO:teuthology.orchestra.run.smithi077.stdout:/usr/bin/ceph: stderr
2024-02-19T18:50:21.017+0000 7fbbb6ffd700 1 -- 172.21.15.77:0/3247819496 <== mon.0 v2:172.21.15.77:3300/0 2 ==== config(27 keys) v1 ==== 1044+0+0 (secure 0 0 0) 0x7fbbb8010db0 con 0x7fbbc8102770
2024-02-19T18:50:21.813 INFO:teuthology.orchestra.run.smithi077.stdout:/usr/bin/ceph: stderr
2024-02-19T18:50:21.017+0000 7fbbb6ffd700 1 -- 172.21.15.77:0/3247819496 <== mon.0 v2:172.21.15.77:3300/0 3 ==== mon_map magic: 0 v1 ==== 229+0+0 (secure 0 0 0) 0x7fbbb801ada0 con 0x7fbbc8102770
2024-02-19T18:50:21.813 INFO:teuthology.orchestra.run.smithi077.stdout:/usr/bin/ceph: stderr
2024-02-19T18:50:21.017+0000 7fbbccc97700 1 -- 172.21.15.77:0/3247819496 --> [v2:172.21.15.77:3300/0,v1:172.21.15.77:6789/0] -- mon_subscribe({mgrmap=0+}) v3 -- 0x7fbbc8111c40 con 0x7fbbc8102770
2024-02-19T18:50:21.813 INFO:teuthology.orchestra.run.smithi077.stdout:/usr/bin/ceph: stderr
2024-02-19T18:50:21.017+0000 7fbbccc97700 1 -- 172.21.15.77:0/3247819496 --> [v2:172.21.15.77:3300/0,v1:172.21.15.77:6789/0] -- mon_subscribe({osdmap=0}) v3 -- 0x7fbbc81128e0 con 0x7fbbc8102770
2024-02-19T18:50:21.813 INFO:teuthology.orchestra.run.smithi077.stdout:/usr/bin/ceph: stderr
2024-02-19T18:50:21.018+0000 7fbbb6ffd700 1 -- 172.21.15.77:0/3247819496 <== mon.0 v2:172.21.15.77:3300/0 4 ==== mgrmap(e 8) v1 ==== 43368+0+0 (secure 0 0 0) 0x7fbbb8024480 con 0x7fbbc8102770
2024-02-19T18:50:21.813 INFO:teuthology.orchestra.run.smithi077.stdout:/usr/bin/ceph: stderr
2024-02-19T18:50:21.018+0000 7fbbccc97700 1 -- 172.21.15.77:0/3247819496 --> [v2:172.21.15.77:3300/0,v1:172.21.15.77:6789/0] -- mon_command({"prefix": "get_command_descriptions"} v 0) v1 -- 0x7fbbc805f5c0 con 0x7fbbc8102770
2024-02-19T18:50:21.813 INFO:teuthology.orchestra.run.smithi077.stdout:/usr/bin/ceph: stderr
2024-02-19T18:50:21.018+0000 7fbbb6ffd700 1 --2- 172.21.15.77:0/3247819496 >> [v2:172.21.15.77:6800/1028404574,v1:172.21.15.77:6801/1028404574] conn(0x7fbbb0036790 0x7fbbb0038c40 unknown :-1 s=NONE pgs=0 cs=0 l=1 rev1=0 crypto rx=0 tx=0 comp rx=0 tx=0).connect
2024-02-19T18:50:21.813 INFO:teuthology.orchestra.run.smithi077.stdout:/usr/bin/ceph: stderr
2024-02-19T18:50:21.019+0000 7fbbb6ffd700 1 -- 172.21.15.77:0/3247819496 <== mon.0 v2:172.21.15.77:3300/0 5 ==== osd_map(2..2 src has 1..2) v4 ==== 936+0+0 (secure 0 0 0) 0x7fbbb804ae40 con 0x7fbbc8102770
2024-02-19T18:50:21.813 INFO:teuthology.orchestra.run.smithi077.stdout:/usr/bin/ceph: stderr
2024-02-19T18:50:21.019+0000 7fbbc5d9b700 1 --2- 172.21.15.77:0/3247819496 >> [v2:172.21.15.77:6800/1028404574,v1:172.21.15.77:6801/1028404574] conn(0x7fbbb0036790 0x7fbbb0038c40 unknown :-1 s=BANNER_CONNECTING pgs=0 cs=0 l=1 rev1=0 crypto rx=0 tx=0 comp rx=0 tx=0)._handle_peer_banner_payload supported=3 required=0
2024-02-19T18:50:21.813 INFO:teuthology.orchestra.run.smithi077.stdout:/usr/bin/ceph: stderr
2024-02-19T18:50:21.019+0000 7fbbc5d9b700 1 --2- 172.21.15.77:0/3247819496 >> [v2:172.21.15.77:6800/1028404574,v1:172.21.15.77:6801/1028404574] conn(0x7fbbb0036790 0x7fbbb0038c40 secure :-1 s=READY pgs=10 cs=0 l=1 rev1=1 crypto rx=0x7fbbbc009990 tx=0x7fbbbc006e40 comp rx=0 tx=0).ready entity=mgr.14120 client_cookie=0 server_cookie=0 in_seq=0 out_seq=0
2024-02-19T18:50:21.813 INFO:teuthology.orchestra.run.smithi077.stdout:/usr/bin/ceph: stderr
2024-02-19T18:50:21.023+0000 7fbbb6ffd700 1 -- 172.21.15.77:0/3247819496 <== mon.0 v2:172.21.15.77:3300/0 6 ==== mon_command_ack([{"prefix": "get_command_descriptions"}]=0 v0) v1 ==== 72+0+175031 (secure 0 0 0) 0x7fbbb8018350 con 0x7fbbc8102770
2024-02-19T18:50:21.813 INFO:teuthology.orchestra.run.smithi077.stdout:/usr/bin/ceph: stderr
2024-02-19T18:50:21.208+0000 7fbbccc97700 1 -- 172.21.15.77:0/3247819496 --> [v2:172.21.15.77:6800/1028404574,v1:172.21.15.77:6801/1028404574] -- mgr_command(tid 0: {"prefix": "cephadm get-pub-key", "target": ["mon-mgr", ""]}) v1 -- 0x7fbbc80ff380 con 0x7fbbb0036790
2024-02-19T18:50:21.814 INFO:teuthology.orchestra.run.smithi077.stdout:/usr/bin/ceph: stderr
2024-02-19T18:50:21.209+0000 7fbbb6ffd700 1 -- 172.21.15.77:0/3247819496 <== mgr.14120 v2:172.21.15.77:6800/1028404574 1 ==== mgr_command_reply(tid 0: 0 ) v1 ==== 8+0+595 (secure 0 0 0) 0x7fbbc80ff380 con 0x7fbbb0036790
2024-02-19T18:50:21.814 INFO:teuthology.orchestra.run.smithi077.stdout:/usr/bin/ceph: stderr
2024-02-19T18:50:21.210+0000 7fbbccc97700 1 -- 172.21.15.77:0/3247819496 >> [v2:172.21.15.77:6800/1028404574,v1:172.21.15.77:6801/1028404574] conn(0x7fbbb0036790 msgr2=0x7fbbb0038c40 secure :-1 s=STATE_CONNECTION_ESTABLISHED l=1).mark_down
2024-02-19T18:50:21.814 INFO:teuthology.orchestra.run.smithi077.stdout:/usr/bin/ceph: stderr
2024-02-19T18:50:21.210+0000 7fbbccc97700 1 --2- 172.21.15.77:0/3247819496 >> [v2:172.21.15.77:6800/1028404574,v1:172.21.15.77:6801/1028404574] conn(0x7fbbb0036790 0x7fbbb0038c40 secure :-1 s=READY pgs=10 cs=0 l=1 rev1=1 crypto rx=0x7fbbbc009990 tx=0x7fbbbc006e40 comp rx=0 tx=0).stop
2024-02-19T18:50:21.814 INFO:teuthology.orchestra.run.smithi077.stdout:/usr/bin/ceph: stderr
2024-02-19T18:50:21.210+0000 7fbbccc97700 1 -- 172.21.15.77:0/3247819496 >> [v2:172.21.15.77:3300/0,v1:172.21.15.77:6789/0] conn(0x7fbbc8102770 msgr2=0x7fbbc8111500 secure :-1 s=STATE_CONNECTION_ESTABLISHED l=1).mark_down
2024-02-19T18:50:21.814 INFO:teuthology.orchestra.run.smithi077.stdout:/usr/bin/ceph: stderr
2024-02-19T18:50:21.210+0000 7fbbccc97700 1 --2- 172.21.15.77:0/3247819496 >> [v2:172.21.15.77:3300/0,v1:172.21.15.77:6789/0] conn(0x7fbbc8102770 0x7fbbc8111500 secure :-1 s=READY pgs=44 cs=0 l=1 rev1=1 crypto rx=0x7fbbb800b440 tx=0x7fbbb8009250 comp rx=0 tx=0).stop
2024-02-19T18:50:21.814 INFO:teuthology.orchestra.run.smithi077.stdout:/usr/bin/ceph: stderr
2024-02-19T18:50:21.210+0000 7fbbccc97700 1 -- 172.21.15.77:0/3247819496 shutdown_connections
2024-02-19T18:50:21.814 INFO:teuthology.orchestra.run.smithi077.stdout:/usr/bin/ceph: stderr
2024-02-19T18:50:21.210+0000 7fbbccc97700 1 --2- 172.21.15.77:0/3247819496 >> [v2:172.21.15.77:6800/1028404574,v1:172.21.15.77:6801/1028404574] conn(0x7fbbb0036790 0x7fbbb0038c40 unknown :-1 s=CLOSED pgs=10 cs=0 l=1 rev1=1 crypto rx=0 tx=0 comp rx=0 tx=0).stop
2024-02-19T18:50:21.814 INFO:teuthology.orchestra.run.smithi077.stdout:/usr/bin/ceph: stderr
2024-02-19T18:50:21.210+0000 7fbbccc97700 1 --2- 172.21.15.77:0/3247819496 >> [v2:172.21.15.77:3300/0,v1:172.21.15.77:6789/0] conn(0x7fbbc8102770 0x7fbbc8111500 unknown :-1 s=CLOSED pgs=44 cs=0 l=1 rev1=1 crypto rx=0 tx=0 comp rx=0 tx=0).stop
2024-02-19T18:50:21.814 INFO:teuthology.orchestra.run.smithi077.stdout:/usr/bin/ceph: stderr
2024-02-19T18:50:21.210+0000 7fbbccc97700 1 -- 172.21.15.77:0/3247819496 >> 172.21.15.77:0/3247819496 conn(0x7fbbc80fded0 msgr2=0x7fbbc80fec70 unknown :-1 s=STATE_NONE l=0).mark_down
2024-02-19T18:50:21.814 INFO:teuthology.orchestra.run.smithi077.stdout:/usr/bin/ceph: stderr
2024-02-19T18:50:21.211+0000 7fbbccc97700 1 -- 172.21.15.77:0/3247819496 shutdown_connections
2024-02-19T18:50:21.814 INFO:teuthology.orchestra.run.smithi077.stdout:/usr/bin/ceph: stderr
2024-02-19T18:50:21.211+0000 7fbbccc97700 1 -- 172.21.15.77:0/3247819496 wait complete.
2024-02-19T18:50:21.814 INFO:teuthology.orchestra.run.smithi077.stdout:Wrote public SSH key to /home/ubuntu/cephtest/ceph.pub
2024-02-19T18:50:21.814 INFO:teuthology.orchestra.run.smithi077.stdout:Adding key to root@localhost authorized_keys...
2024-02-19T18:50:21.814 INFO:teuthology.orchestra.run.smithi077.stdout:Adding host smithi077...
2024-02-19T18:50:22.247 INFO:journalctl@ceph.mon.smithi077.smithi077.stdout:Feb 19 18:50:22 smithi077 ceph-mon[29247]: from='client.14138 -' entity='client.admin' cmd=[{"prefix": "cephadm get-pub-key", "target": ["mon-mgr", ""]}]: dispatch
2024-02-19T18:50:24.056 INFO:journalctl@ceph.mon.smithi077.smithi077.stdout:Feb 19 18:50:23 smithi077 ceph-mon[29247]: from='client.14140 -' entity='client.admin' cmd=[{"prefix": "orch host add", "hostname": "smithi077", "addr": "172.21.15.77", "target": ["mon-mgr", ""]}]: dispatch
2024-02-19T18:50:25.028 INFO:journalctl@ceph.mon.smithi077.smithi077.stdout:Feb 19 18:50:24 smithi077 ceph-mon[29247]: Deploying cephadm binary to smithi077
2024-02-19T18:50:25.028 INFO:journalctl@ceph.mon.smithi077.smithi077.stdout:Feb 19 18:50:24 smithi077 ceph-mon[29247]: from='mgr.14120 172.21.15.77:0/3658709087' entity='mgr.smithi077.yiiqpd'
2024-02-19T18:50:25.028 INFO:journalctl@ceph.mon.smithi077.smithi077.stdout:Feb 19 18:50:24 smithi077 ceph-mon[29247]: from='mgr.14120 172.21.15.77:0/3658709087' entity='mgr.smithi077.yiiqpd' cmd=[{"prefix": "config dump", "format": "json"}]: dispatch
2024-02-19T18:50:25.035 INFO:teuthology.orchestra.run.smithi077.stdout:/usr/bin/ceph: stdout Added host 'smithi077' with addr '172.21.15.77'
2024-02-19T18:50:25.035 INFO:teuthology.orchestra.run.smithi077.stdout:/usr/bin/ceph: stderr
2024-02-19T18:50:22.249+0000 7f6da3bd9700 1 Processor -- start
2024-02-19T18:50:25.035 INFO:teuthology.orchestra.run.smithi077.stdout:/usr/bin/ceph: stderr
2024-02-19T18:50:22.249+0000 7f6da3bd9700 1 -- start start
2024-02-19T18:50:25.035 INFO:teuthology.orchestra.run.smithi077.stdout:/usr/bin/ceph: stderr
2024-02-19T18:50:22.249+0000 7f6da3bd9700 1 --2- >> [v2:172.21.15.77:3300/0,v1:172.21.15.77:6789/0] conn(0x7f6d9c100ba0 0x7f6d9c100fb0 unknown :-1 s=NONE pgs=0 cs=0 l=0 rev1=0 crypto rx=0 tx=0 comp rx=0 tx=0).connect
2024-02-19T18:50:25.035 INFO:teuthology.orchestra.run.smithi077.stdout:/usr/bin/ceph: stderr
2024-02-19T18:50:22.249+0000 7f6da3bd9700 1 -- --> [v2:172.21.15.77:3300/0,v1:172.21.15.77:6789/0] -- mon_getmap magic: 0 v1 -- 0x7f6d9c1014f0 con 0x7f6d9c100ba0
2024-02-19T18:50:25.035 INFO:teuthology.orchestra.run.smithi077.stdout:/usr/bin/ceph: stderr
2024-02-19T18:50:22.249+0000 7f6da1975700 1 --2- >> [v2:172.21.15.77:3300/0,v1:172.21.15.77:6789/0] conn(0x7f6d9c100ba0 0x7f6d9c100fb0 unknown :-1 s=BANNER_CONNECTING pgs=0 cs=0 l=0 rev1=0 crypto rx=0 tx=0 comp rx=0 tx=0)._handle_peer_banner_payload supported=3 required=0
2024-02-19T18:50:25.035 INFO:teuthology.orchestra.run.smithi077.stdout:/usr/bin/ceph: stderr
2024-02-19T18:50:22.249+0000 7f6da1975700 1 --2- >> [v2:172.21.15.77:3300/0,v1:172.21.15.77:6789/0] conn(0x7f6d9c100ba0 0x7f6d9c100fb0 unknown :-1 s=HELLO_CONNECTING pgs=0 cs=0 l=0 rev1=1 crypto rx=0 tx=0 comp rx=0 tx=0).handle_hello peer v2:172.21.15.77:3300/0 says I am v2:172.21.15.77:56476/0 (socket says 172.21.15.77:56476)
2024-02-19T18:50:25.036 INFO:teuthology.orchestra.run.smithi077.stdout:/usr/bin/ceph: stderr
2024-02-19T18:50:22.249+0000 7f6da1975700 1 -- 172.21.15.77:0/4229473799 learned_addr learned my addr 172.21.15.77:0/4229473799 (peer_addr_for_me v2:172.21.15.77:0/0)
2024-02-19T18:50:25.036 INFO:teuthology.orchestra.run.smithi077.stdout:/usr/bin/ceph: stderr
2024-02-19T18:50:22.250+0000 7f6da1975700 1 -- 172.21.15.77:0/4229473799 --> [v2:172.21.15.77:3300/0,v1:172.21.15.77:6789/0] -- mon_subscribe({config=0+,monmap=0+}) v3 -- 0x7f6d9c101630 con 0x7f6d9c100ba0
2024-02-19T18:50:25.036 INFO:teuthology.orchestra.run.smithi077.stdout:/usr/bin/ceph: stderr
2024-02-19T18:50:22.250+0000 7f6da1975700 1 --2- 172.21.15.77:0/4229473799 >> [v2:172.21.15.77:3300/0,v1:172.21.15.77:6789/0] conn(0x7f6d9c100ba0 0x7f6d9c100fb0 secure :-1 s=READY pgs=45 cs=0 l=1 rev1=1 crypto rx=0x7f6d94009e50 tx=0x7f6d94009840 comp rx=0 tx=0).ready entity=mon.0 client_cookie=e8e515e38c6f7f4a server_cookie=0 in_seq=0 out_seq=0
2024-02-19T18:50:25.036 INFO:teuthology.orchestra.run.smithi077.stdout:/usr/bin/ceph: stderr
2024-02-19T18:50:22.250+0000 7f6da0973700 1 -- 172.21.15.77:0/4229473799 <== mon.0 v2:172.21.15.77:3300/0 1 ==== mon_map magic: 0 v1 ==== 229+0+0 (secure 0 0 0) 0x7f6d940092e0 con 0x7f6d9c100ba0
2024-02-19T18:50:25.036 INFO:teuthology.orchestra.run.smithi077.stdout:/usr/bin/ceph: stderr
2024-02-19T18:50:22.250+0000 7f6da0973700 1 -- 172.21.15.77:0/4229473799 <== mon.0 v2:172.21.15.77:3300/0 2 ==== config(27 keys) v1 ==== 1044+0+0 (secure 0 0 0) 0x7f6d94012430 con 0x7f6d9c100ba0
2024-02-19T18:50:25.036 INFO:teuthology.orchestra.run.smithi077.stdout:/usr/bin/ceph: stderr
2024-02-19T18:50:22.250+0000 7f6da0973700 1 -- 172.21.15.77:0/4229473799 <== mon.0 v2:172.21.15.77:3300/0 3 ==== mon_map magic: 0 v1 ==== 229+0+0 (secure 0 0 0) 0x7f6d940075c0 con 0x7f6d9c100ba0
2024-02-19T18:50:25.036 INFO:teuthology.orchestra.run.smithi077.stdout:/usr/bin/ceph: stderr
2024-02-19T18:50:22.251+0000 7f6da3bd9700 1 -- 172.21.15.77:0/4229473799 >> [v2:172.21.15.77:3300/0,v1:172.21.15.77:6789/0] conn(0x7f6d9c100ba0 msgr2=0x7f6d9c100fb0 secure :-1 s=STATE_CONNECTION_ESTABLISHED l=1).mark_down
2024-02-19T18:50:25.036 INFO:teuthology.orchestra.run.smithi077.stdout:/usr/bin/ceph: stderr
2024-02-19T18:50:22.251+0000 7f6da3bd9700 1 --2- 172.21.15.77:0/4229473799 >> [v2:172.21.15.77:3300/0,v1:172.21.15.77:6789/0] conn(0x7f6d9c100ba0 0x7f6d9c100fb0 secure :-1 s=READY pgs=45 cs=0 l=1 rev1=1 crypto rx=0x7f6d94009e50 tx=0x7f6d94009840 comp rx=0 tx=0).stop
2024-02-19T18:50:25.036 INFO:teuthology.orchestra.run.smithi077.stdout:/usr/bin/ceph: stderr
2024-02-19T18:50:22.251+0000 7f6da3bd9700 1 -- 172.21.15.77:0/4229473799 shutdown_connections
2024-02-19T18:50:25.036 INFO:teuthology.orchestra.run.smithi077.stdout:/usr/bin/ceph: stderr
2024-02-19T18:50:22.251+0000 7f6da3bd9700 1 --2- 172.21.15.77:0/4229473799 >> [v2:172.21.15.77:3300/0,v1:172.21.15.77:6789/0] conn(0x7f6d9c100ba0 0x7f6d9c100fb0 unknown :-1 s=CLOSED pgs=45 cs=0 l=1 rev1=1 crypto rx=0 tx=0 comp rx=0 tx=0).stop
2024-02-19T18:50:25.037 INFO:teuthology.orchestra.run.smithi077.stdout:/usr/bin/ceph: stderr
2024-02-19T18:50:22.251+0000 7f6da3bd9700 1 -- 172.21.15.77:0/4229473799 >> 172.21.15.77:0/4229473799 conn(0x7f6d9c0fc580 msgr2=0x7f6d9c0fe990 unknown :-1 s=STATE_NONE l=0).mark_down
2024-02-19T18:50:25.037 INFO:teuthology.orchestra.run.smithi077.stdout:/usr/bin/ceph: stderr
2024-02-19T18:50:22.251+0000 7f6da3bd9700 1 -- 172.21.15.77:0/4229473799 shutdown_connections
2024-02-19T18:50:25.037 INFO:teuthology.orchestra.run.smithi077.stdout:/usr/bin/ceph: stderr
2024-02-19T18:50:22.251+0000 7f6da3bd9700 1 -- 172.21.15.77:0/4229473799 wait complete.
2024-02-19T18:50:25.037 INFO:teuthology.orchestra.run.smithi077.stdout:/usr/bin/ceph: stderr
2024-02-19T18:50:22.251+0000 7f6da3bd9700 1 Processor -- start
2024-02-19T18:50:25.037 INFO:teuthology.orchestra.run.smithi077.stdout:/usr/bin/ceph: stderr
2024-02-19T18:50:22.251+0000 7f6da3bd9700 1 -- start start
2024-02-19T18:50:25.037 INFO:teuthology.orchestra.run.smithi077.stdout:/usr/bin/ceph: stderr
2024-02-19T18:50:22.251+0000 7f6da3bd9700 1 --2- >> [v2:172.21.15.77:3300/0,v1:172.21.15.77:6789/0] conn(0x7f6d9c100ba0 0x7f6d9c111870 unknown :-1 s=NONE pgs=0 cs=0 l=1 rev1=0 crypto rx=0 tx=0 comp rx=0 tx=0).connect
2024-02-19T18:50:25.037 INFO:teuthology.orchestra.run.smithi077.stdout:/usr/bin/ceph: stderr
2024-02-19T18:50:22.251+0000 7f6da3bd9700 1 -- --> [v2:172.21.15.77:3300/0,v1:172.21.15.77:6789/0] -- mon_getmap magic: 0 v1 -- 0x7f6d9c111db0 con 0x7f6d9c100ba0
2024-02-19T18:50:25.037 INFO:teuthology.orchestra.run.smithi077.stdout:/usr/bin/ceph: stderr
2024-02-19T18:50:22.251+0000 7f6da1975700 1 --2- >> [v2:172.21.15.77:3300/0,v1:172.21.15.77:6789/0] conn(0x7f6d9c100ba0 0x7f6d9c111870 unknown :-1 s=BANNER_CONNECTING pgs=0 cs=0 l=1 rev1=0 crypto rx=0 tx=0 comp rx=0 tx=0)._handle_peer_banner_payload supported=3 required=0
2024-02-19T18:50:25.037 INFO:teuthology.orchestra.run.smithi077.stdout:/usr/bin/ceph: stderr
2024-02-19T18:50:22.252+0000 7f6da1975700 1 --2- >> [v2:172.21.15.77:3300/0,v1:172.21.15.77:6789/0] conn(0x7f6d9c100ba0 0x7f6d9c111870 unknown :-1 s=HELLO_CONNECTING pgs=0 cs=0 l=1 rev1=1 crypto rx=0 tx=0 comp rx=0 tx=0).handle_hello peer v2:172.21.15.77:3300/0 says I am v2:172.21.15.77:56480/0 (socket says 172.21.15.77:56480)
2024-02-19T18:50:25.037 INFO:teuthology.orchestra.run.smithi077.stdout:/usr/bin/ceph: stderr
2024-02-19T18:50:22.252+0000 7f6da1975700 1 -- 172.21.15.77:0/734504344 learned_addr learned my addr 172.21.15.77:0/734504344 (peer_addr_for_me v2:172.21.15.77:0/0)
2024-02-19T18:50:25.037 INFO:teuthology.orchestra.run.smithi077.stdout:/usr/bin/ceph: stderr
2024-02-19T18:50:22.252+0000 7f6da1975700 1 -- 172.21.15.77:0/734504344 --> [v2:172.21.15.77:3300/0,v1:172.21.15.77:6789/0] -- mon_subscribe({config=0+,monmap=0+}) v3 -- 0x7f6d94009ae0 con 0x7f6d9c100ba0
2024-02-19T18:50:25.037 INFO:teuthology.orchestra.run.smithi077.stdout:/usr/bin/ceph: stderr
2024-02-19T18:50:22.252+0000 7f6da1975700 1 --2- 172.21.15.77:0/734504344 >> [v2:172.21.15.77:3300/0,v1:172.21.15.77:6789/0] conn(0x7f6d9c100ba0 0x7f6d9c111870 secure :-1 s=READY pgs=46 cs=0 l=1 rev1=1 crypto rx=0x7f6d940127d0 tx=0x7f6d94009840 comp rx=0 tx=0).ready entity=mon.0 client_cookie=0 server_cookie=0 in_seq=0 out_seq=0
2024-02-19T18:50:25.037 INFO:teuthology.orchestra.run.smithi077.stdout:/usr/bin/ceph: stderr
2024-02-19T18:50:22.252+0000 7f6d927fc700 1 -- 172.21.15.77:0/734504344 <== mon.0 v2:172.21.15.77:3300/0 1 ==== mon_map magic: 0 v1 ==== 229+0+0 (secure 0 0 0) 0x7f6d9400bc30 con 0x7f6d9c100ba0
2024-02-19T18:50:25.037 INFO:teuthology.orchestra.run.smithi077.stdout:/usr/bin/ceph: stderr
2024-02-19T18:50:22.252+0000 7f6da3bd9700 1 -- 172.21.15.77:0/734504344 --> [v2:172.21.15.77:3300/0,v1:172.21.15.77:6789/0] -- mon_subscribe({mgrmap=0+}) v3 -- 0x7f6d9c111fb0 con 0x7f6d9c100ba0
2024-02-19T18:50:25.037 INFO:teuthology.orchestra.run.smithi077.stdout:/usr/bin/ceph: stderr
2024-02-19T18:50:22.252+0000 7f6d927fc700 1 -- 172.21.15.77:0/734504344 <== mon.0 v2:172.21.15.77:3300/0 2 ==== config(27 keys) v1 ==== 1044+0+0 (secure 0 0 0) 0x7f6d9400bd90 con 0x7f6d9c100ba0
2024-02-19T18:50:25.037 INFO:teuthology.orchestra.run.smithi077.stdout:/usr/bin/ceph: stderr
2024-02-19T18:50:22.252+0000 7f6d927fc700 1 -- 172.21.15.77:0/734504344 <== mon.0 v2:172.21.15.77:3300/0 3 ==== mon_map magic: 0 v1 ==== 229+0+0 (secure 0 0 0) 0x7f6d9401c9d0 con 0x7f6d9c100ba0
2024-02-19T18:50:25.037 INFO:teuthology.orchestra.run.smithi077.stdout:/usr/bin/ceph: stderr
2024-02-19T18:50:22.252+0000 7f6da3bd9700 1 -- 172.21.15.77:0/734504344 --> [v2:172.21.15.77:3300/0,v1:172.21.15.77:6789/0] -- mon_subscribe({osdmap=0}) v3 -- 0x7f6d9c112c50 con 0x7f6d9c100ba0
2024-02-19T18:50:25.038 INFO:teuthology.orchestra.run.smithi077.stdout:/usr/bin/ceph: stderr
2024-02-19T18:50:22.253+0000 7f6d927fc700 1 -- 172.21.15.77:0/734504344 <== mon.0 v2:172.21.15.77:3300/0 4 ==== mgrmap(e 8) v1 ==== 43368+0+0 (secure 0 0 0) 0x7f6d94019070 con 0x7f6d9c100ba0
2024-02-19T18:50:25.038 INFO:teuthology.orchestra.run.smithi077.stdout:/usr/bin/ceph: stderr
2024-02-19T18:50:22.253+0000 7f6da3bd9700 1 -- 172.21.15.77:0/734504344 --> [v2:172.21.15.77:3300/0,v1:172.21.15.77:6789/0] -- mon_command({"prefix": "get_command_descriptions"} v 0) v1 -- 0x7f6d9c05f5c0 con 0x7f6d9c100ba0
2024-02-19T18:50:25.038 INFO:teuthology.orchestra.run.smithi077.stdout:/usr/bin/ceph: stderr
2024-02-19T18:50:22.253+0000 7f6d927fc700 1 --2- 172.21.15.77:0/734504344 >> [v2:172.21.15.77:6800/1028404574,v1:172.21.15.77:6801/1028404574] conn(0x7f6d88036790 0x7f6d88038c40 unknown :-1 s=NONE pgs=0 cs=0 l=1 rev1=0 crypto rx=0 tx=0 comp rx=0 tx=0).connect
2024-02-19T18:50:25.038 INFO:teuthology.orchestra.run.smithi077.stdout:/usr/bin/ceph: stderr
2024-02-19T18:50:22.253+0000 7f6d927fc700 1 -- 172.21.15.77:0/734504344 <== mon.0 v2:172.21.15.77:3300/0 5 ==== osd_map(2..2 src has 1..2) v4 ==== 936+0+0 (secure 0 0 0) 0x7f6d94049e70 con 0x7f6d9c100ba0
2024-02-19T18:50:25.038 INFO:teuthology.orchestra.run.smithi077.stdout:/usr/bin/ceph: stderr
2024-02-19T18:50:22.253+0000 7f6da1174700 1 --2- 172.21.15.77:0/734504344 >> [v2:172.21.15.77:6800/1028404574,v1:172.21.15.77:6801/1028404574] conn(0x7f6d88036790 0x7f6d88038c40 unknown :-1 s=BANNER_CONNECTING pgs=0 cs=0 l=1 rev1=0 crypto rx=0 tx=0 comp rx=0 tx=0)._handle_peer_banner_payload supported=3 required=0
2024-02-19T18:50:25.038 INFO:teuthology.orchestra.run.smithi077.stdout:/usr/bin/ceph: stderr
2024-02-19T18:50:22.254+0000 7f6da1174700 1 --2- 172.21.15.77:0/734504344 >> [v2:172.21.15.77:6800/1028404574,v1:172.21.15.77:6801/1028404574] conn(0x7f6d88036790 0x7f6d88038c40 secure :-1 s=READY pgs=11 cs=0 l=1 rev1=1 crypto rx=0x7f6d8c009990 tx=0x7f6d8c006e40 comp rx=0 tx=0).ready entity=mgr.14120 client_cookie=0 server_cookie=0 in_seq=0 out_seq=0
2024-02-19T18:50:25.038 INFO:teuthology.orchestra.run.smithi077.stdout:/usr/bin/ceph: stderr
2024-02-19T18:50:22.258+0000 7f6d927fc700 1 -- 172.21.15.77:0/734504344 <== mon.0 v2:172.21.15.77:3300/0 6 ==== mon_command_ack([{"prefix": "get_command_descriptions"}]=0 v0) v1 ==== 72+0+175031 (secure 0 0 0) 0x7f6d94007880 con 0x7f6d9c100ba0
2024-02-19T18:50:25.038 INFO:teuthology.orchestra.run.smithi077.stdout:/usr/bin/ceph: stderr
2024-02-19T18:50:22.443+0000 7f6da3bd9700 1 -- 172.21.15.77:0/734504344 --> [v2:172.21.15.77:6800/1028404574,v1:172.21.15.77:6801/1028404574] -- mgr_command(tid 0: {"prefix": "orch host add", "hostname": "smithi077", "addr": "172.21.15.77", "target": ["mon-mgr", ""]}) v1 -- 0x7f6d9c1069c0 con 0x7f6d88036790
2024-02-19T18:50:25.038 INFO:teuthology.orchestra.run.smithi077.stdout:/usr/bin/ceph: stderr
2024-02-19T18:50:24.427+0000 7f6d927fc700 1 -- 172.21.15.77:0/734504344 <== mgr.14120 v2:172.21.15.77:6800/1028404574 1 ==== mgr_command_reply(tid 0: 0 ) v1 ==== 8+0+48 (secure 0 0 0) 0x7f6d8c009e60 con 0x7f6d88036790
2024-02-19T18:50:25.038 INFO:teuthology.orchestra.run.smithi077.stdout:/usr/bin/ceph: stderr
2024-02-19T18:50:24.429+0000 7f6da3bd9700 1 -- 172.21.15.77:0/734504344 >> [v2:172.21.15.77:6800/1028404574,v1:172.21.15.77:6801/1028404574] conn(0x7f6d88036790 msgr2=0x7f6d88038c40 secure :-1 s=STATE_CONNECTION_ESTABLISHED l=1).mark_down
2024-02-19T18:50:25.038 INFO:teuthology.orchestra.run.smithi077.stdout:/usr/bin/ceph: stderr
2024-02-19T18:50:24.429+0000 7f6da3bd9700 1 --2- 172.21.15.77:0/734504344 >> [v2:172.21.15.77:6800/1028404574,v1:172.21.15.77:6801/1028404574] conn(0x7f6d88036790 0x7f6d88038c40 secure :-1 s=READY pgs=11 cs=0 l=1 rev1=1 crypto rx=0x7f6d8c009990 tx=0x7f6d8c006e40 comp rx=0 tx=0).stop
2024-02-19T18:50:25.038 INFO:teuthology.orchestra.run.smithi077.stdout:/usr/bin/ceph: stderr
2024-02-19T18:50:24.429+0000 7f6da3bd9700 1 -- 172.21.15.77:0/734504344 >> [v2:172.21.15.77:3300/0,v1:172.21.15.77:6789/0] conn(0x7f6d9c100ba0 msgr2=0x7f6d9c111870 secure :-1 s=STATE_CONNECTION_ESTABLISHED l=1).mark_down
2024-02-19T18:50:25.038 INFO:teuthology.orchestra.run.smithi077.stdout:/usr/bin/ceph: stderr
2024-02-19T18:50:24.429+0000 7f6da3bd9700 1 --2- 172.21.15.77:0/734504344 >> [v2:172.21.15.77:3300/0,v1:172.21.15.77:6789/0] conn(0x7f6d9c100ba0 0x7f6d9c111870 secure :-1 s=READY pgs=46 cs=0 l=1 rev1=1 crypto rx=0x7f6d940127d0 tx=0x7f6d94009840 comp rx=0 tx=0).stop
2024-02-19T18:50:25.038 INFO:teuthology.orchestra.run.smithi077.stdout:/usr/bin/ceph: stderr
2024-02-19T18:50:24.429+0000 7f6da3bd9700 1 -- 172.21.15.77:0/734504344 shutdown_connections
2024-02-19T18:50:25.038 INFO:teuthology.orchestra.run.smithi077.stdout:/usr/bin/ceph: stderr
2024-02-19T18:50:24.429+0000 7f6da3bd9700 1 --2- 172.21.15.77:0/734504344 >> [v2:172.21.15.77:6800/1028404574,v1:172.21.15.77:6801/1028404574] conn(0x7f6d88036790 0x7f6d88038c40 unknown :-1 s=CLOSED pgs=11 cs=0 l=1 rev1=1 crypto rx=0 tx=0 comp rx=0 tx=0).stop
2024-02-19T18:50:25.038 INFO:teuthology.orchestra.run.smithi077.stdout:/usr/bin/ceph: stderr
2024-02-19T18:50:24.429+0000 7f6da3bd9700 1 --2- 172.21.15.77:0/734504344 >> [v2:172.21.15.77:3300/0,v1:172.21.15.77:6789/0] conn(0x7f6d9c100ba0 0x7f6d9c111870 unknown :-1 s=CLOSED pgs=46 cs=0 l=1 rev1=1 crypto rx=0 tx=0 comp rx=0 tx=0).stop
2024-02-19T18:50:25.039 INFO:teuthology.orchestra.run.smithi077.stdout:/usr/bin/ceph: stderr
2024-02-19T18:50:24.429+0000 7f6da3bd9700 1 -- 172.21.15.77:0/734504344 >> 172.21.15.77:0/734504344 conn(0x7f6d9c0fc580 msgr2=0x7f6d9c0fe840 unknown :-1 s=STATE_NONE l=0).mark_down
2024-02-19T18:50:25.039 INFO:teuthology.orchestra.run.smithi077.stdout:/usr/bin/ceph: stderr
2024-02-19T18:50:24.429+0000 7f6da3bd9700 1 -- 172.21.15.77:0/734504344 shutdown_connections
2024-02-19T18:50:25.039 INFO:teuthology.orchestra.run.smithi077.stdout:/usr/bin/ceph: stderr
2024-02-19T18:50:24.429+0000 7f6da3bd9700 1 -- 172.21.15.77:0/734504344 wait complete.
2024-02-19T18:50:25.039 INFO:teuthology.orchestra.run.smithi077.stdout:Deploying mon service with default placement...
2024-02-19T18:50:26.056 INFO:journalctl@ceph.mon.smithi077.smithi077.stdout:Feb 19 18:50:25 smithi077 ceph-mon[29247]: Added host smithi077
2024-02-19T18:50:26.056 INFO:journalctl@ceph.mon.smithi077.smithi077.stdout:Feb 19 18:50:25 smithi077 ceph-mon[29247]: from='mgr.14120 172.21.15.77:0/3658709087' entity='mgr.smithi077.yiiqpd'
2024-02-19T18:50:26.470 INFO:teuthology.orchestra.run.smithi077.stdout:/usr/bin/ceph: stdout Scheduled mon update...
2024-02-19T18:50:26.470 INFO:teuthology.orchestra.run.smithi077.stdout:/usr/bin/ceph: stderr
2024-02-19T18:50:25.470+0000 7fb6c2f8a700 1 Processor -- start
2024-02-19T18:50:26.470 INFO:teuthology.orchestra.run.smithi077.stdout:/usr/bin/ceph: stderr
2024-02-19T18:50:25.470+0000 7fb6c2f8a700 1 -- start start
2024-02-19T18:50:26.470 INFO:teuthology.orchestra.run.smithi077.stdout:/usr/bin/ceph: stderr
2024-02-19T18:50:25.470+0000 7fb6c2f8a700 1 --2- >> [v2:172.21.15.77:3300/0,v1:172.21.15.77:6789/0] conn(0x7fb6bc078ce0 0x7fb6bc0771f0 unknown :-1 s=NONE pgs=0 cs=0 l=0 rev1=0 crypto rx=0 tx=0 comp rx=0 tx=0).connect
2024-02-19T18:50:26.470 INFO:teuthology.orchestra.run.smithi077.stdout:/usr/bin/ceph: stderr
2024-02-19T18:50:25.470+0000 7fb6c2f8a700 1 -- --> [v2:172.21.15.77:3300/0,v1:172.21.15.77:6789/0] -- mon_getmap magic: 0 v1 -- 0x7fb6bc0790f0 con 0x7fb6bc078ce0
2024-02-19T18:50:26.470 INFO:teuthology.orchestra.run.smithi077.stdout:/usr/bin/ceph: stderr
2024-02-19T18:50:25.470+0000 7fb6c0d26700 1 --2- >> [v2:172.21.15.77:3300/0,v1:172.21.15.77:6789/0] conn(0x7fb6bc078ce0 0x7fb6bc0771f0 unknown :-1 s=BANNER_CONNECTING pgs=0 cs=0 l=0 rev1=0 crypto rx=0 tx=0 comp rx=0 tx=0)._handle_peer_banner_payload supported=3 required=0
2024-02-19T18:50:26.470 INFO:teuthology.orchestra.run.smithi077.stdout:/usr/bin/ceph: stderr
2024-02-19T18:50:25.470+0000 7fb6c0d26700 1 --2- >> [v2:172.21.15.77:3300/0,v1:172.21.15.77:6789/0] conn(0x7fb6bc078ce0 0x7fb6bc0771f0 unknown :-1 s=HELLO_CONNECTING pgs=0 cs=0 l=0 rev1=1 crypto rx=0 tx=0 comp rx=0 tx=0).handle_hello peer v2:172.21.15.77:3300/0 says I am v2:172.21.15.77:56486/0 (socket says 172.21.15.77:56486)
2024-02-19T18:50:26.471 INFO:teuthology.orchestra.run.smithi077.stdout:/usr/bin/ceph: stderr
2024-02-19T18:50:25.470+0000 7fb6c0d26700 1 -- 172.21.15.77:0/2341093183 learned_addr learned my addr 172.21.15.77:0/2341093183 (peer_addr_for_me v2:172.21.15.77:0/0)
2024-02-19T18:50:26.471 INFO:teuthology.orchestra.run.smithi077.stdout:/usr/bin/ceph: stderr
2024-02-19T18:50:25.471+0000 7fb6c0d26700 1 -- 172.21.15.77:0/2341093183 --> [v2:172.21.15.77:3300/0,v1:172.21.15.77:6789/0] -- mon_subscribe({config=0+,monmap=0+}) v3 -- 0x7fb6bc077730 con 0x7fb6bc078ce0
2024-02-19T18:50:26.471 INFO:teuthology.orchestra.run.smithi077.stdout:/usr/bin/ceph: stderr
2024-02-19T18:50:25.471+0000 7fb6c0d26700 1 --2- 172.21.15.77:0/2341093183 >> [v2:172.21.15.77:3300/0,v1:172.21.15.77:6789/0] conn(0x7fb6bc078ce0 0x7fb6bc0771f0 secure :-1 s=READY pgs=47 cs=0 l=1 rev1=1 crypto rx=0x7fb6b00098e0 tx=0x7fb6b0009250 comp rx=0 tx=0).ready entity=mon.0 client_cookie=ae497407779e20a2 server_cookie=0 in_seq=0 out_seq=0
2024-02-19T18:50:26.471 INFO:teuthology.orchestra.run.smithi077.stdout:/usr/bin/ceph: stderr
2024-02-19T18:50:25.471+0000 7fb6bb7fe700 1 -- 172.21.15.77:0/2341093183 <== mon.0 v2:172.21.15.77:3300/0 1 ==== mon_map magic: 0 v1 ==== 229+0+0 (secure 0 0 0) 0x7fb6b000b860 con 0x7fb6bc078ce0
2024-02-19T18:50:26.471 INFO:teuthology.orchestra.run.smithi077.stdout:/usr/bin/ceph: stderr
2024-02-19T18:50:25.471+0000 7fb6bb7fe700 1 -- 172.21.15.77:0/2341093183 <== mon.0 v2:172.21.15.77:3300/0 2 ==== config(27 keys) v1 ==== 1044+0+0 (secure 0 0 0) 0x7fb6b000be50 con 0x7fb6bc078ce0
2024-02-19T18:50:26.471 INFO:teuthology.orchestra.run.smithi077.stdout:/usr/bin/ceph: stderr
2024-02-19T18:50:25.471+0000 7fb6bb7fe700 1 -- 172.21.15.77:0/2341093183 <== mon.0 v2:172.21.15.77:3300/0 3 ==== mon_map magic: 0 v1 ==== 229+0+0 (secure 0 0 0) 0x7fb6b0010380 con 0x7fb6bc078ce0
2024-02-19T18:50:26.471 INFO:teuthology.orchestra.run.smithi077.stdout:/usr/bin/ceph: stderr
2024-02-19T18:50:25.471+0000 7fb6c2f8a700 1 -- 172.21.15.77:0/2341093183 >> [v2:172.21.15.77:3300/0,v1:172.21.15.77:6789/0] conn(0x7fb6bc078ce0 msgr2=0x7fb6bc0771f0 secure :-1 s=STATE_CONNECTION_ESTABLISHED l=1).mark_down
2024-02-19T18:50:26.471 INFO:teuthology.orchestra.run.smithi077.stdout:/usr/bin/ceph: stderr
2024-02-19T18:50:25.471+0000 7fb6c2f8a700 1 --2- 172.21.15.77:0/2341093183 >> [v2:172.21.15.77:3300/0,v1:172.21.15.77:6789/0] conn(0x7fb6bc078ce0 0x7fb6bc0771f0 secure :-1 s=READY pgs=47 cs=0 l=1 rev1=1 crypto rx=0x7fb6b00098e0 tx=0x7fb6b0009250 comp rx=0 tx=0).stop
2024-02-19T18:50:26.471 INFO:teuthology.orchestra.run.smithi077.stdout:/usr/bin/ceph: stderr
2024-02-19T18:50:25.471+0000 7fb6c2f8a700 1 -- 172.21.15.77:0/2341093183 shutdown_connections
2024-02-19T18:50:26.471 INFO:teuthology.orchestra.run.smithi077.stdout:/usr/bin/ceph: stderr
2024-02-19T18:50:25.471+0000 7fb6c2f8a700 1 --2- 172.21.15.77:0/2341093183 >> [v2:172.21.15.77:3300/0,v1:172.21.15.77:6789/0] conn(0x7fb6bc078ce0 0x7fb6bc0771f0 unknown :-1 s=CLOSED pgs=47 cs=0 l=1 rev1=1 crypto rx=0 tx=0 comp rx=0 tx=0).stop
2024-02-19T18:50:26.471 INFO:teuthology.orchestra.run.smithi077.stdout:/usr/bin/ceph: stderr
2024-02-19T18:50:25.471+0000 7fb6c2f8a700 1 -- 172.21.15.77:0/2341093183 >> 172.21.15.77:0/2341093183 conn(0x7fb6bc0fded0 msgr2=0x7fb6bc100300 unknown :-1 s=STATE_NONE l=0).mark_down
2024-02-19T18:50:26.471 INFO:teuthology.orchestra.run.smithi077.stdout:/usr/bin/ceph: stderr
2024-02-19T18:50:25.471+0000 7fb6c2f8a700 1 -- 172.21.15.77:0/2341093183 shutdown_connections
2024-02-19T18:50:26.471 INFO:teuthology.orchestra.run.smithi077.stdout:/usr/bin/ceph: stderr
2024-02-19T18:50:25.472+0000 7fb6c2f8a700 1 -- 172.21.15.77:0/2341093183 wait complete.
2024-02-19T18:50:26.472 INFO:teuthology.orchestra.run.smithi077.stdout:/usr/bin/ceph: stderr
2024-02-19T18:50:25.472+0000 7fb6c2f8a700 1 Processor -- start
2024-02-19T18:50:26.472 INFO:teuthology.orchestra.run.smithi077.stdout:/usr/bin/ceph: stderr
2024-02-19T18:50:25.472+0000 7fb6c2f8a700 1 -- start start
2024-02-19T18:50:26.472 INFO:teuthology.orchestra.run.smithi077.stdout:/usr/bin/ceph: stderr
2024-02-19T18:50:25.472+0000 7fb6c2f8a700 1 --2- >> [v2:172.21.15.77:3300/0,v1:172.21.15.77:6789/0] conn(0x7fb6bc078ce0 0x7fb6bc1137e0 unknown :-1 s=NONE pgs=0 cs=0 l=1 rev1=0 crypto rx=0 tx=0 comp rx=0 tx=0).connect
2024-02-19T18:50:26.472 INFO:teuthology.orchestra.run.smithi077.stdout:/usr/bin/ceph: stderr
2024-02-19T18:50:25.472+0000 7fb6c2f8a700 1 -- --> [v2:172.21.15.77:3300/0,v1:172.21.15.77:6789/0] -- mon_getmap magic: 0 v1 -- 0x7fb6bc113d20 con 0x7fb6bc078ce0
2024-02-19T18:50:26.472 INFO:teuthology.orchestra.run.smithi077.stdout:/usr/bin/ceph: stderr
2024-02-19T18:50:25.472+0000 7fb6c0d26700 1 --2- >> [v2:172.21.15.77:3300/0,v1:172.21.15.77:6789/0] conn(0x7fb6bc078ce0 0x7fb6bc1137e0 unknown :-1 s=BANNER_CONNECTING pgs=0 cs=0 l=1 rev1=0 crypto rx=0 tx=0 comp rx=0 tx=0)._handle_peer_banner_payload supported=3 required=0
2024-02-19T18:50:26.472 INFO:teuthology.orchestra.run.smithi077.stdout:/usr/bin/ceph: stderr
2024-02-19T18:50:25.472+0000 7fb6c0d26700 1 --2- >> [v2:172.21.15.77:3300/0,v1:172.21.15.77:6789/0] conn(0x7fb6bc078ce0 0x7fb6bc1137e0 unknown :-1 s=HELLO_CONNECTING pgs=0 cs=0 l=1 rev1=1 crypto rx=0 tx=0 comp rx=0 tx=0).handle_hello peer v2:172.21.15.77:3300/0 says I am v2:172.21.15.77:56488/0 (socket says 172.21.15.77:56488)
2024-02-19T18:50:26.472 INFO:teuthology.orchestra.run.smithi077.stdout:/usr/bin/ceph: stderr
2024-02-19T18:50:25.472+0000 7fb6c0d26700 1 -- 172.21.15.77:0/683115067 learned_addr learned my addr 172.21.15.77:0/683115067 (peer_addr_for_me v2:172.21.15.77:0/0)
2024-02-19T18:50:26.472 INFO:teuthology.orchestra.run.smithi077.stdout:/usr/bin/ceph: stderr
2024-02-19T18:50:25.473+0000 7fb6c0d26700 1 -- 172.21.15.77:0/683115067 --> [v2:172.21.15.77:3300/0,v1:172.21.15.77:6789/0] -- mon_subscribe({config=0+,monmap=0+}) v3 -- 0x7fb6b00094f0 con 0x7fb6bc078ce0
2024-02-19T18:50:26.472 INFO:teuthology.orchestra.run.smithi077.stdout:/usr/bin/ceph: stderr
2024-02-19T18:50:25.473+0000 7fb6c0d26700 1 --2- 172.21.15.77:0/683115067 >> [v2:172.21.15.77:3300/0,v1:172.21.15.77:6789/0] conn(0x7fb6bc078ce0 0x7fb6bc1137e0 secure :-1 s=READY pgs=48 cs=0 l=1 rev1=1 crypto rx=0x7fb6b000b440 tx=0x7fb6b0009250 comp rx=0 tx=0).ready entity=mon.0 client_cookie=0 server_cookie=0 in_seq=0 out_seq=0
2024-02-19T18:50:26.472 INFO:teuthology.orchestra.run.smithi077.stdout:/usr/bin/ceph: stderr
2024-02-19T18:50:25.473+0000 7fb6b97fa700 1 -- 172.21.15.77:0/683115067 <== mon.0 v2:172.21.15.77:3300/0 1 ==== mon_map magic: 0 v1 ==== 229+0+0 (secure 0 0 0) 0x7fb6b0010760 con 0x7fb6bc078ce0
2024-02-19T18:50:26.472 INFO:teuthology.orchestra.run.smithi077.stdout:/usr/bin/ceph: stderr
2024-02-19T18:50:25.473+0000 7fb6c2f8a700 1 -- 172.21.15.77:0/683115067 --> [v2:172.21.15.77:3300/0,v1:172.21.15.77:6789/0] -- mon_subscribe({mgrmap=0+}) v3 -- 0x7fb6bc113f20 con 0x7fb6bc078ce0
2024-02-19T18:50:26.472 INFO:teuthology.orchestra.run.smithi077.stdout:/usr/bin/ceph: stderr
2024-02-19T18:50:25.473+0000 7fb6b97fa700 1 -- 172.21.15.77:0/683115067 <== mon.0 v2:172.21.15.77:3300/0 2 ==== config(27 keys) v1 ==== 1044+0+0 (secure 0 0 0) 0x7fb6b0010d50 con 0x7fb6bc078ce0
2024-02-19T18:50:26.472 INFO:teuthology.orchestra.run.smithi077.stdout:/usr/bin/ceph: stderr
2024-02-19T18:50:25.473+0000 7fb6b97fa700 1 -- 172.21.15.77:0/683115067 <== mon.0 v2:172.21.15.77:3300/0 3 ==== mon_map magic: 0 v1 ==== 229+0+0 (secure 0 0 0) 0x7fb6b001adc0 con 0x7fb6bc078ce0
2024-02-19T18:50:26.472 INFO:teuthology.orchestra.run.smithi077.stdout:/usr/bin/ceph: stderr
2024-02-19T18:50:25.473+0000 7fb6c2f8a700 1 -- 172.21.15.77:0/683115067 --> [v2:172.21.15.77:3300/0,v1:172.21.15.77:6789/0] -- mon_subscribe({osdmap=0}) v3 -- 0x7fb6bc114bc0 con 0x7fb6bc078ce0
2024-02-19T18:50:26.473 INFO:teuthology.orchestra.run.smithi077.stdout:/usr/bin/ceph: stderr
2024-02-19T18:50:25.474+0000 7fb6b97fa700 1 -- 172.21.15.77:0/683115067 <== mon.0 v2:172.21.15.77:3300/0 4 ==== mgrmap(e 8) v1 ==== 43368+0+0 (secure 0 0 0) 0x7fb6b0019410 con 0x7fb6bc078ce0
2024-02-19T18:50:26.473 INFO:teuthology.orchestra.run.smithi077.stdout:/usr/bin/ceph: stderr
2024-02-19T18:50:25.474+0000 7fb6b97fa700 1 --2- 172.21.15.77:0/683115067 >> [v2:172.21.15.77:6800/1028404574,v1:172.21.15.77:6801/1028404574] conn(0x7fb6ac036770 0x7fb6ac038c20 unknown :-1 s=NONE pgs=0 cs=0 l=1 rev1=0 crypto rx=0 tx=0 comp rx=0 tx=0).connect
2024-02-19T18:50:26.473 INFO:teuthology.orchestra.run.smithi077.stdout:/usr/bin/ceph: stderr
2024-02-19T18:50:25.474+0000 7fb6c2f8a700 1 -- 172.21.15.77:0/683115067 --> [v2:172.21.15.77:3300/0,v1:172.21.15.77:6789/0] -- mon_command({"prefix": "get_command_descriptions"} v 0) v1 -- 0x7fb6bc05f5c0 con 0x7fb6bc078ce0
2024-02-19T18:50:26.473 INFO:teuthology.orchestra.run.smithi077.stdout:/usr/bin/ceph: stderr
2024-02-19T18:50:25.474+0000 7fb6b97fa700 1 -- 172.21.15.77:0/683115067 <== mon.0 v2:172.21.15.77:3300/0 5 ==== osd_map(2..2 src has 1..2) v4 ==== 936+0+0 (secure 0 0 0) 0x7fb6b004a0f0 con 0x7fb6bc078ce0
2024-02-19T18:50:26.473 INFO:teuthology.orchestra.run.smithi077.stdout:/usr/bin/ceph: stderr
2024-02-19T18:50:25.474+0000 7fb6bbfff700 1 --2- 172.21.15.77:0/683115067 >> [v2:172.21.15.77:6800/1028404574,v1:172.21.15.77:6801/1028404574] conn(0x7fb6ac036770 0x7fb6ac038c20 unknown :-1 s=BANNER_CONNECTING pgs=0 cs=0 l=1 rev1=0 crypto rx=0 tx=0 comp rx=0 tx=0)._handle_peer_banner_payload supported=3 required=0
2024-02-19T18:50:26.473 INFO:teuthology.orchestra.run.smithi077.stdout:/usr/bin/ceph: stderr
2024-02-19T18:50:25.474+0000 7fb6bbfff700 1 --2- 172.21.15.77:0/683115067 >> [v2:172.21.15.77:6800/1028404574,v1:172.21.15.77:6801/1028404574] conn(0x7fb6ac036770 0x7fb6ac038c20 secure :-1 s=READY pgs=12 cs=0 l=1 rev1=1 crypto rx=0x7fb6a8009990 tx=0x7fb6a8006e40 comp rx=0 tx=0).ready entity=mgr.14120 client_cookie=0 server_cookie=0 in_seq=0 out_seq=0
2024-02-19T18:50:26.473 INFO:teuthology.orchestra.run.smithi077.stdout:/usr/bin/ceph: stderr
2024-02-19T18:50:25.479+0000 7fb6b97fa700 1 -- 172.21.15.77:0/683115067 <== mon.0 v2:172.21.15.77:3300/0 6 ==== mon_command_ack([{"prefix": "get_command_descriptions"}]=0 v0) v1 ==== 72+0+175031 (secure 0 0 0) 0x7fb6b0022ab0 con 0x7fb6bc078ce0
2024-02-19T18:50:26.473 INFO:teuthology.orchestra.run.smithi077.stdout:/usr/bin/ceph: stderr
2024-02-19T18:50:25.681+0000 7fb6c2f8a700 1 -- 172.21.15.77:0/683115067 --> [v2:172.21.15.77:6800/1028404574,v1:172.21.15.77:6801/1028404574] -- mgr_command(tid 0: {"prefix": "orch apply", "service_type": "mon", "target": ["mon-mgr", ""]}) v1 -- 0x7fb6bc1001f0 con 0x7fb6ac036770
2024-02-19T18:50:26.473 INFO:teuthology.orchestra.run.smithi077.stdout:/usr/bin/ceph: stderr
2024-02-19T18:50:25.686+0000 7fb6b97fa700 1 -- 172.21.15.77:0/683115067 <== mgr.14120 v2:172.21.15.77:6800/1028404574 1 ==== mgr_command_reply(tid 0: 0 ) v1 ==== 8+0+24 (secure 0 0 0) 0x7fb6bc1001f0 con 0x7fb6ac036770
2024-02-19T18:50:26.473 INFO:teuthology.orchestra.run.smithi077.stdout:/usr/bin/ceph: stderr
2024-02-19T18:50:25.687+0000 7fb6c2f8a700 1 -- 172.21.15.77:0/683115067 >> [v2:172.21.15.77:6800/1028404574,v1:172.21.15.77:6801/1028404574] conn(0x7fb6ac036770 msgr2=0x7fb6ac038c20 secure :-1 s=STATE_CONNECTION_ESTABLISHED l=1).mark_down
2024-02-19T18:50:26.473 INFO:teuthology.orchestra.run.smithi077.stdout:/usr/bin/ceph: stderr
