2024-02-19T18:52:00.727 INFO:teuthology.orchestra.run.smithi114.stdout:/usr/bin/ceph: stderr
2024-02-19T18:51:59.864+0000 7f7caa9bc700 1 -- start start
2024-02-19T18:52:00.727 INFO:teuthology.orchestra.run.smithi114.stdout:/usr/bin/ceph: stderr
2024-02-19T18:51:59.864+0000 7f7caa9bc700 1 --2- >> [v2:172.21.15.114:3300/0,v1:172.21.15.114:6789/0] conn(0x7f7ca4106f20 0x7f7ca419c2f0 unknown :-1 s=NONE pgs=0 cs=0 l=1 rev1=0 crypto rx=0 tx=0 comp rx=0 tx=0).connect
2024-02-19T18:52:00.727 INFO:teuthology.orchestra.run.smithi114.stdout:/usr/bin/ceph: stderr
2024-02-19T18:51:59.864+0000 7f7caa9bc700 1 -- --> [v2:172.21.15.114:3300/0,v1:172.21.15.114:6789/0] -- mon_getmap magic: 0 v1 -- 0x7f7ca419c830 con 0x7f7ca4106f20
2024-02-19T18:52:00.727 INFO:teuthology.orchestra.run.smithi114.stdout:/usr/bin/ceph: stderr
2024-02-19T18:51:59.864+0000 7f7ca3fff700 1 --2- >> [v2:172.21.15.114:3300/0,v1:172.21.15.114:6789/0] conn(0x7f7ca4106f20 0x7f7ca419c2f0 unknown :-1 s=BANNER_CONNECTING pgs=0 cs=0 l=1 rev1=0 crypto rx=0 tx=0 comp rx=0 tx=0)._handle_peer_banner_payload supported=3 required=0
2024-02-19T18:52:00.727 INFO:teuthology.orchestra.run.smithi114.stdout:/usr/bin/ceph: stderr
2024-02-19T18:51:59.865+0000 7f7ca3fff700 1 --2- >> [v2:172.21.15.114:3300/0,v1:172.21.15.114:6789/0] conn(0x7f7ca4106f20 0x7f7ca419c2f0 unknown :-1 s=HELLO_CONNECTING pgs=0 cs=0 l=1 rev1=1 crypto rx=0 tx=0 comp rx=0 tx=0).handle_hello peer v2:172.21.15.114:3300/0 says I am v2:172.21.15.114:44814/0 (socket says 172.21.15.114:44814)
2024-02-19T18:52:00.728 INFO:teuthology.orchestra.run.smithi114.stdout:/usr/bin/ceph: stderr
2024-02-19T18:51:59.865+0000 7f7ca3fff700 1 -- 172.21.15.114:0/680480656 learned_addr learned my addr 172.21.15.114:0/680480656 (peer_addr_for_me v2:172.21.15.114:0/0)
2024-02-19T18:52:00.728 INFO:teuthology.orchestra.run.smithi114.stdout:/usr/bin/ceph: stderr
2024-02-19T18:51:59.865+0000 7f7ca3fff700 1 -- 172.21.15.114:0/680480656 --> [v2:172.21.15.114:3300/0,v1:172.21.15.114:6789/0] -- mon_subscribe({config=0+,monmap=0+}) v3 -- 0x7f7c94009550 con 0x7f7ca4106f20
2024-02-19T18:52:00.728 INFO:teuthology.orchestra.run.smithi114.stdout:/usr/bin/ceph: stderr
2024-02-19T18:51:59.865+0000 7f7ca3fff700 1 --2- 172.21.15.114:0/680480656 >> [v2:172.21.15.114:3300/0,v1:172.21.15.114:6789/0] conn(0x7f7ca4106f20 0x7f7ca419c2f0 secure :-1 s=READY pgs=25 cs=0 l=1 rev1=1 crypto rx=0x7f7c94003de0 tx=0x7f7c94011ab0 comp rx=0 tx=0).ready entity=mon.0 client_cookie=0 server_cookie=0 in_seq=0 out_seq=0
2024-02-19T18:52:00.728 INFO:teuthology.orchestra.run.smithi114.stdout:/usr/bin/ceph: stderr
2024-02-19T18:51:59.865+0000 7f7ca17fa700 1 -- 172.21.15.114:0/680480656 <== mon.0 v2:172.21.15.114:3300/0 1 ==== mon_map magic: 0 v1 ==== 229+0+0 (secure 0 0 0) 0x7f7c94003930 con 0x7f7ca4106f20
2024-02-19T18:52:00.728 INFO:teuthology.orchestra.run.smithi114.stdout:/usr/bin/ceph: stderr
2024-02-19T18:51:59.865+0000 7f7ca17fa700 1 -- 172.21.15.114:0/680480656 <== mon.0 v2:172.21.15.114:3300/0 2 ==== config(27 keys) v1 ==== 1037+0+0 (secure 0 0 0) 0x7f7c94003a90 con 0x7f7ca4106f20
2024-02-19T18:52:00.729 INFO:teuthology.orchestra.run.smithi114.stdout:/usr/bin/ceph: stderr
2024-02-19T18:51:59.865+0000 7f7caa9bc700 1 -- 172.21.15.114:0/680480656 --> [v2:172.21.15.114:3300/0,v1:172.21.15.114:6789/0] -- mon_subscribe({mgrmap=0+}) v3 -- 0x7f7ca419ca30 con 0x7f7ca4106f20
2024-02-19T18:52:00.729 INFO:teuthology.orchestra.run.smithi114.stdout:/usr/bin/ceph: stderr
2024-02-19T18:51:59.865+0000 7f7ca17fa700 1 -- 172.21.15.114:0/680480656 <== mon.0 v2:172.21.15.114:3300/0 3 ==== mon_map magic: 0 v1 ==== 229+0+0 (secure 0 0 0) 0x7f7c94019730 con 0x7f7ca4106f20
2024-02-19T18:52:00.729 INFO:teuthology.orchestra.run.smithi114.stdout:/usr/bin/ceph: stderr
2024-02-19T18:51:59.865+0000 7f7caa9bc700 1 -- 172.21.15.114:0/680480656 --> [v2:172.21.15.114:3300/0,v1:172.21.15.114:6789/0] -- mon_subscribe({osdmap=0}) v3 -- 0x7f7ca419ced0 con 0x7f7ca4106f20
2024-02-19T18:52:00.729 INFO:teuthology.orchestra.run.smithi114.stdout:/usr/bin/ceph: stderr
2024-02-19T18:51:59.866+0000 7f7ca17fa700 1 -- 172.21.15.114:0/680480656 <== mon.0 v2:172.21.15.114:3300/0 4 ==== mgrmap(e 5) v1 ==== 45283+0+0 (secure 0 0 0) 0x7f7c94019980 con 0x7f7ca4106f20
2024-02-19T18:52:00.729 INFO:teuthology.orchestra.run.smithi114.stdout:/usr/bin/ceph: stderr
2024-02-19T18:51:59.866+0000 7f7caa9bc700 1 -- 172.21.15.114:0/680480656 --> [v2:172.21.15.114:3300/0,v1:172.21.15.114:6789/0] -- mon_command({"prefix": "get_command_descriptions"} v 0) v1 -- 0x7f7ca410a570 con 0x7f7ca4106f20
2024-02-19T18:52:00.730 INFO:teuthology.orchestra.run.smithi114.stdout:/usr/bin/ceph: stderr
2024-02-19T18:51:59.866+0000 7f7ca17fa700 1 --2- 172.21.15.114:0/680480656 >> [v2:172.21.15.114:6800/744561179,v1:172.21.15.114:6801/744561179] conn(0x7f7c8c038370 0x7f7c8c03a830 unknown :-1 s=NONE pgs=0 cs=0 l=1 rev1=0 crypto rx=0 tx=0 comp rx=0 tx=0).connect
2024-02-19T18:52:00.730 INFO:teuthology.orchestra.run.smithi114.stdout:/usr/bin/ceph: stderr
2024-02-19T18:51:59.866+0000 7f7ca17fa700 1 -- 172.21.15.114:0/680480656 <== mon.0 v2:172.21.15.114:3300/0 5 ==== osd_map(1..1 src has 1..1) v4 ==== 725+0+0 (secure 0 0 0) 0x7f7c9404c070 con 0x7f7ca4106f20
2024-02-19T18:52:00.730 INFO:teuthology.orchestra.run.smithi114.stdout:/usr/bin/ceph: stderr
2024-02-19T18:51:59.866+0000 7f7ca37fe700 1 -- 172.21.15.114:0/680480656 >> [v2:172.21.15.114:6800/744561179,v1:172.21.15.114:6801/744561179] conn(0x7f7c8c038370 msgr2=0x7f7c8c03a830 unknown :-1 s=STATE_CONNECTING_RE l=1).process reconnect failed to v2:172.21.15.114:6800/744561179
2024-02-19T18:52:00.730 INFO:teuthology.orchestra.run.smithi114.stdout:/usr/bin/ceph: stderr
2024-02-19T18:51:59.866+0000 7f7ca37fe700 1 --2- 172.21.15.114:0/680480656 >> [v2:172.21.15.114:6800/744561179,v1:172.21.15.114:6801/744561179] conn(0x7f7c8c038370 0x7f7c8c03a830 unknown :-1 s=START_CONNECT pgs=0 cs=0 l=1 rev1=0 crypto rx=0 tx=0 comp rx=0 tx=0)._fault waiting 0.200000
2024-02-19T18:52:00.730 INFO:teuthology.orchestra.run.smithi114.stdout:/usr/bin/ceph: stderr
2024-02-19T18:51:59.871+0000 7f7ca17fa700 1 -- 172.21.15.114:0/680480656 <== mon.0 v2:172.21.15.114:3300/0 6 ==== mon_command_ack([{"prefix": "get_command_descriptions"}]=0 v0) v1 ==== 72+0+180422 (secure 0 0 0) 0x7f7c94010b70 con 0x7f7ca4106f20
2024-02-19T18:52:00.730 INFO:teuthology.orchestra.run.smithi114.stdout:/usr/bin/ceph: stderr
2024-02-19T18:52:00.067+0000 7f7ca37fe700 1 -- 172.21.15.114:0/680480656 >> [v2:172.21.15.114:6800/744561179,v1:172.21.15.114:6801/744561179] conn(0x7f7c8c038370 msgr2=0x7f7c8c03a830 unknown :-1 s=STATE_CONNECTING_RE l=1).process reconnect failed to v2:172.21.15.114:6800/744561179
2024-02-19T18:52:00.731 INFO:teuthology.orchestra.run.smithi114.stdout:/usr/bin/ceph: stderr
2024-02-19T18:52:00.067+0000 7f7ca37fe700 1 --2- 172.21.15.114:0/680480656 >> [v2:172.21.15.114:6800/744561179,v1:172.21.15.114:6801/744561179] conn(0x7f7c8c038370 0x7f7c8c03a830 unknown :-1 s=START_CONNECT pgs=0 cs=0 l=1 rev1=0 crypto rx=0 tx=0 comp rx=0 tx=0)._fault waiting 0.400000
2024-02-19T18:52:00.731 INFO:teuthology.orchestra.run.smithi114.stdout:/usr/bin/ceph: stderr
2024-02-19T18:52:00.122+0000 7f7caa9bc700 1 -- 172.21.15.114:0/680480656 --> [v2:172.21.15.114:3300/0,v1:172.21.15.114:6789/0] -- mon_command({"prefix": "mgr stat"} v 0) v1 -- 0x7f7ca419fd10 con 0x7f7ca4106f20
2024-02-19T18:52:00.731 INFO:teuthology.orchestra.run.smithi114.stdout:/usr/bin/ceph: stderr
2024-02-19T18:52:00.122+0000 7f7ca17fa700 1 -- 172.21.15.114:0/680480656 <== mon.0 v2:172.21.15.114:3300/0 7 ==== mon_command_ack([{"prefix": "mgr stat"}]=0 v5) v1 ==== 56+0+103 (secure 0 0 0) 0x7f7c94020220 con 0x7f7ca4106f20
2024-02-19T18:52:00.731 INFO:teuthology.orchestra.run.smithi114.stdout:/usr/bin/ceph: stderr
2024-02-19T18:52:00.124+0000 7f7caa9bc700 1 -- 172.21.15.114:0/680480656 >> [v2:172.21.15.114:6800/744561179,v1:172.21.15.114:6801/744561179] conn(0x7f7c8c038370 msgr2=0x7f7c8c03a830 unknown :-1 s=STATE_CONNECTING l=1).mark_down
2024-02-19T18:52:00.731 INFO:teuthology.orchestra.run.smithi114.stdout:/usr/bin/ceph: stderr
2024-02-19T18:52:00.125+0000 7f7caa9bc700 1 --2- 172.21.15.114:0/680480656 >> [v2:172.21.15.114:6800/744561179,v1:172.21.15.114:6801/744561179] conn(0x7f7c8c038370 0x7f7c8c03a830 unknown :-1 s=START_CONNECT pgs=0 cs=0 l=1 rev1=0 crypto rx=0 tx=0 comp rx=0 tx=0).stop
2024-02-19T18:52:00.732 INFO:teuthology.orchestra.run.smithi114.stdout:/usr/bin/ceph: stderr
2024-02-19T18:52:00.125+0000 7f7caa9bc700 1 -- 172.21.15.114:0/680480656 >> [v2:172.21.15.114:3300/0,v1:172.21.15.114:6789/0] conn(0x7f7ca4106f20 msgr2=0x7f7ca419c2f0 secure :-1 s=STATE_CONNECTION_ESTABLISHED l=1).mark_down
2024-02-19T18:52:00.732 INFO:teuthology.orchestra.run.smithi114.stdout:/usr/bin/ceph: stderr
2024-02-19T18:52:00.125+0000 7f7caa9bc700 1 --2- 172.21.15.114:0/680480656 >> [v2:172.21.15.114:3300/0,v1:172.21.15.114:6789/0] conn(0x7f7ca4106f20 0x7f7ca419c2f0 secure :-1 s=READY pgs=25 cs=0 l=1 rev1=1 crypto rx=0x7f7c94003de0 tx=0x7f7c94011ab0 comp rx=0 tx=0).stop
2024-02-19T18:52:00.732 INFO:teuthology.orchestra.run.smithi114.stdout:/usr/bin/ceph: stderr
2024-02-19T18:52:00.125+0000 7f7caa9bc700 1 -- 172.21.15.114:0/680480656 shutdown_connections
2024-02-19T18:52:00.732 INFO:teuthology.orchestra.run.smithi114.stdout:/usr/bin/ceph: stderr
2024-02-19T18:52:00.125+0000 7f7caa9bc700 1 --2- 172.21.15.114:0/680480656 >> [v2:172.21.15.114:6800/744561179,v1:172.21.15.114:6801/744561179] conn(0x7f7c8c038370 0x7f7c8c03a830 unknown :-1 s=CLOSED pgs=0 cs=0 l=1 rev1=0 crypto rx=0 tx=0 comp rx=0 tx=0).stop
2024-02-19T18:52:00.732 INFO:teuthology.orchestra.run.smithi114.stdout:/usr/bin/ceph: stderr
2024-02-19T18:52:00.125+0000 7f7caa9bc700 1 --2- 172.21.15.114:0/680480656 >> [v2:172.21.15.114:3300/0,v1:172.21.15.114:6789/0] conn(0x7f7ca4106f20 0x7f7ca419c2f0 unknown :-1 s=CLOSED pgs=25 cs=0 l=1 rev1=1 crypto rx=0 tx=0 comp rx=0 tx=0).stop
2024-02-19T18:52:00.732 INFO:teuthology.orchestra.run.smithi114.stdout:/usr/bin/ceph: stderr
2024-02-19T18:52:00.125+0000 7f7caa9bc700 1 -- 172.21.15.114:0/680480656 >> 172.21.15.114:0/680480656 conn(0x7f7ca41008d0 msgr2=0x7f7ca41016a0 unknown :-1 s=STATE_NONE l=0).mark_down
2024-02-19T18:52:00.733 INFO:teuthology.orchestra.run.smithi114.stdout:/usr/bin/ceph: stderr
2024-02-19T18:52:00.125+0000 7f7caa9bc700 1 -- 172.21.15.114:0/680480656 shutdown_connections
2024-02-19T18:52:00.733 INFO:teuthology.orchestra.run.smithi114.stdout:/usr/bin/ceph: stderr
2024-02-19T18:52:00.125+0000 7f7caa9bc700 1 -- 172.21.15.114:0/680480656 wait complete.
2024-02-19T18:52:00.733 INFO:teuthology.orchestra.run.smithi114.stdout:Waiting for the mgr to restart...
2024-02-19T18:52:00.733 INFO:teuthology.orchestra.run.smithi114.stdout:Waiting for mgr epoch 5...
2024-02-19T18:52:00.967 INFO:journalctl@ceph.mon.smithi114.smithi114.stdout:Feb 19 18:52:00 smithi114 ceph-mon[29441]: from='client.? 172.21.15.114:0/680480656' entity='client.admin' cmd=[{"prefix": "mgr stat"}]: dispatch
2024-02-19T18:52:06.035 INFO:journalctl@ceph.mon.smithi114.smithi114.stdout:Feb 19 18:52:05 smithi114 ceph-mon[29441]: Active manager daemon smithi114.pcvtrk restarted
2024-02-19T18:52:06.035 INFO:journalctl@ceph.mon.smithi114.smithi114.stdout:Feb 19 18:52:05 smithi114 ceph-mon[29441]: Activating manager daemon smithi114.pcvtrk
2024-02-19T18:52:06.035 INFO:journalctl@ceph.mon.smithi114.smithi114.stdout:Feb 19 18:52:05 smithi114 ceph-mon[29441]: osdmap e2: 0 total, 0 up, 0 in
2024-02-19T18:52:06.035 INFO:journalctl@ceph.mon.smithi114.smithi114.stdout:Feb 19 18:52:05 smithi114 ceph-mon[29441]: mgrmap e6: smithi114.pcvtrk(active, starting, since 0.00321384s)
2024-02-19T18:52:06.035 INFO:journalctl@ceph.mon.smithi114.smithi114.stdout:Feb 19 18:52:05 smithi114 ceph-mon[29441]: from='mgr.14118 172.21.15.114:0/2974511756' entity='mgr.smithi114.pcvtrk' cmd=[{"prefix": "mon metadata", "id": "smithi114"}]: dispatch
2024-02-19T18:52:06.035 INFO:journalctl@ceph.mon.smithi114.smithi114.stdout:Feb 19 18:52:05 smithi114 ceph-mon[29441]: from='mgr.14118 172.21.15.114:0/2974511756' entity='mgr.smithi114.pcvtrk' cmd=[{"prefix": "mgr metadata", "who": "smithi114.pcvtrk", "id": "smithi114.pcvtrk"}]: dispatch
2024-02-19T18:52:06.035 INFO:journalctl@ceph.mon.smithi114.smithi114.stdout:Feb 19 18:52:05 smithi114 ceph-mon[29441]: from='mgr.14118 172.21.15.114:0/2974511756' entity='mgr.smithi114.pcvtrk' cmd=[{"prefix": "mds metadata"}]: dispatch
2024-02-19T18:52:06.035 INFO:journalctl@ceph.mon.smithi114.smithi114.stdout:Feb 19 18:52:05 smithi114 ceph-mon[29441]: from='mgr.14118 172.21.15.114:0/2974511756' entity='mgr.smithi114.pcvtrk' cmd=[{"prefix": "osd metadata"}]: dispatch
2024-02-19T18:52:06.035 INFO:journalctl@ceph.mon.smithi114.smithi114.stdout:Feb 19 18:52:05 smithi114 ceph-mon[29441]: from='mgr.14118 172.21.15.114:0/2974511756' entity='mgr.smithi114.pcvtrk' cmd=[{"prefix": "mon metadata"}]: dispatch
2024-02-19T18:52:06.035 INFO:journalctl@ceph.mon.smithi114.smithi114.stdout:Feb 19 18:52:05 smithi114 ceph-mon[29441]: Manager daemon smithi114.pcvtrk is now available
2024-02-19T18:52:06.035 INFO:journalctl@ceph.mon.smithi114.smithi114.stdout:Feb 19 18:52:05 smithi114 ceph-mon[29441]: from='mgr.14118 172.21.15.114:0/2974511756' entity='mgr.smithi114.pcvtrk'
2024-02-19T18:52:06.035 INFO:journalctl@ceph.mon.smithi114.smithi114.stdout:Feb 19 18:52:05 smithi114 ceph-mon[29441]: from='mgr.14118 172.21.15.114:0/2974511756' entity='mgr.smithi114.pcvtrk'
2024-02-19T18:52:06.035 INFO:journalctl@ceph.mon.smithi114.smithi114.stdout:Feb 19 18:52:05 smithi114 ceph-mon[29441]: from='mgr.14118 172.21.15.114:0/2974511756' entity='mgr.smithi114.pcvtrk' cmd=[{"prefix": "config dump", "format": "json"}]: dispatch
2024-02-19T18:52:06.036 INFO:journalctl@ceph.mon.smithi114.smithi114.stdout:Feb 19 18:52:05 smithi114 ceph-mon[29441]: from='mgr.14118 172.21.15.114:0/2974511756' entity='mgr.smithi114.pcvtrk' cmd=[{"prefix": "config dump", "format": "json"}]: dispatch
2024-02-19T18:52:06.036 INFO:journalctl@ceph.mon.smithi114.smithi114.stdout:Feb 19 18:52:05 smithi114 ceph-mon[29441]: from='mgr.14118 172.21.15.114:0/2974511756' entity='mgr.smithi114.pcvtrk' cmd=[{"prefix": "config dump", "format": "json"}]: dispatch
2024-02-19T18:52:06.863 INFO:journalctl@ceph.mon.smithi114.smithi114.stdout:Feb 19 18:52:06 smithi114 ceph-mon[29441]: Found migration_current of "None". Setting to last migration.
2024-02-19T18:52:06.864 INFO:journalctl@ceph.mon.smithi114.smithi114.stdout:Feb 19 18:52:06 smithi114 ceph-mon[29441]: from='mgr.14118 172.21.15.114:0/2974511756' entity='mgr.smithi114.pcvtrk' cmd=[{"prefix":"config rm","who":"mgr","name":"mgr/rbd_support/smithi114.pcvtrk/mirror_snapshot_schedule"}]: dispatch
2024-02-19T18:52:06.864 INFO:journalctl@ceph.mon.smithi114.smithi114.stdout:Feb 19 18:52:06 smithi114 ceph-mon[29441]: from='mgr.14118 172.21.15.114:0/2974511756' entity='mgr.smithi114.pcvtrk' cmd=[{"prefix":"config rm","who":"mgr","name":"mgr/rbd_support/smithi114.pcvtrk/trash_purge_schedule"}]: dispatch
2024-02-19T18:52:06.864 INFO:journalctl@ceph.mon.smithi114.smithi114.stdout:Feb 19 18:52:06 smithi114 ceph-mon[29441]: from='mgr.14118 172.21.15.114:0/2974511756' entity='mgr.smithi114.pcvtrk'
2024-02-19T18:52:06.864 INFO:journalctl@ceph.mon.smithi114.smithi114.stdout:Feb 19 18:52:06 smithi114 ceph-mon[29441]: from='mgr.14118 172.21.15.114:0/2974511756' entity='mgr.smithi114.pcvtrk'
2024-02-19T18:52:06.864 INFO:journalctl@ceph.mon.smithi114.smithi114.stdout:Feb 19 18:52:06 smithi114 ceph-mon[29441]: from='mgr.14118 172.21.15.114:0/2974511756' entity='mgr.smithi114.pcvtrk' cmd=[{"prefix": "config dump", "format": "json"}]: dispatch
2024-02-19T18:52:06.864 INFO:journalctl@ceph.mon.smithi114.smithi114.stdout:Feb 19 18:52:06 smithi114 ceph-mon[29441]: mgrmap e7: smithi114.pcvtrk(active, since 1.00572s)
2024-02-19T18:52:07.150 INFO:teuthology.orchestra.run.smithi114.stdout:/usr/bin/ceph: stdout {
2024-02-19T18:52:07.150 INFO:teuthology.orchestra.run.smithi114.stdout:/usr/bin/ceph: stdout "mgrmap_epoch": 7,
2024-02-19T18:52:07.150 INFO:teuthology.orchestra.run.smithi114.stdout:/usr/bin/ceph: stdout "initialized": true
2024-02-19T18:52:07.150 INFO:teuthology.orchestra.run.smithi114.stdout:/usr/bin/ceph: stdout }
2024-02-19T18:52:07.150 INFO:teuthology.orchestra.run.smithi114.stdout:/usr/bin/ceph: stderr
2024-02-19T18:52:01.136+0000 7f2d9ef60700 1 Processor -- start
2024-02-19T18:52:07.150 INFO:teuthology.orchestra.run.smithi114.stdout:/usr/bin/ceph: stderr
2024-02-19T18:52:01.136+0000 7f2d9ef60700 1 -- start start
2024-02-19T18:52:07.151 INFO:teuthology.orchestra.run.smithi114.stdout:/usr/bin/ceph: stderr
2024-02-19T18:52:01.136+0000 7f2d9ef60700 1 --2- >> [v2:172.21.15.114:3300/0,v1:172.21.15.114:6789/0] conn(0x7f2d98106ef0 0x7f2d981092e0 unknown :-1 s=NONE pgs=0 cs=0 l=0 rev1=0 crypto rx=0 tx=0 comp rx=0 tx=0).connect
2024-02-19T18:52:07.151 INFO:teuthology.orchestra.run.smithi114.stdout:/usr/bin/ceph: stderr
2024-02-19T18:52:01.136+0000 7f2d9ef60700 1 -- --> [v2:172.21.15.114:3300/0,v1:172.21.15.114:6789/0] -- mon_getmap magic: 0 v1 -- 0x7f2d98074640 con 0x7f2d98106ef0
2024-02-19T18:52:07.151 INFO:teuthology.orchestra.run.smithi114.stdout:/usr/bin/ceph: stderr
2024-02-19T18:52:01.136+0000 7f2d9ccfc700 1 --2- >> [v2:172.21.15.114:3300/0,v1:172.21.15.114:6789/0] conn(0x7f2d98106ef0 0x7f2d981092e0 unknown :-1 s=BANNER_CONNECTING pgs=0 cs=0 l=0 rev1=0 crypto rx=0 tx=0 comp rx=0 tx=0)._handle_peer_banner_payload supported=3 required=0
2024-02-19T18:52:07.151 INFO:teuthology.orchestra.run.smithi114.stdout:/usr/bin/ceph: stderr
2024-02-19T18:52:01.136+0000 7f2d9ccfc700 1 --2- >> [v2:172.21.15.114:3300/0,v1:172.21.15.114:6789/0] conn(0x7f2d98106ef0 0x7f2d981092e0 unknown :-1 s=HELLO_CONNECTING pgs=0 cs=0 l=0 rev1=1 crypto rx=0 tx=0 comp rx=0 tx=0).handle_hello peer v2:172.21.15.114:3300/0 says I am v2:172.21.15.114:44816/0 (socket says 172.21.15.114:44816)
2024-02-19T18:52:07.151 INFO:teuthology.orchestra.run.smithi114.stdout:/usr/bin/ceph: stderr
2024-02-19T18:52:01.136+0000 7f2d9ccfc700 1 -- 172.21.15.114:0/1264448099 learned_addr learned my addr 172.21.15.114:0/1264448099 (peer_addr_for_me v2:172.21.15.114:0/0)
2024-02-19T18:52:07.151 INFO:teuthology.orchestra.run.smithi114.stdout:/usr/bin/ceph: stderr
2024-02-19T18:52:01.136+0000 7f2d9ccfc700 1 -- 172.21.15.114:0/1264448099 --> [v2:172.21.15.114:3300/0,v1:172.21.15.114:6789/0] -- mon_subscribe({config=0+,monmap=0+}) v3 -- 0x7f2d98109820 con 0x7f2d98106ef0
2024-02-19T18:52:07.151 INFO:teuthology.orchestra.run.smithi114.stdout:/usr/bin/ceph: stderr
2024-02-19T18:52:01.137+0000 7f2d9ccfc700 1 --2- 172.21.15.114:0/1264448099 >> [v2:172.21.15.114:3300/0,v1:172.21.15.114:6789/0] conn(0x7f2d98106ef0 0x7f2d981092e0 secure :-1 s=READY pgs=26 cs=0 l=1 rev1=1 crypto rx=0x7f2d8c0098a0 tx=0x7f2d8c009bb0 comp rx=0 tx=0).ready entity=mon.0 client_cookie=f3ef48b8f5657cd4 server_cookie=0 in_seq=0 out_seq=0
2024-02-19T18:52:07.151 INFO:teuthology.orchestra.run.smithi114.stdout:/usr/bin/ceph: stderr
2024-02-19T18:52:01.137+0000 7f2d977fe700 1 -- 172.21.15.114:0/1264448099 <== mon.0 v2:172.21.15.114:3300/0 1 ==== mon_map magic: 0 v1 ==== 229+0+0 (secure 0 0 0) 0x7f2d8c004180 con 0x7f2d98106ef0
2024-02-19T18:52:07.151 INFO:teuthology.orchestra.run.smithi114.stdout:/usr/bin/ceph: stderr
2024-02-19T18:52:01.137+0000 7f2d977fe700 1 -- 172.21.15.114:0/1264448099 <== mon.0 v2:172.21.15.114:3300/0 2 ==== config(27 keys) v1 ==== 1037+0+0 (secure 0 0 0) 0x7f2d8c0042e0 con 0x7f2d98106ef0
2024-02-19T18:52:07.151 INFO:teuthology.orchestra.run.smithi114.stdout:/usr/bin/ceph: stderr
2024-02-19T18:52:01.137+0000 7f2d977fe700 1 -- 172.21.15.114:0/1264448099 <== mon.0 v2:172.21.15.114:3300/0 3 ==== mon_map magic: 0 v1 ==== 229+0+0 (secure 0 0 0) 0x7f2d8c011a50 con 0x7f2d98106ef0
2024-02-19T18:52:07.151 INFO:teuthology.orchestra.run.smithi114.stdout:/usr/bin/ceph: stderr
2024-02-19T18:52:01.137+0000 7f2d9ef60700 1 -- 172.21.15.114:0/1264448099 >> [v2:172.21.15.114:3300/0,v1:172.21.15.114:6789/0] conn(0x7f2d98106ef0 msgr2=0x7f2d981092e0 secure :-1 s=STATE_CONNECTION_ESTABLISHED l=1).mark_down
2024-02-19T18:52:07.151 INFO:teuthology.orchestra.run.smithi114.stdout:/usr/bin/ceph: stderr
2024-02-19T18:52:01.137+0000 7f2d9ef60700 1 --2- 172.21.15.114:0/1264448099 >> [v2:172.21.15.114:3300/0,v1:172.21.15.114:6789/0] conn(0x7f2d98106ef0 0x7f2d981092e0 secure :-1 s=READY pgs=26 cs=0 l=1 rev1=1 crypto rx=0x7f2d8c0098a0 tx=0x7f2d8c009bb0 comp rx=0 tx=0).stop
2024-02-19T18:52:07.151 INFO:teuthology.orchestra.run.smithi114.stdout:/usr/bin/ceph: stderr
2024-02-19T18:52:01.138+0000 7f2d9ef60700 1 -- 172.21.15.114:0/1264448099 shutdown_connections
2024-02-19T18:52:07.152 INFO:teuthology.orchestra.run.smithi114.stdout:/usr/bin/ceph: stderr
2024-02-19T18:52:01.138+0000 7f2d9ef60700 1 --2- 172.21.15.114:0/1264448099 >> [v2:172.21.15.114:3300/0,v1:172.21.15.114:6789/0] conn(0x7f2d98106ef0 0x7f2d981092e0 unknown :-1 s=CLOSED pgs=26 cs=0 l=1 rev1=1 crypto rx=0 tx=0 comp rx=0 tx=0).stop
2024-02-19T18:52:07.152 INFO:teuthology.orchestra.run.smithi114.stdout:/usr/bin/ceph: stderr
2024-02-19T18:52:01.138+0000 7f2d9ef60700 1 -- 172.21.15.114:0/1264448099 >> 172.21.15.114:0/1264448099 conn(0x7f2d981008c0 msgr2=0x7f2d98102d20 unknown :-1 s=STATE_NONE l=0).mark_down
2024-02-19T18:52:07.152 INFO:teuthology.orchestra.run.smithi114.stdout:/usr/bin/ceph: stderr
2024-02-19T18:52:01.138+0000 7f2d9ef60700 1 -- 172.21.15.114:0/1264448099 shutdown_connections
2024-02-19T18:52:07.152 INFO:teuthology.orchestra.run.smithi114.stdout:/usr/bin/ceph: stderr
2024-02-19T18:52:01.138+0000 7f2d9ef60700 1 -- 172.21.15.114:0/1264448099 wait complete.
2024-02-19T18:52:07.152 INFO:teuthology.orchestra.run.smithi114.stdout:/usr/bin/ceph: stderr
2024-02-19T18:52:01.138+0000 7f2d9ef60700 1 Processor -- start
2024-02-19T18:52:07.152 INFO:teuthology.orchestra.run.smithi114.stdout:/usr/bin/ceph: stderr
2024-02-19T18:52:01.138+0000 7f2d9ef60700 1 -- start start
2024-02-19T18:52:07.152 INFO:teuthology.orchestra.run.smithi114.stdout:/usr/bin/ceph: stderr
2024-02-19T18:52:01.138+0000 7f2d9ef60700 1 --2- >> [v2:172.21.15.114:3300/0,v1:172.21.15.114:6789/0] conn(0x7f2d98106ef0 0x7f2d9819a120 unknown :-1 s=NONE pgs=0 cs=0 l=1 rev1=0 crypto rx=0 tx=0 comp rx=0 tx=0).connect
2024-02-19T18:52:07.152 INFO:teuthology.orchestra.run.smithi114.stdout:/usr/bin/ceph: stderr
2024-02-19T18:52:01.138+0000 7f2d9ef60700 1 -- --> [v2:172.21.15.114:3300/0,v1:172.21.15.114:6789/0] -- mon_getmap magic: 0 v1 -- 0x7f2d9819a660 con 0x7f2d98106ef0
2024-02-19T18:52:07.152 INFO:teuthology.orchestra.run.smithi114.stdout:/usr/bin/ceph: stderr
2024-02-19T18:52:01.138+0000 7f2d9ccfc700 1 --2- >> [v2:172.21.15.114:3300/0,v1:172.21.15.114:6789/0] conn(0x7f2d98106ef0 0x7f2d9819a120 unknown :-1 s=BANNER_CONNECTING pgs=0 cs=0 l=1 rev1=0 crypto rx=0 tx=0 comp rx=0 tx=0)._handle_peer_banner_payload supported=3 required=0
2024-02-19T18:52:07.152 INFO:teuthology.orchestra.run.smithi114.stdout:/usr/bin/ceph: stderr
2024-02-19T18:52:01.138+0000 7f2d9ccfc700 1 --2- >> [v2:172.21.15.114:3300/0,v1:172.21.15.114:6789/0] conn(0x7f2d98106ef0 0x7f2d9819a120 unknown :-1 s=HELLO_CONNECTING pgs=0 cs=0 l=1 rev1=1 crypto rx=0 tx=0 comp rx=0 tx=0).handle_hello peer v2:172.21.15.114:3300/0 says I am v2:172.21.15.114:44826/0 (socket says 172.21.15.114:44826)
2024-02-19T18:52:07.152 INFO:teuthology.orchestra.run.smithi114.stdout:/usr/bin/ceph: stderr
2024-02-19T18:52:01.138+0000 7f2d9ccfc700 1 -- 172.21.15.114:0/4197374937 learned_addr learned my addr 172.21.15.114:0/4197374937 (peer_addr_for_me v2:172.21.15.114:0/0)
2024-02-19T18:52:07.152 INFO:teuthology.orchestra.run.smithi114.stdout:/usr/bin/ceph: stderr
2024-02-19T18:52:01.139+0000 7f2d9ccfc700 1 -- 172.21.15.114:0/4197374937 --> [v2:172.21.15.114:3300/0,v1:172.21.15.114:6789/0] -- mon_subscribe({config=0+,monmap=0+}) v3 -- 0x7f2d8c009550 con 0x7f2d98106ef0
2024-02-19T18:52:07.152 INFO:teuthology.orchestra.run.smithi114.stdout:/usr/bin/ceph: stderr
2024-02-19T18:52:01.139+0000 7f2d9ccfc700 1 --2- 172.21.15.114:0/4197374937 >> [v2:172.21.15.114:3300/0,v1:172.21.15.114:6789/0] conn(0x7f2d98106ef0 0x7f2d9819a120 secure :-1 s=READY pgs=27 cs=0 l=1 rev1=1 crypto rx=0x7f2d8c003f80 tx=0x7f2d8c011ab0 comp rx=0 tx=0).ready entity=mon.0 client_cookie=0 server_cookie=0 in_seq=0 out_seq=0
2024-02-19T18:52:07.153 INFO:teuthology.orchestra.run.smithi114.stdout:/usr/bin/ceph: stderr
2024-02-19T18:52:01.139+0000 7f2d95ffb700 1 -- 172.21.15.114:0/4197374937 <== mon.0 v2:172.21.15.114:3300/0 1 ==== mon_map magic: 0 v1 ==== 229+0+0 (secure 0 0 0) 0x7f2d8c003a80 con 0x7f2d98106ef0
2024-02-19T18:52:07.153 INFO:teuthology.orchestra.run.smithi114.stdout:/usr/bin/ceph: stderr
2024-02-19T18:52:01.139+0000 7f2d95ffb700 1 -- 172.21.15.114:0/4197374937 <== mon.0 v2:172.21.15.114:3300/0 2 ==== config(27 keys) v1 ==== 1037+0+0 (secure 0 0 0) 0x7f2d8c003be0 con 0x7f2d98106ef0
2024-02-19T18:52:07.153 INFO:teuthology.orchestra.run.smithi114.stdout:/usr/bin/ceph: stderr
2024-02-19T18:52:01.139+0000 7f2d9ef60700 1 -- 172.21.15.114:0/4197374937 --> [v2:172.21.15.114:3300/0,v1:172.21.15.114:6789/0] -- mon_subscribe({mgrmap=0+}) v3 -- 0x7f2d9819a860 con 0x7f2d98106ef0
2024-02-19T18:52:07.153 INFO:teuthology.orchestra.run.smithi114.stdout:/usr/bin/ceph: stderr
2024-02-19T18:52:01.139+0000 7f2d95ffb700 1 -- 172.21.15.114:0/4197374937 <== mon.0 v2:172.21.15.114:3300/0 3 ==== mon_map magic: 0 v1 ==== 229+0+0 (secure 0 0 0) 0x7f2d8c019820 con 0x7f2d98106ef0
2024-02-19T18:52:07.153 INFO:teuthology.orchestra.run.smithi114.stdout:/usr/bin/ceph: stderr
2024-02-19T18:52:01.139+0000 7f2d9ef60700 1 -- 172.21.15.114:0/4197374937 --> [v2:172.21.15.114:3300/0,v1:172.21.15.114:6789/0] -- mon_subscribe({osdmap=0}) v3 -- 0x7f2d9819ad00 con 0x7f2d98106ef0
2024-02-19T18:52:07.153 INFO:teuthology.orchestra.run.smithi114.stdout:/usr/bin/ceph: stderr
2024-02-19T18:52:01.140+0000 7f2d95ffb700 1 -- 172.21.15.114:0/4197374937 <== mon.0 v2:172.21.15.114:3300/0 4 ==== mgrmap(e 5) v1 ==== 45283+0+0 (secure 0 0 0) 0x7f2d8c01a430 con 0x7f2d98106ef0
2024-02-19T18:52:07.153 INFO:teuthology.orchestra.run.smithi114.stdout:/usr/bin/ceph: stderr
2024-02-19T18:52:01.141+0000 7f2d95ffb700 1 --2- 172.21.15.114:0/4197374937 >> [v2:172.21.15.114:6800/744561179,v1:172.21.15.114:6801/744561179] conn(0x7f2d88038320 0x7f2d8803a7e0 unknown :-1 s=NONE pgs=0 cs=0 l=1 rev1=0 crypto rx=0 tx=0 comp rx=0 tx=0).connect
2024-02-19T18:52:07.153 INFO:teuthology.orchestra.run.smithi114.stdout:/usr/bin/ceph: stderr
2024-02-19T18:52:01.141+0000 7f2d95ffb700 1 -- 172.21.15.114:0/4197374937 --> [v2:172.21.15.114:6800/744561179,v1:172.21.15.114:6801/744561179] -- command(tid 0: {"prefix": "get_command_descriptions"}) v1 -- 0x7f2d8803aef0 con 0x7f2d88038320
2024-02-19T18:52:07.153 INFO:teuthology.orchestra.run.smithi114.stdout:/usr/bin/ceph: stderr
2024-02-19T18:52:01.141+0000 7f2d95ffb700 1 -- 172.21.15.114:0/4197374937 <== mon.0 v2:172.21.15.114:3300/0 5 ==== osd_map(1..1 src has 1..1) v4 ==== 725+0+0 (secure 0 0 0) 0x7f2d8c04c540 con 0x7f2d98106ef0
2024-02-19T18:52:07.153 INFO:teuthology.orchestra.run.smithi114.stdout:/usr/bin/ceph: stderr
2024-02-19T18:52:01.141+0000 7f2d97fff700 1 -- 172.21.15.114:0/4197374937 >> [v2:172.21.15.114:6800/744561179,v1:172.21.15.114:6801/744561179] conn(0x7f2d88038320 msgr2=0x7f2d8803a7e0 unknown :-1 s=STATE_CONNECTING_RE l=1).process reconnect failed to v2:172.21.15.114:6800/744561179
2024-02-19T18:52:07.153 INFO:teuthology.orchestra.run.smithi114.stdout:/usr/bin/ceph: stderr
2024-02-19T18:52:01.141+0000 7f2d97fff700 1 --2- 172.21.15.114:0/4197374937 >> [v2:172.21.15.114:6800/744561179,v1:172.21.15.114:6801/744561179] conn(0x7f2d88038320 0x7f2d8803a7e0 unknown :-1 s=START_CONNECT pgs=0 cs=0 l=1 rev1=0 crypto rx=0 tx=0 comp rx=0 tx=0)._fault waiting 0.200000
2024-02-19T18:52:07.153 INFO:teuthology.orchestra.run.smithi114.stdout:/usr/bin/ceph: stderr
2024-02-19T18:52:01.342+0000 7f2d97fff700 1 -- 172.21.15.114:0/4197374937 >> [v2:172.21.15.114:6800/744561179,v1:172.21.15.114:6801/744561179] conn(0x7f2d88038320 msgr2=0x7f2d8803a7e0 unknown :-1 s=STATE_CONNECTING_RE l=1).process reconnect failed to v2:172.21.15.114:6800/744561179
2024-02-19T18:52:07.153 INFO:teuthology.orchestra.run.smithi114.stdout:/usr/bin/ceph: stderr
2024-02-19T18:52:01.342+0000 7f2d97fff700 1 --2- 172.21.15.114:0/4197374937 >> [v2:172.21.15.114:6800/744561179,v1:172.21.15.114:6801/744561179] conn(0x7f2d88038320 0x7f2d8803a7e0 unknown :-1 s=START_CONNECT pgs=0 cs=0 l=1 rev1=0 crypto rx=0 tx=0 comp rx=0 tx=0)._fault waiting 0.400000
2024-02-19T18:52:07.154 INFO:teuthology.orchestra.run.smithi114.stdout:/usr/bin/ceph: stderr
2024-02-19T18:52:01.743+0000 7f2d97fff700 1 -- 172.21.15.114:0/4197374937 >> [v2:172.21.15.114:6800/744561179,v1:172.21.15.114:6801/744561179] conn(0x7f2d88038320 msgr2=0x7f2d8803a7e0 unknown :-1 s=STATE_CONNECTING_RE l=1).process reconnect failed to v2:172.21.15.114:6800/744561179
2024-02-19T18:52:07.154 INFO:teuthology.orchestra.run.smithi114.stdout:/usr/bin/ceph: stderr
2024-02-19T18:52:01.743+0000 7f2d97fff700 1 --2- 172.21.15.114:0/4197374937 >> [v2:172.21.15.114:6800/744561179,v1:172.21.15.114:6801/744561179] conn(0x7f2d88038320 0x7f2d8803a7e0 unknown :-1 s=START_CONNECT pgs=0 cs=0 l=1 rev1=0 crypto rx=0 tx=0 comp rx=0 tx=0)._fault waiting 0.800000
2024-02-19T18:52:07.154 INFO:teuthology.orchestra.run.smithi114.stdout:/usr/bin/ceph: stderr
2024-02-19T18:52:02.544+0000 7f2d97fff700 1 -- 172.21.15.114:0/4197374937 >> [v2:172.21.15.114:6800/744561179,v1:172.21.15.114:6801/744561179] conn(0x7f2d88038320 msgr2=0x7f2d8803a7e0 unknown :-1 s=STATE_CONNECTING_RE l=1).process reconnect failed to v2:172.21.15.114:6800/744561179
2024-02-19T18:52:07.154 INFO:teuthology.orchestra.run.smithi114.stdout:/usr/bin/ceph: stderr
2024-02-19T18:52:02.544+0000 7f2d97fff700 1 --2- 172.21.15.114:0/4197374937 >> [v2:172.21.15.114:6800/744561179,v1:172.21.15.114:6801/744561179] conn(0x7f2d88038320 0x7f2d8803a7e0 unknown :-1 s=START_CONNECT pgs=0 cs=0 l=1 rev1=0 crypto rx=0 tx=0 comp rx=0 tx=0)._fault waiting 1.600000
2024-02-19T18:52:07.154 INFO:teuthology.orchestra.run.smithi114.stdout:/usr/bin/ceph: stderr
2024-02-19T18:52:04.145+0000 7f2d97fff700 1 -- 172.21.15.114:0/4197374937 >> [v2:172.21.15.114:6800/744561179,v1:172.21.15.114:6801/744561179] conn(0x7f2d88038320 msgr2=0x7f2d8803a7e0 unknown :-1 s=STATE_CONNECTING_RE l=1).process reconnect failed to v2:172.21.15.114:6800/744561179
2024-02-19T18:52:07.154 INFO:teuthology.orchestra.run.smithi114.stdout:/usr/bin/ceph: stderr
2024-02-19T18:52:04.145+0000 7f2d97fff700 1 --2- 172.21.15.114:0/4197374937 >> [v2:172.21.15.114:6800/744561179,v1:172.21.15.114:6801/744561179] conn(0x7f2d88038320 0x7f2d8803a7e0 unknown :-1 s=START_CONNECT pgs=0 cs=0 l=1 rev1=0 crypto rx=0 tx=0 comp rx=0 tx=0)._fault waiting 3.200000
2024-02-19T18:52:07.154 INFO:teuthology.orchestra.run.smithi114.stdout:/usr/bin/ceph: stderr
2024-02-19T18:52:05.550+0000 7f2d95ffb700 1 -- 172.21.15.114:0/4197374937 <== mon.0 v2:172.21.15.114:3300/0 6 ==== mgrmap(e 6) v1 ==== 45050+0+0 (secure 0 0 0) 0x7f2d8c02d440 con 0x7f2d98106ef0
2024-02-19T18:52:07.154 INFO:teuthology.orchestra.run.smithi114.stdout:/usr/bin/ceph: stderr
2024-02-19T18:52:05.550+0000 7f2d95ffb700 1 -- 172.21.15.114:0/4197374937 >> [v2:172.21.15.114:6800/744561179,v1:172.21.15.114:6801/744561179] conn(0x7f2d88038320 msgr2=0x7f2d8803a7e0 unknown :-1 s=STATE_CONNECTING l=1).mark_down
2024-02-19T18:52:07.154 INFO:teuthology.orchestra.run.smithi114.stdout:/usr/bin/ceph: stderr
2024-02-19T18:52:05.550+0000 7f2d95ffb700 1 --2- 172.21.15.114:0/4197374937 >> [v2:172.21.15.114:6800/744561179,v1:172.21.15.114:6801/744561179] conn(0x7f2d88038320 0x7f2d8803a7e0 unknown :-1 s=START_CONNECT pgs=0 cs=0 l=1 rev1=0 crypto rx=0 tx=0 comp rx=0 tx=0).stop
2024-02-19T18:52:07.154 INFO:teuthology.orchestra.run.smithi114.stdout:/usr/bin/ceph: stderr
2024-02-19T18:52:06.551+0000 7f2d95ffb700 1 -- 172.21.15.114:0/4197374937 <== mon.0 v2:172.21.15.114:3300/0 7 ==== mgrmap(e 7) v1 ==== 45177+0+0 (secure 0 0 0) 0x7f2d8c04de00 con 0x7f2d98106ef0
2024-02-19T18:52:07.154 INFO:teuthology.orchestra.run.smithi114.stdout:/usr/bin/ceph: stderr
2024-02-19T18:52:06.551+0000 7f2d95ffb700 1 --2- 172.21.15.114:0/4197374937 >> [v2:172.21.15.114:6800/971741305,v1:172.21.15.114:6801/971741305] conn(0x7f2d8803bc00 0x7f2d8803dff0 unknown :-1 s=NONE pgs=0 cs=0 l=1 rev1=0 crypto rx=0 tx=0 comp rx=0 tx=0).connect
2024-02-19T18:52:07.154 INFO:teuthology.orchestra.run.smithi114.stdout:/usr/bin/ceph: stderr
2024-02-19T18:52:06.551+0000 7f2d95ffb700 1 -- 172.21.15.114:0/4197374937 --> [v2:172.21.15.114:6800/971741305,v1:172.21.15.114:6801/971741305] -- command(tid 0: {"prefix": "get_command_descriptions"}) v1 -- 0x7f2d8803aef0 con 0x7f2d8803bc00
2024-02-19T18:52:07.154 INFO:teuthology.orchestra.run.smithi114.stdout:/usr/bin/ceph: stderr
2024-02-19T18:52:06.551+0000 7f2d97fff700 1 --2- 172.21.15.114:0/4197374937 >> [v2:172.21.15.114:6800/971741305,v1:172.21.15.114:6801/971741305] conn(0x7f2d8803bc00 0x7f2d8803dff0 unknown :-1 s=BANNER_CONNECTING pgs=0 cs=0 l=1 rev1=0 crypto rx=0 tx=0 comp rx=0 tx=0)._handle_peer_banner_payload supported=3 required=0
2024-02-19T18:52:07.154 INFO:teuthology.orchestra.run.smithi114.stdout:/usr/bin/ceph: stderr
2024-02-19T18:52:06.552+0000 7f2d97fff700 1 --2- 172.21.15.114:0/4197374937 >> [v2:172.21.15.114:6800/971741305,v1:172.21.15.114:6801/971741305] conn(0x7f2d8803bc00 0x7f2d8803dff0 secure :-1 s=READY pgs=3 cs=0 l=1 rev1=1 crypto rx=0x7f2d84003a10 tx=0x7f2d840092b0 comp rx=0 tx=0).ready entity=mgr.14118 client_cookie=0 server_cookie=0 in_seq=0 out_seq=0
2024-02-19T18:52:07.155 INFO:teuthology.orchestra.run.smithi114.stdout:/usr/bin/ceph: stderr
2024-02-19T18:52:06.553+0000 7f2d95ffb700 1 -- 172.21.15.114:0/4197374937 <== mgr.14118 v2:172.21.15.114:6800/971741305 1 ==== command_reply(tid 0: 0 ) v1 ==== 8+0+6910 (secure 0 0 0) 0x7f2d8803aef0 con 0x7f2d8803bc00
2024-02-19T18:52:07.155 INFO:teuthology.orchestra.run.smithi114.stdout:/usr/bin/ceph: stderr
2024-02-19T18:52:06.559+0000 7f2d9ef60700 1 -- 172.21.15.114:0/4197374937 --> [v2:172.21.15.114:6800/971741305,v1:172.21.15.114:6801/971741305] -- command(tid 1: {"prefix": "mgr_status"}) v1 -- 0x7f2d9819b460 con 0x7f2d8803bc00
2024-02-19T18:52:07.155 INFO:teuthology.orchestra.run.smithi114.stdout:/usr/bin/ceph: stderr
2024-02-19T18:52:06.559+0000 7f2d95ffb700 1 -- 172.21.15.114:0/4197374937 <== mgr.14118 v2:172.21.15.114:6800/971741305 2 ==== command_reply(tid 1: 0 ) v1 ==== 8+0+51 (secure 0 0 0) 0x7f2d9819b460 con 0x7f2d8803bc00
2024-02-19T18:52:07.155 INFO:teuthology.orchestra.run.smithi114.stdout:/usr/bin/ceph: stderr
2024-02-19T18:52:06.560+0000 7f2d9ef60700 1 -- 172.21.15.114:0/4197374937 >> [v2:172.21.15.114:6800/971741305,v1:172.21.15.114:6801/971741305] conn(0x7f2d8803bc00 msgr2=0x7f2d8803dff0 secure :-1 s=STATE_CONNECTION_ESTABLISHED l=1).mark_down
2024-02-19T18:52:07.155 INFO:teuthology.orchestra.run.smithi114.stdout:/usr/bin/ceph: stderr
2024-02-19T18:52:06.560+0000 7f2d9ef60700 1 --2- 172.21.15.114:0/4197374937 >> [v2:172.21.15.114:6800/971741305,v1:172.21.15.114:6801/971741305] conn(0x7f2d8803bc00 0x7f2d8803dff0 secure :-1 s=READY pgs=3 cs=0 l=1 rev1=1 crypto rx=0x7f2d84003a10 tx=0x7f2d840092b0 comp rx=0 tx=0).stop
2024-02-19T18:52:07.155 INFO:teuthology.orchestra.run.smithi114.stdout:/usr/bin/ceph: stderr
2024-02-19T18:52:06.560+0000 7f2d9ef60700 1 -- 172.21.15.114:0/4197374937 >> [v2:172.21.15.114:3300/0,v1:172.21.15.114:6789/0] conn(0x7f2d98106ef0 msgr2=0x7f2d9819a120 secure :-1 s=STATE_CONNECTION_ESTABLISHED l=1).mark_down
2024-02-19T18:52:07.155 INFO:teuthology.orchestra.run.smithi114.stdout:/usr/bin/ceph: stderr
2024-02-19T18:52:06.560+0000 7f2d9ef60700 1 --2- 172.21.15.114:0/4197374937 >> [v2:172.21.15.114:3300/0,v1:172.21.15.114:6789/0] conn(0x7f2d98106ef0 0x7f2d9819a120 secure :-1 s=READY pgs=27 cs=0 l=1 rev1=1 crypto rx=0x7f2d8c003f80 tx=0x7f2d8c011ab0 comp rx=0 tx=0).stop
2024-02-19T18:52:07.155 INFO:teuthology.orchestra.run.smithi114.stdout:/usr/bin/ceph: stderr
2024-02-19T18:52:06.560+0000 7f2d9ef60700 1 -- 172.21.15.114:0/4197374937 shutdown_connections
2024-02-19T18:52:07.155 INFO:teuthology.orchestra.run.smithi114.stdout:/usr/bin/ceph: stderr
2024-02-19T18:52:06.560+0000 7f2d9ef60700 1 --2- 172.21.15.114:0/4197374937 >> [v2:172.21.15.114:6800/971741305,v1:172.21.15.114:6801/971741305] conn(0x7f2d8803bc00 0x7f2d8803dff0 unknown :-1 s=CLOSED pgs=3 cs=0 l=1 rev1=1 crypto rx=0 tx=0 comp rx=0 tx=0).stop
2024-02-19T18:52:07.155 INFO:teuthology.orchestra.run.smithi114.stdout:/usr/bin/ceph: stderr
2024-02-19T18:52:06.560+0000 7f2d9ef60700 1 --2- 172.21.15.114:0/4197374937 >> [v2:172.21.15.114:3300/0,v1:172.21.15.114:6789/0] conn(0x7f2d98106ef0 0x7f2d9819a120 unknown :-1 s=CLOSED pgs=27 cs=0 l=1 rev1=1 crypto rx=0 tx=0 comp rx=0 tx=0).stop
2024-02-19T18:52:07.155 INFO:teuthology.orchestra.run.smithi114.stdout:/usr/bin/ceph: stderr
2024-02-19T18:52:06.560+0000 7f2d9ef60700 1 --2- 172.21.15.114:0/4197374937 >> [v2:172.21.15.114:6800/744561179,v1:172.21.15.114:6801/744561179] conn(0x7f2d88038320 0x7f2d8803a7e0 unknown :-1 s=CLOSED pgs=0 cs=0 l=1 rev1=0 crypto rx=0 tx=0 comp rx=0 tx=0).stop
2024-02-19T18:52:07.155 INFO:teuthology.orchestra.run.smithi114.stdout:/usr/bin/ceph: stderr
2024-02-19T18:52:06.560+0000 7f2d9ef60700 1 -- 172.21.15.114:0/4197374937 >> 172.21.15.114:0/4197374937 conn(0x7f2d981008c0 msgr2=0x7f2d98101f60 unknown :-1 s=STATE_NONE l=0).mark_down
2024-02-19T18:52:07.155 INFO:teuthology.orchestra.run.smithi114.stdout:/usr/bin/ceph: stderr
2024-02-19T18:52:06.560+0000 7f2d9ef60700 1 -- 172.21.15.114:0/4197374937 shutdown_connections
2024-02-19T18:52:07.156 INFO:teuthology.orchestra.run.smithi114.stdout:/usr/bin/ceph: stderr
2024-02-19T18:52:06.560+0000 7f2d9ef60700 1 -- 172.21.15.114:0/4197374937 wait complete.
2024-02-19T18:52:07.156 INFO:teuthology.orchestra.run.smithi114.stdout:mgr epoch 5 is available
2024-02-19T18:52:07.156 INFO:teuthology.orchestra.run.smithi114.stdout:Setting orchestrator backend to cephadm...
2024-02-19T18:52:07.783 INFO:journalctl@ceph.mon.smithi114.smithi114.stdout:Feb 19 18:52:07 smithi114 ceph-mon[29441]: [19/Feb/2024:18:52:06] ENGINE Bus STARTING
2024-02-19T18:52:07.783 INFO:journalctl@ceph.mon.smithi114.smithi114.stdout:Feb 19 18:52:07 smithi114 ceph-mon[29441]: [19/Feb/2024:18:52:06] ENGINE Serving on http://172.21.15.114:8765
2024-02-19T18:52:07.783 INFO:journalctl@ceph.mon.smithi114.smithi114.stdout:Feb 19 18:52:07 smithi114 ceph-mon[29441]: [19/Feb/2024:18:52:06] ENGINE Serving on https://172.21.15.114:7150
2024-02-19T18:52:07.783 INFO:journalctl@ceph.mon.smithi114.smithi114.stdout:Feb 19 18:52:07 smithi114 ceph-mon[29441]: [19/Feb/2024:18:52:06] ENGINE Bus STARTED
2024-02-19T18:52:07.783 INFO:journalctl@ceph.mon.smithi114.smithi114.stdout:Feb 19 18:52:07 smithi114 ceph-mon[29441]: from='client.14122 -' entity='client.admin' cmd=[{"prefix": "get_command_descriptions"}]: dispatch
2024-02-19T18:52:07.783 INFO:journalctl@ceph.mon.smithi114.smithi114.stdout:Feb 19 18:52:07 smithi114 ceph-mon[29441]: from='client.14122 -' entity='client.admin' cmd=[{"prefix": "mgr_status"}]: dispatch
2024-02-19T18:52:08.353 INFO:teuthology.orchestra.run.smithi114.stdout:/usr/bin/ceph: stderr
2024-02-19T18:52:07.553+0000 7fa8194f0700 1 Processor -- start
2024-02-19T18:52:08.353 INFO:teuthology.orchestra.run.smithi114.stdout:/usr/bin/ceph: stderr
2024-02-19T18:52:07.553+0000 7fa8194f0700 1 -- start start
2024-02-19T18:52:08.354 INFO:teuthology.orchestra.run.smithi114.stdout:/usr/bin/ceph: stderr
2024-02-19T18:52:07.554+0000 7fa8194f0700 1 --2- >> [v2:172.21.15.114:3300/0,v1:172.21.15.114:6789/0] conn(0x7fa814104ac0 0x7fa814104ee0 unknown :-1 s=NONE pgs=0 cs=0 l=0 rev1=0 crypto rx=0 tx=0 comp rx=0 tx=0).connect
2024-02-19T18:52:08.354 INFO:teuthology.orchestra.run.smithi114.stdout:/usr/bin/ceph: stderr
2024-02-19T18:52:07.554+0000 7fa8194f0700 1 -- --> [v2:172.21.15.114:3300/0,v1:172.21.15.114:6789/0] -- mon_getmap magic: 0 v1 -- 0x7fa8141054b0 con 0x7fa814104ac0
2024-02-19T18:52:08.354 INFO:teuthology.orchestra.run.smithi114.stdout:/usr/bin/ceph: stderr
2024-02-19T18:52:07.554+0000 7fa812ffd700 1 --2- >> [v2:172.21.15.114:3300/0,v1:172.21.15.114:6789/0] conn(0x7fa814104ac0 0x7fa814104ee0 unknown :-1 s=BANNER_CONNECTING pgs=0 cs=0 l=0 rev1=0 crypto rx=0 tx=0 comp rx=0 tx=0)._handle_peer_banner_payload supported=3 required=0
2024-02-19T18:52:08.354 INFO:teuthology.orchestra.run.smithi114.stdout:/usr/bin/ceph: stderr
2024-02-19T18:52:07.554+0000 7fa812ffd700 1 --2- >> [v2:172.21.15.114:3300/0,v1:172.21.15.114:6789/0] conn(0x7fa814104ac0 0x7fa814104ee0 unknown :-1 s=HELLO_CONNECTING pgs=0 cs=0 l=0 rev1=1 crypto rx=0 tx=0 comp rx=0 tx=0).handle_hello peer v2:172.21.15.114:3300/0 says I am v2:172.21.15.114:40202/0 (socket says 172.21.15.114:40202)
2024-02-19T18:52:08.354 INFO:teuthology.orchestra.run.smithi114.stdout:/usr/bin/ceph: stderr
2024-02-19T18:52:07.554+0000 7fa812ffd700 1 -- 172.21.15.114:0/1127765474 learned_addr learned my addr 172.21.15.114:0/1127765474 (peer_addr_for_me v2:172.21.15.114:0/0)
2024-02-19T18:52:08.354 INFO:teuthology.orchestra.run.smithi114.stdout:/usr/bin/ceph: stderr
2024-02-19T18:52:07.554+0000 7fa812ffd700 1 -- 172.21.15.114:0/1127765474 --> [v2:172.21.15.114:3300/0,v1:172.21.15.114:6789/0] -- mon_subscribe({config=0+,monmap=0+}) v3 -- 0x7fa814105cc0 con 0x7fa814104ac0
2024-02-19T18:52:08.354 INFO:teuthology.orchestra.run.smithi114.stdout:/usr/bin/ceph: stderr
2024-02-19T18:52:07.554+0000 7fa812ffd700 1 --2- 172.21.15.114:0/1127765474 >> [v2:172.21.15.114:3300/0,v1:172.21.15.114:6789/0] conn(0x7fa814104ac0 0x7fa814104ee0 secure :-1 s=READY pgs=35 cs=0 l=1 rev1=1 crypto rx=0x7fa8040098a0 tx=0x7fa804009bb0 comp rx=0 tx=0).ready entity=mon.0 client_cookie=df9758ba942acce5 server_cookie=0 in_seq=0 out_seq=0
2024-02-19T18:52:08.354 INFO:teuthology.orchestra.run.smithi114.stdout:/usr/bin/ceph: stderr
2024-02-19T18:52:07.554+0000 7fa8127fc700 1 -- 172.21.15.114:0/1127765474 <== mon.0 v2:172.21.15.114:3300/0 1 ==== mon_map magic: 0 v1 ==== 229+0+0 (secure 0 0 0) 0x7fa804004180 con 0x7fa814104ac0
2024-02-19T18:52:08.354 INFO:teuthology.orchestra.run.smithi114.stdout:/usr/bin/ceph: stderr
2024-02-19T18:52:07.554+0000 7fa8127fc700 1 -- 172.21.15.114:0/1127765474 <== mon.0 v2:172.21.15.114:3300/0 2 ==== config(27 keys) v1 ==== 1037+0+0 (secure 0 0 0) 0x7fa8040042e0 con 0x7fa814104ac0
2024-02-19T18:52:08.354 INFO:teuthology.orchestra.run.smithi114.stdout:/usr/bin/ceph: stderr
2024-02-19T18:52:07.555+0000 7fa8127fc700 1 -- 172.21.15.114:0/1127765474 <== mon.0 v2:172.21.15.114:3300/0 3 ==== mon_map magic: 0 v1 ==== 229+0+0 (secure 0 0 0) 0x7fa804011a50 con 0x7fa814104ac0
2024-02-19T18:52:08.354 INFO:teuthology.orchestra.run.smithi114.stdout:/usr/bin/ceph: stderr
2024-02-19T18:52:07.555+0000 7fa8194f0700 1 -- 172.21.15.114:0/1127765474 >> [v2:172.21.15.114:3300/0,v1:172.21.15.114:6789/0] conn(0x7fa814104ac0 msgr2=0x7fa814104ee0 secure :-1 s=STATE_CONNECTION_ESTABLISHED l=1).mark_down
2024-02-19T18:52:08.354 INFO:teuthology.orchestra.run.smithi114.stdout:/usr/bin/ceph: stderr
2024-02-19T18:52:07.555+0000 7fa8194f0700 1 --2- 172.21.15.114:0/1127765474 >> [v2:172.21.15.114:3300/0,v1:172.21.15.114:6789/0] conn(0x7fa814104ac0 0x7fa814104ee0 secure :-1 s=READY pgs=35 cs=0 l=1 rev1=1 crypto rx=0x7fa8040098a0 tx=0x7fa804009bb0 comp rx=0 tx=0).stop
2024-02-19T18:52:08.354 INFO:teuthology.orchestra.run.smithi114.stdout:/usr/bin/ceph: stderr
2024-02-19T18:52:07.555+0000 7fa8194f0700 1 -- 172.21.15.114:0/1127765474 shutdown_connections
2024-02-19T18:52:08.355 INFO:teuthology.orchestra.run.smithi114.stdout:/usr/bin/ceph: stderr
2024-02-19T18:52:07.555+0000 7fa8194f0700 1 --2- 172.21.15.114:0/1127765474 >> [v2:172.21.15.114:3300/0,v1:172.21.15.114:6789/0] conn(0x7fa814104ac0 0x7fa814104ee0 unknown :-1 s=CLOSED pgs=35 cs=0 l=1 rev1=1 crypto rx=0 tx=0 comp rx=0 tx=0).stop
2024-02-19T18:52:08.355 INFO:teuthology.orchestra.run.smithi114.stdout:/usr/bin/ceph: stderr
2024-02-19T18:52:07.555+0000 7fa8194f0700 1 -- 172.21.15.114:0/1127765474 >> 172.21.15.114:0/1127765474 conn(0x7fa814100040 msgr2=0x7fa8141024a0 unknown :-1 s=STATE_NONE l=0).mark_down
2024-02-19T18:52:08.355 INFO:teuthology.orchestra.run.smithi114.stdout:/usr/bin/ceph: stderr
2024-02-19T18:52:07.555+0000 7fa8194f0700 1 -- 172.21.15.114:0/1127765474 shutdown_connections
2024-02-19T18:52:08.355 INFO:teuthology.orchestra.run.smithi114.stdout:/usr/bin/ceph: stderr
2024-02-19T18:52:07.555+0000 7fa8194f0700 1 -- 172.21.15.114:0/1127765474 wait complete.
2024-02-19T18:52:08.355 INFO:teuthology.orchestra.run.smithi114.stdout:/usr/bin/ceph: stderr
2024-02-19T18:52:07.556+0000 7fa8194f0700 1 Processor -- start
2024-02-19T18:52:08.355 INFO:teuthology.orchestra.run.smithi114.stdout:/usr/bin/ceph: stderr
2024-02-19T18:52:07.556+0000 7fa8194f0700 1 -- start start
2024-02-19T18:52:08.355 INFO:teuthology.orchestra.run.smithi114.stdout:/usr/bin/ceph: stderr
2024-02-19T18:52:07.556+0000 7fa8194f0700 1 --2- >> [v2:172.21.15.114:3300/0,v1:172.21.15.114:6789/0] conn(0x7fa814104ac0 0x7fa81419c350 unknown :-1 s=NONE pgs=0 cs=0 l=1 rev1=0 crypto rx=0 tx=0 comp rx=0 tx=0).connect
2024-02-19T18:52:08.355 INFO:teuthology.orchestra.run.smithi114.stdout:/usr/bin/ceph: stderr
2024-02-19T18:52:07.556+0000 7fa8194f0700 1 -- --> [v2:172.21.15.114:3300/0,v1:172.21.15.114:6789/0] -- mon_getmap magic: 0 v1 -- 0x7fa81419c890 con 0x7fa814104ac0
2024-02-19T18:52:08.355 INFO:teuthology.orchestra.run.smithi114.stdout:/usr/bin/ceph: stderr
2024-02-19T18:52:07.556+0000 7fa812ffd700 1 --2- >> [v2:172.21.15.114:3300/0,v1:172.21.15.114:6789/0] conn(0x7fa814104ac0 0x7fa81419c350 unknown :-1 s=BANNER_CONNECTING pgs=0 cs=0 l=1 rev1=0 crypto rx=0 tx=0 comp rx=0 tx=0)._handle_peer_banner_payload supported=3 required=0
2024-02-19T18:52:08.355 INFO:teuthology.orchestra.run.smithi114.stdout:/usr/bin/ceph: stderr
2024-02-19T18:52:07.556+0000 7fa812ffd700 1 --2- >> [v2:172.21.15.114:3300/0,v1:172.21.15.114:6789/0] conn(0x7fa814104ac0 0x7fa81419c350 unknown :-1 s=HELLO_CONNECTING pgs=0 cs=0 l=1 rev1=1 crypto rx=0 tx=0 comp rx=0 tx=0).handle_hello peer v2:172.21.15.114:3300/0 says I am v2:172.21.15.114:40204/0 (socket says 172.21.15.114:40204)
2024-02-19T18:52:08.355 INFO:teuthology.orchestra.run.smithi114.stdout:/usr/bin/ceph: stderr
2024-02-19T18:52:07.556+0000 7fa812ffd700 1 -- 172.21.15.114:0/3941066567 learned_addr learned my addr 172.21.15.114:0/3941066567 (peer_addr_for_me v2:172.21.15.114:0/0)
2024-02-19T18:52:08.355 INFO:teuthology.orchestra.run.smithi114.stdout:/usr/bin/ceph: stderr
2024-02-19T18:52:07.556+0000 7fa812ffd700 1 -- 172.21.15.114:0/3941066567 --> [v2:172.21.15.114:3300/0,v1:172.21.15.114:6789/0] -- mon_subscribe({config=0+,monmap=0+}) v3 -- 0x7fa804009550 con 0x7fa814104ac0
2024-02-19T18:52:08.355 INFO:teuthology.orchestra.run.smithi114.stdout:/usr/bin/ceph: stderr
2024-02-19T18:52:07.556+0000 7fa812ffd700 1 --2- 172.21.15.114:0/3941066567 >> [v2:172.21.15.114:3300/0,v1:172.21.15.114:6789/0] conn(0x7fa814104ac0 0x7fa81419c350 secure :-1 s=READY pgs=36 cs=0 l=1 rev1=1 crypto rx=0x7fa804009520 tx=0x7fa804011ab0 comp rx=0 tx=0).ready entity=mon.0 client_cookie=0 server_cookie=0 in_seq=0 out_seq=0
2024-02-19T18:52:08.355 INFO:teuthology.orchestra.run.smithi114.stdout:/usr/bin/ceph: stderr
2024-02-19T18:52:07.557+0000 7fa810ff9700 1 -- 172.21.15.114:0/3941066567 <== mon.0 v2:172.21.15.114:3300/0 1 ==== mon_map magic: 0 v1 ==== 229+0+0 (secure 0 0 0) 0x7fa804003a80 con 0x7fa814104ac0
2024-02-19T18:52:08.356 INFO:teuthology.orchestra.run.smithi114.stdout:/usr/bin/ceph: stderr
2024-02-19T18:52:07.557+0000 7fa810ff9700 1 -- 172.21.15.114:0/3941066567 <== mon.0 v2:172.21.15.114:3300/0 2 ==== config(27 keys) v1 ==== 1037+0+0 (secure 0 0 0) 0x7fa804003be0 con 0x7fa814104ac0
2024-02-19T18:52:08.356 INFO:teuthology.orchestra.run.smithi114.stdout:/usr/bin/ceph: stderr
2024-02-19T18:52:07.557+0000 7fa810ff9700 1 -- 172.21.15.114:0/3941066567 <== mon.0 v2:172.21.15.114:3300/0 3 ==== mon_map magic: 0 v1 ==== 229+0+0 (secure 0 0 0) 0x7fa8040197b0 con 0x7fa814104ac0
2024-02-19T18:52:08.356 INFO:teuthology.orchestra.run.smithi114.stdout:/usr/bin/ceph: stderr
2024-02-19T18:52:07.557+0000 7fa8194f0700 1 -- 172.21.15.114:0/3941066567 --> [v2:172.21.15.114:3300/0,v1:172.21.15.114:6789/0] -- mon_subscribe({mgrmap=0+}) v3 -- 0x7fa81419ca90 con 0x7fa814104ac0
2024-02-19T18:52:08.356 INFO:teuthology.orchestra.run.smithi114.stdout:/usr/bin/ceph: stderr
2024-02-19T18:52:07.557+0000 7fa8194f0700 1 -- 172.21.15.114:0/3941066567 --> [v2:172.21.15.114:3300/0,v1:172.21.15.114:6789/0] -- mon_subscribe({osdmap=0}) v3 -- 0x7fa81419ce70 con 0x7fa814104ac0
2024-02-19T18:52:08.356 INFO:teuthology.orchestra.run.smithi114.stdout:/usr/bin/ceph: stderr
2024-02-19T18:52:07.558+0000 7fa810ff9700 1 -- 172.21.15.114:0/3941066567 <== mon.0 v2:172.21.15.114:3300/0 4 ==== mgrmap(e 7) v1 ==== 45177+0+0 (secure 0 0 0) 0x7fa804019a20 con 0x7fa814104ac0
2024-02-19T18:52:08.356 INFO:teuthology.orchestra.run.smithi114.stdout:/usr/bin/ceph: stderr
2024-02-19T18:52:07.558+0000 7fa810ff9700 1 --2- 172.21.15.114:0/3941066567 >> [v2:172.21.15.114:6800/971741305,v1:172.21.15.114:6801/971741305] conn(0x7fa8000381f0 0x7fa80003a6b0 unknown :-1 s=NONE pgs=0 cs=0 l=1 rev1=0 crypto rx=0 tx=0 comp rx=0 tx=0).connect
2024-02-19T18:52:08.356 INFO:teuthology.orchestra.run.smithi114.stdout:/usr/bin/ceph: stderr
2024-02-19T18:52:07.558+0000 7fa810ff9700 1 -- 172.21.15.114:0/3941066567 <== mon.0 v2:172.21.15.114:3300/0 5 ==== osd_map(2..2 src has 1..2) v4 ==== 940+0+0 (secure 0 0 0) 0x7fa80404c320 con 0x7fa814104ac0
2024-02-19T18:52:08.356 INFO:teuthology.orchestra.run.smithi114.stdout:/usr/bin/ceph: stderr
2024-02-19T18:52:07.558+0000 7fa8194f0700 1 -- 172.21.15.114:0/3941066567 --> [v2:172.21.15.114:3300/0,v1:172.21.15.114:6789/0] -- mon_command({"prefix": "get_command_descriptions"} v 0) v1 -- 0x7fa814195c20 con 0x7fa814104ac0
