2024-02-19T18:52:26.789+0000 7f0755d9b700 1 --2- 172.21.15.114:0/2863683686 >> [v2:172.21.15.114:6800/971741305,v1:172.21.15.114:6801/971741305] conn(0x7f074c0382e0 0x7f074c03a7a0 secure :-1 s=READY pgs=19 cs=0 l=1 rev1=1 crypto rx=0x7f0748006fd0 tx=0x7f0748006e40 comp rx=0 tx=0).ready entity=mgr.14118 client_cookie=0 server_cookie=0 in_seq=0 out_seq=0
2024-02-19T18:52:27.531 INFO:teuthology.orchestra.run.smithi114.stdout:/usr/bin/ceph: stderr
2024-02-19T18:52:26.793+0000 7f0757fff700 1 -- 172.21.15.114:0/2863683686 <== mon.0 v2:172.21.15.114:3300/0 6 ==== mon_command_ack([{"prefix": "get_command_descriptions"}]=0 v0) v1 ==== 72+0+180422 (secure 0 0 0) 0x7f0750024d60 con 0x7f0760106420
2024-02-19T18:52:27.531 INFO:teuthology.orchestra.run.smithi114.stdout:/usr/bin/ceph: stderr
2024-02-19T18:52:26.995+0000 7f0764f97700 1 -- 172.21.15.114:0/2863683686 --> [v2:172.21.15.114:6800/971741305,v1:172.21.15.114:6801/971741305] -- mgr_command(tid 0: {"prefix": "orch apply", "service_type": "alertmanager", "target": ["mon-mgr", ""]}) v1 -- 0x7f0760103d10 con 0x7f074c0382e0
2024-02-19T18:52:27.531 INFO:teuthology.orchestra.run.smithi114.stdout:/usr/bin/ceph: stderr
2024-02-19T18:52:27.000+0000 7f0757fff700 1 -- 172.21.15.114:0/2863683686 <== mgr.14118 v2:172.21.15.114:6800/971741305 1 ==== mgr_command_reply(tid 0: 0 ) v1 ==== 8+0+33 (secure 0 0 0) 0x7f0760103d10 con 0x7f074c0382e0
2024-02-19T18:52:27.531 INFO:teuthology.orchestra.run.smithi114.stdout:/usr/bin/ceph: stderr
2024-02-19T18:52:27.002+0000 7f0764f97700 1 -- 172.21.15.114:0/2863683686 >> [v2:172.21.15.114:6800/971741305,v1:172.21.15.114:6801/971741305] conn(0x7f074c0382e0 msgr2=0x7f074c03a7a0 secure :-1 s=STATE_CONNECTION_ESTABLISHED l=1).mark_down
2024-02-19T18:52:27.531 INFO:teuthology.orchestra.run.smithi114.stdout:/usr/bin/ceph: stderr
2024-02-19T18:52:27.002+0000 7f0764f97700 1 --2- 172.21.15.114:0/2863683686 >> [v2:172.21.15.114:6800/971741305,v1:172.21.15.114:6801/971741305] conn(0x7f074c0382e0 0x7f074c03a7a0 secure :-1 s=READY pgs=19 cs=0 l=1 rev1=1 crypto rx=0x7f0748006fd0 tx=0x7f0748006e40 comp rx=0 tx=0).stop
2024-02-19T18:52:27.531 INFO:teuthology.orchestra.run.smithi114.stdout:/usr/bin/ceph: stderr
2024-02-19T18:52:27.002+0000 7f0764f97700 1 -- 172.21.15.114:0/2863683686 >> [v2:172.21.15.114:3300/0,v1:172.21.15.114:6789/0] conn(0x7f0760106420 msgr2=0x7f076019a180 secure :-1 s=STATE_CONNECTION_ESTABLISHED l=1).mark_down
2024-02-19T18:52:27.532 INFO:teuthology.orchestra.run.smithi114.stdout:/usr/bin/ceph: stderr
2024-02-19T18:52:27.002+0000 7f0764f97700 1 --2- 172.21.15.114:0/2863683686 >> [v2:172.21.15.114:3300/0,v1:172.21.15.114:6789/0] conn(0x7f0760106420 0x7f076019a180 secure :-1 s=READY pgs=60 cs=0 l=1 rev1=1 crypto rx=0x7f0750011670 tx=0x7f0750011aa0 comp rx=0 tx=0).stop
2024-02-19T18:52:27.532 INFO:teuthology.orchestra.run.smithi114.stdout:/usr/bin/ceph: stderr
2024-02-19T18:52:27.002+0000 7f0764f97700 1 -- 172.21.15.114:0/2863683686 shutdown_connections
2024-02-19T18:52:27.532 INFO:teuthology.orchestra.run.smithi114.stdout:/usr/bin/ceph: stderr
2024-02-19T18:52:27.002+0000 7f0764f97700 1 --2- 172.21.15.114:0/2863683686 >> [v2:172.21.15.114:6800/971741305,v1:172.21.15.114:6801/971741305] conn(0x7f074c0382e0 0x7f074c03a7a0 unknown :-1 s=CLOSED pgs=19 cs=0 l=1 rev1=1 crypto rx=0 tx=0 comp rx=0 tx=0).stop
2024-02-19T18:52:27.532 INFO:teuthology.orchestra.run.smithi114.stdout:/usr/bin/ceph: stderr
2024-02-19T18:52:27.002+0000 7f0764f97700 1 --2- 172.21.15.114:0/2863683686 >> [v2:172.21.15.114:3300/0,v1:172.21.15.114:6789/0] conn(0x7f0760106420 0x7f076019a180 unknown :-1 s=CLOSED pgs=60 cs=0 l=1 rev1=1 crypto rx=0 tx=0 comp rx=0 tx=0).stop
2024-02-19T18:52:27.532 INFO:teuthology.orchestra.run.smithi114.stdout:/usr/bin/ceph: stderr
2024-02-19T18:52:27.002+0000 7f0764f97700 1 -- 172.21.15.114:0/2863683686 >> 172.21.15.114:0/2863683686 conn(0x7f0760101a00 msgr2=0x7f07601030f0 unknown :-1 s=STATE_NONE l=0).mark_down
2024-02-19T18:52:27.532 INFO:teuthology.orchestra.run.smithi114.stdout:/usr/bin/ceph: stderr
2024-02-19T18:52:27.002+0000 7f0764f97700 1 -- 172.21.15.114:0/2863683686 shutdown_connections
2024-02-19T18:52:27.532 INFO:teuthology.orchestra.run.smithi114.stdout:/usr/bin/ceph: stderr
2024-02-19T18:52:27.002+0000 7f0764f97700 1 -- 172.21.15.114:0/2863683686 wait complete.
2024-02-19T18:52:28.034 INFO:journalctl@ceph.mon.smithi114.smithi114.stdout:Feb 19 18:52:28 smithi114 ceph-mon[29441]: from='client.14154 -' entity='client.admin' cmd=[{"prefix": "orch apply", "service_type": "alertmanager", "target": ["mon-mgr", ""]}]: dispatch
2024-02-19T18:52:28.035 INFO:journalctl@ceph.mon.smithi114.smithi114.stdout:Feb 19 18:52:28 smithi114 ceph-mon[29441]: Saving service alertmanager spec with placement count:1
2024-02-19T18:52:28.035 INFO:journalctl@ceph.mon.smithi114.smithi114.stdout:Feb 19 18:52:28 smithi114 ceph-mon[29441]: from='mgr.14118 172.21.15.114:0/2974511756' entity='mgr.smithi114.pcvtrk'
2024-02-19T18:52:28.035 INFO:journalctl@ceph.mon.smithi114.smithi114.stdout:Feb 19 18:52:28 smithi114 ceph-mon[29441]: pgmap v4: 0 pgs: ; 0 B data, 0 B used, 0 B / 0 B avail
2024-02-19T18:52:28.725 INFO:teuthology.orchestra.run.smithi114.stdout:/usr/bin/ceph: stderr
2024-02-19T18:52:27.968+0000 7f41f319f700 1 Processor -- start
2024-02-19T18:52:28.725 INFO:teuthology.orchestra.run.smithi114.stdout:/usr/bin/ceph: stderr
2024-02-19T18:52:27.968+0000 7f41f319f700 1 -- start start
2024-02-19T18:52:28.726 INFO:teuthology.orchestra.run.smithi114.stdout:/usr/bin/ceph: stderr
2024-02-19T18:52:27.969+0000 7f41f319f700 1 --2- >> [v2:172.21.15.114:3300/0,v1:172.21.15.114:6789/0] conn(0x7f41ec104550 0x7f41ec104970 unknown :-1 s=NONE pgs=0 cs=0 l=0 rev1=0 crypto rx=0 tx=0 comp rx=0 tx=0).connect
2024-02-19T18:52:28.726 INFO:teuthology.orchestra.run.smithi114.stdout:/usr/bin/ceph: stderr
2024-02-19T18:52:27.969+0000 7f41f319f700 1 -- --> [v2:172.21.15.114:3300/0,v1:172.21.15.114:6789/0] -- mon_getmap magic: 0 v1 -- 0x7f41ec104f40 con 0x7f41ec104550
2024-02-19T18:52:28.726 INFO:teuthology.orchestra.run.smithi114.stdout:/usr/bin/ceph: stderr
2024-02-19T18:52:27.969+0000 7f41f219d700 1 --2- >> [v2:172.21.15.114:3300/0,v1:172.21.15.114:6789/0] conn(0x7f41ec104550 0x7f41ec104970 unknown :-1 s=BANNER_CONNECTING pgs=0 cs=0 l=0 rev1=0 crypto rx=0 tx=0 comp rx=0 tx=0)._handle_peer_banner_payload supported=3 required=0
2024-02-19T18:52:28.726 INFO:teuthology.orchestra.run.smithi114.stdout:/usr/bin/ceph: stderr
2024-02-19T18:52:27.969+0000 7f41f219d700 1 --2- >> [v2:172.21.15.114:3300/0,v1:172.21.15.114:6789/0] conn(0x7f41ec104550 0x7f41ec104970 unknown :-1 s=HELLO_CONNECTING pgs=0 cs=0 l=0 rev1=1 crypto rx=0 tx=0 comp rx=0 tx=0).handle_hello peer v2:172.21.15.114:3300/0 says I am v2:172.21.15.114:57298/0 (socket says 172.21.15.114:57298)
2024-02-19T18:52:28.726 INFO:teuthology.orchestra.run.smithi114.stdout:/usr/bin/ceph: stderr
2024-02-19T18:52:27.969+0000 7f41f219d700 1 -- 172.21.15.114:0/854824978 learned_addr learned my addr 172.21.15.114:0/854824978 (peer_addr_for_me v2:172.21.15.114:0/0)
2024-02-19T18:52:28.726 INFO:teuthology.orchestra.run.smithi114.stdout:/usr/bin/ceph: stderr
2024-02-19T18:52:27.969+0000 7f41f219d700 1 -- 172.21.15.114:0/854824978 --> [v2:172.21.15.114:3300/0,v1:172.21.15.114:6789/0] -- mon_subscribe({config=0+,monmap=0+}) v3 -- 0x7f41ec1074e0 con 0x7f41ec104550
2024-02-19T18:52:28.726 INFO:teuthology.orchestra.run.smithi114.stdout:/usr/bin/ceph: stderr
2024-02-19T18:52:27.969+0000 7f41f219d700 1 --2- 172.21.15.114:0/854824978 >> [v2:172.21.15.114:3300/0,v1:172.21.15.114:6789/0] conn(0x7f41ec104550 0x7f41ec104970 secure :-1 s=READY pgs=61 cs=0 l=1 rev1=1 crypto rx=0x7f41e80098a0 tx=0x7f41e8009bb0 comp rx=0 tx=0).ready entity=mon.0 client_cookie=2c78ba68a24a0c9f server_cookie=0 in_seq=0 out_seq=0
2024-02-19T18:52:28.726 INFO:teuthology.orchestra.run.smithi114.stdout:/usr/bin/ceph: stderr
2024-02-19T18:52:27.969+0000 7f41f119b700 1 -- 172.21.15.114:0/854824978 <== mon.0 v2:172.21.15.114:3300/0 1 ==== mon_map magic: 0 v1 ==== 229+0+0 (secure 0 0 0) 0x7f41e8004180 con 0x7f41ec104550
2024-02-19T18:52:28.726 INFO:teuthology.orchestra.run.smithi114.stdout:/usr/bin/ceph: stderr
2024-02-19T18:52:27.969+0000 7f41f119b700 1 -- 172.21.15.114:0/854824978 <== mon.0 v2:172.21.15.114:3300/0 2 ==== config(27 keys) v1 ==== 1101+0+0 (secure 0 0 0) 0x7f41e80042e0 con 0x7f41ec104550
2024-02-19T18:52:28.726 INFO:teuthology.orchestra.run.smithi114.stdout:/usr/bin/ceph: stderr
2024-02-19T18:52:27.969+0000 7f41f119b700 1 -- 172.21.15.114:0/854824978 <== mon.0 v2:172.21.15.114:3300/0 3 ==== mon_map magic: 0 v1 ==== 229+0+0 (secure 0 0 0) 0x7f41e8011af0 con 0x7f41ec104550
2024-02-19T18:52:28.726 INFO:teuthology.orchestra.run.smithi114.stdout:/usr/bin/ceph: stderr
2024-02-19T18:52:27.970+0000 7f41f319f700 1 -- 172.21.15.114:0/854824978 >> [v2:172.21.15.114:3300/0,v1:172.21.15.114:6789/0] conn(0x7f41ec104550 msgr2=0x7f41ec104970 secure :-1 s=STATE_CONNECTION_ESTABLISHED l=1).mark_down
2024-02-19T18:52:28.726 INFO:teuthology.orchestra.run.smithi114.stdout:/usr/bin/ceph: stderr
2024-02-19T18:52:27.970+0000 7f41f319f700 1 --2- 172.21.15.114:0/854824978 >> [v2:172.21.15.114:3300/0,v1:172.21.15.114:6789/0] conn(0x7f41ec104550 0x7f41ec104970 secure :-1 s=READY pgs=61 cs=0 l=1 rev1=1 crypto rx=0x7f41e80098a0 tx=0x7f41e8009bb0 comp rx=0 tx=0).stop
2024-02-19T18:52:28.726 INFO:teuthology.orchestra.run.smithi114.stdout:/usr/bin/ceph: stderr
2024-02-19T18:52:27.970+0000 7f41f319f700 1 -- 172.21.15.114:0/854824978 shutdown_connections
2024-02-19T18:52:28.726 INFO:teuthology.orchestra.run.smithi114.stdout:/usr/bin/ceph: stderr
2024-02-19T18:52:27.970+0000 7f41f319f700 1 --2- 172.21.15.114:0/854824978 >> [v2:172.21.15.114:3300/0,v1:172.21.15.114:6789/0] conn(0x7f41ec104550 0x7f41ec104970 unknown :-1 s=CLOSED pgs=61 cs=0 l=1 rev1=1 crypto rx=0 tx=0 comp rx=0 tx=0).stop
2024-02-19T18:52:28.727 INFO:teuthology.orchestra.run.smithi114.stdout:/usr/bin/ceph: stderr
2024-02-19T18:52:27.970+0000 7f41f319f700 1 -- 172.21.15.114:0/854824978 >> 172.21.15.114:0/854824978 conn(0x7f41ec0ffe40 msgr2=0x7f41ec1022c0 unknown :-1 s=STATE_NONE l=0).mark_down
2024-02-19T18:52:28.727 INFO:teuthology.orchestra.run.smithi114.stdout:/usr/bin/ceph: stderr
2024-02-19T18:52:27.970+0000 7f41f319f700 1 -- 172.21.15.114:0/854824978 shutdown_connections
2024-02-19T18:52:28.727 INFO:teuthology.orchestra.run.smithi114.stdout:/usr/bin/ceph: stderr
2024-02-19T18:52:27.970+0000 7f41f319f700 1 -- 172.21.15.114:0/854824978 wait complete.
2024-02-19T18:52:28.727 INFO:teuthology.orchestra.run.smithi114.stdout:/usr/bin/ceph: stderr
2024-02-19T18:52:27.971+0000 7f41f319f700 1 Processor -- start
2024-02-19T18:52:28.727 INFO:teuthology.orchestra.run.smithi114.stdout:/usr/bin/ceph: stderr
2024-02-19T18:52:27.971+0000 7f41f319f700 1 -- start start
2024-02-19T18:52:28.727 INFO:teuthology.orchestra.run.smithi114.stdout:/usr/bin/ceph: stderr
2024-02-19T18:52:27.971+0000 7f41f319f700 1 --2- >> [v2:172.21.15.114:3300/0,v1:172.21.15.114:6789/0] conn(0x7f41ec104550 0x7f41ec106e40 unknown :-1 s=NONE pgs=0 cs=0 l=1 rev1=0 crypto rx=0 tx=0 comp rx=0 tx=0).connect
2024-02-19T18:52:28.727 INFO:teuthology.orchestra.run.smithi114.stdout:/usr/bin/ceph: stderr
2024-02-19T18:52:27.971+0000 7f41f319f700 1 -- --> [v2:172.21.15.114:3300/0,v1:172.21.15.114:6789/0] -- mon_getmap magic: 0 v1 -- 0x7f41ec107380 con 0x7f41ec104550
2024-02-19T18:52:28.727 INFO:teuthology.orchestra.run.smithi114.stdout:/usr/bin/ceph: stderr
2024-02-19T18:52:27.971+0000 7f41f219d700 1 --2- >> [v2:172.21.15.114:3300/0,v1:172.21.15.114:6789/0] conn(0x7f41ec104550 0x7f41ec106e40 unknown :-1 s=BANNER_CONNECTING pgs=0 cs=0 l=1 rev1=0 crypto rx=0 tx=0 comp rx=0 tx=0)._handle_peer_banner_payload supported=3 required=0
2024-02-19T18:52:28.727 INFO:teuthology.orchestra.run.smithi114.stdout:/usr/bin/ceph: stderr
2024-02-19T18:52:27.971+0000 7f41f219d700 1 --2- >> [v2:172.21.15.114:3300/0,v1:172.21.15.114:6789/0] conn(0x7f41ec104550 0x7f41ec106e40 unknown :-1 s=HELLO_CONNECTING pgs=0 cs=0 l=1 rev1=1 crypto rx=0 tx=0 comp rx=0 tx=0).handle_hello peer v2:172.21.15.114:3300/0 says I am v2:172.21.15.114:57310/0 (socket says 172.21.15.114:57310)
2024-02-19T18:52:28.727 INFO:teuthology.orchestra.run.smithi114.stdout:/usr/bin/ceph: stderr
2024-02-19T18:52:27.971+0000 7f41f219d700 1 -- 172.21.15.114:0/2456776233 learned_addr learned my addr 172.21.15.114:0/2456776233 (peer_addr_for_me v2:172.21.15.114:0/0)
2024-02-19T18:52:28.727 INFO:teuthology.orchestra.run.smithi114.stdout:/usr/bin/ceph: stderr
2024-02-19T18:52:27.971+0000 7f41f219d700 1 -- 172.21.15.114:0/2456776233 --> [v2:172.21.15.114:3300/0,v1:172.21.15.114:6789/0] -- mon_subscribe({config=0+,monmap=0+}) v3 -- 0x7f41e8009550 con 0x7f41ec104550
2024-02-19T18:52:28.727 INFO:teuthology.orchestra.run.smithi114.stdout:/usr/bin/ceph: stderr
2024-02-19T18:52:27.971+0000 7f41f219d700 1 --2- 172.21.15.114:0/2456776233 >> [v2:172.21.15.114:3300/0,v1:172.21.15.114:6789/0] conn(0x7f41ec104550 0x7f41ec106e40 secure :-1 s=READY pgs=62 cs=0 l=1 rev1=1 crypto rx=0x7f41e8011670 tx=0x7f41e8011b50 comp rx=0 tx=0).ready entity=mon.0 client_cookie=0 server_cookie=0 in_seq=0 out_seq=0
2024-02-19T18:52:28.727 INFO:teuthology.orchestra.run.smithi114.stdout:/usr/bin/ceph: stderr
2024-02-19T18:52:27.971+0000 7f41e37fe700 1 -- 172.21.15.114:0/2456776233 <== mon.0 v2:172.21.15.114:3300/0 1 ==== mon_map magic: 0 v1 ==== 229+0+0 (secure 0 0 0) 0x7f41e80039f0 con 0x7f41ec104550
2024-02-19T18:52:28.727 INFO:teuthology.orchestra.run.smithi114.stdout:/usr/bin/ceph: stderr
2024-02-19T18:52:27.971+0000 7f41e37fe700 1 -- 172.21.15.114:0/2456776233 <== mon.0 v2:172.21.15.114:3300/0 2 ==== config(27 keys) v1 ==== 1101+0+0 (secure 0 0 0) 0x7f41e8003b50 con 0x7f41ec104550
2024-02-19T18:52:28.727 INFO:teuthology.orchestra.run.smithi114.stdout:/usr/bin/ceph: stderr
2024-02-19T18:52:27.972+0000 7f41f319f700 1 -- 172.21.15.114:0/2456776233 --> [v2:172.21.15.114:3300/0,v1:172.21.15.114:6789/0] -- mon_subscribe({mgrmap=0+}) v3 -- 0x7f41ec105490 con 0x7f41ec104550
2024-02-19T18:52:28.728 INFO:teuthology.orchestra.run.smithi114.stdout:/usr/bin/ceph: stderr
2024-02-19T18:52:27.972+0000 7f41e37fe700 1 -- 172.21.15.114:0/2456776233 <== mon.0 v2:172.21.15.114:3300/0 3 ==== mon_map magic: 0 v1 ==== 229+0+0 (secure 0 0 0) 0x7f41e80247c0 con 0x7f41ec104550
2024-02-19T18:52:28.728 INFO:teuthology.orchestra.run.smithi114.stdout:/usr/bin/ceph: stderr
2024-02-19T18:52:27.972+0000 7f41f319f700 1 -- 172.21.15.114:0/2456776233 --> [v2:172.21.15.114:3300/0,v1:172.21.15.114:6789/0] -- mon_subscribe({osdmap=0}) v3 -- 0x7f41ec105930 con 0x7f41ec104550
2024-02-19T18:52:28.728 INFO:teuthology.orchestra.run.smithi114.stdout:/usr/bin/ceph: stderr
2024-02-19T18:52:27.972+0000 7f41e37fe700 1 -- 172.21.15.114:0/2456776233 <== mon.0 v2:172.21.15.114:3300/0 4 ==== mgrmap(e 8) v1 ==== 45283+0+0 (secure 0 0 0) 0x7f41e802d3f0 con 0x7f41ec104550
2024-02-19T18:52:28.728 INFO:teuthology.orchestra.run.smithi114.stdout:/usr/bin/ceph: stderr
2024-02-19T18:52:27.972+0000 7f41f319f700 1 -- 172.21.15.114:0/2456776233 --> [v2:172.21.15.114:3300/0,v1:172.21.15.114:6789/0] -- mon_command({"prefix": "get_command_descriptions"} v 0) v1 -- 0x7f41ec0623c0 con 0x7f41ec104550
2024-02-19T18:52:28.728 INFO:teuthology.orchestra.run.smithi114.stdout:/usr/bin/ceph: stderr
2024-02-19T18:52:27.973+0000 7f41e37fe700 1 --2- 172.21.15.114:0/2456776233 >> [v2:172.21.15.114:6800/971741305,v1:172.21.15.114:6801/971741305] conn(0x7f41d8038320 0x7f41d803a7e0 unknown :-1 s=NONE pgs=0 cs=0 l=1 rev1=0 crypto rx=0 tx=0 comp rx=0 tx=0).connect
2024-02-19T18:52:28.728 INFO:teuthology.orchestra.run.smithi114.stdout:/usr/bin/ceph: stderr
2024-02-19T18:52:27.973+0000 7f41e37fe700 1 -- 172.21.15.114:0/2456776233 <== mon.0 v2:172.21.15.114:3300/0 5 ==== osd_map(2..2 src has 1..2) v4 ==== 940+0+0 (secure 0 0 0) 0x7f41e804c500 con 0x7f41ec104550
2024-02-19T18:52:28.728 INFO:teuthology.orchestra.run.smithi114.stdout:/usr/bin/ceph: stderr
2024-02-19T18:52:27.973+0000 7f41f199c700 1 --2- 172.21.15.114:0/2456776233 >> [v2:172.21.15.114:6800/971741305,v1:172.21.15.114:6801/971741305] conn(0x7f41d8038320 0x7f41d803a7e0 unknown :-1 s=BANNER_CONNECTING pgs=0 cs=0 l=1 rev1=0 crypto rx=0 tx=0 comp rx=0 tx=0)._handle_peer_banner_payload supported=3 required=0
2024-02-19T18:52:28.728 INFO:teuthology.orchestra.run.smithi114.stdout:/usr/bin/ceph: stderr
2024-02-19T18:52:27.973+0000 7f41f199c700 1 --2- 172.21.15.114:0/2456776233 >> [v2:172.21.15.114:6800/971741305,v1:172.21.15.114:6801/971741305] conn(0x7f41d8038320 0x7f41d803a7e0 secure :-1 s=READY pgs=20 cs=0 l=1 rev1=1 crypto rx=0x7f41dc006fd0 tx=0x7f41dc006e40 comp rx=0 tx=0).ready entity=mgr.14118 client_cookie=0 server_cookie=0 in_seq=0 out_seq=0
2024-02-19T18:52:28.728 INFO:teuthology.orchestra.run.smithi114.stdout:/usr/bin/ceph: stderr
2024-02-19T18:52:27.977+0000 7f41e37fe700 1 -- 172.21.15.114:0/2456776233 <== mon.0 v2:172.21.15.114:3300/0 6 ==== mon_command_ack([{"prefix": "get_command_descriptions"}]=0 v0) v1 ==== 72+0+180422 (secure 0 0 0) 0x7f41e8010970 con 0x7f41ec104550
2024-02-19T18:52:28.728 INFO:teuthology.orchestra.run.smithi114.stdout:/usr/bin/ceph: stderr
2024-02-19T18:52:28.172+0000 7f41f319f700 1 -- 172.21.15.114:0/2456776233 --> [v2:172.21.15.114:3300/0,v1:172.21.15.114:6789/0] -- mon_command([{prefix=config set, name=mgr/cephadm/container_init}] v 0) v1 -- 0x7f41ec10a6e0 con 0x7f41ec104550
2024-02-19T18:52:28.728 INFO:teuthology.orchestra.run.smithi114.stdout:/usr/bin/ceph: stderr
2024-02-19T18:52:28.175+0000 7f41e37fe700 1 -- 172.21.15.114:0/2456776233 <== mon.0 v2:172.21.15.114:3300/0 7 ==== mon_command_ack([{prefix=config set, name=mgr/cephadm/container_init}]=0 v7)=0 v7) v1 ==== 142+0+0 (secure 0 0 0) 0x7f41e8010380 con 0x7f41ec104550
2024-02-19T18:52:28.728 INFO:teuthology.orchestra.run.smithi114.stdout:/usr/bin/ceph: stderr
2024-02-19T18:52:28.178+0000 7f41f319f700 1 -- 172.21.15.114:0/2456776233 >> [v2:172.21.15.114:6800/971741305,v1:172.21.15.114:6801/971741305] conn(0x7f41d8038320 msgr2=0x7f41d803a7e0 secure :-1 s=STATE_CONNECTION_ESTABLISHED l=1).mark_down
2024-02-19T18:52:28.728 INFO:teuthology.orchestra.run.smithi114.stdout:/usr/bin/ceph: stderr
2024-02-19T18:52:28.178+0000 7f41f319f700 1 --2- 172.21.15.114:0/2456776233 >> [v2:172.21.15.114:6800/971741305,v1:172.21.15.114:6801/971741305] conn(0x7f41d8038320 0x7f41d803a7e0 secure :-1 s=READY pgs=20 cs=0 l=1 rev1=1 crypto rx=0x7f41dc006fd0 tx=0x7f41dc006e40 comp rx=0 tx=0).stop
2024-02-19T18:52:28.728 INFO:teuthology.orchestra.run.smithi114.stdout:/usr/bin/ceph: stderr
2024-02-19T18:52:28.178+0000 7f41f319f700 1 -- 172.21.15.114:0/2456776233 >> [v2:172.21.15.114:3300/0,v1:172.21.15.114:6789/0] conn(0x7f41ec104550 msgr2=0x7f41ec106e40 secure :-1 s=STATE_CONNECTION_ESTABLISHED l=1).mark_down
2024-02-19T18:52:28.728 INFO:teuthology.orchestra.run.smithi114.stdout:/usr/bin/ceph: stderr
2024-02-19T18:52:28.178+0000 7f41f319f700 1 --2- 172.21.15.114:0/2456776233 >> [v2:172.21.15.114:3300/0,v1:172.21.15.114:6789/0] conn(0x7f41ec104550 0x7f41ec106e40 secure :-1 s=READY pgs=62 cs=0 l=1 rev1=1 crypto rx=0x7f41e8011670 tx=0x7f41e8011b50 comp rx=0 tx=0).stop
2024-02-19T18:52:28.729 INFO:teuthology.orchestra.run.smithi114.stdout:/usr/bin/ceph: stderr
2024-02-19T18:52:28.178+0000 7f41f319f700 1 -- 172.21.15.114:0/2456776233 shutdown_connections
2024-02-19T18:52:28.729 INFO:teuthology.orchestra.run.smithi114.stdout:/usr/bin/ceph: stderr
2024-02-19T18:52:28.178+0000 7f41f319f700 1 --2- 172.21.15.114:0/2456776233 >> [v2:172.21.15.114:6800/971741305,v1:172.21.15.114:6801/971741305] conn(0x7f41d8038320 0x7f41d803a7e0 unknown :-1 s=CLOSED pgs=20 cs=0 l=1 rev1=1 crypto rx=0 tx=0 comp rx=0 tx=0).stop
2024-02-19T18:52:28.729 INFO:teuthology.orchestra.run.smithi114.stdout:/usr/bin/ceph: stderr
2024-02-19T18:52:28.178+0000 7f41f319f700 1 --2- 172.21.15.114:0/2456776233 >> [v2:172.21.15.114:3300/0,v1:172.21.15.114:6789/0] conn(0x7f41ec104550 0x7f41ec106e40 unknown :-1 s=CLOSED pgs=62 cs=0 l=1 rev1=1 crypto rx=0 tx=0 comp rx=0 tx=0).stop
2024-02-19T18:52:28.729 INFO:teuthology.orchestra.run.smithi114.stdout:/usr/bin/ceph: stderr
2024-02-19T18:52:28.178+0000 7f41f319f700 1 -- 172.21.15.114:0/2456776233 >> 172.21.15.114:0/2456776233 conn(0x7f41ec0ffe40 msgr2=0x7f41ec1015d0 unknown :-1 s=STATE_NONE l=0).mark_down
2024-02-19T18:52:28.729 INFO:teuthology.orchestra.run.smithi114.stdout:/usr/bin/ceph: stderr
2024-02-19T18:52:28.178+0000 7f41f319f700 1 -- 172.21.15.114:0/2456776233 shutdown_connections
2024-02-19T18:52:28.729 INFO:teuthology.orchestra.run.smithi114.stdout:/usr/bin/ceph: stderr
2024-02-19T18:52:28.178+0000 7f41f319f700 1 -- 172.21.15.114:0/2456776233 wait complete.
2024-02-19T18:52:29.534 INFO:journalctl@ceph.mon.smithi114.smithi114.stdout:Feb 19 18:52:29 smithi114 ceph-mon[29441]: from='client.? 172.21.15.114:0/2456776233' entity='client.admin'
2024-02-19T18:52:29.949 INFO:teuthology.orchestra.run.smithi114.stdout:/usr/bin/ceph: stderr
2024-02-19T18:52:29.121+0000 7ff0fad9f700 1 Processor -- start
2024-02-19T18:52:29.949 INFO:teuthology.orchestra.run.smithi114.stdout:/usr/bin/ceph: stderr
2024-02-19T18:52:29.121+0000 7ff0fad9f700 1 -- start start
2024-02-19T18:52:29.949 INFO:teuthology.orchestra.run.smithi114.stdout:/usr/bin/ceph: stderr
2024-02-19T18:52:29.121+0000 7ff0fad9f700 1 --2- >> [v2:172.21.15.114:3300/0,v1:172.21.15.114:6789/0] conn(0x7ff0f4105340 0x7ff0f4105760 unknown :-1 s=NONE pgs=0 cs=0 l=0 rev1=0 crypto rx=0 tx=0 comp rx=0 tx=0).connect
2024-02-19T18:52:29.949 INFO:teuthology.orchestra.run.smithi114.stdout:/usr/bin/ceph: stderr
2024-02-19T18:52:29.121+0000 7ff0fad9f700 1 -- --> [v2:172.21.15.114:3300/0,v1:172.21.15.114:6789/0] -- mon_getmap magic: 0 v1 -- 0x7ff0f4105d30 con 0x7ff0f4105340
2024-02-19T18:52:29.949 INFO:teuthology.orchestra.run.smithi114.stdout:/usr/bin/ceph: stderr
2024-02-19T18:52:29.121+0000 7ff0f8b3b700 1 --2- >> [v2:172.21.15.114:3300/0,v1:172.21.15.114:6789/0] conn(0x7ff0f4105340 0x7ff0f4105760 unknown :-1 s=BANNER_CONNECTING pgs=0 cs=0 l=0 rev1=0 crypto rx=0 tx=0 comp rx=0 tx=0)._handle_peer_banner_payload supported=3 required=0
2024-02-19T18:52:29.949 INFO:teuthology.orchestra.run.smithi114.stdout:/usr/bin/ceph: stderr
2024-02-19T18:52:29.122+0000 7ff0f8b3b700 1 --2- >> [v2:172.21.15.114:3300/0,v1:172.21.15.114:6789/0] conn(0x7ff0f4105340 0x7ff0f4105760 unknown :-1 s=HELLO_CONNECTING pgs=0 cs=0 l=0 rev1=1 crypto rx=0 tx=0 comp rx=0 tx=0).handle_hello peer v2:172.21.15.114:3300/0 says I am v2:172.21.15.114:57312/0 (socket says 172.21.15.114:57312)
2024-02-19T18:52:29.949 INFO:teuthology.orchestra.run.smithi114.stdout:/usr/bin/ceph: stderr
2024-02-19T18:52:29.122+0000 7ff0f8b3b700 1 -- 172.21.15.114:0/2218014762 learned_addr learned my addr 172.21.15.114:0/2218014762 (peer_addr_for_me v2:172.21.15.114:0/0)
2024-02-19T18:52:29.949 INFO:teuthology.orchestra.run.smithi114.stdout:/usr/bin/ceph: stderr
2024-02-19T18:52:29.122+0000 7ff0f8b3b700 1 -- 172.21.15.114:0/2218014762 --> [v2:172.21.15.114:3300/0,v1:172.21.15.114:6789/0] -- mon_subscribe({config=0+,monmap=0+}) v3 -- 0x7ff0f4106540 con 0x7ff0f4105340
2024-02-19T18:52:29.949 INFO:teuthology.orchestra.run.smithi114.stdout:/usr/bin/ceph: stderr
2024-02-19T18:52:29.122+0000 7ff0f8b3b700 1 --2- 172.21.15.114:0/2218014762 >> [v2:172.21.15.114:3300/0,v1:172.21.15.114:6789/0] conn(0x7ff0f4105340 0x7ff0f4105760 secure :-1 s=READY pgs=63 cs=0 l=1 rev1=1 crypto rx=0x7ff0f00098a0 tx=0x7ff0f0009bb0 comp rx=0 tx=0).ready entity=mon.0 client_cookie=5d464c5c6f66ce83 server_cookie=0 in_seq=0 out_seq=0
2024-02-19T18:52:29.949 INFO:teuthology.orchestra.run.smithi114.stdout:/usr/bin/ceph: stderr
2024-02-19T18:52:29.122+0000 7ff0eb7fe700 1 -- 172.21.15.114:0/2218014762 <== mon.0 v2:172.21.15.114:3300/0 1 ==== mon_map magic: 0 v1 ==== 229+0+0 (secure 0 0 0) 0x7ff0f0004180 con 0x7ff0f4105340
2024-02-19T18:52:29.949 INFO:teuthology.orchestra.run.smithi114.stdout:/usr/bin/ceph: stderr
2024-02-19T18:52:29.122+0000 7ff0eb7fe700 1 -- 172.21.15.114:0/2218014762 <== mon.0 v2:172.21.15.114:3300/0 2 ==== config(27 keys) v1 ==== 1101+0+0 (secure 0 0 0) 0x7ff0f00042e0 con 0x7ff0f4105340
2024-02-19T18:52:29.949 INFO:teuthology.orchestra.run.smithi114.stdout:/usr/bin/ceph: stderr
2024-02-19T18:52:29.122+0000 7ff0eb7fe700 1 -- 172.21.15.114:0/2218014762 <== mon.0 v2:172.21.15.114:3300/0 3 ==== mon_map magic: 0 v1 ==== 229+0+0 (secure 0 0 0) 0x7ff0f0011af0 con 0x7ff0f4105340
2024-02-19T18:52:29.950 INFO:teuthology.orchestra.run.smithi114.stdout:/usr/bin/ceph: stderr
2024-02-19T18:52:29.123+0000 7ff0fad9f700 1 -- 172.21.15.114:0/2218014762 >> [v2:172.21.15.114:3300/0,v1:172.21.15.114:6789/0] conn(0x7ff0f4105340 msgr2=0x7ff0f4105760 secure :-1 s=STATE_CONNECTION_ESTABLISHED l=1).mark_down
2024-02-19T18:52:29.950 INFO:teuthology.orchestra.run.smithi114.stdout:/usr/bin/ceph: stderr
2024-02-19T18:52:29.123+0000 7ff0fad9f700 1 --2- 172.21.15.114:0/2218014762 >> [v2:172.21.15.114:3300/0,v1:172.21.15.114:6789/0] conn(0x7ff0f4105340 0x7ff0f4105760 secure :-1 s=READY pgs=63 cs=0 l=1 rev1=1 crypto rx=0x7ff0f00098a0 tx=0x7ff0f0009bb0 comp rx=0 tx=0).stop
2024-02-19T18:52:29.950 INFO:teuthology.orchestra.run.smithi114.stdout:/usr/bin/ceph: stderr
2024-02-19T18:52:29.123+0000 7ff0fad9f700 1 -- 172.21.15.114:0/2218014762 shutdown_connections
2024-02-19T18:52:29.950 INFO:teuthology.orchestra.run.smithi114.stdout:/usr/bin/ceph: stderr
2024-02-19T18:52:29.123+0000 7ff0fad9f700 1 --2- 172.21.15.114:0/2218014762 >> [v2:172.21.15.114:3300/0,v1:172.21.15.114:6789/0] conn(0x7ff0f4105340 0x7ff0f4105760 unknown :-1 s=CLOSED pgs=63 cs=0 l=1 rev1=1 crypto rx=0 tx=0 comp rx=0 tx=0).stop
2024-02-19T18:52:29.950 INFO:teuthology.orchestra.run.smithi114.stdout:/usr/bin/ceph: stderr
2024-02-19T18:52:29.123+0000 7ff0fad9f700 1 -- 172.21.15.114:0/2218014762 >> 172.21.15.114:0/2218014762 conn(0x7ff0f41008c0 msgr2=0x7ff0f4102d20 unknown :-1 s=STATE_NONE l=0).mark_down
2024-02-19T18:52:29.950 INFO:teuthology.orchestra.run.smithi114.stdout:/usr/bin/ceph: stderr
2024-02-19T18:52:29.123+0000 7ff0fad9f700 1 -- 172.21.15.114:0/2218014762 shutdown_connections
2024-02-19T18:52:29.950 INFO:teuthology.orchestra.run.smithi114.stdout:/usr/bin/ceph: stderr
2024-02-19T18:52:29.123+0000 7ff0fad9f700 1 -- 172.21.15.114:0/2218014762 wait complete.
2024-02-19T18:52:29.950 INFO:teuthology.orchestra.run.smithi114.stdout:/usr/bin/ceph: stderr
2024-02-19T18:52:29.123+0000 7ff0fad9f700 1 Processor -- start
2024-02-19T18:52:29.950 INFO:teuthology.orchestra.run.smithi114.stdout:/usr/bin/ceph: stderr
2024-02-19T18:52:29.123+0000 7ff0fad9f700 1 -- start start
2024-02-19T18:52:29.950 INFO:teuthology.orchestra.run.smithi114.stdout:/usr/bin/ceph: stderr
2024-02-19T18:52:29.123+0000 7ff0fad9f700 1 --2- >> [v2:172.21.15.114:3300/0,v1:172.21.15.114:6789/0] conn(0x7ff0f4105340 0x7ff0f4074360 unknown :-1 s=NONE pgs=0 cs=0 l=1 rev1=0 crypto rx=0 tx=0 comp rx=0 tx=0).connect
2024-02-19T18:52:29.950 INFO:teuthology.orchestra.run.smithi114.stdout:/usr/bin/ceph: stderr
2024-02-19T18:52:29.123+0000 7ff0fad9f700 1 -- --> [v2:172.21.15.114:3300/0,v1:172.21.15.114:6789/0] -- mon_getmap magic: 0 v1 -- 0x7ff0f419ce70 con 0x7ff0f4105340
2024-02-19T18:52:29.950 INFO:teuthology.orchestra.run.smithi114.stdout:/usr/bin/ceph: stderr
2024-02-19T18:52:29.124+0000 7ff0f8b3b700 1 --2- >> [v2:172.21.15.114:3300/0,v1:172.21.15.114:6789/0] conn(0x7ff0f4105340 0x7ff0f4074360 unknown :-1 s=BANNER_CONNECTING pgs=0 cs=0 l=1 rev1=0 crypto rx=0 tx=0 comp rx=0 tx=0)._handle_peer_banner_payload supported=3 required=0
2024-02-19T18:52:29.950 INFO:teuthology.orchestra.run.smithi114.stdout:/usr/bin/ceph: stderr
2024-02-19T18:52:29.124+0000 7ff0f8b3b700 1 --2- >> [v2:172.21.15.114:3300/0,v1:172.21.15.114:6789/0] conn(0x7ff0f4105340 0x7ff0f4074360 unknown :-1 s=HELLO_CONNECTING pgs=0 cs=0 l=1 rev1=1 crypto rx=0 tx=0 comp rx=0 tx=0).handle_hello peer v2:172.21.15.114:3300/0 says I am v2:172.21.15.114:57320/0 (socket says 172.21.15.114:57320)
2024-02-19T18:52:29.950 INFO:teuthology.orchestra.run.smithi114.stdout:/usr/bin/ceph: stderr
2024-02-19T18:52:29.124+0000 7ff0f8b3b700 1 -- 172.21.15.114:0/3307704883 learned_addr learned my addr 172.21.15.114:0/3307704883 (peer_addr_for_me v2:172.21.15.114:0/0)
2024-02-19T18:52:29.950 INFO:teuthology.orchestra.run.smithi114.stdout:/usr/bin/ceph: stderr
2024-02-19T18:52:29.124+0000 7ff0f8b3b700 1 -- 172.21.15.114:0/3307704883 --> [v2:172.21.15.114:3300/0,v1:172.21.15.114:6789/0] -- mon_subscribe({config=0+,monmap=0+}) v3 -- 0x7ff0f0009550 con 0x7ff0f4105340
2024-02-19T18:52:29.951 INFO:teuthology.orchestra.run.smithi114.stdout:/usr/bin/ceph: stderr
2024-02-19T18:52:29.124+0000 7ff0f8b3b700 1 --2- 172.21.15.114:0/3307704883 >> [v2:172.21.15.114:3300/0,v1:172.21.15.114:6789/0] conn(0x7ff0f4105340 0x7ff0f4074360 secure :-1 s=READY pgs=64 cs=0 l=1 rev1=1 crypto rx=0x7ff0f0011670 tx=0x7ff0f0011aa0 comp rx=0 tx=0).ready entity=mon.0 client_cookie=0 server_cookie=0 in_seq=0 out_seq=0
2024-02-19T18:52:29.951 INFO:teuthology.orchestra.run.smithi114.stdout:/usr/bin/ceph: stderr
2024-02-19T18:52:29.124+0000 7ff0e9ffb700 1 -- 172.21.15.114:0/3307704883 <== mon.0 v2:172.21.15.114:3300/0 1 ==== mon_map magic: 0 v1 ==== 229+0+0 (secure 0 0 0) 0x7ff0f00039c0 con 0x7ff0f4105340
2024-02-19T18:52:29.951 INFO:teuthology.orchestra.run.smithi114.stdout:/usr/bin/ceph: stderr
2024-02-19T18:52:29.124+0000 7ff0e9ffb700 1 -- 172.21.15.114:0/3307704883 <== mon.0 v2:172.21.15.114:3300/0 2 ==== config(27 keys) v1 ==== 1101+0+0 (secure 0 0 0) 0x7ff0f0003b20 con 0x7ff0f4105340
2024-02-19T18:52:29.951 INFO:teuthology.orchestra.run.smithi114.stdout:/usr/bin/ceph: stderr
2024-02-19T18:52:29.124+0000 7ff0fad9f700 1 -- 172.21.15.114:0/3307704883 --> [v2:172.21.15.114:3300/0,v1:172.21.15.114:6789/0] -- mon_subscribe({mgrmap=0+}) v3 -- 0x7ff0f419cfb0 con 0x7ff0f4105340
2024-02-19T18:52:29.951 INFO:teuthology.orchestra.run.smithi114.stdout:/usr/bin/ceph: stderr
2024-02-19T18:52:29.124+0000 7ff0e9ffb700 1 -- 172.21.15.114:0/3307704883 <== mon.0 v2:172.21.15.114:3300/0 3 ==== mon_map magic: 0 v1 ==== 229+0+0 (secure 0 0 0) 0x7ff0f00247f0 con 0x7ff0f4105340
2024-02-19T18:52:29.951 INFO:teuthology.orchestra.run.smithi114.stdout:/usr/bin/ceph: stderr
2024-02-19T18:52:29.124+0000 7ff0fad9f700 1 -- 172.21.15.114:0/3307704883 --> [v2:172.21.15.114:3300/0,v1:172.21.15.114:6789/0] -- mon_subscribe({osdmap=0}) v3 -- 0x7ff0f419d450 con 0x7ff0f4105340
2024-02-19T18:52:29.951 INFO:teuthology.orchestra.run.smithi114.stdout:/usr/bin/ceph: stderr
2024-02-19T18:52:29.125+0000 7ff0e9ffb700 1 -- 172.21.15.114:0/3307704883 <== mon.0 v2:172.21.15.114:3300/0 4 ==== mgrmap(e 8) v1 ==== 45283+0+0 (secure 0 0 0) 0x7ff0f001ac70 con 0x7ff0f4105340
2024-02-19T18:52:29.951 INFO:teuthology.orchestra.run.smithi114.stdout:/usr/bin/ceph: stderr
2024-02-19T18:52:29.125+0000 7ff0fad9f700 1 -- 172.21.15.114:0/3307704883 --> [v2:172.21.15.114:3300/0,v1:172.21.15.114:6789/0] -- mon_command({"prefix": "get_command_descriptions"} v 0) v1 -- 0x7ff0f40623c0 con 0x7ff0f4105340
2024-02-19T18:52:29.951 INFO:teuthology.orchestra.run.smithi114.stdout:/usr/bin/ceph: stderr
2024-02-19T18:52:29.125+0000 7ff0e9ffb700 1 --2- 172.21.15.114:0/3307704883 >> [v2:172.21.15.114:6800/971741305,v1:172.21.15.114:6801/971741305] conn(0x7ff0dc038330 0x7ff0dc03a7f0 unknown :-1 s=NONE pgs=0 cs=0 l=1 rev1=0 crypto rx=0 tx=0 comp rx=0 tx=0).connect
2024-02-19T18:52:29.951 INFO:teuthology.orchestra.run.smithi114.stdout:/usr/bin/ceph: stderr
2024-02-19T18:52:29.126+0000 7ff0e9ffb700 1 -- 172.21.15.114:0/3307704883 <== mon.0 v2:172.21.15.114:3300/0 5 ==== osd_map(2..2 src has 1..2) v4 ==== 940+0+0 (secure 0 0 0) 0x7ff0f004c270 con 0x7ff0f4105340
2024-02-19T18:52:29.951 INFO:teuthology.orchestra.run.smithi114.stdout:/usr/bin/ceph: stderr
2024-02-19T18:52:29.126+0000 7ff0ebfff700 1 --2- 172.21.15.114:0/3307704883 >> [v2:172.21.15.114:6800/971741305,v1:172.21.15.114:6801/971741305] conn(0x7ff0dc038330 0x7ff0dc03a7f0 unknown :-1 s=BANNER_CONNECTING pgs=0 cs=0 l=1 rev1=0 crypto rx=0 tx=0 comp rx=0 tx=0)._handle_peer_banner_payload supported=3 required=0
2024-02-19T18:52:29.951 INFO:teuthology.orchestra.run.smithi114.stdout:/usr/bin/ceph: stderr
2024-02-19T18:52:29.126+0000 7ff0ebfff700 1 --2- 172.21.15.114:0/3307704883 >> [v2:172.21.15.114:6800/971741305,v1:172.21.15.114:6801/971741305] conn(0x7ff0dc038330 0x7ff0dc03a7f0 secure :-1 s=READY pgs=21 cs=0 l=1 rev1=1 crypto rx=0x7ff0e4006fd0 tx=0x7ff0e4006e40 comp rx=0 tx=0).ready entity=mgr.14118 client_cookie=0 server_cookie=0 in_seq=0 out_seq=0
2024-02-19T18:52:29.951 INFO:teuthology.orchestra.run.smithi114.stdout:/usr/bin/ceph: stderr
2024-02-19T18:52:29.130+0000 7ff0e9ffb700 1 -- 172.21.15.114:0/3307704883 <== mon.0 v2:172.21.15.114:3300/0 6 ==== mon_command_ack([{"prefix": "get_command_descriptions"}]=0 v0) v1 ==== 72+0+180422 (secure 0 0 0) 0x7ff0f0018740 con 0x7ff0f4105340
2024-02-19T18:52:29.951 INFO:teuthology.orchestra.run.smithi114.stdout:/usr/bin/ceph: stderr
2024-02-19T18:52:29.318+0000 7ff0fad9f700 1 -- 172.21.15.114:0/3307704883 --> [v2:172.21.15.114:3300/0,v1:172.21.15.114:6789/0] -- mon_command([{prefix=config set, name=mgr/dashboard/ssl_server_port}] v 0) v1 -- 0x7ff0f4109770 con 0x7ff0f4105340
2024-02-19T18:52:29.951 INFO:teuthology.orchestra.run.smithi114.stdout:/usr/bin/ceph: stderr
2024-02-19T18:52:29.322+0000 7ff0e9ffb700 1 -- 172.21.15.114:0/3307704883 <== mon.0 v2:172.21.15.114:3300/0 7 ==== mon_command_ack([{prefix=config set, name=mgr/dashboard/ssl_server_port}]=0 v8)=0 v8) v1 ==== 130+0+0 (secure 0 0 0) 0x7ff0f0018350 con 0x7ff0f4105340
2024-02-19T18:52:29.952 INFO:teuthology.orchestra.run.smithi114.stdout:/usr/bin/ceph: stderr
2024-02-19T18:52:29.324+0000 7ff0fad9f700 1 -- 172.21.15.114:0/3307704883 >> [v2:172.21.15.114:6800/971741305,v1:172.21.15.114:6801/971741305] conn(0x7ff0dc038330 msgr2=0x7ff0dc03a7f0 secure :-1 s=STATE_CONNECTION_ESTABLISHED l=1).mark_down
2024-02-19T18:52:29.952 INFO:teuthology.orchestra.run.smithi114.stdout:/usr/bin/ceph: stderr
2024-02-19T18:52:29.324+0000 7ff0fad9f700 1 --2- 172.21.15.114:0/3307704883 >> [v2:172.21.15.114:6800/971741305,v1:172.21.15.114:6801/971741305] conn(0x7ff0dc038330 0x7ff0dc03a7f0 secure :-1 s=READY pgs=21 cs=0 l=1 rev1=1 crypto rx=0x7ff0e4006fd0 tx=0x7ff0e4006e40 comp rx=0 tx=0).stop
2024-02-19T18:52:29.952 INFO:teuthology.orchestra.run.smithi114.stdout:/usr/bin/ceph: stderr
2024-02-19T18:52:29.324+0000 7ff0fad9f700 1 -- 172.21.15.114:0/3307704883 >> [v2:172.21.15.114:3300/0,v1:172.21.15.114:6789/0] conn(0x7ff0f4105340 msgr2=0x7ff0f4074360 secure :-1 s=STATE_CONNECTION_ESTABLISHED l=1).mark_down
2024-02-19T18:52:29.952 INFO:teuthology.orchestra.run.smithi114.stdout:/usr/bin/ceph: stderr
2024-02-19T18:52:29.324+0000 7ff0fad9f700 1 --2- 172.21.15.114:0/3307704883 >> [v2:172.21.15.114:3300/0,v1:172.21.15.114:6789/0] conn(0x7ff0f4105340 0x7ff0f4074360 secure :-1 s=READY pgs=64 cs=0 l=1 rev1=1 crypto rx=0x7ff0f0011670 tx=0x7ff0f0011aa0 comp rx=0 tx=0).stop
2024-02-19T18:52:29.952 INFO:teuthology.orchestra.run.smithi114.stdout:/usr/bin/ceph: stderr
2024-02-19T18:52:29.324+0000 7ff0fad9f700 1 -- 172.21.15.114:0/3307704883 shutdown_connections
2024-02-19T18:52:29.952 INFO:teuthology.orchestra.run.smithi114.stdout:/usr/bin/ceph: stderr
2024-02-19T18:52:29.324+0000 7ff0fad9f700 1 --2- 172.21.15.114:0/3307704883 >> [v2:172.21.15.114:6800/971741305,v1:172.21.15.114:6801/971741305] conn(0x7ff0dc038330 0x7ff0dc03a7f0 unknown :-1 s=CLOSED pgs=21 cs=0 l=1 rev1=1 crypto rx=0 tx=0 comp rx=0 tx=0).stop
2024-02-19T18:52:29.952 INFO:teuthology.orchestra.run.smithi114.stdout:/usr/bin/ceph: stderr
2024-02-19T18:52:29.324+0000 7ff0fad9f700 1 --2- 172.21.15.114:0/3307704883 >> [v2:172.21.15.114:3300/0,v1:172.21.15.114:6789/0] conn(0x7ff0f4105340 0x7ff0f4074360 unknown :-1 s=CLOSED pgs=64 cs=0 l=1 rev1=1 crypto rx=0 tx=0 comp rx=0 tx=0).stop
2024-02-19T18:52:29.952 INFO:teuthology.orchestra.run.smithi114.stdout:/usr/bin/ceph: stderr
2024-02-19T18:52:29.324+0000 7ff0fad9f700 1 -- 172.21.15.114:0/3307704883 >> 172.21.15.114:0/3307704883 conn(0x7ff0f41008c0 msgr2=0x7ff0f4101fd0 unknown :-1 s=STATE_NONE l=0).mark_down
2024-02-19T18:52:29.952 INFO:teuthology.orchestra.run.smithi114.stdout:/usr/bin/ceph: stderr
2024-02-19T18:52:29.324+0000 7ff0fad9f700 1 -- 172.21.15.114:0/3307704883 shutdown_connections
2024-02-19T18:52:29.952 INFO:teuthology.orchestra.run.smithi114.stdout:/usr/bin/ceph: stderr
2024-02-19T18:52:29.324+0000 7ff0fad9f700 1 -- 172.21.15.114:0/3307704883 wait complete.
2024-02-19T18:52:29.952 INFO:teuthology.orchestra.run.smithi114.stdout:Enabling the dashboard module...
2024-02-19T18:52:30.534 INFO:journalctl@ceph.mon.smithi114.smithi114.stdout:Feb 19 18:52:30 smithi114 ceph-mon[29441]: from='client.? 172.21.15.114:0/3307704883' entity='client.admin'
2024-02-19T18:52:30.535 INFO:journalctl@ceph.mon.smithi114.smithi114.stdout:Feb 19 18:52:30 smithi114 ceph-mon[29441]: pgmap v5: 0 pgs: ; 0 B data, 0 B used, 0 B / 0 B avail
2024-02-19T18:52:31.655 INFO:journalctl@ceph.mon.smithi114.smithi114.stdout:Feb 19 18:52:31 smithi114 ceph-mon[29441]: from='client.? 172.21.15.114:0/4264241275' entity='client.admin' cmd=[{"prefix": "mgr module enable", "module": "dashboard"}]: dispatch
2024-02-19T18:52:31.998 INFO:teuthology.orchestra.run.smithi114.stdout:/usr/bin/ceph: stderr
2024-02-19T18:52:30.344+0000 7fb73bd3a700 1 Processor -- start
2024-02-19T18:52:31.998 INFO:teuthology.orchestra.run.smithi114.stdout:/usr/bin/ceph: stderr
2024-02-19T18:52:30.344+0000 7fb73bd3a700 1 -- start start
2024-02-19T18:52:31.998 INFO:teuthology.orchestra.run.smithi114.stdout:/usr/bin/ceph: stderr
2024-02-19T18:52:30.344+0000 7fb73bd3a700 1 --2- >> [v2:172.21.15.114:3300/0,v1:172.21.15.114:6789/0] conn(0x7fb73407bef0 0x7fb73407a350 unknown :-1 s=NONE pgs=0 cs=0 l=0 rev1=0 crypto rx=0 tx=0 comp rx=0 tx=0).connect
2024-02-19T18:52:31.998 INFO:teuthology.orchestra.run.smithi114.stdout:/usr/bin/ceph: stderr
2024-02-19T18:52:30.344+0000 7fb73bd3a700 1 -- --> [v2:172.21.15.114:3300/0,v1:172.21.15.114:6789/0] -- mon_getmap magic: 0 v1 -- 0x7fb73407a920 con 0x7fb73407bef0
2024-02-19T18:52:31.998 INFO:teuthology.orchestra.run.smithi114.stdout:/usr/bin/ceph: stderr
2024-02-19T18:52:30.344+0000 7fb739ad6700 1 --2- >> [v2:172.21.15.114:3300/0,v1:172.21.15.114:6789/0] conn(0x7fb73407bef0 0x7fb73407a350 unknown :-1 s=BANNER_CONNECTING pgs=0 cs=0 l=0 rev1=0 crypto rx=0 tx=0 comp rx=0 tx=0)._handle_peer_banner_payload supported=3 required=0
2024-02-19T18:52:31.998 INFO:teuthology.orchestra.run.smithi114.stdout:/usr/bin/ceph: stderr
2024-02-19T18:52:30.344+0000 7fb739ad6700 1 --2- >> [v2:172.21.15.114:3300/0,v1:172.21.15.114:6789/0] conn(0x7fb73407bef0 0x7fb73407a350 unknown :-1 s=HELLO_CONNECTING pgs=0 cs=0 l=0 rev1=1 crypto rx=0 tx=0 comp rx=0 tx=0).handle_hello peer v2:172.21.15.114:3300/0 says I am v2:172.21.15.114:57334/0 (socket says 172.21.15.114:57334)
2024-02-19T18:52:31.998 INFO:teuthology.orchestra.run.smithi114.stdout:/usr/bin/ceph: stderr
2024-02-19T18:52:30.344+0000 7fb739ad6700 1 -- 172.21.15.114:0/375082751 learned_addr learned my addr 172.21.15.114:0/375082751 (peer_addr_for_me v2:172.21.15.114:0/0)
2024-02-19T18:52:31.998 INFO:teuthology.orchestra.run.smithi114.stdout:/usr/bin/ceph: stderr
2024-02-19T18:52:30.344+0000 7fb739ad6700 1 -- 172.21.15.114:0/375082751 --> [v2:172.21.15.114:3300/0,v1:172.21.15.114:6789/0] -- mon_subscribe({config=0+,monmap=0+}) v3 -- 0x7fb73407aa60 con 0x7fb73407bef0
2024-02-19T18:52:31.998 INFO:teuthology.orchestra.run.smithi114.stdout:/usr/bin/ceph: stderr
2024-02-19T18:52:30.345+0000 7fb739ad6700 1 --2- 172.21.15.114:0/375082751 >> [v2:172.21.15.114:3300/0,v1:172.21.15.114:6789/0] conn(0x7fb73407bef0 0x7fb73407a350 secure :-1 s=READY pgs=65 cs=0 l=1 rev1=1 crypto rx=0x7fb7300098a0 tx=0x7fb730009bb0 comp rx=0 tx=0).ready entity=mon.0 client_cookie=b2ce72f95485ad39 server_cookie=0 in_seq=0 out_seq=0
2024-02-19T18:52:31.998 INFO:teuthology.orchestra.run.smithi114.stdout:/usr/bin/ceph: stderr
2024-02-19T18:52:30.345+0000 7fb738ad4700 1 -- 172.21.15.114:0/375082751 <== mon.0 v2:172.21.15.114:3300/0 1 ==== mon_map magic: 0 v1 ==== 229+0+0 (secure 0 0 0) 0x7fb730004180 con 0x7fb73407bef0
2024-02-19T18:52:31.998 INFO:teuthology.orchestra.run.smithi114.stdout:/usr/bin/ceph: stderr
2024-02-19T18:52:30.345+0000 7fb738ad4700 1 -- 172.21.15.114:0/375082751 <== mon.0 v2:172.21.15.114:3300/0 2 ==== config(27 keys) v1 ==== 1101+0+0 (secure 0 0 0) 0x7fb7300042e0 con 0x7fb73407bef0
2024-02-19T18:52:31.999 INFO:teuthology.orchestra.run.smithi114.stdout:/usr/bin/ceph: stderr
2024-02-19T18:52:30.345+0000 7fb738ad4700 1 -- 172.21.15.114:0/375082751 <== mon.0 v2:172.21.15.114:3300/0 3 ==== mon_map magic: 0 v1 ==== 229+0+0 (secure 0 0 0) 0x7fb730011af0 con 0x7fb73407bef0
2024-02-19T18:52:31.999 INFO:teuthology.orchestra.run.smithi114.stdout:/usr/bin/ceph: stderr
2024-02-19T18:52:30.345+0000 7fb73bd3a700 1 -- 172.21.15.114:0/375082751 >> [v2:172.21.15.114:3300/0,v1:172.21.15.114:6789/0] conn(0x7fb73407bef0 msgr2=0x7fb73407a350 secure :-1 s=STATE_CONNECTION_ESTABLISHED l=1).mark_down
2024-02-19T18:52:31.999 INFO:teuthology.orchestra.run.smithi114.stdout:/usr/bin/ceph: stderr
2024-02-19T18:52:30.345+0000 7fb73bd3a700 1 --2- 172.21.15.114:0/375082751 >> [v2:172.21.15.114:3300/0,v1:172.21.15.114:6789/0] conn(0x7fb73407bef0 0x7fb73407a350 secure :-1 s=READY pgs=65 cs=0 l=1 rev1=1 crypto rx=0x7fb7300098a0 tx=0x7fb730009bb0 comp rx=0 tx=0).stop
2024-02-19T18:52:31.999 INFO:teuthology.orchestra.run.smithi114.stdout:/usr/bin/ceph: stderr
2024-02-19T18:52:30.345+0000 7fb73bd3a700 1 -- 172.21.15.114:0/375082751 shutdown_connections
2024-02-19T18:52:31.999 INFO:teuthology.orchestra.run.smithi114.stdout:/usr/bin/ceph: stderr
2024-02-19T18:52:30.345+0000 7fb73bd3a700 1 --2- 172.21.15.114:0/375082751 >> [v2:172.21.15.114:3300/0,v1:172.21.15.114:6789/0] conn(0x7fb73407bef0 0x7fb73407a350 unknown :-1 s=CLOSED pgs=65 cs=0 l=1 rev1=1 crypto rx=0 tx=0 comp rx=0 tx=0).stop
2024-02-19T18:52:31.999 INFO:teuthology.orchestra.run.smithi114.stdout:/usr/bin/ceph: stderr
2024-02-19T18:52:30.345+0000 7fb73bd3a700 1 -- 172.21.15.114:0/375082751 >> 172.21.15.114:0/375082751 conn(0x7fb734101a00 msgr2=0x7fb734103e20 unknown :-1 s=STATE_NONE l=0).mark_down
2024-02-19T18:52:31.999 INFO:teuthology.orchestra.run.smithi114.stdout:/usr/bin/ceph: stderr
2024-02-19T18:52:30.345+0000 7fb73bd3a700 1 -- 172.21.15.114:0/375082751 shutdown_connections
2024-02-19T18:52:31.999 INFO:teuthology.orchestra.run.smithi114.stdout:/usr/bin/ceph: stderr
2024-02-19T18:52:30.345+0000 7fb73bd3a700 1 -- 172.21.15.114:0/375082751 wait complete.
2024-02-19T18:52:31.999 INFO:teuthology.orchestra.run.smithi114.stdout:/usr/bin/ceph: stderr
2024-02-19T18:52:30.346+0000 7fb73bd3a700 1 Processor -- start
2024-02-19T18:52:31.999 INFO:teuthology.orchestra.run.smithi114.stdout:/usr/bin/ceph: stderr
2024-02-19T18:52:30.346+0000 7fb73bd3a700 1 -- start start
2024-02-19T18:52:31.999 INFO:teuthology.orchestra.run.smithi114.stdout:/usr/bin/ceph: stderr
2024-02-19T18:52:30.346+0000 7fb73bd3a700 1 --2- >> [v2:172.21.15.114:3300/0,v1:172.21.15.114:6789/0] conn(0x7fb73407bef0 0x7fb73419c340 unknown :-1 s=NONE pgs=0 cs=0 l=1 rev1=0 crypto rx=0 tx=0 comp rx=0 tx=0).connect
2024-02-19T18:52:31.999 INFO:teuthology.orchestra.run.smithi114.stdout:/usr/bin/ceph: stderr
2024-02-19T18:52:30.346+0000 7fb73bd3a700 1 -- --> [v2:172.21.15.114:3300/0,v1:172.21.15.114:6789/0] -- mon_getmap magic: 0 v1 -- 0x7fb73419c880 con 0x7fb73407bef0
2024-02-19T18:52:31.999 INFO:teuthology.orchestra.run.smithi114.stdout:/usr/bin/ceph: stderr
2024-02-19T18:52:30.346+0000 7fb739ad6700 1 --2- >> [v2:172.21.15.114:3300/0,v1:172.21.15.114:6789/0] conn(0x7fb73407bef0 0x7fb73419c340 unknown :-1 s=BANNER_CONNECTING pgs=0 cs=0 l=1 rev1=0 crypto rx=0 tx=0 comp rx=0 tx=0)._handle_peer_banner_payload supported=3 required=0
2024-02-19T18:52:31.999 INFO:teuthology.orchestra.run.smithi114.stdout:/usr/bin/ceph: stderr
2024-02-19T18:52:30.346+0000 7fb739ad6700 1 --2- >> [v2:172.21.15.114:3300/0,v1:172.21.15.114:6789/0] conn(0x7fb73407bef0 0x7fb73419c340 unknown :-1 s=HELLO_CONNECTING pgs=0 cs=0 l=1 rev1=1 crypto rx=0 tx=0 comp rx=0 tx=0).handle_hello peer v2:172.21.15.114:3300/0 says I am v2:172.21.15.114:57348/0 (socket says 172.21.15.114:57348)
2024-02-19T18:52:32.000 INFO:teuthology.orchestra.run.smithi114.stdout:/usr/bin/ceph: stderr
2024-02-19T18:52:30.346+0000 7fb739ad6700 1 -- 172.21.15.114:0/4264241275 learned_addr learned my addr 172.21.15.114:0/4264241275 (peer_addr_for_me v2:172.21.15.114:0/0)
2024-02-19T18:52:32.000 INFO:teuthology.orchestra.run.smithi114.stdout:/usr/bin/ceph: stderr
2024-02-19T18:52:30.346+0000 7fb739ad6700 1 -- 172.21.15.114:0/4264241275 --> [v2:172.21.15.114:3300/0,v1:172.21.15.114:6789/0] -- mon_subscribe({config=0+,monmap=0+}) v3 -- 0x7fb730009550 con 0x7fb73407bef0
2024-02-19T18:52:32.000 INFO:teuthology.orchestra.run.smithi114.stdout:/usr/bin/ceph: stderr
2024-02-19T18:52:30.347+0000 7fb739ad6700 1 --2- 172.21.15.114:0/4264241275 >> [v2:172.21.15.114:3300/0,v1:172.21.15.114:6789/0] conn(0x7fb73407bef0 0x7fb73419c340 secure :-1 s=READY pgs=66 cs=0 l=1 rev1=1 crypto rx=0x7fb730006ba0 tx=0x7fb730011b50 comp rx=0 tx=0).ready entity=mon.0 client_cookie=0 server_cookie=0 in_seq=0 out_seq=0
2024-02-19T18:52:32.000 INFO:teuthology.orchestra.run.smithi114.stdout:/usr/bin/ceph: stderr
2024-02-19T18:52:30.347+0000 7fb72affd700 1 -- 172.21.15.114:0/4264241275 <== mon.0 v2:172.21.15.114:3300/0 1 ==== mon_map magic: 0 v1 ==== 229+0+0 (secure 0 0 0) 0x7fb730003b00 con 0x7fb73407bef0
2024-02-19T18:52:32.000 INFO:teuthology.orchestra.run.smithi114.stdout:/usr/bin/ceph: stderr
2024-02-19T18:52:30.347+0000 7fb72affd700 1 -- 172.21.15.114:0/4264241275 <== mon.0 v2:172.21.15.114:3300/0 2 ==== config(27 keys) v1 ==== 1101+0+0 (secure 0 0 0) 0x7fb73001a8e0 con 0x7fb73407bef0
2024-02-19T18:52:32.000 INFO:teuthology.orchestra.run.smithi114.stdout:/usr/bin/ceph: stderr
2024-02-19T18:52:30.347+0000 7fb72affd700 1 -- 172.21.15.114:0/4264241275 <== mon.0 v2:172.21.15.114:3300/0 3 ==== mon_map magic: 0 v1 ==== 229+0+0 (secure 0 0 0) 0x7fb730019990 con 0x7fb73407bef0
2024-02-19T18:52:32.000 INFO:teuthology.orchestra.run.smithi114.stdout:/usr/bin/ceph: stderr
2024-02-19T18:52:30.347+0000 7fb73bd3a700 1 -- 172.21.15.114:0/4264241275 --> [v2:172.21.15.114:3300/0,v1:172.21.15.114:6789/0] -- mon_subscribe({mgrmap=0+}) v3 -- 0x7fb73419ca80 con 0x7fb73407bef0
2024-02-19T18:52:32.000 INFO:teuthology.orchestra.run.smithi114.stdout:/usr/bin/ceph: stderr
2024-02-19T18:52:30.347+0000 7fb73bd3a700 1 -- 172.21.15.114:0/4264241275 --> [v2:172.21.15.114:3300/0,v1:172.21.15.114:6789/0] -- mon_subscribe({osdmap=0}) v3 -- 0x7fb73419cf20 con 0x7fb73407bef0
2024-02-19T18:52:32.000 INFO:teuthology.orchestra.run.smithi114.stdout:/usr/bin/ceph: stderr
2024-02-19T18:52:30.348+0000 7fb72affd700 1 -- 172.21.15.114:0/4264241275 <== mon.0 v2:172.21.15.114:3300/0 4 ==== mgrmap(e 8) v1 ==== 45283+0+0 (secure 0 0 0) 0x7fb730019c00 con 0x7fb73407bef0
2024-02-19T18:52:32.000 INFO:teuthology.orchestra.run.smithi114.stdout:/usr/bin/ceph: stderr
2024-02-19T18:52:30.348+0000 7fb73bd3a700 1 -- 172.21.15.114:0/4264241275 --> [v2:172.21.15.114:3300/0,v1:172.21.15.114:6789/0] -- mon_command({"prefix": "get_command_descriptions"} v 0) v1 -- 0x7fb73410c7f0 con 0x7fb73407bef0
2024-02-19T18:52:32.000 INFO:teuthology.orchestra.run.smithi114.stdout:/usr/bin/ceph: stderr
2024-02-19T18:52:30.348+0000 7fb72affd700 1 --2- 172.21.15.114:0/4264241275 >> [v2:172.21.15.114:6800/971741305,v1:172.21.15.114:6801/971741305] conn(0x7fb720038320 0x7fb72003a7e0 unknown :-1 s=NONE pgs=0 cs=0 l=1 rev1=0 crypto rx=0 tx=0 comp rx=0 tx=0).connect
2024-02-19T18:52:32.000 INFO:teuthology.orchestra.run.smithi114.stdout:/usr/bin/ceph: stderr
2024-02-19T18:52:30.348+0000 7fb72affd700 1 -- 172.21.15.114:0/4264241275 <== mon.0 v2:172.21.15.114:3300/0 5 ==== osd_map(2..2 src has 1..2) v4 ==== 940+0+0 (secure 0 0 0) 0x7fb73004c6e0 con 0x7fb73407bef0
2024-02-19T18:52:32.000 INFO:teuthology.orchestra.run.smithi114.stdout:/usr/bin/ceph: stderr
2024-02-19T18:52:30.348+0000 7fb7392d5700 1 --2- 172.21.15.114:0/4264241275 >> [v2:172.21.15.114:6800/971741305,v1:172.21.15.114:6801/971741305] conn(0x7fb720038320 0x7fb72003a7e0 unknown :-1 s=BANNER_CONNECTING pgs=0 cs=0 l=1 rev1=0 crypto rx=0 tx=0 comp rx=0 tx=0)._handle_peer_banner_payload supported=3 required=0
2024-02-19T18:52:32.001 INFO:teuthology.orchestra.run.smithi114.stdout:/usr/bin/ceph: stderr
2024-02-19T18:52:30.348+0000 7fb7392d5700 1 --2- 172.21.15.114:0/4264241275 >> [v2:172.21.15.114:6800/971741305,v1:172.21.15.114:6801/971741305] conn(0x7fb720038320 0x7fb72003a7e0 secure :-1 s=READY pgs=22 cs=0 l=1 rev1=1 crypto rx=0x7fb724006fd0 tx=0x7fb724006e40 comp rx=0 tx=0).ready entity=mgr.14118 client_cookie=0 server_cookie=0 in_seq=0 out_seq=0
2024-02-19T18:52:32.001 INFO:teuthology.orchestra.run.smithi114.stdout:/usr/bin/ceph: stderr
2024-02-19T18:52:30.353+0000 7fb72affd700 1 -- 172.21.15.114:0/4264241275 <== mon.0 v2:172.21.15.114:3300/0 6 ==== mon_command_ack([{"prefix": "get_command_descriptions"}]=0 v0) v1 ==== 72+0+180422 (secure 0 0 0) 0x7fb73001a430 con 0x7fb73407bef0
2024-02-19T18:52:32.001 INFO:teuthology.orchestra.run.smithi114.stdout:/usr/bin/ceph: stderr
2024-02-19T18:52:30.593+0000 7fb73bd3a700 1 -- 172.21.15.114:0/4264241275 --> [v2:172.21.15.114:3300/0,v1:172.21.15.114:6789/0] -- mon_command({"prefix": "mgr module enable", "module": "dashboard"} v 0) v1 -- 0x7fb73410ca10 con 0x7fb73407bef0
2024-02-19T18:52:32.001 INFO:teuthology.orchestra.run.smithi114.stdout:/usr/bin/ceph: stderr
2024-02-19T18:52:31.326+0000 7fb72affd700 1 -- 172.21.15.114:0/4264241275 <== mon.0 v2:172.21.15.114:3300/0 7 ==== mgrmap(e 9) v1 ==== 45296+0+0 (secure 0 0 0) 0x7fb730023390 con 0x7fb73407bef0
2024-02-19T18:52:32.001 INFO:teuthology.orchestra.run.smithi114.stdout:/usr/bin/ceph: stderr
