2024-02-19T18:52:22.445+0000 7fc6017fa700 1 --2- 172.21.15.114:0/865365351 >> [v2:172.21.15.114:6800/971741305,v1:172.21.15.114:6801/971741305] conn(0x7fc5f0038330 0x7fc5f003a7f0 unknown :-1 s=NONE pgs=0 cs=0 l=1 rev1=0 crypto rx=0 tx=0 comp rx=0 tx=0).connect
2024-02-19T18:52:23.936 INFO:teuthology.orchestra.run.smithi114.stdout:/usr/bin/ceph: stderr
2024-02-19T18:52:22.445+0000 7fc6017fa700 1 -- 172.21.15.114:0/865365351 <== mon.0 v2:172.21.15.114:3300/0 5 ==== osd_map(2..2 src has 1..2) v4 ==== 940+0+0 (secure 0 0 0) 0x7fc5f404c270 con 0x7fc604106420
2024-02-19T18:52:23.936 INFO:teuthology.orchestra.run.smithi114.stdout:/usr/bin/ceph: stderr
2024-02-19T18:52:22.445+0000 7fc5faffd700 1 --2- 172.21.15.114:0/865365351 >> [v2:172.21.15.114:6800/971741305,v1:172.21.15.114:6801/971741305] conn(0x7fc5f0038330 0x7fc5f003a7f0 unknown :-1 s=BANNER_CONNECTING pgs=0 cs=0 l=1 rev1=0 crypto rx=0 tx=0 comp rx=0 tx=0)._handle_peer_banner_payload supported=3 required=0
2024-02-19T18:52:23.936 INFO:teuthology.orchestra.run.smithi114.stdout:/usr/bin/ceph: stderr
2024-02-19T18:52:22.445+0000 7fc5faffd700 1 --2- 172.21.15.114:0/865365351 >> [v2:172.21.15.114:6800/971741305,v1:172.21.15.114:6801/971741305] conn(0x7fc5f0038330 0x7fc5f003a7f0 secure :-1 s=READY pgs=16 cs=0 l=1 rev1=1 crypto rx=0x7fc5ec006fd0 tx=0x7fc5ec006e40 comp rx=0 tx=0).ready entity=mgr.14118 client_cookie=0 server_cookie=0 in_seq=0 out_seq=0
2024-02-19T18:52:23.936 INFO:teuthology.orchestra.run.smithi114.stdout:/usr/bin/ceph: stderr
2024-02-19T18:52:22.449+0000 7fc6017fa700 1 -- 172.21.15.114:0/865365351 <== mon.0 v2:172.21.15.114:3300/0 6 ==== mon_command_ack([{"prefix": "get_command_descriptions"}]=0 v0) v1 ==== 72+0+180422 (secure 0 0 0) 0x7fc5f4024d10 con 0x7fc604106420
2024-02-19T18:52:23.936 INFO:teuthology.orchestra.run.smithi114.stdout:/usr/bin/ceph: stderr
2024-02-19T18:52:22.659+0000 7fc609c99700 1 -- 172.21.15.114:0/865365351 --> [v2:172.21.15.114:6800/971741305,v1:172.21.15.114:6801/971741305] -- mgr_command(tid 0: {"prefix": "orch apply", "service_type": "prometheus", "target": ["mon-mgr", ""]}) v1 -- 0x7fc604103d10 con 0x7fc5f0038330
2024-02-19T18:52:23.936 INFO:teuthology.orchestra.run.smithi114.stdout:/usr/bin/ceph: stderr
2024-02-19T18:52:22.665+0000 7fc6017fa700 1 -- 172.21.15.114:0/865365351 <== mgr.14118 v2:172.21.15.114:6800/971741305 1 ==== mgr_command_reply(tid 0: 0 ) v1 ==== 8+0+31 (secure 0 0 0) 0x7fc604103d10 con 0x7fc5f0038330
2024-02-19T18:52:23.936 INFO:teuthology.orchestra.run.smithi114.stdout:/usr/bin/ceph: stderr
2024-02-19T18:52:22.668+0000 7fc609c99700 1 -- 172.21.15.114:0/865365351 >> [v2:172.21.15.114:6800/971741305,v1:172.21.15.114:6801/971741305] conn(0x7fc5f0038330 msgr2=0x7fc5f003a7f0 secure :-1 s=STATE_CONNECTION_ESTABLISHED l=1).mark_down
2024-02-19T18:52:23.936 INFO:teuthology.orchestra.run.smithi114.stdout:/usr/bin/ceph: stderr
2024-02-19T18:52:22.668+0000 7fc609c99700 1 --2- 172.21.15.114:0/865365351 >> [v2:172.21.15.114:6800/971741305,v1:172.21.15.114:6801/971741305] conn(0x7fc5f0038330 0x7fc5f003a7f0 secure :-1 s=READY pgs=16 cs=0 l=1 rev1=1 crypto rx=0x7fc5ec006fd0 tx=0x7fc5ec006e40 comp rx=0 tx=0).stop
2024-02-19T18:52:23.936 INFO:teuthology.orchestra.run.smithi114.stdout:/usr/bin/ceph: stderr
2024-02-19T18:52:22.668+0000 7fc609c99700 1 -- 172.21.15.114:0/865365351 >> [v2:172.21.15.114:3300/0,v1:172.21.15.114:6789/0] conn(0x7fc604106420 msgr2=0x7fc60407bc60 secure :-1 s=STATE_CONNECTION_ESTABLISHED l=1).mark_down
2024-02-19T18:52:23.936 INFO:teuthology.orchestra.run.smithi114.stdout:/usr/bin/ceph: stderr
2024-02-19T18:52:22.668+0000 7fc609c99700 1 --2- 172.21.15.114:0/865365351 >> [v2:172.21.15.114:3300/0,v1:172.21.15.114:6789/0] conn(0x7fc604106420 0x7fc60407bc60 secure :-1 s=READY pgs=54 cs=0 l=1 rev1=1 crypto rx=0x7fc5f4011670 tx=0x7fc5f4011aa0 comp rx=0 tx=0).stop
2024-02-19T18:52:23.936 INFO:teuthology.orchestra.run.smithi114.stdout:/usr/bin/ceph: stderr
2024-02-19T18:52:22.668+0000 7fc609c99700 1 -- 172.21.15.114:0/865365351 shutdown_connections
2024-02-19T18:52:23.936 INFO:teuthology.orchestra.run.smithi114.stdout:/usr/bin/ceph: stderr
2024-02-19T18:52:22.668+0000 7fc609c99700 1 --2- 172.21.15.114:0/865365351 >> [v2:172.21.15.114:6800/971741305,v1:172.21.15.114:6801/971741305] conn(0x7fc5f0038330 0x7fc5f003a7f0 unknown :-1 s=CLOSED pgs=16 cs=0 l=1 rev1=1 crypto rx=0 tx=0 comp rx=0 tx=0).stop
2024-02-19T18:52:23.937 INFO:teuthology.orchestra.run.smithi114.stdout:/usr/bin/ceph: stderr
2024-02-19T18:52:22.668+0000 7fc609c99700 1 --2- 172.21.15.114:0/865365351 >> [v2:172.21.15.114:3300/0,v1:172.21.15.114:6789/0] conn(0x7fc604106420 0x7fc60407bc60 unknown :-1 s=CLOSED pgs=54 cs=0 l=1 rev1=1 crypto rx=0 tx=0 comp rx=0 tx=0).stop
2024-02-19T18:52:23.937 INFO:teuthology.orchestra.run.smithi114.stdout:/usr/bin/ceph: stderr
2024-02-19T18:52:22.668+0000 7fc609c99700 1 -- 172.21.15.114:0/865365351 >> 172.21.15.114:0/865365351 conn(0x7fc604101a00 msgr2=0x7fc6041030f0 unknown :-1 s=STATE_NONE l=0).mark_down
2024-02-19T18:52:23.937 INFO:teuthology.orchestra.run.smithi114.stdout:/usr/bin/ceph: stderr
2024-02-19T18:52:22.668+0000 7fc609c99700 1 -- 172.21.15.114:0/865365351 shutdown_connections
2024-02-19T18:52:23.937 INFO:teuthology.orchestra.run.smithi114.stdout:/usr/bin/ceph: stderr
2024-02-19T18:52:22.668+0000 7fc609c99700 1 -- 172.21.15.114:0/865365351 wait complete.
2024-02-19T18:52:23.937 INFO:teuthology.orchestra.run.smithi114.stdout:Deploying grafana service with default placement...
2024-02-19T18:52:25.148 INFO:teuthology.orchestra.run.smithi114.stdout:/usr/bin/ceph: stdout Scheduled grafana update...
2024-02-19T18:52:25.149 INFO:teuthology.orchestra.run.smithi114.stdout:/usr/bin/ceph: stderr
2024-02-19T18:52:24.329+0000 7f2bc008d700 1 Processor -- start
2024-02-19T18:52:25.149 INFO:teuthology.orchestra.run.smithi114.stdout:/usr/bin/ceph: stderr
2024-02-19T18:52:24.329+0000 7f2bc008d700 1 -- start start
2024-02-19T18:52:25.149 INFO:teuthology.orchestra.run.smithi114.stdout:/usr/bin/ceph: stderr
2024-02-19T18:52:24.329+0000 7f2bc008d700 1 --2- >> [v2:172.21.15.114:3300/0,v1:172.21.15.114:6789/0] conn(0x7f2bb8104cf0 0x7f2bb8105110 unknown :-1 s=NONE pgs=0 cs=0 l=0 rev1=0 crypto rx=0 tx=0 comp rx=0 tx=0).connect
2024-02-19T18:52:25.149 INFO:teuthology.orchestra.run.smithi114.stdout:/usr/bin/ceph: stderr
2024-02-19T18:52:24.329+0000 7f2bc008d700 1 -- --> [v2:172.21.15.114:3300/0,v1:172.21.15.114:6789/0] -- mon_getmap magic: 0 v1 -- 0x7f2bb8079e80 con 0x7f2bb8104cf0
2024-02-19T18:52:25.149 INFO:teuthology.orchestra.run.smithi114.stdout:/usr/bin/ceph: stderr
2024-02-19T18:52:24.329+0000 7f2bbde29700 1 --2- >> [v2:172.21.15.114:3300/0,v1:172.21.15.114:6789/0] conn(0x7f2bb8104cf0 0x7f2bb8105110 unknown :-1 s=BANNER_CONNECTING pgs=0 cs=0 l=0 rev1=0 crypto rx=0 tx=0 comp rx=0 tx=0)._handle_peer_banner_payload supported=3 required=0
2024-02-19T18:52:25.149 INFO:teuthology.orchestra.run.smithi114.stdout:/usr/bin/ceph: stderr
2024-02-19T18:52:24.329+0000 7f2bbde29700 1 --2- >> [v2:172.21.15.114:3300/0,v1:172.21.15.114:6789/0] conn(0x7f2bb8104cf0 0x7f2bb8105110 unknown :-1 s=HELLO_CONNECTING pgs=0 cs=0 l=0 rev1=1 crypto rx=0 tx=0 comp rx=0 tx=0).handle_hello peer v2:172.21.15.114:3300/0 says I am v2:172.21.15.114:45116/0 (socket says 172.21.15.114:45116)
2024-02-19T18:52:25.149 INFO:teuthology.orchestra.run.smithi114.stdout:/usr/bin/ceph: stderr
2024-02-19T18:52:24.329+0000 7f2bbde29700 1 -- 172.21.15.114:0/802157064 learned_addr learned my addr 172.21.15.114:0/802157064 (peer_addr_for_me v2:172.21.15.114:0/0)
2024-02-19T18:52:25.149 INFO:teuthology.orchestra.run.smithi114.stdout:/usr/bin/ceph: stderr
2024-02-19T18:52:24.330+0000 7f2bbde29700 1 -- 172.21.15.114:0/802157064 --> [v2:172.21.15.114:3300/0,v1:172.21.15.114:6789/0] -- mon_subscribe({config=0+,monmap=0+}) v3 -- 0x7f2bb8105650 con 0x7f2bb8104cf0
2024-02-19T18:52:25.149 INFO:teuthology.orchestra.run.smithi114.stdout:/usr/bin/ceph: stderr
2024-02-19T18:52:24.330+0000 7f2bbde29700 1 --2- 172.21.15.114:0/802157064 >> [v2:172.21.15.114:3300/0,v1:172.21.15.114:6789/0] conn(0x7f2bb8104cf0 0x7f2bb8105110 secure :-1 s=READY pgs=55 cs=0 l=1 rev1=1 crypto rx=0x7f2bb40098a0 tx=0x7f2bb4009bb0 comp rx=0 tx=0).ready entity=mon.0 client_cookie=a15f55adee693f5e server_cookie=0 in_seq=0 out_seq=0
2024-02-19T18:52:25.149 INFO:teuthology.orchestra.run.smithi114.stdout:/usr/bin/ceph: stderr
2024-02-19T18:52:24.330+0000 7f2bbce27700 1 -- 172.21.15.114:0/802157064 <== mon.0 v2:172.21.15.114:3300/0 1 ==== mon_map magic: 0 v1 ==== 229+0+0 (secure 0 0 0) 0x7f2bb4004180 con 0x7f2bb8104cf0
2024-02-19T18:52:25.149 INFO:teuthology.orchestra.run.smithi114.stdout:/usr/bin/ceph: stderr
2024-02-19T18:52:24.330+0000 7f2bbce27700 1 -- 172.21.15.114:0/802157064 <== mon.0 v2:172.21.15.114:3300/0 2 ==== config(27 keys) v1 ==== 1101+0+0 (secure 0 0 0) 0x7f2bb40042e0 con 0x7f2bb8104cf0
2024-02-19T18:52:25.150 INFO:teuthology.orchestra.run.smithi114.stdout:/usr/bin/ceph: stderr
2024-02-19T18:52:24.330+0000 7f2bbce27700 1 -- 172.21.15.114:0/802157064 <== mon.0 v2:172.21.15.114:3300/0 3 ==== mon_map magic: 0 v1 ==== 229+0+0 (secure 0 0 0) 0x7f2bb4011af0 con 0x7f2bb8104cf0
2024-02-19T18:52:25.150 INFO:teuthology.orchestra.run.smithi114.stdout:/usr/bin/ceph: stderr
2024-02-19T18:52:24.331+0000 7f2bc008d700 1 -- 172.21.15.114:0/802157064 >> [v2:172.21.15.114:3300/0,v1:172.21.15.114:6789/0] conn(0x7f2bb8104cf0 msgr2=0x7f2bb8105110 secure :-1 s=STATE_CONNECTION_ESTABLISHED l=1).mark_down
2024-02-19T18:52:25.150 INFO:teuthology.orchestra.run.smithi114.stdout:/usr/bin/ceph: stderr
2024-02-19T18:52:24.331+0000 7f2bc008d700 1 --2- 172.21.15.114:0/802157064 >> [v2:172.21.15.114:3300/0,v1:172.21.15.114:6789/0] conn(0x7f2bb8104cf0 0x7f2bb8105110 secure :-1 s=READY pgs=55 cs=0 l=1 rev1=1 crypto rx=0x7f2bb40098a0 tx=0x7f2bb4009bb0 comp rx=0 tx=0).stop
2024-02-19T18:52:25.150 INFO:teuthology.orchestra.run.smithi114.stdout:/usr/bin/ceph: stderr
2024-02-19T18:52:24.331+0000 7f2bc008d700 1 -- 172.21.15.114:0/802157064 shutdown_connections
2024-02-19T18:52:25.150 INFO:teuthology.orchestra.run.smithi114.stdout:/usr/bin/ceph: stderr
2024-02-19T18:52:24.331+0000 7f2bc008d700 1 --2- 172.21.15.114:0/802157064 >> [v2:172.21.15.114:3300/0,v1:172.21.15.114:6789/0] conn(0x7f2bb8104cf0 0x7f2bb8105110 unknown :-1 s=CLOSED pgs=55 cs=0 l=1 rev1=1 crypto rx=0 tx=0 comp rx=0 tx=0).stop
2024-02-19T18:52:25.150 INFO:teuthology.orchestra.run.smithi114.stdout:/usr/bin/ceph: stderr
2024-02-19T18:52:24.331+0000 7f2bc008d700 1 -- 172.21.15.114:0/802157064 >> 172.21.15.114:0/802157064 conn(0x7f2bb81008d0 msgr2=0x7f2bb8102d30 unknown :-1 s=STATE_NONE l=0).mark_down
2024-02-19T18:52:25.150 INFO:teuthology.orchestra.run.smithi114.stdout:/usr/bin/ceph: stderr
2024-02-19T18:52:24.331+0000 7f2bc008d700 1 -- 172.21.15.114:0/802157064 shutdown_connections
2024-02-19T18:52:25.150 INFO:teuthology.orchestra.run.smithi114.stdout:/usr/bin/ceph: stderr
2024-02-19T18:52:24.331+0000 7f2bc008d700 1 -- 172.21.15.114:0/802157064 wait complete.
2024-02-19T18:52:25.150 INFO:teuthology.orchestra.run.smithi114.stdout:/usr/bin/ceph: stderr
2024-02-19T18:52:24.331+0000 7f2bc008d700 1 Processor -- start
2024-02-19T18:52:25.150 INFO:teuthology.orchestra.run.smithi114.stdout:/usr/bin/ceph: stderr
2024-02-19T18:52:24.332+0000 7f2bc008d700 1 -- start start
2024-02-19T18:52:25.150 INFO:teuthology.orchestra.run.smithi114.stdout:/usr/bin/ceph: stderr
2024-02-19T18:52:24.332+0000 7f2bc008d700 1 --2- >> [v2:172.21.15.114:3300/0,v1:172.21.15.114:6789/0] conn(0x7f2bb8104cf0 0x7f2bb819c310 unknown :-1 s=NONE pgs=0 cs=0 l=1 rev1=0 crypto rx=0 tx=0 comp rx=0 tx=0).connect
2024-02-19T18:52:25.150 INFO:teuthology.orchestra.run.smithi114.stdout:/usr/bin/ceph: stderr
2024-02-19T18:52:24.332+0000 7f2bc008d700 1 -- --> [v2:172.21.15.114:3300/0,v1:172.21.15.114:6789/0] -- mon_getmap magic: 0 v1 -- 0x7f2bb819c850 con 0x7f2bb8104cf0
2024-02-19T18:52:25.150 INFO:teuthology.orchestra.run.smithi114.stdout:/usr/bin/ceph: stderr
2024-02-19T18:52:24.332+0000 7f2bbde29700 1 --2- >> [v2:172.21.15.114:3300/0,v1:172.21.15.114:6789/0] conn(0x7f2bb8104cf0 0x7f2bb819c310 unknown :-1 s=BANNER_CONNECTING pgs=0 cs=0 l=1 rev1=0 crypto rx=0 tx=0 comp rx=0 tx=0)._handle_peer_banner_payload supported=3 required=0
2024-02-19T18:52:25.150 INFO:teuthology.orchestra.run.smithi114.stdout:/usr/bin/ceph: stderr
2024-02-19T18:52:24.332+0000 7f2bbde29700 1 --2- >> [v2:172.21.15.114:3300/0,v1:172.21.15.114:6789/0] conn(0x7f2bb8104cf0 0x7f2bb819c310 unknown :-1 s=HELLO_CONNECTING pgs=0 cs=0 l=1 rev1=1 crypto rx=0 tx=0 comp rx=0 tx=0).handle_hello peer v2:172.21.15.114:3300/0 says I am v2:172.21.15.114:45128/0 (socket says 172.21.15.114:45128)
2024-02-19T18:52:25.151 INFO:teuthology.orchestra.run.smithi114.stdout:/usr/bin/ceph: stderr
2024-02-19T18:52:24.332+0000 7f2bbde29700 1 -- 172.21.15.114:0/464430667 learned_addr learned my addr 172.21.15.114:0/464430667 (peer_addr_for_me v2:172.21.15.114:0/0)
2024-02-19T18:52:25.151 INFO:teuthology.orchestra.run.smithi114.stdout:/usr/bin/ceph: stderr
2024-02-19T18:52:24.332+0000 7f2bbde29700 1 -- 172.21.15.114:0/464430667 --> [v2:172.21.15.114:3300/0,v1:172.21.15.114:6789/0] -- mon_subscribe({config=0+,monmap=0+}) v3 -- 0x7f2bb4009550 con 0x7f2bb8104cf0
2024-02-19T18:52:25.151 INFO:teuthology.orchestra.run.smithi114.stdout:/usr/bin/ceph: stderr
2024-02-19T18:52:24.332+0000 7f2bbde29700 1 --2- 172.21.15.114:0/464430667 >> [v2:172.21.15.114:3300/0,v1:172.21.15.114:6789/0] conn(0x7f2bb8104cf0 0x7f2bb819c310 secure :-1 s=READY pgs=56 cs=0 l=1 rev1=1 crypto rx=0x7f2bb4011670 tx=0x7f2bb4011aa0 comp rx=0 tx=0).ready entity=mon.0 client_cookie=0 server_cookie=0 in_seq=0 out_seq=0
2024-02-19T18:52:25.151 INFO:teuthology.orchestra.run.smithi114.stdout:/usr/bin/ceph: stderr
2024-02-19T18:52:24.332+0000 7f2baeffd700 1 -- 172.21.15.114:0/464430667 <== mon.0 v2:172.21.15.114:3300/0 1 ==== mon_map magic: 0 v1 ==== 229+0+0 (secure 0 0 0) 0x7f2bb4003a40 con 0x7f2bb8104cf0
2024-02-19T18:52:25.151 INFO:teuthology.orchestra.run.smithi114.stdout:/usr/bin/ceph: stderr
2024-02-19T18:52:24.332+0000 7f2bc008d700 1 -- 172.21.15.114:0/464430667 --> [v2:172.21.15.114:3300/0,v1:172.21.15.114:6789/0] -- mon_subscribe({mgrmap=0+}) v3 -- 0x7f2bb819ca50 con 0x7f2bb8104cf0
2024-02-19T18:52:25.151 INFO:teuthology.orchestra.run.smithi114.stdout:/usr/bin/ceph: stderr
2024-02-19T18:52:24.332+0000 7f2baeffd700 1 -- 172.21.15.114:0/464430667 <== mon.0 v2:172.21.15.114:3300/0 2 ==== config(27 keys) v1 ==== 1101+0+0 (secure 0 0 0) 0x7f2bb4003ba0 con 0x7f2bb8104cf0
2024-02-19T18:52:25.151 INFO:teuthology.orchestra.run.smithi114.stdout:/usr/bin/ceph: stderr
2024-02-19T18:52:24.332+0000 7f2baeffd700 1 -- 172.21.15.114:0/464430667 <== mon.0 v2:172.21.15.114:3300/0 3 ==== mon_map magic: 0 v1 ==== 229+0+0 (secure 0 0 0) 0x7f2bb4024820 con 0x7f2bb8104cf0
2024-02-19T18:52:25.151 INFO:teuthology.orchestra.run.smithi114.stdout:/usr/bin/ceph: stderr
2024-02-19T18:52:24.332+0000 7f2bc008d700 1 -- 172.21.15.114:0/464430667 --> [v2:172.21.15.114:3300/0,v1:172.21.15.114:6789/0] -- mon_subscribe({osdmap=0}) v3 -- 0x7f2bb819cef0 con 0x7f2bb8104cf0
2024-02-19T18:52:25.151 INFO:teuthology.orchestra.run.smithi114.stdout:/usr/bin/ceph: stderr
2024-02-19T18:52:24.333+0000 7f2baeffd700 1 -- 172.21.15.114:0/464430667 <== mon.0 v2:172.21.15.114:3300/0 4 ==== mgrmap(e 8) v1 ==== 45283+0+0 (secure 0 0 0) 0x7f2bb401a430 con 0x7f2bb8104cf0
2024-02-19T18:52:25.151 INFO:teuthology.orchestra.run.smithi114.stdout:/usr/bin/ceph: stderr
2024-02-19T18:52:24.333+0000 7f2bc008d700 1 -- 172.21.15.114:0/464430667 --> [v2:172.21.15.114:3300/0,v1:172.21.15.114:6789/0] -- mon_command({"prefix": "get_command_descriptions"} v 0) v1 -- 0x7f2bb8195be0 con 0x7f2bb8104cf0
2024-02-19T18:52:25.151 INFO:teuthology.orchestra.run.smithi114.stdout:/usr/bin/ceph: stderr
2024-02-19T18:52:24.333+0000 7f2baeffd700 1 --2- 172.21.15.114:0/464430667 >> [v2:172.21.15.114:6800/971741305,v1:172.21.15.114:6801/971741305] conn(0x7f2ba40382e0 0x7f2ba403a7a0 unknown :-1 s=NONE pgs=0 cs=0 l=1 rev1=0 crypto rx=0 tx=0 comp rx=0 tx=0).connect
2024-02-19T18:52:25.151 INFO:teuthology.orchestra.run.smithi114.stdout:/usr/bin/ceph: stderr
2024-02-19T18:52:24.334+0000 7f2baeffd700 1 -- 172.21.15.114:0/464430667 <== mon.0 v2:172.21.15.114:3300/0 5 ==== osd_map(2..2 src has 1..2) v4 ==== 940+0+0 (secure 0 0 0) 0x7f2bb404c310 con 0x7f2bb8104cf0
2024-02-19T18:52:25.151 INFO:teuthology.orchestra.run.smithi114.stdout:/usr/bin/ceph: stderr
2024-02-19T18:52:24.334+0000 7f2bbd628700 1 --2- 172.21.15.114:0/464430667 >> [v2:172.21.15.114:6800/971741305,v1:172.21.15.114:6801/971741305] conn(0x7f2ba40382e0 0x7f2ba403a7a0 unknown :-1 s=BANNER_CONNECTING pgs=0 cs=0 l=1 rev1=0 crypto rx=0 tx=0 comp rx=0 tx=0)._handle_peer_banner_payload supported=3 required=0
2024-02-19T18:52:25.151 INFO:teuthology.orchestra.run.smithi114.stdout:/usr/bin/ceph: stderr
2024-02-19T18:52:24.334+0000 7f2bbd628700 1 --2- 172.21.15.114:0/464430667 >> [v2:172.21.15.114:6800/971741305,v1:172.21.15.114:6801/971741305] conn(0x7f2ba40382e0 0x7f2ba403a7a0 secure :-1 s=READY pgs=17 cs=0 l=1 rev1=1 crypto rx=0x7f2ba8006fd0 tx=0x7f2ba8006e40 comp rx=0 tx=0).ready entity=mgr.14118 client_cookie=0 server_cookie=0 in_seq=0 out_seq=0
2024-02-19T18:52:25.152 INFO:teuthology.orchestra.run.smithi114.stdout:/usr/bin/ceph: stderr
2024-02-19T18:52:24.338+0000 7f2baeffd700 1 -- 172.21.15.114:0/464430667 <== mon.0 v2:172.21.15.114:3300/0 6 ==== mon_command_ack([{"prefix": "get_command_descriptions"}]=0 v0) v1 ==== 72+0+180422 (secure 0 0 0) 0x7f2bb4018530 con 0x7f2bb8104cf0
2024-02-19T18:52:25.152 INFO:teuthology.orchestra.run.smithi114.stdout:/usr/bin/ceph: stderr
2024-02-19T18:52:24.545+0000 7f2bc008d700 1 -- 172.21.15.114:0/464430667 --> [v2:172.21.15.114:6800/971741305,v1:172.21.15.114:6801/971741305] -- mgr_command(tid 0: {"prefix": "orch apply", "service_type": "grafana", "target": ["mon-mgr", ""]}) v1 -- 0x7f2bb80611d0 con 0x7f2ba40382e0
2024-02-19T18:52:25.152 INFO:teuthology.orchestra.run.smithi114.stdout:/usr/bin/ceph: stderr
2024-02-19T18:52:24.549+0000 7f2baeffd700 1 -- 172.21.15.114:0/464430667 <== mgr.14118 v2:172.21.15.114:6800/971741305 1 ==== mgr_command_reply(tid 0: 0 ) v1 ==== 8+0+28 (secure 0 0 0) 0x7f2bb80611d0 con 0x7f2ba40382e0
2024-02-19T18:52:25.152 INFO:teuthology.orchestra.run.smithi114.stdout:/usr/bin/ceph: stderr
2024-02-19T18:52:24.551+0000 7f2bc008d700 1 -- 172.21.15.114:0/464430667 >> [v2:172.21.15.114:6800/971741305,v1:172.21.15.114:6801/971741305] conn(0x7f2ba40382e0 msgr2=0x7f2ba403a7a0 secure :-1 s=STATE_CONNECTION_ESTABLISHED l=1).mark_down
2024-02-19T18:52:25.152 INFO:teuthology.orchestra.run.smithi114.stdout:/usr/bin/ceph: stderr
2024-02-19T18:52:24.551+0000 7f2bc008d700 1 --2- 172.21.15.114:0/464430667 >> [v2:172.21.15.114:6800/971741305,v1:172.21.15.114:6801/971741305] conn(0x7f2ba40382e0 0x7f2ba403a7a0 secure :-1 s=READY pgs=17 cs=0 l=1 rev1=1 crypto rx=0x7f2ba8006fd0 tx=0x7f2ba8006e40 comp rx=0 tx=0).stop
2024-02-19T18:52:25.152 INFO:teuthology.orchestra.run.smithi114.stdout:/usr/bin/ceph: stderr
2024-02-19T18:52:24.551+0000 7f2bc008d700 1 -- 172.21.15.114:0/464430667 >> [v2:172.21.15.114:3300/0,v1:172.21.15.114:6789/0] conn(0x7f2bb8104cf0 msgr2=0x7f2bb819c310 secure :-1 s=STATE_CONNECTION_ESTABLISHED l=1).mark_down
2024-02-19T18:52:25.152 INFO:teuthology.orchestra.run.smithi114.stdout:/usr/bin/ceph: stderr
2024-02-19T18:52:24.551+0000 7f2bc008d700 1 --2- 172.21.15.114:0/464430667 >> [v2:172.21.15.114:3300/0,v1:172.21.15.114:6789/0] conn(0x7f2bb8104cf0 0x7f2bb819c310 secure :-1 s=READY pgs=56 cs=0 l=1 rev1=1 crypto rx=0x7f2bb4011670 tx=0x7f2bb4011aa0 comp rx=0 tx=0).stop
2024-02-19T18:52:25.152 INFO:teuthology.orchestra.run.smithi114.stdout:/usr/bin/ceph: stderr
2024-02-19T18:52:24.552+0000 7f2bc008d700 1 -- 172.21.15.114:0/464430667 shutdown_connections
2024-02-19T18:52:25.152 INFO:teuthology.orchestra.run.smithi114.stdout:/usr/bin/ceph: stderr
2024-02-19T18:52:24.552+0000 7f2bc008d700 1 --2- 172.21.15.114:0/464430667 >> [v2:172.21.15.114:6800/971741305,v1:172.21.15.114:6801/971741305] conn(0x7f2ba40382e0 0x7f2ba403a7a0 unknown :-1 s=CLOSED pgs=17 cs=0 l=1 rev1=1 crypto rx=0 tx=0 comp rx=0 tx=0).stop
2024-02-19T18:52:25.152 INFO:teuthology.orchestra.run.smithi114.stdout:/usr/bin/ceph: stderr
2024-02-19T18:52:24.552+0000 7f2bc008d700 1 --2- 172.21.15.114:0/464430667 >> [v2:172.21.15.114:3300/0,v1:172.21.15.114:6789/0] conn(0x7f2bb8104cf0 0x7f2bb819c310 unknown :-1 s=CLOSED pgs=56 cs=0 l=1 rev1=1 crypto rx=0 tx=0 comp rx=0 tx=0).stop
2024-02-19T18:52:25.152 INFO:teuthology.orchestra.run.smithi114.stdout:/usr/bin/ceph: stderr
2024-02-19T18:52:24.552+0000 7f2bc008d700 1 -- 172.21.15.114:0/464430667 >> 172.21.15.114:0/464430667 conn(0x7f2bb81008d0 msgr2=0x7f2bb81908b0 unknown :-1 s=STATE_NONE l=0).mark_down
2024-02-19T18:52:25.152 INFO:teuthology.orchestra.run.smithi114.stdout:/usr/bin/ceph: stderr
2024-02-19T18:52:24.552+0000 7f2bc008d700 1 -- 172.21.15.114:0/464430667 shutdown_connections
2024-02-19T18:52:25.152 INFO:teuthology.orchestra.run.smithi114.stdout:/usr/bin/ceph: stderr
2024-02-19T18:52:24.552+0000 7f2bc008d700 1 -- 172.21.15.114:0/464430667 wait complete.
2024-02-19T18:52:25.153 INFO:teuthology.orchestra.run.smithi114.stdout:Deploying node-exporter service with default placement...
2024-02-19T18:52:25.775 INFO:journalctl@ceph.mon.smithi114.smithi114.stdout:Feb 19 18:52:25 smithi114 ceph-mon[29441]: from='client.14150 -' entity='client.admin' cmd=[{"prefix": "orch apply", "service_type": "grafana", "target": ["mon-mgr", ""]}]: dispatch
2024-02-19T18:52:25.775 INFO:journalctl@ceph.mon.smithi114.smithi114.stdout:Feb 19 18:52:25 smithi114 ceph-mon[29441]: Saving service grafana spec with placement count:1
2024-02-19T18:52:25.775 INFO:journalctl@ceph.mon.smithi114.smithi114.stdout:Feb 19 18:52:25 smithi114 ceph-mon[29441]: from='mgr.14118 172.21.15.114:0/2974511756' entity='mgr.smithi114.pcvtrk'
2024-02-19T18:52:26.390 INFO:teuthology.orchestra.run.smithi114.stdout:/usr/bin/ceph: stdout Scheduled node-exporter update...
2024-02-19T18:52:26.391 INFO:teuthology.orchestra.run.smithi114.stdout:/usr/bin/ceph: stderr
2024-02-19T18:52:25.544+0000 7eff5f571700 1 Processor -- start
2024-02-19T18:52:26.391 INFO:teuthology.orchestra.run.smithi114.stdout:/usr/bin/ceph: stderr
2024-02-19T18:52:25.544+0000 7eff5f571700 1 -- start start
2024-02-19T18:52:26.391 INFO:teuthology.orchestra.run.smithi114.stdout:/usr/bin/ceph: stderr
2024-02-19T18:52:25.544+0000 7eff5f571700 1 --2- >> [v2:172.21.15.114:3300/0,v1:172.21.15.114:6789/0] conn(0x7eff5807beb0 0x7eff5807a310 unknown :-1 s=NONE pgs=0 cs=0 l=0 rev1=0 crypto rx=0 tx=0 comp rx=0 tx=0).connect
2024-02-19T18:52:26.391 INFO:teuthology.orchestra.run.smithi114.stdout:/usr/bin/ceph: stderr
2024-02-19T18:52:25.544+0000 7eff5f571700 1 -- --> [v2:172.21.15.114:3300/0,v1:172.21.15.114:6789/0] -- mon_getmap magic: 0 v1 -- 0x7eff5807a8e0 con 0x7eff5807beb0
2024-02-19T18:52:26.391 INFO:teuthology.orchestra.run.smithi114.stdout:/usr/bin/ceph: stderr
2024-02-19T18:52:25.545+0000 7eff5d30d700 1 --2- >> [v2:172.21.15.114:3300/0,v1:172.21.15.114:6789/0] conn(0x7eff5807beb0 0x7eff5807a310 unknown :-1 s=BANNER_CONNECTING pgs=0 cs=0 l=0 rev1=0 crypto rx=0 tx=0 comp rx=0 tx=0)._handle_peer_banner_payload supported=3 required=0
2024-02-19T18:52:26.391 INFO:teuthology.orchestra.run.smithi114.stdout:/usr/bin/ceph: stderr
2024-02-19T18:52:25.545+0000 7eff5d30d700 1 --2- >> [v2:172.21.15.114:3300/0,v1:172.21.15.114:6789/0] conn(0x7eff5807beb0 0x7eff5807a310 unknown :-1 s=HELLO_CONNECTING pgs=0 cs=0 l=0 rev1=1 crypto rx=0 tx=0 comp rx=0 tx=0).handle_hello peer v2:172.21.15.114:3300/0 says I am v2:172.21.15.114:57250/0 (socket says 172.21.15.114:57250)
2024-02-19T18:52:26.391 INFO:teuthology.orchestra.run.smithi114.stdout:/usr/bin/ceph: stderr
2024-02-19T18:52:25.545+0000 7eff5d30d700 1 -- 172.21.15.114:0/2945059443 learned_addr learned my addr 172.21.15.114:0/2945059443 (peer_addr_for_me v2:172.21.15.114:0/0)
2024-02-19T18:52:26.391 INFO:teuthology.orchestra.run.smithi114.stdout:/usr/bin/ceph: stderr
2024-02-19T18:52:25.545+0000 7eff5d30d700 1 -- 172.21.15.114:0/2945059443 --> [v2:172.21.15.114:3300/0,v1:172.21.15.114:6789/0] -- mon_subscribe({config=0+,monmap=0+}) v3 -- 0x7eff5807aa20 con 0x7eff5807beb0
2024-02-19T18:52:26.391 INFO:teuthology.orchestra.run.smithi114.stdout:/usr/bin/ceph: stderr
2024-02-19T18:52:25.545+0000 7eff5d30d700 1 --2- 172.21.15.114:0/2945059443 >> [v2:172.21.15.114:3300/0,v1:172.21.15.114:6789/0] conn(0x7eff5807beb0 0x7eff5807a310 secure :-1 s=READY pgs=57 cs=0 l=1 rev1=1 crypto rx=0x7eff50009e80 tx=0x7eff5000b330 comp rx=0 tx=0).ready entity=mon.0 client_cookie=d1a74672336a1a7e server_cookie=0 in_seq=0 out_seq=0
2024-02-19T18:52:26.391 INFO:teuthology.orchestra.run.smithi114.stdout:/usr/bin/ceph: stderr
2024-02-19T18:52:25.545+0000 7eff4ffff700 1 -- 172.21.15.114:0/2945059443 <== mon.0 v2:172.21.15.114:3300/0 1 ==== mon_map magic: 0 v1 ==== 229+0+0 (secure 0 0 0) 0x7eff5000e070 con 0x7eff5807beb0
2024-02-19T18:52:26.391 INFO:teuthology.orchestra.run.smithi114.stdout:/usr/bin/ceph: stderr
2024-02-19T18:52:25.545+0000 7eff4ffff700 1 -- 172.21.15.114:0/2945059443 <== mon.0 v2:172.21.15.114:3300/0 2 ==== config(27 keys) v1 ==== 1101+0+0 (secure 0 0 0) 0x7eff5000b8c0 con 0x7eff5807beb0
2024-02-19T18:52:26.391 INFO:teuthology.orchestra.run.smithi114.stdout:/usr/bin/ceph: stderr
2024-02-19T18:52:25.545+0000 7eff4ffff700 1 -- 172.21.15.114:0/2945059443 <== mon.0 v2:172.21.15.114:3300/0 3 ==== mon_map magic: 0 v1 ==== 229+0+0 (secure 0 0 0) 0x7eff500044d0 con 0x7eff5807beb0
2024-02-19T18:52:26.392 INFO:teuthology.orchestra.run.smithi114.stdout:/usr/bin/ceph: stderr
2024-02-19T18:52:25.546+0000 7eff5f571700 1 -- 172.21.15.114:0/2945059443 >> [v2:172.21.15.114:3300/0,v1:172.21.15.114:6789/0] conn(0x7eff5807beb0 msgr2=0x7eff5807a310 secure :-1 s=STATE_CONNECTION_ESTABLISHED l=1).mark_down
2024-02-19T18:52:26.392 INFO:teuthology.orchestra.run.smithi114.stdout:/usr/bin/ceph: stderr
2024-02-19T18:52:25.546+0000 7eff5f571700 1 --2- 172.21.15.114:0/2945059443 >> [v2:172.21.15.114:3300/0,v1:172.21.15.114:6789/0] conn(0x7eff5807beb0 0x7eff5807a310 secure :-1 s=READY pgs=57 cs=0 l=1 rev1=1 crypto rx=0x7eff50009e80 tx=0x7eff5000b330 comp rx=0 tx=0).stop
2024-02-19T18:52:26.392 INFO:teuthology.orchestra.run.smithi114.stdout:/usr/bin/ceph: stderr
2024-02-19T18:52:25.546+0000 7eff5f571700 1 -- 172.21.15.114:0/2945059443 shutdown_connections
2024-02-19T18:52:26.392 INFO:teuthology.orchestra.run.smithi114.stdout:/usr/bin/ceph: stderr
2024-02-19T18:52:25.546+0000 7eff5f571700 1 --2- 172.21.15.114:0/2945059443 >> [v2:172.21.15.114:3300/0,v1:172.21.15.114:6789/0] conn(0x7eff5807beb0 0x7eff5807a310 unknown :-1 s=CLOSED pgs=57 cs=0 l=1 rev1=1 crypto rx=0 tx=0 comp rx=0 tx=0).stop
2024-02-19T18:52:26.392 INFO:teuthology.orchestra.run.smithi114.stdout:/usr/bin/ceph: stderr
2024-02-19T18:52:25.546+0000 7eff5f571700 1 -- 172.21.15.114:0/2945059443 >> 172.21.15.114:0/2945059443 conn(0x7eff58101a00 msgr2=0x7eff58103e20 unknown :-1 s=STATE_NONE l=0).mark_down
2024-02-19T18:52:26.392 INFO:teuthology.orchestra.run.smithi114.stdout:/usr/bin/ceph: stderr
2024-02-19T18:52:25.546+0000 7eff5f571700 1 -- 172.21.15.114:0/2945059443 shutdown_connections
2024-02-19T18:52:26.392 INFO:teuthology.orchestra.run.smithi114.stdout:/usr/bin/ceph: stderr
2024-02-19T18:52:25.546+0000 7eff5f571700 1 -- 172.21.15.114:0/2945059443 wait complete.
2024-02-19T18:52:26.392 INFO:teuthology.orchestra.run.smithi114.stdout:/usr/bin/ceph: stderr
2024-02-19T18:52:25.546+0000 7eff5f571700 1 Processor -- start
2024-02-19T18:52:26.392 INFO:teuthology.orchestra.run.smithi114.stdout:/usr/bin/ceph: stderr
2024-02-19T18:52:25.546+0000 7eff5f571700 1 -- start start
2024-02-19T18:52:26.392 INFO:teuthology.orchestra.run.smithi114.stdout:/usr/bin/ceph: stderr
2024-02-19T18:52:25.547+0000 7eff5f571700 1 --2- >> [v2:172.21.15.114:3300/0,v1:172.21.15.114:6789/0] conn(0x7eff5807beb0 0x7eff5819c2d0 unknown :-1 s=NONE pgs=0 cs=0 l=1 rev1=0 crypto rx=0 tx=0 comp rx=0 tx=0).connect
2024-02-19T18:52:26.392 INFO:teuthology.orchestra.run.smithi114.stdout:/usr/bin/ceph: stderr
2024-02-19T18:52:25.547+0000 7eff5f571700 1 -- --> [v2:172.21.15.114:3300/0,v1:172.21.15.114:6789/0] -- mon_getmap magic: 0 v1 -- 0x7eff5819c810 con 0x7eff5807beb0
2024-02-19T18:52:26.392 INFO:teuthology.orchestra.run.smithi114.stdout:/usr/bin/ceph: stderr
2024-02-19T18:52:25.547+0000 7eff5d30d700 1 --2- >> [v2:172.21.15.114:3300/0,v1:172.21.15.114:6789/0] conn(0x7eff5807beb0 0x7eff5819c2d0 unknown :-1 s=BANNER_CONNECTING pgs=0 cs=0 l=1 rev1=0 crypto rx=0 tx=0 comp rx=0 tx=0)._handle_peer_banner_payload supported=3 required=0
2024-02-19T18:52:26.392 INFO:teuthology.orchestra.run.smithi114.stdout:/usr/bin/ceph: stderr
2024-02-19T18:52:25.547+0000 7eff5d30d700 1 --2- >> [v2:172.21.15.114:3300/0,v1:172.21.15.114:6789/0] conn(0x7eff5807beb0 0x7eff5819c2d0 unknown :-1 s=HELLO_CONNECTING pgs=0 cs=0 l=1 rev1=1 crypto rx=0 tx=0 comp rx=0 tx=0).handle_hello peer v2:172.21.15.114:3300/0 says I am v2:172.21.15.114:57256/0 (socket says 172.21.15.114:57256)
2024-02-19T18:52:26.392 INFO:teuthology.orchestra.run.smithi114.stdout:/usr/bin/ceph: stderr
2024-02-19T18:52:25.547+0000 7eff5d30d700 1 -- 172.21.15.114:0/2435374174 learned_addr learned my addr 172.21.15.114:0/2435374174 (peer_addr_for_me v2:172.21.15.114:0/0)
2024-02-19T18:52:26.393 INFO:teuthology.orchestra.run.smithi114.stdout:/usr/bin/ceph: stderr
2024-02-19T18:52:25.547+0000 7eff5d30d700 1 -- 172.21.15.114:0/2435374174 --> [v2:172.21.15.114:3300/0,v1:172.21.15.114:6789/0] -- mon_subscribe({config=0+,monmap=0+}) v3 -- 0x7eff50009b30 con 0x7eff5807beb0
2024-02-19T18:52:26.393 INFO:teuthology.orchestra.run.smithi114.stdout:/usr/bin/ceph: stderr
2024-02-19T18:52:25.547+0000 7eff5d30d700 1 --2- 172.21.15.114:0/2435374174 >> [v2:172.21.15.114:3300/0,v1:172.21.15.114:6789/0] conn(0x7eff5807beb0 0x7eff5819c2d0 secure :-1 s=READY pgs=58 cs=0 l=1 rev1=1 crypto rx=0x7eff500072a0 tx=0x7eff500049f0 comp rx=0 tx=0).ready entity=mon.0 client_cookie=0 server_cookie=0 in_seq=0 out_seq=0
2024-02-19T18:52:26.393 INFO:teuthology.orchestra.run.smithi114.stdout:/usr/bin/ceph: stderr
2024-02-19T18:52:25.547+0000 7eff4e7fc700 1 -- 172.21.15.114:0/2435374174 <== mon.0 v2:172.21.15.114:3300/0 1 ==== mon_map magic: 0 v1 ==== 229+0+0 (secure 0 0 0) 0x7eff5000e040 con 0x7eff5807beb0
2024-02-19T18:52:26.393 INFO:teuthology.orchestra.run.smithi114.stdout:/usr/bin/ceph: stderr
2024-02-19T18:52:25.547+0000 7eff4e7fc700 1 -- 172.21.15.114:0/2435374174 <== mon.0 v2:172.21.15.114:3300/0 2 ==== config(27 keys) v1 ==== 1101+0+0 (secure 0 0 0) 0x7eff5000bd80 con 0x7eff5807beb0
2024-02-19T18:52:26.393 INFO:teuthology.orchestra.run.smithi114.stdout:/usr/bin/ceph: stderr
2024-02-19T18:52:25.547+0000 7eff5f571700 1 -- 172.21.15.114:0/2435374174 --> [v2:172.21.15.114:3300/0,v1:172.21.15.114:6789/0] -- mon_subscribe({mgrmap=0+}) v3 -- 0x7eff5819ca10 con 0x7eff5807beb0
2024-02-19T18:52:26.393 INFO:teuthology.orchestra.run.smithi114.stdout:/usr/bin/ceph: stderr
2024-02-19T18:52:25.547+0000 7eff4e7fc700 1 -- 172.21.15.114:0/2435374174 <== mon.0 v2:172.21.15.114:3300/0 3 ==== mon_map magic: 0 v1 ==== 229+0+0 (secure 0 0 0) 0x7eff500126c0 con 0x7eff5807beb0
2024-02-19T18:52:26.393 INFO:teuthology.orchestra.run.smithi114.stdout:/usr/bin/ceph: stderr
2024-02-19T18:52:25.547+0000 7eff5f571700 1 -- 172.21.15.114:0/2435374174 --> [v2:172.21.15.114:3300/0,v1:172.21.15.114:6789/0] -- mon_subscribe({osdmap=0}) v3 -- 0x7eff5819cf10 con 0x7eff5807beb0
2024-02-19T18:52:26.393 INFO:teuthology.orchestra.run.smithi114.stdout:/usr/bin/ceph: stderr
2024-02-19T18:52:25.548+0000 7eff4e7fc700 1 -- 172.21.15.114:0/2435374174 <== mon.0 v2:172.21.15.114:3300/0 4 ==== mgrmap(e 8) v1 ==== 45283+0+0 (secure 0 0 0) 0x7eff50019040 con 0x7eff5807beb0
2024-02-19T18:52:26.393 INFO:teuthology.orchestra.run.smithi114.stdout:/usr/bin/ceph: stderr
2024-02-19T18:52:25.548+0000 7eff5f571700 1 -- 172.21.15.114:0/2435374174 --> [v2:172.21.15.114:3300/0,v1:172.21.15.114:6789/0] -- mon_command({"prefix": "get_command_descriptions"} v 0) v1 -- 0x7eff580623c0 con 0x7eff5807beb0
2024-02-19T18:52:26.393 INFO:teuthology.orchestra.run.smithi114.stdout:/usr/bin/ceph: stderr
2024-02-19T18:52:25.549+0000 7eff4e7fc700 1 --2- 172.21.15.114:0/2435374174 >> [v2:172.21.15.114:6800/971741305,v1:172.21.15.114:6801/971741305] conn(0x7eff44038330 0x7eff4403a7f0 unknown :-1 s=NONE pgs=0 cs=0 l=1 rev1=0 crypto rx=0 tx=0 comp rx=0 tx=0).connect
2024-02-19T18:52:26.393 INFO:teuthology.orchestra.run.smithi114.stdout:/usr/bin/ceph: stderr
2024-02-19T18:52:25.549+0000 7eff4e7fc700 1 -- 172.21.15.114:0/2435374174 <== mon.0 v2:172.21.15.114:3300/0 5 ==== osd_map(2..2 src has 1..2) v4 ==== 940+0+0 (secure 0 0 0) 0x7eff5004be40 con 0x7eff5807beb0
2024-02-19T18:52:26.393 INFO:teuthology.orchestra.run.smithi114.stdout:/usr/bin/ceph: stderr
2024-02-19T18:52:25.549+0000 7eff5cb0c700 1 --2- 172.21.15.114:0/2435374174 >> [v2:172.21.15.114:6800/971741305,v1:172.21.15.114:6801/971741305] conn(0x7eff44038330 0x7eff4403a7f0 unknown :-1 s=BANNER_CONNECTING pgs=0 cs=0 l=1 rev1=0 crypto rx=0 tx=0 comp rx=0 tx=0)._handle_peer_banner_payload supported=3 required=0
2024-02-19T18:52:26.393 INFO:teuthology.orchestra.run.smithi114.stdout:/usr/bin/ceph: stderr
2024-02-19T18:52:25.549+0000 7eff5cb0c700 1 --2- 172.21.15.114:0/2435374174 >> [v2:172.21.15.114:6800/971741305,v1:172.21.15.114:6801/971741305] conn(0x7eff44038330 0x7eff4403a7f0 secure :-1 s=READY pgs=18 cs=0 l=1 rev1=1 crypto rx=0x7eff48006fd0 tx=0x7eff48006e40 comp rx=0 tx=0).ready entity=mgr.14118 client_cookie=0 server_cookie=0 in_seq=0 out_seq=0
2024-02-19T18:52:26.393 INFO:teuthology.orchestra.run.smithi114.stdout:/usr/bin/ceph: stderr
2024-02-19T18:52:25.555+0000 7eff4e7fc700 1 -- 172.21.15.114:0/2435374174 <== mon.0 v2:172.21.15.114:3300/0 6 ==== mon_command_ack([{"prefix": "get_command_descriptions"}]=0 v0) v1 ==== 72+0+180422 (secure 0 0 0) 0x7eff500244a0 con 0x7eff5807beb0
2024-02-19T18:52:26.394 INFO:teuthology.orchestra.run.smithi114.stdout:/usr/bin/ceph: stderr
2024-02-19T18:52:25.758+0000 7eff5f571700 1 -- 172.21.15.114:0/2435374174 --> [v2:172.21.15.114:6800/971741305,v1:172.21.15.114:6801/971741305] -- mgr_command(tid 0: {"prefix": "orch apply", "service_type": "node-exporter", "target": ["mon-mgr", ""]}) v1 -- 0x7eff58102eb0 con 0x7eff44038330
2024-02-19T18:52:26.394 INFO:teuthology.orchestra.run.smithi114.stdout:/usr/bin/ceph: stderr
2024-02-19T18:52:25.764+0000 7eff4e7fc700 1 -- 172.21.15.114:0/2435374174 <== mgr.14118 v2:172.21.15.114:6800/971741305 1 ==== mgr_command_reply(tid 0: 0 ) v1 ==== 8+0+34 (secure 0 0 0) 0x7eff58102eb0 con 0x7eff44038330
2024-02-19T18:52:26.394 INFO:teuthology.orchestra.run.smithi114.stdout:/usr/bin/ceph: stderr
2024-02-19T18:52:25.766+0000 7eff5f571700 1 -- 172.21.15.114:0/2435374174 >> [v2:172.21.15.114:6800/971741305,v1:172.21.15.114:6801/971741305] conn(0x7eff44038330 msgr2=0x7eff4403a7f0 secure :-1 s=STATE_CONNECTION_ESTABLISHED l=1).mark_down
2024-02-19T18:52:26.394 INFO:teuthology.orchestra.run.smithi114.stdout:/usr/bin/ceph: stderr
2024-02-19T18:52:25.766+0000 7eff5f571700 1 --2- 172.21.15.114:0/2435374174 >> [v2:172.21.15.114:6800/971741305,v1:172.21.15.114:6801/971741305] conn(0x7eff44038330 0x7eff4403a7f0 secure :-1 s=READY pgs=18 cs=0 l=1 rev1=1 crypto rx=0x7eff48006fd0 tx=0x7eff48006e40 comp rx=0 tx=0).stop
2024-02-19T18:52:26.394 INFO:teuthology.orchestra.run.smithi114.stdout:/usr/bin/ceph: stderr
2024-02-19T18:52:25.766+0000 7eff5f571700 1 -- 172.21.15.114:0/2435374174 >> [v2:172.21.15.114:3300/0,v1:172.21.15.114:6789/0] conn(0x7eff5807beb0 msgr2=0x7eff5819c2d0 secure :-1 s=STATE_CONNECTION_ESTABLISHED l=1).mark_down
2024-02-19T18:52:26.394 INFO:teuthology.orchestra.run.smithi114.stdout:/usr/bin/ceph: stderr
2024-02-19T18:52:25.766+0000 7eff5f571700 1 --2- 172.21.15.114:0/2435374174 >> [v2:172.21.15.114:3300/0,v1:172.21.15.114:6789/0] conn(0x7eff5807beb0 0x7eff5819c2d0 secure :-1 s=READY pgs=58 cs=0 l=1 rev1=1 crypto rx=0x7eff500072a0 tx=0x7eff500049f0 comp rx=0 tx=0).stop
2024-02-19T18:52:26.394 INFO:teuthology.orchestra.run.smithi114.stdout:/usr/bin/ceph: stderr
2024-02-19T18:52:25.766+0000 7eff5f571700 1 -- 172.21.15.114:0/2435374174 shutdown_connections
2024-02-19T18:52:26.394 INFO:teuthology.orchestra.run.smithi114.stdout:/usr/bin/ceph: stderr
2024-02-19T18:52:25.766+0000 7eff5f571700 1 --2- 172.21.15.114:0/2435374174 >> [v2:172.21.15.114:6800/971741305,v1:172.21.15.114:6801/971741305] conn(0x7eff44038330 0x7eff4403a7f0 unknown :-1 s=CLOSED pgs=18 cs=0 l=1 rev1=1 crypto rx=0 tx=0 comp rx=0 tx=0).stop
2024-02-19T18:52:26.394 INFO:teuthology.orchestra.run.smithi114.stdout:/usr/bin/ceph: stderr
2024-02-19T18:52:25.766+0000 7eff5f571700 1 --2- 172.21.15.114:0/2435374174 >> [v2:172.21.15.114:3300/0,v1:172.21.15.114:6789/0] conn(0x7eff5807beb0 0x7eff5819c2d0 unknown :-1 s=CLOSED pgs=58 cs=0 l=1 rev1=1 crypto rx=0 tx=0 comp rx=0 tx=0).stop
2024-02-19T18:52:26.394 INFO:teuthology.orchestra.run.smithi114.stdout:/usr/bin/ceph: stderr
2024-02-19T18:52:25.766+0000 7eff5f571700 1 -- 172.21.15.114:0/2435374174 >> 172.21.15.114:0/2435374174 conn(0x7eff58101a00 msgr2=0x7eff581027a0 unknown :-1 s=STATE_NONE l=0).mark_down
2024-02-19T18:52:26.394 INFO:teuthology.orchestra.run.smithi114.stdout:/usr/bin/ceph: stderr
2024-02-19T18:52:25.766+0000 7eff5f571700 1 -- 172.21.15.114:0/2435374174 shutdown_connections
2024-02-19T18:52:26.394 INFO:teuthology.orchestra.run.smithi114.stdout:/usr/bin/ceph: stderr
2024-02-19T18:52:25.766+0000 7eff5f571700 1 -- 172.21.15.114:0/2435374174 wait complete.
2024-02-19T18:52:26.394 INFO:teuthology.orchestra.run.smithi114.stdout:Deploying alertmanager service with default placement...
2024-02-19T18:52:27.011 INFO:journalctl@ceph.mon.smithi114.smithi114.stdout:Feb 19 18:52:26 smithi114 ceph-mon[29441]: pgmap v3: 0 pgs: ; 0 B data, 0 B used, 0 B / 0 B avail
2024-02-19T18:52:27.011 INFO:journalctl@ceph.mon.smithi114.smithi114.stdout:Feb 19 18:52:26 smithi114 ceph-mon[29441]: from='client.14152 -' entity='client.admin' cmd=[{"prefix": "orch apply", "service_type": "node-exporter", "target": ["mon-mgr", ""]}]: dispatch
2024-02-19T18:52:27.011 INFO:journalctl@ceph.mon.smithi114.smithi114.stdout:Feb 19 18:52:26 smithi114 ceph-mon[29441]: Saving service node-exporter spec with placement *
2024-02-19T18:52:27.011 INFO:journalctl@ceph.mon.smithi114.smithi114.stdout:Feb 19 18:52:26 smithi114 ceph-mon[29441]: from='mgr.14118 172.21.15.114:0/2974511756' entity='mgr.smithi114.pcvtrk'
2024-02-19T18:52:27.528 INFO:teuthology.orchestra.run.smithi114.stdout:/usr/bin/ceph: stdout Scheduled alertmanager update...
2024-02-19T18:52:27.528 INFO:teuthology.orchestra.run.smithi114.stdout:/usr/bin/ceph: stderr
2024-02-19T18:52:26.784+0000 7f0764f97700 1 Processor -- start
2024-02-19T18:52:27.528 INFO:teuthology.orchestra.run.smithi114.stdout:/usr/bin/ceph: stderr
2024-02-19T18:52:26.784+0000 7f0764f97700 1 -- start start
2024-02-19T18:52:27.529 INFO:teuthology.orchestra.run.smithi114.stdout:/usr/bin/ceph: stderr
2024-02-19T18:52:26.784+0000 7f0764f97700 1 --2- >> [v2:172.21.15.114:3300/0,v1:172.21.15.114:6789/0] conn(0x7f0760106420 0x7f0760106840 unknown :-1 s=NONE pgs=0 cs=0 l=0 rev1=0 crypto rx=0 tx=0 comp rx=0 tx=0).connect
2024-02-19T18:52:27.529 INFO:teuthology.orchestra.run.smithi114.stdout:/usr/bin/ceph: stderr
2024-02-19T18:52:26.784+0000 7f0764f97700 1 -- --> [v2:172.21.15.114:3300/0,v1:172.21.15.114:6789/0] -- mon_getmap magic: 0 v1 -- 0x7f0760106e10 con 0x7f0760106420
2024-02-19T18:52:27.529 INFO:teuthology.orchestra.run.smithi114.stdout:/usr/bin/ceph: stderr
2024-02-19T18:52:26.784+0000 7f075e59c700 1 --2- >> [v2:172.21.15.114:3300/0,v1:172.21.15.114:6789/0] conn(0x7f0760106420 0x7f0760106840 unknown :-1 s=BANNER_CONNECTING pgs=0 cs=0 l=0 rev1=0 crypto rx=0 tx=0 comp rx=0 tx=0)._handle_peer_banner_payload supported=3 required=0
2024-02-19T18:52:27.529 INFO:teuthology.orchestra.run.smithi114.stdout:/usr/bin/ceph: stderr
2024-02-19T18:52:26.784+0000 7f075e59c700 1 --2- >> [v2:172.21.15.114:3300/0,v1:172.21.15.114:6789/0] conn(0x7f0760106420 0x7f0760106840 unknown :-1 s=HELLO_CONNECTING pgs=0 cs=0 l=0 rev1=1 crypto rx=0 tx=0 comp rx=0 tx=0).handle_hello peer v2:172.21.15.114:3300/0 says I am v2:172.21.15.114:57270/0 (socket says 172.21.15.114:57270)
2024-02-19T18:52:27.529 INFO:teuthology.orchestra.run.smithi114.stdout:/usr/bin/ceph: stderr
2024-02-19T18:52:26.784+0000 7f075e59c700 1 -- 172.21.15.114:0/10541661 learned_addr learned my addr 172.21.15.114:0/10541661 (peer_addr_for_me v2:172.21.15.114:0/0)
2024-02-19T18:52:27.529 INFO:teuthology.orchestra.run.smithi114.stdout:/usr/bin/ceph: stderr
2024-02-19T18:52:26.785+0000 7f075e59c700 1 -- 172.21.15.114:0/10541661 --> [v2:172.21.15.114:3300/0,v1:172.21.15.114:6789/0] -- mon_subscribe({config=0+,monmap=0+}) v3 -- 0x7f0760107620 con 0x7f0760106420
2024-02-19T18:52:27.529 INFO:teuthology.orchestra.run.smithi114.stdout:/usr/bin/ceph: stderr
2024-02-19T18:52:26.785+0000 7f075e59c700 1 --2- 172.21.15.114:0/10541661 >> [v2:172.21.15.114:3300/0,v1:172.21.15.114:6789/0] conn(0x7f0760106420 0x7f0760106840 secure :-1 s=READY pgs=59 cs=0 l=1 rev1=1 crypto rx=0x7f07500098a0 tx=0x7f0750009bb0 comp rx=0 tx=0).ready entity=mon.0 client_cookie=c3a6011a80903a56 server_cookie=0 in_seq=0 out_seq=0
2024-02-19T18:52:27.529 INFO:teuthology.orchestra.run.smithi114.stdout:/usr/bin/ceph: stderr
2024-02-19T18:52:26.785+0000 7f075dd9b700 1 -- 172.21.15.114:0/10541661 <== mon.0 v2:172.21.15.114:3300/0 1 ==== mon_map magic: 0 v1 ==== 229+0+0 (secure 0 0 0) 0x7f0750004180 con 0x7f0760106420
2024-02-19T18:52:27.529 INFO:teuthology.orchestra.run.smithi114.stdout:/usr/bin/ceph: stderr
2024-02-19T18:52:26.785+0000 7f075dd9b700 1 -- 172.21.15.114:0/10541661 <== mon.0 v2:172.21.15.114:3300/0 2 ==== config(27 keys) v1 ==== 1101+0+0 (secure 0 0 0) 0x7f07500042e0 con 0x7f0760106420
2024-02-19T18:52:27.529 INFO:teuthology.orchestra.run.smithi114.stdout:/usr/bin/ceph: stderr
2024-02-19T18:52:26.785+0000 7f075dd9b700 1 -- 172.21.15.114:0/10541661 <== mon.0 v2:172.21.15.114:3300/0 3 ==== mon_map magic: 0 v1 ==== 229+0+0 (secure 0 0 0) 0x7f0750011af0 con 0x7f0760106420
2024-02-19T18:52:27.529 INFO:teuthology.orchestra.run.smithi114.stdout:/usr/bin/ceph: stderr
2024-02-19T18:52:26.785+0000 7f0764f97700 1 -- 172.21.15.114:0/10541661 >> [v2:172.21.15.114:3300/0,v1:172.21.15.114:6789/0] conn(0x7f0760106420 msgr2=0x7f0760106840 secure :-1 s=STATE_CONNECTION_ESTABLISHED l=1).mark_down
2024-02-19T18:52:27.529 INFO:teuthology.orchestra.run.smithi114.stdout:/usr/bin/ceph: stderr
2024-02-19T18:52:26.785+0000 7f0764f97700 1 --2- 172.21.15.114:0/10541661 >> [v2:172.21.15.114:3300/0,v1:172.21.15.114:6789/0] conn(0x7f0760106420 0x7f0760106840 secure :-1 s=READY pgs=59 cs=0 l=1 rev1=1 crypto rx=0x7f07500098a0 tx=0x7f0750009bb0 comp rx=0 tx=0).stop
2024-02-19T18:52:27.529 INFO:teuthology.orchestra.run.smithi114.stdout:/usr/bin/ceph: stderr
2024-02-19T18:52:26.786+0000 7f0764f97700 1 -- 172.21.15.114:0/10541661 shutdown_connections
2024-02-19T18:52:27.529 INFO:teuthology.orchestra.run.smithi114.stdout:/usr/bin/ceph: stderr
2024-02-19T18:52:26.786+0000 7f0764f97700 1 --2- 172.21.15.114:0/10541661 >> [v2:172.21.15.114:3300/0,v1:172.21.15.114:6789/0] conn(0x7f0760106420 0x7f0760106840 unknown :-1 s=CLOSED pgs=59 cs=0 l=1 rev1=1 crypto rx=0 tx=0 comp rx=0 tx=0).stop
2024-02-19T18:52:27.530 INFO:teuthology.orchestra.run.smithi114.stdout:/usr/bin/ceph: stderr
2024-02-19T18:52:26.786+0000 7f0764f97700 1 -- 172.21.15.114:0/10541661 >> 172.21.15.114:0/10541661 conn(0x7f0760101a00 msgr2=0x7f0760103e20 unknown :-1 s=STATE_NONE l=0).mark_down
2024-02-19T18:52:27.530 INFO:teuthology.orchestra.run.smithi114.stdout:/usr/bin/ceph: stderr
2024-02-19T18:52:26.786+0000 7f0764f97700 1 -- 172.21.15.114:0/10541661 shutdown_connections
2024-02-19T18:52:27.530 INFO:teuthology.orchestra.run.smithi114.stdout:/usr/bin/ceph: stderr
2024-02-19T18:52:26.786+0000 7f0764f97700 1 -- 172.21.15.114:0/10541661 wait complete.
2024-02-19T18:52:27.530 INFO:teuthology.orchestra.run.smithi114.stdout:/usr/bin/ceph: stderr
2024-02-19T18:52:26.786+0000 7f0764f97700 1 Processor -- start
2024-02-19T18:52:27.530 INFO:teuthology.orchestra.run.smithi114.stdout:/usr/bin/ceph: stderr
2024-02-19T18:52:26.786+0000 7f0764f97700 1 -- start start
2024-02-19T18:52:27.530 INFO:teuthology.orchestra.run.smithi114.stdout:/usr/bin/ceph: stderr
2024-02-19T18:52:26.787+0000 7f0764f97700 1 --2- >> [v2:172.21.15.114:3300/0,v1:172.21.15.114:6789/0] conn(0x7f0760106420 0x7f076019a180 unknown :-1 s=NONE pgs=0 cs=0 l=1 rev1=0 crypto rx=0 tx=0 comp rx=0 tx=0).connect
2024-02-19T18:52:27.530 INFO:teuthology.orchestra.run.smithi114.stdout:/usr/bin/ceph: stderr
2024-02-19T18:52:26.787+0000 7f0764f97700 1 -- --> [v2:172.21.15.114:3300/0,v1:172.21.15.114:6789/0] -- mon_getmap magic: 0 v1 -- 0x7f076019a6c0 con 0x7f0760106420
2024-02-19T18:52:27.530 INFO:teuthology.orchestra.run.smithi114.stdout:/usr/bin/ceph: stderr
2024-02-19T18:52:26.787+0000 7f075e59c700 1 --2- >> [v2:172.21.15.114:3300/0,v1:172.21.15.114:6789/0] conn(0x7f0760106420 0x7f076019a180 unknown :-1 s=BANNER_CONNECTING pgs=0 cs=0 l=1 rev1=0 crypto rx=0 tx=0 comp rx=0 tx=0)._handle_peer_banner_payload supported=3 required=0
2024-02-19T18:52:27.530 INFO:teuthology.orchestra.run.smithi114.stdout:/usr/bin/ceph: stderr
2024-02-19T18:52:26.787+0000 7f075e59c700 1 --2- >> [v2:172.21.15.114:3300/0,v1:172.21.15.114:6789/0] conn(0x7f0760106420 0x7f076019a180 unknown :-1 s=HELLO_CONNECTING pgs=0 cs=0 l=1 rev1=1 crypto rx=0 tx=0 comp rx=0 tx=0).handle_hello peer v2:172.21.15.114:3300/0 says I am v2:172.21.15.114:57282/0 (socket says 172.21.15.114:57282)
2024-02-19T18:52:27.530 INFO:teuthology.orchestra.run.smithi114.stdout:/usr/bin/ceph: stderr
2024-02-19T18:52:26.787+0000 7f075e59c700 1 -- 172.21.15.114:0/2863683686 learned_addr learned my addr 172.21.15.114:0/2863683686 (peer_addr_for_me v2:172.21.15.114:0/0)
2024-02-19T18:52:27.530 INFO:teuthology.orchestra.run.smithi114.stdout:/usr/bin/ceph: stderr
2024-02-19T18:52:26.787+0000 7f075e59c700 1 -- 172.21.15.114:0/2863683686 --> [v2:172.21.15.114:3300/0,v1:172.21.15.114:6789/0] -- mon_subscribe({config=0+,monmap=0+}) v3 -- 0x7f0750009550 con 0x7f0760106420
2024-02-19T18:52:27.530 INFO:teuthology.orchestra.run.smithi114.stdout:/usr/bin/ceph: stderr
2024-02-19T18:52:26.787+0000 7f075e59c700 1 --2- 172.21.15.114:0/2863683686 >> [v2:172.21.15.114:3300/0,v1:172.21.15.114:6789/0] conn(0x7f0760106420 0x7f076019a180 secure :-1 s=READY pgs=60 cs=0 l=1 rev1=1 crypto rx=0x7f0750011670 tx=0x7f0750011aa0 comp rx=0 tx=0).ready entity=mon.0 client_cookie=0 server_cookie=0 in_seq=0 out_seq=0
2024-02-19T18:52:27.530 INFO:teuthology.orchestra.run.smithi114.stdout:/usr/bin/ceph: stderr
2024-02-19T18:52:26.787+0000 7f0757fff700 1 -- 172.21.15.114:0/2863683686 <== mon.0 v2:172.21.15.114:3300/0 1 ==== mon_map magic: 0 v1 ==== 229+0+0 (secure 0 0 0) 0x7f07500039c0 con 0x7f0760106420
2024-02-19T18:52:27.530 INFO:teuthology.orchestra.run.smithi114.stdout:/usr/bin/ceph: stderr
2024-02-19T18:52:26.787+0000 7f0757fff700 1 -- 172.21.15.114:0/2863683686 <== mon.0 v2:172.21.15.114:3300/0 2 ==== config(27 keys) v1 ==== 1101+0+0 (secure 0 0 0) 0x7f0750003b20 con 0x7f0760106420
2024-02-19T18:52:27.531 INFO:teuthology.orchestra.run.smithi114.stdout:/usr/bin/ceph: stderr
2024-02-19T18:52:26.787+0000 7f0764f97700 1 -- 172.21.15.114:0/2863683686 --> [v2:172.21.15.114:3300/0,v1:172.21.15.114:6789/0] -- mon_subscribe({mgrmap=0+}) v3 -- 0x7f076019a8c0 con 0x7f0760106420
2024-02-19T18:52:27.531 INFO:teuthology.orchestra.run.smithi114.stdout:/usr/bin/ceph: stderr
2024-02-19T18:52:26.787+0000 7f0757fff700 1 -- 172.21.15.114:0/2863683686 <== mon.0 v2:172.21.15.114:3300/0 3 ==== mon_map magic: 0 v1 ==== 229+0+0 (secure 0 0 0) 0x7f07500247f0 con 0x7f0760106420
2024-02-19T18:52:27.531 INFO:teuthology.orchestra.run.smithi114.stdout:/usr/bin/ceph: stderr
2024-02-19T18:52:26.787+0000 7f0764f97700 1 -- 172.21.15.114:0/2863683686 --> [v2:172.21.15.114:3300/0,v1:172.21.15.114:6789/0] -- mon_subscribe({osdmap=0}) v3 -- 0x7f076019ad60 con 0x7f0760106420
2024-02-19T18:52:27.531 INFO:teuthology.orchestra.run.smithi114.stdout:/usr/bin/ceph: stderr
2024-02-19T18:52:26.788+0000 7f0757fff700 1 -- 172.21.15.114:0/2863683686 <== mon.0 v2:172.21.15.114:3300/0 4 ==== mgrmap(e 8) v1 ==== 45283+0+0 (secure 0 0 0) 0x7f0750024ab0 con 0x7f0760106420
2024-02-19T18:52:27.531 INFO:teuthology.orchestra.run.smithi114.stdout:/usr/bin/ceph: stderr
2024-02-19T18:52:26.789+0000 7f0764f97700 1 -- 172.21.15.114:0/2863683686 --> [v2:172.21.15.114:3300/0,v1:172.21.15.114:6789/0] -- mon_command({"prefix": "get_command_descriptions"} v 0) v1 -- 0x7f07600623c0 con 0x7f0760106420
2024-02-19T18:52:27.531 INFO:teuthology.orchestra.run.smithi114.stdout:/usr/bin/ceph: stderr
2024-02-19T18:52:26.789+0000 7f0757fff700 1 --2- 172.21.15.114:0/2863683686 >> [v2:172.21.15.114:6800/971741305,v1:172.21.15.114:6801/971741305] conn(0x7f074c0382e0 0x7f074c03a7a0 unknown :-1 s=NONE pgs=0 cs=0 l=1 rev1=0 crypto rx=0 tx=0 comp rx=0 tx=0).connect
2024-02-19T18:52:27.531 INFO:teuthology.orchestra.run.smithi114.stdout:/usr/bin/ceph: stderr
2024-02-19T18:52:26.789+0000 7f0757fff700 1 -- 172.21.15.114:0/2863683686 <== mon.0 v2:172.21.15.114:3300/0 5 ==== osd_map(2..2 src has 1..2) v4 ==== 940+0+0 (secure 0 0 0) 0x7f075004c5a0 con 0x7f0760106420
2024-02-19T18:52:27.531 INFO:teuthology.orchestra.run.smithi114.stdout:/usr/bin/ceph: stderr
2024-02-19T18:52:26.789+0000 7f0755d9b700 1 --2- 172.21.15.114:0/2863683686 >> [v2:172.21.15.114:6800/971741305,v1:172.21.15.114:6801/971741305] conn(0x7f074c0382e0 0x7f074c03a7a0 unknown :-1 s=BANNER_CONNECTING pgs=0 cs=0 l=1 rev1=0 crypto rx=0 tx=0 comp rx=0 tx=0)._handle_peer_banner_payload supported=3 required=0
2024-02-19T18:52:27.531 INFO:teuthology.orchestra.run.smithi114.stdout:/usr/bin/ceph: stderr
