2024-02-19T18:55:45.471 INFO:teuthology.orchestra.run.smithi039.stdout:/usr/bin/ceph: stderr
2024-02-19T18:55:39.181+0000 7fac01ffb700 1 -- 172.21.15.39:0/2636530264 <== mon.0 v2:172.21.15.39:3300/0 2 ==== config(27 keys) v1 ==== 1101+0+0 (secure 0 0 0) 0x7fabf80042e0 con 0x7fac04106420
2024-02-19T18:55:45.471 INFO:teuthology.orchestra.run.smithi039.stdout:/usr/bin/ceph: stderr
2024-02-19T18:55:39.181+0000 7fac01ffb700 1 -- 172.21.15.39:0/2636530264 <== mon.0 v2:172.21.15.39:3300/0 3 ==== mon_map magic: 0 v1 ==== 229+0+0 (secure 0 0 0) 0x7fabf8011af0 con 0x7fac04106420
2024-02-19T18:55:45.471 INFO:teuthology.orchestra.run.smithi039.stdout:/usr/bin/ceph: stderr
2024-02-19T18:55:39.181+0000 7fac09494700 1 -- 172.21.15.39:0/2636530264 >> [v2:172.21.15.39:3300/0,v1:172.21.15.39:6789/0] conn(0x7fac04106420 msgr2=0x7fac04106840 secure :-1 s=STATE_CONNECTION_ESTABLISHED l=1).mark_down
2024-02-19T18:55:45.471 INFO:teuthology.orchestra.run.smithi039.stdout:/usr/bin/ceph: stderr
2024-02-19T18:55:39.181+0000 7fac09494700 1 --2- 172.21.15.39:0/2636530264 >> [v2:172.21.15.39:3300/0,v1:172.21.15.39:6789/0] conn(0x7fac04106420 0x7fac04106840 secure :-1 s=READY pgs=73 cs=0 l=1 rev1=1 crypto rx=0x7fabf80098a0 tx=0x7fabf8009bb0 comp rx=0 tx=0).stop
2024-02-19T18:55:45.471 INFO:teuthology.orchestra.run.smithi039.stdout:/usr/bin/ceph: stderr
2024-02-19T18:55:39.181+0000 7fac09494700 1 -- 172.21.15.39:0/2636530264 shutdown_connections
2024-02-19T18:55:45.471 INFO:teuthology.orchestra.run.smithi039.stdout:/usr/bin/ceph: stderr
2024-02-19T18:55:39.181+0000 7fac09494700 1 --2- 172.21.15.39:0/2636530264 >> [v2:172.21.15.39:3300/0,v1:172.21.15.39:6789/0] conn(0x7fac04106420 0x7fac04106840 unknown :-1 s=CLOSED pgs=73 cs=0 l=1 rev1=1 crypto rx=0 tx=0 comp rx=0 tx=0).stop
2024-02-19T18:55:45.471 INFO:teuthology.orchestra.run.smithi039.stdout:/usr/bin/ceph: stderr
2024-02-19T18:55:39.181+0000 7fac09494700 1 -- 172.21.15.39:0/2636530264 >> 172.21.15.39:0/2636530264 conn(0x7fac04101a00 msgr2=0x7fac04103e20 unknown :-1 s=STATE_NONE l=0).mark_down
2024-02-19T18:55:45.471 INFO:teuthology.orchestra.run.smithi039.stdout:/usr/bin/ceph: stderr
2024-02-19T18:55:39.181+0000 7fac09494700 1 -- 172.21.15.39:0/2636530264 shutdown_connections
2024-02-19T18:55:45.471 INFO:teuthology.orchestra.run.smithi039.stdout:/usr/bin/ceph: stderr
2024-02-19T18:55:39.181+0000 7fac09494700 1 -- 172.21.15.39:0/2636530264 wait complete.
2024-02-19T18:55:45.471 INFO:teuthology.orchestra.run.smithi039.stdout:/usr/bin/ceph: stderr
2024-02-19T18:55:39.182+0000 7fac09494700 1 Processor -- start
2024-02-19T18:55:45.471 INFO:teuthology.orchestra.run.smithi039.stdout:/usr/bin/ceph: stderr
2024-02-19T18:55:39.182+0000 7fac09494700 1 -- start start
2024-02-19T18:55:45.471 INFO:teuthology.orchestra.run.smithi039.stdout:/usr/bin/ceph: stderr
2024-02-19T18:55:39.182+0000 7fac09494700 1 --2- >> [v2:172.21.15.39:3300/0,v1:172.21.15.39:6789/0] conn(0x7fac04106420 0x7fac0419c390 unknown :-1 s=NONE pgs=0 cs=0 l=1 rev1=0 crypto rx=0 tx=0 comp rx=0 tx=0).connect
2024-02-19T18:55:45.471 INFO:teuthology.orchestra.run.smithi039.stdout:/usr/bin/ceph: stderr
2024-02-19T18:55:39.182+0000 7fac09494700 1 -- --> [v2:172.21.15.39:3300/0,v1:172.21.15.39:6789/0] -- mon_getmap magic: 0 v1 -- 0x7fac0419c8d0 con 0x7fac04106420
2024-02-19T18:55:45.471 INFO:teuthology.orchestra.run.smithi039.stdout:/usr/bin/ceph: stderr
2024-02-19T18:55:39.182+0000 7fac02ffd700 1 --2- >> [v2:172.21.15.39:3300/0,v1:172.21.15.39:6789/0] conn(0x7fac04106420 0x7fac0419c390 unknown :-1 s=BANNER_CONNECTING pgs=0 cs=0 l=1 rev1=0 crypto rx=0 tx=0 comp rx=0 tx=0)._handle_peer_banner_payload supported=3 required=0
2024-02-19T18:55:45.472 INFO:teuthology.orchestra.run.smithi039.stdout:/usr/bin/ceph: stderr
2024-02-19T18:55:39.182+0000 7fac02ffd700 1 --2- >> [v2:172.21.15.39:3300/0,v1:172.21.15.39:6789/0] conn(0x7fac04106420 0x7fac0419c390 unknown :-1 s=HELLO_CONNECTING pgs=0 cs=0 l=1 rev1=1 crypto rx=0 tx=0 comp rx=0 tx=0).handle_hello peer v2:172.21.15.39:3300/0 says I am v2:172.21.15.39:48490/0 (socket says 172.21.15.39:48490)
2024-02-19T18:55:45.472 INFO:teuthology.orchestra.run.smithi039.stdout:/usr/bin/ceph: stderr
2024-02-19T18:55:39.182+0000 7fac02ffd700 1 -- 172.21.15.39:0/2732879503 learned_addr learned my addr 172.21.15.39:0/2732879503 (peer_addr_for_me v2:172.21.15.39:0/0)
2024-02-19T18:55:45.472 INFO:teuthology.orchestra.run.smithi039.stdout:/usr/bin/ceph: stderr
2024-02-19T18:55:39.183+0000 7fac02ffd700 1 -- 172.21.15.39:0/2732879503 --> [v2:172.21.15.39:3300/0,v1:172.21.15.39:6789/0] -- mon_subscribe({config=0+,monmap=0+}) v3 -- 0x7fabf8009550 con 0x7fac04106420
2024-02-19T18:55:45.472 INFO:teuthology.orchestra.run.smithi039.stdout:/usr/bin/ceph: stderr
2024-02-19T18:55:39.183+0000 7fac02ffd700 1 --2- 172.21.15.39:0/2732879503 >> [v2:172.21.15.39:3300/0,v1:172.21.15.39:6789/0] conn(0x7fac04106420 0x7fac0419c390 secure :-1 s=READY pgs=74 cs=0 l=1 rev1=1 crypto rx=0x7fabf8011670 tx=0x7fabf8011aa0 comp rx=0 tx=0).ready entity=mon.0 client_cookie=0 server_cookie=0 in_seq=0 out_seq=0
2024-02-19T18:55:45.472 INFO:teuthology.orchestra.run.smithi039.stdout:/usr/bin/ceph: stderr
2024-02-19T18:55:39.183+0000 7fabebfff700 1 -- 172.21.15.39:0/2732879503 <== mon.0 v2:172.21.15.39:3300/0 1 ==== mon_map magic: 0 v1 ==== 229+0+0 (secure 0 0 0) 0x7fabf80039c0 con 0x7fac04106420
2024-02-19T18:55:45.472 INFO:teuthology.orchestra.run.smithi039.stdout:/usr/bin/ceph: stderr
2024-02-19T18:55:39.183+0000 7fabebfff700 1 -- 172.21.15.39:0/2732879503 <== mon.0 v2:172.21.15.39:3300/0 2 ==== config(27 keys) v1 ==== 1101+0+0 (secure 0 0 0) 0x7fabf8003b20 con 0x7fac04106420
2024-02-19T18:55:45.472 INFO:teuthology.orchestra.run.smithi039.stdout:/usr/bin/ceph: stderr
2024-02-19T18:55:39.183+0000 7fac09494700 1 -- 172.21.15.39:0/2732879503 --> [v2:172.21.15.39:3300/0,v1:172.21.15.39:6789/0] -- mon_subscribe({mgrmap=0+}) v3 -- 0x7fac0419cad0 con 0x7fac04106420
2024-02-19T18:55:45.472 INFO:teuthology.orchestra.run.smithi039.stdout:/usr/bin/ceph: stderr
2024-02-19T18:55:39.183+0000 7fabebfff700 1 -- 172.21.15.39:0/2732879503 <== mon.0 v2:172.21.15.39:3300/0 3 ==== mon_map magic: 0 v1 ==== 229+0+0 (secure 0 0 0) 0x7fabf80247f0 con 0x7fac04106420
2024-02-19T18:55:45.472 INFO:teuthology.orchestra.run.smithi039.stdout:/usr/bin/ceph: stderr
2024-02-19T18:55:39.183+0000 7fac09494700 1 -- 172.21.15.39:0/2732879503 --> [v2:172.21.15.39:3300/0,v1:172.21.15.39:6789/0] -- mon_subscribe({osdmap=0}) v3 -- 0x7fac0419cf70 con 0x7fac04106420
2024-02-19T18:55:45.472 INFO:teuthology.orchestra.run.smithi039.stdout:/usr/bin/ceph: stderr
2024-02-19T18:55:39.184+0000 7fabebfff700 1 -- 172.21.15.39:0/2732879503 <== mon.0 v2:172.21.15.39:3300/0 4 ==== mgrmap(e 9) v1 ==== 45296+0+0 (secure 0 0 0) 0x7fabf8024ab0 con 0x7fac04106420
2024-02-19T18:55:45.472 INFO:teuthology.orchestra.run.smithi039.stdout:/usr/bin/ceph: stderr
2024-02-19T18:55:39.184+0000 7fabebfff700 1 --2- 172.21.15.39:0/2732879503 >> [v2:172.21.15.39:6800/2039816448,v1:172.21.15.39:6801/2039816448] conn(0x7fabec038330 0x7fabec03a7f0 unknown :-1 s=NONE pgs=0 cs=0 l=1 rev1=0 crypto rx=0 tx=0 comp rx=0 tx=0).connect
2024-02-19T18:55:45.472 INFO:teuthology.orchestra.run.smithi039.stdout:/usr/bin/ceph: stderr
2024-02-19T18:55:39.184+0000 7fabebfff700 1 -- 172.21.15.39:0/2732879503 --> [v2:172.21.15.39:6800/2039816448,v1:172.21.15.39:6801/2039816448] -- command(tid 0: {"prefix": "get_command_descriptions"}) v1 -- 0x7fabec03af00 con 0x7fabec038330
2024-02-19T18:55:45.473 INFO:teuthology.orchestra.run.smithi039.stdout:/usr/bin/ceph: stderr
2024-02-19T18:55:39.184+0000 7fabebfff700 1 -- 172.21.15.39:0/2732879503 <== mon.0 v2:172.21.15.39:3300/0 5 ==== osd_map(2..2 src has 1..2) v4 ==== 940+0+0 (secure 0 0 0) 0x7fabf804c480 con 0x7fac04106420
2024-02-19T18:55:45.473 INFO:teuthology.orchestra.run.smithi039.stdout:/usr/bin/ceph: stderr
2024-02-19T18:55:39.184+0000 7fac027fc700 1 -- 172.21.15.39:0/2732879503 >> [v2:172.21.15.39:6800/2039816448,v1:172.21.15.39:6801/2039816448] conn(0x7fabec038330 msgr2=0x7fabec03a7f0 unknown :-1 s=STATE_CONNECTING_RE l=1).process reconnect failed to v2:172.21.15.39:6800/2039816448
2024-02-19T18:55:45.473 INFO:teuthology.orchestra.run.smithi039.stdout:/usr/bin/ceph: stderr
2024-02-19T18:55:39.184+0000 7fac027fc700 1 --2- 172.21.15.39:0/2732879503 >> [v2:172.21.15.39:6800/2039816448,v1:172.21.15.39:6801/2039816448] conn(0x7fabec038330 0x7fabec03a7f0 unknown :-1 s=START_CONNECT pgs=0 cs=0 l=1 rev1=0 crypto rx=0 tx=0 comp rx=0 tx=0)._fault waiting 0.200000
2024-02-19T18:55:45.473 INFO:teuthology.orchestra.run.smithi039.stdout:/usr/bin/ceph: stderr
2024-02-19T18:55:39.385+0000 7fac027fc700 1 -- 172.21.15.39:0/2732879503 >> [v2:172.21.15.39:6800/2039816448,v1:172.21.15.39:6801/2039816448] conn(0x7fabec038330 msgr2=0x7fabec03a7f0 unknown :-1 s=STATE_CONNECTING_RE l=1).process reconnect failed to v2:172.21.15.39:6800/2039816448
2024-02-19T18:55:45.473 INFO:teuthology.orchestra.run.smithi039.stdout:/usr/bin/ceph: stderr
2024-02-19T18:55:39.385+0000 7fac027fc700 1 --2- 172.21.15.39:0/2732879503 >> [v2:172.21.15.39:6800/2039816448,v1:172.21.15.39:6801/2039816448] conn(0x7fabec038330 0x7fabec03a7f0 unknown :-1 s=START_CONNECT pgs=0 cs=0 l=1 rev1=0 crypto rx=0 tx=0 comp rx=0 tx=0)._fault waiting 0.400000
2024-02-19T18:55:45.473 INFO:teuthology.orchestra.run.smithi039.stdout:/usr/bin/ceph: stderr
2024-02-19T18:55:39.786+0000 7fac027fc700 1 -- 172.21.15.39:0/2732879503 >> [v2:172.21.15.39:6800/2039816448,v1:172.21.15.39:6801/2039816448] conn(0x7fabec038330 msgr2=0x7fabec03a7f0 unknown :-1 s=STATE_CONNECTING_RE l=1).process reconnect failed to v2:172.21.15.39:6800/2039816448
2024-02-19T18:55:45.473 INFO:teuthology.orchestra.run.smithi039.stdout:/usr/bin/ceph: stderr
2024-02-19T18:55:39.786+0000 7fac027fc700 1 --2- 172.21.15.39:0/2732879503 >> [v2:172.21.15.39:6800/2039816448,v1:172.21.15.39:6801/2039816448] conn(0x7fabec038330 0x7fabec03a7f0 unknown :-1 s=START_CONNECT pgs=0 cs=0 l=1 rev1=0 crypto rx=0 tx=0 comp rx=0 tx=0)._fault waiting 0.800000
2024-02-19T18:55:45.473 INFO:teuthology.orchestra.run.smithi039.stdout:/usr/bin/ceph: stderr
2024-02-19T18:55:40.587+0000 7fac027fc700 1 -- 172.21.15.39:0/2732879503 >> [v2:172.21.15.39:6800/2039816448,v1:172.21.15.39:6801/2039816448] conn(0x7fabec038330 msgr2=0x7fabec03a7f0 unknown :-1 s=STATE_CONNECTING_RE l=1).process reconnect failed to v2:172.21.15.39:6800/2039816448
2024-02-19T18:55:45.473 INFO:teuthology.orchestra.run.smithi039.stdout:/usr/bin/ceph: stderr
2024-02-19T18:55:40.587+0000 7fac027fc700 1 --2- 172.21.15.39:0/2732879503 >> [v2:172.21.15.39:6800/2039816448,v1:172.21.15.39:6801/2039816448] conn(0x7fabec038330 0x7fabec03a7f0 unknown :-1 s=START_CONNECT pgs=0 cs=0 l=1 rev1=0 crypto rx=0 tx=0 comp rx=0 tx=0)._fault waiting 1.600000
2024-02-19T18:55:45.473 INFO:teuthology.orchestra.run.smithi039.stdout:/usr/bin/ceph: stderr
2024-02-19T18:55:42.188+0000 7fac027fc700 1 -- 172.21.15.39:0/2732879503 >> [v2:172.21.15.39:6800/2039816448,v1:172.21.15.39:6801/2039816448] conn(0x7fabec038330 msgr2=0x7fabec03a7f0 unknown :-1 s=STATE_CONNECTING_RE l=1).process reconnect failed to v2:172.21.15.39:6800/2039816448
2024-02-19T18:55:45.473 INFO:teuthology.orchestra.run.smithi039.stdout:/usr/bin/ceph: stderr
2024-02-19T18:55:42.188+0000 7fac027fc700 1 --2- 172.21.15.39:0/2732879503 >> [v2:172.21.15.39:6800/2039816448,v1:172.21.15.39:6801/2039816448] conn(0x7fabec038330 0x7fabec03a7f0 unknown :-1 s=START_CONNECT pgs=0 cs=0 l=1 rev1=0 crypto rx=0 tx=0 comp rx=0 tx=0)._fault waiting 3.200000
2024-02-19T18:55:45.473 INFO:teuthology.orchestra.run.smithi039.stdout:/usr/bin/ceph: stderr
2024-02-19T18:55:43.706+0000 7fabebfff700 1 -- 172.21.15.39:0/2732879503 <== mon.0 v2:172.21.15.39:3300/0 6 ==== mgrmap(e 10) v1 ==== 45063+0+0 (secure 0 0 0) 0x7fabf801a8e0 con 0x7fac04106420
2024-02-19T18:55:45.473 INFO:teuthology.orchestra.run.smithi039.stdout:/usr/bin/ceph: stderr
2024-02-19T18:55:43.706+0000 7fabebfff700 1 -- 172.21.15.39:0/2732879503 >> [v2:172.21.15.39:6800/2039816448,v1:172.21.15.39:6801/2039816448] conn(0x7fabec038330 msgr2=0x7fabec03a7f0 unknown :-1 s=STATE_CONNECTING l=1).mark_down
2024-02-19T18:55:45.473 INFO:teuthology.orchestra.run.smithi039.stdout:/usr/bin/ceph: stderr
2024-02-19T18:55:43.706+0000 7fabebfff700 1 --2- 172.21.15.39:0/2732879503 >> [v2:172.21.15.39:6800/2039816448,v1:172.21.15.39:6801/2039816448] conn(0x7fabec038330 0x7fabec03a7f0 unknown :-1 s=START_CONNECT pgs=0 cs=0 l=1 rev1=0 crypto rx=0 tx=0 comp rx=0 tx=0).stop
2024-02-19T18:55:45.474 INFO:teuthology.orchestra.run.smithi039.stdout:/usr/bin/ceph: stderr
2024-02-19T18:55:44.707+0000 7fabebfff700 1 -- 172.21.15.39:0/2732879503 <== mon.0 v2:172.21.15.39:3300/0 7 ==== mgrmap(e 11) v1 ==== 45190+0+0 (secure 0 0 0) 0x7fabf804dd10 con 0x7fac04106420
2024-02-19T18:55:45.474 INFO:teuthology.orchestra.run.smithi039.stdout:/usr/bin/ceph: stderr
2024-02-19T18:55:44.707+0000 7fabebfff700 1 --2- 172.21.15.39:0/2732879503 >> [v2:172.21.15.39:6800/2158365942,v1:172.21.15.39:6801/2158365942] conn(0x7fabec03bdf0 0x7fabec03e1e0 unknown :-1 s=NONE pgs=0 cs=0 l=1 rev1=0 crypto rx=0 tx=0 comp rx=0 tx=0).connect
2024-02-19T18:55:45.474 INFO:teuthology.orchestra.run.smithi039.stdout:/usr/bin/ceph: stderr
2024-02-19T18:55:44.707+0000 7fabebfff700 1 -- 172.21.15.39:0/2732879503 --> [v2:172.21.15.39:6800/2158365942,v1:172.21.15.39:6801/2158365942] -- command(tid 0: {"prefix": "get_command_descriptions"}) v1 -- 0x7fabec03af00 con 0x7fabec03bdf0
2024-02-19T18:55:45.474 INFO:teuthology.orchestra.run.smithi039.stdout:/usr/bin/ceph: stderr
2024-02-19T18:55:44.708+0000 7fac027fc700 1 --2- 172.21.15.39:0/2732879503 >> [v2:172.21.15.39:6800/2158365942,v1:172.21.15.39:6801/2158365942] conn(0x7fabec03bdf0 0x7fabec03e1e0 unknown :-1 s=BANNER_CONNECTING pgs=0 cs=0 l=1 rev1=0 crypto rx=0 tx=0 comp rx=0 tx=0)._handle_peer_banner_payload supported=3 required=0
2024-02-19T18:55:45.474 INFO:teuthology.orchestra.run.smithi039.stdout:/usr/bin/ceph: stderr
2024-02-19T18:55:44.708+0000 7fac027fc700 1 --2- 172.21.15.39:0/2732879503 >> [v2:172.21.15.39:6800/2158365942,v1:172.21.15.39:6801/2158365942] conn(0x7fabec03bdf0 0x7fabec03e1e0 secure :-1 s=READY pgs=2 cs=0 l=1 rev1=1 crypto rx=0x7fabf4003a10 tx=0x7fabf40092b0 comp rx=0 tx=0).ready entity=mgr.14164 client_cookie=0 server_cookie=0 in_seq=0 out_seq=0
2024-02-19T18:55:45.474 INFO:teuthology.orchestra.run.smithi039.stdout:/usr/bin/ceph: stderr
2024-02-19T18:55:44.709+0000 7fabebfff700 1 -- 172.21.15.39:0/2732879503 <== mgr.14164 v2:172.21.15.39:6800/2158365942 1 ==== command_reply(tid 0: 0 ) v1 ==== 8+0+6910 (secure 0 0 0) 0x7fabec03af00 con 0x7fabec03bdf0
2024-02-19T18:55:45.474 INFO:teuthology.orchestra.run.smithi039.stdout:/usr/bin/ceph: stderr
2024-02-19T18:55:44.715+0000 7fac09494700 1 -- 172.21.15.39:0/2732879503 --> [v2:172.21.15.39:6800/2158365942,v1:172.21.15.39:6801/2158365942] -- command(tid 1: {"prefix": "mgr_status"}) v1 -- 0x7fac0419d6d0 con 0x7fabec03bdf0
2024-02-19T18:55:45.474 INFO:teuthology.orchestra.run.smithi039.stdout:/usr/bin/ceph: stderr
2024-02-19T18:55:44.715+0000 7fabebfff700 1 -- 172.21.15.39:0/2732879503 <== mgr.14164 v2:172.21.15.39:6800/2158365942 2 ==== command_reply(tid 1: 0 ) v1 ==== 8+0+52 (secure 0 0 0) 0x7fac0419d6d0 con 0x7fabec03bdf0
2024-02-19T18:55:45.474 INFO:teuthology.orchestra.run.smithi039.stdout:/usr/bin/ceph: stderr
2024-02-19T18:55:44.715+0000 7fac09494700 1 -- 172.21.15.39:0/2732879503 >> [v2:172.21.15.39:6800/2158365942,v1:172.21.15.39:6801/2158365942] conn(0x7fabec03bdf0 msgr2=0x7fabec03e1e0 secure :-1 s=STATE_CONNECTION_ESTABLISHED l=1).mark_down
2024-02-19T18:55:45.474 INFO:teuthology.orchestra.run.smithi039.stdout:/usr/bin/ceph: stderr
2024-02-19T18:55:44.716+0000 7fac09494700 1 --2- 172.21.15.39:0/2732879503 >> [v2:172.21.15.39:6800/2158365942,v1:172.21.15.39:6801/2158365942] conn(0x7fabec03bdf0 0x7fabec03e1e0 secure :-1 s=READY pgs=2 cs=0 l=1 rev1=1 crypto rx=0x7fabf4003a10 tx=0x7fabf40092b0 comp rx=0 tx=0).stop
2024-02-19T18:55:45.474 INFO:teuthology.orchestra.run.smithi039.stdout:/usr/bin/ceph: stderr
2024-02-19T18:55:44.716+0000 7fac09494700 1 -- 172.21.15.39:0/2732879503 >> [v2:172.21.15.39:3300/0,v1:172.21.15.39:6789/0] conn(0x7fac04106420 msgr2=0x7fac0419c390 secure :-1 s=STATE_CONNECTION_ESTABLISHED l=1).mark_down
2024-02-19T18:55:45.474 INFO:teuthology.orchestra.run.smithi039.stdout:/usr/bin/ceph: stderr
2024-02-19T18:55:44.716+0000 7fac09494700 1 --2- 172.21.15.39:0/2732879503 >> [v2:172.21.15.39:3300/0,v1:172.21.15.39:6789/0] conn(0x7fac04106420 0x7fac0419c390 secure :-1 s=READY pgs=74 cs=0 l=1 rev1=1 crypto rx=0x7fabf8011670 tx=0x7fabf8011aa0 comp rx=0 tx=0).stop
2024-02-19T18:55:45.475 INFO:teuthology.orchestra.run.smithi039.stdout:/usr/bin/ceph: stderr
2024-02-19T18:55:44.716+0000 7fac09494700 1 -- 172.21.15.39:0/2732879503 shutdown_connections
2024-02-19T18:55:45.475 INFO:teuthology.orchestra.run.smithi039.stdout:/usr/bin/ceph: stderr
2024-02-19T18:55:44.716+0000 7fac09494700 1 --2- 172.21.15.39:0/2732879503 >> [v2:172.21.15.39:6800/2158365942,v1:172.21.15.39:6801/2158365942] conn(0x7fabec03bdf0 0x7fabec03e1e0 unknown :-1 s=CLOSED pgs=2 cs=0 l=1 rev1=1 crypto rx=0 tx=0 comp rx=0 tx=0).stop
2024-02-19T18:55:45.475 INFO:teuthology.orchestra.run.smithi039.stdout:/usr/bin/ceph: stderr
2024-02-19T18:55:44.716+0000 7fac09494700 1 --2- 172.21.15.39:0/2732879503 >> [v2:172.21.15.39:3300/0,v1:172.21.15.39:6789/0] conn(0x7fac04106420 0x7fac0419c390 unknown :-1 s=CLOSED pgs=74 cs=0 l=1 rev1=1 crypto rx=0 tx=0 comp rx=0 tx=0).stop
2024-02-19T18:55:45.475 INFO:teuthology.orchestra.run.smithi039.stdout:/usr/bin/ceph: stderr
2024-02-19T18:55:44.716+0000 7fac09494700 1 --2- 172.21.15.39:0/2732879503 >> [v2:172.21.15.39:6800/2039816448,v1:172.21.15.39:6801/2039816448] conn(0x7fabec038330 0x7fabec03a7f0 unknown :-1 s=CLOSED pgs=0 cs=0 l=1 rev1=0 crypto rx=0 tx=0 comp rx=0 tx=0).stop
2024-02-19T18:55:45.475 INFO:teuthology.orchestra.run.smithi039.stdout:/usr/bin/ceph: stderr
2024-02-19T18:55:44.716+0000 7fac09494700 1 -- 172.21.15.39:0/2732879503 >> 172.21.15.39:0/2732879503 conn(0x7fac04101a00 msgr2=0x7fac041030b0 unknown :-1 s=STATE_NONE l=0).mark_down
2024-02-19T18:55:45.475 INFO:teuthology.orchestra.run.smithi039.stdout:/usr/bin/ceph: stderr
2024-02-19T18:55:44.716+0000 7fac09494700 1 -- 172.21.15.39:0/2732879503 shutdown_connections
2024-02-19T18:55:45.475 INFO:teuthology.orchestra.run.smithi039.stdout:/usr/bin/ceph: stderr
2024-02-19T18:55:44.716+0000 7fac09494700 1 -- 172.21.15.39:0/2732879503 wait complete.
2024-02-19T18:55:45.475 INFO:teuthology.orchestra.run.smithi039.stdout:mgr epoch 9 is available
2024-02-19T18:55:45.475 INFO:teuthology.orchestra.run.smithi039.stdout:Generating a dashboard self-signed certificate...
2024-02-19T18:55:46.078 INFO:journalctl@ceph.mon.smithi039.smithi039.stdout:Feb 19 18:55:45 smithi039 ceph-mon[28988]: [19/Feb/2024:18:55:44] ENGINE Bus STARTING
2024-02-19T18:55:46.078 INFO:journalctl@ceph.mon.smithi039.smithi039.stdout:Feb 19 18:55:45 smithi039 ceph-mon[28988]: [19/Feb/2024:18:55:44] ENGINE Serving on https://172.21.15.39:7150
2024-02-19T18:55:46.078 INFO:journalctl@ceph.mon.smithi039.smithi039.stdout:Feb 19 18:55:45 smithi039 ceph-mon[28988]: [19/Feb/2024:18:55:44] ENGINE Serving on http://172.21.15.39:8765
2024-02-19T18:55:46.078 INFO:journalctl@ceph.mon.smithi039.smithi039.stdout:Feb 19 18:55:45 smithi039 ceph-mon[28988]: [19/Feb/2024:18:55:44] ENGINE Bus STARTED
2024-02-19T18:55:46.078 INFO:journalctl@ceph.mon.smithi039.smithi039.stdout:Feb 19 18:55:45 smithi039 ceph-mon[28988]: from='client.14168 -' entity='client.admin' cmd=[{"prefix": "get_command_descriptions"}]: dispatch
2024-02-19T18:55:46.078 INFO:journalctl@ceph.mon.smithi039.smithi039.stdout:Feb 19 18:55:45 smithi039 ceph-mon[28988]: from='client.14168 -' entity='client.admin' cmd=[{"prefix": "mgr_status"}]: dispatch
2024-02-19T18:55:46.078 INFO:journalctl@ceph.mon.smithi039.smithi039.stdout:Feb 19 18:55:45 smithi039 ceph-mon[28988]: from='mgr.14164 172.21.15.39:0/1240726449' entity='mgr.smithi039.ydmpuh'
2024-02-19T18:55:46.884 INFO:teuthology.orchestra.run.smithi039.stdout:/usr/bin/ceph: stdout Self-signed certificate created
2024-02-19T18:55:46.884 INFO:teuthology.orchestra.run.smithi039.stdout:/usr/bin/ceph: stderr
2024-02-19T18:55:45.848+0000 7fd64ad58700 1 Processor -- start
2024-02-19T18:55:46.884 INFO:teuthology.orchestra.run.smithi039.stdout:/usr/bin/ceph: stderr
2024-02-19T18:55:45.848+0000 7fd64ad58700 1 -- start start
2024-02-19T18:55:46.884 INFO:teuthology.orchestra.run.smithi039.stdout:/usr/bin/ceph: stderr
2024-02-19T18:55:45.848+0000 7fd64ad58700 1 --2- >> [v2:172.21.15.39:3300/0,v1:172.21.15.39:6789/0] conn(0x7fd644106420 0x7fd644106840 unknown :-1 s=NONE pgs=0 cs=0 l=0 rev1=0 crypto rx=0 tx=0 comp rx=0 tx=0).connect
2024-02-19T18:55:46.884 INFO:teuthology.orchestra.run.smithi039.stdout:/usr/bin/ceph: stderr
2024-02-19T18:55:45.848+0000 7fd64ad58700 1 -- --> [v2:172.21.15.39:3300/0,v1:172.21.15.39:6789/0] -- mon_getmap magic: 0 v1 -- 0x7fd644106e10 con 0x7fd644106420
2024-02-19T18:55:46.884 INFO:teuthology.orchestra.run.smithi039.stdout:/usr/bin/ceph: stderr
2024-02-19T18:55:45.849+0000 7fd648af4700 1 --2- >> [v2:172.21.15.39:3300/0,v1:172.21.15.39:6789/0] conn(0x7fd644106420 0x7fd644106840 unknown :-1 s=BANNER_CONNECTING pgs=0 cs=0 l=0 rev1=0 crypto rx=0 tx=0 comp rx=0 tx=0)._handle_peer_banner_payload supported=3 required=0
2024-02-19T18:55:46.884 INFO:teuthology.orchestra.run.smithi039.stdout:/usr/bin/ceph: stderr
2024-02-19T18:55:45.849+0000 7fd648af4700 1 --2- >> [v2:172.21.15.39:3300/0,v1:172.21.15.39:6789/0] conn(0x7fd644106420 0x7fd644106840 unknown :-1 s=HELLO_CONNECTING pgs=0 cs=0 l=0 rev1=1 crypto rx=0 tx=0 comp rx=0 tx=0).handle_hello peer v2:172.21.15.39:3300/0 says I am v2:172.21.15.39:48562/0 (socket says 172.21.15.39:48562)
2024-02-19T18:55:46.884 INFO:teuthology.orchestra.run.smithi039.stdout:/usr/bin/ceph: stderr
2024-02-19T18:55:45.849+0000 7fd648af4700 1 -- 172.21.15.39:0/3901086252 learned_addr learned my addr 172.21.15.39:0/3901086252 (peer_addr_for_me v2:172.21.15.39:0/0)
2024-02-19T18:55:46.885 INFO:teuthology.orchestra.run.smithi039.stdout:/usr/bin/ceph: stderr
2024-02-19T18:55:45.849+0000 7fd648af4700 1 -- 172.21.15.39:0/3901086252 --> [v2:172.21.15.39:3300/0,v1:172.21.15.39:6789/0] -- mon_subscribe({config=0+,monmap=0+}) v3 -- 0x7fd644107620 con 0x7fd644106420
2024-02-19T18:55:46.885 INFO:teuthology.orchestra.run.smithi039.stdout:/usr/bin/ceph: stderr
2024-02-19T18:55:45.849+0000 7fd648af4700 1 --2- 172.21.15.39:0/3901086252 >> [v2:172.21.15.39:3300/0,v1:172.21.15.39:6789/0] conn(0x7fd644106420 0x7fd644106840 secure :-1 s=READY pgs=82 cs=0 l=1 rev1=1 crypto rx=0x7fd6380098a0 tx=0x7fd638009bb0 comp rx=0 tx=0).ready entity=mon.0 client_cookie=7686a21fa7e2ff13 server_cookie=0 in_seq=0 out_seq=0
2024-02-19T18:55:46.885 INFO:teuthology.orchestra.run.smithi039.stdout:/usr/bin/ceph: stderr
2024-02-19T18:55:45.849+0000 7fd6437fe700 1 -- 172.21.15.39:0/3901086252 <== mon.0 v2:172.21.15.39:3300/0 1 ==== mon_map magic: 0 v1 ==== 229+0+0 (secure 0 0 0) 0x7fd638004180 con 0x7fd644106420
2024-02-19T18:55:46.885 INFO:teuthology.orchestra.run.smithi039.stdout:/usr/bin/ceph: stderr
2024-02-19T18:55:45.849+0000 7fd6437fe700 1 -- 172.21.15.39:0/3901086252 <== mon.0 v2:172.21.15.39:3300/0 2 ==== config(27 keys) v1 ==== 1101+0+0 (secure 0 0 0) 0x7fd6380042e0 con 0x7fd644106420
2024-02-19T18:55:46.885 INFO:teuthology.orchestra.run.smithi039.stdout:/usr/bin/ceph: stderr
2024-02-19T18:55:45.849+0000 7fd6437fe700 1 -- 172.21.15.39:0/3901086252 <== mon.0 v2:172.21.15.39:3300/0 3 ==== mon_map magic: 0 v1 ==== 229+0+0 (secure 0 0 0) 0x7fd638011af0 con 0x7fd644106420
2024-02-19T18:55:46.885 INFO:teuthology.orchestra.run.smithi039.stdout:/usr/bin/ceph: stderr
2024-02-19T18:55:45.850+0000 7fd64ad58700 1 -- 172.21.15.39:0/3901086252 >> [v2:172.21.15.39:3300/0,v1:172.21.15.39:6789/0] conn(0x7fd644106420 msgr2=0x7fd644106840 secure :-1 s=STATE_CONNECTION_ESTABLISHED l=1).mark_down
2024-02-19T18:55:46.885 INFO:teuthology.orchestra.run.smithi039.stdout:/usr/bin/ceph: stderr
2024-02-19T18:55:45.850+0000 7fd64ad58700 1 --2- 172.21.15.39:0/3901086252 >> [v2:172.21.15.39:3300/0,v1:172.21.15.39:6789/0] conn(0x7fd644106420 0x7fd644106840 secure :-1 s=READY pgs=82 cs=0 l=1 rev1=1 crypto rx=0x7fd6380098a0 tx=0x7fd638009bb0 comp rx=0 tx=0).stop
2024-02-19T18:55:46.885 INFO:teuthology.orchestra.run.smithi039.stdout:/usr/bin/ceph: stderr
2024-02-19T18:55:45.850+0000 7fd64ad58700 1 -- 172.21.15.39:0/3901086252 shutdown_connections
2024-02-19T18:55:46.885 INFO:teuthology.orchestra.run.smithi039.stdout:/usr/bin/ceph: stderr
2024-02-19T18:55:45.850+0000 7fd64ad58700 1 --2- 172.21.15.39:0/3901086252 >> [v2:172.21.15.39:3300/0,v1:172.21.15.39:6789/0] conn(0x7fd644106420 0x7fd644106840 unknown :-1 s=CLOSED pgs=82 cs=0 l=1 rev1=1 crypto rx=0 tx=0 comp rx=0 tx=0).stop
2024-02-19T18:55:46.885 INFO:teuthology.orchestra.run.smithi039.stdout:/usr/bin/ceph: stderr
2024-02-19T18:55:45.850+0000 7fd64ad58700 1 -- 172.21.15.39:0/3901086252 >> 172.21.15.39:0/3901086252 conn(0x7fd644101a00 msgr2=0x7fd644103e20 unknown :-1 s=STATE_NONE l=0).mark_down
2024-02-19T18:55:46.885 INFO:teuthology.orchestra.run.smithi039.stdout:/usr/bin/ceph: stderr
2024-02-19T18:55:45.850+0000 7fd64ad58700 1 -- 172.21.15.39:0/3901086252 shutdown_connections
2024-02-19T18:55:46.885 INFO:teuthology.orchestra.run.smithi039.stdout:/usr/bin/ceph: stderr
2024-02-19T18:55:45.850+0000 7fd64ad58700 1 -- 172.21.15.39:0/3901086252 wait complete.
2024-02-19T18:55:46.885 INFO:teuthology.orchestra.run.smithi039.stdout:/usr/bin/ceph: stderr
2024-02-19T18:55:45.851+0000 7fd64ad58700 1 Processor -- start
2024-02-19T18:55:46.885 INFO:teuthology.orchestra.run.smithi039.stdout:/usr/bin/ceph: stderr
2024-02-19T18:55:45.851+0000 7fd64ad58700 1 -- start start
2024-02-19T18:55:46.885 INFO:teuthology.orchestra.run.smithi039.stdout:/usr/bin/ceph: stderr
2024-02-19T18:55:45.851+0000 7fd64ad58700 1 --2- >> [v2:172.21.15.39:3300/0,v1:172.21.15.39:6789/0] conn(0x7fd644106420 0x7fd64419a180 unknown :-1 s=NONE pgs=0 cs=0 l=1 rev1=0 crypto rx=0 tx=0 comp rx=0 tx=0).connect
2024-02-19T18:55:46.886 INFO:teuthology.orchestra.run.smithi039.stdout:/usr/bin/ceph: stderr
2024-02-19T18:55:45.851+0000 7fd64ad58700 1 -- --> [v2:172.21.15.39:3300/0,v1:172.21.15.39:6789/0] -- mon_getmap magic: 0 v1 -- 0x7fd64419a6c0 con 0x7fd644106420
2024-02-19T18:55:46.886 INFO:teuthology.orchestra.run.smithi039.stdout:/usr/bin/ceph: stderr
2024-02-19T18:55:45.851+0000 7fd648af4700 1 --2- >> [v2:172.21.15.39:3300/0,v1:172.21.15.39:6789/0] conn(0x7fd644106420 0x7fd64419a180 unknown :-1 s=BANNER_CONNECTING pgs=0 cs=0 l=1 rev1=0 crypto rx=0 tx=0 comp rx=0 tx=0)._handle_peer_banner_payload supported=3 required=0
2024-02-19T18:55:46.886 INFO:teuthology.orchestra.run.smithi039.stdout:/usr/bin/ceph: stderr
2024-02-19T18:55:45.851+0000 7fd648af4700 1 --2- >> [v2:172.21.15.39:3300/0,v1:172.21.15.39:6789/0] conn(0x7fd644106420 0x7fd64419a180 unknown :-1 s=HELLO_CONNECTING pgs=0 cs=0 l=1 rev1=1 crypto rx=0 tx=0 comp rx=0 tx=0).handle_hello peer v2:172.21.15.39:3300/0 says I am v2:172.21.15.39:48568/0 (socket says 172.21.15.39:48568)
2024-02-19T18:55:46.886 INFO:teuthology.orchestra.run.smithi039.stdout:/usr/bin/ceph: stderr
2024-02-19T18:55:45.851+0000 7fd648af4700 1 -- 172.21.15.39:0/2991712825 learned_addr learned my addr 172.21.15.39:0/2991712825 (peer_addr_for_me v2:172.21.15.39:0/0)
2024-02-19T18:55:46.886 INFO:teuthology.orchestra.run.smithi039.stdout:/usr/bin/ceph: stderr
2024-02-19T18:55:45.851+0000 7fd648af4700 1 -- 172.21.15.39:0/2991712825 --> [v2:172.21.15.39:3300/0,v1:172.21.15.39:6789/0] -- mon_subscribe({config=0+,monmap=0+}) v3 -- 0x7fd638009550 con 0x7fd644106420
2024-02-19T18:55:46.886 INFO:teuthology.orchestra.run.smithi039.stdout:/usr/bin/ceph: stderr
2024-02-19T18:55:45.851+0000 7fd648af4700 1 --2- 172.21.15.39:0/2991712825 >> [v2:172.21.15.39:3300/0,v1:172.21.15.39:6789/0] conn(0x7fd644106420 0x7fd64419a180 secure :-1 s=READY pgs=83 cs=0 l=1 rev1=1 crypto rx=0x7fd638011670 tx=0x7fd638011aa0 comp rx=0 tx=0).ready entity=mon.0 client_cookie=0 server_cookie=0 in_seq=0 out_seq=0
2024-02-19T18:55:46.886 INFO:teuthology.orchestra.run.smithi039.stdout:/usr/bin/ceph: stderr
2024-02-19T18:55:45.851+0000 7fd641ffb700 1 -- 172.21.15.39:0/2991712825 <== mon.0 v2:172.21.15.39:3300/0 1 ==== mon_map magic: 0 v1 ==== 229+0+0 (secure 0 0 0) 0x7fd6380039c0 con 0x7fd644106420
2024-02-19T18:55:46.886 INFO:teuthology.orchestra.run.smithi039.stdout:/usr/bin/ceph: stderr
2024-02-19T18:55:45.852+0000 7fd641ffb700 1 -- 172.21.15.39:0/2991712825 <== mon.0 v2:172.21.15.39:3300/0 2 ==== config(27 keys) v1 ==== 1101+0+0 (secure 0 0 0) 0x7fd638003b20 con 0x7fd644106420
2024-02-19T18:55:46.886 INFO:teuthology.orchestra.run.smithi039.stdout:/usr/bin/ceph: stderr
2024-02-19T18:55:45.852+0000 7fd64ad58700 1 -- 172.21.15.39:0/2991712825 --> [v2:172.21.15.39:3300/0,v1:172.21.15.39:6789/0] -- mon_subscribe({mgrmap=0+}) v3 -- 0x7fd64419a8c0 con 0x7fd644106420
2024-02-19T18:55:46.886 INFO:teuthology.orchestra.run.smithi039.stdout:/usr/bin/ceph: stderr
2024-02-19T18:55:45.852+0000 7fd641ffb700 1 -- 172.21.15.39:0/2991712825 <== mon.0 v2:172.21.15.39:3300/0 3 ==== mon_map magic: 0 v1 ==== 229+0+0 (secure 0 0 0) 0x7fd6380247f0 con 0x7fd644106420
2024-02-19T18:55:46.886 INFO:teuthology.orchestra.run.smithi039.stdout:/usr/bin/ceph: stderr
2024-02-19T18:55:45.852+0000 7fd64ad58700 1 -- 172.21.15.39:0/2991712825 --> [v2:172.21.15.39:3300/0,v1:172.21.15.39:6789/0] -- mon_subscribe({osdmap=0}) v3 -- 0x7fd64419ad60 con 0x7fd644106420
2024-02-19T18:55:46.886 INFO:teuthology.orchestra.run.smithi039.stdout:/usr/bin/ceph: stderr
2024-02-19T18:55:45.853+0000 7fd641ffb700 1 -- 172.21.15.39:0/2991712825 <== mon.0 v2:172.21.15.39:3300/0 4 ==== mgrmap(e 11) v1 ==== 45190+0+0 (secure 0 0 0) 0x7fd638024ab0 con 0x7fd644106420
2024-02-19T18:55:46.886 INFO:teuthology.orchestra.run.smithi039.stdout:/usr/bin/ceph: stderr
2024-02-19T18:55:45.853+0000 7fd64ad58700 1 -- 172.21.15.39:0/2991712825 --> [v2:172.21.15.39:3300/0,v1:172.21.15.39:6789/0] -- mon_command({"prefix": "get_command_descriptions"} v 0) v1 -- 0x7fd6440623c0 con 0x7fd644106420
2024-02-19T18:55:46.886 INFO:teuthology.orchestra.run.smithi039.stdout:/usr/bin/ceph: stderr
2024-02-19T18:55:45.853+0000 7fd641ffb700 1 --2- 172.21.15.39:0/2991712825 >> [v2:172.21.15.39:6800/2158365942,v1:172.21.15.39:6801/2158365942] conn(0x7fd634038210 0x7fd63403a6d0 unknown :-1 s=NONE pgs=0 cs=0 l=1 rev1=0 crypto rx=0 tx=0 comp rx=0 tx=0).connect
2024-02-19T18:55:46.886 INFO:teuthology.orchestra.run.smithi039.stdout:/usr/bin/ceph: stderr
2024-02-19T18:55:45.853+0000 7fd641ffb700 1 -- 172.21.15.39:0/2991712825 <== mon.0 v2:172.21.15.39:3300/0 5 ==== osd_map(3..3 src has 1..3) v4 ==== 1155+0+0 (secure 0 0 0) 0x7fd63804c260 con 0x7fd644106420
2024-02-19T18:55:46.887 INFO:teuthology.orchestra.run.smithi039.stdout:/usr/bin/ceph: stderr
2024-02-19T18:55:45.853+0000 7fd643fff700 1 --2- 172.21.15.39:0/2991712825 >> [v2:172.21.15.39:6800/2158365942,v1:172.21.15.39:6801/2158365942] conn(0x7fd634038210 0x7fd63403a6d0 unknown :-1 s=BANNER_CONNECTING pgs=0 cs=0 l=1 rev1=0 crypto rx=0 tx=0 comp rx=0 tx=0)._handle_peer_banner_payload supported=3 required=0
2024-02-19T18:55:46.887 INFO:teuthology.orchestra.run.smithi039.stdout:/usr/bin/ceph: stderr
2024-02-19T18:55:45.853+0000 7fd643fff700 1 --2- 172.21.15.39:0/2991712825 >> [v2:172.21.15.39:6800/2158365942,v1:172.21.15.39:6801/2158365942] conn(0x7fd634038210 0x7fd63403a6d0 secure :-1 s=READY pgs=7 cs=0 l=1 rev1=1 crypto rx=0x7fd630006fd0 tx=0x7fd630006e40 comp rx=0 tx=0).ready entity=mgr.14164 client_cookie=0 server_cookie=0 in_seq=0 out_seq=0
2024-02-19T18:55:46.887 INFO:teuthology.orchestra.run.smithi039.stdout:/usr/bin/ceph: stderr
2024-02-19T18:55:45.858+0000 7fd641ffb700 1 -- 172.21.15.39:0/2991712825 <== mon.0 v2:172.21.15.39:3300/0 6 ==== mon_command_ack([{"prefix": "get_command_descriptions"}]=0 v0) v1 ==== 72+0+180422 (secure 0 0 0) 0x7fd638022310 con 0x7fd644106420
2024-02-19T18:55:46.887 INFO:teuthology.orchestra.run.smithi039.stdout:/usr/bin/ceph: stderr
2024-02-19T18:55:45.976+0000 7fd641ffb700 1 -- 172.21.15.39:0/2991712825 <== mon.0 v2:172.21.15.39:3300/0 7 ==== mgrmap(e 12) v1 ==== 45296+0+0 (secure 0 0 0) 0x7fd63801ac70 con 0x7fd644106420
2024-02-19T18:55:46.887 INFO:teuthology.orchestra.run.smithi039.stdout:/usr/bin/ceph: stderr
2024-02-19T18:55:46.061+0000 7fd64ad58700 1 -- 172.21.15.39:0/2991712825 --> [v2:172.21.15.39:6800/2158365942,v1:172.21.15.39:6801/2158365942] -- mgr_command(tid 0: {"prefix": "dashboard create-self-signed-cert", "target": ["mon-mgr", ""]}) v1 -- 0x7fd644103d10 con 0x7fd634038210
2024-02-19T18:55:46.887 INFO:teuthology.orchestra.run.smithi039.stdout:/usr/bin/ceph: stderr
2024-02-19T18:55:46.320+0000 7fd641ffb700 1 -- 172.21.15.39:0/2991712825 <== mgr.14164 v2:172.21.15.39:6800/2158365942 1 ==== mgr_command_reply(tid 0: 0 ) v1 ==== 8+0+32 (secure 0 0 0) 0x7fd644103d10 con 0x7fd634038210
2024-02-19T18:55:46.887 INFO:teuthology.orchestra.run.smithi039.stdout:/usr/bin/ceph: stderr
2024-02-19T18:55:46.323+0000 7fd64ad58700 1 -- 172.21.15.39:0/2991712825 >> [v2:172.21.15.39:6800/2158365942,v1:172.21.15.39:6801/2158365942] conn(0x7fd634038210 msgr2=0x7fd63403a6d0 secure :-1 s=STATE_CONNECTION_ESTABLISHED l=1).mark_down
2024-02-19T18:55:46.887 INFO:teuthology.orchestra.run.smithi039.stdout:/usr/bin/ceph: stderr
2024-02-19T18:55:46.323+0000 7fd64ad58700 1 --2- 172.21.15.39:0/2991712825 >> [v2:172.21.15.39:6800/2158365942,v1:172.21.15.39:6801/2158365942] conn(0x7fd634038210 0x7fd63403a6d0 secure :-1 s=READY pgs=7 cs=0 l=1 rev1=1 crypto rx=0x7fd630006fd0 tx=0x7fd630006e40 comp rx=0 tx=0).stop
2024-02-19T18:55:46.887 INFO:teuthology.orchestra.run.smithi039.stdout:/usr/bin/ceph: stderr
2024-02-19T18:55:46.323+0000 7fd64ad58700 1 -- 172.21.15.39:0/2991712825 >> [v2:172.21.15.39:3300/0,v1:172.21.15.39:6789/0] conn(0x7fd644106420 msgr2=0x7fd64419a180 secure :-1 s=STATE_CONNECTION_ESTABLISHED l=1).mark_down
2024-02-19T18:55:46.887 INFO:teuthology.orchestra.run.smithi039.stdout:/usr/bin/ceph: stderr
2024-02-19T18:55:46.323+0000 7fd64ad58700 1 --2- 172.21.15.39:0/2991712825 >> [v2:172.21.15.39:3300/0,v1:172.21.15.39:6789/0] conn(0x7fd644106420 0x7fd64419a180 secure :-1 s=READY pgs=83 cs=0 l=1 rev1=1 crypto rx=0x7fd638011670 tx=0x7fd638011aa0 comp rx=0 tx=0).stop
2024-02-19T18:55:46.887 INFO:teuthology.orchestra.run.smithi039.stdout:/usr/bin/ceph: stderr
2024-02-19T18:55:46.323+0000 7fd64ad58700 1 -- 172.21.15.39:0/2991712825 shutdown_connections
2024-02-19T18:55:46.887 INFO:teuthology.orchestra.run.smithi039.stdout:/usr/bin/ceph: stderr
2024-02-19T18:55:46.323+0000 7fd64ad58700 1 --2- 172.21.15.39:0/2991712825 >> [v2:172.21.15.39:6800/2158365942,v1:172.21.15.39:6801/2158365942] conn(0x7fd634038210 0x7fd63403a6d0 unknown :-1 s=CLOSED pgs=7 cs=0 l=1 rev1=1 crypto rx=0 tx=0 comp rx=0 tx=0).stop
2024-02-19T18:55:46.887 INFO:teuthology.orchestra.run.smithi039.stdout:/usr/bin/ceph: stderr
2024-02-19T18:55:46.323+0000 7fd64ad58700 1 --2- 172.21.15.39:0/2991712825 >> [v2:172.21.15.39:3300/0,v1:172.21.15.39:6789/0] conn(0x7fd644106420 0x7fd64419a180 unknown :-1 s=CLOSED pgs=83 cs=0 l=1 rev1=1 crypto rx=0 tx=0 comp rx=0 tx=0).stop
2024-02-19T18:55:46.887 INFO:teuthology.orchestra.run.smithi039.stdout:/usr/bin/ceph: stderr
2024-02-19T18:55:46.323+0000 7fd64ad58700 1 -- 172.21.15.39:0/2991712825 >> 172.21.15.39:0/2991712825 conn(0x7fd644101a00 msgr2=0x7fd6441030f0 unknown :-1 s=STATE_NONE l=0).mark_down
2024-02-19T18:55:46.888 INFO:teuthology.orchestra.run.smithi039.stdout:/usr/bin/ceph: stderr
2024-02-19T18:55:46.323+0000 7fd64ad58700 1 -- 172.21.15.39:0/2991712825 shutdown_connections
2024-02-19T18:55:46.888 INFO:teuthology.orchestra.run.smithi039.stdout:/usr/bin/ceph: stderr
2024-02-19T18:55:46.323+0000 7fd64ad58700 1 -- 172.21.15.39:0/2991712825 wait complete.
2024-02-19T18:55:46.888 INFO:teuthology.orchestra.run.smithi039.stdout:Creating initial admin user...
2024-02-19T18:55:47.243 INFO:journalctl@ceph.mon.smithi039.smithi039.stdout:Feb 19 18:55:46 smithi039 ceph-mon[28988]: mgrmap e12: smithi039.ydmpuh(active, since 2s)
2024-02-19T18:55:47.244 INFO:journalctl@ceph.mon.smithi039.smithi039.stdout:Feb 19 18:55:46 smithi039 ceph-mon[28988]: from='client.14176 -' entity='client.admin' cmd=[{"prefix": "dashboard create-self-signed-cert", "target": ["mon-mgr", ""]}]: dispatch
2024-02-19T18:55:47.244 INFO:journalctl@ceph.mon.smithi039.smithi039.stdout:Feb 19 18:55:46 smithi039 ceph-mon[28988]: from='mgr.14164 172.21.15.39:0/1240726449' entity='mgr.smithi039.ydmpuh'
2024-02-19T18:55:47.244 INFO:journalctl@ceph.mon.smithi039.smithi039.stdout:Feb 19 18:55:46 smithi039 ceph-mon[28988]: from='mgr.14164 172.21.15.39:0/1240726449' entity='mgr.smithi039.ydmpuh'
2024-02-19T18:55:47.244 INFO:journalctl@ceph.mon.smithi039.smithi039.stdout:Feb 19 18:55:46 smithi039 ceph-mon[28988]: from='mgr.14164 172.21.15.39:0/1240726449' entity='mgr.smithi039.ydmpuh'
2024-02-19T18:55:48.993 INFO:journalctl@ceph.mon.smithi039.smithi039.stdout:Feb 19 18:55:48 smithi039 ceph-mon[28988]: from='client.14178 -' entity='client.admin' cmd=[{"prefix": "dashboard ac-user-create", "username": "admin", "rolename": "administrator", "force_password": true, "pwd_update_required": true, "target": ["mon-mgr", ""]}]: dispatch
2024-02-19T18:55:48.994 INFO:journalctl@ceph.mon.smithi039.smithi039.stdout:Feb 19 18:55:48 smithi039 ceph-mon[28988]: from='mgr.14164 172.21.15.39:0/1240726449' entity='mgr.smithi039.ydmpuh'
2024-02-19T18:55:49.065 INFO:teuthology.orchestra.run.smithi039.stdout:/usr/bin/ceph: stdout {"username": "admin", "password": "$2b$12$zzBHmn14pqIgKBm1f8Au/e6MdVcIyl8X.US93hkm.jF8wn.WdCuvm", "roles": ["administrator"], "name": null, "email": null, "lastUpdate": 1708368947, "enabled": true, "pwdExpirationDate": null, "pwdUpdateRequired": true}
2024-02-19T18:55:49.065 INFO:teuthology.orchestra.run.smithi039.stdout:/usr/bin/ceph: stderr
2024-02-19T18:55:47.266+0000 7fb045047700 1 Processor -- start
2024-02-19T18:55:49.065 INFO:teuthology.orchestra.run.smithi039.stdout:/usr/bin/ceph: stderr
2024-02-19T18:55:47.266+0000 7fb045047700 1 -- start start
2024-02-19T18:55:49.065 INFO:teuthology.orchestra.run.smithi039.stdout:/usr/bin/ceph: stderr
2024-02-19T18:55:47.266+0000 7fb045047700 1 --2- >> [v2:172.21.15.39:3300/0,v1:172.21.15.39:6789/0] conn(0x7fb040106420 0x7fb040106840 unknown :-1 s=NONE pgs=0 cs=0 l=0 rev1=0 crypto rx=0 tx=0 comp rx=0 tx=0).connect
2024-02-19T18:55:49.065 INFO:teuthology.orchestra.run.smithi039.stdout:/usr/bin/ceph: stderr
2024-02-19T18:55:47.266+0000 7fb045047700 1 -- --> [v2:172.21.15.39:3300/0,v1:172.21.15.39:6789/0] -- mon_getmap magic: 0 v1 -- 0x7fb040106e10 con 0x7fb040106420
2024-02-19T18:55:49.065 INFO:teuthology.orchestra.run.smithi039.stdout:/usr/bin/ceph: stderr
2024-02-19T18:55:47.266+0000 7fb03ed9d700 1 --2- >> [v2:172.21.15.39:3300/0,v1:172.21.15.39:6789/0] conn(0x7fb040106420 0x7fb040106840 unknown :-1 s=BANNER_CONNECTING pgs=0 cs=0 l=0 rev1=0 crypto rx=0 tx=0 comp rx=0 tx=0)._handle_peer_banner_payload supported=3 required=0
2024-02-19T18:55:49.065 INFO:teuthology.orchestra.run.smithi039.stdout:/usr/bin/ceph: stderr
2024-02-19T18:55:47.266+0000 7fb03ed9d700 1 --2- >> [v2:172.21.15.39:3300/0,v1:172.21.15.39:6789/0] conn(0x7fb040106420 0x7fb040106840 unknown :-1 s=HELLO_CONNECTING pgs=0 cs=0 l=0 rev1=1 crypto rx=0 tx=0 comp rx=0 tx=0).handle_hello peer v2:172.21.15.39:3300/0 says I am v2:172.21.15.39:53134/0 (socket says 172.21.15.39:53134)
2024-02-19T18:55:49.065 INFO:teuthology.orchestra.run.smithi039.stdout:/usr/bin/ceph: stderr
2024-02-19T18:55:47.266+0000 7fb03ed9d700 1 -- 172.21.15.39:0/1283943007 learned_addr learned my addr 172.21.15.39:0/1283943007 (peer_addr_for_me v2:172.21.15.39:0/0)
2024-02-19T18:55:49.065 INFO:teuthology.orchestra.run.smithi039.stdout:/usr/bin/ceph: stderr
2024-02-19T18:55:47.266+0000 7fb03ed9d700 1 -- 172.21.15.39:0/1283943007 --> [v2:172.21.15.39:3300/0,v1:172.21.15.39:6789/0] -- mon_subscribe({config=0+,monmap=0+}) v3 -- 0x7fb040107620 con 0x7fb040106420
2024-02-19T18:55:49.065 INFO:teuthology.orchestra.run.smithi039.stdout:/usr/bin/ceph: stderr
2024-02-19T18:55:47.267+0000 7fb03ed9d700 1 --2- 172.21.15.39:0/1283943007 >> [v2:172.21.15.39:3300/0,v1:172.21.15.39:6789/0] conn(0x7fb040106420 0x7fb040106840 secure :-1 s=READY pgs=84 cs=0 l=1 rev1=1 crypto rx=0x7fb0300098a0 tx=0x7fb030009bb0 comp rx=0 tx=0).ready entity=mon.0 client_cookie=c73fc397b9886d29 server_cookie=0 in_seq=0 out_seq=0
2024-02-19T18:55:49.066 INFO:teuthology.orchestra.run.smithi039.stdout:/usr/bin/ceph: stderr
2024-02-19T18:55:47.267+0000 7fb03dd9b700 1 -- 172.21.15.39:0/1283943007 <== mon.0 v2:172.21.15.39:3300/0 1 ==== mon_map magic: 0 v1 ==== 229+0+0 (secure 0 0 0) 0x7fb030004180 con 0x7fb040106420
2024-02-19T18:55:49.066 INFO:teuthology.orchestra.run.smithi039.stdout:/usr/bin/ceph: stderr
2024-02-19T18:55:47.267+0000 7fb03dd9b700 1 -- 172.21.15.39:0/1283943007 <== mon.0 v2:172.21.15.39:3300/0 2 ==== config(27 keys) v1 ==== 1101+0+0 (secure 0 0 0) 0x7fb0300042e0 con 0x7fb040106420
2024-02-19T18:55:49.066 INFO:teuthology.orchestra.run.smithi039.stdout:/usr/bin/ceph: stderr
2024-02-19T18:55:47.267+0000 7fb03dd9b700 1 -- 172.21.15.39:0/1283943007 <== mon.0 v2:172.21.15.39:3300/0 3 ==== mon_map magic: 0 v1 ==== 229+0+0 (secure 0 0 0) 0x7fb030011af0 con 0x7fb040106420
2024-02-19T18:55:49.066 INFO:teuthology.orchestra.run.smithi039.stdout:/usr/bin/ceph: stderr
2024-02-19T18:55:47.267+0000 7fb045047700 1 -- 172.21.15.39:0/1283943007 >> [v2:172.21.15.39:3300/0,v1:172.21.15.39:6789/0] conn(0x7fb040106420 msgr2=0x7fb040106840 secure :-1 s=STATE_CONNECTION_ESTABLISHED l=1).mark_down
2024-02-19T18:55:49.066 INFO:teuthology.orchestra.run.smithi039.stdout:/usr/bin/ceph: stderr
2024-02-19T18:55:47.267+0000 7fb045047700 1 --2- 172.21.15.39:0/1283943007 >> [v2:172.21.15.39:3300/0,v1:172.21.15.39:6789/0] conn(0x7fb040106420 0x7fb040106840 secure :-1 s=READY pgs=84 cs=0 l=1 rev1=1 crypto rx=0x7fb0300098a0 tx=0x7fb030009bb0 comp rx=0 tx=0).stop
2024-02-19T18:55:49.066 INFO:teuthology.orchestra.run.smithi039.stdout:/usr/bin/ceph: stderr
2024-02-19T18:55:47.267+0000 7fb045047700 1 -- 172.21.15.39:0/1283943007 shutdown_connections
2024-02-19T18:55:49.066 INFO:teuthology.orchestra.run.smithi039.stdout:/usr/bin/ceph: stderr
2024-02-19T18:55:47.267+0000 7fb045047700 1 --2- 172.21.15.39:0/1283943007 >> [v2:172.21.15.39:3300/0,v1:172.21.15.39:6789/0] conn(0x7fb040106420 0x7fb040106840 unknown :-1 s=CLOSED pgs=84 cs=0 l=1 rev1=1 crypto rx=0 tx=0 comp rx=0 tx=0).stop
2024-02-19T18:55:49.066 INFO:teuthology.orchestra.run.smithi039.stdout:/usr/bin/ceph: stderr
2024-02-19T18:55:47.267+0000 7fb045047700 1 -- 172.21.15.39:0/1283943007 >> 172.21.15.39:0/1283943007 conn(0x7fb040101a00 msgr2=0x7fb040103e20 unknown :-1 s=STATE_NONE l=0).mark_down
2024-02-19T18:55:49.066 INFO:teuthology.orchestra.run.smithi039.stdout:/usr/bin/ceph: stderr
2024-02-19T18:55:47.267+0000 7fb045047700 1 -- 172.21.15.39:0/1283943007 shutdown_connections
2024-02-19T18:55:49.066 INFO:teuthology.orchestra.run.smithi039.stdout:/usr/bin/ceph: stderr
2024-02-19T18:55:47.267+0000 7fb045047700 1 -- 172.21.15.39:0/1283943007 wait complete.
2024-02-19T18:55:49.066 INFO:teuthology.orchestra.run.smithi039.stdout:/usr/bin/ceph: stderr
2024-02-19T18:55:47.268+0000 7fb045047700 1 Processor -- start
2024-02-19T18:55:49.066 INFO:teuthology.orchestra.run.smithi039.stdout:/usr/bin/ceph: stderr
2024-02-19T18:55:47.268+0000 7fb045047700 1 -- start start
2024-02-19T18:55:49.066 INFO:teuthology.orchestra.run.smithi039.stdout:/usr/bin/ceph: stderr
2024-02-19T18:55:47.268+0000 7fb045047700 1 --2- >> [v2:172.21.15.39:3300/0,v1:172.21.15.39:6789/0] conn(0x7fb040106420 0x7fb04019a130 unknown :-1 s=NONE pgs=0 cs=0 l=1 rev1=0 crypto rx=0 tx=0 comp rx=0 tx=0).connect
2024-02-19T18:55:49.066 INFO:teuthology.orchestra.run.smithi039.stdout:/usr/bin/ceph: stderr
2024-02-19T18:55:47.268+0000 7fb045047700 1 -- --> [v2:172.21.15.39:3300/0,v1:172.21.15.39:6789/0] -- mon_getmap magic: 0 v1 -- 0x7fb04019a670 con 0x7fb040106420
2024-02-19T18:55:49.066 INFO:teuthology.orchestra.run.smithi039.stdout:/usr/bin/ceph: stderr
2024-02-19T18:55:47.269+0000 7fb03ed9d700 1 --2- >> [v2:172.21.15.39:3300/0,v1:172.21.15.39:6789/0] conn(0x7fb040106420 0x7fb04019a130 unknown :-1 s=BANNER_CONNECTING pgs=0 cs=0 l=1 rev1=0 crypto rx=0 tx=0 comp rx=0 tx=0)._handle_peer_banner_payload supported=3 required=0
2024-02-19T18:55:49.067 INFO:teuthology.orchestra.run.smithi039.stdout:/usr/bin/ceph: stderr
2024-02-19T18:55:47.269+0000 7fb03ed9d700 1 --2- >> [v2:172.21.15.39:3300/0,v1:172.21.15.39:6789/0] conn(0x7fb040106420 0x7fb04019a130 unknown :-1 s=HELLO_CONNECTING pgs=0 cs=0 l=1 rev1=1 crypto rx=0 tx=0 comp rx=0 tx=0).handle_hello peer v2:172.21.15.39:3300/0 says I am v2:172.21.15.39:53142/0 (socket says 172.21.15.39:53142)
2024-02-19T18:55:49.067 INFO:teuthology.orchestra.run.smithi039.stdout:/usr/bin/ceph: stderr
2024-02-19T18:55:47.269+0000 7fb03ed9d700 1 -- 172.21.15.39:0/506294480 learned_addr learned my addr 172.21.15.39:0/506294480 (peer_addr_for_me v2:172.21.15.39:0/0)
2024-02-19T18:55:49.067 INFO:teuthology.orchestra.run.smithi039.stdout:/usr/bin/ceph: stderr
2024-02-19T18:55:47.269+0000 7fb03ed9d700 1 -- 172.21.15.39:0/506294480 --> [v2:172.21.15.39:3300/0,v1:172.21.15.39:6789/0] -- mon_subscribe({config=0+,monmap=0+}) v3 -- 0x7fb030009550 con 0x7fb040106420
2024-02-19T18:55:49.067 INFO:teuthology.orchestra.run.smithi039.stdout:/usr/bin/ceph: stderr
2024-02-19T18:55:47.269+0000 7fb03ed9d700 1 --2- 172.21.15.39:0/506294480 >> [v2:172.21.15.39:3300/0,v1:172.21.15.39:6789/0] conn(0x7fb040106420 0x7fb04019a130 secure :-1 s=READY pgs=85 cs=0 l=1 rev1=1 crypto rx=0x7fb030006ba0 tx=0x7fb030011b50 comp rx=0 tx=0).ready entity=mon.0 client_cookie=0 server_cookie=0 in_seq=0 out_seq=0
2024-02-19T18:55:49.067 INFO:teuthology.orchestra.run.smithi039.stdout:/usr/bin/ceph: stderr
2024-02-19T18:55:47.269+0000 7fb027fff700 1 -- 172.21.15.39:0/506294480 <== mon.0 v2:172.21.15.39:3300/0 1 ==== mon_map magic: 0 v1 ==== 229+0+0 (secure 0 0 0) 0x7fb030003b00 con 0x7fb040106420
2024-02-19T18:55:49.067 INFO:teuthology.orchestra.run.smithi039.stdout:/usr/bin/ceph: stderr
2024-02-19T18:55:47.269+0000 7fb045047700 1 -- 172.21.15.39:0/506294480 --> [v2:172.21.15.39:3300/0,v1:172.21.15.39:6789/0] -- mon_subscribe({mgrmap=0+}) v3 -- 0x7fb04019a870 con 0x7fb040106420
2024-02-19T18:55:49.067 INFO:teuthology.orchestra.run.smithi039.stdout:/usr/bin/ceph: stderr
2024-02-19T18:55:47.269+0000 7fb027fff700 1 -- 172.21.15.39:0/506294480 <== mon.0 v2:172.21.15.39:3300/0 2 ==== config(27 keys) v1 ==== 1101+0+0 (secure 0 0 0) 0x7fb03001a8e0 con 0x7fb040106420
2024-02-19T18:55:49.067 INFO:teuthology.orchestra.run.smithi039.stdout:/usr/bin/ceph: stderr
2024-02-19T18:55:47.269+0000 7fb027fff700 1 -- 172.21.15.39:0/506294480 <== mon.0 v2:172.21.15.39:3300/0 3 ==== mon_map magic: 0 v1 ==== 229+0+0 (secure 0 0 0) 0x7fb030019990 con 0x7fb040106420
2024-02-19T18:55:49.067 INFO:teuthology.orchestra.run.smithi039.stdout:/usr/bin/ceph: stderr
2024-02-19T18:55:47.269+0000 7fb045047700 1 -- 172.21.15.39:0/506294480 --> [v2:172.21.15.39:3300/0,v1:172.21.15.39:6789/0] -- mon_subscribe({osdmap=0}) v3 -- 0x7fb04019ad10 con 0x7fb040106420
2024-02-19T18:55:49.067 INFO:teuthology.orchestra.run.smithi039.stdout:/usr/bin/ceph: stderr
2024-02-19T18:55:47.270+0000 7fb027fff700 1 -- 172.21.15.39:0/506294480 <== mon.0 v2:172.21.15.39:3300/0 4 ==== mgrmap(e 12) v1 ==== 45296+0+0 (secure 0 0 0) 0x7fb030019c50 con 0x7fb040106420
2024-02-19T18:55:49.067 INFO:teuthology.orchestra.run.smithi039.stdout:/usr/bin/ceph: stderr
2024-02-19T18:55:47.270+0000 7fb027fff700 1 --2- 172.21.15.39:0/506294480 >> [v2:172.21.15.39:6800/2158365942,v1:172.21.15.39:6801/2158365942] conn(0x7fb028038320 0x7fb02803a7e0 unknown :-1 s=NONE pgs=0 cs=0 l=1 rev1=0 crypto rx=0 tx=0 comp rx=0 tx=0).connect
2024-02-19T18:55:49.067 INFO:teuthology.orchestra.run.smithi039.stdout:/usr/bin/ceph: stderr
2024-02-19T18:55:47.270+0000 7fb027fff700 1 -- 172.21.15.39:0/506294480 <== mon.0 v2:172.21.15.39:3300/0 5 ==== osd_map(3..3 src has 1..3) v4 ==== 1155+0+0 (secure 0 0 0) 0x7fb03004c760 con 0x7fb040106420
2024-02-19T18:55:49.067 INFO:teuthology.orchestra.run.smithi039.stdout:/usr/bin/ceph: stderr
2024-02-19T18:55:47.270+0000 7fb045047700 1 -- 172.21.15.39:0/506294480 --> [v2:172.21.15.39:3300/0,v1:172.21.15.39:6789/0] -- mon_command({"prefix": "get_command_descriptions"} v 0) v1 -- 0x7fb0400623c0 con 0x7fb040106420
2024-02-19T18:55:49.067 INFO:teuthology.orchestra.run.smithi039.stdout:/usr/bin/ceph: stderr
2024-02-19T18:55:47.270+0000 7fb03e59c700 1 --2- 172.21.15.39:0/506294480 >> [v2:172.21.15.39:6800/2158365942,v1:172.21.15.39:6801/2158365942] conn(0x7fb028038320 0x7fb02803a7e0 unknown :-1 s=BANNER_CONNECTING pgs=0 cs=0 l=1 rev1=0 crypto rx=0 tx=0 comp rx=0 tx=0)._handle_peer_banner_payload supported=3 required=0
2024-02-19T18:55:49.068 INFO:teuthology.orchestra.run.smithi039.stdout:/usr/bin/ceph: stderr
2024-02-19T18:55:47.271+0000 7fb03e59c700 1 --2- 172.21.15.39:0/506294480 >> [v2:172.21.15.39:6800/2158365942,v1:172.21.15.39:6801/2158365942] conn(0x7fb028038320 0x7fb02803a7e0 secure :-1 s=READY pgs=8 cs=0 l=1 rev1=1 crypto rx=0x7fb034006fd0 tx=0x7fb034006e40 comp rx=0 tx=0).ready entity=mgr.14164 client_cookie=0 server_cookie=0 in_seq=0 out_seq=0
2024-02-19T18:55:49.068 INFO:teuthology.orchestra.run.smithi039.stdout:/usr/bin/ceph: stderr
2024-02-19T18:55:47.275+0000 7fb027fff700 1 -- 172.21.15.39:0/506294480 <== mon.0 v2:172.21.15.39:3300/0 6 ==== mon_command_ack([{"prefix": "get_command_descriptions"}]=0 v0) v1 ==== 72+0+180422 (secure 0 0 0) 0x7fb030048080 con 0x7fb040106420
2024-02-19T18:55:49.068 INFO:teuthology.orchestra.run.smithi039.stdout:/usr/bin/ceph: stderr
