2024-02-19T18:55:30.318+0000 7f0534035700 1 -- 172.21.15.39:0/1061901667 >> 172.21.15.39:0/1061901667 conn(0x7f052c101a00 msgr2=0x7f052c103e20 unknown :-1 s=STATE_NONE l=0).mark_down
2024-02-19T18:55:31.624 INFO:teuthology.orchestra.run.smithi039.stdout:/usr/bin/ceph: stderr
2024-02-19T18:55:30.318+0000 7f0534035700 1 -- 172.21.15.39:0/1061901667 shutdown_connections
2024-02-19T18:55:31.624 INFO:teuthology.orchestra.run.smithi039.stdout:/usr/bin/ceph: stderr
2024-02-19T18:55:30.318+0000 7f0534035700 1 -- 172.21.15.39:0/1061901667 wait complete.
2024-02-19T18:55:31.624 INFO:teuthology.orchestra.run.smithi039.stdout:/usr/bin/ceph: stderr
2024-02-19T18:55:30.319+0000 7f0534035700 1 Processor -- start
2024-02-19T18:55:31.625 INFO:teuthology.orchestra.run.smithi039.stdout:/usr/bin/ceph: stderr
2024-02-19T18:55:30.319+0000 7f0534035700 1 -- start start
2024-02-19T18:55:31.625 INFO:teuthology.orchestra.run.smithi039.stdout:/usr/bin/ceph: stderr
2024-02-19T18:55:30.319+0000 7f0534035700 1 --2- >> [v2:172.21.15.39:3300/0,v1:172.21.15.39:6789/0] conn(0x7f052c106420 0x7f052c19a140 unknown :-1 s=NONE pgs=0 cs=0 l=1 rev1=0 crypto rx=0 tx=0 comp rx=0 tx=0).connect
2024-02-19T18:55:31.625 INFO:teuthology.orchestra.run.smithi039.stdout:/usr/bin/ceph: stderr
2024-02-19T18:55:30.319+0000 7f0534035700 1 -- --> [v2:172.21.15.39:3300/0,v1:172.21.15.39:6789/0] -- mon_getmap magic: 0 v1 -- 0x7f052c19a680 con 0x7f052c106420
2024-02-19T18:55:31.625 INFO:teuthology.orchestra.run.smithi039.stdout:/usr/bin/ceph: stderr
2024-02-19T18:55:30.319+0000 7f0531dd1700 1 --2- >> [v2:172.21.15.39:3300/0,v1:172.21.15.39:6789/0] conn(0x7f052c106420 0x7f052c19a140 unknown :-1 s=BANNER_CONNECTING pgs=0 cs=0 l=1 rev1=0 crypto rx=0 tx=0 comp rx=0 tx=0)._handle_peer_banner_payload supported=3 required=0
2024-02-19T18:55:31.625 INFO:teuthology.orchestra.run.smithi039.stdout:/usr/bin/ceph: stderr
2024-02-19T18:55:30.319+0000 7f0531dd1700 1 --2- >> [v2:172.21.15.39:3300/0,v1:172.21.15.39:6789/0] conn(0x7f052c106420 0x7f052c19a140 unknown :-1 s=HELLO_CONNECTING pgs=0 cs=0 l=1 rev1=1 crypto rx=0 tx=0 comp rx=0 tx=0).handle_hello peer v2:172.21.15.39:3300/0 says I am v2:172.21.15.39:41956/0 (socket says 172.21.15.39:41956)
2024-02-19T18:55:31.625 INFO:teuthology.orchestra.run.smithi039.stdout:/usr/bin/ceph: stderr
2024-02-19T18:55:30.319+0000 7f0531dd1700 1 -- 172.21.15.39:0/3697466992 learned_addr learned my addr 172.21.15.39:0/3697466992 (peer_addr_for_me v2:172.21.15.39:0/0)
2024-02-19T18:55:31.625 INFO:teuthology.orchestra.run.smithi039.stdout:/usr/bin/ceph: stderr
2024-02-19T18:55:30.319+0000 7f0531dd1700 1 -- 172.21.15.39:0/3697466992 --> [v2:172.21.15.39:3300/0,v1:172.21.15.39:6789/0] -- mon_subscribe({config=0+,monmap=0+}) v3 -- 0x7f0520009550 con 0x7f052c106420
2024-02-19T18:55:31.625 INFO:teuthology.orchestra.run.smithi039.stdout:/usr/bin/ceph: stderr
2024-02-19T18:55:30.320+0000 7f0531dd1700 1 --2- 172.21.15.39:0/3697466992 >> [v2:172.21.15.39:3300/0,v1:172.21.15.39:6789/0] conn(0x7f052c106420 0x7f052c19a140 secure :-1 s=READY pgs=60 cs=0 l=1 rev1=1 crypto rx=0x7f0520000c00 tx=0x7f0520011b50 comp rx=0 tx=0).ready entity=mon.0 client_cookie=0 server_cookie=0 in_seq=0 out_seq=0
2024-02-19T18:55:31.625 INFO:teuthology.orchestra.run.smithi039.stdout:/usr/bin/ceph: stderr
2024-02-19T18:55:30.320+0000 7f051effd700 1 -- 172.21.15.39:0/3697466992 <== mon.0 v2:172.21.15.39:3300/0 1 ==== mon_map magic: 0 v1 ==== 229+0+0 (secure 0 0 0) 0x7f0520003a70 con 0x7f052c106420
2024-02-19T18:55:31.625 INFO:teuthology.orchestra.run.smithi039.stdout:/usr/bin/ceph: stderr
2024-02-19T18:55:30.320+0000 7f0534035700 1 -- 172.21.15.39:0/3697466992 --> [v2:172.21.15.39:3300/0,v1:172.21.15.39:6789/0] -- mon_subscribe({mgrmap=0+}) v3 -- 0x7f052c19a880 con 0x7f052c106420
2024-02-19T18:55:31.625 INFO:teuthology.orchestra.run.smithi039.stdout:/usr/bin/ceph: stderr
2024-02-19T18:55:30.320+0000 7f051effd700 1 -- 172.21.15.39:0/3697466992 <== mon.0 v2:172.21.15.39:3300/0 2 ==== config(27 keys) v1 ==== 1101+0+0 (secure 0 0 0) 0x7f0520003bd0 con 0x7f052c106420
2024-02-19T18:55:31.625 INFO:teuthology.orchestra.run.smithi039.stdout:/usr/bin/ceph: stderr
2024-02-19T18:55:30.320+0000 7f051effd700 1 -- 172.21.15.39:0/3697466992 <== mon.0 v2:172.21.15.39:3300/0 3 ==== mon_map magic: 0 v1 ==== 229+0+0 (secure 0 0 0) 0x7f05200238c0 con 0x7f052c106420
2024-02-19T18:55:31.625 INFO:teuthology.orchestra.run.smithi039.stdout:/usr/bin/ceph: stderr
2024-02-19T18:55:30.320+0000 7f0534035700 1 -- 172.21.15.39:0/3697466992 --> [v2:172.21.15.39:3300/0,v1:172.21.15.39:6789/0] -- mon_subscribe({osdmap=0}) v3 -- 0x7f052c19ad20 con 0x7f052c106420
2024-02-19T18:55:31.625 INFO:teuthology.orchestra.run.smithi039.stdout:/usr/bin/ceph: stderr
2024-02-19T18:55:30.321+0000 7f051effd700 1 -- 172.21.15.39:0/3697466992 <== mon.0 v2:172.21.15.39:3300/0 4 ==== mgrmap(e 8) v1 ==== 45283+0+0 (secure 0 0 0) 0x7f0520023b80 con 0x7f052c106420
2024-02-19T18:55:31.626 INFO:teuthology.orchestra.run.smithi039.stdout:/usr/bin/ceph: stderr
2024-02-19T18:55:30.321+0000 7f0534035700 1 -- 172.21.15.39:0/3697466992 --> [v2:172.21.15.39:3300/0,v1:172.21.15.39:6789/0] -- mon_command({"prefix": "get_command_descriptions"} v 0) v1 -- 0x7f052c0623c0 con 0x7f052c106420
2024-02-19T18:55:31.626 INFO:teuthology.orchestra.run.smithi039.stdout:/usr/bin/ceph: stderr
2024-02-19T18:55:30.321+0000 7f051effd700 1 --2- 172.21.15.39:0/3697466992 >> [v2:172.21.15.39:6800/2039816448,v1:172.21.15.39:6801/2039816448] conn(0x7f0518038320 0x7f051803a7e0 unknown :-1 s=NONE pgs=0 cs=0 l=1 rev1=0 crypto rx=0 tx=0 comp rx=0 tx=0).connect
2024-02-19T18:55:31.626 INFO:teuthology.orchestra.run.smithi039.stdout:/usr/bin/ceph: stderr
2024-02-19T18:55:30.321+0000 7f051effd700 1 -- 172.21.15.39:0/3697466992 <== mon.0 v2:172.21.15.39:3300/0 5 ==== osd_map(2..2 src has 1..2) v4 ==== 940+0+0 (secure 0 0 0) 0x7f052004c2c0 con 0x7f052c106420
2024-02-19T18:55:31.626 INFO:teuthology.orchestra.run.smithi039.stdout:/usr/bin/ceph: stderr
2024-02-19T18:55:30.321+0000 7f05315d0700 1 --2- 172.21.15.39:0/3697466992 >> [v2:172.21.15.39:6800/2039816448,v1:172.21.15.39:6801/2039816448] conn(0x7f0518038320 0x7f051803a7e0 unknown :-1 s=BANNER_CONNECTING pgs=0 cs=0 l=1 rev1=0 crypto rx=0 tx=0 comp rx=0 tx=0)._handle_peer_banner_payload supported=3 required=0
2024-02-19T18:55:31.626 INFO:teuthology.orchestra.run.smithi039.stdout:/usr/bin/ceph: stderr
2024-02-19T18:55:30.321+0000 7f05315d0700 1 --2- 172.21.15.39:0/3697466992 >> [v2:172.21.15.39:6800/2039816448,v1:172.21.15.39:6801/2039816448] conn(0x7f0518038320 0x7f051803a7e0 secure :-1 s=READY pgs=18 cs=0 l=1 rev1=1 crypto rx=0x7f0528006fd0 tx=0x7f0528006e40 comp rx=0 tx=0).ready entity=mgr.14120 client_cookie=0 server_cookie=0 in_seq=0 out_seq=0
2024-02-19T18:55:31.626 INFO:teuthology.orchestra.run.smithi039.stdout:/usr/bin/ceph: stderr
2024-02-19T18:55:30.326+0000 7f051effd700 1 -- 172.21.15.39:0/3697466992 <== mon.0 v2:172.21.15.39:3300/0 6 ==== mon_command_ack([{"prefix": "get_command_descriptions"}]=0 v0) v1 ==== 72+0+180422 (secure 0 0 0) 0x7f0520010970 con 0x7f052c106420
2024-02-19T18:55:31.626 INFO:teuthology.orchestra.run.smithi039.stdout:/usr/bin/ceph: stderr
2024-02-19T18:55:30.537+0000 7f0534035700 1 -- 172.21.15.39:0/3697466992 --> [v2:172.21.15.39:6800/2039816448,v1:172.21.15.39:6801/2039816448] -- mgr_command(tid 0: {"prefix": "orch apply", "service_type": "node-exporter", "target": ["mon-mgr", ""]}) v1 -- 0x7f052c19db10 con 0x7f0518038320
2024-02-19T18:55:31.626 INFO:teuthology.orchestra.run.smithi039.stdout:/usr/bin/ceph: stderr
2024-02-19T18:55:30.541+0000 7f051effd700 1 -- 172.21.15.39:0/3697466992 <== mgr.14120 v2:172.21.15.39:6800/2039816448 1 ==== mgr_command_reply(tid 0: 0 ) v1 ==== 8+0+34 (secure 0 0 0) 0x7f052c19db10 con 0x7f0518038320
2024-02-19T18:55:31.626 INFO:teuthology.orchestra.run.smithi039.stdout:/usr/bin/ceph: stderr
2024-02-19T18:55:30.543+0000 7f0534035700 1 -- 172.21.15.39:0/3697466992 >> [v2:172.21.15.39:6800/2039816448,v1:172.21.15.39:6801/2039816448] conn(0x7f0518038320 msgr2=0x7f051803a7e0 secure :-1 s=STATE_CONNECTION_ESTABLISHED l=1).mark_down
2024-02-19T18:55:31.626 INFO:teuthology.orchestra.run.smithi039.stdout:/usr/bin/ceph: stderr
2024-02-19T18:55:30.543+0000 7f0534035700 1 --2- 172.21.15.39:0/3697466992 >> [v2:172.21.15.39:6800/2039816448,v1:172.21.15.39:6801/2039816448] conn(0x7f0518038320 0x7f051803a7e0 secure :-1 s=READY pgs=18 cs=0 l=1 rev1=1 crypto rx=0x7f0528006fd0 tx=0x7f0528006e40 comp rx=0 tx=0).stop
2024-02-19T18:55:31.626 INFO:teuthology.orchestra.run.smithi039.stdout:/usr/bin/ceph: stderr
2024-02-19T18:55:30.543+0000 7f0534035700 1 -- 172.21.15.39:0/3697466992 >> [v2:172.21.15.39:3300/0,v1:172.21.15.39:6789/0] conn(0x7f052c106420 msgr2=0x7f052c19a140 secure :-1 s=STATE_CONNECTION_ESTABLISHED l=1).mark_down
2024-02-19T18:55:31.626 INFO:teuthology.orchestra.run.smithi039.stdout:/usr/bin/ceph: stderr
2024-02-19T18:55:30.543+0000 7f0534035700 1 --2- 172.21.15.39:0/3697466992 >> [v2:172.21.15.39:3300/0,v1:172.21.15.39:6789/0] conn(0x7f052c106420 0x7f052c19a140 secure :-1 s=READY pgs=60 cs=0 l=1 rev1=1 crypto rx=0x7f0520000c00 tx=0x7f0520011b50 comp rx=0 tx=0).stop
2024-02-19T18:55:31.626 INFO:teuthology.orchestra.run.smithi039.stdout:/usr/bin/ceph: stderr
2024-02-19T18:55:30.543+0000 7f0534035700 1 -- 172.21.15.39:0/3697466992 shutdown_connections
2024-02-19T18:55:31.627 INFO:teuthology.orchestra.run.smithi039.stdout:/usr/bin/ceph: stderr
2024-02-19T18:55:30.543+0000 7f0534035700 1 --2- 172.21.15.39:0/3697466992 >> [v2:172.21.15.39:6800/2039816448,v1:172.21.15.39:6801/2039816448] conn(0x7f0518038320 0x7f051803a7e0 unknown :-1 s=CLOSED pgs=18 cs=0 l=1 rev1=1 crypto rx=0 tx=0 comp rx=0 tx=0).stop
2024-02-19T18:55:31.627 INFO:teuthology.orchestra.run.smithi039.stdout:/usr/bin/ceph: stderr
2024-02-19T18:55:30.543+0000 7f0534035700 1 --2- 172.21.15.39:0/3697466992 >> [v2:172.21.15.39:3300/0,v1:172.21.15.39:6789/0] conn(0x7f052c106420 0x7f052c19a140 unknown :-1 s=CLOSED pgs=60 cs=0 l=1 rev1=1 crypto rx=0 tx=0 comp rx=0 tx=0).stop
2024-02-19T18:55:31.627 INFO:teuthology.orchestra.run.smithi039.stdout:/usr/bin/ceph: stderr
2024-02-19T18:55:30.543+0000 7f0534035700 1 -- 172.21.15.39:0/3697466992 >> 172.21.15.39:0/3697466992 conn(0x7f052c101a00 msgr2=0x7f052c1030a0 unknown :-1 s=STATE_NONE l=0).mark_down
2024-02-19T18:55:31.627 INFO:teuthology.orchestra.run.smithi039.stdout:/usr/bin/ceph: stderr
2024-02-19T18:55:30.543+0000 7f0534035700 1 -- 172.21.15.39:0/3697466992 shutdown_connections
2024-02-19T18:55:31.627 INFO:teuthology.orchestra.run.smithi039.stdout:/usr/bin/ceph: stderr
2024-02-19T18:55:30.543+0000 7f0534035700 1 -- 172.21.15.39:0/3697466992 wait complete.
2024-02-19T18:55:31.627 INFO:teuthology.orchestra.run.smithi039.stdout:Deploying alertmanager service with default placement...
2024-02-19T18:55:32.034 INFO:journalctl@ceph.mon.smithi039.smithi039.stdout:Feb 19 18:55:31 smithi039 ceph-mon[28988]: from='client.14154 -' entity='client.admin' cmd=[{"prefix": "orch apply", "service_type": "node-exporter", "target": ["mon-mgr", ""]}]: dispatch
2024-02-19T18:55:32.034 INFO:journalctl@ceph.mon.smithi039.smithi039.stdout:Feb 19 18:55:31 smithi039 ceph-mon[28988]: Saving service node-exporter spec with placement *
2024-02-19T18:55:32.034 INFO:journalctl@ceph.mon.smithi039.smithi039.stdout:Feb 19 18:55:31 smithi039 ceph-mon[28988]: pgmap v3: 0 pgs: ; 0 B data, 0 B used, 0 B / 0 B avail
2024-02-19T18:55:32.837 INFO:teuthology.orchestra.run.smithi039.stdout:/usr/bin/ceph: stdout Scheduled alertmanager update...
2024-02-19T18:55:32.837 INFO:teuthology.orchestra.run.smithi039.stdout:/usr/bin/ceph: stderr
2024-02-19T18:55:32.045+0000 7ffacd73a700 1 Processor -- start
2024-02-19T18:55:32.837 INFO:teuthology.orchestra.run.smithi039.stdout:/usr/bin/ceph: stderr
2024-02-19T18:55:32.045+0000 7ffacd73a700 1 -- start start
2024-02-19T18:55:32.837 INFO:teuthology.orchestra.run.smithi039.stdout:/usr/bin/ceph: stderr
2024-02-19T18:55:32.045+0000 7ffacd73a700 1 --2- >> [v2:172.21.15.39:3300/0,v1:172.21.15.39:6789/0] conn(0x7ffac8106f00 0x7ffac81092f0 unknown :-1 s=NONE pgs=0 cs=0 l=0 rev1=0 crypto rx=0 tx=0 comp rx=0 tx=0).connect
2024-02-19T18:55:32.837 INFO:teuthology.orchestra.run.smithi039.stdout:/usr/bin/ceph: stderr
2024-02-19T18:55:32.045+0000 7ffacd73a700 1 -- --> [v2:172.21.15.39:3300/0,v1:172.21.15.39:6789/0] -- mon_getmap magic: 0 v1 -- 0x7ffac8079e60 con 0x7ffac8106f00
2024-02-19T18:55:32.837 INFO:teuthology.orchestra.run.smithi039.stdout:/usr/bin/ceph: stderr
2024-02-19T18:55:32.045+0000 7ffac6ffd700 1 --2- >> [v2:172.21.15.39:3300/0,v1:172.21.15.39:6789/0] conn(0x7ffac8106f00 0x7ffac81092f0 unknown :-1 s=BANNER_CONNECTING pgs=0 cs=0 l=0 rev1=0 crypto rx=0 tx=0 comp rx=0 tx=0)._handle_peer_banner_payload supported=3 required=0
2024-02-19T18:55:32.837 INFO:teuthology.orchestra.run.smithi039.stdout:/usr/bin/ceph: stderr
2024-02-19T18:55:32.045+0000 7ffac6ffd700 1 --2- >> [v2:172.21.15.39:3300/0,v1:172.21.15.39:6789/0] conn(0x7ffac8106f00 0x7ffac81092f0 unknown :-1 s=HELLO_CONNECTING pgs=0 cs=0 l=0 rev1=1 crypto rx=0 tx=0 comp rx=0 tx=0).handle_hello peer v2:172.21.15.39:3300/0 says I am v2:172.21.15.39:41962/0 (socket says 172.21.15.39:41962)
2024-02-19T18:55:32.837 INFO:teuthology.orchestra.run.smithi039.stdout:/usr/bin/ceph: stderr
2024-02-19T18:55:32.045+0000 7ffac6ffd700 1 -- 172.21.15.39:0/2209949619 learned_addr learned my addr 172.21.15.39:0/2209949619 (peer_addr_for_me v2:172.21.15.39:0/0)
2024-02-19T18:55:32.837 INFO:teuthology.orchestra.run.smithi039.stdout:/usr/bin/ceph: stderr
2024-02-19T18:55:32.046+0000 7ffac6ffd700 1 -- 172.21.15.39:0/2209949619 --> [v2:172.21.15.39:3300/0,v1:172.21.15.39:6789/0] -- mon_subscribe({config=0+,monmap=0+}) v3 -- 0x7ffac8109830 con 0x7ffac8106f00
2024-02-19T18:55:32.837 INFO:teuthology.orchestra.run.smithi039.stdout:/usr/bin/ceph: stderr
2024-02-19T18:55:32.046+0000 7ffac6ffd700 1 --2- 172.21.15.39:0/2209949619 >> [v2:172.21.15.39:3300/0,v1:172.21.15.39:6789/0] conn(0x7ffac8106f00 0x7ffac81092f0 secure :-1 s=READY pgs=61 cs=0 l=1 rev1=1 crypto rx=0x7ffab80098a0 tx=0x7ffab8009bb0 comp rx=0 tx=0).ready entity=mon.0 client_cookie=75e8aacb24a900de server_cookie=0 in_seq=0 out_seq=0
2024-02-19T18:55:32.837 INFO:teuthology.orchestra.run.smithi039.stdout:/usr/bin/ceph: stderr
2024-02-19T18:55:32.046+0000 7ffac5ffb700 1 -- 172.21.15.39:0/2209949619 <== mon.0 v2:172.21.15.39:3300/0 1 ==== mon_map magic: 0 v1 ==== 229+0+0 (secure 0 0 0) 0x7ffab8004180 con 0x7ffac8106f00
2024-02-19T18:55:32.837 INFO:teuthology.orchestra.run.smithi039.stdout:/usr/bin/ceph: stderr
2024-02-19T18:55:32.046+0000 7ffac5ffb700 1 -- 172.21.15.39:0/2209949619 <== mon.0 v2:172.21.15.39:3300/0 2 ==== config(27 keys) v1 ==== 1101+0+0 (secure 0 0 0) 0x7ffab80042e0 con 0x7ffac8106f00
2024-02-19T18:55:32.838 INFO:teuthology.orchestra.run.smithi039.stdout:/usr/bin/ceph: stderr
2024-02-19T18:55:32.046+0000 7ffac5ffb700 1 -- 172.21.15.39:0/2209949619 <== mon.0 v2:172.21.15.39:3300/0 3 ==== mon_map magic: 0 v1 ==== 229+0+0 (secure 0 0 0) 0x7ffab8011af0 con 0x7ffac8106f00
2024-02-19T18:55:32.838 INFO:teuthology.orchestra.run.smithi039.stdout:/usr/bin/ceph: stderr
2024-02-19T18:55:32.046+0000 7ffacd73a700 1 -- 172.21.15.39:0/2209949619 >> [v2:172.21.15.39:3300/0,v1:172.21.15.39:6789/0] conn(0x7ffac8106f00 msgr2=0x7ffac81092f0 secure :-1 s=STATE_CONNECTION_ESTABLISHED l=1).mark_down
2024-02-19T18:55:32.838 INFO:teuthology.orchestra.run.smithi039.stdout:/usr/bin/ceph: stderr
2024-02-19T18:55:32.046+0000 7ffacd73a700 1 --2- 172.21.15.39:0/2209949619 >> [v2:172.21.15.39:3300/0,v1:172.21.15.39:6789/0] conn(0x7ffac8106f00 0x7ffac81092f0 secure :-1 s=READY pgs=61 cs=0 l=1 rev1=1 crypto rx=0x7ffab80098a0 tx=0x7ffab8009bb0 comp rx=0 tx=0).stop
2024-02-19T18:55:32.838 INFO:teuthology.orchestra.run.smithi039.stdout:/usr/bin/ceph: stderr
2024-02-19T18:55:32.046+0000 7ffacd73a700 1 -- 172.21.15.39:0/2209949619 shutdown_connections
2024-02-19T18:55:32.838 INFO:teuthology.orchestra.run.smithi039.stdout:/usr/bin/ceph: stderr
2024-02-19T18:55:32.046+0000 7ffacd73a700 1 --2- 172.21.15.39:0/2209949619 >> [v2:172.21.15.39:3300/0,v1:172.21.15.39:6789/0] conn(0x7ffac8106f00 0x7ffac81092f0 unknown :-1 s=CLOSED pgs=61 cs=0 l=1 rev1=1 crypto rx=0 tx=0 comp rx=0 tx=0).stop
2024-02-19T18:55:32.838 INFO:teuthology.orchestra.run.smithi039.stdout:/usr/bin/ceph: stderr
2024-02-19T18:55:32.047+0000 7ffacd73a700 1 -- 172.21.15.39:0/2209949619 >> 172.21.15.39:0/2209949619 conn(0x7ffac81008b0 msgr2=0x7ffac8102d10 unknown :-1 s=STATE_NONE l=0).mark_down
2024-02-19T18:55:32.838 INFO:teuthology.orchestra.run.smithi039.stdout:/usr/bin/ceph: stderr
2024-02-19T18:55:32.047+0000 7ffacd73a700 1 -- 172.21.15.39:0/2209949619 shutdown_connections
2024-02-19T18:55:32.838 INFO:teuthology.orchestra.run.smithi039.stdout:/usr/bin/ceph: stderr
2024-02-19T18:55:32.047+0000 7ffacd73a700 1 -- 172.21.15.39:0/2209949619 wait complete.
2024-02-19T18:55:32.838 INFO:teuthology.orchestra.run.smithi039.stdout:/usr/bin/ceph: stderr
2024-02-19T18:55:32.047+0000 7ffacd73a700 1 Processor -- start
2024-02-19T18:55:32.838 INFO:teuthology.orchestra.run.smithi039.stdout:/usr/bin/ceph: stderr
2024-02-19T18:55:32.047+0000 7ffacd73a700 1 -- start start
2024-02-19T18:55:32.838 INFO:teuthology.orchestra.run.smithi039.stdout:/usr/bin/ceph: stderr
2024-02-19T18:55:32.048+0000 7ffacd73a700 1 --2- >> [v2:172.21.15.39:3300/0,v1:172.21.15.39:6789/0] conn(0x7ffac8106f00 0x7ffac8106860 unknown :-1 s=NONE pgs=0 cs=0 l=1 rev1=0 crypto rx=0 tx=0 comp rx=0 tx=0).connect
2024-02-19T18:55:32.838 INFO:teuthology.orchestra.run.smithi039.stdout:/usr/bin/ceph: stderr
2024-02-19T18:55:32.048+0000 7ffacd73a700 1 -- --> [v2:172.21.15.39:3300/0,v1:172.21.15.39:6789/0] -- mon_getmap magic: 0 v1 -- 0x7ffac8106da0 con 0x7ffac8106f00
2024-02-19T18:55:32.838 INFO:teuthology.orchestra.run.smithi039.stdout:/usr/bin/ceph: stderr
2024-02-19T18:55:32.048+0000 7ffac6ffd700 1 --2- >> [v2:172.21.15.39:3300/0,v1:172.21.15.39:6789/0] conn(0x7ffac8106f00 0x7ffac8106860 unknown :-1 s=BANNER_CONNECTING pgs=0 cs=0 l=1 rev1=0 crypto rx=0 tx=0 comp rx=0 tx=0)._handle_peer_banner_payload supported=3 required=0
2024-02-19T18:55:32.838 INFO:teuthology.orchestra.run.smithi039.stdout:/usr/bin/ceph: stderr
2024-02-19T18:55:32.048+0000 7ffac6ffd700 1 --2- >> [v2:172.21.15.39:3300/0,v1:172.21.15.39:6789/0] conn(0x7ffac8106f00 0x7ffac8106860 unknown :-1 s=HELLO_CONNECTING pgs=0 cs=0 l=1 rev1=1 crypto rx=0 tx=0 comp rx=0 tx=0).handle_hello peer v2:172.21.15.39:3300/0 says I am v2:172.21.15.39:41974/0 (socket says 172.21.15.39:41974)
2024-02-19T18:55:32.839 INFO:teuthology.orchestra.run.smithi039.stdout:/usr/bin/ceph: stderr
2024-02-19T18:55:32.048+0000 7ffac6ffd700 1 -- 172.21.15.39:0/2932719620 learned_addr learned my addr 172.21.15.39:0/2932719620 (peer_addr_for_me v2:172.21.15.39:0/0)
2024-02-19T18:55:32.839 INFO:teuthology.orchestra.run.smithi039.stdout:/usr/bin/ceph: stderr
2024-02-19T18:55:32.048+0000 7ffac6ffd700 1 -- 172.21.15.39:0/2932719620 --> [v2:172.21.15.39:3300/0,v1:172.21.15.39:6789/0] -- mon_subscribe({config=0+,monmap=0+}) v3 -- 0x7ffab8009550 con 0x7ffac8106f00
2024-02-19T18:55:32.839 INFO:teuthology.orchestra.run.smithi039.stdout:/usr/bin/ceph: stderr
2024-02-19T18:55:32.048+0000 7ffac6ffd700 1 --2- 172.21.15.39:0/2932719620 >> [v2:172.21.15.39:3300/0,v1:172.21.15.39:6789/0] conn(0x7ffac8106f00 0x7ffac8106860 secure :-1 s=READY pgs=62 cs=0 l=1 rev1=1 crypto rx=0x7ffab8011670 tx=0x7ffab8011aa0 comp rx=0 tx=0).ready entity=mon.0 client_cookie=0 server_cookie=0 in_seq=0 out_seq=0
2024-02-19T18:55:32.839 INFO:teuthology.orchestra.run.smithi039.stdout:/usr/bin/ceph: stderr
2024-02-19T18:55:32.048+0000 7ffaaffff700 1 -- 172.21.15.39:0/2932719620 <== mon.0 v2:172.21.15.39:3300/0 1 ==== mon_map magic: 0 v1 ==== 229+0+0 (secure 0 0 0) 0x7ffab8003a40 con 0x7ffac8106f00
2024-02-19T18:55:32.839 INFO:teuthology.orchestra.run.smithi039.stdout:/usr/bin/ceph: stderr
2024-02-19T18:55:32.048+0000 7ffaaffff700 1 -- 172.21.15.39:0/2932719620 <== mon.0 v2:172.21.15.39:3300/0 2 ==== config(27 keys) v1 ==== 1101+0+0 (secure 0 0 0) 0x7ffab8003ba0 con 0x7ffac8106f00
2024-02-19T18:55:32.839 INFO:teuthology.orchestra.run.smithi039.stdout:/usr/bin/ceph: stderr
2024-02-19T18:55:32.048+0000 7ffacd73a700 1 -- 172.21.15.39:0/2932719620 --> [v2:172.21.15.39:3300/0,v1:172.21.15.39:6789/0] -- mon_subscribe({mgrmap=0+}) v3 -- 0x7ffac8104eb0 con 0x7ffac8106f00
2024-02-19T18:55:32.839 INFO:teuthology.orchestra.run.smithi039.stdout:/usr/bin/ceph: stderr
2024-02-19T18:55:32.048+0000 7ffaaffff700 1 -- 172.21.15.39:0/2932719620 <== mon.0 v2:172.21.15.39:3300/0 3 ==== mon_map magic: 0 v1 ==== 229+0+0 (secure 0 0 0) 0x7ffab8024820 con 0x7ffac8106f00
2024-02-19T18:55:32.839 INFO:teuthology.orchestra.run.smithi039.stdout:/usr/bin/ceph: stderr
2024-02-19T18:55:32.048+0000 7ffacd73a700 1 -- 172.21.15.39:0/2932719620 --> [v2:172.21.15.39:3300/0,v1:172.21.15.39:6789/0] -- mon_subscribe({osdmap=0}) v3 -- 0x7ffac8105350 con 0x7ffac8106f00
2024-02-19T18:55:32.839 INFO:teuthology.orchestra.run.smithi039.stdout:/usr/bin/ceph: stderr
2024-02-19T18:55:32.049+0000 7ffaaffff700 1 -- 172.21.15.39:0/2932719620 <== mon.0 v2:172.21.15.39:3300/0 4 ==== mgrmap(e 8) v1 ==== 45283+0+0 (secure 0 0 0) 0x7ffab8024ae0 con 0x7ffac8106f00
2024-02-19T18:55:32.839 INFO:teuthology.orchestra.run.smithi039.stdout:/usr/bin/ceph: stderr
2024-02-19T18:55:32.049+0000 7ffacd73a700 1 -- 172.21.15.39:0/2932719620 --> [v2:172.21.15.39:3300/0,v1:172.21.15.39:6789/0] -- mon_command({"prefix": "get_command_descriptions"} v 0) v1 -- 0x7ffac810a5c0 con 0x7ffac8106f00
2024-02-19T18:55:32.839 INFO:teuthology.orchestra.run.smithi039.stdout:/usr/bin/ceph: stderr
2024-02-19T18:55:32.049+0000 7ffaaffff700 1 --2- 172.21.15.39:0/2932719620 >> [v2:172.21.15.39:6800/2039816448,v1:172.21.15.39:6801/2039816448] conn(0x7ffab00382e0 0x7ffab003a7a0 unknown :-1 s=NONE pgs=0 cs=0 l=1 rev1=0 crypto rx=0 tx=0 comp rx=0 tx=0).connect
2024-02-19T18:55:32.839 INFO:teuthology.orchestra.run.smithi039.stdout:/usr/bin/ceph: stderr
2024-02-19T18:55:32.050+0000 7ffaaffff700 1 -- 172.21.15.39:0/2932719620 <== mon.0 v2:172.21.15.39:3300/0 5 ==== osd_map(2..2 src has 1..2) v4 ==== 940+0+0 (secure 0 0 0) 0x7ffab804c490 con 0x7ffac8106f00
2024-02-19T18:55:32.839 INFO:teuthology.orchestra.run.smithi039.stdout:/usr/bin/ceph: stderr
2024-02-19T18:55:32.050+0000 7ffac67fc700 1 --2- 172.21.15.39:0/2932719620 >> [v2:172.21.15.39:6800/2039816448,v1:172.21.15.39:6801/2039816448] conn(0x7ffab00382e0 0x7ffab003a7a0 unknown :-1 s=BANNER_CONNECTING pgs=0 cs=0 l=1 rev1=0 crypto rx=0 tx=0 comp rx=0 tx=0)._handle_peer_banner_payload supported=3 required=0
2024-02-19T18:55:32.839 INFO:teuthology.orchestra.run.smithi039.stdout:/usr/bin/ceph: stderr
2024-02-19T18:55:32.050+0000 7ffac67fc700 1 --2- 172.21.15.39:0/2932719620 >> [v2:172.21.15.39:6800/2039816448,v1:172.21.15.39:6801/2039816448] conn(0x7ffab00382e0 0x7ffab003a7a0 secure :-1 s=READY pgs=19 cs=0 l=1 rev1=1 crypto rx=0x7ffabc006fd0 tx=0x7ffabc006e40 comp rx=0 tx=0).ready entity=mgr.14120 client_cookie=0 server_cookie=0 in_seq=0 out_seq=0
2024-02-19T18:55:32.840 INFO:teuthology.orchestra.run.smithi039.stdout:/usr/bin/ceph: stderr
2024-02-19T18:55:32.054+0000 7ffaaffff700 1 -- 172.21.15.39:0/2932719620 <== mon.0 v2:172.21.15.39:3300/0 6 ==== mon_command_ack([{"prefix": "get_command_descriptions"}]=0 v0) v1 ==== 72+0+180422 (secure 0 0 0) 0x7ffab8024d90 con 0x7ffac8106f00
2024-02-19T18:55:32.840 INFO:teuthology.orchestra.run.smithi039.stdout:/usr/bin/ceph: stderr
2024-02-19T18:55:32.263+0000 7ffacd73a700 1 -- 172.21.15.39:0/2932719620 --> [v2:172.21.15.39:6800/2039816448,v1:172.21.15.39:6801/2039816448] -- mgr_command(tid 0: {"prefix": "orch apply", "service_type": "alertmanager", "target": ["mon-mgr", ""]}) v1 -- 0x7ffac8101dc0 con 0x7ffab00382e0
2024-02-19T18:55:32.840 INFO:teuthology.orchestra.run.smithi039.stdout:/usr/bin/ceph: stderr
2024-02-19T18:55:32.267+0000 7ffaaffff700 1 -- 172.21.15.39:0/2932719620 <== mgr.14120 v2:172.21.15.39:6800/2039816448 1 ==== mgr_command_reply(tid 0: 0 ) v1 ==== 8+0+33 (secure 0 0 0) 0x7ffac8101dc0 con 0x7ffab00382e0
2024-02-19T18:55:32.840 INFO:teuthology.orchestra.run.smithi039.stdout:/usr/bin/ceph: stderr
2024-02-19T18:55:32.269+0000 7ffacd73a700 1 -- 172.21.15.39:0/2932719620 >> [v2:172.21.15.39:6800/2039816448,v1:172.21.15.39:6801/2039816448] conn(0x7ffab00382e0 msgr2=0x7ffab003a7a0 secure :-1 s=STATE_CONNECTION_ESTABLISHED l=1).mark_down
2024-02-19T18:55:32.840 INFO:teuthology.orchestra.run.smithi039.stdout:/usr/bin/ceph: stderr
2024-02-19T18:55:32.269+0000 7ffacd73a700 1 --2- 172.21.15.39:0/2932719620 >> [v2:172.21.15.39:6800/2039816448,v1:172.21.15.39:6801/2039816448] conn(0x7ffab00382e0 0x7ffab003a7a0 secure :-1 s=READY pgs=19 cs=0 l=1 rev1=1 crypto rx=0x7ffabc006fd0 tx=0x7ffabc006e40 comp rx=0 tx=0).stop
2024-02-19T18:55:32.840 INFO:teuthology.orchestra.run.smithi039.stdout:/usr/bin/ceph: stderr
2024-02-19T18:55:32.269+0000 7ffacd73a700 1 -- 172.21.15.39:0/2932719620 >> [v2:172.21.15.39:3300/0,v1:172.21.15.39:6789/0] conn(0x7ffac8106f00 msgr2=0x7ffac8106860 secure :-1 s=STATE_CONNECTION_ESTABLISHED l=1).mark_down
2024-02-19T18:55:32.840 INFO:teuthology.orchestra.run.smithi039.stdout:/usr/bin/ceph: stderr
2024-02-19T18:55:32.269+0000 7ffacd73a700 1 --2- 172.21.15.39:0/2932719620 >> [v2:172.21.15.39:3300/0,v1:172.21.15.39:6789/0] conn(0x7ffac8106f00 0x7ffac8106860 secure :-1 s=READY pgs=62 cs=0 l=1 rev1=1 crypto rx=0x7ffab8011670 tx=0x7ffab8011aa0 comp rx=0 tx=0).stop
2024-02-19T18:55:32.840 INFO:teuthology.orchestra.run.smithi039.stdout:/usr/bin/ceph: stderr
2024-02-19T18:55:32.269+0000 7ffacd73a700 1 -- 172.21.15.39:0/2932719620 shutdown_connections
2024-02-19T18:55:32.840 INFO:teuthology.orchestra.run.smithi039.stdout:/usr/bin/ceph: stderr
2024-02-19T18:55:32.269+0000 7ffacd73a700 1 --2- 172.21.15.39:0/2932719620 >> [v2:172.21.15.39:6800/2039816448,v1:172.21.15.39:6801/2039816448] conn(0x7ffab00382e0 0x7ffab003a7a0 unknown :-1 s=CLOSED pgs=19 cs=0 l=1 rev1=1 crypto rx=0 tx=0 comp rx=0 tx=0).stop
2024-02-19T18:55:32.840 INFO:teuthology.orchestra.run.smithi039.stdout:/usr/bin/ceph: stderr
2024-02-19T18:55:32.269+0000 7ffacd73a700 1 --2- 172.21.15.39:0/2932719620 >> [v2:172.21.15.39:3300/0,v1:172.21.15.39:6789/0] conn(0x7ffac8106f00 0x7ffac8106860 unknown :-1 s=CLOSED pgs=62 cs=0 l=1 rev1=1 crypto rx=0 tx=0 comp rx=0 tx=0).stop
2024-02-19T18:55:32.840 INFO:teuthology.orchestra.run.smithi039.stdout:/usr/bin/ceph: stderr
2024-02-19T18:55:32.269+0000 7ffacd73a700 1 -- 172.21.15.39:0/2932719620 >> 172.21.15.39:0/2932719620 conn(0x7ffac81008b0 msgr2=0x7ffac81016b0 unknown :-1 s=STATE_NONE l=0).mark_down
2024-02-19T18:55:32.840 INFO:teuthology.orchestra.run.smithi039.stdout:/usr/bin/ceph: stderr
2024-02-19T18:55:32.269+0000 7ffacd73a700 1 -- 172.21.15.39:0/2932719620 shutdown_connections
2024-02-19T18:55:32.840 INFO:teuthology.orchestra.run.smithi039.stdout:/usr/bin/ceph: stderr
2024-02-19T18:55:32.269+0000 7ffacd73a700 1 -- 172.21.15.39:0/2932719620 wait complete.
2024-02-19T18:55:33.435 INFO:journalctl@ceph.mon.smithi039.smithi039.stdout:Feb 19 18:55:33 smithi039 ceph-mon[28988]: from='client.14156 -' entity='client.admin' cmd=[{"prefix": "orch apply", "service_type": "alertmanager", "target": ["mon-mgr", ""]}]: dispatch
2024-02-19T18:55:33.435 INFO:journalctl@ceph.mon.smithi039.smithi039.stdout:Feb 19 18:55:33 smithi039 ceph-mon[28988]: Saving service alertmanager spec with placement count:1
2024-02-19T18:55:33.436 INFO:journalctl@ceph.mon.smithi039.smithi039.stdout:Feb 19 18:55:33 smithi039 ceph-mon[28988]: from='mgr.14120 172.21.15.39:0/3576023007' entity='mgr.smithi039.ydmpuh'
2024-02-19T18:55:33.436 INFO:journalctl@ceph.mon.smithi039.smithi039.stdout:Feb 19 18:55:33 smithi039 ceph-mon[28988]: pgmap v4: 0 pgs: ; 0 B data, 0 B used, 0 B / 0 B avail
2024-02-19T18:55:34.236 INFO:teuthology.orchestra.run.smithi039.stdout:/usr/bin/ceph: stderr
2024-02-19T18:55:33.210+0000 7f832c94c700 1 Processor -- start
2024-02-19T18:55:34.236 INFO:teuthology.orchestra.run.smithi039.stdout:/usr/bin/ceph: stderr
2024-02-19T18:55:33.211+0000 7f832c94c700 1 -- start start
2024-02-19T18:55:34.236 INFO:teuthology.orchestra.run.smithi039.stdout:/usr/bin/ceph: stderr
2024-02-19T18:55:33.211+0000 7f832c94c700 1 --2- >> [v2:172.21.15.39:3300/0,v1:172.21.15.39:6789/0] conn(0x7f83281068f0 0x7f8328106d10 unknown :-1 s=NONE pgs=0 cs=0 l=0 rev1=0 crypto rx=0 tx=0 comp rx=0 tx=0).connect
2024-02-19T18:55:34.236 INFO:teuthology.orchestra.run.smithi039.stdout:/usr/bin/ceph: stderr
2024-02-19T18:55:33.211+0000 7f832c94c700 1 -- --> [v2:172.21.15.39:3300/0,v1:172.21.15.39:6789/0] -- mon_getmap magic: 0 v1 -- 0x7f83281072e0 con 0x7f83281068f0
2024-02-19T18:55:34.236 INFO:teuthology.orchestra.run.smithi039.stdout:/usr/bin/ceph: stderr
2024-02-19T18:55:33.211+0000 7f832659c700 1 --2- >> [v2:172.21.15.39:3300/0,v1:172.21.15.39:6789/0] conn(0x7f83281068f0 0x7f8328106d10 unknown :-1 s=BANNER_CONNECTING pgs=0 cs=0 l=0 rev1=0 crypto rx=0 tx=0 comp rx=0 tx=0)._handle_peer_banner_payload supported=3 required=0
2024-02-19T18:55:34.236 INFO:teuthology.orchestra.run.smithi039.stdout:/usr/bin/ceph: stderr
2024-02-19T18:55:33.211+0000 7f832659c700 1 --2- >> [v2:172.21.15.39:3300/0,v1:172.21.15.39:6789/0] conn(0x7f83281068f0 0x7f8328106d10 unknown :-1 s=HELLO_CONNECTING pgs=0 cs=0 l=0 rev1=1 crypto rx=0 tx=0 comp rx=0 tx=0).handle_hello peer v2:172.21.15.39:3300/0 says I am v2:172.21.15.39:41984/0 (socket says 172.21.15.39:41984)
2024-02-19T18:55:34.237 INFO:teuthology.orchestra.run.smithi039.stdout:/usr/bin/ceph: stderr
2024-02-19T18:55:33.211+0000 7f832659c700 1 -- 172.21.15.39:0/2201549518 learned_addr learned my addr 172.21.15.39:0/2201549518 (peer_addr_for_me v2:172.21.15.39:0/0)
2024-02-19T18:55:34.237 INFO:teuthology.orchestra.run.smithi039.stdout:/usr/bin/ceph: stderr
2024-02-19T18:55:33.211+0000 7f832659c700 1 -- 172.21.15.39:0/2201549518 --> [v2:172.21.15.39:3300/0,v1:172.21.15.39:6789/0] -- mon_subscribe({config=0+,monmap=0+}) v3 -- 0x7f8328105550 con 0x7f83281068f0
2024-02-19T18:55:34.237 INFO:teuthology.orchestra.run.smithi039.stdout:/usr/bin/ceph: stderr
2024-02-19T18:55:33.211+0000 7f832659c700 1 --2- 172.21.15.39:0/2201549518 >> [v2:172.21.15.39:3300/0,v1:172.21.15.39:6789/0] conn(0x7f83281068f0 0x7f8328106d10 secure :-1 s=READY pgs=63 cs=0 l=1 rev1=1 crypto rx=0x7f83180098a0 tx=0x7f8318009bb0 comp rx=0 tx=0).ready entity=mon.0 client_cookie=43ad331e313a6cb0 server_cookie=0 in_seq=0 out_seq=0
2024-02-19T18:55:34.237 INFO:teuthology.orchestra.run.smithi039.stdout:/usr/bin/ceph: stderr
2024-02-19T18:55:33.212+0000 7f832559a700 1 -- 172.21.15.39:0/2201549518 <== mon.0 v2:172.21.15.39:3300/0 1 ==== mon_map magic: 0 v1 ==== 229+0+0 (secure 0 0 0) 0x7f8318004180 con 0x7f83281068f0
2024-02-19T18:55:34.237 INFO:teuthology.orchestra.run.smithi039.stdout:/usr/bin/ceph: stderr
2024-02-19T18:55:33.212+0000 7f832559a700 1 -- 172.21.15.39:0/2201549518 <== mon.0 v2:172.21.15.39:3300/0 2 ==== config(27 keys) v1 ==== 1101+0+0 (secure 0 0 0) 0x7f83180042e0 con 0x7f83281068f0
2024-02-19T18:55:34.237 INFO:teuthology.orchestra.run.smithi039.stdout:/usr/bin/ceph: stderr
2024-02-19T18:55:33.212+0000 7f832559a700 1 -- 172.21.15.39:0/2201549518 <== mon.0 v2:172.21.15.39:3300/0 3 ==== mon_map magic: 0 v1 ==== 229+0+0 (secure 0 0 0) 0x7f8318011af0 con 0x7f83281068f0
2024-02-19T18:55:34.237 INFO:teuthology.orchestra.run.smithi039.stdout:/usr/bin/ceph: stderr
2024-02-19T18:55:33.212+0000 7f832c94c700 1 -- 172.21.15.39:0/2201549518 >> [v2:172.21.15.39:3300/0,v1:172.21.15.39:6789/0] conn(0x7f83281068f0 msgr2=0x7f8328106d10 secure :-1 s=STATE_CONNECTION_ESTABLISHED l=1).mark_down
2024-02-19T18:55:34.237 INFO:teuthology.orchestra.run.smithi039.stdout:/usr/bin/ceph: stderr
2024-02-19T18:55:33.212+0000 7f832c94c700 1 --2- 172.21.15.39:0/2201549518 >> [v2:172.21.15.39:3300/0,v1:172.21.15.39:6789/0] conn(0x7f83281068f0 0x7f8328106d10 secure :-1 s=READY pgs=63 cs=0 l=1 rev1=1 crypto rx=0x7f83180098a0 tx=0x7f8318009bb0 comp rx=0 tx=0).stop
2024-02-19T18:55:34.237 INFO:teuthology.orchestra.run.smithi039.stdout:/usr/bin/ceph: stderr
2024-02-19T18:55:33.212+0000 7f832c94c700 1 -- 172.21.15.39:0/2201549518 shutdown_connections
2024-02-19T18:55:34.237 INFO:teuthology.orchestra.run.smithi039.stdout:/usr/bin/ceph: stderr
2024-02-19T18:55:33.212+0000 7f832c94c700 1 --2- 172.21.15.39:0/2201549518 >> [v2:172.21.15.39:3300/0,v1:172.21.15.39:6789/0] conn(0x7f83281068f0 0x7f8328106d10 unknown :-1 s=CLOSED pgs=63 cs=0 l=1 rev1=1 crypto rx=0 tx=0 comp rx=0 tx=0).stop
2024-02-19T18:55:34.237 INFO:teuthology.orchestra.run.smithi039.stdout:/usr/bin/ceph: stderr
2024-02-19T18:55:33.212+0000 7f832c94c700 1 -- 172.21.15.39:0/2201549518 >> 172.21.15.39:0/2201549518 conn(0x7f8328100040 msgr2=0x7f83281024a0 unknown :-1 s=STATE_NONE l=0).mark_down
2024-02-19T18:55:34.237 INFO:teuthology.orchestra.run.smithi039.stdout:/usr/bin/ceph: stderr
2024-02-19T18:55:33.212+0000 7f832c94c700 1 -- 172.21.15.39:0/2201549518 shutdown_connections
2024-02-19T18:55:34.237 INFO:teuthology.orchestra.run.smithi039.stdout:/usr/bin/ceph: stderr
2024-02-19T18:55:33.212+0000 7f832c94c700 1 -- 172.21.15.39:0/2201549518 wait complete.
2024-02-19T18:55:34.237 INFO:teuthology.orchestra.run.smithi039.stdout:/usr/bin/ceph: stderr
2024-02-19T18:55:33.213+0000 7f832c94c700 1 Processor -- start
2024-02-19T18:55:34.238 INFO:teuthology.orchestra.run.smithi039.stdout:/usr/bin/ceph: stderr
2024-02-19T18:55:33.213+0000 7f832c94c700 1 -- start start
2024-02-19T18:55:34.238 INFO:teuthology.orchestra.run.smithi039.stdout:/usr/bin/ceph: stderr
2024-02-19T18:55:33.213+0000 7f832c94c700 1 --2- >> [v2:172.21.15.39:3300/0,v1:172.21.15.39:6789/0] conn(0x7f83281068f0 0x7f832819a130 unknown :-1 s=NONE pgs=0 cs=0 l=1 rev1=0 crypto rx=0 tx=0 comp rx=0 tx=0).connect
2024-02-19T18:55:34.238 INFO:teuthology.orchestra.run.smithi039.stdout:/usr/bin/ceph: stderr
2024-02-19T18:55:33.213+0000 7f832c94c700 1 -- --> [v2:172.21.15.39:3300/0,v1:172.21.15.39:6789/0] -- mon_getmap magic: 0 v1 -- 0x7f832819a670 con 0x7f83281068f0
2024-02-19T18:55:34.238 INFO:teuthology.orchestra.run.smithi039.stdout:/usr/bin/ceph: stderr
2024-02-19T18:55:33.213+0000 7f832659c700 1 --2- >> [v2:172.21.15.39:3300/0,v1:172.21.15.39:6789/0] conn(0x7f83281068f0 0x7f832819a130 unknown :-1 s=BANNER_CONNECTING pgs=0 cs=0 l=1 rev1=0 crypto rx=0 tx=0 comp rx=0 tx=0)._handle_peer_banner_payload supported=3 required=0
2024-02-19T18:55:34.238 INFO:teuthology.orchestra.run.smithi039.stdout:/usr/bin/ceph: stderr
2024-02-19T18:55:33.213+0000 7f832659c700 1 --2- >> [v2:172.21.15.39:3300/0,v1:172.21.15.39:6789/0] conn(0x7f83281068f0 0x7f832819a130 unknown :-1 s=HELLO_CONNECTING pgs=0 cs=0 l=1 rev1=1 crypto rx=0 tx=0 comp rx=0 tx=0).handle_hello peer v2:172.21.15.39:3300/0 says I am v2:172.21.15.39:41998/0 (socket says 172.21.15.39:41998)
2024-02-19T18:55:34.238 INFO:teuthology.orchestra.run.smithi039.stdout:/usr/bin/ceph: stderr
2024-02-19T18:55:33.213+0000 7f832659c700 1 -- 172.21.15.39:0/1309737690 learned_addr learned my addr 172.21.15.39:0/1309737690 (peer_addr_for_me v2:172.21.15.39:0/0)
2024-02-19T18:55:34.238 INFO:teuthology.orchestra.run.smithi039.stdout:/usr/bin/ceph: stderr
2024-02-19T18:55:33.214+0000 7f832659c700 1 -- 172.21.15.39:0/1309737690 --> [v2:172.21.15.39:3300/0,v1:172.21.15.39:6789/0] -- mon_subscribe({config=0+,monmap=0+}) v3 -- 0x7f8318009550 con 0x7f83281068f0
2024-02-19T18:55:34.238 INFO:teuthology.orchestra.run.smithi039.stdout:/usr/bin/ceph: stderr
2024-02-19T18:55:33.214+0000 7f832659c700 1 --2- 172.21.15.39:0/1309737690 >> [v2:172.21.15.39:3300/0,v1:172.21.15.39:6789/0] conn(0x7f83281068f0 0x7f832819a130 secure :-1 s=READY pgs=64 cs=0 l=1 rev1=1 crypto rx=0x7f8318011670 tx=0x7f8318011b50 comp rx=0 tx=0).ready entity=mon.0 client_cookie=0 server_cookie=0 in_seq=0 out_seq=0
2024-02-19T18:55:34.238 INFO:teuthology.orchestra.run.smithi039.stdout:/usr/bin/ceph: stderr
2024-02-19T18:55:33.214+0000 7f831f7fe700 1 -- 172.21.15.39:0/1309737690 <== mon.0 v2:172.21.15.39:3300/0 1 ==== mon_map magic: 0 v1 ==== 229+0+0 (secure 0 0 0) 0x7f8318003a40 con 0x7f83281068f0
2024-02-19T18:55:34.238 INFO:teuthology.orchestra.run.smithi039.stdout:/usr/bin/ceph: stderr
2024-02-19T18:55:33.214+0000 7f831f7fe700 1 -- 172.21.15.39:0/1309737690 <== mon.0 v2:172.21.15.39:3300/0 2 ==== config(27 keys) v1 ==== 1101+0+0 (secure 0 0 0) 0x7f8318003ba0 con 0x7f83281068f0
2024-02-19T18:55:34.238 INFO:teuthology.orchestra.run.smithi039.stdout:/usr/bin/ceph: stderr
2024-02-19T18:55:33.214+0000 7f832c94c700 1 -- 172.21.15.39:0/1309737690 --> [v2:172.21.15.39:3300/0,v1:172.21.15.39:6789/0] -- mon_subscribe({mgrmap=0+}) v3 -- 0x7f832819a870 con 0x7f83281068f0
2024-02-19T18:55:34.238 INFO:teuthology.orchestra.run.smithi039.stdout:/usr/bin/ceph: stderr
2024-02-19T18:55:33.214+0000 7f831f7fe700 1 -- 172.21.15.39:0/1309737690 <== mon.0 v2:172.21.15.39:3300/0 3 ==== mon_map magic: 0 v1 ==== 229+0+0 (secure 0 0 0) 0x7f8318024790 con 0x7f83281068f0
2024-02-19T18:55:34.238 INFO:teuthology.orchestra.run.smithi039.stdout:/usr/bin/ceph: stderr
2024-02-19T18:55:33.214+0000 7f832c94c700 1 -- 172.21.15.39:0/1309737690 --> [v2:172.21.15.39:3300/0,v1:172.21.15.39:6789/0] -- mon_subscribe({osdmap=0}) v3 -- 0x7f832819ac50 con 0x7f83281068f0
2024-02-19T18:55:34.238 INFO:teuthology.orchestra.run.smithi039.stdout:/usr/bin/ceph: stderr
2024-02-19T18:55:33.215+0000 7f831f7fe700 1 -- 172.21.15.39:0/1309737690 <== mon.0 v2:172.21.15.39:3300/0 4 ==== mgrmap(e 8) v1 ==== 45283+0+0 (secure 0 0 0) 0x7f831802d3f0 con 0x7f83281068f0
2024-02-19T18:55:34.238 INFO:teuthology.orchestra.run.smithi039.stdout:/usr/bin/ceph: stderr
2024-02-19T18:55:33.215+0000 7f831f7fe700 1 --2- 172.21.15.39:0/1309737690 >> [v2:172.21.15.39:6800/2039816448,v1:172.21.15.39:6801/2039816448] conn(0x7f8314038320 0x7f831403a7e0 unknown :-1 s=NONE pgs=0 cs=0 l=1 rev1=0 crypto rx=0 tx=0 comp rx=0 tx=0).connect
2024-02-19T18:55:34.239 INFO:teuthology.orchestra.run.smithi039.stdout:/usr/bin/ceph: stderr
2024-02-19T18:55:33.215+0000 7f831f7fe700 1 -- 172.21.15.39:0/1309737690 <== mon.0 v2:172.21.15.39:3300/0 5 ==== osd_map(2..2 src has 1..2) v4 ==== 940+0+0 (secure 0 0 0) 0x7f831804c6b0 con 0x7f83281068f0
2024-02-19T18:55:34.239 INFO:teuthology.orchestra.run.smithi039.stdout:/usr/bin/ceph: stderr
2024-02-19T18:55:33.215+0000 7f832c94c700 1 -- 172.21.15.39:0/1309737690 --> [v2:172.21.15.39:3300/0,v1:172.21.15.39:6789/0] -- mon_command({"prefix": "get_command_descriptions"} v 0) v1 -- 0x7f83280623c0 con 0x7f83281068f0
2024-02-19T18:55:34.239 INFO:teuthology.orchestra.run.smithi039.stdout:/usr/bin/ceph: stderr
2024-02-19T18:55:33.215+0000 7f8325d9b700 1 --2- 172.21.15.39:0/1309737690 >> [v2:172.21.15.39:6800/2039816448,v1:172.21.15.39:6801/2039816448] conn(0x7f8314038320 0x7f831403a7e0 unknown :-1 s=BANNER_CONNECTING pgs=0 cs=0 l=1 rev1=0 crypto rx=0 tx=0 comp rx=0 tx=0)._handle_peer_banner_payload supported=3 required=0
2024-02-19T18:55:34.239 INFO:teuthology.orchestra.run.smithi039.stdout:/usr/bin/ceph: stderr
2024-02-19T18:55:33.215+0000 7f8325d9b700 1 --2- 172.21.15.39:0/1309737690 >> [v2:172.21.15.39:6800/2039816448,v1:172.21.15.39:6801/2039816448] conn(0x7f8314038320 0x7f831403a7e0 secure :-1 s=READY pgs=20 cs=0 l=1 rev1=1 crypto rx=0x7f8310006fd0 tx=0x7f8310006e40 comp rx=0 tx=0).ready entity=mgr.14120 client_cookie=0 server_cookie=0 in_seq=0 out_seq=0
2024-02-19T18:55:34.239 INFO:teuthology.orchestra.run.smithi039.stdout:/usr/bin/ceph: stderr
2024-02-19T18:55:33.220+0000 7f831f7fe700 1 -- 172.21.15.39:0/1309737690 <== mon.0 v2:172.21.15.39:3300/0 6 ==== mon_command_ack([{"prefix": "get_command_descriptions"}]=0 v0) v1 ==== 72+0+180422 (secure 0 0 0) 0x7f8318019460 con 0x7f83281068f0
2024-02-19T18:55:34.239 INFO:teuthology.orchestra.run.smithi039.stdout:/usr/bin/ceph: stderr
2024-02-19T18:55:33.418+0000 7f832c94c700 1 -- 172.21.15.39:0/1309737690 --> [v2:172.21.15.39:3300/0,v1:172.21.15.39:6789/0] -- mon_command([{prefix=config set, name=mgr/cephadm/container_init}] v 0) v1 -- 0x7f832818efb0 con 0x7f83281068f0
2024-02-19T18:55:34.239 INFO:teuthology.orchestra.run.smithi039.stdout:/usr/bin/ceph: stderr
2024-02-19T18:55:33.422+0000 7f831f7fe700 1 -- 172.21.15.39:0/1309737690 <== mon.0 v2:172.21.15.39:3300/0 7 ==== mon_command_ack([{prefix=config set, name=mgr/cephadm/container_init}]=0 v7)=0 v7) v1 ==== 142+0+0 (secure 0 0 0) 0x7f831800b3e0 con 0x7f83281068f0
2024-02-19T18:55:34.239 INFO:teuthology.orchestra.run.smithi039.stdout:/usr/bin/ceph: stderr
2024-02-19T18:55:33.424+0000 7f832c94c700 1 -- 172.21.15.39:0/1309737690 >> [v2:172.21.15.39:6800/2039816448,v1:172.21.15.39:6801/2039816448] conn(0x7f8314038320 msgr2=0x7f831403a7e0 secure :-1 s=STATE_CONNECTION_ESTABLISHED l=1).mark_down
2024-02-19T18:55:34.239 INFO:teuthology.orchestra.run.smithi039.stdout:/usr/bin/ceph: stderr
2024-02-19T18:55:33.424+0000 7f832c94c700 1 --2- 172.21.15.39:0/1309737690 >> [v2:172.21.15.39:6800/2039816448,v1:172.21.15.39:6801/2039816448] conn(0x7f8314038320 0x7f831403a7e0 secure :-1 s=READY pgs=20 cs=0 l=1 rev1=1 crypto rx=0x7f8310006fd0 tx=0x7f8310006e40 comp rx=0 tx=0).stop
2024-02-19T18:55:34.239 INFO:teuthology.orchestra.run.smithi039.stdout:/usr/bin/ceph: stderr
2024-02-19T18:55:33.424+0000 7f832c94c700 1 -- 172.21.15.39:0/1309737690 >> [v2:172.21.15.39:3300/0,v1:172.21.15.39:6789/0] conn(0x7f83281068f0 msgr2=0x7f832819a130 secure :-1 s=STATE_CONNECTION_ESTABLISHED l=1).mark_down
2024-02-19T18:55:34.239 INFO:teuthology.orchestra.run.smithi039.stdout:/usr/bin/ceph: stderr
2024-02-19T18:55:33.424+0000 7f832c94c700 1 --2- 172.21.15.39:0/1309737690 >> [v2:172.21.15.39:3300/0,v1:172.21.15.39:6789/0] conn(0x7f83281068f0 0x7f832819a130 secure :-1 s=READY pgs=64 cs=0 l=1 rev1=1 crypto rx=0x7f8318011670 tx=0x7f8318011b50 comp rx=0 tx=0).stop
2024-02-19T18:55:34.239 INFO:teuthology.orchestra.run.smithi039.stdout:/usr/bin/ceph: stderr
2024-02-19T18:55:33.424+0000 7f832c94c700 1 -- 172.21.15.39:0/1309737690 shutdown_connections
2024-02-19T18:55:34.239 INFO:teuthology.orchestra.run.smithi039.stdout:/usr/bin/ceph: stderr
2024-02-19T18:55:33.424+0000 7f832c94c700 1 --2- 172.21.15.39:0/1309737690 >> [v2:172.21.15.39:6800/2039816448,v1:172.21.15.39:6801/2039816448] conn(0x7f8314038320 0x7f831403a7e0 unknown :-1 s=CLOSED pgs=20 cs=0 l=1 rev1=1 crypto rx=0 tx=0 comp rx=0 tx=0).stop
2024-02-19T18:55:34.239 INFO:teuthology.orchestra.run.smithi039.stdout:/usr/bin/ceph: stderr
2024-02-19T18:55:33.424+0000 7f832c94c700 1 --2- 172.21.15.39:0/1309737690 >> [v2:172.21.15.39:3300/0,v1:172.21.15.39:6789/0] conn(0x7f83281068f0 0x7f832819a130 unknown :-1 s=CLOSED pgs=64 cs=0 l=1 rev1=1 crypto rx=0 tx=0 comp rx=0 tx=0).stop
2024-02-19T18:55:34.240 INFO:teuthology.orchestra.run.smithi039.stdout:/usr/bin/ceph: stderr
2024-02-19T18:55:33.424+0000 7f832c94c700 1 -- 172.21.15.39:0/1309737690 >> 172.21.15.39:0/1309737690 conn(0x7f8328100040 msgr2=0x7f8328104cf0 unknown :-1 s=STATE_NONE l=0).mark_down
2024-02-19T18:55:34.240 INFO:teuthology.orchestra.run.smithi039.stdout:/usr/bin/ceph: stderr
2024-02-19T18:55:33.424+0000 7f832c94c700 1 -- 172.21.15.39:0/1309737690 shutdown_connections
2024-02-19T18:55:34.240 INFO:teuthology.orchestra.run.smithi039.stdout:/usr/bin/ceph: stderr
2024-02-19T18:55:33.424+0000 7f832c94c700 1 -- 172.21.15.39:0/1309737690 wait complete.
2024-02-19T18:55:34.493 INFO:journalctl@ceph.mon.smithi039.smithi039.stdout:Feb 19 18:55:34 smithi039 ceph-mon[28988]: from='client.? 172.21.15.39:0/1309737690' entity='client.admin'
2024-02-19T18:55:35.368 INFO:teuthology.orchestra.run.smithi039.stdout:/usr/bin/ceph: stderr
2024-02-19T18:55:34.633+0000 7f7320bcb700 1 Processor -- start
2024-02-19T18:55:35.368 INFO:teuthology.orchestra.run.smithi039.stdout:/usr/bin/ceph: stderr
2024-02-19T18:55:34.633+0000 7f7320bcb700 1 -- start start
2024-02-19T18:55:35.368 INFO:teuthology.orchestra.run.smithi039.stdout:/usr/bin/ceph: stderr
2024-02-19T18:55:34.633+0000 7f7320bcb700 1 --2- >> [v2:172.21.15.39:3300/0,v1:172.21.15.39:6789/0] conn(0x7f731c106420 0x7f731c106840 unknown :-1 s=NONE pgs=0 cs=0 l=0 rev1=0 crypto rx=0 tx=0 comp rx=0 tx=0).connect
2024-02-19T18:55:35.368 INFO:teuthology.orchestra.run.smithi039.stdout:/usr/bin/ceph: stderr
2024-02-19T18:55:34.633+0000 7f7320bcb700 1 -- --> [v2:172.21.15.39:3300/0,v1:172.21.15.39:6789/0] -- mon_getmap magic: 0 v1 -- 0x7f731c106e10 con 0x7f731c106420
2024-02-19T18:55:35.368 INFO:teuthology.orchestra.run.smithi039.stdout:/usr/bin/ceph: stderr
2024-02-19T18:55:34.633+0000 7f731a59c700 1 --2- >> [v2:172.21.15.39:3300/0,v1:172.21.15.39:6789/0] conn(0x7f731c106420 0x7f731c106840 unknown :-1 s=BANNER_CONNECTING pgs=0 cs=0 l=0 rev1=0 crypto rx=0 tx=0 comp rx=0 tx=0)._handle_peer_banner_payload supported=3 required=0
2024-02-19T18:55:35.368 INFO:teuthology.orchestra.run.smithi039.stdout:/usr/bin/ceph: stderr
2024-02-19T18:55:34.633+0000 7f731a59c700 1 --2- >> [v2:172.21.15.39:3300/0,v1:172.21.15.39:6789/0] conn(0x7f731c106420 0x7f731c106840 unknown :-1 s=HELLO_CONNECTING pgs=0 cs=0 l=0 rev1=1 crypto rx=0 tx=0 comp rx=0 tx=0).handle_hello peer v2:172.21.15.39:3300/0 says I am v2:172.21.15.39:42000/0 (socket says 172.21.15.39:42000)
2024-02-19T18:55:35.368 INFO:teuthology.orchestra.run.smithi039.stdout:/usr/bin/ceph: stderr
2024-02-19T18:55:34.633+0000 7f731a59c700 1 -- 172.21.15.39:0/126219316 learned_addr learned my addr 172.21.15.39:0/126219316 (peer_addr_for_me v2:172.21.15.39:0/0)
2024-02-19T18:55:35.368 INFO:teuthology.orchestra.run.smithi039.stdout:/usr/bin/ceph: stderr
2024-02-19T18:55:34.633+0000 7f731a59c700 1 -- 172.21.15.39:0/126219316 --> [v2:172.21.15.39:3300/0,v1:172.21.15.39:6789/0] -- mon_subscribe({config=0+,monmap=0+}) v3 -- 0x7f731c107620 con 0x7f731c106420
2024-02-19T18:55:35.368 INFO:teuthology.orchestra.run.smithi039.stdout:/usr/bin/ceph: stderr
2024-02-19T18:55:34.634+0000 7f731a59c700 1 --2- 172.21.15.39:0/126219316 >> [v2:172.21.15.39:3300/0,v1:172.21.15.39:6789/0] conn(0x7f731c106420 0x7f731c106840 secure :-1 s=READY pgs=65 cs=0 l=1 rev1=1 crypto rx=0x7f730c0098a0 tx=0x7f730c009bb0 comp rx=0 tx=0).ready entity=mon.0 client_cookie=10b369f123134572 server_cookie=0 in_seq=0 out_seq=0
2024-02-19T18:55:35.368 INFO:teuthology.orchestra.run.smithi039.stdout:/usr/bin/ceph: stderr
2024-02-19T18:55:34.634+0000 7f731959a700 1 -- 172.21.15.39:0/126219316 <== mon.0 v2:172.21.15.39:3300/0 1 ==== mon_map magic: 0 v1 ==== 229+0+0 (secure 0 0 0) 0x7f730c004180 con 0x7f731c106420
2024-02-19T18:55:35.368 INFO:teuthology.orchestra.run.smithi039.stdout:/usr/bin/ceph: stderr
2024-02-19T18:55:34.634+0000 7f731959a700 1 -- 172.21.15.39:0/126219316 <== mon.0 v2:172.21.15.39:3300/0 2 ==== config(27 keys) v1 ==== 1101+0+0 (secure 0 0 0) 0x7f730c0042e0 con 0x7f731c106420
2024-02-19T18:55:35.369 INFO:teuthology.orchestra.run.smithi039.stdout:/usr/bin/ceph: stderr
2024-02-19T18:55:34.634+0000 7f731959a700 1 -- 172.21.15.39:0/126219316 <== mon.0 v2:172.21.15.39:3300/0 3 ==== mon_map magic: 0 v1 ==== 229+0+0 (secure 0 0 0) 0x7f730c011af0 con 0x7f731c106420
2024-02-19T18:55:35.369 INFO:teuthology.orchestra.run.smithi039.stdout:/usr/bin/ceph: stderr
2024-02-19T18:55:34.634+0000 7f7320bcb700 1 -- 172.21.15.39:0/126219316 >> [v2:172.21.15.39:3300/0,v1:172.21.15.39:6789/0] conn(0x7f731c106420 msgr2=0x7f731c106840 secure :-1 s=STATE_CONNECTION_ESTABLISHED l=1).mark_down
2024-02-19T18:55:35.369 INFO:teuthology.orchestra.run.smithi039.stdout:/usr/bin/ceph: stderr
2024-02-19T18:55:34.634+0000 7f7320bcb700 1 --2- 172.21.15.39:0/126219316 >> [v2:172.21.15.39:3300/0,v1:172.21.15.39:6789/0] conn(0x7f731c106420 0x7f731c106840 secure :-1 s=READY pgs=65 cs=0 l=1 rev1=1 crypto rx=0x7f730c0098a0 tx=0x7f730c009bb0 comp rx=0 tx=0).stop
2024-02-19T18:55:35.369 INFO:teuthology.orchestra.run.smithi039.stdout:/usr/bin/ceph: stderr
2024-02-19T18:55:34.635+0000 7f7320bcb700 1 -- 172.21.15.39:0/126219316 shutdown_connections
2024-02-19T18:55:35.369 INFO:teuthology.orchestra.run.smithi039.stdout:/usr/bin/ceph: stderr
2024-02-19T18:55:34.635+0000 7f7320bcb700 1 --2- 172.21.15.39:0/126219316 >> [v2:172.21.15.39:3300/0,v1:172.21.15.39:6789/0] conn(0x7f731c106420 0x7f731c106840 unknown :-1 s=CLOSED pgs=65 cs=0 l=1 rev1=1 crypto rx=0 tx=0 comp rx=0 tx=0).stop
2024-02-19T18:55:35.369 INFO:teuthology.orchestra.run.smithi039.stdout:/usr/bin/ceph: stderr
2024-02-19T18:55:34.635+0000 7f7320bcb700 1 -- 172.21.15.39:0/126219316 >> 172.21.15.39:0/126219316 conn(0x7f731c101a00 msgr2=0x7f731c103e20 unknown :-1 s=STATE_NONE l=0).mark_down
2024-02-19T18:55:35.369 INFO:teuthology.orchestra.run.smithi039.stdout:/usr/bin/ceph: stderr
2024-02-19T18:55:34.635+0000 7f7320bcb700 1 -- 172.21.15.39:0/126219316 shutdown_connections
2024-02-19T18:55:35.369 INFO:teuthology.orchestra.run.smithi039.stdout:/usr/bin/ceph: stderr
2024-02-19T18:55:34.635+0000 7f7320bcb700 1 -- 172.21.15.39:0/126219316 wait complete.
2024-02-19T18:55:35.369 INFO:teuthology.orchestra.run.smithi039.stdout:/usr/bin/ceph: stderr
2024-02-19T18:55:34.635+0000 7f7320bcb700 1 Processor -- start
2024-02-19T18:55:35.369 INFO:teuthology.orchestra.run.smithi039.stdout:/usr/bin/ceph: stderr
2024-02-19T18:55:34.635+0000 7f7320bcb700 1 -- start start
2024-02-19T18:55:35.369 INFO:teuthology.orchestra.run.smithi039.stdout:/usr/bin/ceph: stderr
2024-02-19T18:55:34.636+0000 7f7320bcb700 1 --2- >> [v2:172.21.15.39:3300/0,v1:172.21.15.39:6789/0] conn(0x7f731c106420 0x7f731c19a0e0 unknown :-1 s=NONE pgs=0 cs=0 l=1 rev1=0 crypto rx=0 tx=0 comp rx=0 tx=0).connect
2024-02-19T18:55:35.369 INFO:teuthology.orchestra.run.smithi039.stdout:/usr/bin/ceph: stderr
2024-02-19T18:55:34.636+0000 7f7320bcb700 1 -- --> [v2:172.21.15.39:3300/0,v1:172.21.15.39:6789/0] -- mon_getmap magic: 0 v1 -- 0x7f731c19a620 con 0x7f731c106420
2024-02-19T18:55:35.369 INFO:teuthology.orchestra.run.smithi039.stdout:/usr/bin/ceph: stderr
