2024-02-19T18:56:49.640+0000 7fe241ffb700 1 -- 172.21.15.55:0/4187570383 <== mon.0 v2:172.21.15.55:3300/0 2 ==== config(27 keys) v1 ==== 1042+0+0 (secure 0 0 0) 0x7fe2340042e0 con 0x7fe244104bc0
2024-02-19T18:56:50.496 INFO:teuthology.orchestra.run.smithi055.stdout:/usr/bin/ceph: stderr
2024-02-19T18:56:49.640+0000 7fe241ffb700 1 -- 172.21.15.55:0/4187570383 <== mon.0 v2:172.21.15.55:3300/0 3 ==== mon_map magic: 0 v1 ==== 229+0+0 (secure 0 0 0) 0x7fe234011a70 con 0x7fe244104bc0
2024-02-19T18:56:50.496 INFO:teuthology.orchestra.run.smithi055.stdout:/usr/bin/ceph: stderr
2024-02-19T18:56:49.641+0000 7fe2493e2700 1 -- 172.21.15.55:0/4187570383 >> [v2:172.21.15.55:3300/0,v1:172.21.15.55:6789/0] conn(0x7fe244104bc0 msgr2=0x7fe244104fe0 secure :-1 s=STATE_CONNECTION_ESTABLISHED l=1).mark_down
2024-02-19T18:56:50.496 INFO:teuthology.orchestra.run.smithi055.stdout:/usr/bin/ceph: stderr
2024-02-19T18:56:49.641+0000 7fe2493e2700 1 --2- 172.21.15.55:0/4187570383 >> [v2:172.21.15.55:3300/0,v1:172.21.15.55:6789/0] conn(0x7fe244104bc0 0x7fe244104fe0 secure :-1 s=READY pgs=47 cs=0 l=1 rev1=1 crypto rx=0x7fe2340098a0 tx=0x7fe234009bb0 comp rx=0 tx=0).stop
2024-02-19T18:56:50.497 INFO:teuthology.orchestra.run.smithi055.stdout:/usr/bin/ceph: stderr
2024-02-19T18:56:49.641+0000 7fe2493e2700 1 -- 172.21.15.55:0/4187570383 shutdown_connections
2024-02-19T18:56:50.497 INFO:teuthology.orchestra.run.smithi055.stdout:/usr/bin/ceph: stderr
2024-02-19T18:56:49.641+0000 7fe2493e2700 1 --2- 172.21.15.55:0/4187570383 >> [v2:172.21.15.55:3300/0,v1:172.21.15.55:6789/0] conn(0x7fe244104bc0 0x7fe244104fe0 unknown :-1 s=CLOSED pgs=47 cs=0 l=1 rev1=1 crypto rx=0 tx=0 comp rx=0 tx=0).stop
2024-02-19T18:56:50.497 INFO:teuthology.orchestra.run.smithi055.stdout:/usr/bin/ceph: stderr
2024-02-19T18:56:49.641+0000 7fe2493e2700 1 -- 172.21.15.55:0/4187570383 >> 172.21.15.55:0/4187570383 conn(0x7fe244100820 msgr2=0x7fe244102c40 unknown :-1 s=STATE_NONE l=0).mark_down
2024-02-19T18:56:50.497 INFO:teuthology.orchestra.run.smithi055.stdout:/usr/bin/ceph: stderr
2024-02-19T18:56:49.641+0000 7fe2493e2700 1 -- 172.21.15.55:0/4187570383 shutdown_connections
2024-02-19T18:56:50.497 INFO:teuthology.orchestra.run.smithi055.stdout:/usr/bin/ceph: stderr
2024-02-19T18:56:49.641+0000 7fe2493e2700 1 -- 172.21.15.55:0/4187570383 wait complete.
2024-02-19T18:56:50.497 INFO:teuthology.orchestra.run.smithi055.stdout:/usr/bin/ceph: stderr
2024-02-19T18:56:49.642+0000 7fe2493e2700 1 Processor -- start
2024-02-19T18:56:50.497 INFO:teuthology.orchestra.run.smithi055.stdout:/usr/bin/ceph: stderr
2024-02-19T18:56:49.642+0000 7fe2493e2700 1 -- start start
2024-02-19T18:56:50.497 INFO:teuthology.orchestra.run.smithi055.stdout:/usr/bin/ceph: stderr
2024-02-19T18:56:49.642+0000 7fe2493e2700 1 --2- >> [v2:172.21.15.55:3300/0,v1:172.21.15.55:6789/0] conn(0x7fe244104bc0 0x7fe24419c200 unknown :-1 s=NONE pgs=0 cs=0 l=1 rev1=0 crypto rx=0 tx=0 comp rx=0 tx=0).connect
2024-02-19T18:56:50.497 INFO:teuthology.orchestra.run.smithi055.stdout:/usr/bin/ceph: stderr
2024-02-19T18:56:49.642+0000 7fe2493e2700 1 -- --> [v2:172.21.15.55:3300/0,v1:172.21.15.55:6789/0] -- mon_getmap magic: 0 v1 -- 0x7fe24419c740 con 0x7fe244104bc0
2024-02-19T18:56:50.497 INFO:teuthology.orchestra.run.smithi055.stdout:/usr/bin/ceph: stderr
2024-02-19T18:56:49.642+0000 7fe242ffd700 1 --2- >> [v2:172.21.15.55:3300/0,v1:172.21.15.55:6789/0] conn(0x7fe244104bc0 0x7fe24419c200 unknown :-1 s=BANNER_CONNECTING pgs=0 cs=0 l=1 rev1=0 crypto rx=0 tx=0 comp rx=0 tx=0)._handle_peer_banner_payload supported=3 required=0
2024-02-19T18:56:50.497 INFO:teuthology.orchestra.run.smithi055.stdout:/usr/bin/ceph: stderr
2024-02-19T18:56:49.642+0000 7fe242ffd700 1 --2- >> [v2:172.21.15.55:3300/0,v1:172.21.15.55:6789/0] conn(0x7fe244104bc0 0x7fe24419c200 unknown :-1 s=HELLO_CONNECTING pgs=0 cs=0 l=1 rev1=1 crypto rx=0 tx=0 comp rx=0 tx=0).handle_hello peer v2:172.21.15.55:3300/0 says I am v2:172.21.15.55:49748/0 (socket says 172.21.15.55:49748)
2024-02-19T18:56:50.497 INFO:teuthology.orchestra.run.smithi055.stdout:/usr/bin/ceph: stderr
2024-02-19T18:56:49.642+0000 7fe242ffd700 1 -- 172.21.15.55:0/2486338304 learned_addr learned my addr 172.21.15.55:0/2486338304 (peer_addr_for_me v2:172.21.15.55:0/0)
2024-02-19T18:56:50.497 INFO:teuthology.orchestra.run.smithi055.stdout:/usr/bin/ceph: stderr
2024-02-19T18:56:49.642+0000 7fe242ffd700 1 -- 172.21.15.55:0/2486338304 --> [v2:172.21.15.55:3300/0,v1:172.21.15.55:6789/0] -- mon_subscribe({config=0+,monmap=0+}) v3 -- 0x7fe234009550 con 0x7fe244104bc0
2024-02-19T18:56:50.498 INFO:teuthology.orchestra.run.smithi055.stdout:/usr/bin/ceph: stderr
2024-02-19T18:56:49.643+0000 7fe242ffd700 1 --2- 172.21.15.55:0/2486338304 >> [v2:172.21.15.55:3300/0,v1:172.21.15.55:6789/0] conn(0x7fe244104bc0 0x7fe24419c200 secure :-1 s=READY pgs=48 cs=0 l=1 rev1=1 crypto rx=0x7fe234011a20 tx=0x7fe2340047c0 comp rx=0 tx=0).ready entity=mon.0 client_cookie=0 server_cookie=0 in_seq=0 out_seq=0
2024-02-19T18:56:50.498 INFO:teuthology.orchestra.run.smithi055.stdout:/usr/bin/ceph: stderr
2024-02-19T18:56:49.643+0000 7fe22bfff700 1 -- 172.21.15.55:0/2486338304 <== mon.0 v2:172.21.15.55:3300/0 1 ==== mon_map magic: 0 v1 ==== 229+0+0 (secure 0 0 0) 0x7fe234003b10 con 0x7fe244104bc0
2024-02-19T18:56:50.498 INFO:teuthology.orchestra.run.smithi055.stdout:/usr/bin/ceph: stderr
2024-02-19T18:56:49.643+0000 7fe22bfff700 1 -- 172.21.15.55:0/2486338304 <== mon.0 v2:172.21.15.55:3300/0 2 ==== config(27 keys) v1 ==== 1042+0+0 (secure 0 0 0) 0x7fe23401b8c0 con 0x7fe244104bc0
2024-02-19T18:56:50.498 INFO:teuthology.orchestra.run.smithi055.stdout:/usr/bin/ceph: stderr
2024-02-19T18:56:49.643+0000 7fe2493e2700 1 -- 172.21.15.55:0/2486338304 --> [v2:172.21.15.55:3300/0,v1:172.21.15.55:6789/0] -- mon_subscribe({mgrmap=0+}) v3 -- 0x7fe24419c940 con 0x7fe244104bc0
2024-02-19T18:56:50.498 INFO:teuthology.orchestra.run.smithi055.stdout:/usr/bin/ceph: stderr
2024-02-19T18:56:49.643+0000 7fe2493e2700 1 -- 172.21.15.55:0/2486338304 --> [v2:172.21.15.55:3300/0,v1:172.21.15.55:6789/0] -- mon_subscribe({osdmap=0}) v3 -- 0x7fe24419cde0 con 0x7fe244104bc0
2024-02-19T18:56:50.498 INFO:teuthology.orchestra.run.smithi055.stdout:/usr/bin/ceph: stderr
2024-02-19T18:56:49.643+0000 7fe22bfff700 1 -- 172.21.15.55:0/2486338304 <== mon.0 v2:172.21.15.55:3300/0 3 ==== mon_map magic: 0 v1 ==== 229+0+0 (secure 0 0 0) 0x7fe2340237b0 con 0x7fe244104bc0
2024-02-19T18:56:50.498 INFO:teuthology.orchestra.run.smithi055.stdout:/usr/bin/ceph: stderr
2024-02-19T18:56:49.644+0000 7fe22bfff700 1 -- 172.21.15.55:0/2486338304 <== mon.0 v2:172.21.15.55:3300/0 4 ==== mgrmap(e 8) v1 ==== 45552+0+0 (secure 0 0 0) 0x7fe234023a30 con 0x7fe244104bc0
2024-02-19T18:56:50.498 INFO:teuthology.orchestra.run.smithi055.stdout:/usr/bin/ceph: stderr
2024-02-19T18:56:49.644+0000 7fe22bfff700 1 --2- 172.21.15.55:0/2486338304 >> [v2:172.21.15.55:6800/2246005421,v1:172.21.15.55:6801/2246005421] conn(0x7fe22c0386e0 0x7fe22c03aba0 unknown :-1 s=NONE pgs=0 cs=0 l=1 rev1=0 crypto rx=0 tx=0 comp rx=0 tx=0).connect
2024-02-19T18:56:50.498 INFO:teuthology.orchestra.run.smithi055.stdout:/usr/bin/ceph: stderr
2024-02-19T18:56:49.644+0000 7fe2493e2700 1 -- 172.21.15.55:0/2486338304 --> [v2:172.21.15.55:3300/0,v1:172.21.15.55:6789/0] -- mon_command({"prefix": "get_command_descriptions"} v 0) v1 -- 0x7fe244195ee0 con 0x7fe244104bc0
2024-02-19T18:56:50.498 INFO:teuthology.orchestra.run.smithi055.stdout:/usr/bin/ceph: stderr
2024-02-19T18:56:49.644+0000 7fe22bfff700 1 -- 172.21.15.55:0/2486338304 <== mon.0 v2:172.21.15.55:3300/0 5 ==== osd_map(2..2 src has 1..2) v4 ==== 940+0+0 (secure 0 0 0) 0x7fe23404ca40 con 0x7fe244104bc0
2024-02-19T18:56:50.498 INFO:teuthology.orchestra.run.smithi055.stdout:/usr/bin/ceph: stderr
2024-02-19T18:56:49.644+0000 7fe2427fc700 1 --2- 172.21.15.55:0/2486338304 >> [v2:172.21.15.55:6800/2246005421,v1:172.21.15.55:6801/2246005421] conn(0x7fe22c0386e0 0x7fe22c03aba0 unknown :-1 s=BANNER_CONNECTING pgs=0 cs=0 l=1 rev1=0 crypto rx=0 tx=0 comp rx=0 tx=0)._handle_peer_banner_payload supported=3 required=0
2024-02-19T18:56:50.498 INFO:teuthology.orchestra.run.smithi055.stdout:/usr/bin/ceph: stderr
2024-02-19T18:56:49.644+0000 7fe2427fc700 1 --2- 172.21.15.55:0/2486338304 >> [v2:172.21.15.55:6800/2246005421,v1:172.21.15.55:6801/2246005421] conn(0x7fe22c0386e0 0x7fe22c03aba0 secure :-1 s=READY pgs=12 cs=0 l=1 rev1=1 crypto rx=0x7fe238006fd0 tx=0x7fe238006e40 comp rx=0 tx=0).ready entity=mgr.14120 client_cookie=0 server_cookie=0 in_seq=0 out_seq=0
2024-02-19T18:56:50.498 INFO:teuthology.orchestra.run.smithi055.stdout:/usr/bin/ceph: stderr
2024-02-19T18:56:49.653+0000 7fe22bfff700 1 -- 172.21.15.55:0/2486338304 <== mon.0 v2:172.21.15.55:3300/0 6 ==== mon_command_ack([{"prefix": "get_command_descriptions"}]=0 v0) v1 ==== 72+0+182595 (secure 0 0 0) 0x7fe234023ce0 con 0x7fe244104bc0
2024-02-19T18:56:50.498 INFO:teuthology.orchestra.run.smithi055.stdout:/usr/bin/ceph: stderr
2024-02-19T18:56:49.872+0000 7fe2493e2700 1 -- 172.21.15.55:0/2486338304 --> [v2:172.21.15.55:6800/2246005421,v1:172.21.15.55:6801/2246005421] -- mgr_command(tid 0: {"prefix": "orch apply", "service_type": "mon", "target": ["mon-mgr", ""]}) v1 -- 0x7fe2440611b0 con 0x7fe22c0386e0
2024-02-19T18:56:50.499 INFO:teuthology.orchestra.run.smithi055.stdout:/usr/bin/ceph: stderr
2024-02-19T18:56:49.877+0000 7fe22bfff700 1 -- 172.21.15.55:0/2486338304 <== mgr.14120 v2:172.21.15.55:6800/2246005421 1 ==== mgr_command_reply(tid 0: 0 ) v1 ==== 8+0+24 (secure 0 0 0) 0x7fe2440611b0 con 0x7fe22c0386e0
2024-02-19T18:56:50.499 INFO:teuthology.orchestra.run.smithi055.stdout:/usr/bin/ceph: stderr
2024-02-19T18:56:49.879+0000 7fe2493e2700 1 -- 172.21.15.55:0/2486338304 >> [v2:172.21.15.55:6800/2246005421,v1:172.21.15.55:6801/2246005421] conn(0x7fe22c0386e0 msgr2=0x7fe22c03aba0 secure :-1 s=STATE_CONNECTION_ESTABLISHED l=1).mark_down
2024-02-19T18:56:50.499 INFO:teuthology.orchestra.run.smithi055.stdout:/usr/bin/ceph: stderr
2024-02-19T18:56:49.879+0000 7fe2493e2700 1 --2- 172.21.15.55:0/2486338304 >> [v2:172.21.15.55:6800/2246005421,v1:172.21.15.55:6801/2246005421] conn(0x7fe22c0386e0 0x7fe22c03aba0 secure :-1 s=READY pgs=12 cs=0 l=1 rev1=1 crypto rx=0x7fe238006fd0 tx=0x7fe238006e40 comp rx=0 tx=0).stop
2024-02-19T18:56:50.499 INFO:teuthology.orchestra.run.smithi055.stdout:/usr/bin/ceph: stderr
2024-02-19T18:56:49.879+0000 7fe2493e2700 1 -- 172.21.15.55:0/2486338304 >> [v2:172.21.15.55:3300/0,v1:172.21.15.55:6789/0] conn(0x7fe244104bc0 msgr2=0x7fe24419c200 secure :-1 s=STATE_CONNECTION_ESTABLISHED l=1).mark_down
2024-02-19T18:56:50.499 INFO:teuthology.orchestra.run.smithi055.stdout:/usr/bin/ceph: stderr
2024-02-19T18:56:49.879+0000 7fe2493e2700 1 --2- 172.21.15.55:0/2486338304 >> [v2:172.21.15.55:3300/0,v1:172.21.15.55:6789/0] conn(0x7fe244104bc0 0x7fe24419c200 secure :-1 s=READY pgs=48 cs=0 l=1 rev1=1 crypto rx=0x7fe234011a20 tx=0x7fe2340047c0 comp rx=0 tx=0).stop
2024-02-19T18:56:50.499 INFO:teuthology.orchestra.run.smithi055.stdout:/usr/bin/ceph: stderr
2024-02-19T18:56:49.879+0000 7fe2493e2700 1 -- 172.21.15.55:0/2486338304 shutdown_connections
2024-02-19T18:56:50.499 INFO:teuthology.orchestra.run.smithi055.stdout:/usr/bin/ceph: stderr
2024-02-19T18:56:49.879+0000 7fe2493e2700 1 --2- 172.21.15.55:0/2486338304 >> [v2:172.21.15.55:6800/2246005421,v1:172.21.15.55:6801/2246005421] conn(0x7fe22c0386e0 0x7fe22c03aba0 unknown :-1 s=CLOSED pgs=12 cs=0 l=1 rev1=1 crypto rx=0 tx=0 comp rx=0 tx=0).stop
2024-02-19T18:56:50.499 INFO:teuthology.orchestra.run.smithi055.stdout:/usr/bin/ceph: stderr
2024-02-19T18:56:49.879+0000 7fe2493e2700 1 --2- 172.21.15.55:0/2486338304 >> [v2:172.21.15.55:3300/0,v1:172.21.15.55:6789/0] conn(0x7fe244104bc0 0x7fe24419c200 unknown :-1 s=CLOSED pgs=48 cs=0 l=1 rev1=1 crypto rx=0 tx=0 comp rx=0 tx=0).stop
2024-02-19T18:56:50.499 INFO:teuthology.orchestra.run.smithi055.stdout:/usr/bin/ceph: stderr
2024-02-19T18:56:49.879+0000 7fe2493e2700 1 -- 172.21.15.55:0/2486338304 >> 172.21.15.55:0/2486338304 conn(0x7fe244100820 msgr2=0x7fe244193020 unknown :-1 s=STATE_NONE l=0).mark_down
2024-02-19T18:56:50.499 INFO:teuthology.orchestra.run.smithi055.stdout:/usr/bin/ceph: stderr
2024-02-19T18:56:49.879+0000 7fe2493e2700 1 -- 172.21.15.55:0/2486338304 shutdown_connections
2024-02-19T18:56:50.499 INFO:teuthology.orchestra.run.smithi055.stdout:/usr/bin/ceph: stderr
2024-02-19T18:56:49.879+0000 7fe2493e2700 1 -- 172.21.15.55:0/2486338304 wait complete.
2024-02-19T18:56:50.499 INFO:teuthology.orchestra.run.smithi055.stdout:Deploying mgr service with default placement...
2024-02-19T18:56:51.152 INFO:journalctl@ceph.mon.smithi055.smithi055.stdout:Feb 19 18:56:50 smithi055 ceph-mon[29151]: from='client.14142 -' entity='client.admin' cmd=[{"prefix": "orch apply", "service_type": "mon", "target": ["mon-mgr", ""]}]: dispatch
2024-02-19T18:56:51.153 INFO:journalctl@ceph.mon.smithi055.smithi055.stdout:Feb 19 18:56:50 smithi055 ceph-mon[29151]: Saving service mon spec with placement count:5
2024-02-19T18:56:51.153 INFO:journalctl@ceph.mon.smithi055.smithi055.stdout:Feb 19 18:56:50 smithi055 ceph-mon[29151]: from='mgr.14120 172.21.15.55:0/3424517124' entity='mgr.smithi055.vmfiqo'
2024-02-19T18:56:52.382 INFO:journalctl@ceph.mon.smithi055.smithi055.stdout:Feb 19 18:56:52 smithi055 ceph-mon[29151]: from='mgr.14120 172.21.15.55:0/3424517124' entity='mgr.smithi055.vmfiqo'
2024-02-19T18:56:52.382 INFO:journalctl@ceph.mon.smithi055.smithi055.stdout:Feb 19 18:56:52 smithi055 ceph-mon[29151]: from='mgr.14120 172.21.15.55:0/3424517124' entity='mgr.smithi055.vmfiqo'
2024-02-19T18:56:52.382 INFO:journalctl@ceph.mon.smithi055.smithi055.stdout:Feb 19 18:56:52 smithi055 ceph-mon[29151]: from='mgr.14120 172.21.15.55:0/3424517124' entity='mgr.smithi055.vmfiqo'
2024-02-19T18:56:52.390 INFO:teuthology.orchestra.run.smithi055.stdout:/usr/bin/ceph: stdout Scheduled mgr update...
2024-02-19T18:56:52.390 INFO:teuthology.orchestra.run.smithi055.stdout:/usr/bin/ceph: stderr
2024-02-19T18:56:51.560+0000 7f41d86b7700 1 Processor -- start
2024-02-19T18:56:52.390 INFO:teuthology.orchestra.run.smithi055.stdout:/usr/bin/ceph: stderr
2024-02-19T18:56:51.560+0000 7f41d86b7700 1 -- start start
2024-02-19T18:56:52.390 INFO:teuthology.orchestra.run.smithi055.stdout:/usr/bin/ceph: stderr
2024-02-19T18:56:51.560+0000 7f41d86b7700 1 --2- >> [v2:172.21.15.55:3300/0,v1:172.21.15.55:6789/0] conn(0x7f41d0106d80 0x7f41d0109170 unknown :-1 s=NONE pgs=0 cs=0 l=0 rev1=0 crypto rx=0 tx=0 comp rx=0 tx=0).connect
2024-02-19T18:56:52.390 INFO:teuthology.orchestra.run.smithi055.stdout:/usr/bin/ceph: stderr
2024-02-19T18:56:51.560+0000 7f41d86b7700 1 -- --> [v2:172.21.15.55:3300/0,v1:172.21.15.55:6789/0] -- mon_getmap magic: 0 v1 -- 0x7f41d0079eb0 con 0x7f41d0106d80
2024-02-19T18:56:52.390 INFO:teuthology.orchestra.run.smithi055.stdout:/usr/bin/ceph: stderr
2024-02-19T18:56:51.560+0000 7f41d6453700 1 --2- >> [v2:172.21.15.55:3300/0,v1:172.21.15.55:6789/0] conn(0x7f41d0106d80 0x7f41d0109170 unknown :-1 s=BANNER_CONNECTING pgs=0 cs=0 l=0 rev1=0 crypto rx=0 tx=0 comp rx=0 tx=0)._handle_peer_banner_payload supported=3 required=0
2024-02-19T18:56:52.390 INFO:teuthology.orchestra.run.smithi055.stdout:/usr/bin/ceph: stderr
2024-02-19T18:56:51.560+0000 7f41d6453700 1 --2- >> [v2:172.21.15.55:3300/0,v1:172.21.15.55:6789/0] conn(0x7f41d0106d80 0x7f41d0109170 unknown :-1 s=HELLO_CONNECTING pgs=0 cs=0 l=0 rev1=1 crypto rx=0 tx=0 comp rx=0 tx=0).handle_hello peer v2:172.21.15.55:3300/0 says I am v2:172.21.15.55:42140/0 (socket says 172.21.15.55:42140)
2024-02-19T18:56:52.391 INFO:teuthology.orchestra.run.smithi055.stdout:/usr/bin/ceph: stderr
2024-02-19T18:56:51.560+0000 7f41d6453700 1 -- 172.21.15.55:0/612446921 learned_addr learned my addr 172.21.15.55:0/612446921 (peer_addr_for_me v2:172.21.15.55:0/0)
2024-02-19T18:56:52.391 INFO:teuthology.orchestra.run.smithi055.stdout:/usr/bin/ceph: stderr
2024-02-19T18:56:51.561+0000 7f41d6453700 1 -- 172.21.15.55:0/612446921 --> [v2:172.21.15.55:3300/0,v1:172.21.15.55:6789/0] -- mon_subscribe({config=0+,monmap=0+}) v3 -- 0x7f41d01096b0 con 0x7f41d0106d80
2024-02-19T18:56:52.391 INFO:teuthology.orchestra.run.smithi055.stdout:/usr/bin/ceph: stderr
2024-02-19T18:56:51.561+0000 7f41d6453700 1 --2- 172.21.15.55:0/612446921 >> [v2:172.21.15.55:3300/0,v1:172.21.15.55:6789/0] conn(0x7f41d0106d80 0x7f41d0109170 secure :-1 s=READY pgs=49 cs=0 l=1 rev1=1 crypto rx=0x7f41cc0098a0 tx=0x7f41cc009bb0 comp rx=0 tx=0).ready entity=mon.0 client_cookie=daad7f51fe513480 server_cookie=0 in_seq=0 out_seq=0
2024-02-19T18:56:52.391 INFO:teuthology.orchestra.run.smithi055.stdout:/usr/bin/ceph: stderr
2024-02-19T18:56:51.561+0000 7f41d5451700 1 -- 172.21.15.55:0/612446921 <== mon.0 v2:172.21.15.55:3300/0 1 ==== mon_map magic: 0 v1 ==== 229+0+0 (secure 0 0 0) 0x7f41cc004180 con 0x7f41d0106d80
2024-02-19T18:56:52.391 INFO:teuthology.orchestra.run.smithi055.stdout:/usr/bin/ceph: stderr
2024-02-19T18:56:51.561+0000 7f41d5451700 1 -- 172.21.15.55:0/612446921 <== mon.0 v2:172.21.15.55:3300/0 2 ==== config(27 keys) v1 ==== 1109+0+0 (secure 0 0 0) 0x7f41cc0042e0 con 0x7f41d0106d80
2024-02-19T18:56:52.391 INFO:teuthology.orchestra.run.smithi055.stdout:/usr/bin/ceph: stderr
2024-02-19T18:56:51.561+0000 7f41d5451700 1 -- 172.21.15.55:0/612446921 <== mon.0 v2:172.21.15.55:3300/0 3 ==== mon_map magic: 0 v1 ==== 229+0+0 (secure 0 0 0) 0x7f41cc011b10 con 0x7f41d0106d80
2024-02-19T18:56:52.391 INFO:teuthology.orchestra.run.smithi055.stdout:/usr/bin/ceph: stderr
2024-02-19T18:56:51.561+0000 7f41d86b7700 1 -- 172.21.15.55:0/612446921 >> [v2:172.21.15.55:3300/0,v1:172.21.15.55:6789/0] conn(0x7f41d0106d80 msgr2=0x7f41d0109170 secure :-1 s=STATE_CONNECTION_ESTABLISHED l=1).mark_down
2024-02-19T18:56:52.391 INFO:teuthology.orchestra.run.smithi055.stdout:/usr/bin/ceph: stderr
2024-02-19T18:56:51.561+0000 7f41d86b7700 1 --2- 172.21.15.55:0/612446921 >> [v2:172.21.15.55:3300/0,v1:172.21.15.55:6789/0] conn(0x7f41d0106d80 0x7f41d0109170 secure :-1 s=READY pgs=49 cs=0 l=1 rev1=1 crypto rx=0x7f41cc0098a0 tx=0x7f41cc009bb0 comp rx=0 tx=0).stop
2024-02-19T18:56:52.391 INFO:teuthology.orchestra.run.smithi055.stdout:/usr/bin/ceph: stderr
2024-02-19T18:56:51.561+0000 7f41d86b7700 1 -- 172.21.15.55:0/612446921 shutdown_connections
2024-02-19T18:56:52.391 INFO:teuthology.orchestra.run.smithi055.stdout:/usr/bin/ceph: stderr
2024-02-19T18:56:51.561+0000 7f41d86b7700 1 --2- 172.21.15.55:0/612446921 >> [v2:172.21.15.55:3300/0,v1:172.21.15.55:6789/0] conn(0x7f41d0106d80 0x7f41d0109170 unknown :-1 s=CLOSED pgs=49 cs=0 l=1 rev1=1 crypto rx=0 tx=0 comp rx=0 tx=0).stop
2024-02-19T18:56:52.391 INFO:teuthology.orchestra.run.smithi055.stdout:/usr/bin/ceph: stderr
2024-02-19T18:56:51.561+0000 7f41d86b7700 1 -- 172.21.15.55:0/612446921 >> 172.21.15.55:0/612446921 conn(0x7f41d0100790 msgr2=0x7f41d0102bf0 unknown :-1 s=STATE_NONE l=0).mark_down
2024-02-19T18:56:52.391 INFO:teuthology.orchestra.run.smithi055.stdout:/usr/bin/ceph: stderr
2024-02-19T18:56:51.562+0000 7f41d86b7700 1 -- 172.21.15.55:0/612446921 shutdown_connections
2024-02-19T18:56:52.391 INFO:teuthology.orchestra.run.smithi055.stdout:/usr/bin/ceph: stderr
2024-02-19T18:56:51.562+0000 7f41d86b7700 1 -- 172.21.15.55:0/612446921 wait complete.
2024-02-19T18:56:52.391 INFO:teuthology.orchestra.run.smithi055.stdout:/usr/bin/ceph: stderr
2024-02-19T18:56:51.562+0000 7f41d86b7700 1 Processor -- start
2024-02-19T18:56:52.391 INFO:teuthology.orchestra.run.smithi055.stdout:/usr/bin/ceph: stderr
2024-02-19T18:56:51.562+0000 7f41d86b7700 1 -- start start
2024-02-19T18:56:52.392 INFO:teuthology.orchestra.run.smithi055.stdout:/usr/bin/ceph: stderr
2024-02-19T18:56:51.562+0000 7f41d86b7700 1 --2- >> [v2:172.21.15.55:3300/0,v1:172.21.15.55:6789/0] conn(0x7f41d0106d80 0x7f41d01065b0 unknown :-1 s=NONE pgs=0 cs=0 l=1 rev1=0 crypto rx=0 tx=0 comp rx=0 tx=0).connect
2024-02-19T18:56:52.392 INFO:teuthology.orchestra.run.smithi055.stdout:/usr/bin/ceph: stderr
2024-02-19T18:56:51.562+0000 7f41d86b7700 1 -- --> [v2:172.21.15.55:3300/0,v1:172.21.15.55:6789/0] -- mon_getmap magic: 0 v1 -- 0x7f41d0106af0 con 0x7f41d0106d80
2024-02-19T18:56:52.392 INFO:teuthology.orchestra.run.smithi055.stdout:/usr/bin/ceph: stderr
2024-02-19T18:56:51.562+0000 7f41d6453700 1 --2- >> [v2:172.21.15.55:3300/0,v1:172.21.15.55:6789/0] conn(0x7f41d0106d80 0x7f41d01065b0 unknown :-1 s=BANNER_CONNECTING pgs=0 cs=0 l=1 rev1=0 crypto rx=0 tx=0 comp rx=0 tx=0)._handle_peer_banner_payload supported=3 required=0
2024-02-19T18:56:52.392 INFO:teuthology.orchestra.run.smithi055.stdout:/usr/bin/ceph: stderr
2024-02-19T18:56:51.562+0000 7f41d6453700 1 --2- >> [v2:172.21.15.55:3300/0,v1:172.21.15.55:6789/0] conn(0x7f41d0106d80 0x7f41d01065b0 unknown :-1 s=HELLO_CONNECTING pgs=0 cs=0 l=1 rev1=1 crypto rx=0 tx=0 comp rx=0 tx=0).handle_hello peer v2:172.21.15.55:3300/0 says I am v2:172.21.15.55:42150/0 (socket says 172.21.15.55:42150)
2024-02-19T18:56:52.392 INFO:teuthology.orchestra.run.smithi055.stdout:/usr/bin/ceph: stderr
2024-02-19T18:56:51.562+0000 7f41d6453700 1 -- 172.21.15.55:0/674214817 learned_addr learned my addr 172.21.15.55:0/674214817 (peer_addr_for_me v2:172.21.15.55:0/0)
2024-02-19T18:56:52.392 INFO:teuthology.orchestra.run.smithi055.stdout:/usr/bin/ceph: stderr
2024-02-19T18:56:51.563+0000 7f41d6453700 1 -- 172.21.15.55:0/674214817 --> [v2:172.21.15.55:3300/0,v1:172.21.15.55:6789/0] -- mon_subscribe({config=0+,monmap=0+}) v3 -- 0x7f41cc009550 con 0x7f41d0106d80
2024-02-19T18:56:52.392 INFO:teuthology.orchestra.run.smithi055.stdout:/usr/bin/ceph: stderr
2024-02-19T18:56:51.563+0000 7f41d6453700 1 --2- 172.21.15.55:0/674214817 >> [v2:172.21.15.55:3300/0,v1:172.21.15.55:6789/0] conn(0x7f41d0106d80 0x7f41d01065b0 secure :-1 s=READY pgs=50 cs=0 l=1 rev1=1 crypto rx=0x7f41cc0117b0 tx=0x7f41cc011890 comp rx=0 tx=0).ready entity=mon.0 client_cookie=0 server_cookie=0 in_seq=0 out_seq=0
2024-02-19T18:56:52.392 INFO:teuthology.orchestra.run.smithi055.stdout:/usr/bin/ceph: stderr
2024-02-19T18:56:51.563+0000 7f41c77fe700 1 -- 172.21.15.55:0/674214817 <== mon.0 v2:172.21.15.55:3300/0 1 ==== mon_map magic: 0 v1 ==== 229+0+0 (secure 0 0 0) 0x7f41cc0038b0 con 0x7f41d0106d80
2024-02-19T18:56:52.392 INFO:teuthology.orchestra.run.smithi055.stdout:/usr/bin/ceph: stderr
2024-02-19T18:56:51.563+0000 7f41c77fe700 1 -- 172.21.15.55:0/674214817 <== mon.0 v2:172.21.15.55:3300/0 2 ==== config(27 keys) v1 ==== 1109+0+0 (secure 0 0 0) 0x7f41cc003a10 con 0x7f41d0106d80
2024-02-19T18:56:52.392 INFO:teuthology.orchestra.run.smithi055.stdout:/usr/bin/ceph: stderr
2024-02-19T18:56:51.563+0000 7f41d86b7700 1 -- 172.21.15.55:0/674214817 --> [v2:172.21.15.55:3300/0,v1:172.21.15.55:6789/0] -- mon_subscribe({mgrmap=0+}) v3 -- 0x7f41d0104d30 con 0x7f41d0106d80
2024-02-19T18:56:52.392 INFO:teuthology.orchestra.run.smithi055.stdout:/usr/bin/ceph: stderr
2024-02-19T18:56:51.563+0000 7f41c77fe700 1 -- 172.21.15.55:0/674214817 <== mon.0 v2:172.21.15.55:3300/0 3 ==== mon_map magic: 0 v1 ==== 229+0+0 (secure 0 0 0) 0x7f41cc024780 con 0x7f41d0106d80
2024-02-19T18:56:52.392 INFO:teuthology.orchestra.run.smithi055.stdout:/usr/bin/ceph: stderr
2024-02-19T18:56:51.563+0000 7f41d86b7700 1 -- 172.21.15.55:0/674214817 --> [v2:172.21.15.55:3300/0,v1:172.21.15.55:6789/0] -- mon_subscribe({osdmap=0}) v3 -- 0x7f41d01051d0 con 0x7f41d0106d80
2024-02-19T18:56:52.392 INFO:teuthology.orchestra.run.smithi055.stdout:/usr/bin/ceph: stderr
2024-02-19T18:56:51.564+0000 7f41c77fe700 1 -- 172.21.15.55:0/674214817 <== mon.0 v2:172.21.15.55:3300/0 4 ==== mgrmap(e 8) v1 ==== 45552+0+0 (secure 0 0 0) 0x7f41cc0248e0 con 0x7f41d0106d80
2024-02-19T18:56:52.393 INFO:teuthology.orchestra.run.smithi055.stdout:/usr/bin/ceph: stderr
2024-02-19T18:56:51.564+0000 7f41d86b7700 1 -- 172.21.15.55:0/674214817 --> [v2:172.21.15.55:3300/0,v1:172.21.15.55:6789/0] -- mon_command({"prefix": "get_command_descriptions"} v 0) v1 -- 0x7f41d010a4a0 con 0x7f41d0106d80
2024-02-19T18:56:52.393 INFO:teuthology.orchestra.run.smithi055.stdout:/usr/bin/ceph: stderr
2024-02-19T18:56:51.564+0000 7f41c77fe700 1 --2- 172.21.15.55:0/674214817 >> [v2:172.21.15.55:6800/2246005421,v1:172.21.15.55:6801/2246005421] conn(0x7f41bc038770 0x7f41bc03ac30 unknown :-1 s=NONE pgs=0 cs=0 l=1 rev1=0 crypto rx=0 tx=0 comp rx=0 tx=0).connect
2024-02-19T18:56:52.393 INFO:teuthology.orchestra.run.smithi055.stdout:/usr/bin/ceph: stderr
2024-02-19T18:56:51.564+0000 7f41c77fe700 1 -- 172.21.15.55:0/674214817 <== mon.0 v2:172.21.15.55:3300/0 5 ==== osd_map(2..2 src has 1..2) v4 ==== 940+0+0 (secure 0 0 0) 0x7f41cc04c750 con 0x7f41d0106d80
2024-02-19T18:56:52.393 INFO:teuthology.orchestra.run.smithi055.stdout:/usr/bin/ceph: stderr
2024-02-19T18:56:51.564+0000 7f41d5c52700 1 --2- 172.21.15.55:0/674214817 >> [v2:172.21.15.55:6800/2246005421,v1:172.21.15.55:6801/2246005421] conn(0x7f41bc038770 0x7f41bc03ac30 unknown :-1 s=BANNER_CONNECTING pgs=0 cs=0 l=1 rev1=0 crypto rx=0 tx=0 comp rx=0 tx=0)._handle_peer_banner_payload supported=3 required=0
2024-02-19T18:56:52.393 INFO:teuthology.orchestra.run.smithi055.stdout:/usr/bin/ceph: stderr
2024-02-19T18:56:51.565+0000 7f41d5c52700 1 --2- 172.21.15.55:0/674214817 >> [v2:172.21.15.55:6800/2246005421,v1:172.21.15.55:6801/2246005421] conn(0x7f41bc038770 0x7f41bc03ac30 secure :-1 s=READY pgs=13 cs=0 l=1 rev1=1 crypto rx=0x7f41c0006fd0 tx=0x7f41c0006e40 comp rx=0 tx=0).ready entity=mgr.14120 client_cookie=0 server_cookie=0 in_seq=0 out_seq=0
2024-02-19T18:56:52.393 INFO:teuthology.orchestra.run.smithi055.stdout:/usr/bin/ceph: stderr
2024-02-19T18:56:51.569+0000 7f41c77fe700 1 -- 172.21.15.55:0/674214817 <== mon.0 v2:172.21.15.55:3300/0 6 ==== mon_command_ack([{"prefix": "get_command_descriptions"}]=0 v0) v1 ==== 72+0+182595 (secure 0 0 0) 0x7f41cc024b90 con 0x7f41d0106d80
2024-02-19T18:56:52.393 INFO:teuthology.orchestra.run.smithi055.stdout:/usr/bin/ceph: stderr
2024-02-19T18:56:51.786+0000 7f41d86b7700 1 -- 172.21.15.55:0/674214817 --> [v2:172.21.15.55:6800/2246005421,v1:172.21.15.55:6801/2246005421] -- mgr_command(tid 0: {"prefix": "orch apply", "service_type": "mgr", "target": ["mon-mgr", ""]}) v1 -- 0x7f41d0101a30 con 0x7f41bc038770
2024-02-19T18:56:52.393 INFO:teuthology.orchestra.run.smithi055.stdout:/usr/bin/ceph: stderr
2024-02-19T18:56:51.791+0000 7f41c77fe700 1 -- 172.21.15.55:0/674214817 <== mgr.14120 v2:172.21.15.55:6800/2246005421 1 ==== mgr_command_reply(tid 0: 0 ) v1 ==== 8+0+24 (secure 0 0 0) 0x7f41d0101a30 con 0x7f41bc038770
2024-02-19T18:56:52.393 INFO:teuthology.orchestra.run.smithi055.stdout:/usr/bin/ceph: stderr
2024-02-19T18:56:51.794+0000 7f41d86b7700 1 -- 172.21.15.55:0/674214817 >> [v2:172.21.15.55:6800/2246005421,v1:172.21.15.55:6801/2246005421] conn(0x7f41bc038770 msgr2=0x7f41bc03ac30 secure :-1 s=STATE_CONNECTION_ESTABLISHED l=1).mark_down
2024-02-19T18:56:52.393 INFO:teuthology.orchestra.run.smithi055.stdout:/usr/bin/ceph: stderr
2024-02-19T18:56:51.794+0000 7f41d86b7700 1 --2- 172.21.15.55:0/674214817 >> [v2:172.21.15.55:6800/2246005421,v1:172.21.15.55:6801/2246005421] conn(0x7f41bc038770 0x7f41bc03ac30 secure :-1 s=READY pgs=13 cs=0 l=1 rev1=1 crypto rx=0x7f41c0006fd0 tx=0x7f41c0006e40 comp rx=0 tx=0).stop
2024-02-19T18:56:52.393 INFO:teuthology.orchestra.run.smithi055.stdout:/usr/bin/ceph: stderr
2024-02-19T18:56:51.794+0000 7f41d86b7700 1 -- 172.21.15.55:0/674214817 >> [v2:172.21.15.55:3300/0,v1:172.21.15.55:6789/0] conn(0x7f41d0106d80 msgr2=0x7f41d01065b0 secure :-1 s=STATE_CONNECTION_ESTABLISHED l=1).mark_down
2024-02-19T18:56:52.393 INFO:teuthology.orchestra.run.smithi055.stdout:/usr/bin/ceph: stderr
2024-02-19T18:56:51.794+0000 7f41d86b7700 1 --2- 172.21.15.55:0/674214817 >> [v2:172.21.15.55:3300/0,v1:172.21.15.55:6789/0] conn(0x7f41d0106d80 0x7f41d01065b0 secure :-1 s=READY pgs=50 cs=0 l=1 rev1=1 crypto rx=0x7f41cc0117b0 tx=0x7f41cc011890 comp rx=0 tx=0).stop
2024-02-19T18:56:52.393 INFO:teuthology.orchestra.run.smithi055.stdout:/usr/bin/ceph: stderr
2024-02-19T18:56:51.794+0000 7f41d86b7700 1 -- 172.21.15.55:0/674214817 shutdown_connections
2024-02-19T18:56:52.393 INFO:teuthology.orchestra.run.smithi055.stdout:/usr/bin/ceph: stderr
2024-02-19T18:56:51.794+0000 7f41d86b7700 1 --2- 172.21.15.55:0/674214817 >> [v2:172.21.15.55:6800/2246005421,v1:172.21.15.55:6801/2246005421] conn(0x7f41bc038770 0x7f41bc03ac30 unknown :-1 s=CLOSED pgs=13 cs=0 l=1 rev1=1 crypto rx=0 tx=0 comp rx=0 tx=0).stop
2024-02-19T18:56:52.393 INFO:teuthology.orchestra.run.smithi055.stdout:/usr/bin/ceph: stderr
2024-02-19T18:56:51.794+0000 7f41d86b7700 1 --2- 172.21.15.55:0/674214817 >> [v2:172.21.15.55:3300/0,v1:172.21.15.55:6789/0] conn(0x7f41d0106d80 0x7f41d01065b0 unknown :-1 s=CLOSED pgs=50 cs=0 l=1 rev1=1 crypto rx=0 tx=0 comp rx=0 tx=0).stop
2024-02-19T18:56:52.394 INFO:teuthology.orchestra.run.smithi055.stdout:/usr/bin/ceph: stderr
2024-02-19T18:56:51.794+0000 7f41d86b7700 1 -- 172.21.15.55:0/674214817 >> 172.21.15.55:0/674214817 conn(0x7f41d0100790 msgr2=0x7f41d0101320 unknown :-1 s=STATE_NONE l=0).mark_down
2024-02-19T18:56:52.394 INFO:teuthology.orchestra.run.smithi055.stdout:/usr/bin/ceph: stderr
2024-02-19T18:56:51.794+0000 7f41d86b7700 1 -- 172.21.15.55:0/674214817 shutdown_connections
2024-02-19T18:56:52.394 INFO:teuthology.orchestra.run.smithi055.stdout:/usr/bin/ceph: stderr
2024-02-19T18:56:51.794+0000 7f41d86b7700 1 -- 172.21.15.55:0/674214817 wait complete.
2024-02-19T18:56:52.394 INFO:teuthology.orchestra.run.smithi055.stdout:Deploying crash service with default placement...
2024-02-19T18:56:53.348 INFO:journalctl@ceph.mon.smithi055.smithi055.stdout:Feb 19 18:56:53 smithi055 ceph-mon[29151]: from='client.14144 -' entity='client.admin' cmd=[{"prefix": "orch apply", "service_type": "mgr", "target": ["mon-mgr", ""]}]: dispatch
2024-02-19T18:56:53.349 INFO:journalctl@ceph.mon.smithi055.smithi055.stdout:Feb 19 18:56:53 smithi055 ceph-mon[29151]: Saving service mgr spec with placement count:2
2024-02-19T18:56:53.349 INFO:journalctl@ceph.mon.smithi055.smithi055.stdout:Feb 19 18:56:53 smithi055 ceph-mon[29151]: from='mgr.14120 172.21.15.55:0/3424517124' entity='mgr.smithi055.vmfiqo'
2024-02-19T18:56:53.623 INFO:teuthology.orchestra.run.smithi055.stdout:/usr/bin/ceph: stdout Scheduled crash update...
2024-02-19T18:56:53.624 INFO:teuthology.orchestra.run.smithi055.stdout:/usr/bin/ceph: stderr
2024-02-19T18:56:52.795+0000 7f5f265df700 1 Processor -- start
2024-02-19T18:56:53.624 INFO:teuthology.orchestra.run.smithi055.stdout:/usr/bin/ceph: stderr
2024-02-19T18:56:52.795+0000 7f5f265df700 1 -- start start
2024-02-19T18:56:53.624 INFO:teuthology.orchestra.run.smithi055.stdout:/usr/bin/ceph: stderr
2024-02-19T18:56:52.795+0000 7f5f265df700 1 --2- >> [v2:172.21.15.55:3300/0,v1:172.21.15.55:6789/0] conn(0x7f5f20105240 0x7f5f20105660 unknown :-1 s=NONE pgs=0 cs=0 l=0 rev1=0 crypto rx=0 tx=0 comp rx=0 tx=0).connect
2024-02-19T18:56:53.624 INFO:teuthology.orchestra.run.smithi055.stdout:/usr/bin/ceph: stderr
2024-02-19T18:56:52.795+0000 7f5f265df700 1 -- --> [v2:172.21.15.55:3300/0,v1:172.21.15.55:6789/0] -- mon_getmap magic: 0 v1 -- 0x7f5f20105c30 con 0x7f5f20105240
2024-02-19T18:56:53.624 INFO:teuthology.orchestra.run.smithi055.stdout:/usr/bin/ceph: stderr
2024-02-19T18:56:52.795+0000 7f5f1ffff700 1 --2- >> [v2:172.21.15.55:3300/0,v1:172.21.15.55:6789/0] conn(0x7f5f20105240 0x7f5f20105660 unknown :-1 s=BANNER_CONNECTING pgs=0 cs=0 l=0 rev1=0 crypto rx=0 tx=0 comp rx=0 tx=0)._handle_peer_banner_payload supported=3 required=0
2024-02-19T18:56:53.624 INFO:teuthology.orchestra.run.smithi055.stdout:/usr/bin/ceph: stderr
2024-02-19T18:56:52.795+0000 7f5f1ffff700 1 --2- >> [v2:172.21.15.55:3300/0,v1:172.21.15.55:6789/0] conn(0x7f5f20105240 0x7f5f20105660 unknown :-1 s=HELLO_CONNECTING pgs=0 cs=0 l=0 rev1=1 crypto rx=0 tx=0 comp rx=0 tx=0).handle_hello peer v2:172.21.15.55:3300/0 says I am v2:172.21.15.55:42158/0 (socket says 172.21.15.55:42158)
2024-02-19T18:56:53.624 INFO:teuthology.orchestra.run.smithi055.stdout:/usr/bin/ceph: stderr
2024-02-19T18:56:52.795+0000 7f5f1ffff700 1 -- 172.21.15.55:0/3358206990 learned_addr learned my addr 172.21.15.55:0/3358206990 (peer_addr_for_me v2:172.21.15.55:0/0)
2024-02-19T18:56:53.624 INFO:teuthology.orchestra.run.smithi055.stdout:/usr/bin/ceph: stderr
2024-02-19T18:56:52.795+0000 7f5f1ffff700 1 -- 172.21.15.55:0/3358206990 --> [v2:172.21.15.55:3300/0,v1:172.21.15.55:6789/0] -- mon_subscribe({config=0+,monmap=0+}) v3 -- 0x7f5f20106440 con 0x7f5f20105240
2024-02-19T18:56:53.624 INFO:teuthology.orchestra.run.smithi055.stdout:/usr/bin/ceph: stderr
2024-02-19T18:56:52.796+0000 7f5f1ffff700 1 --2- 172.21.15.55:0/3358206990 >> [v2:172.21.15.55:3300/0,v1:172.21.15.55:6789/0] conn(0x7f5f20105240 0x7f5f20105660 secure :-1 s=READY pgs=51 cs=0 l=1 rev1=1 crypto rx=0x7f5f1000bb40 tx=0x7f5f1000be50 comp rx=0 tx=0).ready entity=mon.0 client_cookie=7789142132eeb90b server_cookie=0 in_seq=0 out_seq=0
2024-02-19T18:56:53.624 INFO:teuthology.orchestra.run.smithi055.stdout:/usr/bin/ceph: stderr
2024-02-19T18:56:52.796+0000 7f5f1effd700 1 -- 172.21.15.55:0/3358206990 <== mon.0 v2:172.21.15.55:3300/0 1 ==== mon_map magic: 0 v1 ==== 229+0+0 (secure 0 0 0) 0x7f5f1000dc00 con 0x7f5f20105240
2024-02-19T18:56:53.624 INFO:teuthology.orchestra.run.smithi055.stdout:/usr/bin/ceph: stderr
2024-02-19T18:56:52.796+0000 7f5f1effd700 1 -- 172.21.15.55:0/3358206990 <== mon.0 v2:172.21.15.55:3300/0 2 ==== config(27 keys) v1 ==== 1109+0+0 (secure 0 0 0) 0x7f5f100044f0 con 0x7f5f20105240
2024-02-19T18:56:53.624 INFO:teuthology.orchestra.run.smithi055.stdout:/usr/bin/ceph: stderr
2024-02-19T18:56:52.796+0000 7f5f1effd700 1 -- 172.21.15.55:0/3358206990 <== mon.0 v2:172.21.15.55:3300/0 3 ==== mon_map magic: 0 v1 ==== 229+0+0 (secure 0 0 0) 0x7f5f10010470 con 0x7f5f20105240
2024-02-19T18:56:53.624 INFO:teuthology.orchestra.run.smithi055.stdout:/usr/bin/ceph: stderr
2024-02-19T18:56:52.796+0000 7f5f265df700 1 -- 172.21.15.55:0/3358206990 >> [v2:172.21.15.55:3300/0,v1:172.21.15.55:6789/0] conn(0x7f5f20105240 msgr2=0x7f5f20105660 secure :-1 s=STATE_CONNECTION_ESTABLISHED l=1).mark_down
2024-02-19T18:56:53.625 INFO:teuthology.orchestra.run.smithi055.stdout:/usr/bin/ceph: stderr
2024-02-19T18:56:52.796+0000 7f5f265df700 1 --2- 172.21.15.55:0/3358206990 >> [v2:172.21.15.55:3300/0,v1:172.21.15.55:6789/0] conn(0x7f5f20105240 0x7f5f20105660 secure :-1 s=READY pgs=51 cs=0 l=1 rev1=1 crypto rx=0x7f5f1000bb40 tx=0x7f5f1000be50 comp rx=0 tx=0).stop
2024-02-19T18:56:53.625 INFO:teuthology.orchestra.run.smithi055.stdout:/usr/bin/ceph: stderr
2024-02-19T18:56:52.796+0000 7f5f265df700 1 -- 172.21.15.55:0/3358206990 shutdown_connections
2024-02-19T18:56:53.625 INFO:teuthology.orchestra.run.smithi055.stdout:/usr/bin/ceph: stderr
2024-02-19T18:56:52.796+0000 7f5f265df700 1 --2- 172.21.15.55:0/3358206990 >> [v2:172.21.15.55:3300/0,v1:172.21.15.55:6789/0] conn(0x7f5f20105240 0x7f5f20105660 unknown :-1 s=CLOSED pgs=51 cs=0 l=1 rev1=1 crypto rx=0 tx=0 comp rx=0 tx=0).stop
2024-02-19T18:56:53.625 INFO:teuthology.orchestra.run.smithi055.stdout:/usr/bin/ceph: stderr
2024-02-19T18:56:52.796+0000 7f5f265df700 1 -- 172.21.15.55:0/3358206990 >> 172.21.15.55:0/3358206990 conn(0x7f5f20100820 msgr2=0x7f5f20102c40 unknown :-1 s=STATE_NONE l=0).mark_down
2024-02-19T18:56:53.625 INFO:teuthology.orchestra.run.smithi055.stdout:/usr/bin/ceph: stderr
2024-02-19T18:56:52.796+0000 7f5f265df700 1 -- 172.21.15.55:0/3358206990 shutdown_connections
2024-02-19T18:56:53.625 INFO:teuthology.orchestra.run.smithi055.stdout:/usr/bin/ceph: stderr
2024-02-19T18:56:52.796+0000 7f5f265df700 1 -- 172.21.15.55:0/3358206990 wait complete.
2024-02-19T18:56:53.625 INFO:teuthology.orchestra.run.smithi055.stdout:/usr/bin/ceph: stderr
2024-02-19T18:56:52.797+0000 7f5f265df700 1 Processor -- start
2024-02-19T18:56:53.625 INFO:teuthology.orchestra.run.smithi055.stdout:/usr/bin/ceph: stderr
2024-02-19T18:56:52.797+0000 7f5f265df700 1 -- start start
2024-02-19T18:56:53.625 INFO:teuthology.orchestra.run.smithi055.stdout:/usr/bin/ceph: stderr
2024-02-19T18:56:52.797+0000 7f5f265df700 1 --2- >> [v2:172.21.15.55:3300/0,v1:172.21.15.55:6789/0] conn(0x7f5f20105240 0x7f5f20197e60 unknown :-1 s=NONE pgs=0 cs=0 l=1 rev1=0 crypto rx=0 tx=0 comp rx=0 tx=0).connect
2024-02-19T18:56:53.625 INFO:teuthology.orchestra.run.smithi055.stdout:/usr/bin/ceph: stderr
2024-02-19T18:56:52.797+0000 7f5f265df700 1 -- --> [v2:172.21.15.55:3300/0,v1:172.21.15.55:6789/0] -- mon_getmap magic: 0 v1 -- 0x7f5f201983a0 con 0x7f5f20105240
2024-02-19T18:56:53.625 INFO:teuthology.orchestra.run.smithi055.stdout:/usr/bin/ceph: stderr
2024-02-19T18:56:52.797+0000 7f5f1ffff700 1 --2- >> [v2:172.21.15.55:3300/0,v1:172.21.15.55:6789/0] conn(0x7f5f20105240 0x7f5f20197e60 unknown :-1 s=BANNER_CONNECTING pgs=0 cs=0 l=1 rev1=0 crypto rx=0 tx=0 comp rx=0 tx=0)._handle_peer_banner_payload supported=3 required=0
2024-02-19T18:56:53.625 INFO:teuthology.orchestra.run.smithi055.stdout:/usr/bin/ceph: stderr
2024-02-19T18:56:52.797+0000 7f5f1ffff700 1 --2- >> [v2:172.21.15.55:3300/0,v1:172.21.15.55:6789/0] conn(0x7f5f20105240 0x7f5f20197e60 unknown :-1 s=HELLO_CONNECTING pgs=0 cs=0 l=1 rev1=1 crypto rx=0 tx=0 comp rx=0 tx=0).handle_hello peer v2:172.21.15.55:3300/0 says I am v2:172.21.15.55:42170/0 (socket says 172.21.15.55:42170)
2024-02-19T18:56:53.626 INFO:teuthology.orchestra.run.smithi055.stdout:/usr/bin/ceph: stderr
2024-02-19T18:56:52.797+0000 7f5f1ffff700 1 -- 172.21.15.55:0/1565574921 learned_addr learned my addr 172.21.15.55:0/1565574921 (peer_addr_for_me v2:172.21.15.55:0/0)
2024-02-19T18:56:53.626 INFO:teuthology.orchestra.run.smithi055.stdout:/usr/bin/ceph: stderr
2024-02-19T18:56:52.798+0000 7f5f1ffff700 1 -- 172.21.15.55:0/1565574921 --> [v2:172.21.15.55:3300/0,v1:172.21.15.55:6789/0] -- mon_subscribe({config=0+,monmap=0+}) v3 -- 0x7f5f1000b7f0 con 0x7f5f20105240
2024-02-19T18:56:53.626 INFO:teuthology.orchestra.run.smithi055.stdout:/usr/bin/ceph: stderr
2024-02-19T18:56:52.798+0000 7f5f1ffff700 1 --2- 172.21.15.55:0/1565574921 >> [v2:172.21.15.55:3300/0,v1:172.21.15.55:6789/0] conn(0x7f5f20105240 0x7f5f20197e60 secure :-1 s=READY pgs=52 cs=0 l=1 rev1=1 crypto rx=0x7f5f1000b340 tx=0x7f5f10004070 comp rx=0 tx=0).ready entity=mon.0 client_cookie=0 server_cookie=0 in_seq=0 out_seq=0
2024-02-19T18:56:53.626 INFO:teuthology.orchestra.run.smithi055.stdout:/usr/bin/ceph: stderr
2024-02-19T18:56:52.798+0000 7f5f1d7fa700 1 -- 172.21.15.55:0/1565574921 <== mon.0 v2:172.21.15.55:3300/0 1 ==== mon_map magic: 0 v1 ==== 229+0+0 (secure 0 0 0) 0x7f5f1001e070 con 0x7f5f20105240
2024-02-19T18:56:53.626 INFO:teuthology.orchestra.run.smithi055.stdout:/usr/bin/ceph: stderr
2024-02-19T18:56:52.798+0000 7f5f1d7fa700 1 -- 172.21.15.55:0/1565574921 <== mon.0 v2:172.21.15.55:3300/0 2 ==== config(27 keys) v1 ==== 1109+0+0 (secure 0 0 0) 0x7f5f1000de20 con 0x7f5f20105240
2024-02-19T18:56:53.626 INFO:teuthology.orchestra.run.smithi055.stdout:/usr/bin/ceph: stderr
2024-02-19T18:56:52.798+0000 7f5f1d7fa700 1 -- 172.21.15.55:0/1565574921 <== mon.0 v2:172.21.15.55:3300/0 3 ==== mon_map magic: 0 v1 ==== 229+0+0 (secure 0 0 0) 0x7f5f10022a40 con 0x7f5f20105240
2024-02-19T18:56:53.626 INFO:teuthology.orchestra.run.smithi055.stdout:/usr/bin/ceph: stderr
2024-02-19T18:56:52.798+0000 7f5f265df700 1 -- 172.21.15.55:0/1565574921 --> [v2:172.21.15.55:3300/0,v1:172.21.15.55:6789/0] -- mon_subscribe({mgrmap=0+}) v3 -- 0x7f5f201985a0 con 0x7f5f20105240
2024-02-19T18:56:53.626 INFO:teuthology.orchestra.run.smithi055.stdout:/usr/bin/ceph: stderr
2024-02-19T18:56:52.798+0000 7f5f265df700 1 -- 172.21.15.55:0/1565574921 --> [v2:172.21.15.55:3300/0,v1:172.21.15.55:6789/0] -- mon_subscribe({osdmap=0}) v3 -- 0x7f5f20198a40 con 0x7f5f20105240
2024-02-19T18:56:53.626 INFO:teuthology.orchestra.run.smithi055.stdout:/usr/bin/ceph: stderr
2024-02-19T18:56:52.799+0000 7f5f1d7fa700 1 -- 172.21.15.55:0/1565574921 <== mon.0 v2:172.21.15.55:3300/0 4 ==== mgrmap(e 8) v1 ==== 45552+0+0 (secure 0 0 0) 0x7f5f100106f0 con 0x7f5f20105240
2024-02-19T18:56:53.626 INFO:teuthology.orchestra.run.smithi055.stdout:/usr/bin/ceph: stderr
2024-02-19T18:56:52.799+0000 7f5f265df700 1 -- 172.21.15.55:0/1565574921 --> [v2:172.21.15.55:3300/0,v1:172.21.15.55:6789/0] -- mon_command({"prefix": "get_command_descriptions"} v 0) v1 -- 0x7f5f20078fd0 con 0x7f5f20105240
2024-02-19T18:56:53.627 INFO:teuthology.orchestra.run.smithi055.stdout:/usr/bin/ceph: stderr
2024-02-19T18:56:52.799+0000 7f5f1d7fa700 1 --2- 172.21.15.55:0/1565574921 >> [v2:172.21.15.55:6800/2246005421,v1:172.21.15.55:6801/2246005421] conn(0x7f5f080386e0 0x7f5f0803aba0 unknown :-1 s=NONE pgs=0 cs=0 l=1 rev1=0 crypto rx=0 tx=0 comp rx=0 tx=0).connect
2024-02-19T18:56:53.627 INFO:teuthology.orchestra.run.smithi055.stdout:/usr/bin/ceph: stderr
2024-02-19T18:56:52.799+0000 7f5f1d7fa700 1 -- 172.21.15.55:0/1565574921 <== mon.0 v2:172.21.15.55:3300/0 5 ==== osd_map(2..2 src has 1..2) v4 ==== 940+0+0 (secure 0 0 0) 0x7f5f1004ea80 con 0x7f5f20105240
2024-02-19T18:56:53.627 INFO:teuthology.orchestra.run.smithi055.stdout:/usr/bin/ceph: stderr
2024-02-19T18:56:52.799+0000 7f5f1f7fe700 1 --2- 172.21.15.55:0/1565574921 >> [v2:172.21.15.55:6800/2246005421,v1:172.21.15.55:6801/2246005421] conn(0x7f5f080386e0 0x7f5f0803aba0 unknown :-1 s=BANNER_CONNECTING pgs=0 cs=0 l=1 rev1=0 crypto rx=0 tx=0 comp rx=0 tx=0)._handle_peer_banner_payload supported=3 required=0
2024-02-19T18:56:53.627 INFO:teuthology.orchestra.run.smithi055.stdout:/usr/bin/ceph: stderr
2024-02-19T18:56:52.800+0000 7f5f1f7fe700 1 --2- 172.21.15.55:0/1565574921 >> [v2:172.21.15.55:6800/2246005421,v1:172.21.15.55:6801/2246005421] conn(0x7f5f080386e0 0x7f5f0803aba0 secure :-1 s=READY pgs=14 cs=0 l=1 rev1=1 crypto rx=0x7f5f14006fd0 tx=0x7f5f14006e40 comp rx=0 tx=0).ready entity=mgr.14120 client_cookie=0 server_cookie=0 in_seq=0 out_seq=0
2024-02-19T18:56:53.627 INFO:teuthology.orchestra.run.smithi055.stdout:/usr/bin/ceph: stderr
2024-02-19T18:56:52.804+0000 7f5f1d7fa700 1 -- 172.21.15.55:0/1565574921 <== mon.0 v2:172.21.15.55:3300/0 6 ==== mon_command_ack([{"prefix": "get_command_descriptions"}]=0 v0) v1 ==== 72+0+182595 (secure 0 0 0) 0x7f5f10021590 con 0x7f5f20105240
2024-02-19T18:56:53.627 INFO:teuthology.orchestra.run.smithi055.stdout:/usr/bin/ceph: stderr
2024-02-19T18:56:53.027+0000 7f5f265df700 1 -- 172.21.15.55:0/1565574921 --> [v2:172.21.15.55:6800/2246005421,v1:172.21.15.55:6801/2246005421] -- mgr_command(tid 0: {"prefix": "orch apply", "service_type": "crash", "target": ["mon-mgr", ""]}) v1 -- 0x7f5f2019b750 con 0x7f5f080386e0
2024-02-19T18:56:53.627 INFO:teuthology.orchestra.run.smithi055.stdout:/usr/bin/ceph: stderr
2024-02-19T18:56:53.032+0000 7f5f1d7fa700 1 -- 172.21.15.55:0/1565574921 <== mgr.14120 v2:172.21.15.55:6800/2246005421 1 ==== mgr_command_reply(tid 0: 0 ) v1 ==== 8+0+26 (secure 0 0 0) 0x7f5f2019b750 con 0x7f5f080386e0
2024-02-19T18:56:53.627 INFO:teuthology.orchestra.run.smithi055.stdout:/usr/bin/ceph: stderr
2024-02-19T18:56:53.034+0000 7f5f265df700 1 -- 172.21.15.55:0/1565574921 >> [v2:172.21.15.55:6800/2246005421,v1:172.21.15.55:6801/2246005421] conn(0x7f5f080386e0 msgr2=0x7f5f0803aba0 secure :-1 s=STATE_CONNECTION_ESTABLISHED l=1).mark_down
2024-02-19T18:56:53.627 INFO:teuthology.orchestra.run.smithi055.stdout:/usr/bin/ceph: stderr
2024-02-19T18:56:53.034+0000 7f5f265df700 1 --2- 172.21.15.55:0/1565574921 >> [v2:172.21.15.55:6800/2246005421,v1:172.21.15.55:6801/2246005421] conn(0x7f5f080386e0 0x7f5f0803aba0 secure :-1 s=READY pgs=14 cs=0 l=1 rev1=1 crypto rx=0x7f5f14006fd0 tx=0x7f5f14006e40 comp rx=0 tx=0).stop
2024-02-19T18:56:53.627 INFO:teuthology.orchestra.run.smithi055.stdout:/usr/bin/ceph: stderr
2024-02-19T18:56:53.034+0000 7f5f265df700 1 -- 172.21.15.55:0/1565574921 >> [v2:172.21.15.55:3300/0,v1:172.21.15.55:6789/0] conn(0x7f5f20105240 msgr2=0x7f5f20197e60 secure :-1 s=STATE_CONNECTION_ESTABLISHED l=1).mark_down
2024-02-19T18:56:53.627 INFO:teuthology.orchestra.run.smithi055.stdout:/usr/bin/ceph: stderr
2024-02-19T18:56:53.034+0000 7f5f265df700 1 --2- 172.21.15.55:0/1565574921 >> [v2:172.21.15.55:3300/0,v1:172.21.15.55:6789/0] conn(0x7f5f20105240 0x7f5f20197e60 secure :-1 s=READY pgs=52 cs=0 l=1 rev1=1 crypto rx=0x7f5f1000b340 tx=0x7f5f10004070 comp rx=0 tx=0).stop
2024-02-19T18:56:53.627 INFO:teuthology.orchestra.run.smithi055.stdout:/usr/bin/ceph: stderr
2024-02-19T18:56:53.034+0000 7f5f265df700 1 -- 172.21.15.55:0/1565574921 shutdown_connections
2024-02-19T18:56:53.627 INFO:teuthology.orchestra.run.smithi055.stdout:/usr/bin/ceph: stderr
2024-02-19T18:56:53.034+0000 7f5f265df700 1 --2- 172.21.15.55:0/1565574921 >> [v2:172.21.15.55:6800/2246005421,v1:172.21.15.55:6801/2246005421] conn(0x7f5f080386e0 0x7f5f0803aba0 unknown :-1 s=CLOSED pgs=14 cs=0 l=1 rev1=1 crypto rx=0 tx=0 comp rx=0 tx=0).stop
2024-02-19T18:56:53.627 INFO:teuthology.orchestra.run.smithi055.stdout:/usr/bin/ceph: stderr
2024-02-19T18:56:53.034+0000 7f5f265df700 1 --2- 172.21.15.55:0/1565574921 >> [v2:172.21.15.55:3300/0,v1:172.21.15.55:6789/0] conn(0x7f5f20105240 0x7f5f20197e60 unknown :-1 s=CLOSED pgs=52 cs=0 l=1 rev1=1 crypto rx=0 tx=0 comp rx=0 tx=0).stop
2024-02-19T18:56:53.628 INFO:teuthology.orchestra.run.smithi055.stdout:/usr/bin/ceph: stderr
2024-02-19T18:56:53.034+0000 7f5f265df700 1 -- 172.21.15.55:0/1565574921 >> 172.21.15.55:0/1565574921 conn(0x7f5f20100820 msgr2=0x7f5f2018e660 unknown :-1 s=STATE_NONE l=0).mark_down
2024-02-19T18:56:53.628 INFO:teuthology.orchestra.run.smithi055.stdout:/usr/bin/ceph: stderr
2024-02-19T18:56:53.035+0000 7f5f265df700 1 -- 172.21.15.55:0/1565574921 shutdown_connections
2024-02-19T18:56:53.628 INFO:teuthology.orchestra.run.smithi055.stdout:/usr/bin/ceph: stderr
2024-02-19T18:56:53.035+0000 7f5f265df700 1 -- 172.21.15.55:0/1565574921 wait complete.
2024-02-19T18:56:53.628 INFO:teuthology.orchestra.run.smithi055.stdout:Deploying ceph-exporter service with default placement...
2024-02-19T18:56:54.212 INFO:journalctl@ceph.mon.smithi055.smithi055.stdout:Feb 19 18:56:54 smithi055 ceph-mon[29151]: from='client.14146 -' entity='client.admin' cmd=[{"prefix": "orch apply", "service_type": "crash", "target": ["mon-mgr", ""]}]: dispatch
2024-02-19T18:56:54.212 INFO:journalctl@ceph.mon.smithi055.smithi055.stdout:Feb 19 18:56:54 smithi055 ceph-mon[29151]: Saving service crash spec with placement *
2024-02-19T18:56:55.084 INFO:teuthology.orchestra.run.smithi055.stdout:/usr/bin/ceph: stdout Scheduled ceph-exporter update...
2024-02-19T18:56:55.085 INFO:teuthology.orchestra.run.smithi055.stdout:/usr/bin/ceph: stderr
2024-02-19T18:56:54.024+0000 7ff7b47a0700 1 Processor -- start
2024-02-19T18:56:55.085 INFO:teuthology.orchestra.run.smithi055.stdout:/usr/bin/ceph: stderr
2024-02-19T18:56:54.024+0000 7ff7b47a0700 1 -- start start
2024-02-19T18:56:55.085 INFO:teuthology.orchestra.run.smithi055.stdout:/usr/bin/ceph: stderr
2024-02-19T18:56:54.024+0000 7ff7b47a0700 1 --2- >> [v2:172.21.15.55:3300/0,v1:172.21.15.55:6789/0] conn(0x7ff7ac106df0 0x7ff7ac1091e0 unknown :-1 s=NONE pgs=0 cs=0 l=0 rev1=0 crypto rx=0 tx=0 comp rx=0 tx=0).connect
2024-02-19T18:56:55.085 INFO:teuthology.orchestra.run.smithi055.stdout:/usr/bin/ceph: stderr
2024-02-19T18:56:54.024+0000 7ff7b47a0700 1 -- --> [v2:172.21.15.55:3300/0,v1:172.21.15.55:6789/0] -- mon_getmap magic: 0 v1 -- 0x7ff7ac079e50 con 0x7ff7ac106df0
2024-02-19T18:56:55.085 INFO:teuthology.orchestra.run.smithi055.stdout:/usr/bin/ceph: stderr
2024-02-19T18:56:54.024+0000 7ff7b253c700 1 --2- >> [v2:172.21.15.55:3300/0,v1:172.21.15.55:6789/0] conn(0x7ff7ac106df0 0x7ff7ac1091e0 unknown :-1 s=BANNER_CONNECTING pgs=0 cs=0 l=0 rev1=0 crypto rx=0 tx=0 comp rx=0 tx=0)._handle_peer_banner_payload supported=3 required=0
2024-02-19T18:56:55.085 INFO:teuthology.orchestra.run.smithi055.stdout:/usr/bin/ceph: stderr
2024-02-19T18:56:54.024+0000 7ff7b253c700 1 --2- >> [v2:172.21.15.55:3300/0,v1:172.21.15.55:6789/0] conn(0x7ff7ac106df0 0x7ff7ac1091e0 unknown :-1 s=HELLO_CONNECTING pgs=0 cs=0 l=0 rev1=1 crypto rx=0 tx=0 comp rx=0 tx=0).handle_hello peer v2:172.21.15.55:3300/0 says I am v2:172.21.15.55:42174/0 (socket says 172.21.15.55:42174)
2024-02-19T18:56:55.085 INFO:teuthology.orchestra.run.smithi055.stdout:/usr/bin/ceph: stderr
2024-02-19T18:56:54.024+0000 7ff7b253c700 1 -- 172.21.15.55:0/1989176953 learned_addr learned my addr 172.21.15.55:0/1989176953 (peer_addr_for_me v2:172.21.15.55:0/0)
2024-02-19T18:56:55.085 INFO:teuthology.orchestra.run.smithi055.stdout:/usr/bin/ceph: stderr
2024-02-19T18:56:54.025+0000 7ff7b253c700 1 -- 172.21.15.55:0/1989176953 --> [v2:172.21.15.55:3300/0,v1:172.21.15.55:6789/0] -- mon_subscribe({config=0+,monmap=0+}) v3 -- 0x7ff7ac109720 con 0x7ff7ac106df0
2024-02-19T18:56:55.085 INFO:teuthology.orchestra.run.smithi055.stdout:/usr/bin/ceph: stderr
2024-02-19T18:56:54.025+0000 7ff7b253c700 1 --2- 172.21.15.55:0/1989176953 >> [v2:172.21.15.55:3300/0,v1:172.21.15.55:6789/0] conn(0x7ff7ac106df0 0x7ff7ac1091e0 secure :-1 s=READY pgs=53 cs=0 l=1 rev1=1 crypto rx=0x7ff7a80098a0 tx=0x7ff7a8009bb0 comp rx=0 tx=0).ready entity=mon.0 client_cookie=80f38597e3c3741b server_cookie=0 in_seq=0 out_seq=0
2024-02-19T18:56:55.085 INFO:teuthology.orchestra.run.smithi055.stdout:/usr/bin/ceph: stderr
2024-02-19T18:56:54.025+0000 7ff7b153a700 1 -- 172.21.15.55:0/1989176953 <== mon.0 v2:172.21.15.55:3300/0 1 ==== mon_map magic: 0 v1 ==== 229+0+0 (secure 0 0 0) 0x7ff7a8004180 con 0x7ff7ac106df0
2024-02-19T18:56:55.085 INFO:teuthology.orchestra.run.smithi055.stdout:/usr/bin/ceph: stderr
2024-02-19T18:56:54.025+0000 7ff7b153a700 1 -- 172.21.15.55:0/1989176953 <== mon.0 v2:172.21.15.55:3300/0 2 ==== config(27 keys) v1 ==== 1109+0+0 (secure 0 0 0) 0x7ff7a80042e0 con 0x7ff7ac106df0
2024-02-19T18:56:55.085 INFO:teuthology.orchestra.run.smithi055.stdout:/usr/bin/ceph: stderr
2024-02-19T18:56:54.025+0000 7ff7b153a700 1 -- 172.21.15.55:0/1989176953 <== mon.0 v2:172.21.15.55:3300/0 3 ==== mon_map magic: 0 v1 ==== 229+0+0 (secure 0 0 0) 0x7ff7a8011b10 con 0x7ff7ac106df0
2024-02-19T18:56:55.086 INFO:teuthology.orchestra.run.smithi055.stdout:/usr/bin/ceph: stderr
