2024-02-19T18:56:25.959 INFO:teuthology.orchestra.run.smithi055.stdout:/usr/bin/ceph: stderr
2024-02-19T18:56:25.186+0000 7f4413a46700 1 -- 172.21.15.55:0/130336764 shutdown_connections
2024-02-19T18:56:25.959 INFO:teuthology.orchestra.run.smithi055.stdout:/usr/bin/ceph: stderr
2024-02-19T18:56:25.186+0000 7f4413a46700 1 --2- 172.21.15.55:0/130336764 >> [v2:172.21.15.55:3300/0,v1:172.21.15.55:6789/0] conn(0x7f440c104be0 0x7f440c105000 unknown :-1 s=CLOSED pgs=9 cs=0 l=1 rev1=1 crypto rx=0 tx=0 comp rx=0 tx=0).stop
2024-02-19T18:56:25.959 INFO:teuthology.orchestra.run.smithi055.stdout:/usr/bin/ceph: stderr
2024-02-19T18:56:25.186+0000 7f4413a46700 1 -- 172.21.15.55:0/130336764 >> 172.21.15.55:0/130336764 conn(0x7f440c100780 msgr2=0x7f440c102be0 unknown :-1 s=STATE_NONE l=0).mark_down
2024-02-19T18:56:25.960 INFO:teuthology.orchestra.run.smithi055.stdout:/usr/bin/ceph: stderr
2024-02-19T18:56:25.186+0000 7f4413a46700 1 -- 172.21.15.55:0/130336764 shutdown_connections
2024-02-19T18:56:25.960 INFO:teuthology.orchestra.run.smithi055.stdout:/usr/bin/ceph: stderr
2024-02-19T18:56:25.186+0000 7f4413a46700 1 -- 172.21.15.55:0/130336764 wait complete.
2024-02-19T18:56:25.960 INFO:teuthology.orchestra.run.smithi055.stdout:/usr/bin/ceph: stderr
2024-02-19T18:56:25.186+0000 7f4413a46700 1 Processor -- start
2024-02-19T18:56:25.960 INFO:teuthology.orchestra.run.smithi055.stdout:/usr/bin/ceph: stderr
2024-02-19T18:56:25.186+0000 7f4413a46700 1 -- start start
2024-02-19T18:56:25.960 INFO:teuthology.orchestra.run.smithi055.stdout:/usr/bin/ceph: stderr
2024-02-19T18:56:25.186+0000 7f4413a46700 1 --2- >> [v2:172.21.15.55:3300/0,v1:172.21.15.55:6789/0] conn(0x7f440c104be0 0x7f440c19c570 unknown :-1 s=NONE pgs=0 cs=0 l=1 rev1=0 crypto rx=0 tx=0 comp rx=0 tx=0).connect
2024-02-19T18:56:25.960 INFO:teuthology.orchestra.run.smithi055.stdout:/usr/bin/ceph: stderr
2024-02-19T18:56:25.186+0000 7f4413a46700 1 -- --> [v2:172.21.15.55:3300/0,v1:172.21.15.55:6789/0] -- mon_getmap magic: 0 v1 -- 0x7f440c19cab0 con 0x7f440c104be0
2024-02-19T18:56:25.960 INFO:teuthology.orchestra.run.smithi055.stdout:/usr/bin/ceph: stderr
2024-02-19T18:56:25.187+0000 7f44117e2700 1 --2- >> [v2:172.21.15.55:3300/0,v1:172.21.15.55:6789/0] conn(0x7f440c104be0 0x7f440c19c570 unknown :-1 s=BANNER_CONNECTING pgs=0 cs=0 l=1 rev1=0 crypto rx=0 tx=0 comp rx=0 tx=0)._handle_peer_banner_payload supported=3 required=0
2024-02-19T18:56:25.960 INFO:teuthology.orchestra.run.smithi055.stdout:/usr/bin/ceph: stderr
2024-02-19T18:56:25.187+0000 7f44117e2700 1 --2- >> [v2:172.21.15.55:3300/0,v1:172.21.15.55:6789/0] conn(0x7f440c104be0 0x7f440c19c570 unknown :-1 s=HELLO_CONNECTING pgs=0 cs=0 l=1 rev1=1 crypto rx=0 tx=0 comp rx=0 tx=0).handle_hello peer v2:172.21.15.55:3300/0 says I am v2:172.21.15.55:59958/0 (socket says 172.21.15.55:59958)
2024-02-19T18:56:25.960 INFO:teuthology.orchestra.run.smithi055.stdout:/usr/bin/ceph: stderr
2024-02-19T18:56:25.187+0000 7f44117e2700 1 -- 172.21.15.55:0/3770186953 learned_addr learned my addr 172.21.15.55:0/3770186953 (peer_addr_for_me v2:172.21.15.55:0/0)
2024-02-19T18:56:25.960 INFO:teuthology.orchestra.run.smithi055.stdout:/usr/bin/ceph: stderr
2024-02-19T18:56:25.187+0000 7f44117e2700 1 -- 172.21.15.55:0/3770186953 --> [v2:172.21.15.55:3300/0,v1:172.21.15.55:6789/0] -- mon_subscribe({config=0+,monmap=0+}) v3 -- 0x7f4408009550 con 0x7f440c104be0
2024-02-19T18:56:25.960 INFO:teuthology.orchestra.run.smithi055.stdout:/usr/bin/ceph: stderr
2024-02-19T18:56:25.187+0000 7f44117e2700 1 --2- 172.21.15.55:0/3770186953 >> [v2:172.21.15.55:3300/0,v1:172.21.15.55:6789/0] conn(0x7f440c104be0 0x7f440c19c570 secure :-1 s=READY pgs=10 cs=0 l=1 rev1=1 crypto rx=0x7f4408011710 tx=0x7f44080047c0 comp rx=0 tx=0).ready entity=mon.0 client_cookie=0 server_cookie=0 in_seq=0 out_seq=0
2024-02-19T18:56:25.960 INFO:teuthology.orchestra.run.smithi055.stdout:/usr/bin/ceph: stderr
2024-02-19T18:56:25.187+0000 7f44027fc700 1 -- 172.21.15.55:0/3770186953 <== mon.0 v2:172.21.15.55:3300/0 1 ==== mon_map magic: 0 v1 ==== 229+0+0 (secure 0 0 0) 0x7f4408003b10 con 0x7f440c104be0
2024-02-19T18:56:25.960 INFO:teuthology.orchestra.run.smithi055.stdout:/usr/bin/ceph: stderr
2024-02-19T18:56:25.187+0000 7f44027fc700 1 -- 172.21.15.55:0/3770186953 <== mon.0 v2:172.21.15.55:3300/0 2 ==== config(27 keys) v1 ==== 1042+0+0 (secure 0 0 0) 0x7f440801b8c0 con 0x7f440c104be0
2024-02-19T18:56:25.961 INFO:teuthology.orchestra.run.smithi055.stdout:/usr/bin/ceph: stderr
2024-02-19T18:56:25.187+0000 7f4413a46700 1 -- 172.21.15.55:0/3770186953 --> [v2:172.21.15.55:3300/0,v1:172.21.15.55:6789/0] -- mon_subscribe({mgrmap=0+}) v3 -- 0x7f440c19ccb0 con 0x7f440c104be0
2024-02-19T18:56:25.961 INFO:teuthology.orchestra.run.smithi055.stdout:/usr/bin/ceph: stderr
2024-02-19T18:56:25.187+0000 7f44027fc700 1 -- 172.21.15.55:0/3770186953 <== mon.0 v2:172.21.15.55:3300/0 3 ==== mon_map magic: 0 v1 ==== 229+0+0 (secure 0 0 0) 0x7f44080197e0 con 0x7f440c104be0
2024-02-19T18:56:25.961 INFO:teuthology.orchestra.run.smithi055.stdout:/usr/bin/ceph: stderr
2024-02-19T18:56:25.187+0000 7f4413a46700 1 -- 172.21.15.55:0/3770186953 --> [v2:172.21.15.55:3300/0,v1:172.21.15.55:6789/0] -- mon_subscribe({osdmap=0}) v3 -- 0x7f440c19d150 con 0x7f440c104be0
2024-02-19T18:56:25.961 INFO:teuthology.orchestra.run.smithi055.stdout:/usr/bin/ceph: stderr
2024-02-19T18:56:25.187+0000 7f44027fc700 1 -- 172.21.15.55:0/3770186953 <== mon.0 v2:172.21.15.55:3300/0 4 ==== mgrmap(e 1) v1 ==== 660+0+0 (secure 0 0 0) 0x7f4408019cd0 con 0x7f440c104be0
2024-02-19T18:56:25.961 INFO:teuthology.orchestra.run.smithi055.stdout:/usr/bin/ceph: stderr
2024-02-19T18:56:25.187+0000 7f44027fc700 1 -- 172.21.15.55:0/3770186953 <== mon.0 v2:172.21.15.55:3300/0 5 ==== osd_map(1..1 src has 1..1) v4 ==== 725+0+0 (secure 0 0 0) 0x7f440801a710 con 0x7f440c104be0
2024-02-19T18:56:25.961 INFO:teuthology.orchestra.run.smithi055.stdout:/usr/bin/ceph: stderr
2024-02-19T18:56:25.188+0000 7f4413a46700 1 -- 172.21.15.55:0/3770186953 --> [v2:172.21.15.55:3300/0,v1:172.21.15.55:6789/0] -- mon_command({"prefix": "get_command_descriptions"} v 0) v1 -- 0x7f440c195f00 con 0x7f440c104be0
2024-02-19T18:56:25.961 INFO:teuthology.orchestra.run.smithi055.stdout:/usr/bin/ceph: stderr
2024-02-19T18:56:25.190+0000 7f44027fc700 1 -- 172.21.15.55:0/3770186953 <== mon.0 v2:172.21.15.55:3300/0 6 ==== mon_command_ack([{"prefix": "get_command_descriptions"}]=0 v0) v1 ==== 72+0+72508 (secure 0 0 0) 0x7f4408029060 con 0x7f440c104be0
2024-02-19T18:56:25.961 INFO:teuthology.orchestra.run.smithi055.stdout:/usr/bin/ceph: stderr
2024-02-19T18:56:25.263+0000 7f4413a46700 1 -- 172.21.15.55:0/3770186953 --> [v2:172.21.15.55:3300/0,v1:172.21.15.55:6789/0] -- mon_command({"prefix": "status", "format": "json-pretty"} v 0) v1 -- 0x7f440c069ff0 con 0x7f440c104be0
2024-02-19T18:56:25.961 INFO:teuthology.orchestra.run.smithi055.stdout:/usr/bin/ceph: stderr
2024-02-19T18:56:25.264+0000 7f44027fc700 1 -- 172.21.15.55:0/3770186953 <== mon.0 v2:172.21.15.55:3300/0 7 ==== mon_command_ack([{"prefix": "status", "format": "json-pretty"}]=0 v0) v1 ==== 79+0+1246 (secure 0 0 0) 0x7f440801f070 con 0x7f440c104be0
2024-02-19T18:56:25.961 INFO:teuthology.orchestra.run.smithi055.stdout:/usr/bin/ceph: stderr
2024-02-19T18:56:25.264+0000 7f4413a46700 1 -- 172.21.15.55:0/3770186953 >> [v2:172.21.15.55:3300/0,v1:172.21.15.55:6789/0] conn(0x7f440c104be0 msgr2=0x7f440c19c570 secure :-1 s=STATE_CONNECTION_ESTABLISHED l=1).mark_down
2024-02-19T18:56:25.961 INFO:teuthology.orchestra.run.smithi055.stdout:/usr/bin/ceph: stderr
2024-02-19T18:56:25.264+0000 7f4413a46700 1 --2- 172.21.15.55:0/3770186953 >> [v2:172.21.15.55:3300/0,v1:172.21.15.55:6789/0] conn(0x7f440c104be0 0x7f440c19c570 secure :-1 s=READY pgs=10 cs=0 l=1 rev1=1 crypto rx=0x7f4408011710 tx=0x7f44080047c0 comp rx=0 tx=0).stop
2024-02-19T18:56:25.962 INFO:teuthology.orchestra.run.smithi055.stdout:/usr/bin/ceph: stderr
2024-02-19T18:56:25.264+0000 7f4413a46700 1 -- 172.21.15.55:0/3770186953 shutdown_connections
2024-02-19T18:56:25.962 INFO:teuthology.orchestra.run.smithi055.stdout:/usr/bin/ceph: stderr
2024-02-19T18:56:25.264+0000 7f4413a46700 1 --2- 172.21.15.55:0/3770186953 >> [v2:172.21.15.55:3300/0,v1:172.21.15.55:6789/0] conn(0x7f440c104be0 0x7f440c19c570 unknown :-1 s=CLOSED pgs=10 cs=0 l=1 rev1=1 crypto rx=0 tx=0 comp rx=0 tx=0).stop
2024-02-19T18:56:25.962 INFO:teuthology.orchestra.run.smithi055.stdout:/usr/bin/ceph: stderr
2024-02-19T18:56:25.264+0000 7f4413a46700 1 -- 172.21.15.55:0/3770186953 >> 172.21.15.55:0/3770186953 conn(0x7f440c100780 msgr2=0x7f440c193040 unknown :-1 s=STATE_NONE l=0).mark_down
2024-02-19T18:56:25.962 INFO:teuthology.orchestra.run.smithi055.stdout:/usr/bin/ceph: stderr
2024-02-19T18:56:25.265+0000 7f4413a46700 1 -- 172.21.15.55:0/3770186953 shutdown_connections
2024-02-19T18:56:25.962 INFO:teuthology.orchestra.run.smithi055.stdout:/usr/bin/ceph: stderr
2024-02-19T18:56:25.265+0000 7f4413a46700 1 -- 172.21.15.55:0/3770186953 wait complete.
2024-02-19T18:56:25.962 INFO:teuthology.orchestra.run.smithi055.stdout:mgr not available, waiting (3/15)...
2024-02-19T18:56:26.653 INFO:journalctl@ceph.mon.smithi055.smithi055.stdout:Feb 19 18:56:26 smithi055 ceph-mon[29151]: Activating manager daemon smithi055.vmfiqo
2024-02-19T18:56:26.653 INFO:journalctl@ceph.mon.smithi055.smithi055.stdout:Feb 19 18:56:26 smithi055 ceph-mon[29151]: mgrmap e2: smithi055.vmfiqo(active, starting, since 0.00316035s)
2024-02-19T18:56:26.653 INFO:journalctl@ceph.mon.smithi055.smithi055.stdout:Feb 19 18:56:26 smithi055 ceph-mon[29151]: from='mgr.14100 172.21.15.55:0/2054663659' entity='mgr.smithi055.vmfiqo' cmd=[{"prefix": "mds metadata"}]: dispatch
2024-02-19T18:56:26.653 INFO:journalctl@ceph.mon.smithi055.smithi055.stdout:Feb 19 18:56:26 smithi055 ceph-mon[29151]: from='mgr.14100 172.21.15.55:0/2054663659' entity='mgr.smithi055.vmfiqo' cmd=[{"prefix": "osd metadata"}]: dispatch
2024-02-19T18:56:26.653 INFO:journalctl@ceph.mon.smithi055.smithi055.stdout:Feb 19 18:56:26 smithi055 ceph-mon[29151]: from='mgr.14100 172.21.15.55:0/2054663659' entity='mgr.smithi055.vmfiqo' cmd=[{"prefix": "mon metadata"}]: dispatch
2024-02-19T18:56:26.653 INFO:journalctl@ceph.mon.smithi055.smithi055.stdout:Feb 19 18:56:26 smithi055 ceph-mon[29151]: from='mgr.14100 172.21.15.55:0/2054663659' entity='mgr.smithi055.vmfiqo' cmd=[{"prefix": "mon metadata", "id": "smithi055"}]: dispatch
2024-02-19T18:56:26.653 INFO:journalctl@ceph.mon.smithi055.smithi055.stdout:Feb 19 18:56:26 smithi055 ceph-mon[29151]: from='mgr.14100 172.21.15.55:0/2054663659' entity='mgr.smithi055.vmfiqo' cmd=[{"prefix": "mgr metadata", "who": "smithi055.vmfiqo", "id": "smithi055.vmfiqo"}]: dispatch
2024-02-19T18:56:26.653 INFO:journalctl@ceph.mon.smithi055.smithi055.stdout:Feb 19 18:56:26 smithi055 ceph-mon[29151]: Manager daemon smithi055.vmfiqo is now available
2024-02-19T18:56:26.653 INFO:journalctl@ceph.mon.smithi055.smithi055.stdout:Feb 19 18:56:26 smithi055 ceph-mon[29151]: from='mgr.14100 172.21.15.55:0/2054663659' entity='mgr.smithi055.vmfiqo' cmd=[{"prefix":"config rm","who":"mgr","name":"mgr/rbd_support/smithi055.vmfiqo/mirror_snapshot_schedule"}]: dispatch
2024-02-19T18:56:26.653 INFO:journalctl@ceph.mon.smithi055.smithi055.stdout:Feb 19 18:56:26 smithi055 ceph-mon[29151]: from='mgr.14100 172.21.15.55:0/2054663659' entity='mgr.smithi055.vmfiqo' cmd=[{"prefix":"config rm","who":"mgr","name":"mgr/rbd_support/smithi055.vmfiqo/trash_purge_schedule"}]: dispatch
2024-02-19T18:56:26.653 INFO:journalctl@ceph.mon.smithi055.smithi055.stdout:Feb 19 18:56:26 smithi055 ceph-mon[29151]: from='mgr.14100 172.21.15.55:0/2054663659' entity='mgr.smithi055.vmfiqo'
2024-02-19T18:56:26.653 INFO:journalctl@ceph.mon.smithi055.smithi055.stdout:Feb 19 18:56:26 smithi055 ceph-mon[29151]: from='mgr.14100 172.21.15.55:0/2054663659' entity='mgr.smithi055.vmfiqo'
2024-02-19T18:56:26.654 INFO:journalctl@ceph.mon.smithi055.smithi055.stdout:Feb 19 18:56:26 smithi055 ceph-mon[29151]: from='mgr.14100 172.21.15.55:0/2054663659' entity='mgr.smithi055.vmfiqo'
2024-02-19T18:56:27.902 INFO:journalctl@ceph.mon.smithi055.smithi055.stdout:Feb 19 18:56:27 smithi055 ceph-mon[29151]: mgrmap e3: smithi055.vmfiqo(active, since 1.0086s)
2024-02-19T18:56:29.286 INFO:teuthology.orchestra.run.smithi055.stdout:/usr/bin/ceph: stdout
2024-02-19T18:56:29.286 INFO:teuthology.orchestra.run.smithi055.stdout:/usr/bin/ceph: stdout {
2024-02-19T18:56:29.286 INFO:teuthology.orchestra.run.smithi055.stdout:/usr/bin/ceph: stdout "fsid": "683009c8-cf58-11ee-95bb-87774f69a715",
2024-02-19T18:56:29.287 INFO:teuthology.orchestra.run.smithi055.stdout:/usr/bin/ceph: stdout "health": {
2024-02-19T18:56:29.287 INFO:teuthology.orchestra.run.smithi055.stdout:/usr/bin/ceph: stdout "status": "HEALTH_OK",
2024-02-19T18:56:29.287 INFO:teuthology.orchestra.run.smithi055.stdout:/usr/bin/ceph: stdout "checks": {},
2024-02-19T18:56:29.287 INFO:teuthology.orchestra.run.smithi055.stdout:/usr/bin/ceph: stdout "mutes": []
2024-02-19T18:56:29.287 INFO:teuthology.orchestra.run.smithi055.stdout:/usr/bin/ceph: stdout },
2024-02-19T18:56:29.287 INFO:teuthology.orchestra.run.smithi055.stdout:/usr/bin/ceph: stdout "election_epoch": 5,
2024-02-19T18:56:29.287 INFO:teuthology.orchestra.run.smithi055.stdout:/usr/bin/ceph: stdout "quorum": [
2024-02-19T18:56:29.287 INFO:teuthology.orchestra.run.smithi055.stdout:/usr/bin/ceph: stdout 0
2024-02-19T18:56:29.287 INFO:teuthology.orchestra.run.smithi055.stdout:/usr/bin/ceph: stdout ],
2024-02-19T18:56:29.287 INFO:teuthology.orchestra.run.smithi055.stdout:/usr/bin/ceph: stdout "quorum_names": [
2024-02-19T18:56:29.287 INFO:teuthology.orchestra.run.smithi055.stdout:/usr/bin/ceph: stdout "smithi055"
2024-02-19T18:56:29.287 INFO:teuthology.orchestra.run.smithi055.stdout:/usr/bin/ceph: stdout ],
2024-02-19T18:56:29.287 INFO:teuthology.orchestra.run.smithi055.stdout:/usr/bin/ceph: stdout "quorum_age": 13,
2024-02-19T18:56:29.287 INFO:teuthology.orchestra.run.smithi055.stdout:/usr/bin/ceph: stdout "monmap": {
2024-02-19T18:56:29.288 INFO:teuthology.orchestra.run.smithi055.stdout:/usr/bin/ceph: stdout "epoch": 1,
2024-02-19T18:56:29.288 INFO:teuthology.orchestra.run.smithi055.stdout:/usr/bin/ceph: stdout "min_mon_release_name": "reef",
2024-02-19T18:56:29.288 INFO:teuthology.orchestra.run.smithi055.stdout:/usr/bin/ceph: stdout "num_mons": 1
2024-02-19T18:56:29.288 INFO:teuthology.orchestra.run.smithi055.stdout:/usr/bin/ceph: stdout },
2024-02-19T18:56:29.288 INFO:teuthology.orchestra.run.smithi055.stdout:/usr/bin/ceph: stdout "osdmap": {
2024-02-19T18:56:29.288 INFO:teuthology.orchestra.run.smithi055.stdout:/usr/bin/ceph: stdout "epoch": 1,
2024-02-19T18:56:29.288 INFO:teuthology.orchestra.run.smithi055.stdout:/usr/bin/ceph: stdout "num_osds": 0,
2024-02-19T18:56:29.288 INFO:teuthology.orchestra.run.smithi055.stdout:/usr/bin/ceph: stdout "num_up_osds": 0,
2024-02-19T18:56:29.288 INFO:teuthology.orchestra.run.smithi055.stdout:/usr/bin/ceph: stdout "osd_up_since": 0,
2024-02-19T18:56:29.297 INFO:teuthology.orchestra.run.smithi055.stdout:/usr/bin/ceph: stdout "num_in_osds": 0,
2024-02-19T18:56:29.297 INFO:teuthology.orchestra.run.smithi055.stdout:/usr/bin/ceph: stdout "osd_in_since": 0,
2024-02-19T18:56:29.297 INFO:teuthology.orchestra.run.smithi055.stdout:/usr/bin/ceph: stdout "num_remapped_pgs": 0
2024-02-19T18:56:29.298 INFO:teuthology.orchestra.run.smithi055.stdout:/usr/bin/ceph: stdout },
2024-02-19T18:56:29.298 INFO:teuthology.orchestra.run.smithi055.stdout:/usr/bin/ceph: stdout "pgmap": {
2024-02-19T18:56:29.298 INFO:teuthology.orchestra.run.smithi055.stdout:/usr/bin/ceph: stdout "pgs_by_state": [],
2024-02-19T18:56:29.298 INFO:teuthology.orchestra.run.smithi055.stdout:/usr/bin/ceph: stdout "num_pgs": 0,
2024-02-19T18:56:29.298 INFO:teuthology.orchestra.run.smithi055.stdout:/usr/bin/ceph: stdout "num_pools": 0,
2024-02-19T18:56:29.298 INFO:teuthology.orchestra.run.smithi055.stdout:/usr/bin/ceph: stdout "num_objects": 0,
2024-02-19T18:56:29.298 INFO:teuthology.orchestra.run.smithi055.stdout:/usr/bin/ceph: stdout "data_bytes": 0,
2024-02-19T18:56:29.298 INFO:teuthology.orchestra.run.smithi055.stdout:/usr/bin/ceph: stdout "bytes_used": 0,
2024-02-19T18:56:29.298 INFO:teuthology.orchestra.run.smithi055.stdout:/usr/bin/ceph: stdout "bytes_avail": 0,
2024-02-19T18:56:29.298 INFO:teuthology.orchestra.run.smithi055.stdout:/usr/bin/ceph: stdout "bytes_total": 0
2024-02-19T18:56:29.298 INFO:teuthology.orchestra.run.smithi055.stdout:/usr/bin/ceph: stdout },
2024-02-19T18:56:29.298 INFO:teuthology.orchestra.run.smithi055.stdout:/usr/bin/ceph: stdout "fsmap": {
2024-02-19T18:56:29.298 INFO:teuthology.orchestra.run.smithi055.stdout:/usr/bin/ceph: stdout "epoch": 1,
2024-02-19T18:56:29.299 INFO:teuthology.orchestra.run.smithi055.stdout:/usr/bin/ceph: stdout "by_rank": [],
2024-02-19T18:56:29.299 INFO:teuthology.orchestra.run.smithi055.stdout:/usr/bin/ceph: stdout "up:standby": 0
2024-02-19T18:56:29.299 INFO:teuthology.orchestra.run.smithi055.stdout:/usr/bin/ceph: stdout },
2024-02-19T18:56:29.299 INFO:teuthology.orchestra.run.smithi055.stdout:/usr/bin/ceph: stdout "mgrmap": {
2024-02-19T18:56:29.299 INFO:teuthology.orchestra.run.smithi055.stdout:/usr/bin/ceph: stdout "available": true,
2024-02-19T18:56:29.299 INFO:teuthology.orchestra.run.smithi055.stdout:/usr/bin/ceph: stdout "num_standbys": 0,
2024-02-19T18:56:29.299 INFO:teuthology.orchestra.run.smithi055.stdout:/usr/bin/ceph: stdout "modules": [
2024-02-19T18:56:29.299 INFO:teuthology.orchestra.run.smithi055.stdout:/usr/bin/ceph: stdout "iostat",
2024-02-19T18:56:29.299 INFO:teuthology.orchestra.run.smithi055.stdout:/usr/bin/ceph: stdout "nfs",
2024-02-19T18:56:29.299 INFO:teuthology.orchestra.run.smithi055.stdout:/usr/bin/ceph: stdout "restful"
2024-02-19T18:56:29.299 INFO:teuthology.orchestra.run.smithi055.stdout:/usr/bin/ceph: stdout ],
2024-02-19T18:56:29.299 INFO:teuthology.orchestra.run.smithi055.stdout:/usr/bin/ceph: stdout "services": {}
2024-02-19T18:56:29.299 INFO:teuthology.orchestra.run.smithi055.stdout:/usr/bin/ceph: stdout },
2024-02-19T18:56:29.299 INFO:teuthology.orchestra.run.smithi055.stdout:/usr/bin/ceph: stdout "servicemap": {
2024-02-19T18:56:29.300 INFO:teuthology.orchestra.run.smithi055.stdout:/usr/bin/ceph: stdout "epoch": 1,
2024-02-19T18:56:29.300 INFO:teuthology.orchestra.run.smithi055.stdout:/usr/bin/ceph: stdout "modified": "2024-02-19T18:56:07.450754+0000",
2024-02-19T18:56:29.300 INFO:teuthology.orchestra.run.smithi055.stdout:/usr/bin/ceph: stdout "services": {}
2024-02-19T18:56:29.300 INFO:teuthology.orchestra.run.smithi055.stdout:/usr/bin/ceph: stdout },
2024-02-19T18:56:29.300 INFO:teuthology.orchestra.run.smithi055.stdout:/usr/bin/ceph: stdout "progress_events": {}
2024-02-19T18:56:29.300 INFO:teuthology.orchestra.run.smithi055.stdout:/usr/bin/ceph: stdout }
2024-02-19T18:56:29.300 INFO:teuthology.orchestra.run.smithi055.stdout:/usr/bin/ceph: stderr
2024-02-19T18:56:28.349+0000 7f7142376700 1 Processor -- start
2024-02-19T18:56:29.300 INFO:teuthology.orchestra.run.smithi055.stdout:/usr/bin/ceph: stderr
2024-02-19T18:56:28.349+0000 7f7142376700 1 -- start start
2024-02-19T18:56:29.300 INFO:teuthology.orchestra.run.smithi055.stdout:/usr/bin/ceph: stderr
2024-02-19T18:56:28.349+0000 7f7142376700 1 --2- >> [v2:172.21.15.55:3300/0,v1:172.21.15.55:6789/0] conn(0x7f713c105240 0x7f713c105660 unknown :-1 s=NONE pgs=0 cs=0 l=0 rev1=0 crypto rx=0 tx=0 comp rx=0 tx=0).connect
2024-02-19T18:56:29.300 INFO:teuthology.orchestra.run.smithi055.stdout:/usr/bin/ceph: stderr
2024-02-19T18:56:28.349+0000 7f7142376700 1 -- --> [v2:172.21.15.55:3300/0,v1:172.21.15.55:6789/0] -- mon_getmap magic: 0 v1 -- 0x7f713c105c30 con 0x7f713c105240
2024-02-19T18:56:29.300 INFO:teuthology.orchestra.run.smithi055.stdout:/usr/bin/ceph: stderr
2024-02-19T18:56:28.349+0000 7f713bfff700 1 --2- >> [v2:172.21.15.55:3300/0,v1:172.21.15.55:6789/0] conn(0x7f713c105240 0x7f713c105660 unknown :-1 s=BANNER_CONNECTING pgs=0 cs=0 l=0 rev1=0 crypto rx=0 tx=0 comp rx=0 tx=0)._handle_peer_banner_payload supported=3 required=0
2024-02-19T18:56:29.300 INFO:teuthology.orchestra.run.smithi055.stdout:/usr/bin/ceph: stderr
2024-02-19T18:56:28.349+0000 7f713bfff700 1 --2- >> [v2:172.21.15.55:3300/0,v1:172.21.15.55:6789/0] conn(0x7f713c105240 0x7f713c105660 unknown :-1 s=HELLO_CONNECTING pgs=0 cs=0 l=0 rev1=1 crypto rx=0 tx=0 comp rx=0 tx=0).handle_hello peer v2:172.21.15.55:3300/0 says I am v2:172.21.15.55:60026/0 (socket says 172.21.15.55:60026)
2024-02-19T18:56:29.300 INFO:teuthology.orchestra.run.smithi055.stdout:/usr/bin/ceph: stderr
2024-02-19T18:56:28.349+0000 7f713bfff700 1 -- 172.21.15.55:0/4687279 learned_addr learned my addr 172.21.15.55:0/4687279 (peer_addr_for_me v2:172.21.15.55:0/0)
2024-02-19T18:56:29.300 INFO:teuthology.orchestra.run.smithi055.stdout:/usr/bin/ceph: stderr
2024-02-19T18:56:28.350+0000 7f713bfff700 1 -- 172.21.15.55:0/4687279 --> [v2:172.21.15.55:3300/0,v1:172.21.15.55:6789/0] -- mon_subscribe({config=0+,monmap=0+}) v3 -- 0x7f713c106440 con 0x7f713c105240
2024-02-19T18:56:29.301 INFO:teuthology.orchestra.run.smithi055.stdout:/usr/bin/ceph: stderr
2024-02-19T18:56:28.350+0000 7f713bfff700 1 --2- 172.21.15.55:0/4687279 >> [v2:172.21.15.55:3300/0,v1:172.21.15.55:6789/0] conn(0x7f713c105240 0x7f713c105660 secure :-1 s=READY pgs=18 cs=0 l=1 rev1=1 crypto rx=0x7f712c0098a0 tx=0x7f712c009bb0 comp rx=0 tx=0).ready entity=mon.0 client_cookie=c6cb434d7a35794e server_cookie=0 in_seq=0 out_seq=0
2024-02-19T18:56:29.301 INFO:teuthology.orchestra.run.smithi055.stdout:/usr/bin/ceph: stderr
2024-02-19T18:56:28.350+0000 7f713affd700 1 -- 172.21.15.55:0/4687279 <== mon.0 v2:172.21.15.55:3300/0 1 ==== mon_map magic: 0 v1 ==== 229+0+0 (secure 0 0 0) 0x7f712c004180 con 0x7f713c105240
2024-02-19T18:56:29.301 INFO:teuthology.orchestra.run.smithi055.stdout:/usr/bin/ceph: stderr
2024-02-19T18:56:28.350+0000 7f713affd700 1 -- 172.21.15.55:0/4687279 <== mon.0 v2:172.21.15.55:3300/0 2 ==== config(27 keys) v1 ==== 1042+0+0 (secure 0 0 0) 0x7f712c0042e0 con 0x7f713c105240
2024-02-19T18:56:29.301 INFO:teuthology.orchestra.run.smithi055.stdout:/usr/bin/ceph: stderr
2024-02-19T18:56:28.350+0000 7f713affd700 1 -- 172.21.15.55:0/4687279 <== mon.0 v2:172.21.15.55:3300/0 3 ==== mon_map magic: 0 v1 ==== 229+0+0 (secure 0 0 0) 0x7f712c011a70 con 0x7f713c105240
2024-02-19T18:56:29.301 INFO:teuthology.orchestra.run.smithi055.stdout:/usr/bin/ceph: stderr
2024-02-19T18:56:28.351+0000 7f7142376700 1 -- 172.21.15.55:0/4687279 >> [v2:172.21.15.55:3300/0,v1:172.21.15.55:6789/0] conn(0x7f713c105240 msgr2=0x7f713c105660 secure :-1 s=STATE_CONNECTION_ESTABLISHED l=1).mark_down
2024-02-19T18:56:29.301 INFO:teuthology.orchestra.run.smithi055.stdout:/usr/bin/ceph: stderr
2024-02-19T18:56:28.351+0000 7f7142376700 1 --2- 172.21.15.55:0/4687279 >> [v2:172.21.15.55:3300/0,v1:172.21.15.55:6789/0] conn(0x7f713c105240 0x7f713c105660 secure :-1 s=READY pgs=18 cs=0 l=1 rev1=1 crypto rx=0x7f712c0098a0 tx=0x7f712c009bb0 comp rx=0 tx=0).stop
2024-02-19T18:56:29.301 INFO:teuthology.orchestra.run.smithi055.stdout:/usr/bin/ceph: stderr
2024-02-19T18:56:28.351+0000 7f7142376700 1 -- 172.21.15.55:0/4687279 shutdown_connections
2024-02-19T18:56:29.301 INFO:teuthology.orchestra.run.smithi055.stdout:/usr/bin/ceph: stderr
2024-02-19T18:56:28.351+0000 7f7142376700 1 --2- 172.21.15.55:0/4687279 >> [v2:172.21.15.55:3300/0,v1:172.21.15.55:6789/0] conn(0x7f713c105240 0x7f713c105660 unknown :-1 s=CLOSED pgs=18 cs=0 l=1 rev1=1 crypto rx=0 tx=0 comp rx=0 tx=0).stop
2024-02-19T18:56:29.301 INFO:teuthology.orchestra.run.smithi055.stdout:/usr/bin/ceph: stderr
2024-02-19T18:56:28.351+0000 7f7142376700 1 -- 172.21.15.55:0/4687279 >> 172.21.15.55:0/4687279 conn(0x7f713c100820 msgr2=0x7f713c102c40 unknown :-1 s=STATE_NONE l=0).mark_down
2024-02-19T18:56:29.301 INFO:teuthology.orchestra.run.smithi055.stdout:/usr/bin/ceph: stderr
2024-02-19T18:56:28.351+0000 7f7142376700 1 -- 172.21.15.55:0/4687279 shutdown_connections
2024-02-19T18:56:29.301 INFO:teuthology.orchestra.run.smithi055.stdout:/usr/bin/ceph: stderr
2024-02-19T18:56:28.351+0000 7f7142376700 1 -- 172.21.15.55:0/4687279 wait complete.
2024-02-19T18:56:29.301 INFO:teuthology.orchestra.run.smithi055.stdout:/usr/bin/ceph: stderr
2024-02-19T18:56:28.351+0000 7f7142376700 1 Processor -- start
2024-02-19T18:56:29.301 INFO:teuthology.orchestra.run.smithi055.stdout:/usr/bin/ceph: stderr
2024-02-19T18:56:28.351+0000 7f7142376700 1 -- start start
2024-02-19T18:56:29.301 INFO:teuthology.orchestra.run.smithi055.stdout:/usr/bin/ceph: stderr
2024-02-19T18:56:28.352+0000 7f7142376700 1 --2- >> [v2:172.21.15.55:3300/0,v1:172.21.15.55:6789/0] conn(0x7f713c105240 0x7f713c19a0c0 unknown :-1 s=NONE pgs=0 cs=0 l=1 rev1=0 crypto rx=0 tx=0 comp rx=0 tx=0).connect
2024-02-19T18:56:29.302 INFO:teuthology.orchestra.run.smithi055.stdout:/usr/bin/ceph: stderr
2024-02-19T18:56:28.352+0000 7f7142376700 1 -- --> [v2:172.21.15.55:3300/0,v1:172.21.15.55:6789/0] -- mon_getmap magic: 0 v1 -- 0x7f713c19a600 con 0x7f713c105240
2024-02-19T18:56:29.302 INFO:teuthology.orchestra.run.smithi055.stdout:/usr/bin/ceph: stderr
2024-02-19T18:56:28.352+0000 7f713bfff700 1 --2- >> [v2:172.21.15.55:3300/0,v1:172.21.15.55:6789/0] conn(0x7f713c105240 0x7f713c19a0c0 unknown :-1 s=BANNER_CONNECTING pgs=0 cs=0 l=1 rev1=0 crypto rx=0 tx=0 comp rx=0 tx=0)._handle_peer_banner_payload supported=3 required=0
2024-02-19T18:56:29.302 INFO:teuthology.orchestra.run.smithi055.stdout:/usr/bin/ceph: stderr
2024-02-19T18:56:28.352+0000 7f713bfff700 1 --2- >> [v2:172.21.15.55:3300/0,v1:172.21.15.55:6789/0] conn(0x7f713c105240 0x7f713c19a0c0 unknown :-1 s=HELLO_CONNECTING pgs=0 cs=0 l=1 rev1=1 crypto rx=0 tx=0 comp rx=0 tx=0).handle_hello peer v2:172.21.15.55:3300/0 says I am v2:172.21.15.55:60034/0 (socket says 172.21.15.55:60034)
2024-02-19T18:56:29.302 INFO:teuthology.orchestra.run.smithi055.stdout:/usr/bin/ceph: stderr
2024-02-19T18:56:28.352+0000 7f713bfff700 1 -- 172.21.15.55:0/2964683864 learned_addr learned my addr 172.21.15.55:0/2964683864 (peer_addr_for_me v2:172.21.15.55:0/0)
2024-02-19T18:56:29.302 INFO:teuthology.orchestra.run.smithi055.stdout:/usr/bin/ceph: stderr
2024-02-19T18:56:28.352+0000 7f713bfff700 1 -- 172.21.15.55:0/2964683864 --> [v2:172.21.15.55:3300/0,v1:172.21.15.55:6789/0] -- mon_subscribe({config=0+,monmap=0+}) v3 -- 0x7f712c009550 con 0x7f713c105240
2024-02-19T18:56:29.302 INFO:teuthology.orchestra.run.smithi055.stdout:/usr/bin/ceph: stderr
2024-02-19T18:56:28.352+0000 7f713bfff700 1 --2- 172.21.15.55:0/2964683864 >> [v2:172.21.15.55:3300/0,v1:172.21.15.55:6789/0] conn(0x7f713c105240 0x7f713c19a0c0 secure :-1 s=READY pgs=19 cs=0 l=1 rev1=1 crypto rx=0x7f712c011710 tx=0x7f712c0047c0 comp rx=0 tx=0).ready entity=mon.0 client_cookie=0 server_cookie=0 in_seq=0 out_seq=0
2024-02-19T18:56:29.302 INFO:teuthology.orchestra.run.smithi055.stdout:/usr/bin/ceph: stderr
2024-02-19T18:56:28.353+0000 7f71397fa700 1 -- 172.21.15.55:0/2964683864 <== mon.0 v2:172.21.15.55:3300/0 1 ==== mon_map magic: 0 v1 ==== 229+0+0 (secure 0 0 0) 0x7f712c003b10 con 0x7f713c105240
2024-02-19T18:56:29.302 INFO:teuthology.orchestra.run.smithi055.stdout:/usr/bin/ceph: stderr
2024-02-19T18:56:28.353+0000 7f71397fa700 1 -- 172.21.15.55:0/2964683864 <== mon.0 v2:172.21.15.55:3300/0 2 ==== config(27 keys) v1 ==== 1042+0+0 (secure 0 0 0) 0x7f712c01b8c0 con 0x7f713c105240
2024-02-19T18:56:29.302 INFO:teuthology.orchestra.run.smithi055.stdout:/usr/bin/ceph: stderr
2024-02-19T18:56:28.353+0000 7f71397fa700 1 -- 172.21.15.55:0/2964683864 <== mon.0 v2:172.21.15.55:3300/0 3 ==== mon_map magic: 0 v1 ==== 229+0+0 (secure 0 0 0) 0x7f712c019770 con 0x7f713c105240
2024-02-19T18:56:29.302 INFO:teuthology.orchestra.run.smithi055.stdout:/usr/bin/ceph: stderr
2024-02-19T18:56:28.353+0000 7f7142376700 1 -- 172.21.15.55:0/2964683864 --> [v2:172.21.15.55:3300/0,v1:172.21.15.55:6789/0] -- mon_subscribe({mgrmap=0+}) v3 -- 0x7f713c19a800 con 0x7f713c105240
2024-02-19T18:56:29.302 INFO:teuthology.orchestra.run.smithi055.stdout:/usr/bin/ceph: stderr
2024-02-19T18:56:28.353+0000 7f7142376700 1 -- 172.21.15.55:0/2964683864 --> [v2:172.21.15.55:3300/0,v1:172.21.15.55:6789/0] -- mon_subscribe({osdmap=0}) v3 -- 0x7f713c19aca0 con 0x7f713c105240
2024-02-19T18:56:29.302 INFO:teuthology.orchestra.run.smithi055.stdout:/usr/bin/ceph: stderr
2024-02-19T18:56:28.353+0000 7f71397fa700 1 -- 172.21.15.55:0/2964683864 <== mon.0 v2:172.21.15.55:3300/0 4 ==== mgrmap(e 3) v1 ==== 45435+0+0 (secure 0 0 0) 0x7f712c01b440 con 0x7f713c105240
2024-02-19T18:56:29.302 INFO:teuthology.orchestra.run.smithi055.stdout:/usr/bin/ceph: stderr
2024-02-19T18:56:28.354+0000 7f71397fa700 1 --2- 172.21.15.55:0/2964683864 >> [v2:172.21.15.55:6800/3196744064,v1:172.21.15.55:6801/3196744064] conn(0x7f71280385b0 0x7f712803aa70 unknown :-1 s=NONE pgs=0 cs=0 l=1 rev1=0 crypto rx=0 tx=0 comp rx=0 tx=0).connect
2024-02-19T18:56:29.302 INFO:teuthology.orchestra.run.smithi055.stdout:/usr/bin/ceph: stderr
2024-02-19T18:56:28.354+0000 7f71397fa700 1 -- 172.21.15.55:0/2964683864 <== mon.0 v2:172.21.15.55:3300/0 5 ==== osd_map(1..1 src has 1..1) v4 ==== 725+0+0 (secure 0 0 0) 0x7f712c04c6b0 con 0x7f713c105240
2024-02-19T18:56:29.302 INFO:teuthology.orchestra.run.smithi055.stdout:/usr/bin/ceph: stderr
2024-02-19T18:56:28.354+0000 7f713b7fe700 1 --2- 172.21.15.55:0/2964683864 >> [v2:172.21.15.55:6800/3196744064,v1:172.21.15.55:6801/3196744064] conn(0x7f71280385b0 0x7f712803aa70 unknown :-1 s=BANNER_CONNECTING pgs=0 cs=0 l=1 rev1=0 crypto rx=0 tx=0 comp rx=0 tx=0)._handle_peer_banner_payload supported=3 required=0
2024-02-19T18:56:29.303 INFO:teuthology.orchestra.run.smithi055.stdout:/usr/bin/ceph: stderr
2024-02-19T18:56:28.354+0000 7f7142376700 1 -- 172.21.15.55:0/2964683864 --> [v2:172.21.15.55:3300/0,v1:172.21.15.55:6789/0] -- mon_command({"prefix": "get_command_descriptions"} v 0) v1 -- 0x7f713c194260 con 0x7f713c105240
2024-02-19T18:56:29.303 INFO:teuthology.orchestra.run.smithi055.stdout:/usr/bin/ceph: stderr
2024-02-19T18:56:28.354+0000 7f713b7fe700 1 --2- 172.21.15.55:0/2964683864 >> [v2:172.21.15.55:6800/3196744064,v1:172.21.15.55:6801/3196744064] conn(0x7f71280385b0 0x7f712803aa70 secure :-1 s=READY pgs=6 cs=0 l=1 rev1=1 crypto rx=0x7f7124006fd0 tx=0x7f7124006e40 comp rx=0 tx=0).ready entity=mgr.14100 client_cookie=0 server_cookie=0 in_seq=0 out_seq=0
2024-02-19T18:56:29.303 INFO:teuthology.orchestra.run.smithi055.stdout:/usr/bin/ceph: stderr
2024-02-19T18:56:28.359+0000 7f71397fa700 1 -- 172.21.15.55:0/2964683864 <== mon.0 v2:172.21.15.55:3300/0 6 ==== mon_command_ack([{"prefix": "get_command_descriptions"}]=0 v0) v1 ==== 72+0+182595 (secure 0 0 0) 0x7f712c01f080 con 0x7f713c105240
2024-02-19T18:56:29.303 INFO:teuthology.orchestra.run.smithi055.stdout:/usr/bin/ceph: stderr
2024-02-19T18:56:28.434+0000 7f71397fa700 1 -- 172.21.15.55:0/2964683864 <== mon.0 v2:172.21.15.55:3300/0 7 ==== mgrmap(e 4) v1 ==== 45541+0+0 (secure 0 0 0) 0x7f712c020260 con 0x7f713c105240
2024-02-19T18:56:29.303 INFO:teuthology.orchestra.run.smithi055.stdout:/usr/bin/ceph: stderr
2024-02-19T18:56:28.642+0000 7f7142376700 1 -- 172.21.15.55:0/2964683864 --> [v2:172.21.15.55:3300/0,v1:172.21.15.55:6789/0] -- mon_command({"prefix": "status", "format": "json-pretty"} v 0) v1 -- 0x7f713c061980 con 0x7f713c105240
2024-02-19T18:56:29.303 INFO:teuthology.orchestra.run.smithi055.stdout:/usr/bin/ceph: stderr
2024-02-19T18:56:28.643+0000 7f71397fa700 1 -- 172.21.15.55:0/2964683864 <== mon.0 v2:172.21.15.55:3300/0 8 ==== mon_command_ack([{"prefix": "status", "format": "json-pretty"}]=0 v0) v1 ==== 79+0+1246 (secure 0 0 0) 0x7f712c02c520 con 0x7f713c105240
2024-02-19T18:56:29.303 INFO:teuthology.orchestra.run.smithi055.stdout:/usr/bin/ceph: stderr
2024-02-19T18:56:28.645+0000 7f7142376700 1 -- 172.21.15.55:0/2964683864 >> [v2:172.21.15.55:6800/3196744064,v1:172.21.15.55:6801/3196744064] conn(0x7f71280385b0 msgr2=0x7f712803aa70 secure :-1 s=STATE_CONNECTION_ESTABLISHED l=1).mark_down
2024-02-19T18:56:29.303 INFO:teuthology.orchestra.run.smithi055.stdout:/usr/bin/ceph: stderr
2024-02-19T18:56:28.645+0000 7f7142376700 1 --2- 172.21.15.55:0/2964683864 >> [v2:172.21.15.55:6800/3196744064,v1:172.21.15.55:6801/3196744064] conn(0x7f71280385b0 0x7f712803aa70 secure :-1 s=READY pgs=6 cs=0 l=1 rev1=1 crypto rx=0x7f7124006fd0 tx=0x7f7124006e40 comp rx=0 tx=0).stop
2024-02-19T18:56:29.303 INFO:teuthology.orchestra.run.smithi055.stdout:/usr/bin/ceph: stderr
2024-02-19T18:56:28.645+0000 7f7142376700 1 -- 172.21.15.55:0/2964683864 >> [v2:172.21.15.55:3300/0,v1:172.21.15.55:6789/0] conn(0x7f713c105240 msgr2=0x7f713c19a0c0 secure :-1 s=STATE_CONNECTION_ESTABLISHED l=1).mark_down
2024-02-19T18:56:29.303 INFO:teuthology.orchestra.run.smithi055.stdout:/usr/bin/ceph: stderr
2024-02-19T18:56:28.645+0000 7f7142376700 1 --2- 172.21.15.55:0/2964683864 >> [v2:172.21.15.55:3300/0,v1:172.21.15.55:6789/0] conn(0x7f713c105240 0x7f713c19a0c0 secure :-1 s=READY pgs=19 cs=0 l=1 rev1=1 crypto rx=0x7f712c011710 tx=0x7f712c0047c0 comp rx=0 tx=0).stop
2024-02-19T18:56:29.303 INFO:teuthology.orchestra.run.smithi055.stdout:/usr/bin/ceph: stderr
2024-02-19T18:56:28.645+0000 7f7142376700 1 -- 172.21.15.55:0/2964683864 shutdown_connections
2024-02-19T18:56:29.303 INFO:teuthology.orchestra.run.smithi055.stdout:/usr/bin/ceph: stderr
2024-02-19T18:56:28.645+0000 7f7142376700 1 --2- 172.21.15.55:0/2964683864 >> [v2:172.21.15.55:6800/3196744064,v1:172.21.15.55:6801/3196744064] conn(0x7f71280385b0 0x7f712803aa70 unknown :-1 s=CLOSED pgs=6 cs=0 l=1 rev1=1 crypto rx=0 tx=0 comp rx=0 tx=0).stop
2024-02-19T18:56:29.303 INFO:teuthology.orchestra.run.smithi055.stdout:/usr/bin/ceph: stderr
2024-02-19T18:56:28.645+0000 7f7142376700 1 --2- 172.21.15.55:0/2964683864 >> [v2:172.21.15.55:3300/0,v1:172.21.15.55:6789/0] conn(0x7f713c105240 0x7f713c19a0c0 unknown :-1 s=CLOSED pgs=19 cs=0 l=1 rev1=1 crypto rx=0 tx=0 comp rx=0 tx=0).stop
2024-02-19T18:56:29.303 INFO:teuthology.orchestra.run.smithi055.stdout:/usr/bin/ceph: stderr
2024-02-19T18:56:28.645+0000 7f7142376700 1 -- 172.21.15.55:0/2964683864 >> 172.21.15.55:0/2964683864 conn(0x7f713c100820 msgr2=0x7f713c1016c0 unknown :-1 s=STATE_NONE l=0).mark_down
2024-02-19T18:56:29.303 INFO:teuthology.orchestra.run.smithi055.stdout:/usr/bin/ceph: stderr
2024-02-19T18:56:28.645+0000 7f7142376700 1 -- 172.21.15.55:0/2964683864 shutdown_connections
2024-02-19T18:56:29.304 INFO:teuthology.orchestra.run.smithi055.stdout:/usr/bin/ceph: stderr
2024-02-19T18:56:28.645+0000 7f7142376700 1 -- 172.21.15.55:0/2964683864 wait complete.
2024-02-19T18:56:29.304 INFO:teuthology.orchestra.run.smithi055.stdout:mgr is available
2024-02-19T18:56:29.676 INFO:journalctl@ceph.mon.smithi055.smithi055.stdout:Feb 19 18:56:29 smithi055 ceph-mon[29151]: mgrmap e4: smithi055.vmfiqo(active, since 3s)
2024-02-19T18:56:29.676 INFO:journalctl@ceph.mon.smithi055.smithi055.stdout:Feb 19 18:56:29 smithi055 ceph-mon[29151]: from='client.? 172.21.15.55:0/2964683864' entity='client.admin' cmd=[{"prefix": "status", "format": "json-pretty"}]: dispatch
2024-02-19T18:56:30.564 INFO:journalctl@ceph.mon.smithi055.smithi055.stdout:Feb 19 18:56:30 smithi055 ceph-mon[29151]: from='client.? 172.21.15.55:0/2259220628' entity='client.admin' cmd=[{"prefix": "config assimilate-conf"}]: dispatch
2024-02-19T18:56:30.573 INFO:teuthology.orchestra.run.smithi055.stdout:/usr/bin/ceph: stdout
2024-02-19T18:56:30.573 INFO:teuthology.orchestra.run.smithi055.stdout:/usr/bin/ceph: stdout [global]
2024-02-19T18:56:30.573 INFO:teuthology.orchestra.run.smithi055.stdout:/usr/bin/ceph: stdout fsid = 683009c8-cf58-11ee-95bb-87774f69a715
2024-02-19T18:56:30.574 INFO:teuthology.orchestra.run.smithi055.stdout:/usr/bin/ceph: stdout mon_osd_allow_pg_remap = true
2024-02-19T18:56:30.574 INFO:teuthology.orchestra.run.smithi055.stdout:/usr/bin/ceph: stdout mon_osd_allow_primary_affinity = true
2024-02-19T18:56:30.574 INFO:teuthology.orchestra.run.smithi055.stdout:/usr/bin/ceph: stdout mon_warn_on_no_sortbitwise = false
2024-02-19T18:56:30.574 INFO:teuthology.orchestra.run.smithi055.stdout:/usr/bin/ceph: stdout osd_crush_chooseleaf_type = 0
2024-02-19T18:56:30.574 INFO:teuthology.orchestra.run.smithi055.stdout:/usr/bin/ceph: stdout
2024-02-19T18:56:30.574 INFO:teuthology.orchestra.run.smithi055.stdout:/usr/bin/ceph: stdout [mgr]
2024-02-19T18:56:30.574 INFO:teuthology.orchestra.run.smithi055.stdout:/usr/bin/ceph: stdout mgr/telemetry/nag = false
2024-02-19T18:56:30.574 INFO:teuthology.orchestra.run.smithi055.stdout:/usr/bin/ceph: stdout
2024-02-19T18:56:30.574 INFO:teuthology.orchestra.run.smithi055.stdout:/usr/bin/ceph: stdout [osd]
2024-02-19T18:56:30.574 INFO:teuthology.orchestra.run.smithi055.stdout:/usr/bin/ceph: stdout mon_osd_backfillfull_ratio = 0.85
2024-02-19T18:56:30.574 INFO:teuthology.orchestra.run.smithi055.stdout:/usr/bin/ceph: stdout mon_osd_full_ratio = 0.9
2024-02-19T18:56:30.574 INFO:teuthology.orchestra.run.smithi055.stdout:/usr/bin/ceph: stdout mon_osd_nearfull_ratio = 0.8
2024-02-19T18:56:30.574 INFO:teuthology.orchestra.run.smithi055.stdout:/usr/bin/ceph: stdout osd_map_max_advance = 10
2024-02-19T18:56:30.574 INFO:teuthology.orchestra.run.smithi055.stdout:/usr/bin/ceph: stdout osd_sloppy_crc = true
2024-02-19T18:56:30.575 INFO:teuthology.orchestra.run.smithi055.stdout:/usr/bin/ceph: stderr
2024-02-19T18:56:29.690+0000 7f93395e5700 1 Processor -- start
2024-02-19T18:56:30.575 INFO:teuthology.orchestra.run.smithi055.stdout:/usr/bin/ceph: stderr
2024-02-19T18:56:29.690+0000 7f93395e5700 1 -- start start
2024-02-19T18:56:30.575 INFO:teuthology.orchestra.run.smithi055.stdout:/usr/bin/ceph: stderr
2024-02-19T18:56:29.690+0000 7f93395e5700 1 --2- >> [v2:172.21.15.55:3300/0,v1:172.21.15.55:6789/0] conn(0x7f9334106340 0x7f9334106760 unknown :-1 s=NONE pgs=0 cs=0 l=0 rev1=0 crypto rx=0 tx=0 comp rx=0 tx=0).connect
2024-02-19T18:56:30.575 INFO:teuthology.orchestra.run.smithi055.stdout:/usr/bin/ceph: stderr
2024-02-19T18:56:29.690+0000 7f93395e5700 1 -- --> [v2:172.21.15.55:3300/0,v1:172.21.15.55:6789/0] -- mon_getmap magic: 0 v1 -- 0x7f9334106d30 con 0x7f9334106340
2024-02-19T18:56:30.575 INFO:teuthology.orchestra.run.smithi055.stdout:/usr/bin/ceph: stderr
2024-02-19T18:56:29.690+0000 7f9332ffd700 1 --2- >> [v2:172.21.15.55:3300/0,v1:172.21.15.55:6789/0] conn(0x7f9334106340 0x7f9334106760 unknown :-1 s=BANNER_CONNECTING pgs=0 cs=0 l=0 rev1=0 crypto rx=0 tx=0 comp rx=0 tx=0)._handle_peer_banner_payload supported=3 required=0
2024-02-19T18:56:30.575 INFO:teuthology.orchestra.run.smithi055.stdout:/usr/bin/ceph: stderr
2024-02-19T18:56:29.690+0000 7f9332ffd700 1 --2- >> [v2:172.21.15.55:3300/0,v1:172.21.15.55:6789/0] conn(0x7f9334106340 0x7f9334106760 unknown :-1 s=HELLO_CONNECTING pgs=0 cs=0 l=0 rev1=1 crypto rx=0 tx=0 comp rx=0 tx=0).handle_hello peer v2:172.21.15.55:3300/0 says I am v2:172.21.15.55:60042/0 (socket says 172.21.15.55:60042)
2024-02-19T18:56:30.575 INFO:teuthology.orchestra.run.smithi055.stdout:/usr/bin/ceph: stderr
2024-02-19T18:56:29.690+0000 7f9332ffd700 1 -- 172.21.15.55:0/990638350 learned_addr learned my addr 172.21.15.55:0/990638350 (peer_addr_for_me v2:172.21.15.55:0/0)
2024-02-19T18:56:30.575 INFO:teuthology.orchestra.run.smithi055.stdout:/usr/bin/ceph: stderr
2024-02-19T18:56:29.690+0000 7f9332ffd700 1 -- 172.21.15.55:0/990638350 --> [v2:172.21.15.55:3300/0,v1:172.21.15.55:6789/0] -- mon_subscribe({config=0+,monmap=0+}) v3 -- 0x7f9334107540 con 0x7f9334106340
2024-02-19T18:56:30.575 INFO:teuthology.orchestra.run.smithi055.stdout:/usr/bin/ceph: stderr
2024-02-19T18:56:29.690+0000 7f9332ffd700 1 --2- 172.21.15.55:0/990638350 >> [v2:172.21.15.55:3300/0,v1:172.21.15.55:6789/0] conn(0x7f9334106340 0x7f9334106760 secure :-1 s=READY pgs=20 cs=0 l=1 rev1=1 crypto rx=0x7f93240098a0 tx=0x7f9324009bb0 comp rx=0 tx=0).ready entity=mon.0 client_cookie=b47957f643195711 server_cookie=0 in_seq=0 out_seq=0
2024-02-19T18:56:30.575 INFO:teuthology.orchestra.run.smithi055.stdout:/usr/bin/ceph: stderr
2024-02-19T18:56:29.691+0000 7f93327fc700 1 -- 172.21.15.55:0/990638350 <== mon.0 v2:172.21.15.55:3300/0 1 ==== mon_map magic: 0 v1 ==== 229+0+0 (secure 0 0 0) 0x7f9324004180 con 0x7f9334106340
2024-02-19T18:56:30.575 INFO:teuthology.orchestra.run.smithi055.stdout:/usr/bin/ceph: stderr
2024-02-19T18:56:29.691+0000 7f93327fc700 1 -- 172.21.15.55:0/990638350 <== mon.0 v2:172.21.15.55:3300/0 2 ==== config(27 keys) v1 ==== 1042+0+0 (secure 0 0 0) 0x7f93240042e0 con 0x7f9334106340
2024-02-19T18:56:30.575 INFO:teuthology.orchestra.run.smithi055.stdout:/usr/bin/ceph: stderr
2024-02-19T18:56:29.691+0000 7f93327fc700 1 -- 172.21.15.55:0/990638350 <== mon.0 v2:172.21.15.55:3300/0 3 ==== mon_map magic: 0 v1 ==== 229+0+0 (secure 0 0 0) 0x7f9324011a70 con 0x7f9334106340
2024-02-19T18:56:30.575 INFO:teuthology.orchestra.run.smithi055.stdout:/usr/bin/ceph: stderr
2024-02-19T18:56:29.691+0000 7f93395e5700 1 -- 172.21.15.55:0/990638350 >> [v2:172.21.15.55:3300/0,v1:172.21.15.55:6789/0] conn(0x7f9334106340 msgr2=0x7f9334106760 secure :-1 s=STATE_CONNECTION_ESTABLISHED l=1).mark_down
2024-02-19T18:56:30.576 INFO:teuthology.orchestra.run.smithi055.stdout:/usr/bin/ceph: stderr
2024-02-19T18:56:29.691+0000 7f93395e5700 1 --2- 172.21.15.55:0/990638350 >> [v2:172.21.15.55:3300/0,v1:172.21.15.55:6789/0] conn(0x7f9334106340 0x7f9334106760 secure :-1 s=READY pgs=20 cs=0 l=1 rev1=1 crypto rx=0x7f93240098a0 tx=0x7f9324009bb0 comp rx=0 tx=0).stop
2024-02-19T18:56:30.576 INFO:teuthology.orchestra.run.smithi055.stdout:/usr/bin/ceph: stderr
2024-02-19T18:56:29.691+0000 7f93395e5700 1 -- 172.21.15.55:0/990638350 shutdown_connections
2024-02-19T18:56:30.576 INFO:teuthology.orchestra.run.smithi055.stdout:/usr/bin/ceph: stderr
2024-02-19T18:56:29.691+0000 7f93395e5700 1 --2- 172.21.15.55:0/990638350 >> [v2:172.21.15.55:3300/0,v1:172.21.15.55:6789/0] conn(0x7f9334106340 0x7f9334106760 unknown :-1 s=CLOSED pgs=20 cs=0 l=1 rev1=1 crypto rx=0 tx=0 comp rx=0 tx=0).stop
2024-02-19T18:56:30.576 INFO:teuthology.orchestra.run.smithi055.stdout:/usr/bin/ceph: stderr
2024-02-19T18:56:29.691+0000 7f93395e5700 1 -- 172.21.15.55:0/990638350 >> 172.21.15.55:0/990638350 conn(0x7f93341018c0 msgr2=0x7f9334103d20 unknown :-1 s=STATE_NONE l=0).mark_down
2024-02-19T18:56:30.576 INFO:teuthology.orchestra.run.smithi055.stdout:/usr/bin/ceph: stderr
2024-02-19T18:56:29.691+0000 7f93395e5700 1 -- 172.21.15.55:0/990638350 shutdown_connections
2024-02-19T18:56:30.576 INFO:teuthology.orchestra.run.smithi055.stdout:/usr/bin/ceph: stderr
2024-02-19T18:56:29.691+0000 7f93395e5700 1 -- 172.21.15.55:0/990638350 wait complete.
2024-02-19T18:56:30.576 INFO:teuthology.orchestra.run.smithi055.stdout:/usr/bin/ceph: stderr
2024-02-19T18:56:29.692+0000 7f93395e5700 1 Processor -- start
2024-02-19T18:56:30.576 INFO:teuthology.orchestra.run.smithi055.stdout:/usr/bin/ceph: stderr
2024-02-19T18:56:29.692+0000 7f93395e5700 1 -- start start
2024-02-19T18:56:30.576 INFO:teuthology.orchestra.run.smithi055.stdout:/usr/bin/ceph: stderr
2024-02-19T18:56:29.692+0000 7f93395e5700 1 --2- >> [v2:172.21.15.55:3300/0,v1:172.21.15.55:6789/0] conn(0x7f9334106340 0x7f933419a390 unknown :-1 s=NONE pgs=0 cs=0 l=1 rev1=0 crypto rx=0 tx=0 comp rx=0 tx=0).connect
2024-02-19T18:56:30.576 INFO:teuthology.orchestra.run.smithi055.stdout:/usr/bin/ceph: stderr
2024-02-19T18:56:29.692+0000 7f93395e5700 1 -- --> [v2:172.21.15.55:3300/0,v1:172.21.15.55:6789/0] -- mon_getmap magic: 0 v1 -- 0x7f933419a8d0 con 0x7f9334106340
2024-02-19T18:56:30.576 INFO:teuthology.orchestra.run.smithi055.stdout:/usr/bin/ceph: stderr
2024-02-19T18:56:29.692+0000 7f9332ffd700 1 --2- >> [v2:172.21.15.55:3300/0,v1:172.21.15.55:6789/0] conn(0x7f9334106340 0x7f933419a390 unknown :-1 s=BANNER_CONNECTING pgs=0 cs=0 l=1 rev1=0 crypto rx=0 tx=0 comp rx=0 tx=0)._handle_peer_banner_payload supported=3 required=0
2024-02-19T18:56:30.576 INFO:teuthology.orchestra.run.smithi055.stdout:/usr/bin/ceph: stderr
2024-02-19T18:56:29.692+0000 7f9332ffd700 1 --2- >> [v2:172.21.15.55:3300/0,v1:172.21.15.55:6789/0] conn(0x7f9334106340 0x7f933419a390 unknown :-1 s=HELLO_CONNECTING pgs=0 cs=0 l=1 rev1=1 crypto rx=0 tx=0 comp rx=0 tx=0).handle_hello peer v2:172.21.15.55:3300/0 says I am v2:172.21.15.55:60054/0 (socket says 172.21.15.55:60054)
2024-02-19T18:56:30.576 INFO:teuthology.orchestra.run.smithi055.stdout:/usr/bin/ceph: stderr
2024-02-19T18:56:29.692+0000 7f9332ffd700 1 -- 172.21.15.55:0/2259220628 learned_addr learned my addr 172.21.15.55:0/2259220628 (peer_addr_for_me v2:172.21.15.55:0/0)
2024-02-19T18:56:30.577 INFO:teuthology.orchestra.run.smithi055.stdout:/usr/bin/ceph: stderr
2024-02-19T18:56:29.693+0000 7f9332ffd700 1 -- 172.21.15.55:0/2259220628 --> [v2:172.21.15.55:3300/0,v1:172.21.15.55:6789/0] -- mon_subscribe({config=0+,monmap=0+}) v3 -- 0x7f9324009550 con 0x7f9334106340
2024-02-19T18:56:30.577 INFO:teuthology.orchestra.run.smithi055.stdout:/usr/bin/ceph: stderr
2024-02-19T18:56:29.693+0000 7f9332ffd700 1 --2- 172.21.15.55:0/2259220628 >> [v2:172.21.15.55:3300/0,v1:172.21.15.55:6789/0] conn(0x7f9334106340 0x7f933419a390 secure :-1 s=READY pgs=21 cs=0 l=1 rev1=1 crypto rx=0x7f9324011710 tx=0x7f93240047c0 comp rx=0 tx=0).ready entity=mon.0 client_cookie=0 server_cookie=0 in_seq=0 out_seq=0
2024-02-19T18:56:30.577 INFO:teuthology.orchestra.run.smithi055.stdout:/usr/bin/ceph: stderr
2024-02-19T18:56:29.693+0000 7f9330ff9700 1 -- 172.21.15.55:0/2259220628 <== mon.0 v2:172.21.15.55:3300/0 1 ==== mon_map magic: 0 v1 ==== 229+0+0 (secure 0 0 0) 0x7f9324003b10 con 0x7f9334106340
2024-02-19T18:56:30.577 INFO:teuthology.orchestra.run.smithi055.stdout:/usr/bin/ceph: stderr
2024-02-19T18:56:29.693+0000 7f93395e5700 1 -- 172.21.15.55:0/2259220628 --> [v2:172.21.15.55:3300/0,v1:172.21.15.55:6789/0] -- mon_subscribe({mgrmap=0+}) v3 -- 0x7f933419aad0 con 0x7f9334106340
2024-02-19T18:56:30.577 INFO:teuthology.orchestra.run.smithi055.stdout:/usr/bin/ceph: stderr
2024-02-19T18:56:29.693+0000 7f9330ff9700 1 -- 172.21.15.55:0/2259220628 <== mon.0 v2:172.21.15.55:3300/0 2 ==== config(27 keys) v1 ==== 1042+0+0 (secure 0 0 0) 0x7f932401b8c0 con 0x7f9334106340
2024-02-19T18:56:30.577 INFO:teuthology.orchestra.run.smithi055.stdout:/usr/bin/ceph: stderr
2024-02-19T18:56:29.693+0000 7f9330ff9700 1 -- 172.21.15.55:0/2259220628 <== mon.0 v2:172.21.15.55:3300/0 3 ==== mon_map magic: 0 v1 ==== 229+0+0 (secure 0 0 0) 0x7f9324019710 con 0x7f9334106340
2024-02-19T18:56:30.577 INFO:teuthology.orchestra.run.smithi055.stdout:/usr/bin/ceph: stderr
2024-02-19T18:56:29.693+0000 7f93395e5700 1 -- 172.21.15.55:0/2259220628 --> [v2:172.21.15.55:3300/0,v1:172.21.15.55:6789/0] -- mon_subscribe({osdmap=0}) v3 -- 0x7f933419af70 con 0x7f9334106340
2024-02-19T18:56:30.577 INFO:teuthology.orchestra.run.smithi055.stdout:/usr/bin/ceph: stderr
2024-02-19T18:56:29.694+0000 7f9330ff9700 1 -- 172.21.15.55:0/2259220628 <== mon.0 v2:172.21.15.55:3300/0 4 ==== mgrmap(e 4) v1 ==== 45541+0+0 (secure 0 0 0) 0x7f9324019910 con 0x7f9334106340
2024-02-19T18:56:30.577 INFO:teuthology.orchestra.run.smithi055.stdout:/usr/bin/ceph: stderr
2024-02-19T18:56:29.694+0000 7f9330ff9700 1 --2- 172.21.15.55:0/2259220628 >> [v2:172.21.15.55:6800/3196744064,v1:172.21.15.55:6801/3196744064] conn(0x7f9320038690 0x7f932003ab50 unknown :-1 s=NONE pgs=0 cs=0 l=1 rev1=0 crypto rx=0 tx=0 comp rx=0 tx=0).connect
2024-02-19T18:56:30.577 INFO:teuthology.orchestra.run.smithi055.stdout:/usr/bin/ceph: stderr
2024-02-19T18:56:29.694+0000 7f9330ff9700 1 -- 172.21.15.55:0/2259220628 <== mon.0 v2:172.21.15.55:3300/0 5 ==== osd_map(1..1 src has 1..1) v4 ==== 725+0+0 (secure 0 0 0) 0x7f932404ca80 con 0x7f9334106340
2024-02-19T18:56:30.577 INFO:teuthology.orchestra.run.smithi055.stdout:/usr/bin/ceph: stderr
2024-02-19T18:56:29.694+0000 7f932a7fc700 1 --2- 172.21.15.55:0/2259220628 >> [v2:172.21.15.55:6800/3196744064,v1:172.21.15.55:6801/3196744064] conn(0x7f9320038690 0x7f932003ab50 unknown :-1 s=BANNER_CONNECTING pgs=0 cs=0 l=1 rev1=0 crypto rx=0 tx=0 comp rx=0 tx=0)._handle_peer_banner_payload supported=3 required=0
2024-02-19T18:56:30.577 INFO:teuthology.orchestra.run.smithi055.stdout:/usr/bin/ceph: stderr
2024-02-19T18:56:29.694+0000 7f93395e5700 1 -- 172.21.15.55:0/2259220628 --> [v2:172.21.15.55:3300/0,v1:172.21.15.55:6789/0] -- mon_command({"prefix": "get_command_descriptions"} v 0) v1 -- 0x7f9334194160 con 0x7f9334106340
2024-02-19T18:56:30.577 INFO:teuthology.orchestra.run.smithi055.stdout:/usr/bin/ceph: stderr
2024-02-19T18:56:29.695+0000 7f932a7fc700 1 --2- 172.21.15.55:0/2259220628 >> [v2:172.21.15.55:6800/3196744064,v1:172.21.15.55:6801/3196744064] conn(0x7f9320038690 0x7f932003ab50 secure :-1 s=READY pgs=7 cs=0 l=1 rev1=1 crypto rx=0x7f931c006fd0 tx=0x7f931c006e40 comp rx=0 tx=0).ready entity=mgr.14100 client_cookie=0 server_cookie=0 in_seq=0 out_seq=0
2024-02-19T18:56:30.577 INFO:teuthology.orchestra.run.smithi055.stdout:/usr/bin/ceph: stderr
2024-02-19T18:56:29.699+0000 7f9330ff9700 1 -- 172.21.15.55:0/2259220628 <== mon.0 v2:172.21.15.55:3300/0 6 ==== mon_command_ack([{"prefix": "get_command_descriptions"}]=0 v0) v1 ==== 72+0+182595 (secure 0 0 0) 0x7f9324018db0 con 0x7f9334106340
2024-02-19T18:56:30.578 INFO:teuthology.orchestra.run.smithi055.stdout:/usr/bin/ceph: stderr
2024-02-19T18:56:29.898+0000 7f93395e5700 1 -- 172.21.15.55:0/2259220628 --> [v2:172.21.15.55:3300/0,v1:172.21.15.55:6789/0] -- mon_command({"prefix": "config assimilate-conf"} v 0) v1 -- 0x7f933402d090 con 0x7f9334106340
2024-02-19T18:56:30.578 INFO:teuthology.orchestra.run.smithi055.stdout:/usr/bin/ceph: stderr
2024-02-19T18:56:29.899+0000 7f9330ff9700 1 -- 172.21.15.55:0/2259220628 <== mon.0 v2:172.21.15.55:3300/0 7 ==== mon_command_ack([{"prefix": "config assimilate-conf"}]=0 v3) v1 ==== 70+0+373 (secure 0 0 0) 0x7f9324018350 con 0x7f9334106340
2024-02-19T18:56:30.578 INFO:teuthology.orchestra.run.smithi055.stdout:/usr/bin/ceph: stderr
