2024-02-19T18:56:40.033 INFO:teuthology.orchestra.run.smithi055.stdout:/usr/bin/ceph: stderr
2024-02-19T18:56:33.769+0000 7f54c826f700 1 -- 172.21.15.55:0/469213106 --> [v2:172.21.15.55:3300/0,v1:172.21.15.55:6789/0] -- mon_subscribe({osdmap=0}) v3 -- 0x7f54c019af80 con 0x7f54c0106db0
2024-02-19T18:56:40.034 INFO:teuthology.orchestra.run.smithi055.stdout:/usr/bin/ceph: stderr
2024-02-19T18:56:33.769+0000 7f54b77fe700 1 -- 172.21.15.55:0/469213106 <== mon.0 v2:172.21.15.55:3300/0 3 ==== mon_map magic: 0 v1 ==== 229+0+0 (secure 0 0 0) 0x7f54bc0197e0 con 0x7f54c0106db0
2024-02-19T18:56:40.034 INFO:teuthology.orchestra.run.smithi055.stdout:/usr/bin/ceph: stderr
2024-02-19T18:56:33.770+0000 7f54b77fe700 1 -- 172.21.15.55:0/469213106 <== mon.0 v2:172.21.15.55:3300/0 4 ==== mgrmap(e 5) v1 ==== 45552+0+0 (secure 0 0 0) 0x7f54bc019a40 con 0x7f54c0106db0
2024-02-19T18:56:40.034 INFO:teuthology.orchestra.run.smithi055.stdout:/usr/bin/ceph: stderr
2024-02-19T18:56:33.770+0000 7f54b77fe700 1 --2- 172.21.15.55:0/469213106 >> [v2:172.21.15.55:6800/3196744064,v1:172.21.15.55:6801/3196744064] conn(0x7f54ac038720 0x7f54ac03abe0 unknown :-1 s=NONE pgs=0 cs=0 l=1 rev1=0 crypto rx=0 tx=0 comp rx=0 tx=0).connect
2024-02-19T18:56:40.034 INFO:teuthology.orchestra.run.smithi055.stdout:/usr/bin/ceph: stderr
2024-02-19T18:56:33.770+0000 7f54b77fe700 1 -- 172.21.15.55:0/469213106 --> [v2:172.21.15.55:6800/3196744064,v1:172.21.15.55:6801/3196744064] -- command(tid 0: {"prefix": "get_command_descriptions"}) v1 -- 0x7f54ac03b2f0 con 0x7f54ac038720
2024-02-19T18:56:40.034 INFO:teuthology.orchestra.run.smithi055.stdout:/usr/bin/ceph: stderr
2024-02-19T18:56:33.770+0000 7f54b77fe700 1 -- 172.21.15.55:0/469213106 <== mon.0 v2:172.21.15.55:3300/0 5 ==== osd_map(1..1 src has 1..1) v4 ==== 725+0+0 (secure 0 0 0) 0x7f54bc04c960 con 0x7f54c0106db0
2024-02-19T18:56:40.034 INFO:teuthology.orchestra.run.smithi055.stdout:/usr/bin/ceph: stderr
2024-02-19T18:56:33.770+0000 7f54c580a700 1 -- 172.21.15.55:0/469213106 >> [v2:172.21.15.55:6800/3196744064,v1:172.21.15.55:6801/3196744064] conn(0x7f54ac038720 msgr2=0x7f54ac03abe0 unknown :-1 s=STATE_CONNECTING_RE l=1).process reconnect failed to v2:172.21.15.55:6800/3196744064
2024-02-19T18:56:40.034 INFO:teuthology.orchestra.run.smithi055.stdout:/usr/bin/ceph: stderr
2024-02-19T18:56:33.771+0000 7f54c580a700 1 --2- 172.21.15.55:0/469213106 >> [v2:172.21.15.55:6800/3196744064,v1:172.21.15.55:6801/3196744064] conn(0x7f54ac038720 0x7f54ac03abe0 unknown :-1 s=START_CONNECT pgs=0 cs=0 l=1 rev1=0 crypto rx=0 tx=0 comp rx=0 tx=0)._fault waiting 0.200000
2024-02-19T18:56:40.034 INFO:teuthology.orchestra.run.smithi055.stdout:/usr/bin/ceph: stderr
2024-02-19T18:56:33.972+0000 7f54c580a700 1 -- 172.21.15.55:0/469213106 >> [v2:172.21.15.55:6800/3196744064,v1:172.21.15.55:6801/3196744064] conn(0x7f54ac038720 msgr2=0x7f54ac03abe0 unknown :-1 s=STATE_CONNECTING_RE l=1).process reconnect failed to v2:172.21.15.55:6800/3196744064
2024-02-19T18:56:40.034 INFO:teuthology.orchestra.run.smithi055.stdout:/usr/bin/ceph: stderr
2024-02-19T18:56:33.972+0000 7f54c580a700 1 --2- 172.21.15.55:0/469213106 >> [v2:172.21.15.55:6800/3196744064,v1:172.21.15.55:6801/3196744064] conn(0x7f54ac038720 0x7f54ac03abe0 unknown :-1 s=START_CONNECT pgs=0 cs=0 l=1 rev1=0 crypto rx=0 tx=0 comp rx=0 tx=0)._fault waiting 0.400000
2024-02-19T18:56:40.034 INFO:teuthology.orchestra.run.smithi055.stdout:/usr/bin/ceph: stderr
2024-02-19T18:56:34.373+0000 7f54c580a700 1 -- 172.21.15.55:0/469213106 >> [v2:172.21.15.55:6800/3196744064,v1:172.21.15.55:6801/3196744064] conn(0x7f54ac038720 msgr2=0x7f54ac03abe0 unknown :-1 s=STATE_CONNECTING_RE l=1).process reconnect failed to v2:172.21.15.55:6800/3196744064
2024-02-19T18:56:40.034 INFO:teuthology.orchestra.run.smithi055.stdout:/usr/bin/ceph: stderr
2024-02-19T18:56:34.373+0000 7f54c580a700 1 --2- 172.21.15.55:0/469213106 >> [v2:172.21.15.55:6800/3196744064,v1:172.21.15.55:6801/3196744064] conn(0x7f54ac038720 0x7f54ac03abe0 unknown :-1 s=START_CONNECT pgs=0 cs=0 l=1 rev1=0 crypto rx=0 tx=0 comp rx=0 tx=0)._fault waiting 0.800000
2024-02-19T18:56:40.034 INFO:teuthology.orchestra.run.smithi055.stdout:/usr/bin/ceph: stderr
2024-02-19T18:56:35.174+0000 7f54c580a700 1 -- 172.21.15.55:0/469213106 >> [v2:172.21.15.55:6800/3196744064,v1:172.21.15.55:6801/3196744064] conn(0x7f54ac038720 msgr2=0x7f54ac03abe0 unknown :-1 s=STATE_CONNECTING_RE l=1).process reconnect failed to v2:172.21.15.55:6800/3196744064
2024-02-19T18:56:40.034 INFO:teuthology.orchestra.run.smithi055.stdout:/usr/bin/ceph: stderr
2024-02-19T18:56:35.174+0000 7f54c580a700 1 --2- 172.21.15.55:0/469213106 >> [v2:172.21.15.55:6800/3196744064,v1:172.21.15.55:6801/3196744064] conn(0x7f54ac038720 0x7f54ac03abe0 unknown :-1 s=START_CONNECT pgs=0 cs=0 l=1 rev1=0 crypto rx=0 tx=0 comp rx=0 tx=0)._fault waiting 1.600000
2024-02-19T18:56:40.034 INFO:teuthology.orchestra.run.smithi055.stdout:/usr/bin/ceph: stderr
2024-02-19T18:56:36.775+0000 7f54c580a700 1 -- 172.21.15.55:0/469213106 >> [v2:172.21.15.55:6800/3196744064,v1:172.21.15.55:6801/3196744064] conn(0x7f54ac038720 msgr2=0x7f54ac03abe0 unknown :-1 s=STATE_CONNECTING_RE l=1).process reconnect failed to v2:172.21.15.55:6800/3196744064
2024-02-19T18:56:40.034 INFO:teuthology.orchestra.run.smithi055.stdout:/usr/bin/ceph: stderr
2024-02-19T18:56:36.775+0000 7f54c580a700 1 --2- 172.21.15.55:0/469213106 >> [v2:172.21.15.55:6800/3196744064,v1:172.21.15.55:6801/3196744064] conn(0x7f54ac038720 0x7f54ac03abe0 unknown :-1 s=START_CONNECT pgs=0 cs=0 l=1 rev1=0 crypto rx=0 tx=0 comp rx=0 tx=0)._fault waiting 3.200000
2024-02-19T18:56:40.035 INFO:teuthology.orchestra.run.smithi055.stdout:/usr/bin/ceph: stderr
2024-02-19T18:56:38.450+0000 7f54b77fe700 1 -- 172.21.15.55:0/469213106 <== mon.0 v2:172.21.15.55:3300/0 6 ==== mgrmap(e 6) v1 ==== 45319+0+0 (secure 0 0 0) 0x7f54bc01a750 con 0x7f54c0106db0
2024-02-19T18:56:40.035 INFO:teuthology.orchestra.run.smithi055.stdout:/usr/bin/ceph: stderr
2024-02-19T18:56:38.450+0000 7f54b77fe700 1 -- 172.21.15.55:0/469213106 >> [v2:172.21.15.55:6800/3196744064,v1:172.21.15.55:6801/3196744064] conn(0x7f54ac038720 msgr2=0x7f54ac03abe0 unknown :-1 s=STATE_CONNECTING l=1).mark_down
2024-02-19T18:56:40.035 INFO:teuthology.orchestra.run.smithi055.stdout:/usr/bin/ceph: stderr
2024-02-19T18:56:38.450+0000 7f54b77fe700 1 --2- 172.21.15.55:0/469213106 >> [v2:172.21.15.55:6800/3196744064,v1:172.21.15.55:6801/3196744064] conn(0x7f54ac038720 0x7f54ac03abe0 unknown :-1 s=START_CONNECT pgs=0 cs=0 l=1 rev1=0 crypto rx=0 tx=0 comp rx=0 tx=0).stop
2024-02-19T18:56:40.035 INFO:teuthology.orchestra.run.smithi055.stdout:/usr/bin/ceph: stderr
2024-02-19T18:56:39.456+0000 7f54b77fe700 1 -- 172.21.15.55:0/469213106 <== mon.0 v2:172.21.15.55:3300/0 7 ==== mgrmap(e 7) v1 ==== 45446+0+0 (secure 0 0 0) 0x7f54bc04e260 con 0x7f54c0106db0
2024-02-19T18:56:40.035 INFO:teuthology.orchestra.run.smithi055.stdout:/usr/bin/ceph: stderr
2024-02-19T18:56:39.456+0000 7f54b77fe700 1 --2- 172.21.15.55:0/469213106 >> [v2:172.21.15.55:6800/2246005421,v1:172.21.15.55:6801/2246005421] conn(0x7f54ac03bfb0 0x7f54ac03e3a0 unknown :-1 s=NONE pgs=0 cs=0 l=1 rev1=0 crypto rx=0 tx=0 comp rx=0 tx=0).connect
2024-02-19T18:56:40.035 INFO:teuthology.orchestra.run.smithi055.stdout:/usr/bin/ceph: stderr
2024-02-19T18:56:39.456+0000 7f54b77fe700 1 -- 172.21.15.55:0/469213106 --> [v2:172.21.15.55:6800/2246005421,v1:172.21.15.55:6801/2246005421] -- command(tid 0: {"prefix": "get_command_descriptions"}) v1 -- 0x7f54ac03b2f0 con 0x7f54ac03bfb0
2024-02-19T18:56:40.035 INFO:teuthology.orchestra.run.smithi055.stdout:/usr/bin/ceph: stderr
2024-02-19T18:56:39.456+0000 7f54c580a700 1 --2- 172.21.15.55:0/469213106 >> [v2:172.21.15.55:6800/2246005421,v1:172.21.15.55:6801/2246005421] conn(0x7f54ac03bfb0 0x7f54ac03e3a0 unknown :-1 s=BANNER_CONNECTING pgs=0 cs=0 l=1 rev1=0 crypto rx=0 tx=0 comp rx=0 tx=0)._handle_peer_banner_payload supported=3 required=0
2024-02-19T18:56:40.035 INFO:teuthology.orchestra.run.smithi055.stdout:/usr/bin/ceph: stderr
2024-02-19T18:56:39.457+0000 7f54c580a700 1 --2- 172.21.15.55:0/469213106 >> [v2:172.21.15.55:6800/2246005421,v1:172.21.15.55:6801/2246005421] conn(0x7f54ac03bfb0 0x7f54ac03e3a0 secure :-1 s=READY pgs=1 cs=0 l=1 rev1=1 crypto rx=0x7f54b0003a10 tx=0x7f54b0009290 comp rx=0 tx=0).ready entity=mgr.14120 client_cookie=0 server_cookie=0 in_seq=0 out_seq=0
2024-02-19T18:56:40.035 INFO:teuthology.orchestra.run.smithi055.stdout:/usr/bin/ceph: stderr
2024-02-19T18:56:39.458+0000 7f54b77fe700 1 -- 172.21.15.55:0/469213106 <== mgr.14120 v2:172.21.15.55:6800/2246005421 1 ==== command_reply(tid 0: 0 ) v1 ==== 8+0+6910 (secure 0 0 0) 0x7f54ac03b2f0 con 0x7f54ac03bfb0
2024-02-19T18:56:40.035 INFO:teuthology.orchestra.run.smithi055.stdout:/usr/bin/ceph: stderr
2024-02-19T18:56:39.464+0000 7f54c826f700 1 -- 172.21.15.55:0/469213106 --> [v2:172.21.15.55:6800/2246005421,v1:172.21.15.55:6801/2246005421] -- command(tid 1: {"prefix": "mgr_status"}) v1 -- 0x7f54c0069ff0 con 0x7f54ac03bfb0
2024-02-19T18:56:40.035 INFO:teuthology.orchestra.run.smithi055.stdout:/usr/bin/ceph: stderr
2024-02-19T18:56:39.464+0000 7f54b77fe700 1 -- 172.21.15.55:0/469213106 <== mgr.14120 v2:172.21.15.55:6800/2246005421 2 ==== command_reply(tid 1: 0 ) v1 ==== 8+0+51 (secure 0 0 0) 0x7f54c0069ff0 con 0x7f54ac03bfb0
2024-02-19T18:56:40.035 INFO:teuthology.orchestra.run.smithi055.stdout:/usr/bin/ceph: stderr
2024-02-19T18:56:39.465+0000 7f54c826f700 1 -- 172.21.15.55:0/469213106 >> [v2:172.21.15.55:6800/2246005421,v1:172.21.15.55:6801/2246005421] conn(0x7f54ac03bfb0 msgr2=0x7f54ac03e3a0 secure :-1 s=STATE_CONNECTION_ESTABLISHED l=1).mark_down
2024-02-19T18:56:40.035 INFO:teuthology.orchestra.run.smithi055.stdout:/usr/bin/ceph: stderr
2024-02-19T18:56:39.465+0000 7f54c826f700 1 --2- 172.21.15.55:0/469213106 >> [v2:172.21.15.55:6800/2246005421,v1:172.21.15.55:6801/2246005421] conn(0x7f54ac03bfb0 0x7f54ac03e3a0 secure :-1 s=READY pgs=1 cs=0 l=1 rev1=1 crypto rx=0x7f54b0003a10 tx=0x7f54b0009290 comp rx=0 tx=0).stop
2024-02-19T18:56:40.035 INFO:teuthology.orchestra.run.smithi055.stdout:/usr/bin/ceph: stderr
2024-02-19T18:56:39.465+0000 7f54c826f700 1 -- 172.21.15.55:0/469213106 >> [v2:172.21.15.55:3300/0,v1:172.21.15.55:6789/0] conn(0x7f54c0106db0 msgr2=0x7f54c019a3a0 secure :-1 s=STATE_CONNECTION_ESTABLISHED l=1).mark_down
2024-02-19T18:56:40.036 INFO:teuthology.orchestra.run.smithi055.stdout:/usr/bin/ceph: stderr
2024-02-19T18:56:39.465+0000 7f54c826f700 1 --2- 172.21.15.55:0/469213106 >> [v2:172.21.15.55:3300/0,v1:172.21.15.55:6789/0] conn(0x7f54c0106db0 0x7f54c019a3a0 secure :-1 s=READY pgs=29 cs=0 l=1 rev1=1 crypto rx=0x7f54bc011710 tx=0x7f54bc0047c0 comp rx=0 tx=0).stop
2024-02-19T18:56:40.036 INFO:teuthology.orchestra.run.smithi055.stdout:/usr/bin/ceph: stderr
2024-02-19T18:56:39.465+0000 7f54c826f700 1 -- 172.21.15.55:0/469213106 shutdown_connections
2024-02-19T18:56:40.036 INFO:teuthology.orchestra.run.smithi055.stdout:/usr/bin/ceph: stderr
2024-02-19T18:56:39.465+0000 7f54c826f700 1 --2- 172.21.15.55:0/469213106 >> [v2:172.21.15.55:3300/0,v1:172.21.15.55:6789/0] conn(0x7f54c0106db0 0x7f54c019a3a0 unknown :-1 s=CLOSED pgs=29 cs=0 l=1 rev1=1 crypto rx=0 tx=0 comp rx=0 tx=0).stop
2024-02-19T18:56:40.036 INFO:teuthology.orchestra.run.smithi055.stdout:/usr/bin/ceph: stderr
2024-02-19T18:56:39.465+0000 7f54c826f700 1 --2- 172.21.15.55:0/469213106 >> [v2:172.21.15.55:6800/2246005421,v1:172.21.15.55:6801/2246005421] conn(0x7f54ac03bfb0 0x7f54ac03e3a0 unknown :-1 s=CLOSED pgs=1 cs=0 l=1 rev1=1 crypto rx=0 tx=0 comp rx=0 tx=0).stop
2024-02-19T18:56:40.036 INFO:teuthology.orchestra.run.smithi055.stdout:/usr/bin/ceph: stderr
2024-02-19T18:56:39.465+0000 7f54c826f700 1 --2- 172.21.15.55:0/469213106 >> [v2:172.21.15.55:6800/3196744064,v1:172.21.15.55:6801/3196744064] conn(0x7f54ac038720 0x7f54ac03abe0 unknown :-1 s=CLOSED pgs=0 cs=0 l=1 rev1=0 crypto rx=0 tx=0 comp rx=0 tx=0).stop
2024-02-19T18:56:40.036 INFO:teuthology.orchestra.run.smithi055.stdout:/usr/bin/ceph: stderr
2024-02-19T18:56:39.465+0000 7f54c826f700 1 -- 172.21.15.55:0/469213106 >> 172.21.15.55:0/469213106 conn(0x7f54c0100780 msgr2=0x7f54c0101630 unknown :-1 s=STATE_NONE l=0).mark_down
2024-02-19T18:56:40.036 INFO:teuthology.orchestra.run.smithi055.stdout:/usr/bin/ceph: stderr
2024-02-19T18:56:39.465+0000 7f54c826f700 1 -- 172.21.15.55:0/469213106 shutdown_connections
2024-02-19T18:56:40.036 INFO:teuthology.orchestra.run.smithi055.stdout:/usr/bin/ceph: stderr
2024-02-19T18:56:39.465+0000 7f54c826f700 1 -- 172.21.15.55:0/469213106 wait complete.
2024-02-19T18:56:40.036 INFO:teuthology.orchestra.run.smithi055.stdout:mgr epoch 5 is available
2024-02-19T18:56:40.036 INFO:teuthology.orchestra.run.smithi055.stdout:Setting orchestrator backend to cephadm...
2024-02-19T18:56:40.652 INFO:journalctl@ceph.mon.smithi055.smithi055.stdout:Feb 19 18:56:40 smithi055 ceph-mon[29151]: from='client.14124 -' entity='client.admin' cmd=[{"prefix": "get_command_descriptions"}]: dispatch
2024-02-19T18:56:40.653 INFO:journalctl@ceph.mon.smithi055.smithi055.stdout:Feb 19 18:56:40 smithi055 ceph-mon[29151]: from='client.14124 -' entity='client.admin' cmd=[{"prefix": "mgr_status"}]: dispatch
2024-02-19T18:56:40.653 INFO:journalctl@ceph.mon.smithi055.smithi055.stdout:Feb 19 18:56:40 smithi055 ceph-mon[29151]: from='mgr.14120 172.21.15.55:0/3424517124' entity='mgr.smithi055.vmfiqo'
2024-02-19T18:56:40.653 INFO:journalctl@ceph.mon.smithi055.smithi055.stdout:Feb 19 18:56:40 smithi055 ceph-mon[29151]: from='mgr.14120 172.21.15.55:0/3424517124' entity='mgr.smithi055.vmfiqo'
2024-02-19T18:56:41.210 INFO:teuthology.orchestra.run.smithi055.stdout:/usr/bin/ceph: stderr
2024-02-19T18:56:40.425+0000 7f394f996700 1 Processor -- start
2024-02-19T18:56:41.210 INFO:teuthology.orchestra.run.smithi055.stdout:/usr/bin/ceph: stderr
2024-02-19T18:56:40.425+0000 7f394f996700 1 -- start start
2024-02-19T18:56:41.210 INFO:teuthology.orchestra.run.smithi055.stdout:/usr/bin/ceph: stderr
2024-02-19T18:56:40.426+0000 7f394f996700 1 --2- >> [v2:172.21.15.55:3300/0,v1:172.21.15.55:6789/0] conn(0x7f3948106320 0x7f3948106740 unknown :-1 s=NONE pgs=0 cs=0 l=0 rev1=0 crypto rx=0 tx=0 comp rx=0 tx=0).connect
2024-02-19T18:56:41.211 INFO:teuthology.orchestra.run.smithi055.stdout:/usr/bin/ceph: stderr
2024-02-19T18:56:40.426+0000 7f394f996700 1 -- --> [v2:172.21.15.55:3300/0,v1:172.21.15.55:6789/0] -- mon_getmap magic: 0 v1 -- 0x7f3948106d10 con 0x7f3948106320
2024-02-19T18:56:41.211 INFO:teuthology.orchestra.run.smithi055.stdout:/usr/bin/ceph: stderr
2024-02-19T18:56:40.426+0000 7f394d732700 1 --2- >> [v2:172.21.15.55:3300/0,v1:172.21.15.55:6789/0] conn(0x7f3948106320 0x7f3948106740 unknown :-1 s=BANNER_CONNECTING pgs=0 cs=0 l=0 rev1=0 crypto rx=0 tx=0 comp rx=0 tx=0)._handle_peer_banner_payload supported=3 required=0
2024-02-19T18:56:41.211 INFO:teuthology.orchestra.run.smithi055.stdout:/usr/bin/ceph: stderr
2024-02-19T18:56:40.426+0000 7f394d732700 1 --2- >> [v2:172.21.15.55:3300/0,v1:172.21.15.55:6789/0] conn(0x7f3948106320 0x7f3948106740 unknown :-1 s=HELLO_CONNECTING pgs=0 cs=0 l=0 rev1=1 crypto rx=0 tx=0 comp rx=0 tx=0).handle_hello peer v2:172.21.15.55:3300/0 says I am v2:172.21.15.55:52186/0 (socket says 172.21.15.55:52186)
2024-02-19T18:56:41.211 INFO:teuthology.orchestra.run.smithi055.stdout:/usr/bin/ceph: stderr
2024-02-19T18:56:40.426+0000 7f394d732700 1 -- 172.21.15.55:0/1264669112 learned_addr learned my addr 172.21.15.55:0/1264669112 (peer_addr_for_me v2:172.21.15.55:0/0)
2024-02-19T18:56:41.211 INFO:teuthology.orchestra.run.smithi055.stdout:/usr/bin/ceph: stderr
2024-02-19T18:56:40.426+0000 7f394d732700 1 -- 172.21.15.55:0/1264669112 --> [v2:172.21.15.55:3300/0,v1:172.21.15.55:6789/0] -- mon_subscribe({config=0+,monmap=0+}) v3 -- 0x7f3948107520 con 0x7f3948106320
2024-02-19T18:56:41.211 INFO:teuthology.orchestra.run.smithi055.stdout:/usr/bin/ceph: stderr
2024-02-19T18:56:40.426+0000 7f394d732700 1 --2- 172.21.15.55:0/1264669112 >> [v2:172.21.15.55:3300/0,v1:172.21.15.55:6789/0] conn(0x7f3948106320 0x7f3948106740 secure :-1 s=READY pgs=37 cs=0 l=1 rev1=1 crypto rx=0x7f39440098a0 tx=0x7f3944009bb0 comp rx=0 tx=0).ready entity=mon.0 client_cookie=ffea23b8c9f9d71e server_cookie=0 in_seq=0 out_seq=0
2024-02-19T18:56:41.211 INFO:teuthology.orchestra.run.smithi055.stdout:/usr/bin/ceph: stderr
2024-02-19T18:56:40.426+0000 7f393bfff700 1 -- 172.21.15.55:0/1264669112 <== mon.0 v2:172.21.15.55:3300/0 1 ==== mon_map magic: 0 v1 ==== 229+0+0 (secure 0 0 0) 0x7f3944004180 con 0x7f3948106320
2024-02-19T18:56:41.211 INFO:teuthology.orchestra.run.smithi055.stdout:/usr/bin/ceph: stderr
2024-02-19T18:56:40.426+0000 7f393bfff700 1 -- 172.21.15.55:0/1264669112 <== mon.0 v2:172.21.15.55:3300/0 2 ==== config(27 keys) v1 ==== 1042+0+0 (secure 0 0 0) 0x7f39440042e0 con 0x7f3948106320
2024-02-19T18:56:41.211 INFO:teuthology.orchestra.run.smithi055.stdout:/usr/bin/ceph: stderr
2024-02-19T18:56:40.426+0000 7f393bfff700 1 -- 172.21.15.55:0/1264669112 <== mon.0 v2:172.21.15.55:3300/0 3 ==== mon_map magic: 0 v1 ==== 229+0+0 (secure 0 0 0) 0x7f3944011a70 con 0x7f3948106320
2024-02-19T18:56:41.211 INFO:teuthology.orchestra.run.smithi055.stdout:/usr/bin/ceph: stderr
2024-02-19T18:56:40.427+0000 7f394f996700 1 -- 172.21.15.55:0/1264669112 >> [v2:172.21.15.55:3300/0,v1:172.21.15.55:6789/0] conn(0x7f3948106320 msgr2=0x7f3948106740 secure :-1 s=STATE_CONNECTION_ESTABLISHED l=1).mark_down
2024-02-19T18:56:41.211 INFO:teuthology.orchestra.run.smithi055.stdout:/usr/bin/ceph: stderr
2024-02-19T18:56:40.427+0000 7f394f996700 1 --2- 172.21.15.55:0/1264669112 >> [v2:172.21.15.55:3300/0,v1:172.21.15.55:6789/0] conn(0x7f3948106320 0x7f3948106740 secure :-1 s=READY pgs=37 cs=0 l=1 rev1=1 crypto rx=0x7f39440098a0 tx=0x7f3944009bb0 comp rx=0 tx=0).stop
2024-02-19T18:56:41.211 INFO:teuthology.orchestra.run.smithi055.stdout:/usr/bin/ceph: stderr
2024-02-19T18:56:40.427+0000 7f394f996700 1 -- 172.21.15.55:0/1264669112 shutdown_connections
2024-02-19T18:56:41.211 INFO:teuthology.orchestra.run.smithi055.stdout:/usr/bin/ceph: stderr
2024-02-19T18:56:40.427+0000 7f394f996700 1 --2- 172.21.15.55:0/1264669112 >> [v2:172.21.15.55:3300/0,v1:172.21.15.55:6789/0] conn(0x7f3948106320 0x7f3948106740 unknown :-1 s=CLOSED pgs=37 cs=0 l=1 rev1=1 crypto rx=0 tx=0 comp rx=0 tx=0).stop
2024-02-19T18:56:41.211 INFO:teuthology.orchestra.run.smithi055.stdout:/usr/bin/ceph: stderr
2024-02-19T18:56:40.427+0000 7f394f996700 1 -- 172.21.15.55:0/1264669112 >> 172.21.15.55:0/1264669112 conn(0x7f39481018a0 msgr2=0x7f3948103d00 unknown :-1 s=STATE_NONE l=0).mark_down
2024-02-19T18:56:41.212 INFO:teuthology.orchestra.run.smithi055.stdout:/usr/bin/ceph: stderr
2024-02-19T18:56:40.427+0000 7f394f996700 1 -- 172.21.15.55:0/1264669112 shutdown_connections
2024-02-19T18:56:41.212 INFO:teuthology.orchestra.run.smithi055.stdout:/usr/bin/ceph: stderr
2024-02-19T18:56:40.427+0000 7f394f996700 1 -- 172.21.15.55:0/1264669112 wait complete.
2024-02-19T18:56:41.212 INFO:teuthology.orchestra.run.smithi055.stdout:/usr/bin/ceph: stderr
2024-02-19T18:56:40.428+0000 7f394f996700 1 Processor -- start
2024-02-19T18:56:41.212 INFO:teuthology.orchestra.run.smithi055.stdout:/usr/bin/ceph: stderr
2024-02-19T18:56:40.428+0000 7f394f996700 1 -- start start
2024-02-19T18:56:41.212 INFO:teuthology.orchestra.run.smithi055.stdout:/usr/bin/ceph: stderr
2024-02-19T18:56:40.428+0000 7f394f996700 1 --2- >> [v2:172.21.15.55:3300/0,v1:172.21.15.55:6789/0] conn(0x7f3948106320 0x7f394807aa10 unknown :-1 s=NONE pgs=0 cs=0 l=1 rev1=0 crypto rx=0 tx=0 comp rx=0 tx=0).connect
2024-02-19T18:56:41.212 INFO:teuthology.orchestra.run.smithi055.stdout:/usr/bin/ceph: stderr
2024-02-19T18:56:40.428+0000 7f394f996700 1 -- --> [v2:172.21.15.55:3300/0,v1:172.21.15.55:6789/0] -- mon_getmap magic: 0 v1 -- 0x7f394807af50 con 0x7f3948106320
2024-02-19T18:56:41.212 INFO:teuthology.orchestra.run.smithi055.stdout:/usr/bin/ceph: stderr
2024-02-19T18:56:40.428+0000 7f394d732700 1 --2- >> [v2:172.21.15.55:3300/0,v1:172.21.15.55:6789/0] conn(0x7f3948106320 0x7f394807aa10 unknown :-1 s=BANNER_CONNECTING pgs=0 cs=0 l=1 rev1=0 crypto rx=0 tx=0 comp rx=0 tx=0)._handle_peer_banner_payload supported=3 required=0
2024-02-19T18:56:41.212 INFO:teuthology.orchestra.run.smithi055.stdout:/usr/bin/ceph: stderr
2024-02-19T18:56:40.428+0000 7f394d732700 1 --2- >> [v2:172.21.15.55:3300/0,v1:172.21.15.55:6789/0] conn(0x7f3948106320 0x7f394807aa10 unknown :-1 s=HELLO_CONNECTING pgs=0 cs=0 l=1 rev1=1 crypto rx=0 tx=0 comp rx=0 tx=0).handle_hello peer v2:172.21.15.55:3300/0 says I am v2:172.21.15.55:52200/0 (socket says 172.21.15.55:52200)
2024-02-19T18:56:41.212 INFO:teuthology.orchestra.run.smithi055.stdout:/usr/bin/ceph: stderr
2024-02-19T18:56:40.428+0000 7f394d732700 1 -- 172.21.15.55:0/567777617 learned_addr learned my addr 172.21.15.55:0/567777617 (peer_addr_for_me v2:172.21.15.55:0/0)
2024-02-19T18:56:41.212 INFO:teuthology.orchestra.run.smithi055.stdout:/usr/bin/ceph: stderr
2024-02-19T18:56:40.428+0000 7f394d732700 1 -- 172.21.15.55:0/567777617 --> [v2:172.21.15.55:3300/0,v1:172.21.15.55:6789/0] -- mon_subscribe({config=0+,monmap=0+}) v3 -- 0x7f3944009550 con 0x7f3948106320
2024-02-19T18:56:41.212 INFO:teuthology.orchestra.run.smithi055.stdout:/usr/bin/ceph: stderr
2024-02-19T18:56:40.428+0000 7f394d732700 1 --2- 172.21.15.55:0/567777617 >> [v2:172.21.15.55:3300/0,v1:172.21.15.55:6789/0] conn(0x7f3948106320 0x7f394807aa10 secure :-1 s=READY pgs=38 cs=0 l=1 rev1=1 crypto rx=0x7f3944011710 tx=0x7f39440047c0 comp rx=0 tx=0).ready entity=mon.0 client_cookie=0 server_cookie=0 in_seq=0 out_seq=0
2024-02-19T18:56:41.212 INFO:teuthology.orchestra.run.smithi055.stdout:/usr/bin/ceph: stderr
2024-02-19T18:56:40.429+0000 7f393a7fc700 1 -- 172.21.15.55:0/567777617 <== mon.0 v2:172.21.15.55:3300/0 1 ==== mon_map magic: 0 v1 ==== 229+0+0 (secure 0 0 0) 0x7f3944003b10 con 0x7f3948106320
2024-02-19T18:56:41.212 INFO:teuthology.orchestra.run.smithi055.stdout:/usr/bin/ceph: stderr
2024-02-19T18:56:40.429+0000 7f393a7fc700 1 -- 172.21.15.55:0/567777617 <== mon.0 v2:172.21.15.55:3300/0 2 ==== config(27 keys) v1 ==== 1042+0+0 (secure 0 0 0) 0x7f394401b8c0 con 0x7f3948106320
2024-02-19T18:56:41.213 INFO:teuthology.orchestra.run.smithi055.stdout:/usr/bin/ceph: stderr
2024-02-19T18:56:40.429+0000 7f394f996700 1 -- 172.21.15.55:0/567777617 --> [v2:172.21.15.55:3300/0,v1:172.21.15.55:6789/0] -- mon_subscribe({mgrmap=0+}) v3 -- 0x7f3948079190 con 0x7f3948106320
2024-02-19T18:56:41.213 INFO:teuthology.orchestra.run.smithi055.stdout:/usr/bin/ceph: stderr
2024-02-19T18:56:40.429+0000 7f393a7fc700 1 -- 172.21.15.55:0/567777617 <== mon.0 v2:172.21.15.55:3300/0 3 ==== mon_map magic: 0 v1 ==== 229+0+0 (secure 0 0 0) 0x7f3944019710 con 0x7f3948106320
2024-02-19T18:56:41.213 INFO:teuthology.orchestra.run.smithi055.stdout:/usr/bin/ceph: stderr
2024-02-19T18:56:40.429+0000 7f394f996700 1 -- 172.21.15.55:0/567777617 --> [v2:172.21.15.55:3300/0,v1:172.21.15.55:6789/0] -- mon_subscribe({osdmap=0}) v3 -- 0x7f3948079630 con 0x7f3948106320
2024-02-19T18:56:41.213 INFO:teuthology.orchestra.run.smithi055.stdout:/usr/bin/ceph: stderr
2024-02-19T18:56:40.429+0000 7f393a7fc700 1 -- 172.21.15.55:0/567777617 <== mon.0 v2:172.21.15.55:3300/0 4 ==== mgrmap(e 7) v1 ==== 45446+0+0 (secure 0 0 0) 0x7f3944019910 con 0x7f3948106320
2024-02-19T18:56:41.213 INFO:teuthology.orchestra.run.smithi055.stdout:/usr/bin/ceph: stderr
2024-02-19T18:56:40.430+0000 7f393a7fc700 1 --2- 172.21.15.55:0/567777617 >> [v2:172.21.15.55:6800/2246005421,v1:172.21.15.55:6801/2246005421] conn(0x7f39340385c0 0x7f393403aa80 unknown :-1 s=NONE pgs=0 cs=0 l=1 rev1=0 crypto rx=0 tx=0 comp rx=0 tx=0).connect
2024-02-19T18:56:41.213 INFO:teuthology.orchestra.run.smithi055.stdout:/usr/bin/ceph: stderr
2024-02-19T18:56:40.430+0000 7f393a7fc700 1 -- 172.21.15.55:0/567777617 <== mon.0 v2:172.21.15.55:3300/0 5 ==== osd_map(2..2 src has 1..2) v4 ==== 940+0+0 (secure 0 0 0) 0x7f394404ca90 con 0x7f3948106320
2024-02-19T18:56:41.213 INFO:teuthology.orchestra.run.smithi055.stdout:/usr/bin/ceph: stderr
2024-02-19T18:56:40.430+0000 7f394cf31700 1 --2- 172.21.15.55:0/567777617 >> [v2:172.21.15.55:6800/2246005421,v1:172.21.15.55:6801/2246005421] conn(0x7f39340385c0 0x7f393403aa80 unknown :-1 s=BANNER_CONNECTING pgs=0 cs=0 l=1 rev1=0 crypto rx=0 tx=0 comp rx=0 tx=0)._handle_peer_banner_payload supported=3 required=0
2024-02-19T18:56:41.213 INFO:teuthology.orchestra.run.smithi055.stdout:/usr/bin/ceph: stderr
2024-02-19T18:56:40.430+0000 7f394f996700 1 -- 172.21.15.55:0/567777617 --> [v2:172.21.15.55:3300/0,v1:172.21.15.55:6789/0] -- mon_command({"prefix": "get_command_descriptions"} v 0) v1 -- 0x7f39480623a0 con 0x7f3948106320
2024-02-19T18:56:41.213 INFO:teuthology.orchestra.run.smithi055.stdout:/usr/bin/ceph: stderr
2024-02-19T18:56:40.430+0000 7f394cf31700 1 --2- 172.21.15.55:0/567777617 >> [v2:172.21.15.55:6800/2246005421,v1:172.21.15.55:6801/2246005421] conn(0x7f39340385c0 0x7f393403aa80 secure :-1 s=READY pgs=7 cs=0 l=1 rev1=1 crypto rx=0x7f393c006fd0 tx=0x7f393c006e40 comp rx=0 tx=0).ready entity=mgr.14120 client_cookie=0 server_cookie=0 in_seq=0 out_seq=0
2024-02-19T18:56:41.213 INFO:teuthology.orchestra.run.smithi055.stdout:/usr/bin/ceph: stderr
2024-02-19T18:56:40.435+0000 7f393a7fc700 1 -- 172.21.15.55:0/567777617 <== mon.0 v2:172.21.15.55:3300/0 6 ==== mon_command_ack([{"prefix": "get_command_descriptions"}]=0 v0) v1 ==== 72+0+182595 (secure 0 0 0) 0x7f3944018db0 con 0x7f3948106320
2024-02-19T18:56:41.213 INFO:teuthology.orchestra.run.smithi055.stdout:/usr/bin/ceph: stderr
2024-02-19T18:56:40.653+0000 7f394f996700 1 -- 172.21.15.55:0/567777617 --> [v2:172.21.15.55:6800/2246005421,v1:172.21.15.55:6801/2246005421] -- mgr_command(tid 0: {"prefix": "orch set backend", "module_name": "cephadm", "target": ["mon-mgr", ""]}) v1 -- 0x7f394810a720 con 0x7f39340385c0
2024-02-19T18:56:41.213 INFO:teuthology.orchestra.run.smithi055.stdout:/usr/bin/ceph: stderr
2024-02-19T18:56:40.661+0000 7f393a7fc700 1 -- 172.21.15.55:0/567777617 <== mgr.14120 v2:172.21.15.55:6800/2246005421 1 ==== mgr_command_reply(tid 0: 0 ) v1 ==== 8+0+0 (secure 0 0 0) 0x7f394810a720 con 0x7f39340385c0
2024-02-19T18:56:41.213 INFO:teuthology.orchestra.run.smithi055.stdout:/usr/bin/ceph: stderr
2024-02-19T18:56:40.663+0000 7f394f996700 1 -- 172.21.15.55:0/567777617 >> [v2:172.21.15.55:6800/2246005421,v1:172.21.15.55:6801/2246005421] conn(0x7f39340385c0 msgr2=0x7f393403aa80 secure :-1 s=STATE_CONNECTION_ESTABLISHED l=1).mark_down
2024-02-19T18:56:41.213 INFO:teuthology.orchestra.run.smithi055.stdout:/usr/bin/ceph: stderr
2024-02-19T18:56:40.663+0000 7f394f996700 1 --2- 172.21.15.55:0/567777617 >> [v2:172.21.15.55:6800/2246005421,v1:172.21.15.55:6801/2246005421] conn(0x7f39340385c0 0x7f393403aa80 secure :-1 s=READY pgs=7 cs=0 l=1 rev1=1 crypto rx=0x7f393c006fd0 tx=0x7f393c006e40 comp rx=0 tx=0).stop
2024-02-19T18:56:41.214 INFO:teuthology.orchestra.run.smithi055.stdout:/usr/bin/ceph: stderr
2024-02-19T18:56:40.663+0000 7f394f996700 1 -- 172.21.15.55:0/567777617 >> [v2:172.21.15.55:3300/0,v1:172.21.15.55:6789/0] conn(0x7f3948106320 msgr2=0x7f394807aa10 secure :-1 s=STATE_CONNECTION_ESTABLISHED l=1).mark_down
2024-02-19T18:56:41.214 INFO:teuthology.orchestra.run.smithi055.stdout:/usr/bin/ceph: stderr
2024-02-19T18:56:40.663+0000 7f394f996700 1 --2- 172.21.15.55:0/567777617 >> [v2:172.21.15.55:3300/0,v1:172.21.15.55:6789/0] conn(0x7f3948106320 0x7f394807aa10 secure :-1 s=READY pgs=38 cs=0 l=1 rev1=1 crypto rx=0x7f3944011710 tx=0x7f39440047c0 comp rx=0 tx=0).stop
2024-02-19T18:56:41.214 INFO:teuthology.orchestra.run.smithi055.stdout:/usr/bin/ceph: stderr
2024-02-19T18:56:40.663+0000 7f394f996700 1 -- 172.21.15.55:0/567777617 shutdown_connections
2024-02-19T18:56:41.214 INFO:teuthology.orchestra.run.smithi055.stdout:/usr/bin/ceph: stderr
2024-02-19T18:56:40.663+0000 7f394f996700 1 --2- 172.21.15.55:0/567777617 >> [v2:172.21.15.55:6800/2246005421,v1:172.21.15.55:6801/2246005421] conn(0x7f39340385c0 0x7f393403aa80 unknown :-1 s=CLOSED pgs=7 cs=0 l=1 rev1=1 crypto rx=0 tx=0 comp rx=0 tx=0).stop
2024-02-19T18:56:41.214 INFO:teuthology.orchestra.run.smithi055.stdout:/usr/bin/ceph: stderr
2024-02-19T18:56:40.663+0000 7f394f996700 1 --2- 172.21.15.55:0/567777617 >> [v2:172.21.15.55:3300/0,v1:172.21.15.55:6789/0] conn(0x7f3948106320 0x7f394807aa10 unknown :-1 s=CLOSED pgs=38 cs=0 l=1 rev1=1 crypto rx=0 tx=0 comp rx=0 tx=0).stop
2024-02-19T18:56:41.214 INFO:teuthology.orchestra.run.smithi055.stdout:/usr/bin/ceph: stderr
2024-02-19T18:56:40.663+0000 7f394f996700 1 -- 172.21.15.55:0/567777617 >> 172.21.15.55:0/567777617 conn(0x7f39481018a0 msgr2=0x7f39481024e0 unknown :-1 s=STATE_NONE l=0).mark_down
2024-02-19T18:56:41.214 INFO:teuthology.orchestra.run.smithi055.stdout:/usr/bin/ceph: stderr
2024-02-19T18:56:40.663+0000 7f394f996700 1 -- 172.21.15.55:0/567777617 shutdown_connections
2024-02-19T18:56:41.214 INFO:teuthology.orchestra.run.smithi055.stdout:/usr/bin/ceph: stderr
2024-02-19T18:56:40.663+0000 7f394f996700 1 -- 172.21.15.55:0/567777617 wait complete.
2024-02-19T18:56:41.589 INFO:journalctl@ceph.mon.smithi055.smithi055.stdout:Feb 19 18:56:41 smithi055 ceph-mon[29151]: [19/Feb/2024:18:56:40] ENGINE Bus STARTING
2024-02-19T18:56:41.589 INFO:journalctl@ceph.mon.smithi055.smithi055.stdout:Feb 19 18:56:41 smithi055 ceph-mon[29151]: from='mgr.14120 172.21.15.55:0/3424517124' entity='mgr.smithi055.vmfiqo'
2024-02-19T18:56:41.589 INFO:journalctl@ceph.mon.smithi055.smithi055.stdout:Feb 19 18:56:41 smithi055 ceph-mon[29151]: from='mgr.14120 172.21.15.55:0/3424517124' entity='mgr.smithi055.vmfiqo' cmd=[{"prefix": "config dump", "format": "json"}]: dispatch
2024-02-19T18:56:41.589 INFO:journalctl@ceph.mon.smithi055.smithi055.stdout:Feb 19 18:56:41 smithi055 ceph-mon[29151]: from='mgr.14120 172.21.15.55:0/3424517124' entity='mgr.smithi055.vmfiqo' cmd=[{"prefix": "config dump", "format": "json"}]: dispatch
2024-02-19T18:56:41.589 INFO:journalctl@ceph.mon.smithi055.smithi055.stdout:Feb 19 18:56:41 smithi055 ceph-mon[29151]: mgrmap e8: smithi055.vmfiqo(active, since 2s)
2024-02-19T18:56:42.367 INFO:teuthology.orchestra.run.smithi055.stdout:/usr/bin/ceph: stdout value unchanged
2024-02-19T18:56:42.368 INFO:teuthology.orchestra.run.smithi055.stdout:/usr/bin/ceph: stderr
2024-02-19T18:56:41.575+0000 7f19946da700 1 Processor -- start
2024-02-19T18:56:42.368 INFO:teuthology.orchestra.run.smithi055.stdout:/usr/bin/ceph: stderr
2024-02-19T18:56:41.575+0000 7f19946da700 1 -- start start
2024-02-19T18:56:42.368 INFO:teuthology.orchestra.run.smithi055.stdout:/usr/bin/ceph: stderr
2024-02-19T18:56:41.575+0000 7f19946da700 1 --2- >> [v2:172.21.15.55:3300/0,v1:172.21.15.55:6789/0] conn(0x7f198c106d80 0x7f198c109170 unknown :-1 s=NONE pgs=0 cs=0 l=0 rev1=0 crypto rx=0 tx=0 comp rx=0 tx=0).connect
2024-02-19T18:56:42.368 INFO:teuthology.orchestra.run.smithi055.stdout:/usr/bin/ceph: stderr
2024-02-19T18:56:41.575+0000 7f19946da700 1 -- --> [v2:172.21.15.55:3300/0,v1:172.21.15.55:6789/0] -- mon_getmap magic: 0 v1 -- 0x7f198c079eb0 con 0x7f198c106d80
2024-02-19T18:56:42.368 INFO:teuthology.orchestra.run.smithi055.stdout:/usr/bin/ceph: stderr
2024-02-19T18:56:41.575+0000 7f1992476700 1 --2- >> [v2:172.21.15.55:3300/0,v1:172.21.15.55:6789/0] conn(0x7f198c106d80 0x7f198c109170 unknown :-1 s=BANNER_CONNECTING pgs=0 cs=0 l=0 rev1=0 crypto rx=0 tx=0 comp rx=0 tx=0)._handle_peer_banner_payload supported=3 required=0
2024-02-19T18:56:42.368 INFO:teuthology.orchestra.run.smithi055.stdout:/usr/bin/ceph: stderr
2024-02-19T18:56:41.575+0000 7f1992476700 1 --2- >> [v2:172.21.15.55:3300/0,v1:172.21.15.55:6789/0] conn(0x7f198c106d80 0x7f198c109170 unknown :-1 s=HELLO_CONNECTING pgs=0 cs=0 l=0 rev1=1 crypto rx=0 tx=0 comp rx=0 tx=0).handle_hello peer v2:172.21.15.55:3300/0 says I am v2:172.21.15.55:49656/0 (socket says 172.21.15.55:49656)
2024-02-19T18:56:42.368 INFO:teuthology.orchestra.run.smithi055.stdout:/usr/bin/ceph: stderr
2024-02-19T18:56:41.575+0000 7f1992476700 1 -- 172.21.15.55:0/3138041752 learned_addr learned my addr 172.21.15.55:0/3138041752 (peer_addr_for_me v2:172.21.15.55:0/0)
2024-02-19T18:56:42.368 INFO:teuthology.orchestra.run.smithi055.stdout:/usr/bin/ceph: stderr
2024-02-19T18:56:41.575+0000 7f1992476700 1 -- 172.21.15.55:0/3138041752 --> [v2:172.21.15.55:3300/0,v1:172.21.15.55:6789/0] -- mon_subscribe({config=0+,monmap=0+}) v3 -- 0x7f198c1096b0 con 0x7f198c106d80
2024-02-19T18:56:42.368 INFO:teuthology.orchestra.run.smithi055.stdout:/usr/bin/ceph: stderr
2024-02-19T18:56:41.576+0000 7f1992476700 1 --2- 172.21.15.55:0/3138041752 >> [v2:172.21.15.55:3300/0,v1:172.21.15.55:6789/0] conn(0x7f198c106d80 0x7f198c109170 secure :-1 s=READY pgs=39 cs=0 l=1 rev1=1 crypto rx=0x7f19880098a0 tx=0x7f1988009bb0 comp rx=0 tx=0).ready entity=mon.0 client_cookie=894e33c035188de2 server_cookie=0 in_seq=0 out_seq=0
2024-02-19T18:56:42.368 INFO:teuthology.orchestra.run.smithi055.stdout:/usr/bin/ceph: stderr
2024-02-19T18:56:41.576+0000 7f1991474700 1 -- 172.21.15.55:0/3138041752 <== mon.0 v2:172.21.15.55:3300/0 1 ==== mon_map magic: 0 v1 ==== 229+0+0 (secure 0 0 0) 0x7f1988004180 con 0x7f198c106d80
2024-02-19T18:56:42.368 INFO:teuthology.orchestra.run.smithi055.stdout:/usr/bin/ceph: stderr
2024-02-19T18:56:41.576+0000 7f1991474700 1 -- 172.21.15.55:0/3138041752 <== mon.0 v2:172.21.15.55:3300/0 2 ==== config(27 keys) v1 ==== 1042+0+0 (secure 0 0 0) 0x7f19880042e0 con 0x7f198c106d80
2024-02-19T18:56:42.368 INFO:teuthology.orchestra.run.smithi055.stdout:/usr/bin/ceph: stderr
2024-02-19T18:56:41.576+0000 7f1991474700 1 -- 172.21.15.55:0/3138041752 <== mon.0 v2:172.21.15.55:3300/0 3 ==== mon_map magic: 0 v1 ==== 229+0+0 (secure 0 0 0) 0x7f1988011a70 con 0x7f198c106d80
2024-02-19T18:56:42.369 INFO:teuthology.orchestra.run.smithi055.stdout:/usr/bin/ceph: stderr
2024-02-19T18:56:41.576+0000 7f19946da700 1 -- 172.21.15.55:0/3138041752 >> [v2:172.21.15.55:3300/0,v1:172.21.15.55:6789/0] conn(0x7f198c106d80 msgr2=0x7f198c109170 secure :-1 s=STATE_CONNECTION_ESTABLISHED l=1).mark_down
2024-02-19T18:56:42.369 INFO:teuthology.orchestra.run.smithi055.stdout:/usr/bin/ceph: stderr
2024-02-19T18:56:41.576+0000 7f19946da700 1 --2- 172.21.15.55:0/3138041752 >> [v2:172.21.15.55:3300/0,v1:172.21.15.55:6789/0] conn(0x7f198c106d80 0x7f198c109170 secure :-1 s=READY pgs=39 cs=0 l=1 rev1=1 crypto rx=0x7f19880098a0 tx=0x7f1988009bb0 comp rx=0 tx=0).stop
2024-02-19T18:56:42.369 INFO:teuthology.orchestra.run.smithi055.stdout:/usr/bin/ceph: stderr
2024-02-19T18:56:41.576+0000 7f19946da700 1 -- 172.21.15.55:0/3138041752 shutdown_connections
2024-02-19T18:56:42.369 INFO:teuthology.orchestra.run.smithi055.stdout:/usr/bin/ceph: stderr
2024-02-19T18:56:41.576+0000 7f19946da700 1 --2- 172.21.15.55:0/3138041752 >> [v2:172.21.15.55:3300/0,v1:172.21.15.55:6789/0] conn(0x7f198c106d80 0x7f198c109170 unknown :-1 s=CLOSED pgs=39 cs=0 l=1 rev1=1 crypto rx=0 tx=0 comp rx=0 tx=0).stop
2024-02-19T18:56:42.369 INFO:teuthology.orchestra.run.smithi055.stdout:/usr/bin/ceph: stderr
2024-02-19T18:56:41.576+0000 7f19946da700 1 -- 172.21.15.55:0/3138041752 >> 172.21.15.55:0/3138041752 conn(0x7f198c100790 msgr2=0x7f198c102bf0 unknown :-1 s=STATE_NONE l=0).mark_down
2024-02-19T18:56:42.369 INFO:teuthology.orchestra.run.smithi055.stdout:/usr/bin/ceph: stderr
2024-02-19T18:56:41.577+0000 7f19946da700 1 -- 172.21.15.55:0/3138041752 shutdown_connections
2024-02-19T18:56:42.369 INFO:teuthology.orchestra.run.smithi055.stdout:/usr/bin/ceph: stderr
2024-02-19T18:56:41.577+0000 7f19946da700 1 -- 172.21.15.55:0/3138041752 wait complete.
2024-02-19T18:56:42.369 INFO:teuthology.orchestra.run.smithi055.stdout:/usr/bin/ceph: stderr
2024-02-19T18:56:41.577+0000 7f19946da700 1 Processor -- start
2024-02-19T18:56:42.369 INFO:teuthology.orchestra.run.smithi055.stdout:/usr/bin/ceph: stderr
2024-02-19T18:56:41.577+0000 7f19946da700 1 -- start start
2024-02-19T18:56:42.369 INFO:teuthology.orchestra.run.smithi055.stdout:/usr/bin/ceph: stderr
2024-02-19T18:56:41.577+0000 7f19946da700 1 --2- >> [v2:172.21.15.55:3300/0,v1:172.21.15.55:6789/0] conn(0x7f198c106d80 0x7f198c19a010 unknown :-1 s=NONE pgs=0 cs=0 l=1 rev1=0 crypto rx=0 tx=0 comp rx=0 tx=0).connect
2024-02-19T18:56:42.369 INFO:teuthology.orchestra.run.smithi055.stdout:/usr/bin/ceph: stderr
2024-02-19T18:56:41.577+0000 7f19946da700 1 -- --> [v2:172.21.15.55:3300/0,v1:172.21.15.55:6789/0] -- mon_getmap magic: 0 v1 -- 0x7f198c19a550 con 0x7f198c106d80
2024-02-19T18:56:42.369 INFO:teuthology.orchestra.run.smithi055.stdout:/usr/bin/ceph: stderr
2024-02-19T18:56:41.577+0000 7f1992476700 1 --2- >> [v2:172.21.15.55:3300/0,v1:172.21.15.55:6789/0] conn(0x7f198c106d80 0x7f198c19a010 unknown :-1 s=BANNER_CONNECTING pgs=0 cs=0 l=1 rev1=0 crypto rx=0 tx=0 comp rx=0 tx=0)._handle_peer_banner_payload supported=3 required=0
2024-02-19T18:56:42.369 INFO:teuthology.orchestra.run.smithi055.stdout:/usr/bin/ceph: stderr
2024-02-19T18:56:41.577+0000 7f1992476700 1 --2- >> [v2:172.21.15.55:3300/0,v1:172.21.15.55:6789/0] conn(0x7f198c106d80 0x7f198c19a010 unknown :-1 s=HELLO_CONNECTING pgs=0 cs=0 l=1 rev1=1 crypto rx=0 tx=0 comp rx=0 tx=0).handle_hello peer v2:172.21.15.55:3300/0 says I am v2:172.21.15.55:49672/0 (socket says 172.21.15.55:49672)
2024-02-19T18:56:42.369 INFO:teuthology.orchestra.run.smithi055.stdout:/usr/bin/ceph: stderr
2024-02-19T18:56:41.577+0000 7f1992476700 1 -- 172.21.15.55:0/2177897790 learned_addr learned my addr 172.21.15.55:0/2177897790 (peer_addr_for_me v2:172.21.15.55:0/0)
2024-02-19T18:56:42.370 INFO:teuthology.orchestra.run.smithi055.stdout:/usr/bin/ceph: stderr
2024-02-19T18:56:41.578+0000 7f1992476700 1 -- 172.21.15.55:0/2177897790 --> [v2:172.21.15.55:3300/0,v1:172.21.15.55:6789/0] -- mon_subscribe({config=0+,monmap=0+}) v3 -- 0x7f1988009550 con 0x7f198c106d80
2024-02-19T18:56:42.370 INFO:teuthology.orchestra.run.smithi055.stdout:/usr/bin/ceph: stderr
2024-02-19T18:56:41.578+0000 7f1992476700 1 --2- 172.21.15.55:0/2177897790 >> [v2:172.21.15.55:3300/0,v1:172.21.15.55:6789/0] conn(0x7f198c106d80 0x7f198c19a010 secure :-1 s=READY pgs=40 cs=0 l=1 rev1=1 crypto rx=0x7f1988011710 tx=0x7f19880047c0 comp rx=0 tx=0).ready entity=mon.0 client_cookie=0 server_cookie=0 in_seq=0 out_seq=0
2024-02-19T18:56:42.370 INFO:teuthology.orchestra.run.smithi055.stdout:/usr/bin/ceph: stderr
2024-02-19T18:56:41.578+0000 7f19837fe700 1 -- 172.21.15.55:0/2177897790 <== mon.0 v2:172.21.15.55:3300/0 1 ==== mon_map magic: 0 v1 ==== 229+0+0 (secure 0 0 0) 0x7f1988003b10 con 0x7f198c106d80
2024-02-19T18:56:42.370 INFO:teuthology.orchestra.run.smithi055.stdout:/usr/bin/ceph: stderr
2024-02-19T18:56:41.578+0000 7f19837fe700 1 -- 172.21.15.55:0/2177897790 <== mon.0 v2:172.21.15.55:3300/0 2 ==== config(27 keys) v1 ==== 1042+0+0 (secure 0 0 0) 0x7f198801b8c0 con 0x7f198c106d80
2024-02-19T18:56:42.370 INFO:teuthology.orchestra.run.smithi055.stdout:/usr/bin/ceph: stderr
2024-02-19T18:56:41.578+0000 7f19837fe700 1 -- 172.21.15.55:0/2177897790 <== mon.0 v2:172.21.15.55:3300/0 3 ==== mon_map magic: 0 v1 ==== 229+0+0 (secure 0 0 0) 0x7f19880197e0 con 0x7f198c106d80
2024-02-19T18:56:42.370 INFO:teuthology.orchestra.run.smithi055.stdout:/usr/bin/ceph: stderr
2024-02-19T18:56:41.578+0000 7f19946da700 1 -- 172.21.15.55:0/2177897790 --> [v2:172.21.15.55:3300/0,v1:172.21.15.55:6789/0] -- mon_subscribe({mgrmap=0+}) v3 -- 0x7f198c19a750 con 0x7f198c106d80
2024-02-19T18:56:42.370 INFO:teuthology.orchestra.run.smithi055.stdout:/usr/bin/ceph: stderr
2024-02-19T18:56:41.578+0000 7f19946da700 1 -- 172.21.15.55:0/2177897790 --> [v2:172.21.15.55:3300/0,v1:172.21.15.55:6789/0] -- mon_subscribe({osdmap=0}) v3 -- 0x7f198c19abf0 con 0x7f198c106d80
2024-02-19T18:56:42.370 INFO:teuthology.orchestra.run.smithi055.stdout:/usr/bin/ceph: stderr
2024-02-19T18:56:41.579+0000 7f19837fe700 1 -- 172.21.15.55:0/2177897790 <== mon.0 v2:172.21.15.55:3300/0 4 ==== mgrmap(e 8) v1 ==== 45552+0+0 (secure 0 0 0) 0x7f198801b440 con 0x7f198c106d80
2024-02-19T18:56:42.370 INFO:teuthology.orchestra.run.smithi055.stdout:/usr/bin/ceph: stderr
2024-02-19T18:56:41.579+0000 7f19946da700 1 -- 172.21.15.55:0/2177897790 --> [v2:172.21.15.55:3300/0,v1:172.21.15.55:6789/0] -- mon_command({"prefix": "get_command_descriptions"} v 0) v1 -- 0x7f198c10a430 con 0x7f198c106d80
2024-02-19T18:56:42.370 INFO:teuthology.orchestra.run.smithi055.stdout:/usr/bin/ceph: stderr
2024-02-19T18:56:41.579+0000 7f19837fe700 1 --2- 172.21.15.55:0/2177897790 >> [v2:172.21.15.55:6800/2246005421,v1:172.21.15.55:6801/2246005421] conn(0x7f1978038770 0x7f197803ac30 unknown :-1 s=NONE pgs=0 cs=0 l=1 rev1=0 crypto rx=0 tx=0 comp rx=0 tx=0).connect
2024-02-19T18:56:42.370 INFO:teuthology.orchestra.run.smithi055.stdout:/usr/bin/ceph: stderr
2024-02-19T18:56:41.579+0000 7f19837fe700 1 -- 172.21.15.55:0/2177897790 <== mon.0 v2:172.21.15.55:3300/0 5 ==== osd_map(2..2 src has 1..2) v4 ==== 940+0+0 (secure 0 0 0) 0x7f198804c8d0 con 0x7f198c106d80
2024-02-19T18:56:42.370 INFO:teuthology.orchestra.run.smithi055.stdout:/usr/bin/ceph: stderr
2024-02-19T18:56:41.579+0000 7f1991c75700 1 --2- 172.21.15.55:0/2177897790 >> [v2:172.21.15.55:6800/2246005421,v1:172.21.15.55:6801/2246005421] conn(0x7f1978038770 0x7f197803ac30 unknown :-1 s=BANNER_CONNECTING pgs=0 cs=0 l=1 rev1=0 crypto rx=0 tx=0 comp rx=0 tx=0)._handle_peer_banner_payload supported=3 required=0
2024-02-19T18:56:42.370 INFO:teuthology.orchestra.run.smithi055.stdout:/usr/bin/ceph: stderr
2024-02-19T18:56:41.580+0000 7f1991c75700 1 --2- 172.21.15.55:0/2177897790 >> [v2:172.21.15.55:6800/2246005421,v1:172.21.15.55:6801/2246005421] conn(0x7f1978038770 0x7f197803ac30 secure :-1 s=READY pgs=8 cs=0 l=1 rev1=1 crypto rx=0x7f197c006fd0 tx=0x7f197c006e40 comp rx=0 tx=0).ready entity=mgr.14120 client_cookie=0 server_cookie=0 in_seq=0 out_seq=0
2024-02-19T18:56:42.370 INFO:teuthology.orchestra.run.smithi055.stdout:/usr/bin/ceph: stderr
2024-02-19T18:56:41.584+0000 7f19837fe700 1 -- 172.21.15.55:0/2177897790 <== mon.0 v2:172.21.15.55:3300/0 6 ==== mon_command_ack([{"prefix": "get_command_descriptions"}]=0 v0) v1 ==== 72+0+182595 (secure 0 0 0) 0x7f198802c9a0 con 0x7f198c106d80
2024-02-19T18:56:42.371 INFO:teuthology.orchestra.run.smithi055.stdout:/usr/bin/ceph: stderr
2024-02-19T18:56:41.786+0000 7f19946da700 1 -- 172.21.15.55:0/2177897790 --> [v2:172.21.15.55:6800/2246005421,v1:172.21.15.55:6801/2246005421] -- mgr_command(tid 0: {"prefix": "cephadm set-user", "user": "root", "target": ["mon-mgr", ""]}) v1 -- 0x7f198c101a30 con 0x7f1978038770
2024-02-19T18:56:42.371 INFO:teuthology.orchestra.run.smithi055.stdout:/usr/bin/ceph: stderr
2024-02-19T18:56:41.787+0000 7f19837fe700 1 -- 172.21.15.55:0/2177897790 <== mgr.14120 v2:172.21.15.55:6800/2246005421 1 ==== mgr_command_reply(tid 0: 0 ) v1 ==== 8+0+16 (secure 0 0 0) 0x7f198c101a30 con 0x7f1978038770
2024-02-19T18:56:42.371 INFO:teuthology.orchestra.run.smithi055.stdout:/usr/bin/ceph: stderr
2024-02-19T18:56:41.789+0000 7f19946da700 1 -- 172.21.15.55:0/2177897790 >> [v2:172.21.15.55:6800/2246005421,v1:172.21.15.55:6801/2246005421] conn(0x7f1978038770 msgr2=0x7f197803ac30 secure :-1 s=STATE_CONNECTION_ESTABLISHED l=1).mark_down
2024-02-19T18:56:42.371 INFO:teuthology.orchestra.run.smithi055.stdout:/usr/bin/ceph: stderr
2024-02-19T18:56:41.789+0000 7f19946da700 1 --2- 172.21.15.55:0/2177897790 >> [v2:172.21.15.55:6800/2246005421,v1:172.21.15.55:6801/2246005421] conn(0x7f1978038770 0x7f197803ac30 secure :-1 s=READY pgs=8 cs=0 l=1 rev1=1 crypto rx=0x7f197c006fd0 tx=0x7f197c006e40 comp rx=0 tx=0).stop
2024-02-19T18:56:42.371 INFO:teuthology.orchestra.run.smithi055.stdout:/usr/bin/ceph: stderr
2024-02-19T18:56:41.789+0000 7f19946da700 1 -- 172.21.15.55:0/2177897790 >> [v2:172.21.15.55:3300/0,v1:172.21.15.55:6789/0] conn(0x7f198c106d80 msgr2=0x7f198c19a010 secure :-1 s=STATE_CONNECTION_ESTABLISHED l=1).mark_down
2024-02-19T18:56:42.371 INFO:teuthology.orchestra.run.smithi055.stdout:/usr/bin/ceph: stderr
2024-02-19T18:56:41.789+0000 7f19946da700 1 --2- 172.21.15.55:0/2177897790 >> [v2:172.21.15.55:3300/0,v1:172.21.15.55:6789/0] conn(0x7f198c106d80 0x7f198c19a010 secure :-1 s=READY pgs=40 cs=0 l=1 rev1=1 crypto rx=0x7f1988011710 tx=0x7f19880047c0 comp rx=0 tx=0).stop
2024-02-19T18:56:42.371 INFO:teuthology.orchestra.run.smithi055.stdout:/usr/bin/ceph: stderr
2024-02-19T18:56:41.789+0000 7f19946da700 1 -- 172.21.15.55:0/2177897790 shutdown_connections
2024-02-19T18:56:42.371 INFO:teuthology.orchestra.run.smithi055.stdout:/usr/bin/ceph: stderr
2024-02-19T18:56:41.789+0000 7f19946da700 1 --2- 172.21.15.55:0/2177897790 >> [v2:172.21.15.55:6800/2246005421,v1:172.21.15.55:6801/2246005421] conn(0x7f1978038770 0x7f197803ac30 unknown :-1 s=CLOSED pgs=8 cs=0 l=1 rev1=1 crypto rx=0 tx=0 comp rx=0 tx=0).stop
2024-02-19T18:56:42.371 INFO:teuthology.orchestra.run.smithi055.stdout:/usr/bin/ceph: stderr
2024-02-19T18:56:41.789+0000 7f19946da700 1 --2- 172.21.15.55:0/2177897790 >> [v2:172.21.15.55:3300/0,v1:172.21.15.55:6789/0] conn(0x7f198c106d80 0x7f198c19a010 unknown :-1 s=CLOSED pgs=40 cs=0 l=1 rev1=1 crypto rx=0 tx=0 comp rx=0 tx=0).stop
2024-02-19T18:56:42.371 INFO:teuthology.orchestra.run.smithi055.stdout:/usr/bin/ceph: stderr
2024-02-19T18:56:41.789+0000 7f19946da700 1 -- 172.21.15.55:0/2177897790 >> 172.21.15.55:0/2177897790 conn(0x7f198c100790 msgr2=0x7f198c101320 unknown :-1 s=STATE_NONE l=0).mark_down
2024-02-19T18:56:42.371 INFO:teuthology.orchestra.run.smithi055.stdout:/usr/bin/ceph: stderr
2024-02-19T18:56:41.789+0000 7f19946da700 1 -- 172.21.15.55:0/2177897790 shutdown_connections
2024-02-19T18:56:42.371 INFO:teuthology.orchestra.run.smithi055.stdout:/usr/bin/ceph: stderr
2024-02-19T18:56:41.789+0000 7f19946da700 1 -- 172.21.15.55:0/2177897790 wait complete.
2024-02-19T18:56:42.371 INFO:teuthology.orchestra.run.smithi055.stdout:Generating ssh key...
2024-02-19T18:56:42.797 INFO:journalctl@ceph.mon.smithi055.smithi055.stdout:Feb 19 18:56:42 smithi055 ceph-mon[29151]: [19/Feb/2024:18:56:40] ENGINE Serving on http://172.21.15.55:8765
2024-02-19T18:56:42.798 INFO:journalctl@ceph.mon.smithi055.smithi055.stdout:Feb 19 18:56:42 smithi055 ceph-mon[29151]: from='client.14132 -' entity='client.admin' cmd=[{"prefix": "orch set backend", "module_name": "cephadm", "target": ["mon-mgr", ""]}]: dispatch
2024-02-19T18:56:42.798 INFO:journalctl@ceph.mon.smithi055.smithi055.stdout:Feb 19 18:56:42 smithi055 ceph-mon[29151]: [19/Feb/2024:18:56:40] ENGINE Serving on https://172.21.15.55:7150
2024-02-19T18:56:42.798 INFO:journalctl@ceph.mon.smithi055.smithi055.stdout:Feb 19 18:56:42 smithi055 ceph-mon[29151]: [19/Feb/2024:18:56:40] ENGINE Bus STARTED
2024-02-19T18:56:43.902 INFO:journalctl@ceph.mon.smithi055.smithi055.stdout:Feb 19 18:56:43 smithi055 ceph-mon[29151]: from='client.14134 -' entity='client.admin' cmd=[{"prefix": "cephadm set-user", "user": "root", "target": ["mon-mgr", ""]}]: dispatch
2024-02-19T18:56:44.275 INFO:teuthology.orchestra.run.smithi055.stdout:/usr/bin/ceph: stderr
2024-02-19T18:56:42.820+0000 7f53814dc700 1 Processor -- start
2024-02-19T18:56:44.275 INFO:teuthology.orchestra.run.smithi055.stdout:/usr/bin/ceph: stderr
2024-02-19T18:56:42.820+0000 7f53814dc700 1 -- start start
2024-02-19T18:56:44.275 INFO:teuthology.orchestra.run.smithi055.stdout:/usr/bin/ceph: stderr
2024-02-19T18:56:42.820+0000 7f53814dc700 1 --2- >> [v2:172.21.15.55:3300/0,v1:172.21.15.55:6789/0] conn(0x7f537c106330 0x7f537c106750 unknown :-1 s=NONE pgs=0 cs=0 l=0 rev1=0 crypto rx=0 tx=0 comp rx=0 tx=0).connect
2024-02-19T18:56:44.275 INFO:teuthology.orchestra.run.smithi055.stdout:/usr/bin/ceph: stderr
2024-02-19T18:56:42.820+0000 7f53814dc700 1 -- --> [v2:172.21.15.55:3300/0,v1:172.21.15.55:6789/0] -- mon_getmap magic: 0 v1 -- 0x7f537c106d20 con 0x7f537c106330
2024-02-19T18:56:44.276 INFO:teuthology.orchestra.run.smithi055.stdout:/usr/bin/ceph: stderr
2024-02-19T18:56:42.820+0000 7f537affd700 1 --2- >> [v2:172.21.15.55:3300/0,v1:172.21.15.55:6789/0] conn(0x7f537c106330 0x7f537c106750 unknown :-1 s=BANNER_CONNECTING pgs=0 cs=0 l=0 rev1=0 crypto rx=0 tx=0 comp rx=0 tx=0)._handle_peer_banner_payload supported=3 required=0
2024-02-19T18:56:44.276 INFO:teuthology.orchestra.run.smithi055.stdout:/usr/bin/ceph: stderr
2024-02-19T18:56:42.821+0000 7f537affd700 1 --2- >> [v2:172.21.15.55:3300/0,v1:172.21.15.55:6789/0] conn(0x7f537c106330 0x7f537c106750 unknown :-1 s=HELLO_CONNECTING pgs=0 cs=0 l=0 rev1=1 crypto rx=0 tx=0 comp rx=0 tx=0).handle_hello peer v2:172.21.15.55:3300/0 says I am v2:172.21.15.55:49676/0 (socket says 172.21.15.55:49676)
2024-02-19T18:56:44.276 INFO:teuthology.orchestra.run.smithi055.stdout:/usr/bin/ceph: stderr
2024-02-19T18:56:42.821+0000 7f537affd700 1 -- 172.21.15.55:0/1673542131 learned_addr learned my addr 172.21.15.55:0/1673542131 (peer_addr_for_me v2:172.21.15.55:0/0)
2024-02-19T18:56:44.276 INFO:teuthology.orchestra.run.smithi055.stdout:/usr/bin/ceph: stderr
2024-02-19T18:56:42.821+0000 7f537affd700 1 -- 172.21.15.55:0/1673542131 --> [v2:172.21.15.55:3300/0,v1:172.21.15.55:6789/0] -- mon_subscribe({config=0+,monmap=0+}) v3 -- 0x7f537c107530 con 0x7f537c106330
2024-02-19T18:56:44.276 INFO:teuthology.orchestra.run.smithi055.stdout:/usr/bin/ceph: stderr
2024-02-19T18:56:42.821+0000 7f537affd700 1 --2- 172.21.15.55:0/1673542131 >> [v2:172.21.15.55:3300/0,v1:172.21.15.55:6789/0] conn(0x7f537c106330 0x7f537c106750 secure :-1 s=READY pgs=41 cs=0 l=1 rev1=1 crypto rx=0x7f536c0098a0 tx=0x7f536c009bb0 comp rx=0 tx=0).ready entity=mon.0 client_cookie=4872f24143329ab3 server_cookie=0 in_seq=0 out_seq=0
2024-02-19T18:56:44.276 INFO:teuthology.orchestra.run.smithi055.stdout:/usr/bin/ceph: stderr
2024-02-19T18:56:42.821+0000 7f5379ffb700 1 -- 172.21.15.55:0/1673542131 <== mon.0 v2:172.21.15.55:3300/0 1 ==== mon_map magic: 0 v1 ==== 229+0+0 (secure 0 0 0) 0x7f536c004180 con 0x7f537c106330
2024-02-19T18:56:44.276 INFO:teuthology.orchestra.run.smithi055.stdout:/usr/bin/ceph: stderr
