2024-02-19T18:51:09.655 INFO:journalctl@ceph.mon.smithi162.smithi162.stdout:Feb 19 18:51:09 smithi162 ceph-mon[29131]: from='client.? 172.21.15.162:0/1771825647' entity='client.admin' cmd='[{"prefix": "mgr module enable", "module": "cephadm"}]': finished
2024-02-19T18:51:09.655 INFO:journalctl@ceph.mon.smithi162.smithi162.stdout:Feb 19 18:51:09 smithi162 ceph-mon[29131]: mgrmap e5: smithi162.tnfmix(active, since 5s)
2024-02-19T18:51:10.382 INFO:teuthology.orchestra.run.smithi162.stdout:/usr/bin/ceph: stdout {
2024-02-19T18:51:10.382 INFO:teuthology.orchestra.run.smithi162.stdout:/usr/bin/ceph: stdout "epoch": 5,
2024-02-19T18:51:10.382 INFO:teuthology.orchestra.run.smithi162.stdout:/usr/bin/ceph: stdout "available": true,
2024-02-19T18:51:10.382 INFO:teuthology.orchestra.run.smithi162.stdout:/usr/bin/ceph: stdout "active_name": "smithi162.tnfmix",
2024-02-19T18:51:10.382 INFO:teuthology.orchestra.run.smithi162.stdout:/usr/bin/ceph: stdout "num_standby": 0
2024-02-19T18:51:10.382 INFO:teuthology.orchestra.run.smithi162.stdout:/usr/bin/ceph: stdout }
2024-02-19T18:51:10.382 INFO:teuthology.orchestra.run.smithi162.stdout:/usr/bin/ceph: stderr
2024-02-19T18:51:09.433+0000 7f1c3b7a8700 1 Processor -- start
2024-02-19T18:51:10.382 INFO:teuthology.orchestra.run.smithi162.stdout:/usr/bin/ceph: stderr
2024-02-19T18:51:09.433+0000 7f1c3b7a8700 1 -- start start
2024-02-19T18:51:10.383 INFO:teuthology.orchestra.run.smithi162.stdout:/usr/bin/ceph: stderr
2024-02-19T18:51:09.433+0000 7f1c3b7a8700 1 --2- >> [v2:172.21.15.162:3300/0,v1:172.21.15.162:6789/0] conn(0x7f1c34106f00 0x7f1c341092f0 unknown :-1 s=NONE pgs=0 cs=0 l=0 rev1=0 crypto rx=0 tx=0 comp rx=0 tx=0).connect
2024-02-19T18:51:10.383 INFO:teuthology.orchestra.run.smithi162.stdout:/usr/bin/ceph: stderr
2024-02-19T18:51:09.433+0000 7f1c3b7a8700 1 -- --> [v2:172.21.15.162:3300/0,v1:172.21.15.162:6789/0] -- mon_getmap magic: 0 v1 -- 0x7f1c34079e60 con 0x7f1c34106f00
2024-02-19T18:51:10.383 INFO:teuthology.orchestra.run.smithi162.stdout:/usr/bin/ceph: stderr
2024-02-19T18:51:09.433+0000 7f1c39544700 1 --2- >> [v2:172.21.15.162:3300/0,v1:172.21.15.162:6789/0] conn(0x7f1c34106f00 0x7f1c341092f0 unknown :-1 s=BANNER_CONNECTING pgs=0 cs=0 l=0 rev1=0 crypto rx=0 tx=0 comp rx=0 tx=0)._handle_peer_banner_payload supported=3 required=0
2024-02-19T18:51:10.383 INFO:teuthology.orchestra.run.smithi162.stdout:/usr/bin/ceph: stderr
2024-02-19T18:51:09.433+0000 7f1c39544700 1 --2- >> [v2:172.21.15.162:3300/0,v1:172.21.15.162:6789/0] conn(0x7f1c34106f00 0x7f1c341092f0 unknown :-1 s=HELLO_CONNECTING pgs=0 cs=0 l=0 rev1=1 crypto rx=0 tx=0 comp rx=0 tx=0).handle_hello peer v2:172.21.15.162:3300/0 says I am v2:172.21.15.162:49608/0 (socket says 172.21.15.162:49608)
2024-02-19T18:51:10.383 INFO:teuthology.orchestra.run.smithi162.stdout:/usr/bin/ceph: stderr
2024-02-19T18:51:09.433+0000 7f1c39544700 1 -- 172.21.15.162:0/531615424 learned_addr learned my addr 172.21.15.162:0/531615424 (peer_addr_for_me v2:172.21.15.162:0/0)
2024-02-19T18:51:10.383 INFO:teuthology.orchestra.run.smithi162.stdout:/usr/bin/ceph: stderr
2024-02-19T18:51:09.433+0000 7f1c39544700 1 -- 172.21.15.162:0/531615424 --> [v2:172.21.15.162:3300/0,v1:172.21.15.162:6789/0] -- mon_subscribe({config=0+,monmap=0+}) v3 -- 0x7f1c34109830 con 0x7f1c34106f00
2024-02-19T18:51:10.383 INFO:teuthology.orchestra.run.smithi162.stdout:/usr/bin/ceph: stderr
2024-02-19T18:51:09.434+0000 7f1c39544700 1 --2- 172.21.15.162:0/531615424 >> [v2:172.21.15.162:3300/0,v1:172.21.15.162:6789/0] conn(0x7f1c34106f00 0x7f1c341092f0 secure :-1 s=READY pgs=24 cs=0 l=1 rev1=1 crypto rx=0x7f1c300098a0 tx=0x7f1c30009bb0 comp rx=0 tx=0).ready entity=mon.0 client_cookie=e7f4d9f8d854eb65 server_cookie=0 in_seq=0 out_seq=0
2024-02-19T18:51:10.383 INFO:teuthology.orchestra.run.smithi162.stdout:/usr/bin/ceph: stderr
2024-02-19T18:51:09.436+0000 7f1c2bfff700 1 -- 172.21.15.162:0/531615424 <== mon.0 v2:172.21.15.162:3300/0 1 ==== mon_map magic: 0 v1 ==== 229+0+0 (secure 0 0 0) 0x7f1c30004180 con 0x7f1c34106f00
2024-02-19T18:51:10.383 INFO:teuthology.orchestra.run.smithi162.stdout:/usr/bin/ceph: stderr
2024-02-19T18:51:09.436+0000 7f1c2bfff700 1 -- 172.21.15.162:0/531615424 <== mon.0 v2:172.21.15.162:3300/0 2 ==== config(27 keys) v1 ==== 1037+0+0 (secure 0 0 0) 0x7f1c300042e0 con 0x7f1c34106f00
2024-02-19T18:51:10.383 INFO:teuthology.orchestra.run.smithi162.stdout:/usr/bin/ceph: stderr
2024-02-19T18:51:09.436+0000 7f1c2bfff700 1 -- 172.21.15.162:0/531615424 <== mon.0 v2:172.21.15.162:3300/0 3 ==== mon_map magic: 0 v1 ==== 229+0+0 (secure 0 0 0) 0x7f1c30011a50 con 0x7f1c34106f00
2024-02-19T18:51:10.383 INFO:teuthology.orchestra.run.smithi162.stdout:/usr/bin/ceph: stderr
2024-02-19T18:51:09.436+0000 7f1c3b7a8700 1 -- 172.21.15.162:0/531615424 >> [v2:172.21.15.162:3300/0,v1:172.21.15.162:6789/0] conn(0x7f1c34106f00 msgr2=0x7f1c341092f0 secure :-1 s=STATE_CONNECTION_ESTABLISHED l=1).mark_down
2024-02-19T18:51:10.383 INFO:teuthology.orchestra.run.smithi162.stdout:/usr/bin/ceph: stderr
2024-02-19T18:51:09.436+0000 7f1c3b7a8700 1 --2- 172.21.15.162:0/531615424 >> [v2:172.21.15.162:3300/0,v1:172.21.15.162:6789/0] conn(0x7f1c34106f00 0x7f1c341092f0 secure :-1 s=READY pgs=24 cs=0 l=1 rev1=1 crypto rx=0x7f1c300098a0 tx=0x7f1c30009bb0 comp rx=0 tx=0).stop
2024-02-19T18:51:10.383 INFO:teuthology.orchestra.run.smithi162.stdout:/usr/bin/ceph: stderr
2024-02-19T18:51:09.436+0000 7f1c3b7a8700 1 -- 172.21.15.162:0/531615424 shutdown_connections
2024-02-19T18:51:10.383 INFO:teuthology.orchestra.run.smithi162.stdout:/usr/bin/ceph: stderr
2024-02-19T18:51:09.436+0000 7f1c3b7a8700 1 --2- 172.21.15.162:0/531615424 >> [v2:172.21.15.162:3300/0,v1:172.21.15.162:6789/0] conn(0x7f1c34106f00 0x7f1c341092f0 unknown :-1 s=CLOSED pgs=24 cs=0 l=1 rev1=1 crypto rx=0 tx=0 comp rx=0 tx=0).stop
2024-02-19T18:51:10.384 INFO:teuthology.orchestra.run.smithi162.stdout:/usr/bin/ceph: stderr
2024-02-19T18:51:09.436+0000 7f1c3b7a8700 1 -- 172.21.15.162:0/531615424 >> 172.21.15.162:0/531615424 conn(0x7f1c341008b0 msgr2=0x7f1c34102d10 unknown :-1 s=STATE_NONE l=0).mark_down
2024-02-19T18:51:10.384 INFO:teuthology.orchestra.run.smithi162.stdout:/usr/bin/ceph: stderr
2024-02-19T18:51:09.436+0000 7f1c3b7a8700 1 -- 172.21.15.162:0/531615424 shutdown_connections
2024-02-19T18:51:10.384 INFO:teuthology.orchestra.run.smithi162.stdout:/usr/bin/ceph: stderr
2024-02-19T18:51:09.437+0000 7f1c3b7a8700 1 -- 172.21.15.162:0/531615424 wait complete.
2024-02-19T18:51:10.384 INFO:teuthology.orchestra.run.smithi162.stdout:/usr/bin/ceph: stderr
2024-02-19T18:51:09.437+0000 7f1c3b7a8700 1 Processor -- start
2024-02-19T18:51:10.384 INFO:teuthology.orchestra.run.smithi162.stdout:/usr/bin/ceph: stderr
2024-02-19T18:51:09.437+0000 7f1c3b7a8700 1 -- start start
2024-02-19T18:51:10.384 INFO:teuthology.orchestra.run.smithi162.stdout:/usr/bin/ceph: stderr
2024-02-19T18:51:09.437+0000 7f1c3b7a8700 1 --2- >> [v2:172.21.15.162:3300/0,v1:172.21.15.162:6789/0] conn(0x7f1c34106f00 0x7f1c3419a0c0 unknown :-1 s=NONE pgs=0 cs=0 l=1 rev1=0 crypto rx=0 tx=0 comp rx=0 tx=0).connect
2024-02-19T18:51:10.384 INFO:teuthology.orchestra.run.smithi162.stdout:/usr/bin/ceph: stderr
2024-02-19T18:51:09.437+0000 7f1c3b7a8700 1 -- --> [v2:172.21.15.162:3300/0,v1:172.21.15.162:6789/0] -- mon_getmap magic: 0 v1 -- 0x7f1c3419a600 con 0x7f1c34106f00
2024-02-19T18:51:10.384 INFO:teuthology.orchestra.run.smithi162.stdout:/usr/bin/ceph: stderr
2024-02-19T18:51:09.437+0000 7f1c39544700 1 --2- >> [v2:172.21.15.162:3300/0,v1:172.21.15.162:6789/0] conn(0x7f1c34106f00 0x7f1c3419a0c0 unknown :-1 s=BANNER_CONNECTING pgs=0 cs=0 l=1 rev1=0 crypto rx=0 tx=0 comp rx=0 tx=0)._handle_peer_banner_payload supported=3 required=0
2024-02-19T18:51:10.384 INFO:teuthology.orchestra.run.smithi162.stdout:/usr/bin/ceph: stderr
2024-02-19T18:51:09.437+0000 7f1c39544700 1 --2- >> [v2:172.21.15.162:3300/0,v1:172.21.15.162:6789/0] conn(0x7f1c34106f00 0x7f1c3419a0c0 unknown :-1 s=HELLO_CONNECTING pgs=0 cs=0 l=1 rev1=1 crypto rx=0 tx=0 comp rx=0 tx=0).handle_hello peer v2:172.21.15.162:3300/0 says I am v2:172.21.15.162:49622/0 (socket says 172.21.15.162:49622)
2024-02-19T18:51:10.384 INFO:teuthology.orchestra.run.smithi162.stdout:/usr/bin/ceph: stderr
2024-02-19T18:51:09.437+0000 7f1c39544700 1 -- 172.21.15.162:0/3057395365 learned_addr learned my addr 172.21.15.162:0/3057395365 (peer_addr_for_me v2:172.21.15.162:0/0)
2024-02-19T18:51:10.384 INFO:teuthology.orchestra.run.smithi162.stdout:/usr/bin/ceph: stderr
2024-02-19T18:51:09.438+0000 7f1c39544700 1 -- 172.21.15.162:0/3057395365 --> [v2:172.21.15.162:3300/0,v1:172.21.15.162:6789/0] -- mon_subscribe({config=0+,monmap=0+}) v3 -- 0x7f1c30009550 con 0x7f1c34106f00
2024-02-19T18:51:10.384 INFO:teuthology.orchestra.run.smithi162.stdout:/usr/bin/ceph: stderr
2024-02-19T18:51:09.438+0000 7f1c39544700 1 --2- 172.21.15.162:0/3057395365 >> [v2:172.21.15.162:3300/0,v1:172.21.15.162:6789/0] conn(0x7f1c34106f00 0x7f1c3419a0c0 secure :-1 s=READY pgs=25 cs=0 l=1 rev1=1 crypto rx=0x7f1c30003f80 tx=0x7f1c30011ab0 comp rx=0 tx=0).ready entity=mon.0 client_cookie=0 server_cookie=0 in_seq=0 out_seq=0
2024-02-19T18:51:10.385 INFO:teuthology.orchestra.run.smithi162.stdout:/usr/bin/ceph: stderr
2024-02-19T18:51:09.438+0000 7f1c2a7fc700 1 -- 172.21.15.162:0/3057395365 <== mon.0 v2:172.21.15.162:3300/0 1 ==== mon_map magic: 0 v1 ==== 229+0+0 (secure 0 0 0) 0x7f1c30003a80 con 0x7f1c34106f00
2024-02-19T18:51:10.385 INFO:teuthology.orchestra.run.smithi162.stdout:/usr/bin/ceph: stderr
2024-02-19T18:51:09.438+0000 7f1c2a7fc700 1 -- 172.21.15.162:0/3057395365 <== mon.0 v2:172.21.15.162:3300/0 2 ==== config(27 keys) v1 ==== 1037+0+0 (secure 0 0 0) 0x7f1c30003be0 con 0x7f1c34106f00
2024-02-19T18:51:10.385 INFO:teuthology.orchestra.run.smithi162.stdout:/usr/bin/ceph: stderr
2024-02-19T18:51:09.438+0000 7f1c3b7a8700 1 -- 172.21.15.162:0/3057395365 --> [v2:172.21.15.162:3300/0,v1:172.21.15.162:6789/0] -- mon_subscribe({mgrmap=0+}) v3 -- 0x7f1c3419a800 con 0x7f1c34106f00
2024-02-19T18:51:10.385 INFO:teuthology.orchestra.run.smithi162.stdout:/usr/bin/ceph: stderr
2024-02-19T18:51:09.438+0000 7f1c2a7fc700 1 -- 172.21.15.162:0/3057395365 <== mon.0 v2:172.21.15.162:3300/0 3 ==== mon_map magic: 0 v1 ==== 229+0+0 (secure 0 0 0) 0x7f1c30019820 con 0x7f1c34106f00
2024-02-19T18:51:10.385 INFO:teuthology.orchestra.run.smithi162.stdout:/usr/bin/ceph: stderr
2024-02-19T18:51:09.438+0000 7f1c3b7a8700 1 -- 172.21.15.162:0/3057395365 --> [v2:172.21.15.162:3300/0,v1:172.21.15.162:6789/0] -- mon_subscribe({osdmap=0}) v3 -- 0x7f1c3419aca0 con 0x7f1c34106f00
2024-02-19T18:51:10.385 INFO:teuthology.orchestra.run.smithi162.stdout:/usr/bin/ceph: stderr
2024-02-19T18:51:09.439+0000 7f1c2a7fc700 1 -- 172.21.15.162:0/3057395365 <== mon.0 v2:172.21.15.162:3300/0 4 ==== mgrmap(e 5) v1 ==== 45283+0+0 (secure 0 0 0) 0x7f1c30019aa0 con 0x7f1c34106f00
2024-02-19T18:51:10.385 INFO:teuthology.orchestra.run.smithi162.stdout:/usr/bin/ceph: stderr
2024-02-19T18:51:09.439+0000 7f1c2a7fc700 1 --2- 172.21.15.162:0/3057395365 >> [v2:172.21.15.162:6800/1859282764,v1:172.21.15.162:6801/1859282764] conn(0x7f1c200382d0 0x7f1c2003a790 unknown :-1 s=NONE pgs=0 cs=0 l=1 rev1=0 crypto rx=0 tx=0 comp rx=0 tx=0).connect
2024-02-19T18:51:10.385 INFO:teuthology.orchestra.run.smithi162.stdout:/usr/bin/ceph: stderr
2024-02-19T18:51:09.439+0000 7f1c2a7fc700 1 -- 172.21.15.162:0/3057395365 <== mon.0 v2:172.21.15.162:3300/0 5 ==== osd_map(1..1 src has 1..1) v4 ==== 725+0+0 (secure 0 0 0) 0x7f1c3004d500 con 0x7f1c34106f00
2024-02-19T18:51:10.385 INFO:teuthology.orchestra.run.smithi162.stdout:/usr/bin/ceph: stderr
2024-02-19T18:51:09.439+0000 7f1c38d43700 1 -- 172.21.15.162:0/3057395365 >> [v2:172.21.15.162:6800/1859282764,v1:172.21.15.162:6801/1859282764] conn(0x7f1c200382d0 msgr2=0x7f1c2003a790 unknown :-1 s=STATE_CONNECTING_RE l=1).process reconnect failed to v2:172.21.15.162:6800/1859282764
2024-02-19T18:51:10.385 INFO:teuthology.orchestra.run.smithi162.stdout:/usr/bin/ceph: stderr
2024-02-19T18:51:09.439+0000 7f1c3b7a8700 1 -- 172.21.15.162:0/3057395365 --> [v2:172.21.15.162:3300/0,v1:172.21.15.162:6789/0] -- mon_command({"prefix": "get_command_descriptions"} v 0) v1 -- 0x7f1c3410a550 con 0x7f1c34106f00
2024-02-19T18:51:10.385 INFO:teuthology.orchestra.run.smithi162.stdout:/usr/bin/ceph: stderr
2024-02-19T18:51:09.439+0000 7f1c38d43700 1 --2- 172.21.15.162:0/3057395365 >> [v2:172.21.15.162:6800/1859282764,v1:172.21.15.162:6801/1859282764] conn(0x7f1c200382d0 0x7f1c2003a790 unknown :-1 s=START_CONNECT pgs=0 cs=0 l=1 rev1=0 crypto rx=0 tx=0 comp rx=0 tx=0)._fault waiting 0.200000
2024-02-19T18:51:10.385 INFO:teuthology.orchestra.run.smithi162.stdout:/usr/bin/ceph: stderr
2024-02-19T18:51:09.444+0000 7f1c2a7fc700 1 -- 172.21.15.162:0/3057395365 <== mon.0 v2:172.21.15.162:3300/0 6 ==== mon_command_ack([{"prefix": "get_command_descriptions"}]=0 v0) v1 ==== 72+0+180422 (secure 0 0 0) 0x7f1c3002c3a0 con 0x7f1c34106f00
2024-02-19T18:51:10.385 INFO:teuthology.orchestra.run.smithi162.stdout:/usr/bin/ceph: stderr
2024-02-19T18:51:09.640+0000 7f1c38d43700 1 -- 172.21.15.162:0/3057395365 >> [v2:172.21.15.162:6800/1859282764,v1:172.21.15.162:6801/1859282764] conn(0x7f1c200382d0 msgr2=0x7f1c2003a790 unknown :-1 s=STATE_CONNECTING_RE l=1).process reconnect failed to v2:172.21.15.162:6800/1859282764
2024-02-19T18:51:10.386 INFO:teuthology.orchestra.run.smithi162.stdout:/usr/bin/ceph: stderr
2024-02-19T18:51:09.640+0000 7f1c38d43700 1 --2- 172.21.15.162:0/3057395365 >> [v2:172.21.15.162:6800/1859282764,v1:172.21.15.162:6801/1859282764] conn(0x7f1c200382d0 0x7f1c2003a790 unknown :-1 s=START_CONNECT pgs=0 cs=0 l=1 rev1=0 crypto rx=0 tx=0 comp rx=0 tx=0)._fault waiting 0.400000
2024-02-19T18:51:10.386 INFO:teuthology.orchestra.run.smithi162.stdout:/usr/bin/ceph: stderr
2024-02-19T18:51:09.693+0000 7f1c3b7a8700 1 -- 172.21.15.162:0/3057395365 --> [v2:172.21.15.162:3300/0,v1:172.21.15.162:6789/0] -- mon_command({"prefix": "mgr stat"} v 0) v1 -- 0x7f1c3419da80 con 0x7f1c34106f00
2024-02-19T18:51:10.386 INFO:teuthology.orchestra.run.smithi162.stdout:/usr/bin/ceph: stderr
2024-02-19T18:51:09.693+0000 7f1c2a7fc700 1 -- 172.21.15.162:0/3057395365 <== mon.0 v2:172.21.15.162:3300/0 7 ==== mon_command_ack([{"prefix": "mgr stat"}]=0 v5) v1 ==== 56+0+103 (secure 0 0 0) 0x7f1c300172b0 con 0x7f1c34106f00
2024-02-19T18:51:10.386 INFO:teuthology.orchestra.run.smithi162.stdout:/usr/bin/ceph: stderr
2024-02-19T18:51:09.695+0000 7f1c3b7a8700 1 -- 172.21.15.162:0/3057395365 >> [v2:172.21.15.162:6800/1859282764,v1:172.21.15.162:6801/1859282764] conn(0x7f1c200382d0 msgr2=0x7f1c2003a790 unknown :-1 s=STATE_CONNECTING l=1).mark_down
2024-02-19T18:51:10.386 INFO:teuthology.orchestra.run.smithi162.stdout:/usr/bin/ceph: stderr
2024-02-19T18:51:09.695+0000 7f1c3b7a8700 1 --2- 172.21.15.162:0/3057395365 >> [v2:172.21.15.162:6800/1859282764,v1:172.21.15.162:6801/1859282764] conn(0x7f1c200382d0 0x7f1c2003a790 unknown :-1 s=START_CONNECT pgs=0 cs=0 l=1 rev1=0 crypto rx=0 tx=0 comp rx=0 tx=0).stop
2024-02-19T18:51:10.386 INFO:teuthology.orchestra.run.smithi162.stdout:/usr/bin/ceph: stderr
2024-02-19T18:51:09.695+0000 7f1c3b7a8700 1 -- 172.21.15.162:0/3057395365 >> [v2:172.21.15.162:3300/0,v1:172.21.15.162:6789/0] conn(0x7f1c34106f00 msgr2=0x7f1c3419a0c0 secure :-1 s=STATE_CONNECTION_ESTABLISHED l=1).mark_down
2024-02-19T18:51:10.386 INFO:teuthology.orchestra.run.smithi162.stdout:/usr/bin/ceph: stderr
2024-02-19T18:51:09.695+0000 7f1c3b7a8700 1 --2- 172.21.15.162:0/3057395365 >> [v2:172.21.15.162:3300/0,v1:172.21.15.162:6789/0] conn(0x7f1c34106f00 0x7f1c3419a0c0 secure :-1 s=READY pgs=25 cs=0 l=1 rev1=1 crypto rx=0x7f1c30003f80 tx=0x7f1c30011ab0 comp rx=0 tx=0).stop
2024-02-19T18:51:10.386 INFO:teuthology.orchestra.run.smithi162.stdout:/usr/bin/ceph: stderr
2024-02-19T18:51:09.695+0000 7f1c3b7a8700 1 -- 172.21.15.162:0/3057395365 shutdown_connections
2024-02-19T18:51:10.386 INFO:teuthology.orchestra.run.smithi162.stdout:/usr/bin/ceph: stderr
2024-02-19T18:51:09.695+0000 7f1c3b7a8700 1 --2- 172.21.15.162:0/3057395365 >> [v2:172.21.15.162:6800/1859282764,v1:172.21.15.162:6801/1859282764] conn(0x7f1c200382d0 0x7f1c2003a790 unknown :-1 s=CLOSED pgs=0 cs=0 l=1 rev1=0 crypto rx=0 tx=0 comp rx=0 tx=0).stop
2024-02-19T18:51:10.386 INFO:teuthology.orchestra.run.smithi162.stdout:/usr/bin/ceph: stderr
2024-02-19T18:51:09.695+0000 7f1c3b7a8700 1 --2- 172.21.15.162:0/3057395365 >> [v2:172.21.15.162:3300/0,v1:172.21.15.162:6789/0] conn(0x7f1c34106f00 0x7f1c3419a0c0 unknown :-1 s=CLOSED pgs=25 cs=0 l=1 rev1=1 crypto rx=0 tx=0 comp rx=0 tx=0).stop
2024-02-19T18:51:10.386 INFO:teuthology.orchestra.run.smithi162.stdout:/usr/bin/ceph: stderr
2024-02-19T18:51:09.695+0000 7f1c3b7a8700 1 -- 172.21.15.162:0/3057395365 >> 172.21.15.162:0/3057395365 conn(0x7f1c341008b0 msgr2=0x7f1c34101fd0 unknown :-1 s=STATE_NONE l=0).mark_down
2024-02-19T18:51:10.386 INFO:teuthology.orchestra.run.smithi162.stdout:/usr/bin/ceph: stderr
2024-02-19T18:51:09.696+0000 7f1c3b7a8700 1 -- 172.21.15.162:0/3057395365 shutdown_connections
2024-02-19T18:51:10.386 INFO:teuthology.orchestra.run.smithi162.stdout:/usr/bin/ceph: stderr
2024-02-19T18:51:09.696+0000 7f1c3b7a8700 1 -- 172.21.15.162:0/3057395365 wait complete.
2024-02-19T18:51:10.387 INFO:teuthology.orchestra.run.smithi162.stdout:Waiting for the mgr to restart...
2024-02-19T18:51:10.387 INFO:teuthology.orchestra.run.smithi162.stdout:Waiting for mgr epoch 5...
2024-02-19T18:51:10.629 INFO:journalctl@ceph.mon.smithi162.smithi162.stdout:Feb 19 18:51:10 smithi162 ceph-mon[29131]: from='client.? 172.21.15.162:0/3057395365' entity='client.admin' cmd=[{"prefix": "mgr stat"}]: dispatch
2024-02-19T18:51:16.155 INFO:journalctl@ceph.mon.smithi162.smithi162.stdout:Feb 19 18:51:15 smithi162 ceph-mon[29131]: Active manager daemon smithi162.tnfmix restarted
2024-02-19T18:51:16.156 INFO:journalctl@ceph.mon.smithi162.smithi162.stdout:Feb 19 18:51:15 smithi162 ceph-mon[29131]: Activating manager daemon smithi162.tnfmix
2024-02-19T18:51:16.156 INFO:journalctl@ceph.mon.smithi162.smithi162.stdout:Feb 19 18:51:15 smithi162 ceph-mon[29131]: osdmap e2: 0 total, 0 up, 0 in
2024-02-19T18:51:16.156 INFO:journalctl@ceph.mon.smithi162.smithi162.stdout:Feb 19 18:51:15 smithi162 ceph-mon[29131]: mgrmap e6: smithi162.tnfmix(active, starting, since 0.00323664s)
2024-02-19T18:51:16.156 INFO:journalctl@ceph.mon.smithi162.smithi162.stdout:Feb 19 18:51:15 smithi162 ceph-mon[29131]: from='mgr.14118 172.21.15.162:0/1836171993' entity='mgr.smithi162.tnfmix' cmd=[{"prefix": "mon metadata", "id": "smithi162"}]: dispatch
2024-02-19T18:51:16.156 INFO:journalctl@ceph.mon.smithi162.smithi162.stdout:Feb 19 18:51:15 smithi162 ceph-mon[29131]: from='mgr.14118 172.21.15.162:0/1836171993' entity='mgr.smithi162.tnfmix' cmd=[{"prefix": "mgr metadata", "who": "smithi162.tnfmix", "id": "smithi162.tnfmix"}]: dispatch
2024-02-19T18:51:16.156 INFO:journalctl@ceph.mon.smithi162.smithi162.stdout:Feb 19 18:51:15 smithi162 ceph-mon[29131]: from='mgr.14118 172.21.15.162:0/1836171993' entity='mgr.smithi162.tnfmix' cmd=[{"prefix": "mds metadata"}]: dispatch
2024-02-19T18:51:16.156 INFO:journalctl@ceph.mon.smithi162.smithi162.stdout:Feb 19 18:51:15 smithi162 ceph-mon[29131]: from='mgr.14118 172.21.15.162:0/1836171993' entity='mgr.smithi162.tnfmix' cmd=[{"prefix": "osd metadata"}]: dispatch
2024-02-19T18:51:16.156 INFO:journalctl@ceph.mon.smithi162.smithi162.stdout:Feb 19 18:51:15 smithi162 ceph-mon[29131]: from='mgr.14118 172.21.15.162:0/1836171993' entity='mgr.smithi162.tnfmix' cmd=[{"prefix": "mon metadata"}]: dispatch
2024-02-19T18:51:16.156 INFO:journalctl@ceph.mon.smithi162.smithi162.stdout:Feb 19 18:51:15 smithi162 ceph-mon[29131]: Manager daemon smithi162.tnfmix is now available
2024-02-19T18:51:16.156 INFO:journalctl@ceph.mon.smithi162.smithi162.stdout:Feb 19 18:51:15 smithi162 ceph-mon[29131]: Found migration_current of "None". Setting to last migration.
2024-02-19T18:51:16.156 INFO:journalctl@ceph.mon.smithi162.smithi162.stdout:Feb 19 18:51:15 smithi162 ceph-mon[29131]: from='mgr.14118 172.21.15.162:0/1836171993' entity='mgr.smithi162.tnfmix'
2024-02-19T18:51:16.156 INFO:journalctl@ceph.mon.smithi162.smithi162.stdout:Feb 19 18:51:15 smithi162 ceph-mon[29131]: from='mgr.14118 172.21.15.162:0/1836171993' entity='mgr.smithi162.tnfmix'
2024-02-19T18:51:16.156 INFO:journalctl@ceph.mon.smithi162.smithi162.stdout:Feb 19 18:51:15 smithi162 ceph-mon[29131]: from='mgr.14118 172.21.15.162:0/1836171993' entity='mgr.smithi162.tnfmix' cmd=[{"prefix": "config dump", "format": "json"}]: dispatch
2024-02-19T18:51:16.157 INFO:journalctl@ceph.mon.smithi162.smithi162.stdout:Feb 19 18:51:15 smithi162 ceph-mon[29131]: from='mgr.14118 172.21.15.162:0/1836171993' entity='mgr.smithi162.tnfmix' cmd=[{"prefix": "config dump", "format": "json"}]: dispatch
2024-02-19T18:51:16.157 INFO:journalctl@ceph.mon.smithi162.smithi162.stdout:Feb 19 18:51:15 smithi162 ceph-mon[29131]: from='mgr.14118 172.21.15.162:0/1836171993' entity='mgr.smithi162.tnfmix' cmd=[{"prefix": "config dump", "format": "json"}]: dispatch
2024-02-19T18:51:16.157 INFO:journalctl@ceph.mon.smithi162.smithi162.stdout:Feb 19 18:51:15 smithi162 ceph-mon[29131]: from='mgr.14118 172.21.15.162:0/1836171993' entity='mgr.smithi162.tnfmix' cmd=[{"prefix":"config rm","who":"mgr","name":"mgr/rbd_support/smithi162.tnfmix/mirror_snapshot_schedule"}]: dispatch
2024-02-19T18:51:16.157 INFO:journalctl@ceph.mon.smithi162.smithi162.stdout:Feb 19 18:51:15 smithi162 ceph-mon[29131]: from='mgr.14118 172.21.15.162:0/1836171993' entity='mgr.smithi162.tnfmix' cmd=[{"prefix":"config rm","who":"mgr","name":"mgr/rbd_support/smithi162.tnfmix/trash_purge_schedule"}]: dispatch
2024-02-19T18:51:16.856 INFO:teuthology.orchestra.run.smithi162.stdout:/usr/bin/ceph: stdout {
2024-02-19T18:51:16.856 INFO:teuthology.orchestra.run.smithi162.stdout:/usr/bin/ceph: stdout "mgrmap_epoch": 7,
2024-02-19T18:51:16.856 INFO:teuthology.orchestra.run.smithi162.stdout:/usr/bin/ceph: stdout "initialized": true
2024-02-19T18:51:16.856 INFO:teuthology.orchestra.run.smithi162.stdout:/usr/bin/ceph: stdout }
2024-02-19T18:51:16.856 INFO:teuthology.orchestra.run.smithi162.stdout:/usr/bin/ceph: stderr
2024-02-19T18:51:10.819+0000 7f40b5674700 1 Processor -- start
2024-02-19T18:51:16.856 INFO:teuthology.orchestra.run.smithi162.stdout:/usr/bin/ceph: stderr
2024-02-19T18:51:10.819+0000 7f40b5674700 1 -- start start
2024-02-19T18:51:16.856 INFO:teuthology.orchestra.run.smithi162.stdout:/usr/bin/ceph: stderr
2024-02-19T18:51:10.819+0000 7f40b5674700 1 --2- >> [v2:172.21.15.162:3300/0,v1:172.21.15.162:6789/0] conn(0x7f40b0105350 0x7f40b0105770 unknown :-1 s=NONE pgs=0 cs=0 l=0 rev1=0 crypto rx=0 tx=0 comp rx=0 tx=0).connect
2024-02-19T18:51:16.857 INFO:teuthology.orchestra.run.smithi162.stdout:/usr/bin/ceph: stderr
2024-02-19T18:51:10.819+0000 7f40b5674700 1 -- --> [v2:172.21.15.162:3300/0,v1:172.21.15.162:6789/0] -- mon_getmap magic: 0 v1 -- 0x7f40b0105d40 con 0x7f40b0105350
2024-02-19T18:51:16.857 INFO:teuthology.orchestra.run.smithi162.stdout:/usr/bin/ceph: stderr
2024-02-19T18:51:10.819+0000 7f40aeffd700 1 --2- >> [v2:172.21.15.162:3300/0,v1:172.21.15.162:6789/0] conn(0x7f40b0105350 0x7f40b0105770 unknown :-1 s=BANNER_CONNECTING pgs=0 cs=0 l=0 rev1=0 crypto rx=0 tx=0 comp rx=0 tx=0)._handle_peer_banner_payload supported=3 required=0
2024-02-19T18:51:16.857 INFO:teuthology.orchestra.run.smithi162.stdout:/usr/bin/ceph: stderr
2024-02-19T18:51:10.819+0000 7f40aeffd700 1 --2- >> [v2:172.21.15.162:3300/0,v1:172.21.15.162:6789/0] conn(0x7f40b0105350 0x7f40b0105770 unknown :-1 s=HELLO_CONNECTING pgs=0 cs=0 l=0 rev1=1 crypto rx=0 tx=0 comp rx=0 tx=0).handle_hello peer v2:172.21.15.162:3300/0 says I am v2:172.21.15.162:49628/0 (socket says 172.21.15.162:49628)
2024-02-19T18:51:16.857 INFO:teuthology.orchestra.run.smithi162.stdout:/usr/bin/ceph: stderr
2024-02-19T18:51:10.819+0000 7f40aeffd700 1 -- 172.21.15.162:0/2965377988 learned_addr learned my addr 172.21.15.162:0/2965377988 (peer_addr_for_me v2:172.21.15.162:0/0)
2024-02-19T18:51:16.857 INFO:teuthology.orchestra.run.smithi162.stdout:/usr/bin/ceph: stderr
2024-02-19T18:51:10.819+0000 7f40aeffd700 1 -- 172.21.15.162:0/2965377988 --> [v2:172.21.15.162:3300/0,v1:172.21.15.162:6789/0] -- mon_subscribe({config=0+,monmap=0+}) v3 -- 0x7f40b0106550 con 0x7f40b0105350
2024-02-19T18:51:16.857 INFO:teuthology.orchestra.run.smithi162.stdout:/usr/bin/ceph: stderr
2024-02-19T18:51:10.819+0000 7f40aeffd700 1 --2- 172.21.15.162:0/2965377988 >> [v2:172.21.15.162:3300/0,v1:172.21.15.162:6789/0] conn(0x7f40b0105350 0x7f40b0105770 secure :-1 s=READY pgs=26 cs=0 l=1 rev1=1 crypto rx=0x7f40a00098a0 tx=0x7f40a0009bb0 comp rx=0 tx=0).ready entity=mon.0 client_cookie=dd50b94648281562 server_cookie=0 in_seq=0 out_seq=0
2024-02-19T18:51:16.857 INFO:teuthology.orchestra.run.smithi162.stdout:/usr/bin/ceph: stderr
2024-02-19T18:51:10.820+0000 7f40adffb700 1 -- 172.21.15.162:0/2965377988 <== mon.0 v2:172.21.15.162:3300/0 1 ==== mon_map magic: 0 v1 ==== 229+0+0 (secure 0 0 0) 0x7f40a0004180 con 0x7f40b0105350
2024-02-19T18:51:16.857 INFO:teuthology.orchestra.run.smithi162.stdout:/usr/bin/ceph: stderr
2024-02-19T18:51:10.820+0000 7f40adffb700 1 -- 172.21.15.162:0/2965377988 <== mon.0 v2:172.21.15.162:3300/0 2 ==== config(27 keys) v1 ==== 1037+0+0 (secure 0 0 0) 0x7f40a00042e0 con 0x7f40b0105350
2024-02-19T18:51:16.857 INFO:teuthology.orchestra.run.smithi162.stdout:/usr/bin/ceph: stderr
2024-02-19T18:51:10.820+0000 7f40adffb700 1 -- 172.21.15.162:0/2965377988 <== mon.0 v2:172.21.15.162:3300/0 3 ==== mon_map magic: 0 v1 ==== 229+0+0 (secure 0 0 0) 0x7f40a0011a50 con 0x7f40b0105350
2024-02-19T18:51:16.857 INFO:teuthology.orchestra.run.smithi162.stdout:/usr/bin/ceph: stderr
2024-02-19T18:51:10.820+0000 7f40b5674700 1 -- 172.21.15.162:0/2965377988 >> [v2:172.21.15.162:3300/0,v1:172.21.15.162:6789/0] conn(0x7f40b0105350 msgr2=0x7f40b0105770 secure :-1 s=STATE_CONNECTION_ESTABLISHED l=1).mark_down
2024-02-19T18:51:16.857 INFO:teuthology.orchestra.run.smithi162.stdout:/usr/bin/ceph: stderr
2024-02-19T18:51:10.820+0000 7f40b5674700 1 --2- 172.21.15.162:0/2965377988 >> [v2:172.21.15.162:3300/0,v1:172.21.15.162:6789/0] conn(0x7f40b0105350 0x7f40b0105770 secure :-1 s=READY pgs=26 cs=0 l=1 rev1=1 crypto rx=0x7f40a00098a0 tx=0x7f40a0009bb0 comp rx=0 tx=0).stop
2024-02-19T18:51:16.857 INFO:teuthology.orchestra.run.smithi162.stdout:/usr/bin/ceph: stderr
2024-02-19T18:51:10.820+0000 7f40b5674700 1 -- 172.21.15.162:0/2965377988 shutdown_connections
2024-02-19T18:51:16.857 INFO:teuthology.orchestra.run.smithi162.stdout:/usr/bin/ceph: stderr
2024-02-19T18:51:10.820+0000 7f40b5674700 1 --2- 172.21.15.162:0/2965377988 >> [v2:172.21.15.162:3300/0,v1:172.21.15.162:6789/0] conn(0x7f40b0105350 0x7f40b0105770 unknown :-1 s=CLOSED pgs=26 cs=0 l=1 rev1=1 crypto rx=0 tx=0 comp rx=0 tx=0).stop
2024-02-19T18:51:16.858 INFO:teuthology.orchestra.run.smithi162.stdout:/usr/bin/ceph: stderr
2024-02-19T18:51:10.820+0000 7f40b5674700 1 -- 172.21.15.162:0/2965377988 >> 172.21.15.162:0/2965377988 conn(0x7f40b01008d0 msgr2=0x7f40b0102d30 unknown :-1 s=STATE_NONE l=0).mark_down
2024-02-19T18:51:16.858 INFO:teuthology.orchestra.run.smithi162.stdout:/usr/bin/ceph: stderr
2024-02-19T18:51:10.820+0000 7f40b5674700 1 -- 172.21.15.162:0/2965377988 shutdown_connections
2024-02-19T18:51:16.858 INFO:teuthology.orchestra.run.smithi162.stdout:/usr/bin/ceph: stderr
2024-02-19T18:51:10.821+0000 7f40b5674700 1 -- 172.21.15.162:0/2965377988 wait complete.
2024-02-19T18:51:16.858 INFO:teuthology.orchestra.run.smithi162.stdout:/usr/bin/ceph: stderr
2024-02-19T18:51:10.821+0000 7f40b5674700 1 Processor -- start
2024-02-19T18:51:16.858 INFO:teuthology.orchestra.run.smithi162.stdout:/usr/bin/ceph: stderr
2024-02-19T18:51:10.821+0000 7f40b5674700 1 -- start start
2024-02-19T18:51:16.858 INFO:teuthology.orchestra.run.smithi162.stdout:/usr/bin/ceph: stderr
2024-02-19T18:51:10.821+0000 7f40b5674700 1 --2- >> [v2:172.21.15.162:3300/0,v1:172.21.15.162:6789/0] conn(0x7f40b0105350 0x7f40b0190520 unknown :-1 s=NONE pgs=0 cs=0 l=1 rev1=0 crypto rx=0 tx=0 comp rx=0 tx=0).connect
2024-02-19T18:51:16.858 INFO:teuthology.orchestra.run.smithi162.stdout:/usr/bin/ceph: stderr
2024-02-19T18:51:10.821+0000 7f40b5674700 1 -- --> [v2:172.21.15.162:3300/0,v1:172.21.15.162:6789/0] -- mon_getmap magic: 0 v1 -- 0x7f40b0190a60 con 0x7f40b0105350
2024-02-19T18:51:16.858 INFO:teuthology.orchestra.run.smithi162.stdout:/usr/bin/ceph: stderr
2024-02-19T18:51:10.822+0000 7f40aeffd700 1 --2- >> [v2:172.21.15.162:3300/0,v1:172.21.15.162:6789/0] conn(0x7f40b0105350 0x7f40b0190520 unknown :-1 s=BANNER_CONNECTING pgs=0 cs=0 l=1 rev1=0 crypto rx=0 tx=0 comp rx=0 tx=0)._handle_peer_banner_payload supported=3 required=0
2024-02-19T18:51:16.858 INFO:teuthology.orchestra.run.smithi162.stdout:/usr/bin/ceph: stderr
2024-02-19T18:51:10.822+0000 7f40aeffd700 1 --2- >> [v2:172.21.15.162:3300/0,v1:172.21.15.162:6789/0] conn(0x7f40b0105350 0x7f40b0190520 unknown :-1 s=HELLO_CONNECTING pgs=0 cs=0 l=1 rev1=1 crypto rx=0 tx=0 comp rx=0 tx=0).handle_hello peer v2:172.21.15.162:3300/0 says I am v2:172.21.15.162:49644/0 (socket says 172.21.15.162:49644)
2024-02-19T18:51:16.858 INFO:teuthology.orchestra.run.smithi162.stdout:/usr/bin/ceph: stderr
2024-02-19T18:51:10.822+0000 7f40aeffd700 1 -- 172.21.15.162:0/3690922124 learned_addr learned my addr 172.21.15.162:0/3690922124 (peer_addr_for_me v2:172.21.15.162:0/0)
2024-02-19T18:51:16.858 INFO:teuthology.orchestra.run.smithi162.stdout:/usr/bin/ceph: stderr
2024-02-19T18:51:10.822+0000 7f40aeffd700 1 -- 172.21.15.162:0/3690922124 --> [v2:172.21.15.162:3300/0,v1:172.21.15.162:6789/0] -- mon_subscribe({config=0+,monmap=0+}) v3 -- 0x7f40a0009550 con 0x7f40b0105350
2024-02-19T18:51:16.858 INFO:teuthology.orchestra.run.smithi162.stdout:/usr/bin/ceph: stderr
2024-02-19T18:51:10.822+0000 7f40aeffd700 1 --2- 172.21.15.162:0/3690922124 >> [v2:172.21.15.162:3300/0,v1:172.21.15.162:6789/0] conn(0x7f40b0105350 0x7f40b0190520 secure :-1 s=READY pgs=27 cs=0 l=1 rev1=1 crypto rx=0x7f40a0003de0 tx=0x7f40a0011ab0 comp rx=0 tx=0).ready entity=mon.0 client_cookie=0 server_cookie=0 in_seq=0 out_seq=0
2024-02-19T18:51:16.858 INFO:teuthology.orchestra.run.smithi162.stdout:/usr/bin/ceph: stderr
2024-02-19T18:51:10.822+0000 7f4097fff700 1 -- 172.21.15.162:0/3690922124 <== mon.0 v2:172.21.15.162:3300/0 1 ==== mon_map magic: 0 v1 ==== 229+0+0 (secure 0 0 0) 0x7f40a0003930 con 0x7f40b0105350
2024-02-19T18:51:16.858 INFO:teuthology.orchestra.run.smithi162.stdout:/usr/bin/ceph: stderr
2024-02-19T18:51:10.822+0000 7f40b5674700 1 -- 172.21.15.162:0/3690922124 --> [v2:172.21.15.162:3300/0,v1:172.21.15.162:6789/0] -- mon_subscribe({mgrmap=0+}) v3 -- 0x7f40b018eb70 con 0x7f40b0105350
2024-02-19T18:51:16.859 INFO:teuthology.orchestra.run.smithi162.stdout:/usr/bin/ceph: stderr
2024-02-19T18:51:10.822+0000 7f4097fff700 1 -- 172.21.15.162:0/3690922124 <== mon.0 v2:172.21.15.162:3300/0 2 ==== config(27 keys) v1 ==== 1037+0+0 (secure 0 0 0) 0x7f40a0003a90 con 0x7f40b0105350
2024-02-19T18:51:16.859 INFO:teuthology.orchestra.run.smithi162.stdout:/usr/bin/ceph: stderr
2024-02-19T18:51:10.822+0000 7f4097fff700 1 -- 172.21.15.162:0/3690922124 <== mon.0 v2:172.21.15.162:3300/0 3 ==== mon_map magic: 0 v1 ==== 229+0+0 (secure 0 0 0) 0x7f40a00196c0 con 0x7f40b0105350
2024-02-19T18:51:16.859 INFO:teuthology.orchestra.run.smithi162.stdout:/usr/bin/ceph: stderr
2024-02-19T18:51:10.822+0000 7f40b5674700 1 -- 172.21.15.162:0/3690922124 --> [v2:172.21.15.162:3300/0,v1:172.21.15.162:6789/0] -- mon_subscribe({osdmap=0}) v3 -- 0x7f40b018f010 con 0x7f40b0105350
2024-02-19T18:51:16.859 INFO:teuthology.orchestra.run.smithi162.stdout:/usr/bin/ceph: stderr
2024-02-19T18:51:10.823+0000 7f4097fff700 1 -- 172.21.15.162:0/3690922124 <== mon.0 v2:172.21.15.162:3300/0 4 ==== mgrmap(e 5) v1 ==== 45283+0+0 (secure 0 0 0) 0x7f40a0019980 con 0x7f40b0105350
2024-02-19T18:51:16.859 INFO:teuthology.orchestra.run.smithi162.stdout:/usr/bin/ceph: stderr
2024-02-19T18:51:10.823+0000 7f4097fff700 1 --2- 172.21.15.162:0/3690922124 >> [v2:172.21.15.162:6800/1859282764,v1:172.21.15.162:6801/1859282764] conn(0x7f4098038320 0x7f409803a7e0 unknown :-1 s=NONE pgs=0 cs=0 l=1 rev1=0 crypto rx=0 tx=0 comp rx=0 tx=0).connect
2024-02-19T18:51:16.859 INFO:teuthology.orchestra.run.smithi162.stdout:/usr/bin/ceph: stderr
2024-02-19T18:51:10.823+0000 7f4097fff700 1 -- 172.21.15.162:0/3690922124 --> [v2:172.21.15.162:6800/1859282764,v1:172.21.15.162:6801/1859282764] -- command(tid 0: {"prefix": "get_command_descriptions"}) v1 -- 0x7f409803aef0 con 0x7f4098038320
2024-02-19T18:51:16.859 INFO:teuthology.orchestra.run.smithi162.stdout:/usr/bin/ceph: stderr
2024-02-19T18:51:10.823+0000 7f4097fff700 1 -- 172.21.15.162:0/3690922124 <== mon.0 v2:172.21.15.162:3300/0 5 ==== osd_map(1..1 src has 1..1) v4 ==== 725+0+0 (secure 0 0 0) 0x7f40a004c070 con 0x7f40b0105350
2024-02-19T18:51:16.859 INFO:teuthology.orchestra.run.smithi162.stdout:/usr/bin/ceph: stderr
2024-02-19T18:51:10.823+0000 7f40ae7fc700 1 -- 172.21.15.162:0/3690922124 >> [v2:172.21.15.162:6800/1859282764,v1:172.21.15.162:6801/1859282764] conn(0x7f4098038320 msgr2=0x7f409803a7e0 unknown :-1 s=STATE_CONNECTING_RE l=1).process reconnect failed to v2:172.21.15.162:6800/1859282764
2024-02-19T18:51:16.859 INFO:teuthology.orchestra.run.smithi162.stdout:/usr/bin/ceph: stderr
2024-02-19T18:51:10.823+0000 7f40ae7fc700 1 --2- 172.21.15.162:0/3690922124 >> [v2:172.21.15.162:6800/1859282764,v1:172.21.15.162:6801/1859282764] conn(0x7f4098038320 0x7f409803a7e0 unknown :-1 s=START_CONNECT pgs=0 cs=0 l=1 rev1=0 crypto rx=0 tx=0 comp rx=0 tx=0)._fault waiting 0.200000
2024-02-19T18:51:16.859 INFO:teuthology.orchestra.run.smithi162.stdout:/usr/bin/ceph: stderr
2024-02-19T18:51:11.024+0000 7f40ae7fc700 1 -- 172.21.15.162:0/3690922124 >> [v2:172.21.15.162:6800/1859282764,v1:172.21.15.162:6801/1859282764] conn(0x7f4098038320 msgr2=0x7f409803a7e0 unknown :-1 s=STATE_CONNECTING_RE l=1).process reconnect failed to v2:172.21.15.162:6800/1859282764
2024-02-19T18:51:16.859 INFO:teuthology.orchestra.run.smithi162.stdout:/usr/bin/ceph: stderr
2024-02-19T18:51:11.024+0000 7f40ae7fc700 1 --2- 172.21.15.162:0/3690922124 >> [v2:172.21.15.162:6800/1859282764,v1:172.21.15.162:6801/1859282764] conn(0x7f4098038320 0x7f409803a7e0 unknown :-1 s=START_CONNECT pgs=0 cs=0 l=1 rev1=0 crypto rx=0 tx=0 comp rx=0 tx=0)._fault waiting 0.400000
2024-02-19T18:51:16.859 INFO:teuthology.orchestra.run.smithi162.stdout:/usr/bin/ceph: stderr
2024-02-19T18:51:11.425+0000 7f40ae7fc700 1 -- 172.21.15.162:0/3690922124 >> [v2:172.21.15.162:6800/1859282764,v1:172.21.15.162:6801/1859282764] conn(0x7f4098038320 msgr2=0x7f409803a7e0 unknown :-1 s=STATE_CONNECTING_RE l=1).process reconnect failed to v2:172.21.15.162:6800/1859282764
2024-02-19T18:51:16.859 INFO:teuthology.orchestra.run.smithi162.stdout:/usr/bin/ceph: stderr
2024-02-19T18:51:11.425+0000 7f40ae7fc700 1 --2- 172.21.15.162:0/3690922124 >> [v2:172.21.15.162:6800/1859282764,v1:172.21.15.162:6801/1859282764] conn(0x7f4098038320 0x7f409803a7e0 unknown :-1 s=START_CONNECT pgs=0 cs=0 l=1 rev1=0 crypto rx=0 tx=0 comp rx=0 tx=0)._fault waiting 0.800000
2024-02-19T18:51:16.859 INFO:teuthology.orchestra.run.smithi162.stdout:/usr/bin/ceph: stderr
2024-02-19T18:51:12.226+0000 7f40ae7fc700 1 -- 172.21.15.162:0/3690922124 >> [v2:172.21.15.162:6800/1859282764,v1:172.21.15.162:6801/1859282764] conn(0x7f4098038320 msgr2=0x7f409803a7e0 unknown :-1 s=STATE_CONNECTING_RE l=1).process reconnect failed to v2:172.21.15.162:6800/1859282764
2024-02-19T18:51:16.860 INFO:teuthology.orchestra.run.smithi162.stdout:/usr/bin/ceph: stderr
2024-02-19T18:51:12.226+0000 7f40ae7fc700 1 --2- 172.21.15.162:0/3690922124 >> [v2:172.21.15.162:6800/1859282764,v1:172.21.15.162:6801/1859282764] conn(0x7f4098038320 0x7f409803a7e0 unknown :-1 s=START_CONNECT pgs=0 cs=0 l=1 rev1=0 crypto rx=0 tx=0 comp rx=0 tx=0)._fault waiting 1.600000
2024-02-19T18:51:16.860 INFO:teuthology.orchestra.run.smithi162.stdout:/usr/bin/ceph: stderr
2024-02-19T18:51:13.827+0000 7f40ae7fc700 1 -- 172.21.15.162:0/3690922124 >> [v2:172.21.15.162:6800/1859282764,v1:172.21.15.162:6801/1859282764] conn(0x7f4098038320 msgr2=0x7f409803a7e0 unknown :-1 s=STATE_CONNECTING_RE l=1).process reconnect failed to v2:172.21.15.162:6800/1859282764
2024-02-19T18:51:16.860 INFO:teuthology.orchestra.run.smithi162.stdout:/usr/bin/ceph: stderr
2024-02-19T18:51:13.827+0000 7f40ae7fc700 1 --2- 172.21.15.162:0/3690922124 >> [v2:172.21.15.162:6800/1859282764,v1:172.21.15.162:6801/1859282764] conn(0x7f4098038320 0x7f409803a7e0 unknown :-1 s=START_CONNECT pgs=0 cs=0 l=1 rev1=0 crypto rx=0 tx=0 comp rx=0 tx=0)._fault waiting 3.200000
2024-02-19T18:51:16.860 INFO:teuthology.orchestra.run.smithi162.stdout:/usr/bin/ceph: stderr
2024-02-19T18:51:15.226+0000 7f4097fff700 1 -- 172.21.15.162:0/3690922124 <== mon.0 v2:172.21.15.162:3300/0 6 ==== mgrmap(e 6) v1 ==== 45050+0+0 (secure 0 0 0) 0x7f40a000fd70 con 0x7f40b0105350
2024-02-19T18:51:16.860 INFO:teuthology.orchestra.run.smithi162.stdout:/usr/bin/ceph: stderr
2024-02-19T18:51:15.226+0000 7f4097fff700 1 -- 172.21.15.162:0/3690922124 >> [v2:172.21.15.162:6800/1859282764,v1:172.21.15.162:6801/1859282764] conn(0x7f4098038320 msgr2=0x7f409803a7e0 unknown :-1 s=STATE_CONNECTING l=1).mark_down
2024-02-19T18:51:16.860 INFO:teuthology.orchestra.run.smithi162.stdout:/usr/bin/ceph: stderr
2024-02-19T18:51:15.226+0000 7f4097fff700 1 --2- 172.21.15.162:0/3690922124 >> [v2:172.21.15.162:6800/1859282764,v1:172.21.15.162:6801/1859282764] conn(0x7f4098038320 0x7f409803a7e0 unknown :-1 s=START_CONNECT pgs=0 cs=0 l=1 rev1=0 crypto rx=0 tx=0 comp rx=0 tx=0).stop
2024-02-19T18:51:16.860 INFO:teuthology.orchestra.run.smithi162.stdout:/usr/bin/ceph: stderr
2024-02-19T18:51:16.227+0000 7f4097fff700 1 -- 172.21.15.162:0/3690922124 <== mon.0 v2:172.21.15.162:3300/0 7 ==== mgrmap(e 7) v1 ==== 45177+0+0 (secure 0 0 0) 0x7f40a0029d30 con 0x7f40b0105350
2024-02-19T18:51:16.860 INFO:teuthology.orchestra.run.smithi162.stdout:/usr/bin/ceph: stderr
2024-02-19T18:51:16.227+0000 7f4097fff700 1 --2- 172.21.15.162:0/3690922124 >> [v2:172.21.15.162:6800/1096002121,v1:172.21.15.162:6801/1096002121] conn(0x7f409803bc00 0x7f409803dff0 unknown :-1 s=NONE pgs=0 cs=0 l=1 rev1=0 crypto rx=0 tx=0 comp rx=0 tx=0).connect
2024-02-19T18:51:16.860 INFO:teuthology.orchestra.run.smithi162.stdout:/usr/bin/ceph: stderr
2024-02-19T18:51:16.227+0000 7f4097fff700 1 -- 172.21.15.162:0/3690922124 --> [v2:172.21.15.162:6800/1096002121,v1:172.21.15.162:6801/1096002121] -- command(tid 0: {"prefix": "get_command_descriptions"}) v1 -- 0x7f409803aef0 con 0x7f409803bc00
2024-02-19T18:51:16.860 INFO:teuthology.orchestra.run.smithi162.stdout:/usr/bin/ceph: stderr
2024-02-19T18:51:16.228+0000 7f40ae7fc700 1 --2- 172.21.15.162:0/3690922124 >> [v2:172.21.15.162:6800/1096002121,v1:172.21.15.162:6801/1096002121] conn(0x7f409803bc00 0x7f409803dff0 unknown :-1 s=BANNER_CONNECTING pgs=0 cs=0 l=1 rev1=0 crypto rx=0 tx=0 comp rx=0 tx=0)._handle_peer_banner_payload supported=3 required=0
2024-02-19T18:51:16.860 INFO:teuthology.orchestra.run.smithi162.stdout:/usr/bin/ceph: stderr
2024-02-19T18:51:16.229+0000 7f40ae7fc700 1 --2- 172.21.15.162:0/3690922124 >> [v2:172.21.15.162:6800/1096002121,v1:172.21.15.162:6801/1096002121] conn(0x7f409803bc00 0x7f409803dff0 secure :-1 s=READY pgs=2 cs=0 l=1 rev1=1 crypto rx=0x7f40a4003a10 tx=0x7f40a4009290 comp rx=0 tx=0).ready entity=mgr.14118 client_cookie=0 server_cookie=0 in_seq=0 out_seq=0
2024-02-19T18:51:16.860 INFO:teuthology.orchestra.run.smithi162.stdout:/usr/bin/ceph: stderr
2024-02-19T18:51:16.229+0000 7f4097fff700 1 -- 172.21.15.162:0/3690922124 <== mgr.14118 v2:172.21.15.162:6800/1096002121 1 ==== command_reply(tid 0: 0 ) v1 ==== 8+0+6910 (secure 0 0 0) 0x7f409803aef0 con 0x7f409803bc00
2024-02-19T18:51:16.860 INFO:teuthology.orchestra.run.smithi162.stdout:/usr/bin/ceph: stderr
2024-02-19T18:51:16.235+0000 7f40b5674700 1 -- 172.21.15.162:0/3690922124 --> [v2:172.21.15.162:6800/1096002121,v1:172.21.15.162:6801/1096002121] -- command(tid 1: {"prefix": "mgr_status"}) v1 -- 0x7f40b01900c0 con 0x7f409803bc00
2024-02-19T18:51:16.861 INFO:teuthology.orchestra.run.smithi162.stdout:/usr/bin/ceph: stderr
2024-02-19T18:51:16.235+0000 7f4097fff700 1 -- 172.21.15.162:0/3690922124 <== mgr.14118 v2:172.21.15.162:6800/1096002121 2 ==== command_reply(tid 1: 0 ) v1 ==== 8+0+51 (secure 0 0 0) 0x7f40b01900c0 con 0x7f409803bc00
2024-02-19T18:51:16.861 INFO:teuthology.orchestra.run.smithi162.stdout:/usr/bin/ceph: stderr
2024-02-19T18:51:16.236+0000 7f40b5674700 1 -- 172.21.15.162:0/3690922124 >> [v2:172.21.15.162:6800/1096002121,v1:172.21.15.162:6801/1096002121] conn(0x7f409803bc00 msgr2=0x7f409803dff0 secure :-1 s=STATE_CONNECTION_ESTABLISHED l=1).mark_down
2024-02-19T18:51:16.861 INFO:teuthology.orchestra.run.smithi162.stdout:/usr/bin/ceph: stderr
2024-02-19T18:51:16.236+0000 7f40b5674700 1 --2- 172.21.15.162:0/3690922124 >> [v2:172.21.15.162:6800/1096002121,v1:172.21.15.162:6801/1096002121] conn(0x7f409803bc00 0x7f409803dff0 secure :-1 s=READY pgs=2 cs=0 l=1 rev1=1 crypto rx=0x7f40a4003a10 tx=0x7f40a4009290 comp rx=0 tx=0).stop
2024-02-19T18:51:16.861 INFO:teuthology.orchestra.run.smithi162.stdout:/usr/bin/ceph: stderr
2024-02-19T18:51:16.236+0000 7f40b5674700 1 -- 172.21.15.162:0/3690922124 >> [v2:172.21.15.162:3300/0,v1:172.21.15.162:6789/0] conn(0x7f40b0105350 msgr2=0x7f40b0190520 secure :-1 s=STATE_CONNECTION_ESTABLISHED l=1).mark_down
2024-02-19T18:51:16.861 INFO:teuthology.orchestra.run.smithi162.stdout:/usr/bin/ceph: stderr
2024-02-19T18:51:16.236+0000 7f40b5674700 1 --2- 172.21.15.162:0/3690922124 >> [v2:172.21.15.162:3300/0,v1:172.21.15.162:6789/0] conn(0x7f40b0105350 0x7f40b0190520 secure :-1 s=READY pgs=27 cs=0 l=1 rev1=1 crypto rx=0x7f40a0003de0 tx=0x7f40a0011ab0 comp rx=0 tx=0).stop
2024-02-19T18:51:16.861 INFO:teuthology.orchestra.run.smithi162.stdout:/usr/bin/ceph: stderr
2024-02-19T18:51:16.236+0000 7f40b5674700 1 -- 172.21.15.162:0/3690922124 shutdown_connections
2024-02-19T18:51:16.861 INFO:teuthology.orchestra.run.smithi162.stdout:/usr/bin/ceph: stderr
2024-02-19T18:51:16.236+0000 7f40b5674700 1 --2- 172.21.15.162:0/3690922124 >> [v2:172.21.15.162:6800/1096002121,v1:172.21.15.162:6801/1096002121] conn(0x7f409803bc00 0x7f409803dff0 unknown :-1 s=CLOSED pgs=2 cs=0 l=1 rev1=1 crypto rx=0 tx=0 comp rx=0 tx=0).stop
2024-02-19T18:51:16.861 INFO:teuthology.orchestra.run.smithi162.stdout:/usr/bin/ceph: stderr
2024-02-19T18:51:16.236+0000 7f40b5674700 1 --2- 172.21.15.162:0/3690922124 >> [v2:172.21.15.162:3300/0,v1:172.21.15.162:6789/0] conn(0x7f40b0105350 0x7f40b0190520 unknown :-1 s=CLOSED pgs=27 cs=0 l=1 rev1=1 crypto rx=0 tx=0 comp rx=0 tx=0).stop
2024-02-19T18:51:16.861 INFO:teuthology.orchestra.run.smithi162.stdout:/usr/bin/ceph: stderr
2024-02-19T18:51:16.236+0000 7f40b5674700 1 --2- 172.21.15.162:0/3690922124 >> [v2:172.21.15.162:6800/1859282764,v1:172.21.15.162:6801/1859282764] conn(0x7f4098038320 0x7f409803a7e0 unknown :-1 s=CLOSED pgs=0 cs=0 l=1 rev1=0 crypto rx=0 tx=0 comp rx=0 tx=0).stop
2024-02-19T18:51:16.861 INFO:teuthology.orchestra.run.smithi162.stdout:/usr/bin/ceph: stderr
2024-02-19T18:51:16.236+0000 7f40b5674700 1 -- 172.21.15.162:0/3690922124 >> 172.21.15.162:0/3690922124 conn(0x7f40b01008d0 msgr2=0x7f40b0101f60 unknown :-1 s=STATE_NONE l=0).mark_down
2024-02-19T18:51:16.861 INFO:teuthology.orchestra.run.smithi162.stdout:/usr/bin/ceph: stderr
2024-02-19T18:51:16.236+0000 7f40b5674700 1 -- 172.21.15.162:0/3690922124 shutdown_connections
2024-02-19T18:51:16.861 INFO:teuthology.orchestra.run.smithi162.stdout:/usr/bin/ceph: stderr
2024-02-19T18:51:16.236+0000 7f40b5674700 1 -- 172.21.15.162:0/3690922124 wait complete.
2024-02-19T18:51:16.861 INFO:teuthology.orchestra.run.smithi162.stdout:mgr epoch 5 is available
2024-02-19T18:51:16.861 INFO:teuthology.orchestra.run.smithi162.stdout:Setting orchestrator backend to cephadm...
2024-02-19T18:51:17.155 INFO:journalctl@ceph.mon.smithi162.smithi162.stdout:Feb 19 18:51:17 smithi162 ceph-mon[29131]: from='mgr.14118 172.21.15.162:0/1836171993' entity='mgr.smithi162.tnfmix'
2024-02-19T18:51:17.155 INFO:journalctl@ceph.mon.smithi162.smithi162.stdout:Feb 19 18:51:17 smithi162 ceph-mon[29131]: from='mgr.14118 172.21.15.162:0/1836171993' entity='mgr.smithi162.tnfmix'
2024-02-19T18:51:17.155 INFO:journalctl@ceph.mon.smithi162.smithi162.stdout:Feb 19 18:51:17 smithi162 ceph-mon[29131]: from='client.14122 -' entity='client.admin' cmd=[{"prefix": "get_command_descriptions"}]: dispatch
2024-02-19T18:51:17.156 INFO:journalctl@ceph.mon.smithi162.smithi162.stdout:Feb 19 18:51:17 smithi162 ceph-mon[29131]: mgrmap e7: smithi162.tnfmix(active, since 1.0055s)
2024-02-19T18:51:17.156 INFO:journalctl@ceph.mon.smithi162.smithi162.stdout:Feb 19 18:51:17 smithi162 ceph-mon[29131]: from='client.14122 -' entity='client.admin' cmd=[{"prefix": "mgr_status"}]: dispatch
2024-02-19T18:51:17.156 INFO:journalctl@ceph.mon.smithi162.smithi162.stdout:Feb 19 18:51:17 smithi162 ceph-mon[29131]: [19/Feb/2024:18:51:16] ENGINE Bus STARTING
2024-02-19T18:51:17.156 INFO:journalctl@ceph.mon.smithi162.smithi162.stdout:Feb 19 18:51:17 smithi162 ceph-mon[29131]: from='mgr.14118 172.21.15.162:0/1836171993' entity='mgr.smithi162.tnfmix' cmd=[{"prefix": "config dump", "format": "json"}]: dispatch
2024-02-19T18:51:18.144 INFO:teuthology.orchestra.run.smithi162.stdout:/usr/bin/ceph: stderr
2024-02-19T18:51:17.267+0000 7fd64a682700 1 Processor -- start
2024-02-19T18:51:18.145 INFO:teuthology.orchestra.run.smithi162.stdout:/usr/bin/ceph: stderr
2024-02-19T18:51:17.267+0000 7fd64a682700 1 -- start start
2024-02-19T18:51:18.145 INFO:teuthology.orchestra.run.smithi162.stdout:/usr/bin/ceph: stderr
2024-02-19T18:51:17.267+0000 7fd64a682700 1 --2- >> [v2:172.21.15.162:3300/0,v1:172.21.15.162:6789/0] conn(0x7fd644106420 0x7fd644106840 unknown :-1 s=NONE pgs=0 cs=0 l=0 rev1=0 crypto rx=0 tx=0 comp rx=0 tx=0).connect
2024-02-19T18:51:18.145 INFO:teuthology.orchestra.run.smithi162.stdout:/usr/bin/ceph: stderr
2024-02-19T18:51:17.267+0000 7fd64a682700 1 -- --> [v2:172.21.15.162:3300/0,v1:172.21.15.162:6789/0] -- mon_getmap magic: 0 v1 -- 0x7fd644106e10 con 0x7fd644106420
2024-02-19T18:51:18.145 INFO:teuthology.orchestra.run.smithi162.stdout:/usr/bin/ceph: stderr
2024-02-19T18:51:17.267+0000 7fd643fff700 1 --2- >> [v2:172.21.15.162:3300/0,v1:172.21.15.162:6789/0] conn(0x7fd644106420 0x7fd644106840 unknown :-1 s=BANNER_CONNECTING pgs=0 cs=0 l=0 rev1=0 crypto rx=0 tx=0 comp rx=0 tx=0)._handle_peer_banner_payload supported=3 required=0
2024-02-19T18:51:18.145 INFO:teuthology.orchestra.run.smithi162.stdout:/usr/bin/ceph: stderr
2024-02-19T18:51:17.267+0000 7fd643fff700 1 --2- >> [v2:172.21.15.162:3300/0,v1:172.21.15.162:6789/0] conn(0x7fd644106420 0x7fd644106840 unknown :-1 s=HELLO_CONNECTING pgs=0 cs=0 l=0 rev1=1 crypto rx=0 tx=0 comp rx=0 tx=0).handle_hello peer v2:172.21.15.162:3300/0 says I am v2:172.21.15.162:48976/0 (socket says 172.21.15.162:48976)
2024-02-19T18:51:18.145 INFO:teuthology.orchestra.run.smithi162.stdout:/usr/bin/ceph: stderr
2024-02-19T18:51:17.267+0000 7fd643fff700 1 -- 172.21.15.162:0/3645529042 learned_addr learned my addr 172.21.15.162:0/3645529042 (peer_addr_for_me v2:172.21.15.162:0/0)
2024-02-19T18:51:18.145 INFO:teuthology.orchestra.run.smithi162.stdout:/usr/bin/ceph: stderr
2024-02-19T18:51:17.267+0000 7fd643fff700 1 -- 172.21.15.162:0/3645529042 --> [v2:172.21.15.162:3300/0,v1:172.21.15.162:6789/0] -- mon_subscribe({config=0+,monmap=0+}) v3 -- 0x7fd644107620 con 0x7fd644106420
2024-02-19T18:51:18.145 INFO:teuthology.orchestra.run.smithi162.stdout:/usr/bin/ceph: stderr
2024-02-19T18:51:17.267+0000 7fd643fff700 1 --2- 172.21.15.162:0/3645529042 >> [v2:172.21.15.162:3300/0,v1:172.21.15.162:6789/0] conn(0x7fd644106420 0x7fd644106840 secure :-1 s=READY pgs=35 cs=0 l=1 rev1=1 crypto rx=0x7fd6340098a0 tx=0x7fd634009bb0 comp rx=0 tx=0).ready entity=mon.0 client_cookie=77b1576c59018de2 server_cookie=0 in_seq=0 out_seq=0
2024-02-19T18:51:18.145 INFO:teuthology.orchestra.run.smithi162.stdout:/usr/bin/ceph: stderr
2024-02-19T18:51:17.268+0000 7fd642ffd700 1 -- 172.21.15.162:0/3645529042 <== mon.0 v2:172.21.15.162:3300/0 1 ==== mon_map magic: 0 v1 ==== 229+0+0 (secure 0 0 0) 0x7fd634004180 con 0x7fd644106420
2024-02-19T18:51:18.145 INFO:teuthology.orchestra.run.smithi162.stdout:/usr/bin/ceph: stderr
2024-02-19T18:51:17.268+0000 7fd642ffd700 1 -- 172.21.15.162:0/3645529042 <== mon.0 v2:172.21.15.162:3300/0 2 ==== config(27 keys) v1 ==== 1037+0+0 (secure 0 0 0) 0x7fd6340042e0 con 0x7fd644106420
2024-02-19T18:51:18.145 INFO:teuthology.orchestra.run.smithi162.stdout:/usr/bin/ceph: stderr
2024-02-19T18:51:17.268+0000 7fd642ffd700 1 -- 172.21.15.162:0/3645529042 <== mon.0 v2:172.21.15.162:3300/0 3 ==== mon_map magic: 0 v1 ==== 229+0+0 (secure 0 0 0) 0x7fd634011a50 con 0x7fd644106420
2024-02-19T18:51:18.145 INFO:teuthology.orchestra.run.smithi162.stdout:/usr/bin/ceph: stderr
2024-02-19T18:51:17.268+0000 7fd64a682700 1 -- 172.21.15.162:0/3645529042 >> [v2:172.21.15.162:3300/0,v1:172.21.15.162:6789/0] conn(0x7fd644106420 msgr2=0x7fd644106840 secure :-1 s=STATE_CONNECTION_ESTABLISHED l=1).mark_down
2024-02-19T18:51:18.146 INFO:teuthology.orchestra.run.smithi162.stdout:/usr/bin/ceph: stderr
2024-02-19T18:51:17.268+0000 7fd64a682700 1 --2- 172.21.15.162:0/3645529042 >> [v2:172.21.15.162:3300/0,v1:172.21.15.162:6789/0] conn(0x7fd644106420 0x7fd644106840 secure :-1 s=READY pgs=35 cs=0 l=1 rev1=1 crypto rx=0x7fd6340098a0 tx=0x7fd634009bb0 comp rx=0 tx=0).stop
2024-02-19T18:51:18.146 INFO:teuthology.orchestra.run.smithi162.stdout:/usr/bin/ceph: stderr
2024-02-19T18:51:17.268+0000 7fd64a682700 1 -- 172.21.15.162:0/3645529042 shutdown_connections
2024-02-19T18:51:18.146 INFO:teuthology.orchestra.run.smithi162.stdout:/usr/bin/ceph: stderr
