2024-02-19T18:51:37.173+0000 7f6edc8ee700 1 --2- 172.21.15.162:0/3619085759 >> [v2:172.21.15.162:3300/0,v1:172.21.15.162:6789/0] conn(0x7f6ed8105340 0x7f6ed8105760 unknown :-1 s=CLOSED pgs=59 cs=0 l=1 rev1=1 crypto rx=0 tx=0 comp rx=0 tx=0).stop
2024-02-19T18:51:38.022 INFO:teuthology.orchestra.run.smithi162.stdout:/usr/bin/ceph: stderr
2024-02-19T18:51:37.173+0000 7f6edc8ee700 1 -- 172.21.15.162:0/3619085759 >> 172.21.15.162:0/3619085759 conn(0x7f6ed81008c0 msgr2=0x7f6ed8102d20 unknown :-1 s=STATE_NONE l=0).mark_down
2024-02-19T18:51:38.022 INFO:teuthology.orchestra.run.smithi162.stdout:/usr/bin/ceph: stderr
2024-02-19T18:51:37.173+0000 7f6edc8ee700 1 -- 172.21.15.162:0/3619085759 shutdown_connections
2024-02-19T18:51:38.022 INFO:teuthology.orchestra.run.smithi162.stdout:/usr/bin/ceph: stderr
2024-02-19T18:51:37.173+0000 7f6edc8ee700 1 -- 172.21.15.162:0/3619085759 wait complete.
2024-02-19T18:51:38.022 INFO:teuthology.orchestra.run.smithi162.stdout:/usr/bin/ceph: stderr
2024-02-19T18:51:37.174+0000 7f6edc8ee700 1 Processor -- start
2024-02-19T18:51:38.022 INFO:teuthology.orchestra.run.smithi162.stdout:/usr/bin/ceph: stderr
2024-02-19T18:51:37.174+0000 7f6edc8ee700 1 -- start start
2024-02-19T18:51:38.022 INFO:teuthology.orchestra.run.smithi162.stdout:/usr/bin/ceph: stderr
2024-02-19T18:51:37.174+0000 7f6edc8ee700 1 --2- >> [v2:172.21.15.162:3300/0,v1:172.21.15.162:6789/0] conn(0x7f6ed8105340 0x7f6ed8074320 unknown :-1 s=NONE pgs=0 cs=0 l=1 rev1=0 crypto rx=0 tx=0 comp rx=0 tx=0).connect
2024-02-19T18:51:38.022 INFO:teuthology.orchestra.run.smithi162.stdout:/usr/bin/ceph: stderr
2024-02-19T18:51:37.174+0000 7f6edc8ee700 1 -- --> [v2:172.21.15.162:3300/0,v1:172.21.15.162:6789/0] -- mon_getmap magic: 0 v1 -- 0x7f6ed819ced0 con 0x7f6ed8105340
2024-02-19T18:51:38.022 INFO:teuthology.orchestra.run.smithi162.stdout:/usr/bin/ceph: stderr
2024-02-19T18:51:37.174+0000 7f6ed659c700 1 --2- >> [v2:172.21.15.162:3300/0,v1:172.21.15.162:6789/0] conn(0x7f6ed8105340 0x7f6ed8074320 unknown :-1 s=BANNER_CONNECTING pgs=0 cs=0 l=1 rev1=0 crypto rx=0 tx=0 comp rx=0 tx=0)._handle_peer_banner_payload supported=3 required=0
2024-02-19T18:51:38.022 INFO:teuthology.orchestra.run.smithi162.stdout:/usr/bin/ceph: stderr
2024-02-19T18:51:37.174+0000 7f6ed659c700 1 --2- >> [v2:172.21.15.162:3300/0,v1:172.21.15.162:6789/0] conn(0x7f6ed8105340 0x7f6ed8074320 unknown :-1 s=HELLO_CONNECTING pgs=0 cs=0 l=1 rev1=1 crypto rx=0 tx=0 comp rx=0 tx=0).handle_hello peer v2:172.21.15.162:3300/0 says I am v2:172.21.15.162:49692/0 (socket says 172.21.15.162:49692)
2024-02-19T18:51:38.023 INFO:teuthology.orchestra.run.smithi162.stdout:/usr/bin/ceph: stderr
2024-02-19T18:51:37.174+0000 7f6ed659c700 1 -- 172.21.15.162:0/638231135 learned_addr learned my addr 172.21.15.162:0/638231135 (peer_addr_for_me v2:172.21.15.162:0/0)
2024-02-19T18:51:38.023 INFO:teuthology.orchestra.run.smithi162.stdout:/usr/bin/ceph: stderr
2024-02-19T18:51:37.174+0000 7f6ed659c700 1 -- 172.21.15.162:0/638231135 --> [v2:172.21.15.162:3300/0,v1:172.21.15.162:6789/0] -- mon_subscribe({config=0+,monmap=0+}) v3 -- 0x7f6ec8009550 con 0x7f6ed8105340
2024-02-19T18:51:38.023 INFO:teuthology.orchestra.run.smithi162.stdout:/usr/bin/ceph: stderr
2024-02-19T18:51:37.175+0000 7f6ed659c700 1 --2- 172.21.15.162:0/638231135 >> [v2:172.21.15.162:3300/0,v1:172.21.15.162:6789/0] conn(0x7f6ed8105340 0x7f6ed8074320 secure :-1 s=READY pgs=60 cs=0 l=1 rev1=1 crypto rx=0x7f6ec8011670 tx=0x7f6ec8011b50 comp rx=0 tx=0).ready entity=mon.0 client_cookie=0 server_cookie=0 in_seq=0 out_seq=0
2024-02-19T18:51:38.023 INFO:teuthology.orchestra.run.smithi162.stdout:/usr/bin/ceph: stderr
2024-02-19T18:51:37.175+0000 7f6ec77fe700 1 -- 172.21.15.162:0/638231135 <== mon.0 v2:172.21.15.162:3300/0 1 ==== mon_map magic: 0 v1 ==== 229+0+0 (secure 0 0 0) 0x7f6ec80039f0 con 0x7f6ed8105340
2024-02-19T18:51:38.023 INFO:teuthology.orchestra.run.smithi162.stdout:/usr/bin/ceph: stderr
2024-02-19T18:51:37.175+0000 7f6ec77fe700 1 -- 172.21.15.162:0/638231135 <== mon.0 v2:172.21.15.162:3300/0 2 ==== config(27 keys) v1 ==== 1101+0+0 (secure 0 0 0) 0x7f6ec8003b50 con 0x7f6ed8105340
2024-02-19T18:51:38.023 INFO:teuthology.orchestra.run.smithi162.stdout:/usr/bin/ceph: stderr
2024-02-19T18:51:37.175+0000 7f6edc8ee700 1 -- 172.21.15.162:0/638231135 --> [v2:172.21.15.162:3300/0,v1:172.21.15.162:6789/0] -- mon_subscribe({mgrmap=0+}) v3 -- 0x7f6ed819d010 con 0x7f6ed8105340
2024-02-19T18:51:38.023 INFO:teuthology.orchestra.run.smithi162.stdout:/usr/bin/ceph: stderr
2024-02-19T18:51:37.175+0000 7f6ec77fe700 1 -- 172.21.15.162:0/638231135 <== mon.0 v2:172.21.15.162:3300/0 3 ==== mon_map magic: 0 v1 ==== 229+0+0 (secure 0 0 0) 0x7f6ec80247c0 con 0x7f6ed8105340
2024-02-19T18:51:38.023 INFO:teuthology.orchestra.run.smithi162.stdout:/usr/bin/ceph: stderr
2024-02-19T18:51:37.175+0000 7f6edc8ee700 1 -- 172.21.15.162:0/638231135 --> [v2:172.21.15.162:3300/0,v1:172.21.15.162:6789/0] -- mon_subscribe({osdmap=0}) v3 -- 0x7f6ed819d4b0 con 0x7f6ed8105340
2024-02-19T18:51:38.024 INFO:teuthology.orchestra.run.smithi162.stdout:/usr/bin/ceph: stderr
2024-02-19T18:51:37.176+0000 7f6ec77fe700 1 -- 172.21.15.162:0/638231135 <== mon.0 v2:172.21.15.162:3300/0 4 ==== mgrmap(e 8) v1 ==== 45283+0+0 (secure 0 0 0) 0x7f6ec802d3f0 con 0x7f6ed8105340
2024-02-19T18:51:38.024 INFO:teuthology.orchestra.run.smithi162.stdout:/usr/bin/ceph: stderr
2024-02-19T18:51:37.176+0000 7f6ec77fe700 1 --2- 172.21.15.162:0/638231135 >> [v2:172.21.15.162:6800/1096002121,v1:172.21.15.162:6801/1096002121] conn(0x7f6ec0038370 0x7f6ec003a830 unknown :-1 s=NONE pgs=0 cs=0 l=1 rev1=0 crypto rx=0 tx=0 comp rx=0 tx=0).connect
2024-02-19T18:51:38.024 INFO:teuthology.orchestra.run.smithi162.stdout:/usr/bin/ceph: stderr
2024-02-19T18:51:37.176+0000 7f6edc8ee700 1 -- 172.21.15.162:0/638231135 --> [v2:172.21.15.162:3300/0,v1:172.21.15.162:6789/0] -- mon_command({"prefix": "get_command_descriptions"} v 0) v1 -- 0x7f6ed80623c0 con 0x7f6ed8105340
2024-02-19T18:51:38.024 INFO:teuthology.orchestra.run.smithi162.stdout:/usr/bin/ceph: stderr
2024-02-19T18:51:37.176+0000 7f6ec77fe700 1 -- 172.21.15.162:0/638231135 <== mon.0 v2:172.21.15.162:3300/0 5 ==== osd_map(2..2 src has 1..2) v4 ==== 940+0+0 (secure 0 0 0) 0x7f6ec804c5b0 con 0x7f6ed8105340
2024-02-19T18:51:38.024 INFO:teuthology.orchestra.run.smithi162.stdout:/usr/bin/ceph: stderr
2024-02-19T18:51:37.176+0000 7f6ed5d9b700 1 --2- 172.21.15.162:0/638231135 >> [v2:172.21.15.162:6800/1096002121,v1:172.21.15.162:6801/1096002121] conn(0x7f6ec0038370 0x7f6ec003a830 unknown :-1 s=BANNER_CONNECTING pgs=0 cs=0 l=1 rev1=0 crypto rx=0 tx=0 comp rx=0 tx=0)._handle_peer_banner_payload supported=3 required=0
2024-02-19T18:51:38.024 INFO:teuthology.orchestra.run.smithi162.stdout:/usr/bin/ceph: stderr
2024-02-19T18:51:37.176+0000 7f6ed5d9b700 1 --2- 172.21.15.162:0/638231135 >> [v2:172.21.15.162:6800/1096002121,v1:172.21.15.162:6801/1096002121] conn(0x7f6ec0038370 0x7f6ec003a830 secure :-1 s=READY pgs=19 cs=0 l=1 rev1=1 crypto rx=0x7f6ecc006fd0 tx=0x7f6ecc006e40 comp rx=0 tx=0).ready entity=mgr.14118 client_cookie=0 server_cookie=0 in_seq=0 out_seq=0
2024-02-19T18:51:38.024 INFO:teuthology.orchestra.run.smithi162.stdout:/usr/bin/ceph: stderr
2024-02-19T18:51:37.181+0000 7f6ec77fe700 1 -- 172.21.15.162:0/638231135 <== mon.0 v2:172.21.15.162:3300/0 6 ==== mon_command_ack([{"prefix": "get_command_descriptions"}]=0 v0) v1 ==== 72+0+180422 (secure 0 0 0) 0x7f6ec8010970 con 0x7f6ed8105340
2024-02-19T18:51:38.024 INFO:teuthology.orchestra.run.smithi162.stdout:/usr/bin/ceph: stderr
2024-02-19T18:51:37.383+0000 7f6edc8ee700 1 -- 172.21.15.162:0/638231135 --> [v2:172.21.15.162:6800/1096002121,v1:172.21.15.162:6801/1096002121] -- mgr_command(tid 0: {"prefix": "orch apply", "service_type": "alertmanager", "target": ["mon-mgr", ""]}) v1 -- 0x7f6ed8102c10 con 0x7f6ec0038370
2024-02-19T18:51:38.024 INFO:teuthology.orchestra.run.smithi162.stdout:/usr/bin/ceph: stderr
2024-02-19T18:51:37.388+0000 7f6ec77fe700 1 -- 172.21.15.162:0/638231135 <== mgr.14118 v2:172.21.15.162:6800/1096002121 1 ==== mgr_command_reply(tid 0: 0 ) v1 ==== 8+0+33 (secure 0 0 0) 0x7f6ed8102c10 con 0x7f6ec0038370
2024-02-19T18:51:38.024 INFO:teuthology.orchestra.run.smithi162.stdout:/usr/bin/ceph: stderr
2024-02-19T18:51:37.390+0000 7f6edc8ee700 1 -- 172.21.15.162:0/638231135 >> [v2:172.21.15.162:6800/1096002121,v1:172.21.15.162:6801/1096002121] conn(0x7f6ec0038370 msgr2=0x7f6ec003a830 secure :-1 s=STATE_CONNECTION_ESTABLISHED l=1).mark_down
2024-02-19T18:51:38.024 INFO:teuthology.orchestra.run.smithi162.stdout:/usr/bin/ceph: stderr
2024-02-19T18:51:37.390+0000 7f6edc8ee700 1 --2- 172.21.15.162:0/638231135 >> [v2:172.21.15.162:6800/1096002121,v1:172.21.15.162:6801/1096002121] conn(0x7f6ec0038370 0x7f6ec003a830 secure :-1 s=READY pgs=19 cs=0 l=1 rev1=1 crypto rx=0x7f6ecc006fd0 tx=0x7f6ecc006e40 comp rx=0 tx=0).stop
2024-02-19T18:51:38.024 INFO:teuthology.orchestra.run.smithi162.stdout:/usr/bin/ceph: stderr
2024-02-19T18:51:37.390+0000 7f6edc8ee700 1 -- 172.21.15.162:0/638231135 >> [v2:172.21.15.162:3300/0,v1:172.21.15.162:6789/0] conn(0x7f6ed8105340 msgr2=0x7f6ed8074320 secure :-1 s=STATE_CONNECTION_ESTABLISHED l=1).mark_down
2024-02-19T18:51:38.024 INFO:teuthology.orchestra.run.smithi162.stdout:/usr/bin/ceph: stderr
2024-02-19T18:51:37.390+0000 7f6edc8ee700 1 --2- 172.21.15.162:0/638231135 >> [v2:172.21.15.162:3300/0,v1:172.21.15.162:6789/0] conn(0x7f6ed8105340 0x7f6ed8074320 secure :-1 s=READY pgs=60 cs=0 l=1 rev1=1 crypto rx=0x7f6ec8011670 tx=0x7f6ec8011b50 comp rx=0 tx=0).stop
2024-02-19T18:51:38.025 INFO:teuthology.orchestra.run.smithi162.stdout:/usr/bin/ceph: stderr
2024-02-19T18:51:37.390+0000 7f6edc8ee700 1 -- 172.21.15.162:0/638231135 shutdown_connections
2024-02-19T18:51:38.025 INFO:teuthology.orchestra.run.smithi162.stdout:/usr/bin/ceph: stderr
2024-02-19T18:51:37.390+0000 7f6edc8ee700 1 --2- 172.21.15.162:0/638231135 >> [v2:172.21.15.162:6800/1096002121,v1:172.21.15.162:6801/1096002121] conn(0x7f6ec0038370 0x7f6ec003a830 unknown :-1 s=CLOSED pgs=19 cs=0 l=1 rev1=1 crypto rx=0 tx=0 comp rx=0 tx=0).stop
2024-02-19T18:51:38.025 INFO:teuthology.orchestra.run.smithi162.stdout:/usr/bin/ceph: stderr
2024-02-19T18:51:37.390+0000 7f6edc8ee700 1 --2- 172.21.15.162:0/638231135 >> [v2:172.21.15.162:3300/0,v1:172.21.15.162:6789/0] conn(0x7f6ed8105340 0x7f6ed8074320 unknown :-1 s=CLOSED pgs=60 cs=0 l=1 rev1=1 crypto rx=0 tx=0 comp rx=0 tx=0).stop
2024-02-19T18:51:38.025 INFO:teuthology.orchestra.run.smithi162.stdout:/usr/bin/ceph: stderr
2024-02-19T18:51:37.390+0000 7f6edc8ee700 1 -- 172.21.15.162:0/638231135 >> 172.21.15.162:0/638231135 conn(0x7f6ed81008c0 msgr2=0x7f6ed8101ff0 unknown :-1 s=STATE_NONE l=0).mark_down
2024-02-19T18:51:38.025 INFO:teuthology.orchestra.run.smithi162.stdout:/usr/bin/ceph: stderr
2024-02-19T18:51:37.391+0000 7f6edc8ee700 1 -- 172.21.15.162:0/638231135 shutdown_connections
2024-02-19T18:51:38.025 INFO:teuthology.orchestra.run.smithi162.stdout:/usr/bin/ceph: stderr
2024-02-19T18:51:37.391+0000 7f6edc8ee700 1 -- 172.21.15.162:0/638231135 wait complete.
2024-02-19T18:51:38.615 INFO:journalctl@ceph.mon.smithi162.smithi162.stdout:Feb 19 18:51:38 smithi162 ceph-mon[29131]: pgmap v4: 0 pgs: ; 0 B data, 0 B used, 0 B / 0 B avail
2024-02-19T18:51:38.616 INFO:journalctl@ceph.mon.smithi162.smithi162.stdout:Feb 19 18:51:38 smithi162 ceph-mon[29131]: from='client.14154 -' entity='client.admin' cmd=[{"prefix": "orch apply", "service_type": "alertmanager", "target": ["mon-mgr", ""]}]: dispatch
2024-02-19T18:51:38.616 INFO:journalctl@ceph.mon.smithi162.smithi162.stdout:Feb 19 18:51:38 smithi162 ceph-mon[29131]: Saving service alertmanager spec with placement count:1
2024-02-19T18:51:38.616 INFO:journalctl@ceph.mon.smithi162.smithi162.stdout:Feb 19 18:51:38 smithi162 ceph-mon[29131]: from='mgr.14118 172.21.15.162:0/1836171993' entity='mgr.smithi162.tnfmix'
2024-02-19T18:51:39.188 INFO:teuthology.orchestra.run.smithi162.stdout:/usr/bin/ceph: stderr
2024-02-19T18:51:38.404+0000 7f62bcc24700 1 Processor -- start
2024-02-19T18:51:39.188 INFO:teuthology.orchestra.run.smithi162.stdout:/usr/bin/ceph: stderr
2024-02-19T18:51:38.404+0000 7f62bcc24700 1 -- start start
2024-02-19T18:51:39.188 INFO:teuthology.orchestra.run.smithi162.stdout:/usr/bin/ceph: stderr
2024-02-19T18:51:38.404+0000 7f62bcc24700 1 --2- >> [v2:172.21.15.162:3300/0,v1:172.21.15.162:6789/0] conn(0x7f62b8105840 0x7f62b8105c60 unknown :-1 s=NONE pgs=0 cs=0 l=0 rev1=0 crypto rx=0 tx=0 comp rx=0 tx=0).connect
2024-02-19T18:51:39.188 INFO:teuthology.orchestra.run.smithi162.stdout:/usr/bin/ceph: stderr
2024-02-19T18:51:38.404+0000 7f62bcc24700 1 -- --> [v2:172.21.15.162:3300/0,v1:172.21.15.162:6789/0] -- mon_getmap magic: 0 v1 -- 0x7f62b8106230 con 0x7f62b8105840
2024-02-19T18:51:39.188 INFO:teuthology.orchestra.run.smithi162.stdout:/usr/bin/ceph: stderr
2024-02-19T18:51:38.404+0000 7f62b659c700 1 --2- >> [v2:172.21.15.162:3300/0,v1:172.21.15.162:6789/0] conn(0x7f62b8105840 0x7f62b8105c60 unknown :-1 s=BANNER_CONNECTING pgs=0 cs=0 l=0 rev1=0 crypto rx=0 tx=0 comp rx=0 tx=0)._handle_peer_banner_payload supported=3 required=0
2024-02-19T18:51:39.188 INFO:teuthology.orchestra.run.smithi162.stdout:/usr/bin/ceph: stderr
2024-02-19T18:51:38.404+0000 7f62b659c700 1 --2- >> [v2:172.21.15.162:3300/0,v1:172.21.15.162:6789/0] conn(0x7f62b8105840 0x7f62b8105c60 unknown :-1 s=HELLO_CONNECTING pgs=0 cs=0 l=0 rev1=1 crypto rx=0 tx=0 comp rx=0 tx=0).handle_hello peer v2:172.21.15.162:3300/0 says I am v2:172.21.15.162:49706/0 (socket says 172.21.15.162:49706)
2024-02-19T18:51:39.188 INFO:teuthology.orchestra.run.smithi162.stdout:/usr/bin/ceph: stderr
2024-02-19T18:51:38.404+0000 7f62b659c700 1 -- 172.21.15.162:0/2337315394 learned_addr learned my addr 172.21.15.162:0/2337315394 (peer_addr_for_me v2:172.21.15.162:0/0)
2024-02-19T18:51:39.188 INFO:teuthology.orchestra.run.smithi162.stdout:/usr/bin/ceph: stderr
2024-02-19T18:51:38.405+0000 7f62b659c700 1 -- 172.21.15.162:0/2337315394 --> [v2:172.21.15.162:3300/0,v1:172.21.15.162:6789/0] -- mon_subscribe({config=0+,monmap=0+}) v3 -- 0x7f62b8106560 con 0x7f62b8105840
2024-02-19T18:51:39.188 INFO:teuthology.orchestra.run.smithi162.stdout:/usr/bin/ceph: stderr
2024-02-19T18:51:38.405+0000 7f62b659c700 1 --2- 172.21.15.162:0/2337315394 >> [v2:172.21.15.162:3300/0,v1:172.21.15.162:6789/0] conn(0x7f62b8105840 0x7f62b8105c60 secure :-1 s=READY pgs=61 cs=0 l=1 rev1=1 crypto rx=0x7f62a80098a0 tx=0x7f62a8009bb0 comp rx=0 tx=0).ready entity=mon.0 client_cookie=9a44f09e5f11131a server_cookie=0 in_seq=0 out_seq=0
2024-02-19T18:51:39.189 INFO:teuthology.orchestra.run.smithi162.stdout:/usr/bin/ceph: stderr
2024-02-19T18:51:38.405+0000 7f62b5d9b700 1 -- 172.21.15.162:0/2337315394 <== mon.0 v2:172.21.15.162:3300/0 1 ==== mon_map magic: 0 v1 ==== 229+0+0 (secure 0 0 0) 0x7f62a8004180 con 0x7f62b8105840
2024-02-19T18:51:39.189 INFO:teuthology.orchestra.run.smithi162.stdout:/usr/bin/ceph: stderr
2024-02-19T18:51:38.405+0000 7f62b5d9b700 1 -- 172.21.15.162:0/2337315394 <== mon.0 v2:172.21.15.162:3300/0 2 ==== config(27 keys) v1 ==== 1101+0+0 (secure 0 0 0) 0x7f62a80042e0 con 0x7f62b8105840
2024-02-19T18:51:39.189 INFO:teuthology.orchestra.run.smithi162.stdout:/usr/bin/ceph: stderr
2024-02-19T18:51:38.405+0000 7f62b5d9b700 1 -- 172.21.15.162:0/2337315394 <== mon.0 v2:172.21.15.162:3300/0 3 ==== mon_map magic: 0 v1 ==== 229+0+0 (secure 0 0 0) 0x7f62a8011af0 con 0x7f62b8105840
2024-02-19T18:51:39.189 INFO:teuthology.orchestra.run.smithi162.stdout:/usr/bin/ceph: stderr
2024-02-19T18:51:38.406+0000 7f62bcc24700 1 -- 172.21.15.162:0/2337315394 >> [v2:172.21.15.162:3300/0,v1:172.21.15.162:6789/0] conn(0x7f62b8105840 msgr2=0x7f62b8105c60 secure :-1 s=STATE_CONNECTION_ESTABLISHED l=1).mark_down
2024-02-19T18:51:39.189 INFO:teuthology.orchestra.run.smithi162.stdout:/usr/bin/ceph: stderr
2024-02-19T18:51:38.406+0000 7f62bcc24700 1 --2- 172.21.15.162:0/2337315394 >> [v2:172.21.15.162:3300/0,v1:172.21.15.162:6789/0] conn(0x7f62b8105840 0x7f62b8105c60 secure :-1 s=READY pgs=61 cs=0 l=1 rev1=1 crypto rx=0x7f62a80098a0 tx=0x7f62a8009bb0 comp rx=0 tx=0).stop
2024-02-19T18:51:39.189 INFO:teuthology.orchestra.run.smithi162.stdout:/usr/bin/ceph: stderr
2024-02-19T18:51:38.406+0000 7f62bcc24700 1 -- 172.21.15.162:0/2337315394 shutdown_connections
2024-02-19T18:51:39.189 INFO:teuthology.orchestra.run.smithi162.stdout:/usr/bin/ceph: stderr
2024-02-19T18:51:38.406+0000 7f62bcc24700 1 --2- 172.21.15.162:0/2337315394 >> [v2:172.21.15.162:3300/0,v1:172.21.15.162:6789/0] conn(0x7f62b8105840 0x7f62b8105c60 unknown :-1 s=CLOSED pgs=61 cs=0 l=1 rev1=1 crypto rx=0 tx=0 comp rx=0 tx=0).stop
2024-02-19T18:51:39.189 INFO:teuthology.orchestra.run.smithi162.stdout:/usr/bin/ceph: stderr
2024-02-19T18:51:38.406+0000 7f62bcc24700 1 -- 172.21.15.162:0/2337315394 >> 172.21.15.162:0/2337315394 conn(0x7f62b8100040 msgr2=0x7f62b81024a0 unknown :-1 s=STATE_NONE l=0).mark_down
2024-02-19T18:51:39.189 INFO:teuthology.orchestra.run.smithi162.stdout:/usr/bin/ceph: stderr
2024-02-19T18:51:38.406+0000 7f62bcc24700 1 -- 172.21.15.162:0/2337315394 shutdown_connections
2024-02-19T18:51:39.189 INFO:teuthology.orchestra.run.smithi162.stdout:/usr/bin/ceph: stderr
2024-02-19T18:51:38.406+0000 7f62bcc24700 1 -- 172.21.15.162:0/2337315394 wait complete.
2024-02-19T18:51:39.189 INFO:teuthology.orchestra.run.smithi162.stdout:/usr/bin/ceph: stderr
2024-02-19T18:51:38.406+0000 7f62bcc24700 1 Processor -- start
2024-02-19T18:51:39.189 INFO:teuthology.orchestra.run.smithi162.stdout:/usr/bin/ceph: stderr
2024-02-19T18:51:38.407+0000 7f62bcc24700 1 -- start start
2024-02-19T18:51:39.189 INFO:teuthology.orchestra.run.smithi162.stdout:/usr/bin/ceph: stderr
2024-02-19T18:51:38.407+0000 7f62bcc24700 1 --2- >> [v2:172.21.15.162:3300/0,v1:172.21.15.162:6789/0] conn(0x7f62b8105840 0x7f62b819a170 unknown :-1 s=NONE pgs=0 cs=0 l=1 rev1=0 crypto rx=0 tx=0 comp rx=0 tx=0).connect
2024-02-19T18:51:39.190 INFO:teuthology.orchestra.run.smithi162.stdout:/usr/bin/ceph: stderr
2024-02-19T18:51:38.407+0000 7f62bcc24700 1 -- --> [v2:172.21.15.162:3300/0,v1:172.21.15.162:6789/0] -- mon_getmap magic: 0 v1 -- 0x7f62b819a6b0 con 0x7f62b8105840
2024-02-19T18:51:39.190 INFO:teuthology.orchestra.run.smithi162.stdout:/usr/bin/ceph: stderr
2024-02-19T18:51:38.407+0000 7f62b659c700 1 --2- >> [v2:172.21.15.162:3300/0,v1:172.21.15.162:6789/0] conn(0x7f62b8105840 0x7f62b819a170 unknown :-1 s=BANNER_CONNECTING pgs=0 cs=0 l=1 rev1=0 crypto rx=0 tx=0 comp rx=0 tx=0)._handle_peer_banner_payload supported=3 required=0
2024-02-19T18:51:39.190 INFO:teuthology.orchestra.run.smithi162.stdout:/usr/bin/ceph: stderr
2024-02-19T18:51:38.407+0000 7f62b659c700 1 --2- >> [v2:172.21.15.162:3300/0,v1:172.21.15.162:6789/0] conn(0x7f62b8105840 0x7f62b819a170 unknown :-1 s=HELLO_CONNECTING pgs=0 cs=0 l=1 rev1=1 crypto rx=0 tx=0 comp rx=0 tx=0).handle_hello peer v2:172.21.15.162:3300/0 says I am v2:172.21.15.162:49714/0 (socket says 172.21.15.162:49714)
2024-02-19T18:51:39.190 INFO:teuthology.orchestra.run.smithi162.stdout:/usr/bin/ceph: stderr
2024-02-19T18:51:38.407+0000 7f62b659c700 1 -- 172.21.15.162:0/925151602 learned_addr learned my addr 172.21.15.162:0/925151602 (peer_addr_for_me v2:172.21.15.162:0/0)
2024-02-19T18:51:39.190 INFO:teuthology.orchestra.run.smithi162.stdout:/usr/bin/ceph: stderr
2024-02-19T18:51:38.407+0000 7f62b659c700 1 -- 172.21.15.162:0/925151602 --> [v2:172.21.15.162:3300/0,v1:172.21.15.162:6789/0] -- mon_subscribe({config=0+,monmap=0+}) v3 -- 0x7f62a8009550 con 0x7f62b8105840
2024-02-19T18:51:39.190 INFO:teuthology.orchestra.run.smithi162.stdout:/usr/bin/ceph: stderr
2024-02-19T18:51:38.407+0000 7f62b659c700 1 --2- 172.21.15.162:0/925151602 >> [v2:172.21.15.162:3300/0,v1:172.21.15.162:6789/0] conn(0x7f62b8105840 0x7f62b819a170 secure :-1 s=READY pgs=62 cs=0 l=1 rev1=1 crypto rx=0x7f62a8011670 tx=0x7f62a8011aa0 comp rx=0 tx=0).ready entity=mon.0 client_cookie=0 server_cookie=0 in_seq=0 out_seq=0
2024-02-19T18:51:39.190 INFO:teuthology.orchestra.run.smithi162.stdout:/usr/bin/ceph: stderr
2024-02-19T18:51:38.407+0000 7f62affff700 1 -- 172.21.15.162:0/925151602 <== mon.0 v2:172.21.15.162:3300/0 1 ==== mon_map magic: 0 v1 ==== 229+0+0 (secure 0 0 0) 0x7f62a8003a40 con 0x7f62b8105840
2024-02-19T18:51:39.190 INFO:teuthology.orchestra.run.smithi162.stdout:/usr/bin/ceph: stderr
2024-02-19T18:51:38.407+0000 7f62affff700 1 -- 172.21.15.162:0/925151602 <== mon.0 v2:172.21.15.162:3300/0 2 ==== config(27 keys) v1 ==== 1101+0+0 (secure 0 0 0) 0x7f62a8003ba0 con 0x7f62b8105840
2024-02-19T18:51:39.190 INFO:teuthology.orchestra.run.smithi162.stdout:/usr/bin/ceph: stderr
2024-02-19T18:51:38.407+0000 7f62bcc24700 1 -- 172.21.15.162:0/925151602 --> [v2:172.21.15.162:3300/0,v1:172.21.15.162:6789/0] -- mon_subscribe({mgrmap=0+}) v3 -- 0x7f62b819a8b0 con 0x7f62b8105840
2024-02-19T18:51:39.190 INFO:teuthology.orchestra.run.smithi162.stdout:/usr/bin/ceph: stderr
2024-02-19T18:51:38.407+0000 7f62affff700 1 -- 172.21.15.162:0/925151602 <== mon.0 v2:172.21.15.162:3300/0 3 ==== mon_map magic: 0 v1 ==== 229+0+0 (secure 0 0 0) 0x7f62a8024820 con 0x7f62b8105840
2024-02-19T18:51:39.190 INFO:teuthology.orchestra.run.smithi162.stdout:/usr/bin/ceph: stderr
2024-02-19T18:51:38.407+0000 7f62bcc24700 1 -- 172.21.15.162:0/925151602 --> [v2:172.21.15.162:3300/0,v1:172.21.15.162:6789/0] -- mon_subscribe({osdmap=0}) v3 -- 0x7f62b819ad50 con 0x7f62b8105840
2024-02-19T18:51:39.190 INFO:teuthology.orchestra.run.smithi162.stdout:/usr/bin/ceph: stderr
2024-02-19T18:51:38.408+0000 7f62affff700 1 -- 172.21.15.162:0/925151602 <== mon.0 v2:172.21.15.162:3300/0 4 ==== mgrmap(e 8) v1 ==== 45283+0+0 (secure 0 0 0) 0x7f62a8024ae0 con 0x7f62b8105840
2024-02-19T18:51:39.190 INFO:teuthology.orchestra.run.smithi162.stdout:/usr/bin/ceph: stderr
2024-02-19T18:51:38.408+0000 7f62affff700 1 --2- 172.21.15.162:0/925151602 >> [v2:172.21.15.162:6800/1096002121,v1:172.21.15.162:6801/1096002121] conn(0x7f62a40382e0 0x7f62a403a7a0 unknown :-1 s=NONE pgs=0 cs=0 l=1 rev1=0 crypto rx=0 tx=0 comp rx=0 tx=0).connect
2024-02-19T18:51:39.190 INFO:teuthology.orchestra.run.smithi162.stdout:/usr/bin/ceph: stderr
2024-02-19T18:51:38.408+0000 7f62bcc24700 1 -- 172.21.15.162:0/925151602 --> [v2:172.21.15.162:3300/0,v1:172.21.15.162:6789/0] -- mon_command({"prefix": "get_command_descriptions"} v 0) v1 -- 0x7f62b80623c0 con 0x7f62b8105840
2024-02-19T18:51:39.191 INFO:teuthology.orchestra.run.smithi162.stdout:/usr/bin/ceph: stderr
2024-02-19T18:51:38.409+0000 7f62affff700 1 -- 172.21.15.162:0/925151602 <== mon.0 v2:172.21.15.162:3300/0 5 ==== osd_map(2..2 src has 1..2) v4 ==== 940+0+0 (secure 0 0 0) 0x7f62a804c320 con 0x7f62b8105840
2024-02-19T18:51:39.191 INFO:teuthology.orchestra.run.smithi162.stdout:/usr/bin/ceph: stderr
2024-02-19T18:51:38.409+0000 7f62add9b700 1 --2- 172.21.15.162:0/925151602 >> [v2:172.21.15.162:6800/1096002121,v1:172.21.15.162:6801/1096002121] conn(0x7f62a40382e0 0x7f62a403a7a0 unknown :-1 s=BANNER_CONNECTING pgs=0 cs=0 l=1 rev1=0 crypto rx=0 tx=0 comp rx=0 tx=0)._handle_peer_banner_payload supported=3 required=0
2024-02-19T18:51:39.191 INFO:teuthology.orchestra.run.smithi162.stdout:/usr/bin/ceph: stderr
2024-02-19T18:51:38.409+0000 7f62add9b700 1 --2- 172.21.15.162:0/925151602 >> [v2:172.21.15.162:6800/1096002121,v1:172.21.15.162:6801/1096002121] conn(0x7f62a40382e0 0x7f62a403a7a0 secure :-1 s=READY pgs=20 cs=0 l=1 rev1=1 crypto rx=0x7f62a0006fd0 tx=0x7f62a0006e40 comp rx=0 tx=0).ready entity=mgr.14118 client_cookie=0 server_cookie=0 in_seq=0 out_seq=0
2024-02-19T18:51:39.191 INFO:teuthology.orchestra.run.smithi162.stdout:/usr/bin/ceph: stderr
2024-02-19T18:51:38.413+0000 7f62affff700 1 -- 172.21.15.162:0/925151602 <== mon.0 v2:172.21.15.162:3300/0 6 ==== mon_command_ack([{"prefix": "get_command_descriptions"}]=0 v0) v1 ==== 72+0+180422 (secure 0 0 0) 0x7f62a8022310 con 0x7f62b8105840
2024-02-19T18:51:39.191 INFO:teuthology.orchestra.run.smithi162.stdout:/usr/bin/ceph: stderr
2024-02-19T18:51:38.599+0000 7f62bcc24700 1 -- 172.21.15.162:0/925151602 --> [v2:172.21.15.162:3300/0,v1:172.21.15.162:6789/0] -- mon_command([{prefix=config set, name=mgr/cephadm/container_init}] v 0) v1 -- 0x7f62b819dc50 con 0x7f62b8105840
2024-02-19T18:51:39.191 INFO:teuthology.orchestra.run.smithi162.stdout:/usr/bin/ceph: stderr
2024-02-19T18:51:38.603+0000 7f62affff700 1 -- 172.21.15.162:0/925151602 <== mon.0 v2:172.21.15.162:3300/0 7 ==== mon_command_ack([{prefix=config set, name=mgr/cephadm/container_init}]=0 v7)=0 v7) v1 ==== 142+0+0 (secure 0 0 0) 0x7f62a802c350 con 0x7f62b8105840
2024-02-19T18:51:39.191 INFO:teuthology.orchestra.run.smithi162.stdout:/usr/bin/ceph: stderr
2024-02-19T18:51:38.606+0000 7f62bcc24700 1 -- 172.21.15.162:0/925151602 >> [v2:172.21.15.162:6800/1096002121,v1:172.21.15.162:6801/1096002121] conn(0x7f62a40382e0 msgr2=0x7f62a403a7a0 secure :-1 s=STATE_CONNECTION_ESTABLISHED l=1).mark_down
2024-02-19T18:51:39.191 INFO:teuthology.orchestra.run.smithi162.stdout:/usr/bin/ceph: stderr
2024-02-19T18:51:38.606+0000 7f62bcc24700 1 --2- 172.21.15.162:0/925151602 >> [v2:172.21.15.162:6800/1096002121,v1:172.21.15.162:6801/1096002121] conn(0x7f62a40382e0 0x7f62a403a7a0 secure :-1 s=READY pgs=20 cs=0 l=1 rev1=1 crypto rx=0x7f62a0006fd0 tx=0x7f62a0006e40 comp rx=0 tx=0).stop
2024-02-19T18:51:39.191 INFO:teuthology.orchestra.run.smithi162.stdout:/usr/bin/ceph: stderr
2024-02-19T18:51:38.606+0000 7f62bcc24700 1 -- 172.21.15.162:0/925151602 >> [v2:172.21.15.162:3300/0,v1:172.21.15.162:6789/0] conn(0x7f62b8105840 msgr2=0x7f62b819a170 secure :-1 s=STATE_CONNECTION_ESTABLISHED l=1).mark_down
2024-02-19T18:51:39.191 INFO:teuthology.orchestra.run.smithi162.stdout:/usr/bin/ceph: stderr
2024-02-19T18:51:38.606+0000 7f62bcc24700 1 --2- 172.21.15.162:0/925151602 >> [v2:172.21.15.162:3300/0,v1:172.21.15.162:6789/0] conn(0x7f62b8105840 0x7f62b819a170 secure :-1 s=READY pgs=62 cs=0 l=1 rev1=1 crypto rx=0x7f62a8011670 tx=0x7f62a8011aa0 comp rx=0 tx=0).stop
2024-02-19T18:51:39.191 INFO:teuthology.orchestra.run.smithi162.stdout:/usr/bin/ceph: stderr
2024-02-19T18:51:38.606+0000 7f62bcc24700 1 -- 172.21.15.162:0/925151602 shutdown_connections
2024-02-19T18:51:39.191 INFO:teuthology.orchestra.run.smithi162.stdout:/usr/bin/ceph: stderr
2024-02-19T18:51:38.606+0000 7f62bcc24700 1 --2- 172.21.15.162:0/925151602 >> [v2:172.21.15.162:6800/1096002121,v1:172.21.15.162:6801/1096002121] conn(0x7f62a40382e0 0x7f62a403a7a0 unknown :-1 s=CLOSED pgs=20 cs=0 l=1 rev1=1 crypto rx=0 tx=0 comp rx=0 tx=0).stop
2024-02-19T18:51:39.191 INFO:teuthology.orchestra.run.smithi162.stdout:/usr/bin/ceph: stderr
2024-02-19T18:51:38.606+0000 7f62bcc24700 1 --2- 172.21.15.162:0/925151602 >> [v2:172.21.15.162:3300/0,v1:172.21.15.162:6789/0] conn(0x7f62b8105840 0x7f62b819a170 unknown :-1 s=CLOSED pgs=62 cs=0 l=1 rev1=1 crypto rx=0 tx=0 comp rx=0 tx=0).stop
2024-02-19T18:51:39.191 INFO:teuthology.orchestra.run.smithi162.stdout:/usr/bin/ceph: stderr
2024-02-19T18:51:38.606+0000 7f62bcc24700 1 -- 172.21.15.162:0/925151602 >> 172.21.15.162:0/925151602 conn(0x7f62b8100040 msgr2=0x7f62b8104cb0 unknown :-1 s=STATE_NONE l=0).mark_down
2024-02-19T18:51:39.192 INFO:teuthology.orchestra.run.smithi162.stdout:/usr/bin/ceph: stderr
2024-02-19T18:51:38.606+0000 7f62bcc24700 1 -- 172.21.15.162:0/925151602 shutdown_connections
2024-02-19T18:51:39.192 INFO:teuthology.orchestra.run.smithi162.stdout:/usr/bin/ceph: stderr
2024-02-19T18:51:38.606+0000 7f62bcc24700 1 -- 172.21.15.162:0/925151602 wait complete.
2024-02-19T18:51:39.905 INFO:journalctl@ceph.mon.smithi162.smithi162.stdout:Feb 19 18:51:39 smithi162 ceph-mon[29131]: from='client.? 172.21.15.162:0/925151602' entity='client.admin'
2024-02-19T18:51:39.905 INFO:journalctl@ceph.mon.smithi162.smithi162.stdout:Feb 19 18:51:39 smithi162 ceph-mon[29131]: pgmap v5: 0 pgs: ; 0 B data, 0 B used, 0 B / 0 B avail
2024-02-19T18:51:40.428 INFO:teuthology.orchestra.run.smithi162.stdout:/usr/bin/ceph: stderr
2024-02-19T18:51:39.621+0000 7f6e67c70700 1 Processor -- start
2024-02-19T18:51:40.428 INFO:teuthology.orchestra.run.smithi162.stdout:/usr/bin/ceph: stderr
2024-02-19T18:51:39.621+0000 7f6e67c70700 1 -- start start
2024-02-19T18:51:40.428 INFO:teuthology.orchestra.run.smithi162.stdout:/usr/bin/ceph: stderr
2024-02-19T18:51:39.621+0000 7f6e67c70700 1 --2- >> [v2:172.21.15.162:3300/0,v1:172.21.15.162:6789/0] conn(0x7f6e60105330 0x7f6e60105750 unknown :-1 s=NONE pgs=0 cs=0 l=0 rev1=0 crypto rx=0 tx=0 comp rx=0 tx=0).connect
2024-02-19T18:51:40.429 INFO:teuthology.orchestra.run.smithi162.stdout:/usr/bin/ceph: stderr
2024-02-19T18:51:39.621+0000 7f6e67c70700 1 -- --> [v2:172.21.15.162:3300/0,v1:172.21.15.162:6789/0] -- mon_getmap magic: 0 v1 -- 0x7f6e60105d20 con 0x7f6e60105330
2024-02-19T18:51:40.429 INFO:teuthology.orchestra.run.smithi162.stdout:/usr/bin/ceph: stderr
2024-02-19T18:51:39.621+0000 7f6e65a0c700 1 --2- >> [v2:172.21.15.162:3300/0,v1:172.21.15.162:6789/0] conn(0x7f6e60105330 0x7f6e60105750 unknown :-1 s=BANNER_CONNECTING pgs=0 cs=0 l=0 rev1=0 crypto rx=0 tx=0 comp rx=0 tx=0)._handle_peer_banner_payload supported=3 required=0
2024-02-19T18:51:40.429 INFO:teuthology.orchestra.run.smithi162.stdout:/usr/bin/ceph: stderr
2024-02-19T18:51:39.621+0000 7f6e65a0c700 1 --2- >> [v2:172.21.15.162:3300/0,v1:172.21.15.162:6789/0] conn(0x7f6e60105330 0x7f6e60105750 unknown :-1 s=HELLO_CONNECTING pgs=0 cs=0 l=0 rev1=1 crypto rx=0 tx=0 comp rx=0 tx=0).handle_hello peer v2:172.21.15.162:3300/0 says I am v2:172.21.15.162:49722/0 (socket says 172.21.15.162:49722)
2024-02-19T18:51:40.429 INFO:teuthology.orchestra.run.smithi162.stdout:/usr/bin/ceph: stderr
2024-02-19T18:51:39.621+0000 7f6e65a0c700 1 -- 172.21.15.162:0/1972460924 learned_addr learned my addr 172.21.15.162:0/1972460924 (peer_addr_for_me v2:172.21.15.162:0/0)
2024-02-19T18:51:40.429 INFO:teuthology.orchestra.run.smithi162.stdout:/usr/bin/ceph: stderr
2024-02-19T18:51:39.621+0000 7f6e65a0c700 1 -- 172.21.15.162:0/1972460924 --> [v2:172.21.15.162:3300/0,v1:172.21.15.162:6789/0] -- mon_subscribe({config=0+,monmap=0+}) v3 -- 0x7f6e60106530 con 0x7f6e60105330
2024-02-19T18:51:40.429 INFO:teuthology.orchestra.run.smithi162.stdout:/usr/bin/ceph: stderr
2024-02-19T18:51:39.622+0000 7f6e65a0c700 1 --2- 172.21.15.162:0/1972460924 >> [v2:172.21.15.162:3300/0,v1:172.21.15.162:6789/0] conn(0x7f6e60105330 0x7f6e60105750 secure :-1 s=READY pgs=63 cs=0 l=1 rev1=1 crypto rx=0x7f6e5c00bb40 tx=0x7f6e5c00be50 comp rx=0 tx=0).ready entity=mon.0 client_cookie=5a9e686941398e8c server_cookie=0 in_seq=0 out_seq=0
2024-02-19T18:51:40.429 INFO:teuthology.orchestra.run.smithi162.stdout:/usr/bin/ceph: stderr
2024-02-19T18:51:39.622+0000 7f6e64a0a700 1 -- 172.21.15.162:0/1972460924 <== mon.0 v2:172.21.15.162:3300/0 1 ==== mon_map magic: 0 v1 ==== 229+0+0 (secure 0 0 0) 0x7f6e5c00dc00 con 0x7f6e60105330
2024-02-19T18:51:40.429 INFO:teuthology.orchestra.run.smithi162.stdout:/usr/bin/ceph: stderr
2024-02-19T18:51:39.622+0000 7f6e64a0a700 1 -- 172.21.15.162:0/1972460924 <== mon.0 v2:172.21.15.162:3300/0 2 ==== config(27 keys) v1 ==== 1101+0+0 (secure 0 0 0) 0x7f6e5c0044e0 con 0x7f6e60105330
2024-02-19T18:51:40.429 INFO:teuthology.orchestra.run.smithi162.stdout:/usr/bin/ceph: stderr
2024-02-19T18:51:39.622+0000 7f6e64a0a700 1 -- 172.21.15.162:0/1972460924 <== mon.0 v2:172.21.15.162:3300/0 3 ==== mon_map magic: 0 v1 ==== 229+0+0 (secure 0 0 0) 0x7f6e5c010470 con 0x7f6e60105330
2024-02-19T18:51:40.429 INFO:teuthology.orchestra.run.smithi162.stdout:/usr/bin/ceph: stderr
2024-02-19T18:51:39.622+0000 7f6e67c70700 1 -- 172.21.15.162:0/1972460924 >> [v2:172.21.15.162:3300/0,v1:172.21.15.162:6789/0] conn(0x7f6e60105330 msgr2=0x7f6e60105750 secure :-1 s=STATE_CONNECTION_ESTABLISHED l=1).mark_down
2024-02-19T18:51:40.429 INFO:teuthology.orchestra.run.smithi162.stdout:/usr/bin/ceph: stderr
2024-02-19T18:51:39.622+0000 7f6e67c70700 1 --2- 172.21.15.162:0/1972460924 >> [v2:172.21.15.162:3300/0,v1:172.21.15.162:6789/0] conn(0x7f6e60105330 0x7f6e60105750 secure :-1 s=READY pgs=63 cs=0 l=1 rev1=1 crypto rx=0x7f6e5c00bb40 tx=0x7f6e5c00be50 comp rx=0 tx=0).stop
2024-02-19T18:51:40.429 INFO:teuthology.orchestra.run.smithi162.stdout:/usr/bin/ceph: stderr
2024-02-19T18:51:39.622+0000 7f6e67c70700 1 -- 172.21.15.162:0/1972460924 shutdown_connections
2024-02-19T18:51:40.429 INFO:teuthology.orchestra.run.smithi162.stdout:/usr/bin/ceph: stderr
2024-02-19T18:51:39.622+0000 7f6e67c70700 1 --2- 172.21.15.162:0/1972460924 >> [v2:172.21.15.162:3300/0,v1:172.21.15.162:6789/0] conn(0x7f6e60105330 0x7f6e60105750 unknown :-1 s=CLOSED pgs=63 cs=0 l=1 rev1=1 crypto rx=0 tx=0 comp rx=0 tx=0).stop
2024-02-19T18:51:40.429 INFO:teuthology.orchestra.run.smithi162.stdout:/usr/bin/ceph: stderr
2024-02-19T18:51:39.622+0000 7f6e67c70700 1 -- 172.21.15.162:0/1972460924 >> 172.21.15.162:0/1972460924 conn(0x7f6e601008b0 msgr2=0x7f6e60102d10 unknown :-1 s=STATE_NONE l=0).mark_down
2024-02-19T18:51:40.429 INFO:teuthology.orchestra.run.smithi162.stdout:/usr/bin/ceph: stderr
2024-02-19T18:51:39.622+0000 7f6e67c70700 1 -- 172.21.15.162:0/1972460924 shutdown_connections
2024-02-19T18:51:40.430 INFO:teuthology.orchestra.run.smithi162.stdout:/usr/bin/ceph: stderr
2024-02-19T18:51:39.622+0000 7f6e67c70700 1 -- 172.21.15.162:0/1972460924 wait complete.
2024-02-19T18:51:40.430 INFO:teuthology.orchestra.run.smithi162.stdout:/usr/bin/ceph: stderr
2024-02-19T18:51:39.623+0000 7f6e67c70700 1 Processor -- start
2024-02-19T18:51:40.430 INFO:teuthology.orchestra.run.smithi162.stdout:/usr/bin/ceph: stderr
2024-02-19T18:51:39.623+0000 7f6e67c70700 1 -- start start
2024-02-19T18:51:40.430 INFO:teuthology.orchestra.run.smithi162.stdout:/usr/bin/ceph: stderr
2024-02-19T18:51:39.623+0000 7f6e67c70700 1 --2- >> [v2:172.21.15.162:3300/0,v1:172.21.15.162:6789/0] conn(0x7f6e60105330 0x7f6e60197f80 unknown :-1 s=NONE pgs=0 cs=0 l=1 rev1=0 crypto rx=0 tx=0 comp rx=0 tx=0).connect
2024-02-19T18:51:40.430 INFO:teuthology.orchestra.run.smithi162.stdout:/usr/bin/ceph: stderr
2024-02-19T18:51:39.623+0000 7f6e67c70700 1 -- --> [v2:172.21.15.162:3300/0,v1:172.21.15.162:6789/0] -- mon_getmap magic: 0 v1 -- 0x7f6e601984c0 con 0x7f6e60105330
2024-02-19T18:51:40.430 INFO:teuthology.orchestra.run.smithi162.stdout:/usr/bin/ceph: stderr
2024-02-19T18:51:39.623+0000 7f6e65a0c700 1 --2- >> [v2:172.21.15.162:3300/0,v1:172.21.15.162:6789/0] conn(0x7f6e60105330 0x7f6e60197f80 unknown :-1 s=BANNER_CONNECTING pgs=0 cs=0 l=1 rev1=0 crypto rx=0 tx=0 comp rx=0 tx=0)._handle_peer_banner_payload supported=3 required=0
2024-02-19T18:51:40.430 INFO:teuthology.orchestra.run.smithi162.stdout:/usr/bin/ceph: stderr
2024-02-19T18:51:39.623+0000 7f6e65a0c700 1 --2- >> [v2:172.21.15.162:3300/0,v1:172.21.15.162:6789/0] conn(0x7f6e60105330 0x7f6e60197f80 unknown :-1 s=HELLO_CONNECTING pgs=0 cs=0 l=1 rev1=1 crypto rx=0 tx=0 comp rx=0 tx=0).handle_hello peer v2:172.21.15.162:3300/0 says I am v2:172.21.15.162:49736/0 (socket says 172.21.15.162:49736)
2024-02-19T18:51:40.430 INFO:teuthology.orchestra.run.smithi162.stdout:/usr/bin/ceph: stderr
2024-02-19T18:51:39.623+0000 7f6e65a0c700 1 -- 172.21.15.162:0/3140697020 learned_addr learned my addr 172.21.15.162:0/3140697020 (peer_addr_for_me v2:172.21.15.162:0/0)
2024-02-19T18:51:40.430 INFO:teuthology.orchestra.run.smithi162.stdout:/usr/bin/ceph: stderr
2024-02-19T18:51:39.624+0000 7f6e65a0c700 1 -- 172.21.15.162:0/3140697020 --> [v2:172.21.15.162:3300/0,v1:172.21.15.162:6789/0] -- mon_subscribe({config=0+,monmap=0+}) v3 -- 0x7f6e5c00b7f0 con 0x7f6e60105330
2024-02-19T18:51:40.430 INFO:teuthology.orchestra.run.smithi162.stdout:/usr/bin/ceph: stderr
2024-02-19T18:51:39.624+0000 7f6e65a0c700 1 --2- 172.21.15.162:0/3140697020 >> [v2:172.21.15.162:3300/0,v1:172.21.15.162:6789/0] conn(0x7f6e60105330 0x7f6e60197f80 secure :-1 s=READY pgs=64 cs=0 l=1 rev1=1 crypto rx=0x7f6e5c00b340 tx=0x7f6e5c004070 comp rx=0 tx=0).ready entity=mon.0 client_cookie=0 server_cookie=0 in_seq=0 out_seq=0
2024-02-19T18:51:40.430 INFO:teuthology.orchestra.run.smithi162.stdout:/usr/bin/ceph: stderr
2024-02-19T18:51:39.624+0000 7f6e56ffd700 1 -- 172.21.15.162:0/3140697020 <== mon.0 v2:172.21.15.162:3300/0 1 ==== mon_map magic: 0 v1 ==== 229+0+0 (secure 0 0 0) 0x7f6e5c01e070 con 0x7f6e60105330
2024-02-19T18:51:40.430 INFO:teuthology.orchestra.run.smithi162.stdout:/usr/bin/ceph: stderr
2024-02-19T18:51:39.624+0000 7f6e56ffd700 1 -- 172.21.15.162:0/3140697020 <== mon.0 v2:172.21.15.162:3300/0 2 ==== config(27 keys) v1 ==== 1101+0+0 (secure 0 0 0) 0x7f6e5c00de20 con 0x7f6e60105330
2024-02-19T18:51:40.430 INFO:teuthology.orchestra.run.smithi162.stdout:/usr/bin/ceph: stderr
2024-02-19T18:51:39.624+0000 7f6e67c70700 1 -- 172.21.15.162:0/3140697020 --> [v2:172.21.15.162:3300/0,v1:172.21.15.162:6789/0] -- mon_subscribe({mgrmap=0+}) v3 -- 0x7f6e601986c0 con 0x7f6e60105330
2024-02-19T18:51:40.430 INFO:teuthology.orchestra.run.smithi162.stdout:/usr/bin/ceph: stderr
2024-02-19T18:51:39.624+0000 7f6e56ffd700 1 -- 172.21.15.162:0/3140697020 <== mon.0 v2:172.21.15.162:3300/0 3 ==== mon_map magic: 0 v1 ==== 229+0+0 (secure 0 0 0) 0x7f6e5c022a00 con 0x7f6e60105330
2024-02-19T18:51:40.430 INFO:teuthology.orchestra.run.smithi162.stdout:/usr/bin/ceph: stderr
2024-02-19T18:51:39.624+0000 7f6e67c70700 1 -- 172.21.15.162:0/3140697020 --> [v2:172.21.15.162:3300/0,v1:172.21.15.162:6789/0] -- mon_subscribe({osdmap=0}) v3 -- 0x7f6e60198b60 con 0x7f6e60105330
2024-02-19T18:51:40.431 INFO:teuthology.orchestra.run.smithi162.stdout:/usr/bin/ceph: stderr
2024-02-19T18:51:39.625+0000 7f6e56ffd700 1 -- 172.21.15.162:0/3140697020 <== mon.0 v2:172.21.15.162:3300/0 4 ==== mgrmap(e 8) v1 ==== 45283+0+0 (secure 0 0 0) 0x7f6e5c010730 con 0x7f6e60105330
2024-02-19T18:51:40.431 INFO:teuthology.orchestra.run.smithi162.stdout:/usr/bin/ceph: stderr
2024-02-19T18:51:39.625+0000 7f6e67c70700 1 -- 172.21.15.162:0/3140697020 --> [v2:172.21.15.162:3300/0,v1:172.21.15.162:6789/0] -- mon_command({"prefix": "get_command_descriptions"} v 0) v1 -- 0x7f6e60191bc0 con 0x7f6e60105330
2024-02-19T18:51:40.431 INFO:teuthology.orchestra.run.smithi162.stdout:/usr/bin/ceph: stderr
2024-02-19T18:51:39.625+0000 7f6e56ffd700 1 --2- 172.21.15.162:0/3140697020 >> [v2:172.21.15.162:6800/1096002121,v1:172.21.15.162:6801/1096002121] conn(0x7f6e4c038320 0x7f6e4c03a7e0 unknown :-1 s=NONE pgs=0 cs=0 l=1 rev1=0 crypto rx=0 tx=0 comp rx=0 tx=0).connect
2024-02-19T18:51:40.431 INFO:teuthology.orchestra.run.smithi162.stdout:/usr/bin/ceph: stderr
2024-02-19T18:51:39.625+0000 7f6e56ffd700 1 -- 172.21.15.162:0/3140697020 <== mon.0 v2:172.21.15.162:3300/0 5 ==== osd_map(2..2 src has 1..2) v4 ==== 940+0+0 (secure 0 0 0) 0x7f6e5c04e4e0 con 0x7f6e60105330
2024-02-19T18:51:40.431 INFO:teuthology.orchestra.run.smithi162.stdout:/usr/bin/ceph: stderr
2024-02-19T18:51:39.625+0000 7f6e6520b700 1 --2- 172.21.15.162:0/3140697020 >> [v2:172.21.15.162:6800/1096002121,v1:172.21.15.162:6801/1096002121] conn(0x7f6e4c038320 0x7f6e4c03a7e0 unknown :-1 s=BANNER_CONNECTING pgs=0 cs=0 l=1 rev1=0 crypto rx=0 tx=0 comp rx=0 tx=0)._handle_peer_banner_payload supported=3 required=0
2024-02-19T18:51:40.431 INFO:teuthology.orchestra.run.smithi162.stdout:/usr/bin/ceph: stderr
2024-02-19T18:51:39.625+0000 7f6e6520b700 1 --2- 172.21.15.162:0/3140697020 >> [v2:172.21.15.162:6800/1096002121,v1:172.21.15.162:6801/1096002121] conn(0x7f6e4c038320 0x7f6e4c03a7e0 secure :-1 s=READY pgs=21 cs=0 l=1 rev1=1 crypto rx=0x7f6e50006fd0 tx=0x7f6e50006e40 comp rx=0 tx=0).ready entity=mgr.14118 client_cookie=0 server_cookie=0 in_seq=0 out_seq=0
2024-02-19T18:51:40.431 INFO:teuthology.orchestra.run.smithi162.stdout:/usr/bin/ceph: stderr
2024-02-19T18:51:39.630+0000 7f6e56ffd700 1 -- 172.21.15.162:0/3140697020 <== mon.0 v2:172.21.15.162:3300/0 6 ==== mon_command_ack([{"prefix": "get_command_descriptions"}]=0 v0) v1 ==== 72+0+180422 (secure 0 0 0) 0x7f6e5c021ba0 con 0x7f6e60105330
2024-02-19T18:51:40.431 INFO:teuthology.orchestra.run.smithi162.stdout:/usr/bin/ceph: stderr
2024-02-19T18:51:39.821+0000 7f6e67c70700 1 -- 172.21.15.162:0/3140697020 --> [v2:172.21.15.162:3300/0,v1:172.21.15.162:6789/0] -- mon_command([{prefix=config set, name=mgr/dashboard/ssl_server_port}] v 0) v1 -- 0x7f6e6002d090 con 0x7f6e60105330
2024-02-19T18:51:40.431 INFO:teuthology.orchestra.run.smithi162.stdout:/usr/bin/ceph: stderr
2024-02-19T18:51:39.826+0000 7f6e56ffd700 1 -- 172.21.15.162:0/3140697020 <== mon.0 v2:172.21.15.162:3300/0 7 ==== mon_command_ack([{prefix=config set, name=mgr/dashboard/ssl_server_port}]=0 v8)=0 v8) v1 ==== 130+0+0 (secure 0 0 0) 0x7f6e5c027030 con 0x7f6e60105330
2024-02-19T18:51:40.431 INFO:teuthology.orchestra.run.smithi162.stdout:/usr/bin/ceph: stderr
2024-02-19T18:51:39.829+0000 7f6e67c70700 1 -- 172.21.15.162:0/3140697020 >> [v2:172.21.15.162:6800/1096002121,v1:172.21.15.162:6801/1096002121] conn(0x7f6e4c038320 msgr2=0x7f6e4c03a7e0 secure :-1 s=STATE_CONNECTION_ESTABLISHED l=1).mark_down
2024-02-19T18:51:40.431 INFO:teuthology.orchestra.run.smithi162.stdout:/usr/bin/ceph: stderr
2024-02-19T18:51:39.829+0000 7f6e67c70700 1 --2- 172.21.15.162:0/3140697020 >> [v2:172.21.15.162:6800/1096002121,v1:172.21.15.162:6801/1096002121] conn(0x7f6e4c038320 0x7f6e4c03a7e0 secure :-1 s=READY pgs=21 cs=0 l=1 rev1=1 crypto rx=0x7f6e50006fd0 tx=0x7f6e50006e40 comp rx=0 tx=0).stop
2024-02-19T18:51:40.431 INFO:teuthology.orchestra.run.smithi162.stdout:/usr/bin/ceph: stderr
2024-02-19T18:51:39.829+0000 7f6e67c70700 1 -- 172.21.15.162:0/3140697020 >> [v2:172.21.15.162:3300/0,v1:172.21.15.162:6789/0] conn(0x7f6e60105330 msgr2=0x7f6e60197f80 secure :-1 s=STATE_CONNECTION_ESTABLISHED l=1).mark_down
2024-02-19T18:51:40.431 INFO:teuthology.orchestra.run.smithi162.stdout:/usr/bin/ceph: stderr
2024-02-19T18:51:39.829+0000 7f6e67c70700 1 --2- 172.21.15.162:0/3140697020 >> [v2:172.21.15.162:3300/0,v1:172.21.15.162:6789/0] conn(0x7f6e60105330 0x7f6e60197f80 secure :-1 s=READY pgs=64 cs=0 l=1 rev1=1 crypto rx=0x7f6e5c00b340 tx=0x7f6e5c004070 comp rx=0 tx=0).stop
2024-02-19T18:51:40.431 INFO:teuthology.orchestra.run.smithi162.stdout:/usr/bin/ceph: stderr
2024-02-19T18:51:39.829+0000 7f6e67c70700 1 -- 172.21.15.162:0/3140697020 shutdown_connections
2024-02-19T18:51:40.431 INFO:teuthology.orchestra.run.smithi162.stdout:/usr/bin/ceph: stderr
2024-02-19T18:51:39.829+0000 7f6e67c70700 1 --2- 172.21.15.162:0/3140697020 >> [v2:172.21.15.162:6800/1096002121,v1:172.21.15.162:6801/1096002121] conn(0x7f6e4c038320 0x7f6e4c03a7e0 unknown :-1 s=CLOSED pgs=21 cs=0 l=1 rev1=1 crypto rx=0 tx=0 comp rx=0 tx=0).stop
2024-02-19T18:51:40.432 INFO:teuthology.orchestra.run.smithi162.stdout:/usr/bin/ceph: stderr
2024-02-19T18:51:39.829+0000 7f6e67c70700 1 --2- 172.21.15.162:0/3140697020 >> [v2:172.21.15.162:3300/0,v1:172.21.15.162:6789/0] conn(0x7f6e60105330 0x7f6e60197f80 unknown :-1 s=CLOSED pgs=64 cs=0 l=1 rev1=1 crypto rx=0 tx=0 comp rx=0 tx=0).stop
2024-02-19T18:51:40.432 INFO:teuthology.orchestra.run.smithi162.stdout:/usr/bin/ceph: stderr
2024-02-19T18:51:39.829+0000 7f6e67c70700 1 -- 172.21.15.162:0/3140697020 >> 172.21.15.162:0/3140697020 conn(0x7f6e601008b0 msgr2=0x7f6e6018ed00 unknown :-1 s=STATE_NONE l=0).mark_down
2024-02-19T18:51:40.432 INFO:teuthology.orchestra.run.smithi162.stdout:/usr/bin/ceph: stderr
2024-02-19T18:51:39.829+0000 7f6e67c70700 1 -- 172.21.15.162:0/3140697020 shutdown_connections
2024-02-19T18:51:40.432 INFO:teuthology.orchestra.run.smithi162.stdout:/usr/bin/ceph: stderr
2024-02-19T18:51:39.829+0000 7f6e67c70700 1 -- 172.21.15.162:0/3140697020 wait complete.
2024-02-19T18:51:40.432 INFO:teuthology.orchestra.run.smithi162.stdout:Enabling the dashboard module...
2024-02-19T18:51:41.106 INFO:journalctl@ceph.mon.smithi162.smithi162.stdout:Feb 19 18:51:40 smithi162 ceph-mon[29131]: from='client.? 172.21.15.162:0/3140697020' entity='client.admin'
2024-02-19T18:51:42.155 INFO:journalctl@ceph.mon.smithi162.smithi162.stdout:Feb 19 18:51:41 smithi162 ceph-mon[29131]: from='client.? 172.21.15.162:0/3997531504' entity='client.admin' cmd=[{"prefix": "mgr module enable", "module": "dashboard"}]: dispatch
2024-02-19T18:51:42.155 INFO:journalctl@ceph.mon.smithi162.smithi162.stdout:Feb 19 18:51:41 smithi162 ceph-mon[29131]: pgmap v6: 0 pgs: ; 0 B data, 0 B used, 0 B / 0 B avail
2024-02-19T18:51:42.451 INFO:teuthology.orchestra.run.smithi162.stdout:/usr/bin/ceph: stderr
2024-02-19T18:51:40.835+0000 7faa72659700 1 Processor -- start
2024-02-19T18:51:42.451 INFO:teuthology.orchestra.run.smithi162.stdout:/usr/bin/ceph: stderr
2024-02-19T18:51:40.836+0000 7faa72659700 1 -- start start
2024-02-19T18:51:42.451 INFO:teuthology.orchestra.run.smithi162.stdout:/usr/bin/ceph: stderr
2024-02-19T18:51:40.836+0000 7faa72659700 1 --2- >> [v2:172.21.15.162:3300/0,v1:172.21.15.162:6789/0] conn(0x7faa6c105350 0x7faa6c105770 unknown :-1 s=NONE pgs=0 cs=0 l=0 rev1=0 crypto rx=0 tx=0 comp rx=0 tx=0).connect
2024-02-19T18:51:42.451 INFO:teuthology.orchestra.run.smithi162.stdout:/usr/bin/ceph: stderr
2024-02-19T18:51:40.836+0000 7faa72659700 1 -- --> [v2:172.21.15.162:3300/0,v1:172.21.15.162:6789/0] -- mon_getmap magic: 0 v1 -- 0x7faa6c105d40 con 0x7faa6c105350
2024-02-19T18:51:42.451 INFO:teuthology.orchestra.run.smithi162.stdout:/usr/bin/ceph: stderr
2024-02-19T18:51:40.836+0000 7faa6bfff700 1 --2- >> [v2:172.21.15.162:3300/0,v1:172.21.15.162:6789/0] conn(0x7faa6c105350 0x7faa6c105770 unknown :-1 s=BANNER_CONNECTING pgs=0 cs=0 l=0 rev1=0 crypto rx=0 tx=0 comp rx=0 tx=0)._handle_peer_banner_payload supported=3 required=0
2024-02-19T18:51:42.451 INFO:teuthology.orchestra.run.smithi162.stdout:/usr/bin/ceph: stderr
2024-02-19T18:51:40.836+0000 7faa6bfff700 1 --2- >> [v2:172.21.15.162:3300/0,v1:172.21.15.162:6789/0] conn(0x7faa6c105350 0x7faa6c105770 unknown :-1 s=HELLO_CONNECTING pgs=0 cs=0 l=0 rev1=1 crypto rx=0 tx=0 comp rx=0 tx=0).handle_hello peer v2:172.21.15.162:3300/0 says I am v2:172.21.15.162:49748/0 (socket says 172.21.15.162:49748)
2024-02-19T18:51:42.451 INFO:teuthology.orchestra.run.smithi162.stdout:/usr/bin/ceph: stderr
2024-02-19T18:51:40.836+0000 7faa6bfff700 1 -- 172.21.15.162:0/2511719520 learned_addr learned my addr 172.21.15.162:0/2511719520 (peer_addr_for_me v2:172.21.15.162:0/0)
2024-02-19T18:51:42.451 INFO:teuthology.orchestra.run.smithi162.stdout:/usr/bin/ceph: stderr
2024-02-19T18:51:40.836+0000 7faa6bfff700 1 -- 172.21.15.162:0/2511719520 --> [v2:172.21.15.162:3300/0,v1:172.21.15.162:6789/0] -- mon_subscribe({config=0+,monmap=0+}) v3 -- 0x7faa6c106550 con 0x7faa6c105350
2024-02-19T18:51:42.452 INFO:teuthology.orchestra.run.smithi162.stdout:/usr/bin/ceph: stderr
2024-02-19T18:51:40.836+0000 7faa6bfff700 1 --2- 172.21.15.162:0/2511719520 >> [v2:172.21.15.162:3300/0,v1:172.21.15.162:6789/0] conn(0x7faa6c105350 0x7faa6c105770 secure :-1 s=READY pgs=65 cs=0 l=1 rev1=1 crypto rx=0x7faa5c0098a0 tx=0x7faa5c009bb0 comp rx=0 tx=0).ready entity=mon.0 client_cookie=b43c705a86f98fba server_cookie=0 in_seq=0 out_seq=0
2024-02-19T18:51:42.452 INFO:teuthology.orchestra.run.smithi162.stdout:/usr/bin/ceph: stderr
2024-02-19T18:51:40.836+0000 7faa6affd700 1 -- 172.21.15.162:0/2511719520 <== mon.0 v2:172.21.15.162:3300/0 1 ==== mon_map magic: 0 v1 ==== 229+0+0 (secure 0 0 0) 0x7faa5c004180 con 0x7faa6c105350
2024-02-19T18:51:42.452 INFO:teuthology.orchestra.run.smithi162.stdout:/usr/bin/ceph: stderr
2024-02-19T18:51:40.837+0000 7faa6affd700 1 -- 172.21.15.162:0/2511719520 <== mon.0 v2:172.21.15.162:3300/0 2 ==== config(27 keys) v1 ==== 1101+0+0 (secure 0 0 0) 0x7faa5c0042e0 con 0x7faa6c105350
2024-02-19T18:51:42.452 INFO:teuthology.orchestra.run.smithi162.stdout:/usr/bin/ceph: stderr
2024-02-19T18:51:40.837+0000 7faa6affd700 1 -- 172.21.15.162:0/2511719520 <== mon.0 v2:172.21.15.162:3300/0 3 ==== mon_map magic: 0 v1 ==== 229+0+0 (secure 0 0 0) 0x7faa5c011af0 con 0x7faa6c105350
2024-02-19T18:51:42.452 INFO:teuthology.orchestra.run.smithi162.stdout:/usr/bin/ceph: stderr
2024-02-19T18:51:40.837+0000 7faa72659700 1 -- 172.21.15.162:0/2511719520 >> [v2:172.21.15.162:3300/0,v1:172.21.15.162:6789/0] conn(0x7faa6c105350 msgr2=0x7faa6c105770 secure :-1 s=STATE_CONNECTION_ESTABLISHED l=1).mark_down
2024-02-19T18:51:42.452 INFO:teuthology.orchestra.run.smithi162.stdout:/usr/bin/ceph: stderr
2024-02-19T18:51:40.837+0000 7faa72659700 1 --2- 172.21.15.162:0/2511719520 >> [v2:172.21.15.162:3300/0,v1:172.21.15.162:6789/0] conn(0x7faa6c105350 0x7faa6c105770 secure :-1 s=READY pgs=65 cs=0 l=1 rev1=1 crypto rx=0x7faa5c0098a0 tx=0x7faa5c009bb0 comp rx=0 tx=0).stop
2024-02-19T18:51:42.452 INFO:teuthology.orchestra.run.smithi162.stdout:/usr/bin/ceph: stderr
2024-02-19T18:51:40.837+0000 7faa72659700 1 -- 172.21.15.162:0/2511719520 shutdown_connections
2024-02-19T18:51:42.452 INFO:teuthology.orchestra.run.smithi162.stdout:/usr/bin/ceph: stderr
2024-02-19T18:51:40.837+0000 7faa72659700 1 --2- 172.21.15.162:0/2511719520 >> [v2:172.21.15.162:3300/0,v1:172.21.15.162:6789/0] conn(0x7faa6c105350 0x7faa6c105770 unknown :-1 s=CLOSED pgs=65 cs=0 l=1 rev1=1 crypto rx=0 tx=0 comp rx=0 tx=0).stop
2024-02-19T18:51:42.452 INFO:teuthology.orchestra.run.smithi162.stdout:/usr/bin/ceph: stderr
2024-02-19T18:51:40.837+0000 7faa72659700 1 -- 172.21.15.162:0/2511719520 >> 172.21.15.162:0/2511719520 conn(0x7faa6c1008d0 msgr2=0x7faa6c102d30 unknown :-1 s=STATE_NONE l=0).mark_down
2024-02-19T18:51:42.452 INFO:teuthology.orchestra.run.smithi162.stdout:/usr/bin/ceph: stderr
2024-02-19T18:51:40.837+0000 7faa72659700 1 -- 172.21.15.162:0/2511719520 shutdown_connections
2024-02-19T18:51:42.452 INFO:teuthology.orchestra.run.smithi162.stdout:/usr/bin/ceph: stderr
2024-02-19T18:51:40.837+0000 7faa72659700 1 -- 172.21.15.162:0/2511719520 wait complete.
2024-02-19T18:51:42.452 INFO:teuthology.orchestra.run.smithi162.stdout:/usr/bin/ceph: stderr
2024-02-19T18:51:40.838+0000 7faa72659700 1 Processor -- start
2024-02-19T18:51:42.452 INFO:teuthology.orchestra.run.smithi162.stdout:/usr/bin/ceph: stderr
2024-02-19T18:51:40.838+0000 7faa72659700 1 -- start start
2024-02-19T18:51:42.452 INFO:teuthology.orchestra.run.smithi162.stdout:/usr/bin/ceph: stderr
