2024-02-19T18:51:32.765+0000 7fe0b2188700 1 -- 172.21.15.162:0/229118250 >> [v2:172.21.15.162:3300/0,v1:172.21.15.162:6789/0] conn(0x7fe0ac106ee0 msgr2=0x7fe0ac1092d0 secure :-1 s=STATE_CONNECTION_ESTABLISHED l=1).mark_down
2024-02-19T18:51:34.373 INFO:teuthology.orchestra.run.smithi162.stdout:/usr/bin/ceph: stderr
2024-02-19T18:51:32.765+0000 7fe0b2188700 1 --2- 172.21.15.162:0/229118250 >> [v2:172.21.15.162:3300/0,v1:172.21.15.162:6789/0] conn(0x7fe0ac106ee0 0x7fe0ac1092d0 secure :-1 s=READY pgs=53 cs=0 l=1 rev1=1 crypto rx=0x7fe0a4009e80 tx=0x7fe0a400b330 comp rx=0 tx=0).stop
2024-02-19T18:51:34.373 INFO:teuthology.orchestra.run.smithi162.stdout:/usr/bin/ceph: stderr
2024-02-19T18:51:32.765+0000 7fe0b2188700 1 -- 172.21.15.162:0/229118250 shutdown_connections
2024-02-19T18:51:34.373 INFO:teuthology.orchestra.run.smithi162.stdout:/usr/bin/ceph: stderr
2024-02-19T18:51:32.765+0000 7fe0b2188700 1 --2- 172.21.15.162:0/229118250 >> [v2:172.21.15.162:3300/0,v1:172.21.15.162:6789/0] conn(0x7fe0ac106ee0 0x7fe0ac1092d0 unknown :-1 s=CLOSED pgs=53 cs=0 l=1 rev1=1 crypto rx=0 tx=0 comp rx=0 tx=0).stop
2024-02-19T18:51:34.373 INFO:teuthology.orchestra.run.smithi162.stdout:/usr/bin/ceph: stderr
2024-02-19T18:51:32.765+0000 7fe0b2188700 1 -- 172.21.15.162:0/229118250 >> 172.21.15.162:0/229118250 conn(0x7fe0ac1008b0 msgr2=0x7fe0ac102d10 unknown :-1 s=STATE_NONE l=0).mark_down
2024-02-19T18:51:34.373 INFO:teuthology.orchestra.run.smithi162.stdout:/usr/bin/ceph: stderr
2024-02-19T18:51:32.765+0000 7fe0b2188700 1 -- 172.21.15.162:0/229118250 shutdown_connections
2024-02-19T18:51:34.373 INFO:teuthology.orchestra.run.smithi162.stdout:/usr/bin/ceph: stderr
2024-02-19T18:51:32.765+0000 7fe0b2188700 1 -- 172.21.15.162:0/229118250 wait complete.
2024-02-19T18:51:34.373 INFO:teuthology.orchestra.run.smithi162.stdout:/usr/bin/ceph: stderr
2024-02-19T18:51:32.766+0000 7fe0b2188700 1 Processor -- start
2024-02-19T18:51:34.373 INFO:teuthology.orchestra.run.smithi162.stdout:/usr/bin/ceph: stderr
2024-02-19T18:51:32.766+0000 7fe0b2188700 1 -- start start
2024-02-19T18:51:34.373 INFO:teuthology.orchestra.run.smithi162.stdout:/usr/bin/ceph: stderr
2024-02-19T18:51:32.766+0000 7fe0b2188700 1 --2- >> [v2:172.21.15.162:3300/0,v1:172.21.15.162:6789/0] conn(0x7fe0ac106ee0 0x7fe0ac19a0f0 unknown :-1 s=NONE pgs=0 cs=0 l=1 rev1=0 crypto rx=0 tx=0 comp rx=0 tx=0).connect
2024-02-19T18:51:34.373 INFO:teuthology.orchestra.run.smithi162.stdout:/usr/bin/ceph: stderr
2024-02-19T18:51:32.766+0000 7fe0b2188700 1 -- --> [v2:172.21.15.162:3300/0,v1:172.21.15.162:6789/0] -- mon_getmap magic: 0 v1 -- 0x7fe0ac19a630 con 0x7fe0ac106ee0
2024-02-19T18:51:34.373 INFO:teuthology.orchestra.run.smithi162.stdout:/usr/bin/ceph: stderr
2024-02-19T18:51:32.766+0000 7fe0ab7fe700 1 --2- >> [v2:172.21.15.162:3300/0,v1:172.21.15.162:6789/0] conn(0x7fe0ac106ee0 0x7fe0ac19a0f0 unknown :-1 s=BANNER_CONNECTING pgs=0 cs=0 l=1 rev1=0 crypto rx=0 tx=0 comp rx=0 tx=0)._handle_peer_banner_payload supported=3 required=0
2024-02-19T18:51:34.373 INFO:teuthology.orchestra.run.smithi162.stdout:/usr/bin/ceph: stderr
2024-02-19T18:51:32.766+0000 7fe0ab7fe700 1 --2- >> [v2:172.21.15.162:3300/0,v1:172.21.15.162:6789/0] conn(0x7fe0ac106ee0 0x7fe0ac19a0f0 unknown :-1 s=HELLO_CONNECTING pgs=0 cs=0 l=1 rev1=1 crypto rx=0 tx=0 comp rx=0 tx=0).handle_hello peer v2:172.21.15.162:3300/0 says I am v2:172.21.15.162:41916/0 (socket says 172.21.15.162:41916)
2024-02-19T18:51:34.374 INFO:teuthology.orchestra.run.smithi162.stdout:/usr/bin/ceph: stderr
2024-02-19T18:51:32.766+0000 7fe0ab7fe700 1 -- 172.21.15.162:0/1290211468 learned_addr learned my addr 172.21.15.162:0/1290211468 (peer_addr_for_me v2:172.21.15.162:0/0)
2024-02-19T18:51:34.374 INFO:teuthology.orchestra.run.smithi162.stdout:/usr/bin/ceph: stderr
2024-02-19T18:51:32.766+0000 7fe0ab7fe700 1 -- 172.21.15.162:0/1290211468 --> [v2:172.21.15.162:3300/0,v1:172.21.15.162:6789/0] -- mon_subscribe({config=0+,monmap=0+}) v3 -- 0x7fe0a4009b30 con 0x7fe0ac106ee0
2024-02-19T18:51:34.374 INFO:teuthology.orchestra.run.smithi162.stdout:/usr/bin/ceph: stderr
2024-02-19T18:51:32.766+0000 7fe0ab7fe700 1 --2- 172.21.15.162:0/1290211468 >> [v2:172.21.15.162:3300/0,v1:172.21.15.162:6789/0] conn(0x7fe0ac106ee0 0x7fe0ac19a0f0 secure :-1 s=READY pgs=54 cs=0 l=1 rev1=1 crypto rx=0x7fe0a4009e50 tx=0x7fe0a40049f0 comp rx=0 tx=0).ready entity=mon.0 client_cookie=0 server_cookie=0 in_seq=0 out_seq=0
2024-02-19T18:51:34.374 INFO:teuthology.orchestra.run.smithi162.stdout:/usr/bin/ceph: stderr
2024-02-19T18:51:32.767+0000 7fe0a8ff9700 1 -- 172.21.15.162:0/1290211468 <== mon.0 v2:172.21.15.162:3300/0 1 ==== mon_map magic: 0 v1 ==== 229+0+0 (secure 0 0 0) 0x7fe0a400e040 con 0x7fe0ac106ee0
2024-02-19T18:51:34.374 INFO:teuthology.orchestra.run.smithi162.stdout:/usr/bin/ceph: stderr
2024-02-19T18:51:32.767+0000 7fe0a8ff9700 1 -- 172.21.15.162:0/1290211468 <== mon.0 v2:172.21.15.162:3300/0 2 ==== config(27 keys) v1 ==== 1101+0+0 (secure 0 0 0) 0x7fe0a400bcc0 con 0x7fe0ac106ee0
2024-02-19T18:51:34.374 INFO:teuthology.orchestra.run.smithi162.stdout:/usr/bin/ceph: stderr
2024-02-19T18:51:32.767+0000 7fe0b2188700 1 -- 172.21.15.162:0/1290211468 --> [v2:172.21.15.162:3300/0,v1:172.21.15.162:6789/0] -- mon_subscribe({mgrmap=0+}) v3 -- 0x7fe0ac19a830 con 0x7fe0ac106ee0
2024-02-19T18:51:34.374 INFO:teuthology.orchestra.run.smithi162.stdout:/usr/bin/ceph: stderr
2024-02-19T18:51:32.767+0000 7fe0a8ff9700 1 -- 172.21.15.162:0/1290211468 <== mon.0 v2:172.21.15.162:3300/0 3 ==== mon_map magic: 0 v1 ==== 229+0+0 (secure 0 0 0) 0x7fe0a4012670 con 0x7fe0ac106ee0
2024-02-19T18:51:34.374 INFO:teuthology.orchestra.run.smithi162.stdout:/usr/bin/ceph: stderr
2024-02-19T18:51:32.767+0000 7fe0b2188700 1 -- 172.21.15.162:0/1290211468 --> [v2:172.21.15.162:3300/0,v1:172.21.15.162:6789/0] -- mon_subscribe({osdmap=0}) v3 -- 0x7fe0ac19ad30 con 0x7fe0ac106ee0
2024-02-19T18:51:34.374 INFO:teuthology.orchestra.run.smithi162.stdout:/usr/bin/ceph: stderr
2024-02-19T18:51:32.767+0000 7fe0a8ff9700 1 -- 172.21.15.162:0/1290211468 <== mon.0 v2:172.21.15.162:3300/0 4 ==== mgrmap(e 8) v1 ==== 45283+0+0 (secure 0 0 0) 0x7fe0a4019040 con 0x7fe0ac106ee0
2024-02-19T18:51:34.374 INFO:teuthology.orchestra.run.smithi162.stdout:/usr/bin/ceph: stderr
2024-02-19T18:51:32.768+0000 7fe0b2188700 1 -- 172.21.15.162:0/1290211468 --> [v2:172.21.15.162:3300/0,v1:172.21.15.162:6789/0] -- mon_command({"prefix": "get_command_descriptions"} v 0) v1 -- 0x7fe0ac10a5a0 con 0x7fe0ac106ee0
2024-02-19T18:51:34.374 INFO:teuthology.orchestra.run.smithi162.stdout:/usr/bin/ceph: stderr
2024-02-19T18:51:32.768+0000 7fe0a8ff9700 1 --2- 172.21.15.162:0/1290211468 >> [v2:172.21.15.162:6800/1096002121,v1:172.21.15.162:6801/1096002121] conn(0x7fe0940382e0 0x7fe09403a7a0 unknown :-1 s=NONE pgs=0 cs=0 l=1 rev1=0 crypto rx=0 tx=0 comp rx=0 tx=0).connect
2024-02-19T18:51:34.374 INFO:teuthology.orchestra.run.smithi162.stdout:/usr/bin/ceph: stderr
2024-02-19T18:51:32.768+0000 7fe0a8ff9700 1 -- 172.21.15.162:0/1290211468 <== mon.0 v2:172.21.15.162:3300/0 5 ==== osd_map(2..2 src has 1..2) v4 ==== 940+0+0 (secure 0 0 0) 0x7fe0a404c030 con 0x7fe0ac106ee0
2024-02-19T18:51:34.375 INFO:teuthology.orchestra.run.smithi162.stdout:/usr/bin/ceph: stderr
2024-02-19T18:51:32.768+0000 7fe0aaffd700 1 --2- 172.21.15.162:0/1290211468 >> [v2:172.21.15.162:6800/1096002121,v1:172.21.15.162:6801/1096002121] conn(0x7fe0940382e0 0x7fe09403a7a0 unknown :-1 s=BANNER_CONNECTING pgs=0 cs=0 l=1 rev1=0 crypto rx=0 tx=0 comp rx=0 tx=0)._handle_peer_banner_payload supported=3 required=0
2024-02-19T18:51:34.375 INFO:teuthology.orchestra.run.smithi162.stdout:/usr/bin/ceph: stderr
2024-02-19T18:51:32.768+0000 7fe0aaffd700 1 --2- 172.21.15.162:0/1290211468 >> [v2:172.21.15.162:6800/1096002121,v1:172.21.15.162:6801/1096002121] conn(0x7fe0940382e0 0x7fe09403a7a0 secure :-1 s=READY pgs=16 cs=0 l=1 rev1=1 crypto rx=0x7fe0a0006fd0 tx=0x7fe0a0006e40 comp rx=0 tx=0).ready entity=mgr.14118 client_cookie=0 server_cookie=0 in_seq=0 out_seq=0
2024-02-19T18:51:34.375 INFO:teuthology.orchestra.run.smithi162.stdout:/usr/bin/ceph: stderr
2024-02-19T18:51:32.772+0000 7fe0a8ff9700 1 -- 172.21.15.162:0/1290211468 <== mon.0 v2:172.21.15.162:3300/0 6 ==== mon_command_ack([{"prefix": "get_command_descriptions"}]=0 v0) v1 ==== 72+0+180422 (secure 0 0 0) 0x7fe0a4011750 con 0x7fe0ac106ee0
2024-02-19T18:51:34.375 INFO:teuthology.orchestra.run.smithi162.stdout:/usr/bin/ceph: stderr
2024-02-19T18:51:32.982+0000 7fe0b2188700 1 -- 172.21.15.162:0/1290211468 --> [v2:172.21.15.162:6800/1096002121,v1:172.21.15.162:6801/1096002121] -- mgr_command(tid 0: {"prefix": "orch apply", "service_type": "prometheus", "target": ["mon-mgr", ""]}) v1 -- 0x7fe0ac101da0 con 0x7fe0940382e0
2024-02-19T18:51:34.375 INFO:teuthology.orchestra.run.smithi162.stdout:/usr/bin/ceph: stderr
2024-02-19T18:51:32.987+0000 7fe0a8ff9700 1 -- 172.21.15.162:0/1290211468 <== mgr.14118 v2:172.21.15.162:6800/1096002121 1 ==== mgr_command_reply(tid 0: 0 ) v1 ==== 8+0+31 (secure 0 0 0) 0x7fe0ac101da0 con 0x7fe0940382e0
2024-02-19T18:51:34.375 INFO:teuthology.orchestra.run.smithi162.stdout:/usr/bin/ceph: stderr
2024-02-19T18:51:32.989+0000 7fe0b2188700 1 -- 172.21.15.162:0/1290211468 >> [v2:172.21.15.162:6800/1096002121,v1:172.21.15.162:6801/1096002121] conn(0x7fe0940382e0 msgr2=0x7fe09403a7a0 secure :-1 s=STATE_CONNECTION_ESTABLISHED l=1).mark_down
2024-02-19T18:51:34.375 INFO:teuthology.orchestra.run.smithi162.stdout:/usr/bin/ceph: stderr
2024-02-19T18:51:32.989+0000 7fe0b2188700 1 --2- 172.21.15.162:0/1290211468 >> [v2:172.21.15.162:6800/1096002121,v1:172.21.15.162:6801/1096002121] conn(0x7fe0940382e0 0x7fe09403a7a0 secure :-1 s=READY pgs=16 cs=0 l=1 rev1=1 crypto rx=0x7fe0a0006fd0 tx=0x7fe0a0006e40 comp rx=0 tx=0).stop
2024-02-19T18:51:34.375 INFO:teuthology.orchestra.run.smithi162.stdout:/usr/bin/ceph: stderr
2024-02-19T18:51:32.989+0000 7fe0b2188700 1 -- 172.21.15.162:0/1290211468 >> [v2:172.21.15.162:3300/0,v1:172.21.15.162:6789/0] conn(0x7fe0ac106ee0 msgr2=0x7fe0ac19a0f0 secure :-1 s=STATE_CONNECTION_ESTABLISHED l=1).mark_down
2024-02-19T18:51:34.375 INFO:teuthology.orchestra.run.smithi162.stdout:/usr/bin/ceph: stderr
2024-02-19T18:51:32.989+0000 7fe0b2188700 1 --2- 172.21.15.162:0/1290211468 >> [v2:172.21.15.162:3300/0,v1:172.21.15.162:6789/0] conn(0x7fe0ac106ee0 0x7fe0ac19a0f0 secure :-1 s=READY pgs=54 cs=0 l=1 rev1=1 crypto rx=0x7fe0a4009e50 tx=0x7fe0a40049f0 comp rx=0 tx=0).stop
2024-02-19T18:51:34.375 INFO:teuthology.orchestra.run.smithi162.stdout:/usr/bin/ceph: stderr
2024-02-19T18:51:32.989+0000 7fe0b2188700 1 -- 172.21.15.162:0/1290211468 shutdown_connections
2024-02-19T18:51:34.375 INFO:teuthology.orchestra.run.smithi162.stdout:/usr/bin/ceph: stderr
2024-02-19T18:51:32.989+0000 7fe0b2188700 1 --2- 172.21.15.162:0/1290211468 >> [v2:172.21.15.162:6800/1096002121,v1:172.21.15.162:6801/1096002121] conn(0x7fe0940382e0 0x7fe09403a7a0 unknown :-1 s=CLOSED pgs=16 cs=0 l=1 rev1=1 crypto rx=0 tx=0 comp rx=0 tx=0).stop
2024-02-19T18:51:34.375 INFO:teuthology.orchestra.run.smithi162.stdout:/usr/bin/ceph: stderr
2024-02-19T18:51:32.989+0000 7fe0b2188700 1 --2- 172.21.15.162:0/1290211468 >> [v2:172.21.15.162:3300/0,v1:172.21.15.162:6789/0] conn(0x7fe0ac106ee0 0x7fe0ac19a0f0 unknown :-1 s=CLOSED pgs=54 cs=0 l=1 rev1=1 crypto rx=0 tx=0 comp rx=0 tx=0).stop
2024-02-19T18:51:34.375 INFO:teuthology.orchestra.run.smithi162.stdout:/usr/bin/ceph: stderr
2024-02-19T18:51:32.989+0000 7fe0b2188700 1 -- 172.21.15.162:0/1290211468 >> 172.21.15.162:0/1290211468 conn(0x7fe0ac1008b0 msgr2=0x7fe0ac101690 unknown :-1 s=STATE_NONE l=0).mark_down
2024-02-19T18:51:34.375 INFO:teuthology.orchestra.run.smithi162.stdout:/usr/bin/ceph: stderr
2024-02-19T18:51:32.989+0000 7fe0b2188700 1 -- 172.21.15.162:0/1290211468 shutdown_connections
2024-02-19T18:51:34.376 INFO:teuthology.orchestra.run.smithi162.stdout:/usr/bin/ceph: stderr
2024-02-19T18:51:32.989+0000 7fe0b2188700 1 -- 172.21.15.162:0/1290211468 wait complete.
2024-02-19T18:51:34.376 INFO:teuthology.orchestra.run.smithi162.stdout:Deploying grafana service with default placement...
2024-02-19T18:51:35.619 INFO:teuthology.orchestra.run.smithi162.stdout:/usr/bin/ceph: stdout Scheduled grafana update...
2024-02-19T18:51:35.619 INFO:teuthology.orchestra.run.smithi162.stdout:/usr/bin/ceph: stderr
2024-02-19T18:51:34.801+0000 7f6f5200f700 1 Processor -- start
2024-02-19T18:51:35.619 INFO:teuthology.orchestra.run.smithi162.stdout:/usr/bin/ceph: stderr
2024-02-19T18:51:34.801+0000 7f6f5200f700 1 -- start start
2024-02-19T18:51:35.619 INFO:teuthology.orchestra.run.smithi162.stdout:/usr/bin/ceph: stderr
2024-02-19T18:51:34.801+0000 7f6f5200f700 1 --2- >> [v2:172.21.15.162:3300/0,v1:172.21.15.162:6789/0] conn(0x7f6f4c106ea0 0x7f6f4c109290 unknown :-1 s=NONE pgs=0 cs=0 l=0 rev1=0 crypto rx=0 tx=0 comp rx=0 tx=0).connect
2024-02-19T18:51:35.619 INFO:teuthology.orchestra.run.smithi162.stdout:/usr/bin/ceph: stderr
2024-02-19T18:51:34.801+0000 7f6f5200f700 1 -- --> [v2:172.21.15.162:3300/0,v1:172.21.15.162:6789/0] -- mon_getmap magic: 0 v1 -- 0x7f6f4c079ec0 con 0x7f6f4c106ea0
2024-02-19T18:51:35.619 INFO:teuthology.orchestra.run.smithi162.stdout:/usr/bin/ceph: stderr
2024-02-19T18:51:34.801+0000 7f6f4b7fe700 1 --2- >> [v2:172.21.15.162:3300/0,v1:172.21.15.162:6789/0] conn(0x7f6f4c106ea0 0x7f6f4c109290 unknown :-1 s=BANNER_CONNECTING pgs=0 cs=0 l=0 rev1=0 crypto rx=0 tx=0 comp rx=0 tx=0)._handle_peer_banner_payload supported=3 required=0
2024-02-19T18:51:35.619 INFO:teuthology.orchestra.run.smithi162.stdout:/usr/bin/ceph: stderr
2024-02-19T18:51:34.801+0000 7f6f4b7fe700 1 --2- >> [v2:172.21.15.162:3300/0,v1:172.21.15.162:6789/0] conn(0x7f6f4c106ea0 0x7f6f4c109290 unknown :-1 s=HELLO_CONNECTING pgs=0 cs=0 l=0 rev1=1 crypto rx=0 tx=0 comp rx=0 tx=0).handle_hello peer v2:172.21.15.162:3300/0 says I am v2:172.21.15.162:41922/0 (socket says 172.21.15.162:41922)
2024-02-19T18:51:35.619 INFO:teuthology.orchestra.run.smithi162.stdout:/usr/bin/ceph: stderr
2024-02-19T18:51:34.801+0000 7f6f4b7fe700 1 -- 172.21.15.162:0/1470847440 learned_addr learned my addr 172.21.15.162:0/1470847440 (peer_addr_for_me v2:172.21.15.162:0/0)
2024-02-19T18:51:35.620 INFO:teuthology.orchestra.run.smithi162.stdout:/usr/bin/ceph: stderr
2024-02-19T18:51:34.802+0000 7f6f4b7fe700 1 -- 172.21.15.162:0/1470847440 --> [v2:172.21.15.162:3300/0,v1:172.21.15.162:6789/0] -- mon_subscribe({config=0+,monmap=0+}) v3 -- 0x7f6f4c1097d0 con 0x7f6f4c106ea0
2024-02-19T18:51:35.620 INFO:teuthology.orchestra.run.smithi162.stdout:/usr/bin/ceph: stderr
2024-02-19T18:51:34.802+0000 7f6f4b7fe700 1 --2- 172.21.15.162:0/1470847440 >> [v2:172.21.15.162:3300/0,v1:172.21.15.162:6789/0] conn(0x7f6f4c106ea0 0x7f6f4c109290 secure :-1 s=READY pgs=55 cs=0 l=1 rev1=1 crypto rx=0x7f6f3c0098a0 tx=0x7f6f3c009bb0 comp rx=0 tx=0).ready entity=mon.0 client_cookie=600f2a7987201e66 server_cookie=0 in_seq=0 out_seq=0
2024-02-19T18:51:35.620 INFO:teuthology.orchestra.run.smithi162.stdout:/usr/bin/ceph: stderr
2024-02-19T18:51:34.802+0000 7f6f4a7fc700 1 -- 172.21.15.162:0/1470847440 <== mon.0 v2:172.21.15.162:3300/0 1 ==== mon_map magic: 0 v1 ==== 229+0+0 (secure 0 0 0) 0x7f6f3c004180 con 0x7f6f4c106ea0
2024-02-19T18:51:35.620 INFO:teuthology.orchestra.run.smithi162.stdout:/usr/bin/ceph: stderr
2024-02-19T18:51:34.802+0000 7f6f4a7fc700 1 -- 172.21.15.162:0/1470847440 <== mon.0 v2:172.21.15.162:3300/0 2 ==== config(27 keys) v1 ==== 1101+0+0 (secure 0 0 0) 0x7f6f3c0042e0 con 0x7f6f4c106ea0
2024-02-19T18:51:35.620 INFO:teuthology.orchestra.run.smithi162.stdout:/usr/bin/ceph: stderr
2024-02-19T18:51:34.802+0000 7f6f4a7fc700 1 -- 172.21.15.162:0/1470847440 <== mon.0 v2:172.21.15.162:3300/0 3 ==== mon_map magic: 0 v1 ==== 229+0+0 (secure 0 0 0) 0x7f6f3c011af0 con 0x7f6f4c106ea0
2024-02-19T18:51:35.620 INFO:teuthology.orchestra.run.smithi162.stdout:/usr/bin/ceph: stderr
2024-02-19T18:51:34.802+0000 7f6f5200f700 1 -- 172.21.15.162:0/1470847440 >> [v2:172.21.15.162:3300/0,v1:172.21.15.162:6789/0] conn(0x7f6f4c106ea0 msgr2=0x7f6f4c109290 secure :-1 s=STATE_CONNECTION_ESTABLISHED l=1).mark_down
2024-02-19T18:51:35.620 INFO:teuthology.orchestra.run.smithi162.stdout:/usr/bin/ceph: stderr
2024-02-19T18:51:34.802+0000 7f6f5200f700 1 --2- 172.21.15.162:0/1470847440 >> [v2:172.21.15.162:3300/0,v1:172.21.15.162:6789/0] conn(0x7f6f4c106ea0 0x7f6f4c109290 secure :-1 s=READY pgs=55 cs=0 l=1 rev1=1 crypto rx=0x7f6f3c0098a0 tx=0x7f6f3c009bb0 comp rx=0 tx=0).stop
2024-02-19T18:51:35.620 INFO:teuthology.orchestra.run.smithi162.stdout:/usr/bin/ceph: stderr
2024-02-19T18:51:34.802+0000 7f6f5200f700 1 -- 172.21.15.162:0/1470847440 shutdown_connections
2024-02-19T18:51:35.620 INFO:teuthology.orchestra.run.smithi162.stdout:/usr/bin/ceph: stderr
2024-02-19T18:51:34.802+0000 7f6f5200f700 1 --2- 172.21.15.162:0/1470847440 >> [v2:172.21.15.162:3300/0,v1:172.21.15.162:6789/0] conn(0x7f6f4c106ea0 0x7f6f4c109290 unknown :-1 s=CLOSED pgs=55 cs=0 l=1 rev1=1 crypto rx=0 tx=0 comp rx=0 tx=0).stop
2024-02-19T18:51:35.620 INFO:teuthology.orchestra.run.smithi162.stdout:/usr/bin/ceph: stderr
2024-02-19T18:51:34.802+0000 7f6f5200f700 1 -- 172.21.15.162:0/1470847440 >> 172.21.15.162:0/1470847440 conn(0x7f6f4c1008b0 msgr2=0x7f6f4c102d10 unknown :-1 s=STATE_NONE l=0).mark_down
2024-02-19T18:51:35.620 INFO:teuthology.orchestra.run.smithi162.stdout:/usr/bin/ceph: stderr
2024-02-19T18:51:34.803+0000 7f6f5200f700 1 -- 172.21.15.162:0/1470847440 shutdown_connections
2024-02-19T18:51:35.620 INFO:teuthology.orchestra.run.smithi162.stdout:/usr/bin/ceph: stderr
2024-02-19T18:51:34.803+0000 7f6f5200f700 1 -- 172.21.15.162:0/1470847440 wait complete.
2024-02-19T18:51:35.620 INFO:teuthology.orchestra.run.smithi162.stdout:/usr/bin/ceph: stderr
2024-02-19T18:51:34.803+0000 7f6f5200f700 1 Processor -- start
2024-02-19T18:51:35.621 INFO:teuthology.orchestra.run.smithi162.stdout:/usr/bin/ceph: stderr
2024-02-19T18:51:34.803+0000 7f6f5200f700 1 -- start start
2024-02-19T18:51:35.621 INFO:teuthology.orchestra.run.smithi162.stdout:/usr/bin/ceph: stderr
2024-02-19T18:51:34.804+0000 7f6f5200f700 1 --2- >> [v2:172.21.15.162:3300/0,v1:172.21.15.162:6789/0] conn(0x7f6f4c106ea0 0x7f6f4c19a0e0 unknown :-1 s=NONE pgs=0 cs=0 l=1 rev1=0 crypto rx=0 tx=0 comp rx=0 tx=0).connect
2024-02-19T18:51:35.621 INFO:teuthology.orchestra.run.smithi162.stdout:/usr/bin/ceph: stderr
2024-02-19T18:51:34.804+0000 7f6f5200f700 1 -- --> [v2:172.21.15.162:3300/0,v1:172.21.15.162:6789/0] -- mon_getmap magic: 0 v1 -- 0x7f6f4c19a620 con 0x7f6f4c106ea0
2024-02-19T18:51:35.621 INFO:teuthology.orchestra.run.smithi162.stdout:/usr/bin/ceph: stderr
2024-02-19T18:51:34.804+0000 7f6f4b7fe700 1 --2- >> [v2:172.21.15.162:3300/0,v1:172.21.15.162:6789/0] conn(0x7f6f4c106ea0 0x7f6f4c19a0e0 unknown :-1 s=BANNER_CONNECTING pgs=0 cs=0 l=1 rev1=0 crypto rx=0 tx=0 comp rx=0 tx=0)._handle_peer_banner_payload supported=3 required=0
2024-02-19T18:51:35.621 INFO:teuthology.orchestra.run.smithi162.stdout:/usr/bin/ceph: stderr
2024-02-19T18:51:34.804+0000 7f6f4b7fe700 1 --2- >> [v2:172.21.15.162:3300/0,v1:172.21.15.162:6789/0] conn(0x7f6f4c106ea0 0x7f6f4c19a0e0 unknown :-1 s=HELLO_CONNECTING pgs=0 cs=0 l=1 rev1=1 crypto rx=0 tx=0 comp rx=0 tx=0).handle_hello peer v2:172.21.15.162:3300/0 says I am v2:172.21.15.162:41930/0 (socket says 172.21.15.162:41930)
2024-02-19T18:51:35.621 INFO:teuthology.orchestra.run.smithi162.stdout:/usr/bin/ceph: stderr
2024-02-19T18:51:34.804+0000 7f6f4b7fe700 1 -- 172.21.15.162:0/3716851997 learned_addr learned my addr 172.21.15.162:0/3716851997 (peer_addr_for_me v2:172.21.15.162:0/0)
2024-02-19T18:51:35.621 INFO:teuthology.orchestra.run.smithi162.stdout:/usr/bin/ceph: stderr
2024-02-19T18:51:34.804+0000 7f6f4b7fe700 1 -- 172.21.15.162:0/3716851997 --> [v2:172.21.15.162:3300/0,v1:172.21.15.162:6789/0] -- mon_subscribe({config=0+,monmap=0+}) v3 -- 0x7f6f3c009550 con 0x7f6f4c106ea0
2024-02-19T18:51:35.621 INFO:teuthology.orchestra.run.smithi162.stdout:/usr/bin/ceph: stderr
2024-02-19T18:51:34.804+0000 7f6f4b7fe700 1 --2- 172.21.15.162:0/3716851997 >> [v2:172.21.15.162:3300/0,v1:172.21.15.162:6789/0] conn(0x7f6f4c106ea0 0x7f6f4c19a0e0 secure :-1 s=READY pgs=56 cs=0 l=1 rev1=1 crypto rx=0x7f6f3c011670 tx=0x7f6f3c011b50 comp rx=0 tx=0).ready entity=mon.0 client_cookie=0 server_cookie=0 in_seq=0 out_seq=0
2024-02-19T18:51:35.621 INFO:teuthology.orchestra.run.smithi162.stdout:/usr/bin/ceph: stderr
2024-02-19T18:51:34.804+0000 7f6f48ff9700 1 -- 172.21.15.162:0/3716851997 <== mon.0 v2:172.21.15.162:3300/0 1 ==== mon_map magic: 0 v1 ==== 229+0+0 (secure 0 0 0) 0x7f6f3c003a40 con 0x7f6f4c106ea0
2024-02-19T18:51:35.621 INFO:teuthology.orchestra.run.smithi162.stdout:/usr/bin/ceph: stderr
2024-02-19T18:51:34.804+0000 7f6f5200f700 1 -- 172.21.15.162:0/3716851997 --> [v2:172.21.15.162:3300/0,v1:172.21.15.162:6789/0] -- mon_subscribe({mgrmap=0+}) v3 -- 0x7f6f4c19a820 con 0x7f6f4c106ea0
2024-02-19T18:51:35.621 INFO:teuthology.orchestra.run.smithi162.stdout:/usr/bin/ceph: stderr
2024-02-19T18:51:34.804+0000 7f6f48ff9700 1 -- 172.21.15.162:0/3716851997 <== mon.0 v2:172.21.15.162:3300/0 2 ==== config(27 keys) v1 ==== 1101+0+0 (secure 0 0 0) 0x7f6f3c003ba0 con 0x7f6f4c106ea0
2024-02-19T18:51:35.621 INFO:teuthology.orchestra.run.smithi162.stdout:/usr/bin/ceph: stderr
2024-02-19T18:51:34.804+0000 7f6f48ff9700 1 -- 172.21.15.162:0/3716851997 <== mon.0 v2:172.21.15.162:3300/0 3 ==== mon_map magic: 0 v1 ==== 229+0+0 (secure 0 0 0) 0x7f6f3c024790 con 0x7f6f4c106ea0
2024-02-19T18:51:35.621 INFO:teuthology.orchestra.run.smithi162.stdout:/usr/bin/ceph: stderr
2024-02-19T18:51:34.804+0000 7f6f5200f700 1 -- 172.21.15.162:0/3716851997 --> [v2:172.21.15.162:3300/0,v1:172.21.15.162:6789/0] -- mon_subscribe({osdmap=0}) v3 -- 0x7f6f4c19acc0 con 0x7f6f4c106ea0
2024-02-19T18:51:35.621 INFO:teuthology.orchestra.run.smithi162.stdout:/usr/bin/ceph: stderr
2024-02-19T18:51:34.805+0000 7f6f48ff9700 1 -- 172.21.15.162:0/3716851997 <== mon.0 v2:172.21.15.162:3300/0 4 ==== mgrmap(e 8) v1 ==== 45283+0+0 (secure 0 0 0) 0x7f6f3c02d3f0 con 0x7f6f4c106ea0
2024-02-19T18:51:35.621 INFO:teuthology.orchestra.run.smithi162.stdout:/usr/bin/ceph: stderr
2024-02-19T18:51:34.805+0000 7f6f48ff9700 1 --2- 172.21.15.162:0/3716851997 >> [v2:172.21.15.162:6800/1096002121,v1:172.21.15.162:6801/1096002121] conn(0x7f6f34038320 0x7f6f3403a7e0 unknown :-1 s=NONE pgs=0 cs=0 l=1 rev1=0 crypto rx=0 tx=0 comp rx=0 tx=0).connect
2024-02-19T18:51:35.622 INFO:teuthology.orchestra.run.smithi162.stdout:/usr/bin/ceph: stderr
2024-02-19T18:51:34.805+0000 7f6f5200f700 1 -- 172.21.15.162:0/3716851997 --> [v2:172.21.15.162:3300/0,v1:172.21.15.162:6789/0] -- mon_command({"prefix": "get_command_descriptions"} v 0) v1 -- 0x7f6f4c10a5c0 con 0x7f6f4c106ea0
2024-02-19T18:51:35.622 INFO:teuthology.orchestra.run.smithi162.stdout:/usr/bin/ceph: stderr
2024-02-19T18:51:34.805+0000 7f6f48ff9700 1 -- 172.21.15.162:0/3716851997 <== mon.0 v2:172.21.15.162:3300/0 5 ==== osd_map(2..2 src has 1..2) v4 ==== 940+0+0 (secure 0 0 0) 0x7f6f3c04c6b0 con 0x7f6f4c106ea0
2024-02-19T18:51:35.622 INFO:teuthology.orchestra.run.smithi162.stdout:/usr/bin/ceph: stderr
2024-02-19T18:51:34.805+0000 7f6f4affd700 1 --2- 172.21.15.162:0/3716851997 >> [v2:172.21.15.162:6800/1096002121,v1:172.21.15.162:6801/1096002121] conn(0x7f6f34038320 0x7f6f3403a7e0 unknown :-1 s=BANNER_CONNECTING pgs=0 cs=0 l=1 rev1=0 crypto rx=0 tx=0 comp rx=0 tx=0)._handle_peer_banner_payload supported=3 required=0
2024-02-19T18:51:35.622 INFO:teuthology.orchestra.run.smithi162.stdout:/usr/bin/ceph: stderr
2024-02-19T18:51:34.806+0000 7f6f4affd700 1 --2- 172.21.15.162:0/3716851997 >> [v2:172.21.15.162:6800/1096002121,v1:172.21.15.162:6801/1096002121] conn(0x7f6f34038320 0x7f6f3403a7e0 secure :-1 s=READY pgs=17 cs=0 l=1 rev1=1 crypto rx=0x7f6f40006fd0 tx=0x7f6f40006e40 comp rx=0 tx=0).ready entity=mgr.14118 client_cookie=0 server_cookie=0 in_seq=0 out_seq=0
2024-02-19T18:51:35.622 INFO:teuthology.orchestra.run.smithi162.stdout:/usr/bin/ceph: stderr
2024-02-19T18:51:34.810+0000 7f6f48ff9700 1 -- 172.21.15.162:0/3716851997 <== mon.0 v2:172.21.15.162:3300/0 6 ==== mon_command_ack([{"prefix": "get_command_descriptions"}]=0 v0) v1 ==== 72+0+180422 (secure 0 0 0) 0x7f6f3c01a430 con 0x7f6f4c106ea0
2024-02-19T18:51:35.622 INFO:teuthology.orchestra.run.smithi162.stdout:/usr/bin/ceph: stderr
2024-02-19T18:51:35.009+0000 7f6f5200f700 1 -- 172.21.15.162:0/3716851997 --> [v2:172.21.15.162:6800/1096002121,v1:172.21.15.162:6801/1096002121] -- mgr_command(tid 0: {"prefix": "orch apply", "service_type": "grafana", "target": ["mon-mgr", ""]}) v1 -- 0x7f6f4c101dc0 con 0x7f6f34038320
2024-02-19T18:51:35.622 INFO:teuthology.orchestra.run.smithi162.stdout:/usr/bin/ceph: stderr
2024-02-19T18:51:35.014+0000 7f6f48ff9700 1 -- 172.21.15.162:0/3716851997 <== mgr.14118 v2:172.21.15.162:6800/1096002121 1 ==== mgr_command_reply(tid 0: 0 ) v1 ==== 8+0+28 (secure 0 0 0) 0x7f6f4c101dc0 con 0x7f6f34038320
2024-02-19T18:51:35.622 INFO:teuthology.orchestra.run.smithi162.stdout:/usr/bin/ceph: stderr
2024-02-19T18:51:35.016+0000 7f6f5200f700 1 -- 172.21.15.162:0/3716851997 >> [v2:172.21.15.162:6800/1096002121,v1:172.21.15.162:6801/1096002121] conn(0x7f6f34038320 msgr2=0x7f6f3403a7e0 secure :-1 s=STATE_CONNECTION_ESTABLISHED l=1).mark_down
2024-02-19T18:51:35.622 INFO:teuthology.orchestra.run.smithi162.stdout:/usr/bin/ceph: stderr
2024-02-19T18:51:35.016+0000 7f6f5200f700 1 --2- 172.21.15.162:0/3716851997 >> [v2:172.21.15.162:6800/1096002121,v1:172.21.15.162:6801/1096002121] conn(0x7f6f34038320 0x7f6f3403a7e0 secure :-1 s=READY pgs=17 cs=0 l=1 rev1=1 crypto rx=0x7f6f40006fd0 tx=0x7f6f40006e40 comp rx=0 tx=0).stop
2024-02-19T18:51:35.622 INFO:teuthology.orchestra.run.smithi162.stdout:/usr/bin/ceph: stderr
2024-02-19T18:51:35.016+0000 7f6f5200f700 1 -- 172.21.15.162:0/3716851997 >> [v2:172.21.15.162:3300/0,v1:172.21.15.162:6789/0] conn(0x7f6f4c106ea0 msgr2=0x7f6f4c19a0e0 secure :-1 s=STATE_CONNECTION_ESTABLISHED l=1).mark_down
2024-02-19T18:51:35.622 INFO:teuthology.orchestra.run.smithi162.stdout:/usr/bin/ceph: stderr
2024-02-19T18:51:35.016+0000 7f6f5200f700 1 --2- 172.21.15.162:0/3716851997 >> [v2:172.21.15.162:3300/0,v1:172.21.15.162:6789/0] conn(0x7f6f4c106ea0 0x7f6f4c19a0e0 secure :-1 s=READY pgs=56 cs=0 l=1 rev1=1 crypto rx=0x7f6f3c011670 tx=0x7f6f3c011b50 comp rx=0 tx=0).stop
2024-02-19T18:51:35.622 INFO:teuthology.orchestra.run.smithi162.stdout:/usr/bin/ceph: stderr
2024-02-19T18:51:35.016+0000 7f6f5200f700 1 -- 172.21.15.162:0/3716851997 shutdown_connections
2024-02-19T18:51:35.622 INFO:teuthology.orchestra.run.smithi162.stdout:/usr/bin/ceph: stderr
2024-02-19T18:51:35.016+0000 7f6f5200f700 1 --2- 172.21.15.162:0/3716851997 >> [v2:172.21.15.162:6800/1096002121,v1:172.21.15.162:6801/1096002121] conn(0x7f6f34038320 0x7f6f3403a7e0 unknown :-1 s=CLOSED pgs=17 cs=0 l=1 rev1=1 crypto rx=0 tx=0 comp rx=0 tx=0).stop
2024-02-19T18:51:35.623 INFO:teuthology.orchestra.run.smithi162.stdout:/usr/bin/ceph: stderr
2024-02-19T18:51:35.016+0000 7f6f5200f700 1 --2- 172.21.15.162:0/3716851997 >> [v2:172.21.15.162:3300/0,v1:172.21.15.162:6789/0] conn(0x7f6f4c106ea0 0x7f6f4c19a0e0 unknown :-1 s=CLOSED pgs=56 cs=0 l=1 rev1=1 crypto rx=0 tx=0 comp rx=0 tx=0).stop
2024-02-19T18:51:35.623 INFO:teuthology.orchestra.run.smithi162.stdout:/usr/bin/ceph: stderr
2024-02-19T18:51:35.016+0000 7f6f5200f700 1 -- 172.21.15.162:0/3716851997 >> 172.21.15.162:0/3716851997 conn(0x7f6f4c1008b0 msgr2=0x7f6f4c1016b0 unknown :-1 s=STATE_NONE l=0).mark_down
2024-02-19T18:51:35.623 INFO:teuthology.orchestra.run.smithi162.stdout:/usr/bin/ceph: stderr
2024-02-19T18:51:35.017+0000 7f6f5200f700 1 -- 172.21.15.162:0/3716851997 shutdown_connections
2024-02-19T18:51:35.623 INFO:teuthology.orchestra.run.smithi162.stdout:/usr/bin/ceph: stderr
2024-02-19T18:51:35.017+0000 7f6f5200f700 1 -- 172.21.15.162:0/3716851997 wait complete.
2024-02-19T18:51:35.623 INFO:teuthology.orchestra.run.smithi162.stdout:Deploying node-exporter service with default placement...
2024-02-19T18:51:36.215 INFO:journalctl@ceph.mon.smithi162.smithi162.stdout:Feb 19 18:51:36 smithi162 ceph-mon[29131]: from='client.14150 -' entity='client.admin' cmd=[{"prefix": "orch apply", "service_type": "grafana", "target": ["mon-mgr", ""]}]: dispatch
2024-02-19T18:51:36.216 INFO:journalctl@ceph.mon.smithi162.smithi162.stdout:Feb 19 18:51:36 smithi162 ceph-mon[29131]: Saving service grafana spec with placement count:1
2024-02-19T18:51:36.216 INFO:journalctl@ceph.mon.smithi162.smithi162.stdout:Feb 19 18:51:36 smithi162 ceph-mon[29131]: from='mgr.14118 172.21.15.162:0/1836171993' entity='mgr.smithi162.tnfmix'
2024-02-19T18:51:36.216 INFO:journalctl@ceph.mon.smithi162.smithi162.stdout:Feb 19 18:51:36 smithi162 ceph-mon[29131]: pgmap v3: 0 pgs: ; 0 B data, 0 B used, 0 B / 0 B avail
2024-02-19T18:51:36.767 INFO:teuthology.orchestra.run.smithi162.stdout:/usr/bin/ceph: stdout Scheduled node-exporter update...
2024-02-19T18:51:36.767 INFO:teuthology.orchestra.run.smithi162.stdout:/usr/bin/ceph: stderr
2024-02-19T18:51:35.988+0000 7f7c5a262700 1 Processor -- start
2024-02-19T18:51:36.767 INFO:teuthology.orchestra.run.smithi162.stdout:/usr/bin/ceph: stderr
2024-02-19T18:51:35.988+0000 7f7c5a262700 1 -- start start
2024-02-19T18:51:36.767 INFO:teuthology.orchestra.run.smithi162.stdout:/usr/bin/ceph: stderr
2024-02-19T18:51:35.989+0000 7f7c5a262700 1 --2- >> [v2:172.21.15.162:3300/0,v1:172.21.15.162:6789/0] conn(0x7f7c54106430 0x7f7c54106850 unknown :-1 s=NONE pgs=0 cs=0 l=0 rev1=0 crypto rx=0 tx=0 comp rx=0 tx=0).connect
2024-02-19T18:51:36.767 INFO:teuthology.orchestra.run.smithi162.stdout:/usr/bin/ceph: stderr
2024-02-19T18:51:35.989+0000 7f7c5a262700 1 -- --> [v2:172.21.15.162:3300/0,v1:172.21.15.162:6789/0] -- mon_getmap magic: 0 v1 -- 0x7f7c54106e20 con 0x7f7c54106430
2024-02-19T18:51:36.767 INFO:teuthology.orchestra.run.smithi162.stdout:/usr/bin/ceph: stderr
2024-02-19T18:51:35.989+0000 7f7c537fe700 1 --2- >> [v2:172.21.15.162:3300/0,v1:172.21.15.162:6789/0] conn(0x7f7c54106430 0x7f7c54106850 unknown :-1 s=BANNER_CONNECTING pgs=0 cs=0 l=0 rev1=0 crypto rx=0 tx=0 comp rx=0 tx=0)._handle_peer_banner_payload supported=3 required=0
2024-02-19T18:51:36.767 INFO:teuthology.orchestra.run.smithi162.stdout:/usr/bin/ceph: stderr
2024-02-19T18:51:35.989+0000 7f7c537fe700 1 --2- >> [v2:172.21.15.162:3300/0,v1:172.21.15.162:6789/0] conn(0x7f7c54106430 0x7f7c54106850 unknown :-1 s=HELLO_CONNECTING pgs=0 cs=0 l=0 rev1=1 crypto rx=0 tx=0 comp rx=0 tx=0).handle_hello peer v2:172.21.15.162:3300/0 says I am v2:172.21.15.162:41946/0 (socket says 172.21.15.162:41946)
2024-02-19T18:51:36.767 INFO:teuthology.orchestra.run.smithi162.stdout:/usr/bin/ceph: stderr
2024-02-19T18:51:35.989+0000 7f7c537fe700 1 -- 172.21.15.162:0/1451628428 learned_addr learned my addr 172.21.15.162:0/1451628428 (peer_addr_for_me v2:172.21.15.162:0/0)
2024-02-19T18:51:36.767 INFO:teuthology.orchestra.run.smithi162.stdout:/usr/bin/ceph: stderr
2024-02-19T18:51:35.989+0000 7f7c537fe700 1 -- 172.21.15.162:0/1451628428 --> [v2:172.21.15.162:3300/0,v1:172.21.15.162:6789/0] -- mon_subscribe({config=0+,monmap=0+}) v3 -- 0x7f7c54107630 con 0x7f7c54106430
2024-02-19T18:51:36.767 INFO:teuthology.orchestra.run.smithi162.stdout:/usr/bin/ceph: stderr
2024-02-19T18:51:35.989+0000 7f7c537fe700 1 --2- 172.21.15.162:0/1451628428 >> [v2:172.21.15.162:3300/0,v1:172.21.15.162:6789/0] conn(0x7f7c54106430 0x7f7c54106850 secure :-1 s=READY pgs=57 cs=0 l=1 rev1=1 crypto rx=0x7f7c440098a0 tx=0x7f7c44009bb0 comp rx=0 tx=0).ready entity=mon.0 client_cookie=233ea5bb3eed4dc server_cookie=0 in_seq=0 out_seq=0
2024-02-19T18:51:36.767 INFO:teuthology.orchestra.run.smithi162.stdout:/usr/bin/ceph: stderr
2024-02-19T18:51:35.989+0000 7f7c52ffd700 1 -- 172.21.15.162:0/1451628428 <== mon.0 v2:172.21.15.162:3300/0 1 ==== mon_map magic: 0 v1 ==== 229+0+0 (secure 0 0 0) 0x7f7c44004180 con 0x7f7c54106430
2024-02-19T18:51:36.768 INFO:teuthology.orchestra.run.smithi162.stdout:/usr/bin/ceph: stderr
2024-02-19T18:51:35.989+0000 7f7c52ffd700 1 -- 172.21.15.162:0/1451628428 <== mon.0 v2:172.21.15.162:3300/0 2 ==== config(27 keys) v1 ==== 1101+0+0 (secure 0 0 0) 0x7f7c440042e0 con 0x7f7c54106430
2024-02-19T18:51:36.768 INFO:teuthology.orchestra.run.smithi162.stdout:/usr/bin/ceph: stderr
2024-02-19T18:51:35.989+0000 7f7c52ffd700 1 -- 172.21.15.162:0/1451628428 <== mon.0 v2:172.21.15.162:3300/0 3 ==== mon_map magic: 0 v1 ==== 229+0+0 (secure 0 0 0) 0x7f7c44011af0 con 0x7f7c54106430
2024-02-19T18:51:36.768 INFO:teuthology.orchestra.run.smithi162.stdout:/usr/bin/ceph: stderr
2024-02-19T18:51:35.990+0000 7f7c5a262700 1 -- 172.21.15.162:0/1451628428 >> [v2:172.21.15.162:3300/0,v1:172.21.15.162:6789/0] conn(0x7f7c54106430 msgr2=0x7f7c54106850 secure :-1 s=STATE_CONNECTION_ESTABLISHED l=1).mark_down
2024-02-19T18:51:36.768 INFO:teuthology.orchestra.run.smithi162.stdout:/usr/bin/ceph: stderr
2024-02-19T18:51:35.990+0000 7f7c5a262700 1 --2- 172.21.15.162:0/1451628428 >> [v2:172.21.15.162:3300/0,v1:172.21.15.162:6789/0] conn(0x7f7c54106430 0x7f7c54106850 secure :-1 s=READY pgs=57 cs=0 l=1 rev1=1 crypto rx=0x7f7c440098a0 tx=0x7f7c44009bb0 comp rx=0 tx=0).stop
2024-02-19T18:51:36.768 INFO:teuthology.orchestra.run.smithi162.stdout:/usr/bin/ceph: stderr
2024-02-19T18:51:35.990+0000 7f7c5a262700 1 -- 172.21.15.162:0/1451628428 shutdown_connections
2024-02-19T18:51:36.768 INFO:teuthology.orchestra.run.smithi162.stdout:/usr/bin/ceph: stderr
2024-02-19T18:51:35.990+0000 7f7c5a262700 1 --2- 172.21.15.162:0/1451628428 >> [v2:172.21.15.162:3300/0,v1:172.21.15.162:6789/0] conn(0x7f7c54106430 0x7f7c54106850 unknown :-1 s=CLOSED pgs=57 cs=0 l=1 rev1=1 crypto rx=0 tx=0 comp rx=0 tx=0).stop
2024-02-19T18:51:36.768 INFO:teuthology.orchestra.run.smithi162.stdout:/usr/bin/ceph: stderr
2024-02-19T18:51:35.990+0000 7f7c5a262700 1 -- 172.21.15.162:0/1451628428 >> 172.21.15.162:0/1451628428 conn(0x7f7c541019b0 msgr2=0x7f7c54103e10 unknown :-1 s=STATE_NONE l=0).mark_down
2024-02-19T18:51:36.768 INFO:teuthology.orchestra.run.smithi162.stdout:/usr/bin/ceph: stderr
2024-02-19T18:51:35.990+0000 7f7c5a262700 1 -- 172.21.15.162:0/1451628428 shutdown_connections
2024-02-19T18:51:36.768 INFO:teuthology.orchestra.run.smithi162.stdout:/usr/bin/ceph: stderr
2024-02-19T18:51:35.990+0000 7f7c5a262700 1 -- 172.21.15.162:0/1451628428 wait complete.
2024-02-19T18:51:36.768 INFO:teuthology.orchestra.run.smithi162.stdout:/usr/bin/ceph: stderr
2024-02-19T18:51:35.991+0000 7f7c5a262700 1 Processor -- start
2024-02-19T18:51:36.768 INFO:teuthology.orchestra.run.smithi162.stdout:/usr/bin/ceph: stderr
2024-02-19T18:51:35.991+0000 7f7c5a262700 1 -- start start
2024-02-19T18:51:36.768 INFO:teuthology.orchestra.run.smithi162.stdout:/usr/bin/ceph: stderr
2024-02-19T18:51:35.991+0000 7f7c5a262700 1 --2- >> [v2:172.21.15.162:3300/0,v1:172.21.15.162:6789/0] conn(0x7f7c54106430 0x7f7c5419a170 unknown :-1 s=NONE pgs=0 cs=0 l=1 rev1=0 crypto rx=0 tx=0 comp rx=0 tx=0).connect
2024-02-19T18:51:36.768 INFO:teuthology.orchestra.run.smithi162.stdout:/usr/bin/ceph: stderr
2024-02-19T18:51:35.991+0000 7f7c5a262700 1 -- --> [v2:172.21.15.162:3300/0,v1:172.21.15.162:6789/0] -- mon_getmap magic: 0 v1 -- 0x7f7c5419a6b0 con 0x7f7c54106430
2024-02-19T18:51:36.769 INFO:teuthology.orchestra.run.smithi162.stdout:/usr/bin/ceph: stderr
2024-02-19T18:51:35.991+0000 7f7c537fe700 1 --2- >> [v2:172.21.15.162:3300/0,v1:172.21.15.162:6789/0] conn(0x7f7c54106430 0x7f7c5419a170 unknown :-1 s=BANNER_CONNECTING pgs=0 cs=0 l=1 rev1=0 crypto rx=0 tx=0 comp rx=0 tx=0)._handle_peer_banner_payload supported=3 required=0
2024-02-19T18:51:36.769 INFO:teuthology.orchestra.run.smithi162.stdout:/usr/bin/ceph: stderr
2024-02-19T18:51:35.991+0000 7f7c537fe700 1 --2- >> [v2:172.21.15.162:3300/0,v1:172.21.15.162:6789/0] conn(0x7f7c54106430 0x7f7c5419a170 unknown :-1 s=HELLO_CONNECTING pgs=0 cs=0 l=1 rev1=1 crypto rx=0 tx=0 comp rx=0 tx=0).handle_hello peer v2:172.21.15.162:3300/0 says I am v2:172.21.15.162:41950/0 (socket says 172.21.15.162:41950)
2024-02-19T18:51:36.769 INFO:teuthology.orchestra.run.smithi162.stdout:/usr/bin/ceph: stderr
2024-02-19T18:51:35.991+0000 7f7c537fe700 1 -- 172.21.15.162:0/3773498874 learned_addr learned my addr 172.21.15.162:0/3773498874 (peer_addr_for_me v2:172.21.15.162:0/0)
2024-02-19T18:51:36.769 INFO:teuthology.orchestra.run.smithi162.stdout:/usr/bin/ceph: stderr
2024-02-19T18:51:35.991+0000 7f7c537fe700 1 -- 172.21.15.162:0/3773498874 --> [v2:172.21.15.162:3300/0,v1:172.21.15.162:6789/0] -- mon_subscribe({config=0+,monmap=0+}) v3 -- 0x7f7c44009550 con 0x7f7c54106430
2024-02-19T18:51:36.769 INFO:teuthology.orchestra.run.smithi162.stdout:/usr/bin/ceph: stderr
2024-02-19T18:51:35.992+0000 7f7c537fe700 1 --2- 172.21.15.162:0/3773498874 >> [v2:172.21.15.162:3300/0,v1:172.21.15.162:6789/0] conn(0x7f7c54106430 0x7f7c5419a170 secure :-1 s=READY pgs=58 cs=0 l=1 rev1=1 crypto rx=0x7f7c44011670 tx=0x7f7c44011b50 comp rx=0 tx=0).ready entity=mon.0 client_cookie=0 server_cookie=0 in_seq=0 out_seq=0
2024-02-19T18:51:36.769 INFO:teuthology.orchestra.run.smithi162.stdout:/usr/bin/ceph: stderr
2024-02-19T18:51:35.992+0000 7f7c517fa700 1 -- 172.21.15.162:0/3773498874 <== mon.0 v2:172.21.15.162:3300/0 1 ==== mon_map magic: 0 v1 ==== 229+0+0 (secure 0 0 0) 0x7f7c440039f0 con 0x7f7c54106430
2024-02-19T18:51:36.769 INFO:teuthology.orchestra.run.smithi162.stdout:/usr/bin/ceph: stderr
2024-02-19T18:51:35.992+0000 7f7c517fa700 1 -- 172.21.15.162:0/3773498874 <== mon.0 v2:172.21.15.162:3300/0 2 ==== config(27 keys) v1 ==== 1101+0+0 (secure 0 0 0) 0x7f7c44003b50 con 0x7f7c54106430
2024-02-19T18:51:36.769 INFO:teuthology.orchestra.run.smithi162.stdout:/usr/bin/ceph: stderr
2024-02-19T18:51:35.992+0000 7f7c5a262700 1 -- 172.21.15.162:0/3773498874 --> [v2:172.21.15.162:3300/0,v1:172.21.15.162:6789/0] -- mon_subscribe({mgrmap=0+}) v3 -- 0x7f7c5419a8b0 con 0x7f7c54106430
2024-02-19T18:51:36.769 INFO:teuthology.orchestra.run.smithi162.stdout:/usr/bin/ceph: stderr
2024-02-19T18:51:35.992+0000 7f7c517fa700 1 -- 172.21.15.162:0/3773498874 <== mon.0 v2:172.21.15.162:3300/0 3 ==== mon_map magic: 0 v1 ==== 229+0+0 (secure 0 0 0) 0x7f7c440247c0 con 0x7f7c54106430
2024-02-19T18:51:36.769 INFO:teuthology.orchestra.run.smithi162.stdout:/usr/bin/ceph: stderr
2024-02-19T18:51:35.992+0000 7f7c5a262700 1 -- 172.21.15.162:0/3773498874 --> [v2:172.21.15.162:3300/0,v1:172.21.15.162:6789/0] -- mon_subscribe({osdmap=0}) v3 -- 0x7f7c5419ad50 con 0x7f7c54106430
2024-02-19T18:51:36.769 INFO:teuthology.orchestra.run.smithi162.stdout:/usr/bin/ceph: stderr
2024-02-19T18:51:35.992+0000 7f7c517fa700 1 -- 172.21.15.162:0/3773498874 <== mon.0 v2:172.21.15.162:3300/0 4 ==== mgrmap(e 8) v1 ==== 45283+0+0 (secure 0 0 0) 0x7f7c4402d3f0 con 0x7f7c54106430
2024-02-19T18:51:36.769 INFO:teuthology.orchestra.run.smithi162.stdout:/usr/bin/ceph: stderr
2024-02-19T18:51:35.993+0000 7f7c517fa700 1 --2- 172.21.15.162:0/3773498874 >> [v2:172.21.15.162:6800/1096002121,v1:172.21.15.162:6801/1096002121] conn(0x7f7c40038320 0x7f7c4003a7e0 unknown :-1 s=NONE pgs=0 cs=0 l=1 rev1=0 crypto rx=0 tx=0 comp rx=0 tx=0).connect
2024-02-19T18:51:36.769 INFO:teuthology.orchestra.run.smithi162.stdout:/usr/bin/ceph: stderr
2024-02-19T18:51:35.993+0000 7f7c517fa700 1 -- 172.21.15.162:0/3773498874 <== mon.0 v2:172.21.15.162:3300/0 5 ==== osd_map(2..2 src has 1..2) v4 ==== 940+0+0 (secure 0 0 0) 0x7f7c4404c3f0 con 0x7f7c54106430
2024-02-19T18:51:36.770 INFO:teuthology.orchestra.run.smithi162.stdout:/usr/bin/ceph: stderr
2024-02-19T18:51:35.993+0000 7f7c5a262700 1 -- 172.21.15.162:0/3773498874 --> [v2:172.21.15.162:3300/0,v1:172.21.15.162:6789/0] -- mon_command({"prefix": "get_command_descriptions"} v 0) v1 -- 0x7f7c540623c0 con 0x7f7c54106430
2024-02-19T18:51:36.770 INFO:teuthology.orchestra.run.smithi162.stdout:/usr/bin/ceph: stderr
2024-02-19T18:51:35.993+0000 7f7c4affd700 1 --2- 172.21.15.162:0/3773498874 >> [v2:172.21.15.162:6800/1096002121,v1:172.21.15.162:6801/1096002121] conn(0x7f7c40038320 0x7f7c4003a7e0 unknown :-1 s=BANNER_CONNECTING pgs=0 cs=0 l=1 rev1=0 crypto rx=0 tx=0 comp rx=0 tx=0)._handle_peer_banner_payload supported=3 required=0
2024-02-19T18:51:36.770 INFO:teuthology.orchestra.run.smithi162.stdout:/usr/bin/ceph: stderr
2024-02-19T18:51:35.993+0000 7f7c4affd700 1 --2- 172.21.15.162:0/3773498874 >> [v2:172.21.15.162:6800/1096002121,v1:172.21.15.162:6801/1096002121] conn(0x7f7c40038320 0x7f7c4003a7e0 secure :-1 s=READY pgs=18 cs=0 l=1 rev1=1 crypto rx=0x7f7c3c006fd0 tx=0x7f7c3c006e40 comp rx=0 tx=0).ready entity=mgr.14118 client_cookie=0 server_cookie=0 in_seq=0 out_seq=0
2024-02-19T18:51:36.770 INFO:teuthology.orchestra.run.smithi162.stdout:/usr/bin/ceph: stderr
2024-02-19T18:51:35.998+0000 7f7c517fa700 1 -- 172.21.15.162:0/3773498874 <== mon.0 v2:172.21.15.162:3300/0 6 ==== mon_command_ack([{"prefix": "get_command_descriptions"}]=0 v0) v1 ==== 72+0+180422 (secure 0 0 0) 0x7f7c44010970 con 0x7f7c54106430
2024-02-19T18:51:36.770 INFO:teuthology.orchestra.run.smithi162.stdout:/usr/bin/ceph: stderr
2024-02-19T18:51:36.199+0000 7f7c5a262700 1 -- 172.21.15.162:0/3773498874 --> [v2:172.21.15.162:6800/1096002121,v1:172.21.15.162:6801/1096002121] -- mgr_command(tid 0: {"prefix": "orch apply", "service_type": "node-exporter", "target": ["mon-mgr", ""]}) v1 -- 0x7f7c54103ce0 con 0x7f7c40038320
2024-02-19T18:51:36.770 INFO:teuthology.orchestra.run.smithi162.stdout:/usr/bin/ceph: stderr
2024-02-19T18:51:36.204+0000 7f7c517fa700 1 -- 172.21.15.162:0/3773498874 <== mgr.14118 v2:172.21.15.162:6800/1096002121 1 ==== mgr_command_reply(tid 0: 0 ) v1 ==== 8+0+34 (secure 0 0 0) 0x7f7c54103ce0 con 0x7f7c40038320
2024-02-19T18:51:36.770 INFO:teuthology.orchestra.run.smithi162.stdout:/usr/bin/ceph: stderr
2024-02-19T18:51:36.206+0000 7f7c5a262700 1 -- 172.21.15.162:0/3773498874 >> [v2:172.21.15.162:6800/1096002121,v1:172.21.15.162:6801/1096002121] conn(0x7f7c40038320 msgr2=0x7f7c4003a7e0 secure :-1 s=STATE_CONNECTION_ESTABLISHED l=1).mark_down
2024-02-19T18:51:36.770 INFO:teuthology.orchestra.run.smithi162.stdout:/usr/bin/ceph: stderr
2024-02-19T18:51:36.206+0000 7f7c5a262700 1 --2- 172.21.15.162:0/3773498874 >> [v2:172.21.15.162:6800/1096002121,v1:172.21.15.162:6801/1096002121] conn(0x7f7c40038320 0x7f7c4003a7e0 secure :-1 s=READY pgs=18 cs=0 l=1 rev1=1 crypto rx=0x7f7c3c006fd0 tx=0x7f7c3c006e40 comp rx=0 tx=0).stop
2024-02-19T18:51:36.770 INFO:teuthology.orchestra.run.smithi162.stdout:/usr/bin/ceph: stderr
2024-02-19T18:51:36.206+0000 7f7c5a262700 1 -- 172.21.15.162:0/3773498874 >> [v2:172.21.15.162:3300/0,v1:172.21.15.162:6789/0] conn(0x7f7c54106430 msgr2=0x7f7c5419a170 secure :-1 s=STATE_CONNECTION_ESTABLISHED l=1).mark_down
2024-02-19T18:51:36.770 INFO:teuthology.orchestra.run.smithi162.stdout:/usr/bin/ceph: stderr
2024-02-19T18:51:36.206+0000 7f7c5a262700 1 --2- 172.21.15.162:0/3773498874 >> [v2:172.21.15.162:3300/0,v1:172.21.15.162:6789/0] conn(0x7f7c54106430 0x7f7c5419a170 secure :-1 s=READY pgs=58 cs=0 l=1 rev1=1 crypto rx=0x7f7c44011670 tx=0x7f7c44011b50 comp rx=0 tx=0).stop
2024-02-19T18:51:36.770 INFO:teuthology.orchestra.run.smithi162.stdout:/usr/bin/ceph: stderr
2024-02-19T18:51:36.206+0000 7f7c5a262700 1 -- 172.21.15.162:0/3773498874 shutdown_connections
2024-02-19T18:51:36.770 INFO:teuthology.orchestra.run.smithi162.stdout:/usr/bin/ceph: stderr
2024-02-19T18:51:36.206+0000 7f7c5a262700 1 --2- 172.21.15.162:0/3773498874 >> [v2:172.21.15.162:6800/1096002121,v1:172.21.15.162:6801/1096002121] conn(0x7f7c40038320 0x7f7c4003a7e0 unknown :-1 s=CLOSED pgs=18 cs=0 l=1 rev1=1 crypto rx=0 tx=0 comp rx=0 tx=0).stop
2024-02-19T18:51:36.770 INFO:teuthology.orchestra.run.smithi162.stdout:/usr/bin/ceph: stderr
2024-02-19T18:51:36.206+0000 7f7c5a262700 1 --2- 172.21.15.162:0/3773498874 >> [v2:172.21.15.162:3300/0,v1:172.21.15.162:6789/0] conn(0x7f7c54106430 0x7f7c5419a170 unknown :-1 s=CLOSED pgs=58 cs=0 l=1 rev1=1 crypto rx=0 tx=0 comp rx=0 tx=0).stop
2024-02-19T18:51:36.770 INFO:teuthology.orchestra.run.smithi162.stdout:/usr/bin/ceph: stderr
2024-02-19T18:51:36.206+0000 7f7c5a262700 1 -- 172.21.15.162:0/3773498874 >> 172.21.15.162:0/3773498874 conn(0x7f7c541019b0 msgr2=0x7f7c541030c0 unknown :-1 s=STATE_NONE l=0).mark_down
2024-02-19T18:51:36.771 INFO:teuthology.orchestra.run.smithi162.stdout:/usr/bin/ceph: stderr
2024-02-19T18:51:36.206+0000 7f7c5a262700 1 -- 172.21.15.162:0/3773498874 shutdown_connections
2024-02-19T18:51:36.771 INFO:teuthology.orchestra.run.smithi162.stdout:/usr/bin/ceph: stderr
2024-02-19T18:51:36.206+0000 7f7c5a262700 1 -- 172.21.15.162:0/3773498874 wait complete.
2024-02-19T18:51:36.771 INFO:teuthology.orchestra.run.smithi162.stdout:Deploying alertmanager service with default placement...
2024-02-19T18:51:37.399 INFO:journalctl@ceph.mon.smithi162.smithi162.stdout:Feb 19 18:51:37 smithi162 ceph-mon[29131]: from='client.14152 -' entity='client.admin' cmd=[{"prefix": "orch apply", "service_type": "node-exporter", "target": ["mon-mgr", ""]}]: dispatch
2024-02-19T18:51:37.399 INFO:journalctl@ceph.mon.smithi162.smithi162.stdout:Feb 19 18:51:37 smithi162 ceph-mon[29131]: Saving service node-exporter spec with placement *
2024-02-19T18:51:37.399 INFO:journalctl@ceph.mon.smithi162.smithi162.stdout:Feb 19 18:51:37 smithi162 ceph-mon[29131]: from='mgr.14118 172.21.15.162:0/1836171993' entity='mgr.smithi162.tnfmix'
2024-02-19T18:51:38.020 INFO:teuthology.orchestra.run.smithi162.stdout:/usr/bin/ceph: stdout Scheduled alertmanager update...
2024-02-19T18:51:38.020 INFO:teuthology.orchestra.run.smithi162.stdout:/usr/bin/ceph: stderr
2024-02-19T18:51:37.171+0000 7f6edc8ee700 1 Processor -- start
2024-02-19T18:51:38.021 INFO:teuthology.orchestra.run.smithi162.stdout:/usr/bin/ceph: stderr
2024-02-19T18:51:37.171+0000 7f6edc8ee700 1 -- start start
2024-02-19T18:51:38.021 INFO:teuthology.orchestra.run.smithi162.stdout:/usr/bin/ceph: stderr
2024-02-19T18:51:37.172+0000 7f6edc8ee700 1 --2- >> [v2:172.21.15.162:3300/0,v1:172.21.15.162:6789/0] conn(0x7f6ed8105340 0x7f6ed8105760 unknown :-1 s=NONE pgs=0 cs=0 l=0 rev1=0 crypto rx=0 tx=0 comp rx=0 tx=0).connect
2024-02-19T18:51:38.021 INFO:teuthology.orchestra.run.smithi162.stdout:/usr/bin/ceph: stderr
2024-02-19T18:51:37.172+0000 7f6edc8ee700 1 -- --> [v2:172.21.15.162:3300/0,v1:172.21.15.162:6789/0] -- mon_getmap magic: 0 v1 -- 0x7f6ed8105d30 con 0x7f6ed8105340
2024-02-19T18:51:38.021 INFO:teuthology.orchestra.run.smithi162.stdout:/usr/bin/ceph: stderr
2024-02-19T18:51:37.172+0000 7f6ed659c700 1 --2- >> [v2:172.21.15.162:3300/0,v1:172.21.15.162:6789/0] conn(0x7f6ed8105340 0x7f6ed8105760 unknown :-1 s=BANNER_CONNECTING pgs=0 cs=0 l=0 rev1=0 crypto rx=0 tx=0 comp rx=0 tx=0)._handle_peer_banner_payload supported=3 required=0
2024-02-19T18:51:38.021 INFO:teuthology.orchestra.run.smithi162.stdout:/usr/bin/ceph: stderr
2024-02-19T18:51:37.172+0000 7f6ed659c700 1 --2- >> [v2:172.21.15.162:3300/0,v1:172.21.15.162:6789/0] conn(0x7f6ed8105340 0x7f6ed8105760 unknown :-1 s=HELLO_CONNECTING pgs=0 cs=0 l=0 rev1=1 crypto rx=0 tx=0 comp rx=0 tx=0).handle_hello peer v2:172.21.15.162:3300/0 says I am v2:172.21.15.162:49686/0 (socket says 172.21.15.162:49686)
2024-02-19T18:51:38.021 INFO:teuthology.orchestra.run.smithi162.stdout:/usr/bin/ceph: stderr
2024-02-19T18:51:37.172+0000 7f6ed659c700 1 -- 172.21.15.162:0/3619085759 learned_addr learned my addr 172.21.15.162:0/3619085759 (peer_addr_for_me v2:172.21.15.162:0/0)
2024-02-19T18:51:38.021 INFO:teuthology.orchestra.run.smithi162.stdout:/usr/bin/ceph: stderr
2024-02-19T18:51:37.172+0000 7f6ed659c700 1 -- 172.21.15.162:0/3619085759 --> [v2:172.21.15.162:3300/0,v1:172.21.15.162:6789/0] -- mon_subscribe({config=0+,monmap=0+}) v3 -- 0x7f6ed8106540 con 0x7f6ed8105340
2024-02-19T18:51:38.021 INFO:teuthology.orchestra.run.smithi162.stdout:/usr/bin/ceph: stderr
2024-02-19T18:51:37.172+0000 7f6ed659c700 1 --2- 172.21.15.162:0/3619085759 >> [v2:172.21.15.162:3300/0,v1:172.21.15.162:6789/0] conn(0x7f6ed8105340 0x7f6ed8105760 secure :-1 s=READY pgs=59 cs=0 l=1 rev1=1 crypto rx=0x7f6ec80098a0 tx=0x7f6ec8009bb0 comp rx=0 tx=0).ready entity=mon.0 client_cookie=3abf78b3f61dbf97 server_cookie=0 in_seq=0 out_seq=0
2024-02-19T18:51:38.021 INFO:teuthology.orchestra.run.smithi162.stdout:/usr/bin/ceph: stderr
2024-02-19T18:51:37.172+0000 7f6ed559a700 1 -- 172.21.15.162:0/3619085759 <== mon.0 v2:172.21.15.162:3300/0 1 ==== mon_map magic: 0 v1 ==== 229+0+0 (secure 0 0 0) 0x7f6ec8004180 con 0x7f6ed8105340
2024-02-19T18:51:38.021 INFO:teuthology.orchestra.run.smithi162.stdout:/usr/bin/ceph: stderr
2024-02-19T18:51:37.173+0000 7f6ed559a700 1 -- 172.21.15.162:0/3619085759 <== mon.0 v2:172.21.15.162:3300/0 2 ==== config(27 keys) v1 ==== 1101+0+0 (secure 0 0 0) 0x7f6ec80042e0 con 0x7f6ed8105340
2024-02-19T18:51:38.021 INFO:teuthology.orchestra.run.smithi162.stdout:/usr/bin/ceph: stderr
2024-02-19T18:51:37.173+0000 7f6ed559a700 1 -- 172.21.15.162:0/3619085759 <== mon.0 v2:172.21.15.162:3300/0 3 ==== mon_map magic: 0 v1 ==== 229+0+0 (secure 0 0 0) 0x7f6ec8011af0 con 0x7f6ed8105340
2024-02-19T18:51:38.021 INFO:teuthology.orchestra.run.smithi162.stdout:/usr/bin/ceph: stderr
2024-02-19T18:51:37.173+0000 7f6edc8ee700 1 -- 172.21.15.162:0/3619085759 >> [v2:172.21.15.162:3300/0,v1:172.21.15.162:6789/0] conn(0x7f6ed8105340 msgr2=0x7f6ed8105760 secure :-1 s=STATE_CONNECTION_ESTABLISHED l=1).mark_down
2024-02-19T18:51:38.022 INFO:teuthology.orchestra.run.smithi162.stdout:/usr/bin/ceph: stderr
2024-02-19T18:51:37.173+0000 7f6edc8ee700 1 --2- 172.21.15.162:0/3619085759 >> [v2:172.21.15.162:3300/0,v1:172.21.15.162:6789/0] conn(0x7f6ed8105340 0x7f6ed8105760 secure :-1 s=READY pgs=59 cs=0 l=1 rev1=1 crypto rx=0x7f6ec80098a0 tx=0x7f6ec8009bb0 comp rx=0 tx=0).stop
2024-02-19T18:51:38.022 INFO:teuthology.orchestra.run.smithi162.stdout:/usr/bin/ceph: stderr
2024-02-19T18:51:37.173+0000 7f6edc8ee700 1 -- 172.21.15.162:0/3619085759 shutdown_connections
2024-02-19T18:51:38.022 INFO:teuthology.orchestra.run.smithi162.stdout:/usr/bin/ceph: stderr
