2024-02-19T18:51:29.005+0000 7f262ca72700 1 --2- 172.21.15.88:0/1672189260 >> [v2:172.21.15.88:3300/0,v1:172.21.15.88:6789/0] conn(0x7f2628105e70 0x7f2628106280 secure :-1 s=READY pgs=65 cs=0 l=1 rev1=1 crypto rx=0x7f2620009e80 tx=0x7f262000b330 comp rx=0 tx=0).stop
2024-02-19T18:51:29.819 INFO:teuthology.orchestra.run.smithi088.stdout:/usr/bin/ceph: stderr
2024-02-19T18:51:29.005+0000 7f262ca72700 1 -- 172.21.15.88:0/1672189260 shutdown_connections
2024-02-19T18:51:29.819 INFO:teuthology.orchestra.run.smithi088.stdout:/usr/bin/ceph: stderr
2024-02-19T18:51:29.005+0000 7f262ca72700 1 --2- 172.21.15.88:0/1672189260 >> [v2:172.21.15.88:3300/0,v1:172.21.15.88:6789/0] conn(0x7f2628105e70 0x7f2628106280 unknown :-1 s=CLOSED pgs=65 cs=0 l=1 rev1=1 crypto rx=0 tx=0 comp rx=0 tx=0).stop
2024-02-19T18:51:29.820 INFO:teuthology.orchestra.run.smithi088.stdout:/usr/bin/ceph: stderr
2024-02-19T18:51:29.005+0000 7f262ca72700 1 -- 172.21.15.88:0/1672189260 >> 172.21.15.88:0/1672189260 conn(0x7f26280ff670 msgr2=0x7f2628101ac0 unknown :-1 s=STATE_NONE l=0).mark_down
2024-02-19T18:51:29.820 INFO:teuthology.orchestra.run.smithi088.stdout:/usr/bin/ceph: stderr
2024-02-19T18:51:29.005+0000 7f262ca72700 1 -- 172.21.15.88:0/1672189260 shutdown_connections
2024-02-19T18:51:29.820 INFO:teuthology.orchestra.run.smithi088.stdout:/usr/bin/ceph: stderr
2024-02-19T18:51:29.005+0000 7f262ca72700 1 -- 172.21.15.88:0/1672189260 wait complete.
2024-02-19T18:51:29.820 INFO:teuthology.orchestra.run.smithi088.stdout:/usr/bin/ceph: stderr
2024-02-19T18:51:29.006+0000 7f262ca72700 1 Processor -- start
2024-02-19T18:51:29.820 INFO:teuthology.orchestra.run.smithi088.stdout:/usr/bin/ceph: stderr
2024-02-19T18:51:29.006+0000 7f262ca72700 1 -- start start
2024-02-19T18:51:29.820 INFO:teuthology.orchestra.run.smithi088.stdout:/usr/bin/ceph: stderr
2024-02-19T18:51:29.006+0000 7f262ca72700 1 --2- >> [v2:172.21.15.88:3300/0,v1:172.21.15.88:6789/0] conn(0x7f2628105e70 0x7f2628197570 unknown :-1 s=NONE pgs=0 cs=0 l=1 rev1=0 crypto rx=0 tx=0 comp rx=0 tx=0).connect
2024-02-19T18:51:29.820 INFO:teuthology.orchestra.run.smithi088.stdout:/usr/bin/ceph: stderr
2024-02-19T18:51:29.006+0000 7f262ca72700 1 -- --> [v2:172.21.15.88:3300/0,v1:172.21.15.88:6789/0] -- mon_getmap magic: 0 v1 -- 0x7f2628197ab0 con 0x7f2628105e70
2024-02-19T18:51:29.820 INFO:teuthology.orchestra.run.smithi088.stdout:/usr/bin/ceph: stderr
2024-02-19T18:51:29.006+0000 7f262659c700 1 --2- >> [v2:172.21.15.88:3300/0,v1:172.21.15.88:6789/0] conn(0x7f2628105e70 0x7f2628197570 unknown :-1 s=BANNER_CONNECTING pgs=0 cs=0 l=1 rev1=0 crypto rx=0 tx=0 comp rx=0 tx=0)._handle_peer_banner_payload supported=3 required=0
2024-02-19T18:51:29.821 INFO:teuthology.orchestra.run.smithi088.stdout:/usr/bin/ceph: stderr
2024-02-19T18:51:29.006+0000 7f262659c700 1 --2- >> [v2:172.21.15.88:3300/0,v1:172.21.15.88:6789/0] conn(0x7f2628105e70 0x7f2628197570 unknown :-1 s=HELLO_CONNECTING pgs=0 cs=0 l=1 rev1=1 crypto rx=0 tx=0 comp rx=0 tx=0).handle_hello peer v2:172.21.15.88:3300/0 says I am v2:172.21.15.88:50788/0 (socket says 172.21.15.88:50788)
2024-02-19T18:51:29.821 INFO:teuthology.orchestra.run.smithi088.stdout:/usr/bin/ceph: stderr
2024-02-19T18:51:29.006+0000 7f262659c700 1 -- 172.21.15.88:0/2184680148 learned_addr learned my addr 172.21.15.88:0/2184680148 (peer_addr_for_me v2:172.21.15.88:0/0)
2024-02-19T18:51:29.821 INFO:teuthology.orchestra.run.smithi088.stdout:/usr/bin/ceph: stderr
2024-02-19T18:51:29.007+0000 7f262659c700 1 -- 172.21.15.88:0/2184680148 --> [v2:172.21.15.88:3300/0,v1:172.21.15.88:6789/0] -- mon_subscribe({config=0+,monmap=0+}) v3 -- 0x7f2620009b30 con 0x7f2628105e70
2024-02-19T18:51:29.821 INFO:teuthology.orchestra.run.smithi088.stdout:/usr/bin/ceph: stderr
2024-02-19T18:51:29.007+0000 7f262659c700 1 --2- 172.21.15.88:0/2184680148 >> [v2:172.21.15.88:3300/0,v1:172.21.15.88:6789/0] conn(0x7f2628105e70 0x7f2628197570 secure :-1 s=READY pgs=66 cs=0 l=1 rev1=1 crypto rx=0x7f2620009e50 tx=0x7f2620003d00 comp rx=0 tx=0).ready entity=mon.0 client_cookie=0 server_cookie=0 in_seq=0 out_seq=0
2024-02-19T18:51:29.821 INFO:teuthology.orchestra.run.smithi088.stdout:/usr/bin/ceph: stderr
2024-02-19T18:51:29.007+0000 7f26177fe700 1 -- 172.21.15.88:0/2184680148 <== mon.0 v2:172.21.15.88:3300/0 1 ==== mon_map magic: 0 v1 ==== 229+0+0 (secure 0 0 0) 0x7f262000e040 con 0x7f2628105e70
2024-02-19T18:51:29.821 INFO:teuthology.orchestra.run.smithi088.stdout:/usr/bin/ceph: stderr
2024-02-19T18:51:29.007+0000 7f262ca72700 1 -- 172.21.15.88:0/2184680148 --> [v2:172.21.15.88:3300/0,v1:172.21.15.88:6789/0] -- mon_subscribe({mgrmap=0+}) v3 -- 0x7f2628197cb0 con 0x7f2628105e70
2024-02-19T18:51:29.821 INFO:teuthology.orchestra.run.smithi088.stdout:/usr/bin/ceph: stderr
2024-02-19T18:51:29.007+0000 7f26177fe700 1 -- 172.21.15.88:0/2184680148 <== mon.0 v2:172.21.15.88:3300/0 2 ==== config(27 keys) v1 ==== 1101+0+0 (secure 0 0 0) 0x7f262000bc40 con 0x7f2628105e70
2024-02-19T18:51:29.821 INFO:teuthology.orchestra.run.smithi088.stdout:/usr/bin/ceph: stderr
2024-02-19T18:51:29.007+0000 7f26177fe700 1 -- 172.21.15.88:0/2184680148 <== mon.0 v2:172.21.15.88:3300/0 3 ==== mon_map magic: 0 v1 ==== 229+0+0 (secure 0 0 0) 0x7f26200125e0 con 0x7f2628105e70
2024-02-19T18:51:29.822 INFO:teuthology.orchestra.run.smithi088.stdout:/usr/bin/ceph: stderr
2024-02-19T18:51:29.007+0000 7f262ca72700 1 -- 172.21.15.88:0/2184680148 --> [v2:172.21.15.88:3300/0,v1:172.21.15.88:6789/0] -- mon_subscribe({osdmap=0}) v3 -- 0x7f26281981b0 con 0x7f2628105e70
2024-02-19T18:51:29.822 INFO:teuthology.orchestra.run.smithi088.stdout:/usr/bin/ceph: stderr
2024-02-19T18:51:29.008+0000 7f26177fe700 1 -- 172.21.15.88:0/2184680148 <== mon.0 v2:172.21.15.88:3300/0 4 ==== mgrmap(e 8) v1 ==== 45084+0+0 (secure 0 0 0) 0x7f2620019040 con 0x7f2628105e70
2024-02-19T18:51:29.822 INFO:teuthology.orchestra.run.smithi088.stdout:/usr/bin/ceph: stderr
2024-02-19T18:51:29.008+0000 7f26177fe700 1 --2- 172.21.15.88:0/2184680148 >> [v2:172.21.15.88:6800/3414266099,v1:172.21.15.88:6801/3414266099] conn(0x7f261003a5b0 0x7f261003ca60 unknown :-1 s=NONE pgs=0 cs=0 l=1 rev1=0 crypto rx=0 tx=0 comp rx=0 tx=0).connect
2024-02-19T18:51:29.822 INFO:teuthology.orchestra.run.smithi088.stdout:/usr/bin/ceph: stderr
2024-02-19T18:51:29.008+0000 7f26177fe700 1 -- 172.21.15.88:0/2184680148 <== mon.0 v2:172.21.15.88:3300/0 5 ==== osd_map(2..2 src has 1..2) v4 ==== 940+0+0 (secure 0 0 0) 0x7f262004bd90 con 0x7f2628105e70
2024-02-19T18:51:29.822 INFO:teuthology.orchestra.run.smithi088.stdout:/usr/bin/ceph: stderr
2024-02-19T18:51:29.008+0000 7f262ca72700 1 -- 172.21.15.88:0/2184680148 --> [v2:172.21.15.88:3300/0,v1:172.21.15.88:6789/0] -- mon_command({"prefix": "get_command_descriptions"} v 0) v1 -- 0x7f2628191210 con 0x7f2628105e70
2024-02-19T18:51:29.822 INFO:teuthology.orchestra.run.smithi088.stdout:/usr/bin/ceph: stderr
2024-02-19T18:51:29.008+0000 7f2625d9b700 1 --2- 172.21.15.88:0/2184680148 >> [v2:172.21.15.88:6800/3414266099,v1:172.21.15.88:6801/3414266099] conn(0x7f261003a5b0 0x7f261003ca60 unknown :-1 s=BANNER_CONNECTING pgs=0 cs=0 l=1 rev1=0 crypto rx=0 tx=0 comp rx=0 tx=0)._handle_peer_banner_payload supported=3 required=0
2024-02-19T18:51:29.822 INFO:teuthology.orchestra.run.smithi088.stdout:/usr/bin/ceph: stderr
2024-02-19T18:51:29.008+0000 7f2625d9b700 1 --2- 172.21.15.88:0/2184680148 >> [v2:172.21.15.88:6800/3414266099,v1:172.21.15.88:6801/3414266099] conn(0x7f261003a5b0 0x7f261003ca60 secure :-1 s=READY pgs=21 cs=0 l=1 rev1=1 crypto rx=0x7f261c006fd0 tx=0x7f261c006e40 comp rx=0 tx=0).ready entity=mgr.14120 client_cookie=0 server_cookie=0 in_seq=0 out_seq=0
2024-02-19T18:51:29.822 INFO:teuthology.orchestra.run.smithi088.stdout:/usr/bin/ceph: stderr
2024-02-19T18:51:29.013+0000 7f26177fe700 1 -- 172.21.15.88:0/2184680148 <== mon.0 v2:172.21.15.88:3300/0 6 ==== mon_command_ack([{"prefix": "get_command_descriptions"}]=0 v0) v1 ==== 72+0+177933 (secure 0 0 0) 0x7f262001f080 con 0x7f2628105e70
2024-02-19T18:51:29.823 INFO:teuthology.orchestra.run.smithi088.stdout:/usr/bin/ceph: stderr
2024-02-19T18:51:29.202+0000 7f262ca72700 1 -- 172.21.15.88:0/2184680148 --> [v2:172.21.15.88:3300/0,v1:172.21.15.88:6789/0] -- mon_command([{prefix=config set, name=mgr/dashboard/ssl_server_port}] v 0) v1 -- 0x7f2628061960 con 0x7f2628105e70
2024-02-19T18:51:29.823 INFO:teuthology.orchestra.run.smithi088.stdout:/usr/bin/ceph: stderr
2024-02-19T18:51:29.206+0000 7f26177fe700 1 -- 172.21.15.88:0/2184680148 <== mon.0 v2:172.21.15.88:3300/0 7 ==== mon_command_ack([{prefix=config set, name=mgr/dashboard/ssl_server_port}]=0 v8)=0 v8) v1 ==== 130+0+0 (secure 0 0 0) 0x7f262004a0c0 con 0x7f2628105e70
2024-02-19T18:51:29.823 INFO:teuthology.orchestra.run.smithi088.stdout:/usr/bin/ceph: stderr
2024-02-19T18:51:29.208+0000 7f262ca72700 1 -- 172.21.15.88:0/2184680148 >> [v2:172.21.15.88:6800/3414266099,v1:172.21.15.88:6801/3414266099] conn(0x7f261003a5b0 msgr2=0x7f261003ca60 secure :-1 s=STATE_CONNECTION_ESTABLISHED l=1).mark_down
2024-02-19T18:51:29.823 INFO:teuthology.orchestra.run.smithi088.stdout:/usr/bin/ceph: stderr
2024-02-19T18:51:29.208+0000 7f262ca72700 1 --2- 172.21.15.88:0/2184680148 >> [v2:172.21.15.88:6800/3414266099,v1:172.21.15.88:6801/3414266099] conn(0x7f261003a5b0 0x7f261003ca60 secure :-1 s=READY pgs=21 cs=0 l=1 rev1=1 crypto rx=0x7f261c006fd0 tx=0x7f261c006e40 comp rx=0 tx=0).stop
2024-02-19T18:51:29.823 INFO:teuthology.orchestra.run.smithi088.stdout:/usr/bin/ceph: stderr
2024-02-19T18:51:29.208+0000 7f262ca72700 1 -- 172.21.15.88:0/2184680148 >> [v2:172.21.15.88:3300/0,v1:172.21.15.88:6789/0] conn(0x7f2628105e70 msgr2=0x7f2628197570 secure :-1 s=STATE_CONNECTION_ESTABLISHED l=1).mark_down
2024-02-19T18:51:29.823 INFO:teuthology.orchestra.run.smithi088.stdout:/usr/bin/ceph: stderr
2024-02-19T18:51:29.208+0000 7f262ca72700 1 --2- 172.21.15.88:0/2184680148 >> [v2:172.21.15.88:3300/0,v1:172.21.15.88:6789/0] conn(0x7f2628105e70 0x7f2628197570 secure :-1 s=READY pgs=66 cs=0 l=1 rev1=1 crypto rx=0x7f2620009e50 tx=0x7f2620003d00 comp rx=0 tx=0).stop
2024-02-19T18:51:29.824 INFO:teuthology.orchestra.run.smithi088.stdout:/usr/bin/ceph: stderr
2024-02-19T18:51:29.208+0000 7f262ca72700 1 -- 172.21.15.88:0/2184680148 shutdown_connections
2024-02-19T18:51:29.824 INFO:teuthology.orchestra.run.smithi088.stdout:/usr/bin/ceph: stderr
2024-02-19T18:51:29.208+0000 7f262ca72700 1 --2- 172.21.15.88:0/2184680148 >> [v2:172.21.15.88:6800/3414266099,v1:172.21.15.88:6801/3414266099] conn(0x7f261003a5b0 0x7f261003ca60 unknown :-1 s=CLOSED pgs=21 cs=0 l=1 rev1=1 crypto rx=0 tx=0 comp rx=0 tx=0).stop
2024-02-19T18:51:29.824 INFO:teuthology.orchestra.run.smithi088.stdout:/usr/bin/ceph: stderr
2024-02-19T18:51:29.208+0000 7f262ca72700 1 --2- 172.21.15.88:0/2184680148 >> [v2:172.21.15.88:3300/0,v1:172.21.15.88:6789/0] conn(0x7f2628105e70 0x7f2628197570 unknown :-1 s=CLOSED pgs=66 cs=0 l=1 rev1=1 crypto rx=0 tx=0 comp rx=0 tx=0).stop
2024-02-19T18:51:29.824 INFO:teuthology.orchestra.run.smithi088.stdout:/usr/bin/ceph: stderr
2024-02-19T18:51:29.208+0000 7f262ca72700 1 -- 172.21.15.88:0/2184680148 >> 172.21.15.88:0/2184680148 conn(0x7f26280ff670 msgr2=0x7f262818e350 unknown :-1 s=STATE_NONE l=0).mark_down
2024-02-19T18:51:29.824 INFO:teuthology.orchestra.run.smithi088.stdout:/usr/bin/ceph: stderr
2024-02-19T18:51:29.208+0000 7f262ca72700 1 -- 172.21.15.88:0/2184680148 shutdown_connections
2024-02-19T18:51:29.824 INFO:teuthology.orchestra.run.smithi088.stdout:/usr/bin/ceph: stderr
2024-02-19T18:51:29.208+0000 7f262ca72700 1 -- 172.21.15.88:0/2184680148 wait complete.
2024-02-19T18:51:29.824 INFO:teuthology.orchestra.run.smithi088.stdout:Enabling the dashboard module...
2024-02-19T18:51:30.485 INFO:journalctl@ceph.mon.smithi088.smithi088.stdout:Feb 19 18:51:30 smithi088 ceph-mon[29272]: from='client.? 172.21.15.88:0/2184680148' entity='client.admin'
2024-02-19T18:51:30.485 INFO:journalctl@ceph.mon.smithi088.smithi088.stdout:Feb 19 18:51:30 smithi088 ceph-mon[29272]: pgmap v5: 0 pgs: ; 0 B data, 0 B used, 0 B / 0 B avail
2024-02-19T18:51:31.552 INFO:journalctl@ceph.mon.smithi088.smithi088.stdout:Feb 19 18:51:31 smithi088 ceph-mon[29272]: from='client.? 172.21.15.88:0/2762337994' entity='client.admin' cmd=[{"prefix": "mgr module enable", "module": "dashboard"}]: dispatch
2024-02-19T18:51:31.893 INFO:teuthology.orchestra.run.smithi088.stdout:/usr/bin/ceph: stderr
2024-02-19T18:51:30.216+0000 7fa542dc2700 1 Processor -- start
2024-02-19T18:51:31.893 INFO:teuthology.orchestra.run.smithi088.stdout:/usr/bin/ceph: stderr
2024-02-19T18:51:30.216+0000 7fa542dc2700 1 -- start start
2024-02-19T18:51:31.893 INFO:teuthology.orchestra.run.smithi088.stdout:/usr/bin/ceph: stderr
2024-02-19T18:51:30.216+0000 7fa542dc2700 1 --2- >> [v2:172.21.15.88:3300/0,v1:172.21.15.88:6789/0] conn(0x7fa53c1048e0 0x7fa53c104cf0 unknown :-1 s=NONE pgs=0 cs=0 l=0 rev1=0 crypto rx=0 tx=0 comp rx=0 tx=0).connect
2024-02-19T18:51:31.894 INFO:teuthology.orchestra.run.smithi088.stdout:/usr/bin/ceph: stderr
2024-02-19T18:51:30.216+0000 7fa542dc2700 1 -- --> [v2:172.21.15.88:3300/0,v1:172.21.15.88:6789/0] -- mon_getmap magic: 0 v1 -- 0x7fa53c105230 con 0x7fa53c1048e0
2024-02-19T18:51:31.894 INFO:teuthology.orchestra.run.smithi088.stdout:/usr/bin/ceph: stderr
2024-02-19T18:51:30.216+0000 7fa540b5e700 1 --2- >> [v2:172.21.15.88:3300/0,v1:172.21.15.88:6789/0] conn(0x7fa53c1048e0 0x7fa53c104cf0 unknown :-1 s=BANNER_CONNECTING pgs=0 cs=0 l=0 rev1=0 crypto rx=0 tx=0 comp rx=0 tx=0)._handle_peer_banner_payload supported=3 required=0
2024-02-19T18:51:31.894 INFO:teuthology.orchestra.run.smithi088.stdout:/usr/bin/ceph: stderr
2024-02-19T18:51:30.216+0000 7fa540b5e700 1 --2- >> [v2:172.21.15.88:3300/0,v1:172.21.15.88:6789/0] conn(0x7fa53c1048e0 0x7fa53c104cf0 unknown :-1 s=HELLO_CONNECTING pgs=0 cs=0 l=0 rev1=1 crypto rx=0 tx=0 comp rx=0 tx=0).handle_hello peer v2:172.21.15.88:3300/0 says I am v2:172.21.15.88:50804/0 (socket says 172.21.15.88:50804)
2024-02-19T18:51:31.894 INFO:teuthology.orchestra.run.smithi088.stdout:/usr/bin/ceph: stderr
2024-02-19T18:51:30.216+0000 7fa540b5e700 1 -- 172.21.15.88:0/2724621229 learned_addr learned my addr 172.21.15.88:0/2724621229 (peer_addr_for_me v2:172.21.15.88:0/0)
2024-02-19T18:51:31.894 INFO:teuthology.orchestra.run.smithi088.stdout:/usr/bin/ceph: stderr
2024-02-19T18:51:30.216+0000 7fa540b5e700 1 -- 172.21.15.88:0/2724621229 --> [v2:172.21.15.88:3300/0,v1:172.21.15.88:6789/0] -- mon_subscribe({config=0+,monmap=0+}) v3 -- 0x7fa53c105370 con 0x7fa53c1048e0
2024-02-19T18:51:31.894 INFO:teuthology.orchestra.run.smithi088.stdout:/usr/bin/ceph: stderr
2024-02-19T18:51:30.216+0000 7fa540b5e700 1 --2- 172.21.15.88:0/2724621229 >> [v2:172.21.15.88:3300/0,v1:172.21.15.88:6789/0] conn(0x7fa53c1048e0 0x7fa53c104cf0 secure :-1 s=READY pgs=67 cs=0 l=1 rev1=1 crypto rx=0x7fa5300098a0 tx=0x7fa530009bb0 comp rx=0 tx=0).ready entity=mon.0 client_cookie=9ee65cb0d007ccb3 server_cookie=0 in_seq=0 out_seq=0
2024-02-19T18:51:31.894 INFO:teuthology.orchestra.run.smithi088.stdout:/usr/bin/ceph: stderr
2024-02-19T18:51:30.217+0000 7fa53b7fe700 1 -- 172.21.15.88:0/2724621229 <== mon.0 v2:172.21.15.88:3300/0 1 ==== mon_map magic: 0 v1 ==== 229+0+0 (secure 0 0 0) 0x7fa530004180 con 0x7fa53c1048e0
2024-02-19T18:51:31.894 INFO:teuthology.orchestra.run.smithi088.stdout:/usr/bin/ceph: stderr
2024-02-19T18:51:30.217+0000 7fa53b7fe700 1 -- 172.21.15.88:0/2724621229 <== mon.0 v2:172.21.15.88:3300/0 2 ==== config(27 keys) v1 ==== 1101+0+0 (secure 0 0 0) 0x7fa5300042e0 con 0x7fa53c1048e0
2024-02-19T18:51:31.894 INFO:teuthology.orchestra.run.smithi088.stdout:/usr/bin/ceph: stderr
2024-02-19T18:51:30.217+0000 7fa53b7fe700 1 -- 172.21.15.88:0/2724621229 <== mon.0 v2:172.21.15.88:3300/0 3 ==== mon_map magic: 0 v1 ==== 229+0+0 (secure 0 0 0) 0x7fa530011af0 con 0x7fa53c1048e0
2024-02-19T18:51:31.894 INFO:teuthology.orchestra.run.smithi088.stdout:/usr/bin/ceph: stderr
2024-02-19T18:51:30.217+0000 7fa542dc2700 1 -- 172.21.15.88:0/2724621229 >> [v2:172.21.15.88:3300/0,v1:172.21.15.88:6789/0] conn(0x7fa53c1048e0 msgr2=0x7fa53c104cf0 secure :-1 s=STATE_CONNECTION_ESTABLISHED l=1).mark_down
2024-02-19T18:51:31.894 INFO:teuthology.orchestra.run.smithi088.stdout:/usr/bin/ceph: stderr
2024-02-19T18:51:30.217+0000 7fa542dc2700 1 --2- 172.21.15.88:0/2724621229 >> [v2:172.21.15.88:3300/0,v1:172.21.15.88:6789/0] conn(0x7fa53c1048e0 0x7fa53c104cf0 secure :-1 s=READY pgs=67 cs=0 l=1 rev1=1 crypto rx=0x7fa5300098a0 tx=0x7fa530009bb0 comp rx=0 tx=0).stop
2024-02-19T18:51:31.894 INFO:teuthology.orchestra.run.smithi088.stdout:/usr/bin/ceph: stderr
2024-02-19T18:51:30.217+0000 7fa542dc2700 1 -- 172.21.15.88:0/2724621229 shutdown_connections
2024-02-19T18:51:31.894 INFO:teuthology.orchestra.run.smithi088.stdout:/usr/bin/ceph: stderr
2024-02-19T18:51:30.217+0000 7fa542dc2700 1 --2- 172.21.15.88:0/2724621229 >> [v2:172.21.15.88:3300/0,v1:172.21.15.88:6789/0] conn(0x7fa53c1048e0 0x7fa53c104cf0 unknown :-1 s=CLOSED pgs=67 cs=0 l=1 rev1=1 crypto rx=0 tx=0 comp rx=0 tx=0).stop
2024-02-19T18:51:31.895 INFO:teuthology.orchestra.run.smithi088.stdout:/usr/bin/ceph: stderr
2024-02-19T18:51:30.217+0000 7fa542dc2700 1 -- 172.21.15.88:0/2724621229 >> 172.21.15.88:0/2724621229 conn(0x7fa53c0fff10 msgr2=0x7fa53c102360 unknown :-1 s=STATE_NONE l=0).mark_down
2024-02-19T18:51:31.895 INFO:teuthology.orchestra.run.smithi088.stdout:/usr/bin/ceph: stderr
2024-02-19T18:51:30.217+0000 7fa542dc2700 1 -- 172.21.15.88:0/2724621229 shutdown_connections
2024-02-19T18:51:31.895 INFO:teuthology.orchestra.run.smithi088.stdout:/usr/bin/ceph: stderr
2024-02-19T18:51:30.217+0000 7fa542dc2700 1 -- 172.21.15.88:0/2724621229 wait complete.
2024-02-19T18:51:31.895 INFO:teuthology.orchestra.run.smithi088.stdout:/usr/bin/ceph: stderr
2024-02-19T18:51:30.218+0000 7fa542dc2700 1 Processor -- start
2024-02-19T18:51:31.895 INFO:teuthology.orchestra.run.smithi088.stdout:/usr/bin/ceph: stderr
2024-02-19T18:51:30.218+0000 7fa542dc2700 1 -- start start
2024-02-19T18:51:31.895 INFO:teuthology.orchestra.run.smithi088.stdout:/usr/bin/ceph: stderr
2024-02-19T18:51:30.218+0000 7fa542dc2700 1 --2- >> [v2:172.21.15.88:3300/0,v1:172.21.15.88:6789/0] conn(0x7fa53c1048e0 0x7fa53c18fac0 unknown :-1 s=NONE pgs=0 cs=0 l=1 rev1=0 crypto rx=0 tx=0 comp rx=0 tx=0).connect
2024-02-19T18:51:31.895 INFO:teuthology.orchestra.run.smithi088.stdout:/usr/bin/ceph: stderr
2024-02-19T18:51:30.218+0000 7fa542dc2700 1 -- --> [v2:172.21.15.88:3300/0,v1:172.21.15.88:6789/0] -- mon_getmap magic: 0 v1 -- 0x7fa53c190000 con 0x7fa53c1048e0
2024-02-19T18:51:31.895 INFO:teuthology.orchestra.run.smithi088.stdout:/usr/bin/ceph: stderr
2024-02-19T18:51:30.218+0000 7fa540b5e700 1 --2- >> [v2:172.21.15.88:3300/0,v1:172.21.15.88:6789/0] conn(0x7fa53c1048e0 0x7fa53c18fac0 unknown :-1 s=BANNER_CONNECTING pgs=0 cs=0 l=1 rev1=0 crypto rx=0 tx=0 comp rx=0 tx=0)._handle_peer_banner_payload supported=3 required=0
2024-02-19T18:51:31.895 INFO:teuthology.orchestra.run.smithi088.stdout:/usr/bin/ceph: stderr
2024-02-19T18:51:30.218+0000 7fa540b5e700 1 --2- >> [v2:172.21.15.88:3300/0,v1:172.21.15.88:6789/0] conn(0x7fa53c1048e0 0x7fa53c18fac0 unknown :-1 s=HELLO_CONNECTING pgs=0 cs=0 l=1 rev1=1 crypto rx=0 tx=0 comp rx=0 tx=0).handle_hello peer v2:172.21.15.88:3300/0 says I am v2:172.21.15.88:50812/0 (socket says 172.21.15.88:50812)
2024-02-19T18:51:31.895 INFO:teuthology.orchestra.run.smithi088.stdout:/usr/bin/ceph: stderr
2024-02-19T18:51:30.218+0000 7fa540b5e700 1 -- 172.21.15.88:0/2762337994 learned_addr learned my addr 172.21.15.88:0/2762337994 (peer_addr_for_me v2:172.21.15.88:0/0)
2024-02-19T18:51:31.895 INFO:teuthology.orchestra.run.smithi088.stdout:/usr/bin/ceph: stderr
2024-02-19T18:51:30.218+0000 7fa540b5e700 1 -- 172.21.15.88:0/2762337994 --> [v2:172.21.15.88:3300/0,v1:172.21.15.88:6789/0] -- mon_subscribe({config=0+,monmap=0+}) v3 -- 0x7fa530009550 con 0x7fa53c1048e0
2024-02-19T18:51:31.895 INFO:teuthology.orchestra.run.smithi088.stdout:/usr/bin/ceph: stderr
2024-02-19T18:51:30.218+0000 7fa540b5e700 1 --2- 172.21.15.88:0/2762337994 >> [v2:172.21.15.88:3300/0,v1:172.21.15.88:6789/0] conn(0x7fa53c1048e0 0x7fa53c18fac0 secure :-1 s=READY pgs=68 cs=0 l=1 rev1=1 crypto rx=0x7fa530011670 tx=0x7fa530011b50 comp rx=0 tx=0).ready entity=mon.0 client_cookie=0 server_cookie=0 in_seq=0 out_seq=0
2024-02-19T18:51:31.895 INFO:teuthology.orchestra.run.smithi088.stdout:/usr/bin/ceph: stderr
2024-02-19T18:51:30.219+0000 7fa539ffb700 1 -- 172.21.15.88:0/2762337994 <== mon.0 v2:172.21.15.88:3300/0 1 ==== mon_map magic: 0 v1 ==== 229+0+0 (secure 0 0 0) 0x7fa530003a40 con 0x7fa53c1048e0
2024-02-19T18:51:31.896 INFO:teuthology.orchestra.run.smithi088.stdout:/usr/bin/ceph: stderr
2024-02-19T18:51:30.219+0000 7fa539ffb700 1 -- 172.21.15.88:0/2762337994 <== mon.0 v2:172.21.15.88:3300/0 2 ==== config(27 keys) v1 ==== 1101+0+0 (secure 0 0 0) 0x7fa530003ba0 con 0x7fa53c1048e0
2024-02-19T18:51:31.896 INFO:teuthology.orchestra.run.smithi088.stdout:/usr/bin/ceph: stderr
2024-02-19T18:51:30.219+0000 7fa542dc2700 1 -- 172.21.15.88:0/2762337994 --> [v2:172.21.15.88:3300/0,v1:172.21.15.88:6789/0] -- mon_subscribe({mgrmap=0+}) v3 -- 0x7fa53c18e110 con 0x7fa53c1048e0
2024-02-19T18:51:31.896 INFO:teuthology.orchestra.run.smithi088.stdout:/usr/bin/ceph: stderr
2024-02-19T18:51:30.219+0000 7fa539ffb700 1 -- 172.21.15.88:0/2762337994 <== mon.0 v2:172.21.15.88:3300/0 3 ==== mon_map magic: 0 v1 ==== 229+0+0 (secure 0 0 0) 0x7fa530024790 con 0x7fa53c1048e0
2024-02-19T18:51:31.896 INFO:teuthology.orchestra.run.smithi088.stdout:/usr/bin/ceph: stderr
2024-02-19T18:51:30.219+0000 7fa542dc2700 1 -- 172.21.15.88:0/2762337994 --> [v2:172.21.15.88:3300/0,v1:172.21.15.88:6789/0] -- mon_subscribe({osdmap=0}) v3 -- 0x7fa53c18e5b0 con 0x7fa53c1048e0
2024-02-19T18:51:31.896 INFO:teuthology.orchestra.run.smithi088.stdout:/usr/bin/ceph: stderr
2024-02-19T18:51:30.220+0000 7fa539ffb700 1 -- 172.21.15.88:0/2762337994 <== mon.0 v2:172.21.15.88:3300/0 4 ==== mgrmap(e 8) v1 ==== 45084+0+0 (secure 0 0 0) 0x7fa53002d3f0 con 0x7fa53c1048e0
2024-02-19T18:51:31.896 INFO:teuthology.orchestra.run.smithi088.stdout:/usr/bin/ceph: stderr
2024-02-19T18:51:30.220+0000 7fa542dc2700 1 -- 172.21.15.88:0/2762337994 --> [v2:172.21.15.88:3300/0,v1:172.21.15.88:6789/0] -- mon_command({"prefix": "get_command_descriptions"} v 0) v1 -- 0x7fa53c062380 con 0x7fa53c1048e0
2024-02-19T18:51:31.896 INFO:teuthology.orchestra.run.smithi088.stdout:/usr/bin/ceph: stderr
2024-02-19T18:51:30.220+0000 7fa539ffb700 1 --2- 172.21.15.88:0/2762337994 >> [v2:172.21.15.88:6800/3414266099,v1:172.21.15.88:6801/3414266099] conn(0x7fa52c038440 0x7fa52c03a8f0 unknown :-1 s=NONE pgs=0 cs=0 l=1 rev1=0 crypto rx=0 tx=0 comp rx=0 tx=0).connect
2024-02-19T18:51:31.896 INFO:teuthology.orchestra.run.smithi088.stdout:/usr/bin/ceph: stderr
2024-02-19T18:51:30.220+0000 7fa539ffb700 1 -- 172.21.15.88:0/2762337994 <== mon.0 v2:172.21.15.88:3300/0 5 ==== osd_map(2..2 src has 1..2) v4 ==== 940+0+0 (secure 0 0 0) 0x7fa53004c670 con 0x7fa53c1048e0
2024-02-19T18:51:31.896 INFO:teuthology.orchestra.run.smithi088.stdout:/usr/bin/ceph: stderr
2024-02-19T18:51:30.220+0000 7fa53bfff700 1 --2- 172.21.15.88:0/2762337994 >> [v2:172.21.15.88:6800/3414266099,v1:172.21.15.88:6801/3414266099] conn(0x7fa52c038440 0x7fa52c03a8f0 unknown :-1 s=BANNER_CONNECTING pgs=0 cs=0 l=1 rev1=0 crypto rx=0 tx=0 comp rx=0 tx=0)._handle_peer_banner_payload supported=3 required=0
2024-02-19T18:51:31.896 INFO:teuthology.orchestra.run.smithi088.stdout:/usr/bin/ceph: stderr
2024-02-19T18:51:30.220+0000 7fa53bfff700 1 --2- 172.21.15.88:0/2762337994 >> [v2:172.21.15.88:6800/3414266099,v1:172.21.15.88:6801/3414266099] conn(0x7fa52c038440 0x7fa52c03a8f0 secure :-1 s=READY pgs=22 cs=0 l=1 rev1=1 crypto rx=0x7fa528006fd0 tx=0x7fa528006e40 comp rx=0 tx=0).ready entity=mgr.14120 client_cookie=0 server_cookie=0 in_seq=0 out_seq=0
2024-02-19T18:51:31.896 INFO:teuthology.orchestra.run.smithi088.stdout:/usr/bin/ceph: stderr
2024-02-19T18:51:30.225+0000 7fa539ffb700 1 -- 172.21.15.88:0/2762337994 <== mon.0 v2:172.21.15.88:3300/0 6 ==== mon_command_ack([{"prefix": "get_command_descriptions"}]=0 v0) v1 ==== 72+0+177933 (secure 0 0 0) 0x7fa530018b00 con 0x7fa53c1048e0
2024-02-19T18:51:31.896 INFO:teuthology.orchestra.run.smithi088.stdout:/usr/bin/ceph: stderr
2024-02-19T18:51:30.469+0000 7fa542dc2700 1 -- 172.21.15.88:0/2762337994 --> [v2:172.21.15.88:3300/0,v1:172.21.15.88:6789/0] -- mon_command({"prefix": "mgr module enable", "module": "dashboard"} v 0) v1 -- 0x7fa53c1067e0 con 0x7fa53c1048e0
2024-02-19T18:51:31.897 INFO:teuthology.orchestra.run.smithi088.stdout:/usr/bin/ceph: stderr
2024-02-19T18:51:31.220+0000 7fa539ffb700 1 -- 172.21.15.88:0/2762337994 <== mon.0 v2:172.21.15.88:3300/0 7 ==== mgrmap(e 9) v1 ==== 45097+0+0 (secure 0 0 0) 0x7fa53002d8d0 con 0x7fa53c1048e0
2024-02-19T18:51:31.897 INFO:teuthology.orchestra.run.smithi088.stdout:/usr/bin/ceph: stderr
2024-02-19T18:51:31.221+0000 7fa539ffb700 1 -- 172.21.15.88:0/2762337994 <== mon.0 v2:172.21.15.88:3300/0 8 ==== mon_command_ack([{"prefix": "mgr module enable", "module": "dashboard"}]=0 v9) v1 ==== 88+0+0 (secure 0 0 0) 0x7fa53001ac50 con 0x7fa53c1048e0
2024-02-19T18:51:31.897 INFO:teuthology.orchestra.run.smithi088.stdout:/usr/bin/ceph: stderr
2024-02-19T18:51:31.225+0000 7fa542dc2700 1 -- 172.21.15.88:0/2762337994 >> [v2:172.21.15.88:6800/3414266099,v1:172.21.15.88:6801/3414266099] conn(0x7fa52c038440 msgr2=0x7fa52c03a8f0 secure :-1 s=STATE_CONNECTION_ESTABLISHED l=1).mark_down
2024-02-19T18:51:31.897 INFO:teuthology.orchestra.run.smithi088.stdout:/usr/bin/ceph: stderr
2024-02-19T18:51:31.225+0000 7fa542dc2700 1 --2- 172.21.15.88:0/2762337994 >> [v2:172.21.15.88:6800/3414266099,v1:172.21.15.88:6801/3414266099] conn(0x7fa52c038440 0x7fa52c03a8f0 secure :-1 s=READY pgs=22 cs=0 l=1 rev1=1 crypto rx=0x7fa528006fd0 tx=0x7fa528006e40 comp rx=0 tx=0).stop
2024-02-19T18:51:31.897 INFO:teuthology.orchestra.run.smithi088.stdout:/usr/bin/ceph: stderr
2024-02-19T18:51:31.225+0000 7fa542dc2700 1 -- 172.21.15.88:0/2762337994 >> [v2:172.21.15.88:3300/0,v1:172.21.15.88:6789/0] conn(0x7fa53c1048e0 msgr2=0x7fa53c18fac0 secure :-1 s=STATE_CONNECTION_ESTABLISHED l=1).mark_down
2024-02-19T18:51:31.897 INFO:teuthology.orchestra.run.smithi088.stdout:/usr/bin/ceph: stderr
2024-02-19T18:51:31.225+0000 7fa542dc2700 1 --2- 172.21.15.88:0/2762337994 >> [v2:172.21.15.88:3300/0,v1:172.21.15.88:6789/0] conn(0x7fa53c1048e0 0x7fa53c18fac0 secure :-1 s=READY pgs=68 cs=0 l=1 rev1=1 crypto rx=0x7fa530011670 tx=0x7fa530011b50 comp rx=0 tx=0).stop
2024-02-19T18:51:31.897 INFO:teuthology.orchestra.run.smithi088.stdout:/usr/bin/ceph: stderr
2024-02-19T18:51:31.225+0000 7fa542dc2700 1 -- 172.21.15.88:0/2762337994 shutdown_connections
2024-02-19T18:51:31.897 INFO:teuthology.orchestra.run.smithi088.stdout:/usr/bin/ceph: stderr
2024-02-19T18:51:31.225+0000 7fa542dc2700 1 --2- 172.21.15.88:0/2762337994 >> [v2:172.21.15.88:6800/3414266099,v1:172.21.15.88:6801/3414266099] conn(0x7fa52c038440 0x7fa52c03a8f0 unknown :-1 s=CLOSED pgs=22 cs=0 l=1 rev1=1 crypto rx=0 tx=0 comp rx=0 tx=0).stop
2024-02-19T18:51:31.897 INFO:teuthology.orchestra.run.smithi088.stdout:/usr/bin/ceph: stderr
2024-02-19T18:51:31.225+0000 7fa542dc2700 1 --2- 172.21.15.88:0/2762337994 >> [v2:172.21.15.88:3300/0,v1:172.21.15.88:6789/0] conn(0x7fa53c1048e0 0x7fa53c18fac0 unknown :-1 s=CLOSED pgs=68 cs=0 l=1 rev1=1 crypto rx=0 tx=0 comp rx=0 tx=0).stop
2024-02-19T18:51:31.897 INFO:teuthology.orchestra.run.smithi088.stdout:/usr/bin/ceph: stderr
2024-02-19T18:51:31.225+0000 7fa542dc2700 1 -- 172.21.15.88:0/2762337994 >> 172.21.15.88:0/2762337994 conn(0x7fa53c0fff10 msgr2=0x7fa53c074070 unknown :-1 s=STATE_NONE l=0).mark_down
2024-02-19T18:51:31.897 INFO:teuthology.orchestra.run.smithi088.stdout:/usr/bin/ceph: stderr
2024-02-19T18:51:31.225+0000 7fa542dc2700 1 -- 172.21.15.88:0/2762337994 shutdown_connections
2024-02-19T18:51:31.897 INFO:teuthology.orchestra.run.smithi088.stdout:/usr/bin/ceph: stderr
2024-02-19T18:51:31.225+0000 7fa542dc2700 1 -- 172.21.15.88:0/2762337994 wait complete.
2024-02-19T18:51:32.519 INFO:journalctl@ceph.mon.smithi088.smithi088.stdout:Feb 19 18:51:32 smithi088 ceph-mon[29272]: from='client.? 172.21.15.88:0/2762337994' entity='client.admin' cmd='[{"prefix": "mgr module enable", "module": "dashboard"}]': finished
2024-02-19T18:51:32.520 INFO:journalctl@ceph.mon.smithi088.smithi088.stdout:Feb 19 18:51:32 smithi088 ceph-mon[29272]: mgrmap e9: smithi088.gyviqq(active, since 25s)
2024-02-19T18:51:33.125 INFO:teuthology.orchestra.run.smithi088.stdout:/usr/bin/ceph: stdout {
2024-02-19T18:51:33.125 INFO:teuthology.orchestra.run.smithi088.stdout:/usr/bin/ceph: stdout "epoch": 9,
2024-02-19T18:51:33.125 INFO:teuthology.orchestra.run.smithi088.stdout:/usr/bin/ceph: stdout "available": true,
2024-02-19T18:51:33.125 INFO:teuthology.orchestra.run.smithi088.stdout:/usr/bin/ceph: stdout "active_name": "smithi088.gyviqq",
2024-02-19T18:51:33.125 INFO:teuthology.orchestra.run.smithi088.stdout:/usr/bin/ceph: stdout "num_standby": 0
2024-02-19T18:51:33.125 INFO:teuthology.orchestra.run.smithi088.stdout:/usr/bin/ceph: stdout }
2024-02-19T18:51:33.125 INFO:teuthology.orchestra.run.smithi088.stdout:/usr/bin/ceph: stderr
2024-02-19T18:51:32.298+0000 7ff23e1a0700 1 Processor -- start
2024-02-19T18:51:33.125 INFO:teuthology.orchestra.run.smithi088.stdout:/usr/bin/ceph: stderr
2024-02-19T18:51:32.298+0000 7ff23e1a0700 1 -- start start
2024-02-19T18:51:33.125 INFO:teuthology.orchestra.run.smithi088.stdout:/usr/bin/ceph: stderr
2024-02-19T18:51:32.298+0000 7ff23e1a0700 1 --2- >> [v2:172.21.15.88:3300/0,v1:172.21.15.88:6789/0] conn(0x7ff2381057e0 0x7ff238105bf0 unknown :-1 s=NONE pgs=0 cs=0 l=0 rev1=0 crypto rx=0 tx=0 comp rx=0 tx=0).connect
2024-02-19T18:51:33.125 INFO:teuthology.orchestra.run.smithi088.stdout:/usr/bin/ceph: stderr
2024-02-19T18:51:32.298+0000 7ff23e1a0700 1 -- --> [v2:172.21.15.88:3300/0,v1:172.21.15.88:6789/0] -- mon_getmap magic: 0 v1 -- 0x7ff238106130 con 0x7ff2381057e0
2024-02-19T18:51:33.125 INFO:teuthology.orchestra.run.smithi088.stdout:/usr/bin/ceph: stderr
2024-02-19T18:51:32.298+0000 7ff23d19e700 1 --2- >> [v2:172.21.15.88:3300/0,v1:172.21.15.88:6789/0] conn(0x7ff2381057e0 0x7ff238105bf0 unknown :-1 s=BANNER_CONNECTING pgs=0 cs=0 l=0 rev1=0 crypto rx=0 tx=0 comp rx=0 tx=0)._handle_peer_banner_payload supported=3 required=0
2024-02-19T18:51:33.126 INFO:teuthology.orchestra.run.smithi088.stdout:/usr/bin/ceph: stderr
2024-02-19T18:51:32.298+0000 7ff23d19e700 1 --2- >> [v2:172.21.15.88:3300/0,v1:172.21.15.88:6789/0] conn(0x7ff2381057e0 0x7ff238105bf0 unknown :-1 s=HELLO_CONNECTING pgs=0 cs=0 l=0 rev1=1 crypto rx=0 tx=0 comp rx=0 tx=0).handle_hello peer v2:172.21.15.88:3300/0 says I am v2:172.21.15.88:50840/0 (socket says 172.21.15.88:50840)
2024-02-19T18:51:33.126 INFO:teuthology.orchestra.run.smithi088.stdout:/usr/bin/ceph: stderr
2024-02-19T18:51:32.298+0000 7ff23d19e700 1 -- 172.21.15.88:0/183272172 learned_addr learned my addr 172.21.15.88:0/183272172 (peer_addr_for_me v2:172.21.15.88:0/0)
2024-02-19T18:51:33.126 INFO:teuthology.orchestra.run.smithi088.stdout:/usr/bin/ceph: stderr
2024-02-19T18:51:32.299+0000 7ff23d19e700 1 -- 172.21.15.88:0/183272172 --> [v2:172.21.15.88:3300/0,v1:172.21.15.88:6789/0] -- mon_subscribe({config=0+,monmap=0+}) v3 -- 0x7ff238106270 con 0x7ff2381057e0
2024-02-19T18:51:33.126 INFO:teuthology.orchestra.run.smithi088.stdout:/usr/bin/ceph: stderr
2024-02-19T18:51:32.299+0000 7ff23d19e700 1 --2- 172.21.15.88:0/183272172 >> [v2:172.21.15.88:3300/0,v1:172.21.15.88:6789/0] conn(0x7ff2381057e0 0x7ff238105bf0 secure :-1 s=READY pgs=71 cs=0 l=1 rev1=1 crypto rx=0x7ff2340098a0 tx=0x7ff234009bb0 comp rx=0 tx=0).ready entity=mon.0 client_cookie=30942e82dea32fff server_cookie=0 in_seq=0 out_seq=0
2024-02-19T18:51:33.126 INFO:teuthology.orchestra.run.smithi088.stdout:/usr/bin/ceph: stderr
2024-02-19T18:51:32.299+0000 7ff22ffff700 1 -- 172.21.15.88:0/183272172 <== mon.0 v2:172.21.15.88:3300/0 1 ==== mon_map magic: 0 v1 ==== 229+0+0 (secure 0 0 0) 0x7ff234004180 con 0x7ff2381057e0
2024-02-19T18:51:33.126 INFO:teuthology.orchestra.run.smithi088.stdout:/usr/bin/ceph: stderr
2024-02-19T18:51:32.299+0000 7ff22ffff700 1 -- 172.21.15.88:0/183272172 <== mon.0 v2:172.21.15.88:3300/0 2 ==== config(27 keys) v1 ==== 1101+0+0 (secure 0 0 0) 0x7ff2340042e0 con 0x7ff2381057e0
2024-02-19T18:51:33.126 INFO:teuthology.orchestra.run.smithi088.stdout:/usr/bin/ceph: stderr
2024-02-19T18:51:32.299+0000 7ff22ffff700 1 -- 172.21.15.88:0/183272172 <== mon.0 v2:172.21.15.88:3300/0 3 ==== mon_map magic: 0 v1 ==== 229+0+0 (secure 0 0 0) 0x7ff234011af0 con 0x7ff2381057e0
2024-02-19T18:51:33.126 INFO:teuthology.orchestra.run.smithi088.stdout:/usr/bin/ceph: stderr
2024-02-19T18:51:32.300+0000 7ff23e1a0700 1 -- 172.21.15.88:0/183272172 >> [v2:172.21.15.88:3300/0,v1:172.21.15.88:6789/0] conn(0x7ff2381057e0 msgr2=0x7ff238105bf0 secure :-1 s=STATE_CONNECTION_ESTABLISHED l=1).mark_down
2024-02-19T18:51:33.126 INFO:teuthology.orchestra.run.smithi088.stdout:/usr/bin/ceph: stderr
2024-02-19T18:51:32.300+0000 7ff23e1a0700 1 --2- 172.21.15.88:0/183272172 >> [v2:172.21.15.88:3300/0,v1:172.21.15.88:6789/0] conn(0x7ff2381057e0 0x7ff238105bf0 secure :-1 s=READY pgs=71 cs=0 l=1 rev1=1 crypto rx=0x7ff2340098a0 tx=0x7ff234009bb0 comp rx=0 tx=0).stop
2024-02-19T18:51:33.126 INFO:teuthology.orchestra.run.smithi088.stdout:/usr/bin/ceph: stderr
2024-02-19T18:51:32.300+0000 7ff23e1a0700 1 -- 172.21.15.88:0/183272172 shutdown_connections
2024-02-19T18:51:33.126 INFO:teuthology.orchestra.run.smithi088.stdout:/usr/bin/ceph: stderr
2024-02-19T18:51:32.300+0000 7ff23e1a0700 1 --2- 172.21.15.88:0/183272172 >> [v2:172.21.15.88:3300/0,v1:172.21.15.88:6789/0] conn(0x7ff2381057e0 0x7ff238105bf0 unknown :-1 s=CLOSED pgs=71 cs=0 l=1 rev1=1 crypto rx=0 tx=0 comp rx=0 tx=0).stop
2024-02-19T18:51:33.126 INFO:teuthology.orchestra.run.smithi088.stdout:/usr/bin/ceph: stderr
2024-02-19T18:51:32.300+0000 7ff23e1a0700 1 -- 172.21.15.88:0/183272172 >> 172.21.15.88:0/183272172 conn(0x7ff238100e30 msgr2=0x7ff238103260 unknown :-1 s=STATE_NONE l=0).mark_down
2024-02-19T18:51:33.126 INFO:teuthology.orchestra.run.smithi088.stdout:/usr/bin/ceph: stderr
2024-02-19T18:51:32.300+0000 7ff23e1a0700 1 -- 172.21.15.88:0/183272172 shutdown_connections
2024-02-19T18:51:33.126 INFO:teuthology.orchestra.run.smithi088.stdout:/usr/bin/ceph: stderr
2024-02-19T18:51:32.300+0000 7ff23e1a0700 1 -- 172.21.15.88:0/183272172 wait complete.
2024-02-19T18:51:33.127 INFO:teuthology.orchestra.run.smithi088.stdout:/usr/bin/ceph: stderr
2024-02-19T18:51:32.300+0000 7ff23e1a0700 1 Processor -- start
2024-02-19T18:51:33.127 INFO:teuthology.orchestra.run.smithi088.stdout:/usr/bin/ceph: stderr
2024-02-19T18:51:32.301+0000 7ff23e1a0700 1 -- start start
2024-02-19T18:51:33.127 INFO:teuthology.orchestra.run.smithi088.stdout:/usr/bin/ceph: stderr
2024-02-19T18:51:32.301+0000 7ff23e1a0700 1 --2- >> [v2:172.21.15.88:3300/0,v1:172.21.15.88:6789/0] conn(0x7ff2381057e0 0x7ff2381994d0 unknown :-1 s=NONE pgs=0 cs=0 l=1 rev1=0 crypto rx=0 tx=0 comp rx=0 tx=0).connect
2024-02-19T18:51:33.127 INFO:teuthology.orchestra.run.smithi088.stdout:/usr/bin/ceph: stderr
2024-02-19T18:51:32.301+0000 7ff23e1a0700 1 -- --> [v2:172.21.15.88:3300/0,v1:172.21.15.88:6789/0] -- mon_getmap magic: 0 v1 -- 0x7ff238199a10 con 0x7ff2381057e0
2024-02-19T18:51:33.127 INFO:teuthology.orchestra.run.smithi088.stdout:/usr/bin/ceph: stderr
2024-02-19T18:51:32.301+0000 7ff23d19e700 1 --2- >> [v2:172.21.15.88:3300/0,v1:172.21.15.88:6789/0] conn(0x7ff2381057e0 0x7ff2381994d0 unknown :-1 s=BANNER_CONNECTING pgs=0 cs=0 l=1 rev1=0 crypto rx=0 tx=0 comp rx=0 tx=0)._handle_peer_banner_payload supported=3 required=0
2024-02-19T18:51:33.127 INFO:teuthology.orchestra.run.smithi088.stdout:/usr/bin/ceph: stderr
2024-02-19T18:51:32.301+0000 7ff23d19e700 1 --2- >> [v2:172.21.15.88:3300/0,v1:172.21.15.88:6789/0] conn(0x7ff2381057e0 0x7ff2381994d0 unknown :-1 s=HELLO_CONNECTING pgs=0 cs=0 l=1 rev1=1 crypto rx=0 tx=0 comp rx=0 tx=0).handle_hello peer v2:172.21.15.88:3300/0 says I am v2:172.21.15.88:50842/0 (socket says 172.21.15.88:50842)
2024-02-19T18:51:33.127 INFO:teuthology.orchestra.run.smithi088.stdout:/usr/bin/ceph: stderr
2024-02-19T18:51:32.301+0000 7ff23d19e700 1 -- 172.21.15.88:0/1659995518 learned_addr learned my addr 172.21.15.88:0/1659995518 (peer_addr_for_me v2:172.21.15.88:0/0)
2024-02-19T18:51:33.127 INFO:teuthology.orchestra.run.smithi088.stdout:/usr/bin/ceph: stderr
2024-02-19T18:51:32.301+0000 7ff23d19e700 1 -- 172.21.15.88:0/1659995518 --> [v2:172.21.15.88:3300/0,v1:172.21.15.88:6789/0] -- mon_subscribe({config=0+,monmap=0+}) v3 -- 0x7ff234009550 con 0x7ff2381057e0
2024-02-19T18:51:33.127 INFO:teuthology.orchestra.run.smithi088.stdout:/usr/bin/ceph: stderr
2024-02-19T18:51:32.301+0000 7ff23d19e700 1 --2- 172.21.15.88:0/1659995518 >> [v2:172.21.15.88:3300/0,v1:172.21.15.88:6789/0] conn(0x7ff2381057e0 0x7ff2381994d0 secure :-1 s=READY pgs=72 cs=0 l=1 rev1=1 crypto rx=0x7ff234006ba0 tx=0x7ff234011b50 comp rx=0 tx=0).ready entity=mon.0 client_cookie=0 server_cookie=0 in_seq=0 out_seq=0
2024-02-19T18:51:33.127 INFO:teuthology.orchestra.run.smithi088.stdout:/usr/bin/ceph: stderr
2024-02-19T18:51:32.301+0000 7ff22e7fc700 1 -- 172.21.15.88:0/1659995518 <== mon.0 v2:172.21.15.88:3300/0 1 ==== mon_map magic: 0 v1 ==== 229+0+0 (secure 0 0 0) 0x7ff234003b00 con 0x7ff2381057e0
2024-02-19T18:51:33.127 INFO:teuthology.orchestra.run.smithi088.stdout:/usr/bin/ceph: stderr
2024-02-19T18:51:32.301+0000 7ff22e7fc700 1 -- 172.21.15.88:0/1659995518 <== mon.0 v2:172.21.15.88:3300/0 2 ==== config(27 keys) v1 ==== 1101+0+0 (secure 0 0 0) 0x7ff23401a8e0 con 0x7ff2381057e0
2024-02-19T18:51:33.127 INFO:teuthology.orchestra.run.smithi088.stdout:/usr/bin/ceph: stderr
2024-02-19T18:51:32.301+0000 7ff22e7fc700 1 -- 172.21.15.88:0/1659995518 <== mon.0 v2:172.21.15.88:3300/0 3 ==== mon_map magic: 0 v1 ==== 229+0+0 (secure 0 0 0) 0x7ff2340199c0 con 0x7ff2381057e0
2024-02-19T18:51:33.127 INFO:teuthology.orchestra.run.smithi088.stdout:/usr/bin/ceph: stderr
2024-02-19T18:51:32.301+0000 7ff23e1a0700 1 -- 172.21.15.88:0/1659995518 --> [v2:172.21.15.88:3300/0,v1:172.21.15.88:6789/0] -- mon_subscribe({mgrmap=0+}) v3 -- 0x7ff238199c10 con 0x7ff2381057e0
2024-02-19T18:51:33.127 INFO:teuthology.orchestra.run.smithi088.stdout:/usr/bin/ceph: stderr
2024-02-19T18:51:32.302+0000 7ff23e1a0700 1 -- 172.21.15.88:0/1659995518 --> [v2:172.21.15.88:3300/0,v1:172.21.15.88:6789/0] -- mon_subscribe({osdmap=0}) v3 -- 0x7ff23819a0b0 con 0x7ff2381057e0
2024-02-19T18:51:33.127 INFO:teuthology.orchestra.run.smithi088.stdout:/usr/bin/ceph: stderr
2024-02-19T18:51:32.302+0000 7ff22e7fc700 1 -- 172.21.15.88:0/1659995518 <== mon.0 v2:172.21.15.88:3300/0 4 ==== mgrmap(e 9) v1 ==== 45097+0+0 (secure 0 0 0) 0x7ff234019c30 con 0x7ff2381057e0
2024-02-19T18:51:33.128 INFO:teuthology.orchestra.run.smithi088.stdout:/usr/bin/ceph: stderr
2024-02-19T18:51:32.303+0000 7ff22e7fc700 1 --2- 172.21.15.88:0/1659995518 >> [v2:172.21.15.88:6800/3414266099,v1:172.21.15.88:6801/3414266099] conn(0x7ff224038440 0x7ff22403a8f0 unknown :-1 s=NONE pgs=0 cs=0 l=1 rev1=0 crypto rx=0 tx=0 comp rx=0 tx=0).connect
2024-02-19T18:51:33.128 INFO:teuthology.orchestra.run.smithi088.stdout:/usr/bin/ceph: stderr
2024-02-19T18:51:32.303+0000 7ff23e1a0700 1 -- 172.21.15.88:0/1659995518 --> [v2:172.21.15.88:3300/0,v1:172.21.15.88:6789/0] -- mon_command({"prefix": "get_command_descriptions"} v 0) v1 -- 0x7ff238062380 con 0x7ff2381057e0
2024-02-19T18:51:33.128 INFO:teuthology.orchestra.run.smithi088.stdout:/usr/bin/ceph: stderr
2024-02-19T18:51:32.303+0000 7ff22e7fc700 1 -- 172.21.15.88:0/1659995518 <== mon.0 v2:172.21.15.88:3300/0 5 ==== osd_map(2..2 src has 1..2) v4 ==== 940+0+0 (secure 0 0 0) 0x7ff23404c630 con 0x7ff2381057e0
2024-02-19T18:51:33.128 INFO:teuthology.orchestra.run.smithi088.stdout:/usr/bin/ceph: stderr
2024-02-19T18:51:32.303+0000 7ff23c99d700 1 -- 172.21.15.88:0/1659995518 >> [v2:172.21.15.88:6800/3414266099,v1:172.21.15.88:6801/3414266099] conn(0x7ff224038440 msgr2=0x7ff22403a8f0 unknown :-1 s=STATE_CONNECTING_RE l=1).process reconnect failed to v2:172.21.15.88:6800/3414266099
2024-02-19T18:51:33.128 INFO:teuthology.orchestra.run.smithi088.stdout:/usr/bin/ceph: stderr
2024-02-19T18:51:32.303+0000 7ff23c99d700 1 --2- 172.21.15.88:0/1659995518 >> [v2:172.21.15.88:6800/3414266099,v1:172.21.15.88:6801/3414266099] conn(0x7ff224038440 0x7ff22403a8f0 unknown :-1 s=START_CONNECT pgs=0 cs=0 l=1 rev1=0 crypto rx=0 tx=0 comp rx=0 tx=0)._fault waiting 0.200000
2024-02-19T18:51:33.128 INFO:teuthology.orchestra.run.smithi088.stdout:/usr/bin/ceph: stderr
2024-02-19T18:51:32.308+0000 7ff22e7fc700 1 -- 172.21.15.88:0/1659995518 <== mon.0 v2:172.21.15.88:3300/0 6 ==== mon_command_ack([{"prefix": "get_command_descriptions"}]=0 v0) v1 ==== 72+0+177933 (secure 0 0 0) 0x7ff23402d440 con 0x7ff2381057e0
2024-02-19T18:51:33.128 INFO:teuthology.orchestra.run.smithi088.stdout:/usr/bin/ceph: stderr
2024-02-19T18:51:32.504+0000 7ff23c99d700 1 -- 172.21.15.88:0/1659995518 >> [v2:172.21.15.88:6800/3414266099,v1:172.21.15.88:6801/3414266099] conn(0x7ff224038440 msgr2=0x7ff22403a8f0 unknown :-1 s=STATE_CONNECTING_RE l=1).process reconnect failed to v2:172.21.15.88:6800/3414266099
2024-02-19T18:51:33.128 INFO:teuthology.orchestra.run.smithi088.stdout:/usr/bin/ceph: stderr
2024-02-19T18:51:32.504+0000 7ff23c99d700 1 --2- 172.21.15.88:0/1659995518 >> [v2:172.21.15.88:6800/3414266099,v1:172.21.15.88:6801/3414266099] conn(0x7ff224038440 0x7ff22403a8f0 unknown :-1 s=START_CONNECT pgs=0 cs=0 l=1 rev1=0 crypto rx=0 tx=0 comp rx=0 tx=0)._fault waiting 0.400000
2024-02-19T18:51:33.128 INFO:teuthology.orchestra.run.smithi088.stdout:/usr/bin/ceph: stderr
2024-02-19T18:51:32.559+0000 7ff23e1a0700 1 -- 172.21.15.88:0/1659995518 --> [v2:172.21.15.88:3300/0,v1:172.21.15.88:6789/0] -- mon_command({"prefix": "mgr stat"} v 0) v1 -- 0x7ff23819d240 con 0x7ff2381057e0
2024-02-19T18:51:33.128 INFO:teuthology.orchestra.run.smithi088.stdout:/usr/bin/ceph: stderr
2024-02-19T18:51:32.559+0000 7ff22e7fc700 1 -- 172.21.15.88:0/1659995518 <== mon.0 v2:172.21.15.88:3300/0 7 ==== mon_command_ack([{"prefix": "mgr stat"}]=0 v9) v1 ==== 56+0+103 (secure 0 0 0) 0x7ff23402b340 con 0x7ff2381057e0
2024-02-19T18:51:33.128 INFO:teuthology.orchestra.run.smithi088.stdout:/usr/bin/ceph: stderr
2024-02-19T18:51:32.561+0000 7ff23e1a0700 1 -- 172.21.15.88:0/1659995518 >> [v2:172.21.15.88:6800/3414266099,v1:172.21.15.88:6801/3414266099] conn(0x7ff224038440 msgr2=0x7ff22403a8f0 unknown :-1 s=STATE_CONNECTING l=1).mark_down
2024-02-19T18:51:33.128 INFO:teuthology.orchestra.run.smithi088.stdout:/usr/bin/ceph: stderr
2024-02-19T18:51:32.561+0000 7ff23e1a0700 1 --2- 172.21.15.88:0/1659995518 >> [v2:172.21.15.88:6800/3414266099,v1:172.21.15.88:6801/3414266099] conn(0x7ff224038440 0x7ff22403a8f0 unknown :-1 s=START_CONNECT pgs=0 cs=0 l=1 rev1=0 crypto rx=0 tx=0 comp rx=0 tx=0).stop
2024-02-19T18:51:33.129 INFO:teuthology.orchestra.run.smithi088.stdout:/usr/bin/ceph: stderr
2024-02-19T18:51:32.561+0000 7ff23e1a0700 1 -- 172.21.15.88:0/1659995518 >> [v2:172.21.15.88:3300/0,v1:172.21.15.88:6789/0] conn(0x7ff2381057e0 msgr2=0x7ff2381994d0 secure :-1 s=STATE_CONNECTION_ESTABLISHED l=1).mark_down
2024-02-19T18:51:33.129 INFO:teuthology.orchestra.run.smithi088.stdout:/usr/bin/ceph: stderr
2024-02-19T18:51:32.561+0000 7ff23e1a0700 1 --2- 172.21.15.88:0/1659995518 >> [v2:172.21.15.88:3300/0,v1:172.21.15.88:6789/0] conn(0x7ff2381057e0 0x7ff2381994d0 secure :-1 s=READY pgs=72 cs=0 l=1 rev1=1 crypto rx=0x7ff234006ba0 tx=0x7ff234011b50 comp rx=0 tx=0).stop
2024-02-19T18:51:33.129 INFO:teuthology.orchestra.run.smithi088.stdout:/usr/bin/ceph: stderr
2024-02-19T18:51:32.561+0000 7ff23e1a0700 1 -- 172.21.15.88:0/1659995518 shutdown_connections
2024-02-19T18:51:33.129 INFO:teuthology.orchestra.run.smithi088.stdout:/usr/bin/ceph: stderr
2024-02-19T18:51:32.561+0000 7ff23e1a0700 1 --2- 172.21.15.88:0/1659995518 >> [v2:172.21.15.88:6800/3414266099,v1:172.21.15.88:6801/3414266099] conn(0x7ff224038440 0x7ff22403a8f0 unknown :-1 s=CLOSED pgs=0 cs=0 l=1 rev1=0 crypto rx=0 tx=0 comp rx=0 tx=0).stop
2024-02-19T18:51:33.129 INFO:teuthology.orchestra.run.smithi088.stdout:/usr/bin/ceph: stderr
2024-02-19T18:51:32.561+0000 7ff23e1a0700 1 --2- 172.21.15.88:0/1659995518 >> [v2:172.21.15.88:3300/0,v1:172.21.15.88:6789/0] conn(0x7ff2381057e0 0x7ff2381994d0 unknown :-1 s=CLOSED pgs=72 cs=0 l=1 rev1=1 crypto rx=0 tx=0 comp rx=0 tx=0).stop
2024-02-19T18:51:33.129 INFO:teuthology.orchestra.run.smithi088.stdout:/usr/bin/ceph: stderr
2024-02-19T18:51:32.561+0000 7ff23e1a0700 1 -- 172.21.15.88:0/1659995518 >> 172.21.15.88:0/1659995518 conn(0x7ff238100e30 msgr2=0x7ff238101be0 unknown :-1 s=STATE_NONE l=0).mark_down
2024-02-19T18:51:33.129 INFO:teuthology.orchestra.run.smithi088.stdout:/usr/bin/ceph: stderr
2024-02-19T18:51:32.561+0000 7ff23e1a0700 1 -- 172.21.15.88:0/1659995518 shutdown_connections
2024-02-19T18:51:33.129 INFO:teuthology.orchestra.run.smithi088.stdout:/usr/bin/ceph: stderr
2024-02-19T18:51:32.561+0000 7ff23e1a0700 1 -- 172.21.15.88:0/1659995518 wait complete.
2024-02-19T18:51:33.129 INFO:teuthology.orchestra.run.smithi088.stdout:Waiting for the mgr to restart...
2024-02-19T18:51:33.129 INFO:teuthology.orchestra.run.smithi088.stdout:Waiting for mgr epoch 9...
2024-02-19T18:51:33.413 INFO:journalctl@ceph.mon.smithi088.smithi088.stdout:Feb 19 18:51:33 smithi088 ceph-mon[29272]: from='client.? 172.21.15.88:0/1659995518' entity='client.admin' cmd=[{"prefix": "mgr stat"}]: dispatch
2024-02-19T18:51:38.346 INFO:journalctl@ceph.mon.smithi088.smithi088.stdout:Feb 19 18:51:37 smithi088 ceph-mon[29272]: Active manager daemon smithi088.gyviqq restarted
2024-02-19T18:51:38.346 INFO:journalctl@ceph.mon.smithi088.smithi088.stdout:Feb 19 18:51:37 smithi088 ceph-mon[29272]: Activating manager daemon smithi088.gyviqq
2024-02-19T18:51:38.346 INFO:journalctl@ceph.mon.smithi088.smithi088.stdout:Feb 19 18:51:37 smithi088 ceph-mon[29272]: osdmap e3: 0 total, 0 up, 0 in
2024-02-19T18:51:38.346 INFO:journalctl@ceph.mon.smithi088.smithi088.stdout:Feb 19 18:51:37 smithi088 ceph-mon[29272]: mgrmap e10: smithi088.gyviqq(active, starting, since 0.00313183s)
2024-02-19T18:51:38.346 INFO:journalctl@ceph.mon.smithi088.smithi088.stdout:Feb 19 18:51:37 smithi088 ceph-mon[29272]: from='mgr.14164 172.21.15.88:0/1903183502' entity='mgr.smithi088.gyviqq' cmd=[{"prefix": "mon metadata", "id": "smithi088"}]: dispatch
2024-02-19T18:51:38.346 INFO:journalctl@ceph.mon.smithi088.smithi088.stdout:Feb 19 18:51:37 smithi088 ceph-mon[29272]: from='mgr.14164 172.21.15.88:0/1903183502' entity='mgr.smithi088.gyviqq' cmd=[{"prefix": "mgr metadata", "who": "smithi088.gyviqq", "id": "smithi088.gyviqq"}]: dispatch
2024-02-19T18:51:38.346 INFO:journalctl@ceph.mon.smithi088.smithi088.stdout:Feb 19 18:51:37 smithi088 ceph-mon[29272]: from='mgr.14164 172.21.15.88:0/1903183502' entity='mgr.smithi088.gyviqq' cmd=[{"prefix": "mds metadata"}]: dispatch
2024-02-19T18:51:38.346 INFO:journalctl@ceph.mon.smithi088.smithi088.stdout:Feb 19 18:51:37 smithi088 ceph-mon[29272]: from='mgr.14164 172.21.15.88:0/1903183502' entity='mgr.smithi088.gyviqq' cmd=[{"prefix": "osd metadata"}]: dispatch
2024-02-19T18:51:38.346 INFO:journalctl@ceph.mon.smithi088.smithi088.stdout:Feb 19 18:51:37 smithi088 ceph-mon[29272]: from='mgr.14164 172.21.15.88:0/1903183502' entity='mgr.smithi088.gyviqq' cmd=[{"prefix": "mon metadata"}]: dispatch
2024-02-19T18:51:38.346 INFO:journalctl@ceph.mon.smithi088.smithi088.stdout:Feb 19 18:51:37 smithi088 ceph-mon[29272]: Manager daemon smithi088.gyviqq is now available
2024-02-19T18:51:38.986 INFO:journalctl@ceph.mon.smithi088.smithi088.stdout:Feb 19 18:51:38 smithi088 ceph-mon[29272]: from='mgr.14164 172.21.15.88:0/1903183502' entity='mgr.smithi088.gyviqq' cmd=[{"prefix": "config dump", "format": "json"}]: dispatch
2024-02-19T18:51:38.986 INFO:journalctl@ceph.mon.smithi088.smithi088.stdout:Feb 19 18:51:38 smithi088 ceph-mon[29272]: from='mgr.14164 172.21.15.88:0/1903183502' entity='mgr.smithi088.gyviqq' cmd=[{"prefix": "config dump", "format": "json"}]: dispatch
2024-02-19T18:51:38.986 INFO:journalctl@ceph.mon.smithi088.smithi088.stdout:Feb 19 18:51:38 smithi088 ceph-mon[29272]: from='mgr.14164 172.21.15.88:0/1903183502' entity='mgr.smithi088.gyviqq' cmd=[{"prefix":"config rm","who":"mgr","name":"mgr/rbd_support/smithi088.gyviqq/mirror_snapshot_schedule"}]: dispatch
2024-02-19T18:51:38.986 INFO:journalctl@ceph.mon.smithi088.smithi088.stdout:Feb 19 18:51:38 smithi088 ceph-mon[29272]: from='mgr.14164 172.21.15.88:0/1903183502' entity='mgr.smithi088.gyviqq' cmd=[{"prefix":"config rm","who":"mgr","name":"mgr/rbd_support/smithi088.gyviqq/trash_purge_schedule"}]: dispatch
2024-02-19T18:51:38.986 INFO:journalctl@ceph.mon.smithi088.smithi088.stdout:Feb 19 18:51:38 smithi088 ceph-mon[29272]: [19/Feb/2024:18:51:38] ENGINE Bus STARTING
2024-02-19T18:51:38.986 INFO:journalctl@ceph.mon.smithi088.smithi088.stdout:Feb 19 18:51:38 smithi088 ceph-mon[29272]: mgrmap e11: smithi088.gyviqq(active, since 1.00558s)
2024-02-19T18:51:39.551 INFO:teuthology.orchestra.run.smithi088.stdout:/usr/bin/ceph: stdout {
2024-02-19T18:51:39.551 INFO:teuthology.orchestra.run.smithi088.stdout:/usr/bin/ceph: stdout "mgrmap_epoch": 11,
2024-02-19T18:51:39.551 INFO:teuthology.orchestra.run.smithi088.stdout:/usr/bin/ceph: stdout "initialized": true
2024-02-19T18:51:39.552 INFO:teuthology.orchestra.run.smithi088.stdout:/usr/bin/ceph: stdout }
2024-02-19T18:51:39.552 INFO:teuthology.orchestra.run.smithi088.stdout:/usr/bin/ceph: stderr
2024-02-19T18:51:33.516+0000 7f455d170700 1 Processor -- start
2024-02-19T18:51:39.552 INFO:teuthology.orchestra.run.smithi088.stdout:/usr/bin/ceph: stderr
2024-02-19T18:51:33.516+0000 7f455d170700 1 -- start start
2024-02-19T18:51:39.552 INFO:teuthology.orchestra.run.smithi088.stdout:/usr/bin/ceph: stderr
