2024-02-19T18:51:26.208 INFO:teuthology.orchestra.run.smithi088.stdout:/usr/bin/ceph: stderr
2024-02-19T18:51:25.394+0000 7f8bcce05700 1 -- 172.21.15.88:0/1602290873 <== mon.0 v2:172.21.15.88:3300/0 1 ==== mon_map magic: 0 v1 ==== 229+0+0 (secure 0 0 0) 0x7f8bb8004180 con 0x7f8bc8074490
2024-02-19T18:51:26.208 INFO:teuthology.orchestra.run.smithi088.stdout:/usr/bin/ceph: stderr
2024-02-19T18:51:25.394+0000 7f8bcce05700 1 -- 172.21.15.88:0/1602290873 <== mon.0 v2:172.21.15.88:3300/0 2 ==== config(27 keys) v1 ==== 1101+0+0 (secure 0 0 0) 0x7f8bb80042e0 con 0x7f8bc8074490
2024-02-19T18:51:26.208 INFO:teuthology.orchestra.run.smithi088.stdout:/usr/bin/ceph: stderr
2024-02-19T18:51:25.394+0000 7f8bcce05700 1 -- 172.21.15.88:0/1602290873 <== mon.0 v2:172.21.15.88:3300/0 3 ==== mon_map magic: 0 v1 ==== 229+0+0 (secure 0 0 0) 0x7f8bb8011af0 con 0x7f8bc8074490
2024-02-19T18:51:26.208 INFO:teuthology.orchestra.run.smithi088.stdout:/usr/bin/ceph: stderr
2024-02-19T18:51:25.395+0000 7f8bd006b700 1 -- 172.21.15.88:0/1602290873 >> [v2:172.21.15.88:3300/0,v1:172.21.15.88:6789/0] conn(0x7f8bc8074490 msgr2=0x7f8bc8108580 secure :-1 s=STATE_CONNECTION_ESTABLISHED l=1).mark_down
2024-02-19T18:51:26.208 INFO:teuthology.orchestra.run.smithi088.stdout:/usr/bin/ceph: stderr
2024-02-19T18:51:25.395+0000 7f8bd006b700 1 --2- 172.21.15.88:0/1602290873 >> [v2:172.21.15.88:3300/0,v1:172.21.15.88:6789/0] conn(0x7f8bc8074490 0x7f8bc8108580 secure :-1 s=READY pgs=59 cs=0 l=1 rev1=1 crypto rx=0x7f8bb80098a0 tx=0x7f8bb8009bb0 comp rx=0 tx=0).stop
2024-02-19T18:51:26.208 INFO:teuthology.orchestra.run.smithi088.stdout:/usr/bin/ceph: stderr
2024-02-19T18:51:25.395+0000 7f8bd006b700 1 -- 172.21.15.88:0/1602290873 shutdown_connections
2024-02-19T18:51:26.209 INFO:teuthology.orchestra.run.smithi088.stdout:/usr/bin/ceph: stderr
2024-02-19T18:51:25.395+0000 7f8bd006b700 1 --2- 172.21.15.88:0/1602290873 >> [v2:172.21.15.88:3300/0,v1:172.21.15.88:6789/0] conn(0x7f8bc8074490 0x7f8bc8108580 unknown :-1 s=CLOSED pgs=59 cs=0 l=1 rev1=1 crypto rx=0 tx=0 comp rx=0 tx=0).stop
2024-02-19T18:51:26.209 INFO:teuthology.orchestra.run.smithi088.stdout:/usr/bin/ceph: stderr
2024-02-19T18:51:25.395+0000 7f8bd006b700 1 -- 172.21.15.88:0/1602290873 >> 172.21.15.88:0/1602290873 conn(0x7f8bc80fff10 msgr2=0x7f8bc8102360 unknown :-1 s=STATE_NONE l=0).mark_down
2024-02-19T18:51:26.209 INFO:teuthology.orchestra.run.smithi088.stdout:/usr/bin/ceph: stderr
2024-02-19T18:51:25.395+0000 7f8bd006b700 1 -- 172.21.15.88:0/1602290873 shutdown_connections
2024-02-19T18:51:26.209 INFO:teuthology.orchestra.run.smithi088.stdout:/usr/bin/ceph: stderr
2024-02-19T18:51:25.395+0000 7f8bd006b700 1 -- 172.21.15.88:0/1602290873 wait complete.
2024-02-19T18:51:26.209 INFO:teuthology.orchestra.run.smithi088.stdout:/usr/bin/ceph: stderr
2024-02-19T18:51:25.396+0000 7f8bd006b700 1 Processor -- start
2024-02-19T18:51:26.209 INFO:teuthology.orchestra.run.smithi088.stdout:/usr/bin/ceph: stderr
2024-02-19T18:51:25.396+0000 7f8bd006b700 1 -- start start
2024-02-19T18:51:26.209 INFO:teuthology.orchestra.run.smithi088.stdout:/usr/bin/ceph: stderr
2024-02-19T18:51:25.396+0000 7f8bd006b700 1 --2- >> [v2:172.21.15.88:3300/0,v1:172.21.15.88:6789/0] conn(0x7f8bc8199730 0x7f8bc8199b40 unknown :-1 s=NONE pgs=0 cs=0 l=1 rev1=0 crypto rx=0 tx=0 comp rx=0 tx=0).connect
2024-02-19T18:51:26.209 INFO:teuthology.orchestra.run.smithi088.stdout:/usr/bin/ceph: stderr
2024-02-19T18:51:25.396+0000 7f8bd006b700 1 -- --> [v2:172.21.15.88:3300/0,v1:172.21.15.88:6789/0] -- mon_getmap magic: 0 v1 -- 0x7f8bc819a080 con 0x7f8bc8199730
2024-02-19T18:51:26.209 INFO:teuthology.orchestra.run.smithi088.stdout:/usr/bin/ceph: stderr
2024-02-19T18:51:25.396+0000 7f8bcde07700 1 --2- >> [v2:172.21.15.88:3300/0,v1:172.21.15.88:6789/0] conn(0x7f8bc8199730 0x7f8bc8199b40 unknown :-1 s=BANNER_CONNECTING pgs=0 cs=0 l=1 rev1=0 crypto rx=0 tx=0 comp rx=0 tx=0)._handle_peer_banner_payload supported=3 required=0
2024-02-19T18:51:26.209 INFO:teuthology.orchestra.run.smithi088.stdout:/usr/bin/ceph: stderr
2024-02-19T18:51:25.396+0000 7f8bcde07700 1 --2- >> [v2:172.21.15.88:3300/0,v1:172.21.15.88:6789/0] conn(0x7f8bc8199730 0x7f8bc8199b40 unknown :-1 s=HELLO_CONNECTING pgs=0 cs=0 l=1 rev1=1 crypto rx=0 tx=0 comp rx=0 tx=0).handle_hello peer v2:172.21.15.88:3300/0 says I am v2:172.21.15.88:49424/0 (socket says 172.21.15.88:49424)
2024-02-19T18:51:26.209 INFO:teuthology.orchestra.run.smithi088.stdout:/usr/bin/ceph: stderr
2024-02-19T18:51:25.396+0000 7f8bcde07700 1 -- 172.21.15.88:0/2311787841 learned_addr learned my addr 172.21.15.88:0/2311787841 (peer_addr_for_me v2:172.21.15.88:0/0)
2024-02-19T18:51:26.209 INFO:teuthology.orchestra.run.smithi088.stdout:/usr/bin/ceph: stderr
2024-02-19T18:51:25.396+0000 7f8bcde07700 1 -- 172.21.15.88:0/2311787841 --> [v2:172.21.15.88:3300/0,v1:172.21.15.88:6789/0] -- mon_subscribe({config=0+,monmap=0+}) v3 -- 0x7f8bb8009550 con 0x7f8bc8199730
2024-02-19T18:51:26.209 INFO:teuthology.orchestra.run.smithi088.stdout:/usr/bin/ceph: stderr
2024-02-19T18:51:25.396+0000 7f8bcde07700 1 --2- 172.21.15.88:0/2311787841 >> [v2:172.21.15.88:3300/0,v1:172.21.15.88:6789/0] conn(0x7f8bc8199730 0x7f8bc8199b40 secure :-1 s=READY pgs=60 cs=0 l=1 rev1=1 crypto rx=0x7f8bb8011670 tx=0x7f8bb8011b50 comp rx=0 tx=0).ready entity=mon.0 client_cookie=0 server_cookie=0 in_seq=0 out_seq=0
2024-02-19T18:51:26.209 INFO:teuthology.orchestra.run.smithi088.stdout:/usr/bin/ceph: stderr
2024-02-19T18:51:25.397+0000 7f8bbeffd700 1 -- 172.21.15.88:0/2311787841 <== mon.0 v2:172.21.15.88:3300/0 1 ==== mon_map magic: 0 v1 ==== 229+0+0 (secure 0 0 0) 0x7f8bb80039f0 con 0x7f8bc8199730
2024-02-19T18:51:26.210 INFO:teuthology.orchestra.run.smithi088.stdout:/usr/bin/ceph: stderr
2024-02-19T18:51:25.397+0000 7f8bbeffd700 1 -- 172.21.15.88:0/2311787841 <== mon.0 v2:172.21.15.88:3300/0 2 ==== config(27 keys) v1 ==== 1101+0+0 (secure 0 0 0) 0x7f8bb8003b50 con 0x7f8bc8199730
2024-02-19T18:51:26.210 INFO:teuthology.orchestra.run.smithi088.stdout:/usr/bin/ceph: stderr
2024-02-19T18:51:25.397+0000 7f8bd006b700 1 -- 172.21.15.88:0/2311787841 --> [v2:172.21.15.88:3300/0,v1:172.21.15.88:6789/0] -- mon_subscribe({mgrmap=0+}) v3 -- 0x7f8bc819a280 con 0x7f8bc8199730
2024-02-19T18:51:26.210 INFO:teuthology.orchestra.run.smithi088.stdout:/usr/bin/ceph: stderr
2024-02-19T18:51:25.397+0000 7f8bbeffd700 1 -- 172.21.15.88:0/2311787841 <== mon.0 v2:172.21.15.88:3300/0 3 ==== mon_map magic: 0 v1 ==== 229+0+0 (secure 0 0 0) 0x7f8bb80247c0 con 0x7f8bc8199730
2024-02-19T18:51:26.210 INFO:teuthology.orchestra.run.smithi088.stdout:/usr/bin/ceph: stderr
2024-02-19T18:51:25.397+0000 7f8bd006b700 1 -- 172.21.15.88:0/2311787841 --> [v2:172.21.15.88:3300/0,v1:172.21.15.88:6789/0] -- mon_subscribe({osdmap=0}) v3 -- 0x7f8bc819cee0 con 0x7f8bc8199730
2024-02-19T18:51:26.210 INFO:teuthology.orchestra.run.smithi088.stdout:/usr/bin/ceph: stderr
2024-02-19T18:51:25.397+0000 7f8bbeffd700 1 -- 172.21.15.88:0/2311787841 <== mon.0 v2:172.21.15.88:3300/0 4 ==== mgrmap(e 8) v1 ==== 45084+0+0 (secure 0 0 0) 0x7f8bb802d3f0 con 0x7f8bc8199730
2024-02-19T18:51:26.210 INFO:teuthology.orchestra.run.smithi088.stdout:/usr/bin/ceph: stderr
2024-02-19T18:51:25.398+0000 7f8bd006b700 1 -- 172.21.15.88:0/2311787841 --> [v2:172.21.15.88:3300/0,v1:172.21.15.88:6789/0] -- mon_command({"prefix": "get_command_descriptions"} v 0) v1 -- 0x7f8bc8074490 con 0x7f8bc8199730
2024-02-19T18:51:26.210 INFO:teuthology.orchestra.run.smithi088.stdout:/usr/bin/ceph: stderr
2024-02-19T18:51:25.398+0000 7f8bbeffd700 1 --2- 172.21.15.88:0/2311787841 >> [v2:172.21.15.88:6800/3414266099,v1:172.21.15.88:6801/3414266099] conn(0x7f8bb4038440 0x7f8bb403a8f0 unknown :-1 s=NONE pgs=0 cs=0 l=1 rev1=0 crypto rx=0 tx=0 comp rx=0 tx=0).connect
2024-02-19T18:51:26.210 INFO:teuthology.orchestra.run.smithi088.stdout:/usr/bin/ceph: stderr
2024-02-19T18:51:25.398+0000 7f8bbeffd700 1 -- 172.21.15.88:0/2311787841 <== mon.0 v2:172.21.15.88:3300/0 5 ==== osd_map(2..2 src has 1..2) v4 ==== 940+0+0 (secure 0 0 0) 0x7f8bb804c570 con 0x7f8bc8199730
2024-02-19T18:51:26.210 INFO:teuthology.orchestra.run.smithi088.stdout:/usr/bin/ceph: stderr
2024-02-19T18:51:25.398+0000 7f8bcd606700 1 --2- 172.21.15.88:0/2311787841 >> [v2:172.21.15.88:6800/3414266099,v1:172.21.15.88:6801/3414266099] conn(0x7f8bb4038440 0x7f8bb403a8f0 unknown :-1 s=BANNER_CONNECTING pgs=0 cs=0 l=1 rev1=0 crypto rx=0 tx=0 comp rx=0 tx=0)._handle_peer_banner_payload supported=3 required=0
2024-02-19T18:51:26.210 INFO:teuthology.orchestra.run.smithi088.stdout:/usr/bin/ceph: stderr
2024-02-19T18:51:25.398+0000 7f8bcd606700 1 --2- 172.21.15.88:0/2311787841 >> [v2:172.21.15.88:6800/3414266099,v1:172.21.15.88:6801/3414266099] conn(0x7f8bb4038440 0x7f8bb403a8f0 secure :-1 s=READY pgs=18 cs=0 l=1 rev1=1 crypto rx=0x7f8bc4006fd0 tx=0x7f8bc4006e40 comp rx=0 tx=0).ready entity=mgr.14120 client_cookie=0 server_cookie=0 in_seq=0 out_seq=0
2024-02-19T18:51:26.210 INFO:teuthology.orchestra.run.smithi088.stdout:/usr/bin/ceph: stderr
2024-02-19T18:51:25.402+0000 7f8bbeffd700 1 -- 172.21.15.88:0/2311787841 <== mon.0 v2:172.21.15.88:3300/0 6 ==== mon_command_ack([{"prefix": "get_command_descriptions"}]=0 v0) v1 ==== 72+0+177933 (secure 0 0 0) 0x7f8bb8010970 con 0x7f8bc8199730
2024-02-19T18:51:26.210 INFO:teuthology.orchestra.run.smithi088.stdout:/usr/bin/ceph: stderr
2024-02-19T18:51:25.603+0000 7f8bd006b700 1 -- 172.21.15.88:0/2311787841 --> [v2:172.21.15.88:6800/3414266099,v1:172.21.15.88:6801/3414266099] -- mgr_command(tid 0: {"prefix": "orch apply", "service_type": "node-exporter", "target": ["mon-mgr", ""]}) v1 -- 0x7f8bc81021f0 con 0x7f8bb4038440
2024-02-19T18:51:26.210 INFO:teuthology.orchestra.run.smithi088.stdout:/usr/bin/ceph: stderr
2024-02-19T18:51:25.608+0000 7f8bbeffd700 1 -- 172.21.15.88:0/2311787841 <== mgr.14120 v2:172.21.15.88:6800/3414266099 1 ==== mgr_command_reply(tid 0: 0 ) v1 ==== 8+0+34 (secure 0 0 0) 0x7f8bc81021f0 con 0x7f8bb4038440
2024-02-19T18:51:26.211 INFO:teuthology.orchestra.run.smithi088.stdout:/usr/bin/ceph: stderr
2024-02-19T18:51:25.610+0000 7f8bd006b700 1 -- 172.21.15.88:0/2311787841 >> [v2:172.21.15.88:6800/3414266099,v1:172.21.15.88:6801/3414266099] conn(0x7f8bb4038440 msgr2=0x7f8bb403a8f0 secure :-1 s=STATE_CONNECTION_ESTABLISHED l=1).mark_down
2024-02-19T18:51:26.211 INFO:teuthology.orchestra.run.smithi088.stdout:/usr/bin/ceph: stderr
2024-02-19T18:51:25.610+0000 7f8bd006b700 1 --2- 172.21.15.88:0/2311787841 >> [v2:172.21.15.88:6800/3414266099,v1:172.21.15.88:6801/3414266099] conn(0x7f8bb4038440 0x7f8bb403a8f0 secure :-1 s=READY pgs=18 cs=0 l=1 rev1=1 crypto rx=0x7f8bc4006fd0 tx=0x7f8bc4006e40 comp rx=0 tx=0).stop
2024-02-19T18:51:26.211 INFO:teuthology.orchestra.run.smithi088.stdout:/usr/bin/ceph: stderr
2024-02-19T18:51:25.610+0000 7f8bd006b700 1 -- 172.21.15.88:0/2311787841 >> [v2:172.21.15.88:3300/0,v1:172.21.15.88:6789/0] conn(0x7f8bc8199730 msgr2=0x7f8bc8199b40 secure :-1 s=STATE_CONNECTION_ESTABLISHED l=1).mark_down
2024-02-19T18:51:26.211 INFO:teuthology.orchestra.run.smithi088.stdout:/usr/bin/ceph: stderr
2024-02-19T18:51:25.610+0000 7f8bd006b700 1 --2- 172.21.15.88:0/2311787841 >> [v2:172.21.15.88:3300/0,v1:172.21.15.88:6789/0] conn(0x7f8bc8199730 0x7f8bc8199b40 secure :-1 s=READY pgs=60 cs=0 l=1 rev1=1 crypto rx=0x7f8bb8011670 tx=0x7f8bb8011b50 comp rx=0 tx=0).stop
2024-02-19T18:51:26.211 INFO:teuthology.orchestra.run.smithi088.stdout:/usr/bin/ceph: stderr
2024-02-19T18:51:25.610+0000 7f8bd006b700 1 -- 172.21.15.88:0/2311787841 shutdown_connections
2024-02-19T18:51:26.211 INFO:teuthology.orchestra.run.smithi088.stdout:/usr/bin/ceph: stderr
2024-02-19T18:51:25.610+0000 7f8bd006b700 1 --2- 172.21.15.88:0/2311787841 >> [v2:172.21.15.88:6800/3414266099,v1:172.21.15.88:6801/3414266099] conn(0x7f8bb4038440 0x7f8bb403a8f0 unknown :-1 s=CLOSED pgs=18 cs=0 l=1 rev1=1 crypto rx=0 tx=0 comp rx=0 tx=0).stop
2024-02-19T18:51:26.211 INFO:teuthology.orchestra.run.smithi088.stdout:/usr/bin/ceph: stderr
2024-02-19T18:51:25.610+0000 7f8bd006b700 1 --2- 172.21.15.88:0/2311787841 >> [v2:172.21.15.88:3300/0,v1:172.21.15.88:6789/0] conn(0x7f8bc8199730 0x7f8bc8199b40 unknown :-1 s=CLOSED pgs=60 cs=0 l=1 rev1=1 crypto rx=0 tx=0 comp rx=0 tx=0).stop
2024-02-19T18:51:26.211 INFO:teuthology.orchestra.run.smithi088.stdout:/usr/bin/ceph: stderr
2024-02-19T18:51:25.610+0000 7f8bd006b700 1 -- 172.21.15.88:0/2311787841 >> 172.21.15.88:0/2311787841 conn(0x7f8bc80fff10 msgr2=0x7f8bc81015d0 unknown :-1 s=STATE_NONE l=0).mark_down
2024-02-19T18:51:26.211 INFO:teuthology.orchestra.run.smithi088.stdout:/usr/bin/ceph: stderr
2024-02-19T18:51:25.610+0000 7f8bd006b700 1 -- 172.21.15.88:0/2311787841 shutdown_connections
2024-02-19T18:51:26.211 INFO:teuthology.orchestra.run.smithi088.stdout:/usr/bin/ceph: stderr
2024-02-19T18:51:25.610+0000 7f8bd006b700 1 -- 172.21.15.88:0/2311787841 wait complete.
2024-02-19T18:51:26.211 INFO:teuthology.orchestra.run.smithi088.stdout:Deploying alertmanager service with default placement...
2024-02-19T18:51:26.836 INFO:journalctl@ceph.mon.smithi088.smithi088.stdout:Feb 19 18:51:26 smithi088 ceph-mon[29272]: pgmap v3: 0 pgs: ; 0 B data, 0 B used, 0 B / 0 B avail
2024-02-19T18:51:26.836 INFO:journalctl@ceph.mon.smithi088.smithi088.stdout:Feb 19 18:51:26 smithi088 ceph-mon[29272]: from='client.14154 -' entity='client.admin' cmd=[{"prefix": "orch apply", "service_type": "node-exporter", "target": ["mon-mgr", ""]}]: dispatch
2024-02-19T18:51:26.836 INFO:journalctl@ceph.mon.smithi088.smithi088.stdout:Feb 19 18:51:26 smithi088 ceph-mon[29272]: Saving service node-exporter spec with placement *
2024-02-19T18:51:26.836 INFO:journalctl@ceph.mon.smithi088.smithi088.stdout:Feb 19 18:51:26 smithi088 ceph-mon[29272]: from='mgr.14120 172.21.15.88:0/2890811423' entity='mgr.smithi088.gyviqq'
2024-02-19T18:51:27.431 INFO:teuthology.orchestra.run.smithi088.stdout:/usr/bin/ceph: stdout Scheduled alertmanager update...
2024-02-19T18:51:27.431 INFO:teuthology.orchestra.run.smithi088.stdout:/usr/bin/ceph: stderr
2024-02-19T18:51:26.593+0000 7fee98c30700 1 Processor -- start
2024-02-19T18:51:27.431 INFO:teuthology.orchestra.run.smithi088.stdout:/usr/bin/ceph: stderr
2024-02-19T18:51:26.593+0000 7fee98c30700 1 -- start start
2024-02-19T18:51:27.431 INFO:teuthology.orchestra.run.smithi088.stdout:/usr/bin/ceph: stderr
2024-02-19T18:51:26.593+0000 7fee98c30700 1 --2- >> [v2:172.21.15.88:3300/0,v1:172.21.15.88:6789/0] conn(0x7fee9407bdd0 0x7fee9407a2d0 unknown :-1 s=NONE pgs=0 cs=0 l=0 rev1=0 crypto rx=0 tx=0 comp rx=0 tx=0).connect
2024-02-19T18:51:27.431 INFO:teuthology.orchestra.run.smithi088.stdout:/usr/bin/ceph: stderr
2024-02-19T18:51:26.593+0000 7fee98c30700 1 -- --> [v2:172.21.15.88:3300/0,v1:172.21.15.88:6789/0] -- mon_getmap magic: 0 v1 -- 0x7fee9407a810 con 0x7fee9407bdd0
2024-02-19T18:51:27.431 INFO:teuthology.orchestra.run.smithi088.stdout:/usr/bin/ceph: stderr
2024-02-19T18:51:26.593+0000 7fee9259c700 1 --2- >> [v2:172.21.15.88:3300/0,v1:172.21.15.88:6789/0] conn(0x7fee9407bdd0 0x7fee9407a2d0 unknown :-1 s=BANNER_CONNECTING pgs=0 cs=0 l=0 rev1=0 crypto rx=0 tx=0 comp rx=0 tx=0)._handle_peer_banner_payload supported=3 required=0
2024-02-19T18:51:27.431 INFO:teuthology.orchestra.run.smithi088.stdout:/usr/bin/ceph: stderr
2024-02-19T18:51:26.593+0000 7fee9259c700 1 --2- >> [v2:172.21.15.88:3300/0,v1:172.21.15.88:6789/0] conn(0x7fee9407bdd0 0x7fee9407a2d0 unknown :-1 s=HELLO_CONNECTING pgs=0 cs=0 l=0 rev1=1 crypto rx=0 tx=0 comp rx=0 tx=0).handle_hello peer v2:172.21.15.88:3300/0 says I am v2:172.21.15.88:50746/0 (socket says 172.21.15.88:50746)
2024-02-19T18:51:27.431 INFO:teuthology.orchestra.run.smithi088.stdout:/usr/bin/ceph: stderr
2024-02-19T18:51:26.593+0000 7fee9259c700 1 -- 172.21.15.88:0/2704678790 learned_addr learned my addr 172.21.15.88:0/2704678790 (peer_addr_for_me v2:172.21.15.88:0/0)
2024-02-19T18:51:27.431 INFO:teuthology.orchestra.run.smithi088.stdout:/usr/bin/ceph: stderr
2024-02-19T18:51:26.594+0000 7fee9259c700 1 -- 172.21.15.88:0/2704678790 --> [v2:172.21.15.88:3300/0,v1:172.21.15.88:6789/0] -- mon_subscribe({config=0+,monmap=0+}) v3 -- 0x7fee9407a950 con 0x7fee9407bdd0
2024-02-19T18:51:27.432 INFO:teuthology.orchestra.run.smithi088.stdout:/usr/bin/ceph: stderr
2024-02-19T18:51:26.594+0000 7fee9259c700 1 --2- 172.21.15.88:0/2704678790 >> [v2:172.21.15.88:3300/0,v1:172.21.15.88:6789/0] conn(0x7fee9407bdd0 0x7fee9407a2d0 secure :-1 s=READY pgs=61 cs=0 l=1 rev1=1 crypto rx=0x7fee84009870 tx=0x7fee84009b80 comp rx=0 tx=0).ready entity=mon.0 client_cookie=4950d8a1903a94fc server_cookie=0 in_seq=0 out_seq=0
2024-02-19T18:51:27.432 INFO:teuthology.orchestra.run.smithi088.stdout:/usr/bin/ceph: stderr
2024-02-19T18:51:26.594+0000 7fee9159a700 1 -- 172.21.15.88:0/2704678790 <== mon.0 v2:172.21.15.88:3300/0 1 ==== mon_map magic: 0 v1 ==== 229+0+0 (secure 0 0 0) 0x7fee84005c30 con 0x7fee9407bdd0
2024-02-19T18:51:27.432 INFO:teuthology.orchestra.run.smithi088.stdout:/usr/bin/ceph: stderr
2024-02-19T18:51:26.594+0000 7fee9159a700 1 -- 172.21.15.88:0/2704678790 <== mon.0 v2:172.21.15.88:3300/0 2 ==== config(27 keys) v1 ==== 1101+0+0 (secure 0 0 0) 0x7fee840044e0 con 0x7fee9407bdd0
2024-02-19T18:51:27.432 INFO:teuthology.orchestra.run.smithi088.stdout:/usr/bin/ceph: stderr
2024-02-19T18:51:26.594+0000 7fee9159a700 1 -- 172.21.15.88:0/2704678790 <== mon.0 v2:172.21.15.88:3300/0 3 ==== mon_map magic: 0 v1 ==== 229+0+0 (secure 0 0 0) 0x7fee84006030 con 0x7fee9407bdd0
2024-02-19T18:51:27.432 INFO:teuthology.orchestra.run.smithi088.stdout:/usr/bin/ceph: stderr
2024-02-19T18:51:26.595+0000 7fee98c30700 1 -- 172.21.15.88:0/2704678790 >> [v2:172.21.15.88:3300/0,v1:172.21.15.88:6789/0] conn(0x7fee9407bdd0 msgr2=0x7fee9407a2d0 secure :-1 s=STATE_CONNECTION_ESTABLISHED l=1).mark_down
2024-02-19T18:51:27.432 INFO:teuthology.orchestra.run.smithi088.stdout:/usr/bin/ceph: stderr
2024-02-19T18:51:26.595+0000 7fee98c30700 1 --2- 172.21.15.88:0/2704678790 >> [v2:172.21.15.88:3300/0,v1:172.21.15.88:6789/0] conn(0x7fee9407bdd0 0x7fee9407a2d0 secure :-1 s=READY pgs=61 cs=0 l=1 rev1=1 crypto rx=0x7fee84009870 tx=0x7fee84009b80 comp rx=0 tx=0).stop
2024-02-19T18:51:27.432 INFO:teuthology.orchestra.run.smithi088.stdout:/usr/bin/ceph: stderr
2024-02-19T18:51:26.595+0000 7fee98c30700 1 -- 172.21.15.88:0/2704678790 shutdown_connections
2024-02-19T18:51:27.432 INFO:teuthology.orchestra.run.smithi088.stdout:/usr/bin/ceph: stderr
2024-02-19T18:51:26.595+0000 7fee98c30700 1 --2- 172.21.15.88:0/2704678790 >> [v2:172.21.15.88:3300/0,v1:172.21.15.88:6789/0] conn(0x7fee9407bdd0 0x7fee9407a2d0 unknown :-1 s=CLOSED pgs=61 cs=0 l=1 rev1=1 crypto rx=0 tx=0 comp rx=0 tx=0).stop
2024-02-19T18:51:27.432 INFO:teuthology.orchestra.run.smithi088.stdout:/usr/bin/ceph: stderr
2024-02-19T18:51:26.595+0000 7fee98c30700 1 -- 172.21.15.88:0/2704678790 >> 172.21.15.88:0/2704678790 conn(0x7fee94101020 msgr2=0x7fee94103450 unknown :-1 s=STATE_NONE l=0).mark_down
2024-02-19T18:51:27.432 INFO:teuthology.orchestra.run.smithi088.stdout:/usr/bin/ceph: stderr
2024-02-19T18:51:26.595+0000 7fee98c30700 1 -- 172.21.15.88:0/2704678790 shutdown_connections
2024-02-19T18:51:27.432 INFO:teuthology.orchestra.run.smithi088.stdout:/usr/bin/ceph: stderr
2024-02-19T18:51:26.595+0000 7fee98c30700 1 -- 172.21.15.88:0/2704678790 wait complete.
2024-02-19T18:51:27.432 INFO:teuthology.orchestra.run.smithi088.stdout:/usr/bin/ceph: stderr
2024-02-19T18:51:26.595+0000 7fee98c30700 1 Processor -- start
2024-02-19T18:51:27.432 INFO:teuthology.orchestra.run.smithi088.stdout:/usr/bin/ceph: stderr
2024-02-19T18:51:26.595+0000 7fee98c30700 1 -- start start
2024-02-19T18:51:27.433 INFO:teuthology.orchestra.run.smithi088.stdout:/usr/bin/ceph: stderr
2024-02-19T18:51:26.596+0000 7fee98c30700 1 --2- >> [v2:172.21.15.88:3300/0,v1:172.21.15.88:6789/0] conn(0x7fee9407bdd0 0x7fee9419b990 unknown :-1 s=NONE pgs=0 cs=0 l=1 rev1=0 crypto rx=0 tx=0 comp rx=0 tx=0).connect
2024-02-19T18:51:27.433 INFO:teuthology.orchestra.run.smithi088.stdout:/usr/bin/ceph: stderr
2024-02-19T18:51:26.596+0000 7fee98c30700 1 -- --> [v2:172.21.15.88:3300/0,v1:172.21.15.88:6789/0] -- mon_getmap magic: 0 v1 -- 0x7fee9419bed0 con 0x7fee9407bdd0
2024-02-19T18:51:27.433 INFO:teuthology.orchestra.run.smithi088.stdout:/usr/bin/ceph: stderr
2024-02-19T18:51:26.596+0000 7fee9259c700 1 --2- >> [v2:172.21.15.88:3300/0,v1:172.21.15.88:6789/0] conn(0x7fee9407bdd0 0x7fee9419b990 unknown :-1 s=BANNER_CONNECTING pgs=0 cs=0 l=1 rev1=0 crypto rx=0 tx=0 comp rx=0 tx=0)._handle_peer_banner_payload supported=3 required=0
2024-02-19T18:51:27.433 INFO:teuthology.orchestra.run.smithi088.stdout:/usr/bin/ceph: stderr
2024-02-19T18:51:26.596+0000 7fee9259c700 1 --2- >> [v2:172.21.15.88:3300/0,v1:172.21.15.88:6789/0] conn(0x7fee9407bdd0 0x7fee9419b990 unknown :-1 s=HELLO_CONNECTING pgs=0 cs=0 l=1 rev1=1 crypto rx=0 tx=0 comp rx=0 tx=0).handle_hello peer v2:172.21.15.88:3300/0 says I am v2:172.21.15.88:50752/0 (socket says 172.21.15.88:50752)
2024-02-19T18:51:27.433 INFO:teuthology.orchestra.run.smithi088.stdout:/usr/bin/ceph: stderr
2024-02-19T18:51:26.596+0000 7fee9259c700 1 -- 172.21.15.88:0/564327271 learned_addr learned my addr 172.21.15.88:0/564327271 (peer_addr_for_me v2:172.21.15.88:0/0)
2024-02-19T18:51:27.433 INFO:teuthology.orchestra.run.smithi088.stdout:/usr/bin/ceph: stderr
2024-02-19T18:51:26.596+0000 7fee9259c700 1 -- 172.21.15.88:0/564327271 --> [v2:172.21.15.88:3300/0,v1:172.21.15.88:6789/0] -- mon_subscribe({config=0+,monmap=0+}) v3 -- 0x7fee84009500 con 0x7fee9407bdd0
2024-02-19T18:51:27.433 INFO:teuthology.orchestra.run.smithi088.stdout:/usr/bin/ceph: stderr
2024-02-19T18:51:26.596+0000 7fee9259c700 1 --2- 172.21.15.88:0/564327271 >> [v2:172.21.15.88:3300/0,v1:172.21.15.88:6789/0] conn(0x7fee9407bdd0 0x7fee9419b990 secure :-1 s=READY pgs=62 cs=0 l=1 rev1=1 crypto rx=0x7fee84013000 tx=0x7fee840042e0 comp rx=0 tx=0).ready entity=mon.0 client_cookie=0 server_cookie=0 in_seq=0 out_seq=0
2024-02-19T18:51:27.433 INFO:teuthology.orchestra.run.smithi088.stdout:/usr/bin/ceph: stderr
2024-02-19T18:51:26.596+0000 7fee837fe700 1 -- 172.21.15.88:0/564327271 <== mon.0 v2:172.21.15.88:3300/0 1 ==== mon_map magic: 0 v1 ==== 229+0+0 (secure 0 0 0) 0x7fee84005e40 con 0x7fee9407bdd0
2024-02-19T18:51:27.433 INFO:teuthology.orchestra.run.smithi088.stdout:/usr/bin/ceph: stderr
2024-02-19T18:51:26.596+0000 7fee837fe700 1 -- 172.21.15.88:0/564327271 <== mon.0 v2:172.21.15.88:3300/0 2 ==== config(27 keys) v1 ==== 1101+0+0 (secure 0 0 0) 0x7fee84005fa0 con 0x7fee9407bdd0
2024-02-19T18:51:27.433 INFO:teuthology.orchestra.run.smithi088.stdout:/usr/bin/ceph: stderr
2024-02-19T18:51:26.596+0000 7fee837fe700 1 -- 172.21.15.88:0/564327271 <== mon.0 v2:172.21.15.88:3300/0 3 ==== mon_map magic: 0 v1 ==== 229+0+0 (secure 0 0 0) 0x7fee84011bc0 con 0x7fee9407bdd0
2024-02-19T18:51:27.433 INFO:teuthology.orchestra.run.smithi088.stdout:/usr/bin/ceph: stderr
2024-02-19T18:51:26.596+0000 7fee98c30700 1 -- 172.21.15.88:0/564327271 --> [v2:172.21.15.88:3300/0,v1:172.21.15.88:6789/0] -- mon_subscribe({mgrmap=0+}) v3 -- 0x7fee9419c0d0 con 0x7fee9407bdd0
2024-02-19T18:51:27.433 INFO:teuthology.orchestra.run.smithi088.stdout:/usr/bin/ceph: stderr
2024-02-19T18:51:26.596+0000 7fee98c30700 1 -- 172.21.15.88:0/564327271 --> [v2:172.21.15.88:3300/0,v1:172.21.15.88:6789/0] -- mon_subscribe({osdmap=0}) v3 -- 0x7fee9419c570 con 0x7fee9407bdd0
2024-02-19T18:51:27.433 INFO:teuthology.orchestra.run.smithi088.stdout:/usr/bin/ceph: stderr
2024-02-19T18:51:26.597+0000 7fee837fe700 1 -- 172.21.15.88:0/564327271 <== mon.0 v2:172.21.15.88:3300/0 4 ==== mgrmap(e 8) v1 ==== 45084+0+0 (secure 0 0 0) 0x7fee84018070 con 0x7fee9407bdd0
2024-02-19T18:51:27.433 INFO:teuthology.orchestra.run.smithi088.stdout:/usr/bin/ceph: stderr
2024-02-19T18:51:26.597+0000 7fee837fe700 1 --2- 172.21.15.88:0/564327271 >> [v2:172.21.15.88:6800/3414266099,v1:172.21.15.88:6801/3414266099] conn(0x7fee7c038400 0x7fee7c03a8b0 unknown :-1 s=NONE pgs=0 cs=0 l=1 rev1=0 crypto rx=0 tx=0 comp rx=0 tx=0).connect
2024-02-19T18:51:27.434 INFO:teuthology.orchestra.run.smithi088.stdout:/usr/bin/ceph: stderr
2024-02-19T18:51:26.597+0000 7fee837fe700 1 -- 172.21.15.88:0/564327271 <== mon.0 v2:172.21.15.88:3300/0 5 ==== osd_map(2..2 src has 1..2) v4 ==== 940+0+0 (secure 0 0 0) 0x7fee8404b8b0 con 0x7fee9407bdd0
2024-02-19T18:51:27.434 INFO:teuthology.orchestra.run.smithi088.stdout:/usr/bin/ceph: stderr
2024-02-19T18:51:26.597+0000 7fee98c30700 1 -- 172.21.15.88:0/564327271 --> [v2:172.21.15.88:3300/0,v1:172.21.15.88:6789/0] -- mon_command({"prefix": "get_command_descriptions"} v 0) v1 -- 0x7fee94062380 con 0x7fee9407bdd0
2024-02-19T18:51:27.434 INFO:teuthology.orchestra.run.smithi088.stdout:/usr/bin/ceph: stderr
2024-02-19T18:51:26.597+0000 7fee91d9b700 1 --2- 172.21.15.88:0/564327271 >> [v2:172.21.15.88:6800/3414266099,v1:172.21.15.88:6801/3414266099] conn(0x7fee7c038400 0x7fee7c03a8b0 unknown :-1 s=BANNER_CONNECTING pgs=0 cs=0 l=1 rev1=0 crypto rx=0 tx=0 comp rx=0 tx=0)._handle_peer_banner_payload supported=3 required=0
2024-02-19T18:51:27.434 INFO:teuthology.orchestra.run.smithi088.stdout:/usr/bin/ceph: stderr
2024-02-19T18:51:26.598+0000 7fee91d9b700 1 --2- 172.21.15.88:0/564327271 >> [v2:172.21.15.88:6800/3414266099,v1:172.21.15.88:6801/3414266099] conn(0x7fee7c038400 0x7fee7c03a8b0 secure :-1 s=READY pgs=19 cs=0 l=1 rev1=1 crypto rx=0x7fee88006fd0 tx=0x7fee88006e40 comp rx=0 tx=0).ready entity=mgr.14120 client_cookie=0 server_cookie=0 in_seq=0 out_seq=0
2024-02-19T18:51:27.434 INFO:teuthology.orchestra.run.smithi088.stdout:/usr/bin/ceph: stderr
2024-02-19T18:51:26.602+0000 7fee837fe700 1 -- 172.21.15.88:0/564327271 <== mon.0 v2:172.21.15.88:3300/0 6 ==== mon_command_ack([{"prefix": "get_command_descriptions"}]=0 v0) v1 ==== 72+0+177933 (secure 0 0 0) 0x7fee8401f080 con 0x7fee9407bdd0
2024-02-19T18:51:27.434 INFO:teuthology.orchestra.run.smithi088.stdout:/usr/bin/ceph: stderr
2024-02-19T18:51:26.802+0000 7fee98c30700 1 -- 172.21.15.88:0/564327271 --> [v2:172.21.15.88:6800/3414266099,v1:172.21.15.88:6801/3414266099] -- mgr_command(tid 0: {"prefix": "orch apply", "service_type": "alertmanager", "target": ["mon-mgr", ""]}) v1 -- 0x7fee941032e0 con 0x7fee7c038400
2024-02-19T18:51:27.434 INFO:teuthology.orchestra.run.smithi088.stdout:/usr/bin/ceph: stderr
2024-02-19T18:51:26.807+0000 7fee837fe700 1 -- 172.21.15.88:0/564327271 <== mgr.14120 v2:172.21.15.88:6800/3414266099 1 ==== mgr_command_reply(tid 0: 0 ) v1 ==== 8+0+33 (secure 0 0 0) 0x7fee941032e0 con 0x7fee7c038400
2024-02-19T18:51:27.434 INFO:teuthology.orchestra.run.smithi088.stdout:/usr/bin/ceph: stderr
2024-02-19T18:51:26.808+0000 7fee98c30700 1 -- 172.21.15.88:0/564327271 >> [v2:172.21.15.88:6800/3414266099,v1:172.21.15.88:6801/3414266099] conn(0x7fee7c038400 msgr2=0x7fee7c03a8b0 secure :-1 s=STATE_CONNECTION_ESTABLISHED l=1).mark_down
2024-02-19T18:51:27.434 INFO:teuthology.orchestra.run.smithi088.stdout:/usr/bin/ceph: stderr
2024-02-19T18:51:26.808+0000 7fee98c30700 1 --2- 172.21.15.88:0/564327271 >> [v2:172.21.15.88:6800/3414266099,v1:172.21.15.88:6801/3414266099] conn(0x7fee7c038400 0x7fee7c03a8b0 secure :-1 s=READY pgs=19 cs=0 l=1 rev1=1 crypto rx=0x7fee88006fd0 tx=0x7fee88006e40 comp rx=0 tx=0).stop
2024-02-19T18:51:27.434 INFO:teuthology.orchestra.run.smithi088.stdout:/usr/bin/ceph: stderr
2024-02-19T18:51:26.808+0000 7fee98c30700 1 -- 172.21.15.88:0/564327271 >> [v2:172.21.15.88:3300/0,v1:172.21.15.88:6789/0] conn(0x7fee9407bdd0 msgr2=0x7fee9419b990 secure :-1 s=STATE_CONNECTION_ESTABLISHED l=1).mark_down
2024-02-19T18:51:27.434 INFO:teuthology.orchestra.run.smithi088.stdout:/usr/bin/ceph: stderr
2024-02-19T18:51:26.809+0000 7fee98c30700 1 --2- 172.21.15.88:0/564327271 >> [v2:172.21.15.88:3300/0,v1:172.21.15.88:6789/0] conn(0x7fee9407bdd0 0x7fee9419b990 secure :-1 s=READY pgs=62 cs=0 l=1 rev1=1 crypto rx=0x7fee84013000 tx=0x7fee840042e0 comp rx=0 tx=0).stop
2024-02-19T18:51:27.435 INFO:teuthology.orchestra.run.smithi088.stdout:/usr/bin/ceph: stderr
2024-02-19T18:51:26.809+0000 7fee98c30700 1 -- 172.21.15.88:0/564327271 shutdown_connections
2024-02-19T18:51:27.435 INFO:teuthology.orchestra.run.smithi088.stdout:/usr/bin/ceph: stderr
2024-02-19T18:51:26.809+0000 7fee98c30700 1 --2- 172.21.15.88:0/564327271 >> [v2:172.21.15.88:6800/3414266099,v1:172.21.15.88:6801/3414266099] conn(0x7fee7c038400 0x7fee7c03a8b0 unknown :-1 s=CLOSED pgs=19 cs=0 l=1 rev1=1 crypto rx=0 tx=0 comp rx=0 tx=0).stop
2024-02-19T18:51:27.435 INFO:teuthology.orchestra.run.smithi088.stdout:/usr/bin/ceph: stderr
2024-02-19T18:51:26.809+0000 7fee98c30700 1 --2- 172.21.15.88:0/564327271 >> [v2:172.21.15.88:3300/0,v1:172.21.15.88:6789/0] conn(0x7fee9407bdd0 0x7fee9419b990 unknown :-1 s=CLOSED pgs=62 cs=0 l=1 rev1=1 crypto rx=0 tx=0 comp rx=0 tx=0).stop
2024-02-19T18:51:27.435 INFO:teuthology.orchestra.run.smithi088.stdout:/usr/bin/ceph: stderr
2024-02-19T18:51:26.809+0000 7fee98c30700 1 -- 172.21.15.88:0/564327271 >> 172.21.15.88:0/564327271 conn(0x7fee94101020 msgr2=0x7fee941026c0 unknown :-1 s=STATE_NONE l=0).mark_down
2024-02-19T18:51:27.435 INFO:teuthology.orchestra.run.smithi088.stdout:/usr/bin/ceph: stderr
2024-02-19T18:51:26.809+0000 7fee98c30700 1 -- 172.21.15.88:0/564327271 shutdown_connections
2024-02-19T18:51:27.435 INFO:teuthology.orchestra.run.smithi088.stdout:/usr/bin/ceph: stderr
2024-02-19T18:51:26.809+0000 7fee98c30700 1 -- 172.21.15.88:0/564327271 wait complete.
2024-02-19T18:51:28.071 INFO:journalctl@ceph.mon.smithi088.smithi088.stdout:Feb 19 18:51:27 smithi088 ceph-mon[29272]: from='client.14156 -' entity='client.admin' cmd=[{"prefix": "orch apply", "service_type": "alertmanager", "target": ["mon-mgr", ""]}]: dispatch
2024-02-19T18:51:28.072 INFO:journalctl@ceph.mon.smithi088.smithi088.stdout:Feb 19 18:51:27 smithi088 ceph-mon[29272]: Saving service alertmanager spec with placement count:1
2024-02-19T18:51:28.072 INFO:journalctl@ceph.mon.smithi088.smithi088.stdout:Feb 19 18:51:27 smithi088 ceph-mon[29272]: from='mgr.14120 172.21.15.88:0/2890811423' entity='mgr.smithi088.gyviqq'
2024-02-19T18:51:28.620 INFO:teuthology.orchestra.run.smithi088.stdout:/usr/bin/ceph: stderr
2024-02-19T18:51:27.857+0000 7f8018b47700 1 Processor -- start
2024-02-19T18:51:28.620 INFO:teuthology.orchestra.run.smithi088.stdout:/usr/bin/ceph: stderr
2024-02-19T18:51:27.857+0000 7f8018b47700 1 -- start start
2024-02-19T18:51:28.620 INFO:teuthology.orchestra.run.smithi088.stdout:/usr/bin/ceph: stderr
2024-02-19T18:51:27.857+0000 7f8018b47700 1 --2- >> [v2:172.21.15.88:3300/0,v1:172.21.15.88:6789/0] conn(0x7f8014103cb0 0x7f80141040c0 unknown :-1 s=NONE pgs=0 cs=0 l=0 rev1=0 crypto rx=0 tx=0 comp rx=0 tx=0).connect
2024-02-19T18:51:28.620 INFO:teuthology.orchestra.run.smithi088.stdout:/usr/bin/ceph: stderr
2024-02-19T18:51:27.857+0000 7f8018b47700 1 -- --> [v2:172.21.15.88:3300/0,v1:172.21.15.88:6789/0] -- mon_getmap magic: 0 v1 -- 0x7f8014104600 con 0x7f8014103cb0
2024-02-19T18:51:28.620 INFO:teuthology.orchestra.run.smithi088.stdout:/usr/bin/ceph: stderr
2024-02-19T18:51:27.857+0000 7f801259c700 1 --2- >> [v2:172.21.15.88:3300/0,v1:172.21.15.88:6789/0] conn(0x7f8014103cb0 0x7f80141040c0 unknown :-1 s=BANNER_CONNECTING pgs=0 cs=0 l=0 rev1=0 crypto rx=0 tx=0 comp rx=0 tx=0)._handle_peer_banner_payload supported=3 required=0
2024-02-19T18:51:28.620 INFO:teuthology.orchestra.run.smithi088.stdout:/usr/bin/ceph: stderr
2024-02-19T18:51:27.857+0000 7f801259c700 1 --2- >> [v2:172.21.15.88:3300/0,v1:172.21.15.88:6789/0] conn(0x7f8014103cb0 0x7f80141040c0 unknown :-1 s=HELLO_CONNECTING pgs=0 cs=0 l=0 rev1=1 crypto rx=0 tx=0 comp rx=0 tx=0).handle_hello peer v2:172.21.15.88:3300/0 says I am v2:172.21.15.88:50768/0 (socket says 172.21.15.88:50768)
2024-02-19T18:51:28.620 INFO:teuthology.orchestra.run.smithi088.stdout:/usr/bin/ceph: stderr
2024-02-19T18:51:27.857+0000 7f801259c700 1 -- 172.21.15.88:0/4233354051 learned_addr learned my addr 172.21.15.88:0/4233354051 (peer_addr_for_me v2:172.21.15.88:0/0)
2024-02-19T18:51:28.620 INFO:teuthology.orchestra.run.smithi088.stdout:/usr/bin/ceph: stderr
2024-02-19T18:51:27.857+0000 7f801259c700 1 -- 172.21.15.88:0/4233354051 --> [v2:172.21.15.88:3300/0,v1:172.21.15.88:6789/0] -- mon_subscribe({config=0+,monmap=0+}) v3 -- 0x7f8014104740 con 0x7f8014103cb0
2024-02-19T18:51:28.621 INFO:teuthology.orchestra.run.smithi088.stdout:/usr/bin/ceph: stderr
2024-02-19T18:51:27.857+0000 7f801259c700 1 --2- 172.21.15.88:0/4233354051 >> [v2:172.21.15.88:3300/0,v1:172.21.15.88:6789/0] conn(0x7f8014103cb0 0x7f80141040c0 secure :-1 s=READY pgs=63 cs=0 l=1 rev1=1 crypto rx=0x7f80040098a0 tx=0x7f8004009bb0 comp rx=0 tx=0).ready entity=mon.0 client_cookie=f7f67e13cfc87e44 server_cookie=0 in_seq=0 out_seq=0
2024-02-19T18:51:28.621 INFO:teuthology.orchestra.run.smithi088.stdout:/usr/bin/ceph: stderr
2024-02-19T18:51:27.857+0000 7f801159a700 1 -- 172.21.15.88:0/4233354051 <== mon.0 v2:172.21.15.88:3300/0 1 ==== mon_map magic: 0 v1 ==== 229+0+0 (secure 0 0 0) 0x7f8004004180 con 0x7f8014103cb0
2024-02-19T18:51:28.621 INFO:teuthology.orchestra.run.smithi088.stdout:/usr/bin/ceph: stderr
2024-02-19T18:51:27.857+0000 7f801159a700 1 -- 172.21.15.88:0/4233354051 <== mon.0 v2:172.21.15.88:3300/0 2 ==== config(27 keys) v1 ==== 1101+0+0 (secure 0 0 0) 0x7f80040042e0 con 0x7f8014103cb0
2024-02-19T18:51:28.621 INFO:teuthology.orchestra.run.smithi088.stdout:/usr/bin/ceph: stderr
2024-02-19T18:51:27.857+0000 7f801159a700 1 -- 172.21.15.88:0/4233354051 <== mon.0 v2:172.21.15.88:3300/0 3 ==== mon_map magic: 0 v1 ==== 229+0+0 (secure 0 0 0) 0x7f8004011af0 con 0x7f8014103cb0
2024-02-19T18:51:28.621 INFO:teuthology.orchestra.run.smithi088.stdout:/usr/bin/ceph: stderr
2024-02-19T18:51:27.858+0000 7f8018b47700 1 -- 172.21.15.88:0/4233354051 >> [v2:172.21.15.88:3300/0,v1:172.21.15.88:6789/0] conn(0x7f8014103cb0 msgr2=0x7f80141040c0 secure :-1 s=STATE_CONNECTION_ESTABLISHED l=1).mark_down
2024-02-19T18:51:28.621 INFO:teuthology.orchestra.run.smithi088.stdout:/usr/bin/ceph: stderr
2024-02-19T18:51:27.858+0000 7f8018b47700 1 --2- 172.21.15.88:0/4233354051 >> [v2:172.21.15.88:3300/0,v1:172.21.15.88:6789/0] conn(0x7f8014103cb0 0x7f80141040c0 secure :-1 s=READY pgs=63 cs=0 l=1 rev1=1 crypto rx=0x7f80040098a0 tx=0x7f8004009bb0 comp rx=0 tx=0).stop
2024-02-19T18:51:28.621 INFO:teuthology.orchestra.run.smithi088.stdout:/usr/bin/ceph: stderr
2024-02-19T18:51:27.858+0000 7f8018b47700 1 -- 172.21.15.88:0/4233354051 shutdown_connections
2024-02-19T18:51:28.621 INFO:teuthology.orchestra.run.smithi088.stdout:/usr/bin/ceph: stderr
2024-02-19T18:51:27.858+0000 7f8018b47700 1 --2- 172.21.15.88:0/4233354051 >> [v2:172.21.15.88:3300/0,v1:172.21.15.88:6789/0] conn(0x7f8014103cb0 0x7f80141040c0 unknown :-1 s=CLOSED pgs=63 cs=0 l=1 rev1=1 crypto rx=0 tx=0 comp rx=0 tx=0).stop
2024-02-19T18:51:28.621 INFO:teuthology.orchestra.run.smithi088.stdout:/usr/bin/ceph: stderr
2024-02-19T18:51:27.858+0000 7f8018b47700 1 -- 172.21.15.88:0/4233354051 >> 172.21.15.88:0/4233354051 conn(0x7f80140ff670 msgr2=0x7f8014101ac0 unknown :-1 s=STATE_NONE l=0).mark_down
2024-02-19T18:51:28.621 INFO:teuthology.orchestra.run.smithi088.stdout:/usr/bin/ceph: stderr
2024-02-19T18:51:27.858+0000 7f8018b47700 1 -- 172.21.15.88:0/4233354051 shutdown_connections
2024-02-19T18:51:28.621 INFO:teuthology.orchestra.run.smithi088.stdout:/usr/bin/ceph: stderr
2024-02-19T18:51:27.858+0000 7f8018b47700 1 -- 172.21.15.88:0/4233354051 wait complete.
2024-02-19T18:51:28.621 INFO:teuthology.orchestra.run.smithi088.stdout:/usr/bin/ceph: stderr
2024-02-19T18:51:27.859+0000 7f8018b47700 1 Processor -- start
2024-02-19T18:51:28.621 INFO:teuthology.orchestra.run.smithi088.stdout:/usr/bin/ceph: stderr
2024-02-19T18:51:27.859+0000 7f8018b47700 1 -- start start
2024-02-19T18:51:28.621 INFO:teuthology.orchestra.run.smithi088.stdout:/usr/bin/ceph: stderr
2024-02-19T18:51:27.859+0000 7f8018b47700 1 --2- >> [v2:172.21.15.88:3300/0,v1:172.21.15.88:6789/0] conn(0x7f8014103cb0 0x7f8014106640 unknown :-1 s=NONE pgs=0 cs=0 l=1 rev1=0 crypto rx=0 tx=0 comp rx=0 tx=0).connect
2024-02-19T18:51:28.622 INFO:teuthology.orchestra.run.smithi088.stdout:/usr/bin/ceph: stderr
2024-02-19T18:51:27.859+0000 7f8018b47700 1 -- --> [v2:172.21.15.88:3300/0,v1:172.21.15.88:6789/0] -- mon_getmap magic: 0 v1 -- 0x7f8014106b80 con 0x7f8014103cb0
2024-02-19T18:51:28.622 INFO:teuthology.orchestra.run.smithi088.stdout:/usr/bin/ceph: stderr
2024-02-19T18:51:27.859+0000 7f801259c700 1 --2- >> [v2:172.21.15.88:3300/0,v1:172.21.15.88:6789/0] conn(0x7f8014103cb0 0x7f8014106640 unknown :-1 s=BANNER_CONNECTING pgs=0 cs=0 l=1 rev1=0 crypto rx=0 tx=0 comp rx=0 tx=0)._handle_peer_banner_payload supported=3 required=0
2024-02-19T18:51:28.622 INFO:teuthology.orchestra.run.smithi088.stdout:/usr/bin/ceph: stderr
2024-02-19T18:51:27.859+0000 7f801259c700 1 --2- >> [v2:172.21.15.88:3300/0,v1:172.21.15.88:6789/0] conn(0x7f8014103cb0 0x7f8014106640 unknown :-1 s=HELLO_CONNECTING pgs=0 cs=0 l=1 rev1=1 crypto rx=0 tx=0 comp rx=0 tx=0).handle_hello peer v2:172.21.15.88:3300/0 says I am v2:172.21.15.88:50776/0 (socket says 172.21.15.88:50776)
2024-02-19T18:51:28.622 INFO:teuthology.orchestra.run.smithi088.stdout:/usr/bin/ceph: stderr
2024-02-19T18:51:27.859+0000 7f801259c700 1 -- 172.21.15.88:0/869061207 learned_addr learned my addr 172.21.15.88:0/869061207 (peer_addr_for_me v2:172.21.15.88:0/0)
2024-02-19T18:51:28.622 INFO:teuthology.orchestra.run.smithi088.stdout:/usr/bin/ceph: stderr
2024-02-19T18:51:27.859+0000 7f801259c700 1 -- 172.21.15.88:0/869061207 --> [v2:172.21.15.88:3300/0,v1:172.21.15.88:6789/0] -- mon_subscribe({config=0+,monmap=0+}) v3 -- 0x7f8004009550 con 0x7f8014103cb0
2024-02-19T18:51:28.622 INFO:teuthology.orchestra.run.smithi088.stdout:/usr/bin/ceph: stderr
2024-02-19T18:51:27.860+0000 7f801259c700 1 --2- 172.21.15.88:0/869061207 >> [v2:172.21.15.88:3300/0,v1:172.21.15.88:6789/0] conn(0x7f8014103cb0 0x7f8014106640 secure :-1 s=READY pgs=64 cs=0 l=1 rev1=1 crypto rx=0x7f8004011670 tx=0x7f8004011b50 comp rx=0 tx=0).ready entity=mon.0 client_cookie=0 server_cookie=0 in_seq=0 out_seq=0
2024-02-19T18:51:28.622 INFO:teuthology.orchestra.run.smithi088.stdout:/usr/bin/ceph: stderr
2024-02-19T18:51:27.860+0000 7f80037fe700 1 -- 172.21.15.88:0/869061207 <== mon.0 v2:172.21.15.88:3300/0 1 ==== mon_map magic: 0 v1 ==== 229+0+0 (secure 0 0 0) 0x7f80040039f0 con 0x7f8014103cb0
2024-02-19T18:51:28.622 INFO:teuthology.orchestra.run.smithi088.stdout:/usr/bin/ceph: stderr
2024-02-19T18:51:27.860+0000 7f80037fe700 1 -- 172.21.15.88:0/869061207 <== mon.0 v2:172.21.15.88:3300/0 2 ==== config(27 keys) v1 ==== 1101+0+0 (secure 0 0 0) 0x7f8004003b50 con 0x7f8014103cb0
2024-02-19T18:51:28.622 INFO:teuthology.orchestra.run.smithi088.stdout:/usr/bin/ceph: stderr
2024-02-19T18:51:27.860+0000 7f8018b47700 1 -- 172.21.15.88:0/869061207 --> [v2:172.21.15.88:3300/0,v1:172.21.15.88:6789/0] -- mon_subscribe({mgrmap=0+}) v3 -- 0x7f8014104c90 con 0x7f8014103cb0
2024-02-19T18:51:28.622 INFO:teuthology.orchestra.run.smithi088.stdout:/usr/bin/ceph: stderr
2024-02-19T18:51:27.860+0000 7f80037fe700 1 -- 172.21.15.88:0/869061207 <== mon.0 v2:172.21.15.88:3300/0 3 ==== mon_map magic: 0 v1 ==== 229+0+0 (secure 0 0 0) 0x7f80040247c0 con 0x7f8014103cb0
2024-02-19T18:51:28.622 INFO:teuthology.orchestra.run.smithi088.stdout:/usr/bin/ceph: stderr
2024-02-19T18:51:27.860+0000 7f8018b47700 1 -- 172.21.15.88:0/869061207 --> [v2:172.21.15.88:3300/0,v1:172.21.15.88:6789/0] -- mon_subscribe({osdmap=0}) v3 -- 0x7f8014105130 con 0x7f8014103cb0
2024-02-19T18:51:28.622 INFO:teuthology.orchestra.run.smithi088.stdout:/usr/bin/ceph: stderr
2024-02-19T18:51:27.861+0000 7f80037fe700 1 -- 172.21.15.88:0/869061207 <== mon.0 v2:172.21.15.88:3300/0 4 ==== mgrmap(e 8) v1 ==== 45084+0+0 (secure 0 0 0) 0x7f800402d3f0 con 0x7f8014103cb0
2024-02-19T18:51:28.622 INFO:teuthology.orchestra.run.smithi088.stdout:/usr/bin/ceph: stderr
2024-02-19T18:51:27.861+0000 7f8018b47700 1 -- 172.21.15.88:0/869061207 --> [v2:172.21.15.88:3300/0,v1:172.21.15.88:6789/0] -- mon_command({"prefix": "get_command_descriptions"} v 0) v1 -- 0x7f8014062380 con 0x7f8014103cb0
2024-02-19T18:51:28.623 INFO:teuthology.orchestra.run.smithi088.stdout:/usr/bin/ceph: stderr
2024-02-19T18:51:27.861+0000 7f80037fe700 1 --2- 172.21.15.88:0/869061207 >> [v2:172.21.15.88:6800/3414266099,v1:172.21.15.88:6801/3414266099] conn(0x7f7ffc038440 0x7f7ffc03a8f0 unknown :-1 s=NONE pgs=0 cs=0 l=1 rev1=0 crypto rx=0 tx=0 comp rx=0 tx=0).connect
2024-02-19T18:51:28.623 INFO:teuthology.orchestra.run.smithi088.stdout:/usr/bin/ceph: stderr
2024-02-19T18:51:27.861+0000 7f80037fe700 1 -- 172.21.15.88:0/869061207 <== mon.0 v2:172.21.15.88:3300/0 5 ==== osd_map(2..2 src has 1..2) v4 ==== 940+0+0 (secure 0 0 0) 0x7f800404c590 con 0x7f8014103cb0
2024-02-19T18:51:28.623 INFO:teuthology.orchestra.run.smithi088.stdout:/usr/bin/ceph: stderr
2024-02-19T18:51:27.861+0000 7f8011d9b700 1 --2- 172.21.15.88:0/869061207 >> [v2:172.21.15.88:6800/3414266099,v1:172.21.15.88:6801/3414266099] conn(0x7f7ffc038440 0x7f7ffc03a8f0 unknown :-1 s=BANNER_CONNECTING pgs=0 cs=0 l=1 rev1=0 crypto rx=0 tx=0 comp rx=0 tx=0)._handle_peer_banner_payload supported=3 required=0
2024-02-19T18:51:28.623 INFO:teuthology.orchestra.run.smithi088.stdout:/usr/bin/ceph: stderr
2024-02-19T18:51:27.861+0000 7f8011d9b700 1 --2- 172.21.15.88:0/869061207 >> [v2:172.21.15.88:6800/3414266099,v1:172.21.15.88:6801/3414266099] conn(0x7f7ffc038440 0x7f7ffc03a8f0 secure :-1 s=READY pgs=20 cs=0 l=1 rev1=1 crypto rx=0x7f8008006fd0 tx=0x7f8008006e40 comp rx=0 tx=0).ready entity=mgr.14120 client_cookie=0 server_cookie=0 in_seq=0 out_seq=0
2024-02-19T18:51:28.623 INFO:teuthology.orchestra.run.smithi088.stdout:/usr/bin/ceph: stderr
2024-02-19T18:51:27.866+0000 7f80037fe700 1 -- 172.21.15.88:0/869061207 <== mon.0 v2:172.21.15.88:3300/0 6 ==== mon_command_ack([{"prefix": "get_command_descriptions"}]=0 v0) v1 ==== 72+0+177933 (secure 0 0 0) 0x7f8004019410 con 0x7f8014103cb0
2024-02-19T18:51:28.623 INFO:teuthology.orchestra.run.smithi088.stdout:/usr/bin/ceph: stderr
2024-02-19T18:51:28.055+0000 7f8018b47700 1 -- 172.21.15.88:0/869061207 --> [v2:172.21.15.88:3300/0,v1:172.21.15.88:6789/0] -- mon_command([{prefix=config set, name=mgr/cephadm/container_init}] v 0) v1 -- 0x7f8014107930 con 0x7f8014103cb0
2024-02-19T18:51:28.623 INFO:teuthology.orchestra.run.smithi088.stdout:/usr/bin/ceph: stderr
2024-02-19T18:51:28.058+0000 7f80037fe700 1 -- 172.21.15.88:0/869061207 <== mon.0 v2:172.21.15.88:3300/0 7 ==== mon_command_ack([{prefix=config set, name=mgr/cephadm/container_init}]=0 v7)=0 v7) v1 ==== 142+0+0 (secure 0 0 0) 0x7f8004010380 con 0x7f8014103cb0
2024-02-19T18:51:28.623 INFO:teuthology.orchestra.run.smithi088.stdout:/usr/bin/ceph: stderr
2024-02-19T18:51:28.061+0000 7f8018b47700 1 -- 172.21.15.88:0/869061207 >> [v2:172.21.15.88:6800/3414266099,v1:172.21.15.88:6801/3414266099] conn(0x7f7ffc038440 msgr2=0x7f7ffc03a8f0 secure :-1 s=STATE_CONNECTION_ESTABLISHED l=1).mark_down
2024-02-19T18:51:28.623 INFO:teuthology.orchestra.run.smithi088.stdout:/usr/bin/ceph: stderr
2024-02-19T18:51:28.061+0000 7f8018b47700 1 --2- 172.21.15.88:0/869061207 >> [v2:172.21.15.88:6800/3414266099,v1:172.21.15.88:6801/3414266099] conn(0x7f7ffc038440 0x7f7ffc03a8f0 secure :-1 s=READY pgs=20 cs=0 l=1 rev1=1 crypto rx=0x7f8008006fd0 tx=0x7f8008006e40 comp rx=0 tx=0).stop
2024-02-19T18:51:28.623 INFO:teuthology.orchestra.run.smithi088.stdout:/usr/bin/ceph: stderr
2024-02-19T18:51:28.061+0000 7f8018b47700 1 -- 172.21.15.88:0/869061207 >> [v2:172.21.15.88:3300/0,v1:172.21.15.88:6789/0] conn(0x7f8014103cb0 msgr2=0x7f8014106640 secure :-1 s=STATE_CONNECTION_ESTABLISHED l=1).mark_down
2024-02-19T18:51:28.623 INFO:teuthology.orchestra.run.smithi088.stdout:/usr/bin/ceph: stderr
2024-02-19T18:51:28.061+0000 7f8018b47700 1 --2- 172.21.15.88:0/869061207 >> [v2:172.21.15.88:3300/0,v1:172.21.15.88:6789/0] conn(0x7f8014103cb0 0x7f8014106640 secure :-1 s=READY pgs=64 cs=0 l=1 rev1=1 crypto rx=0x7f8004011670 tx=0x7f8004011b50 comp rx=0 tx=0).stop
2024-02-19T18:51:28.623 INFO:teuthology.orchestra.run.smithi088.stdout:/usr/bin/ceph: stderr
2024-02-19T18:51:28.061+0000 7f8018b47700 1 -- 172.21.15.88:0/869061207 shutdown_connections
2024-02-19T18:51:28.623 INFO:teuthology.orchestra.run.smithi088.stdout:/usr/bin/ceph: stderr
2024-02-19T18:51:28.061+0000 7f8018b47700 1 --2- 172.21.15.88:0/869061207 >> [v2:172.21.15.88:6800/3414266099,v1:172.21.15.88:6801/3414266099] conn(0x7f7ffc038440 0x7f7ffc03a8f0 unknown :-1 s=CLOSED pgs=20 cs=0 l=1 rev1=1 crypto rx=0 tx=0 comp rx=0 tx=0).stop
2024-02-19T18:51:28.624 INFO:teuthology.orchestra.run.smithi088.stdout:/usr/bin/ceph: stderr
2024-02-19T18:51:28.061+0000 7f8018b47700 1 --2- 172.21.15.88:0/869061207 >> [v2:172.21.15.88:3300/0,v1:172.21.15.88:6789/0] conn(0x7f8014103cb0 0x7f8014106640 unknown :-1 s=CLOSED pgs=64 cs=0 l=1 rev1=1 crypto rx=0 tx=0 comp rx=0 tx=0).stop
2024-02-19T18:51:28.624 INFO:teuthology.orchestra.run.smithi088.stdout:/usr/bin/ceph: stderr
2024-02-19T18:51:28.061+0000 7f8018b47700 1 -- 172.21.15.88:0/869061207 >> 172.21.15.88:0/869061207 conn(0x7f80140ff670 msgr2=0x7f8014100d70 unknown :-1 s=STATE_NONE l=0).mark_down
2024-02-19T18:51:28.624 INFO:teuthology.orchestra.run.smithi088.stdout:/usr/bin/ceph: stderr
2024-02-19T18:51:28.061+0000 7f8018b47700 1 -- 172.21.15.88:0/869061207 shutdown_connections
2024-02-19T18:51:28.624 INFO:teuthology.orchestra.run.smithi088.stdout:/usr/bin/ceph: stderr
2024-02-19T18:51:28.061+0000 7f8018b47700 1 -- 172.21.15.88:0/869061207 wait complete.
2024-02-19T18:51:28.992 INFO:journalctl@ceph.mon.smithi088.smithi088.stdout:Feb 19 18:51:28 smithi088 ceph-mon[29272]: pgmap v4: 0 pgs: ; 0 B data, 0 B used, 0 B / 0 B avail
2024-02-19T18:51:28.992 INFO:journalctl@ceph.mon.smithi088.smithi088.stdout:Feb 19 18:51:28 smithi088 ceph-mon[29272]: from='client.? 172.21.15.88:0/869061207' entity='client.admin'
2024-02-19T18:51:29.817 INFO:teuthology.orchestra.run.smithi088.stdout:/usr/bin/ceph: stderr
2024-02-19T18:51:29.003+0000 7f262ca72700 1 Processor -- start
2024-02-19T18:51:29.818 INFO:teuthology.orchestra.run.smithi088.stdout:/usr/bin/ceph: stderr
2024-02-19T18:51:29.003+0000 7f262ca72700 1 -- start start
2024-02-19T18:51:29.818 INFO:teuthology.orchestra.run.smithi088.stdout:/usr/bin/ceph: stderr
2024-02-19T18:51:29.004+0000 7f262ca72700 1 --2- >> [v2:172.21.15.88:3300/0,v1:172.21.15.88:6789/0] conn(0x7f2628105e70 0x7f2628106280 unknown :-1 s=NONE pgs=0 cs=0 l=0 rev1=0 crypto rx=0 tx=0 comp rx=0 tx=0).connect
2024-02-19T18:51:29.818 INFO:teuthology.orchestra.run.smithi088.stdout:/usr/bin/ceph: stderr
2024-02-19T18:51:29.004+0000 7f262ca72700 1 -- --> [v2:172.21.15.88:3300/0,v1:172.21.15.88:6789/0] -- mon_getmap magic: 0 v1 -- 0x7f26281067c0 con 0x7f2628105e70
2024-02-19T18:51:29.818 INFO:teuthology.orchestra.run.smithi088.stdout:/usr/bin/ceph: stderr
2024-02-19T18:51:29.004+0000 7f262659c700 1 --2- >> [v2:172.21.15.88:3300/0,v1:172.21.15.88:6789/0] conn(0x7f2628105e70 0x7f2628106280 unknown :-1 s=BANNER_CONNECTING pgs=0 cs=0 l=0 rev1=0 crypto rx=0 tx=0 comp rx=0 tx=0)._handle_peer_banner_payload supported=3 required=0
2024-02-19T18:51:29.818 INFO:teuthology.orchestra.run.smithi088.stdout:/usr/bin/ceph: stderr
2024-02-19T18:51:29.004+0000 7f262659c700 1 --2- >> [v2:172.21.15.88:3300/0,v1:172.21.15.88:6789/0] conn(0x7f2628105e70 0x7f2628106280 unknown :-1 s=HELLO_CONNECTING pgs=0 cs=0 l=0 rev1=1 crypto rx=0 tx=0 comp rx=0 tx=0).handle_hello peer v2:172.21.15.88:3300/0 says I am v2:172.21.15.88:50784/0 (socket says 172.21.15.88:50784)
2024-02-19T18:51:29.818 INFO:teuthology.orchestra.run.smithi088.stdout:/usr/bin/ceph: stderr
2024-02-19T18:51:29.004+0000 7f262659c700 1 -- 172.21.15.88:0/1672189260 learned_addr learned my addr 172.21.15.88:0/1672189260 (peer_addr_for_me v2:172.21.15.88:0/0)
2024-02-19T18:51:29.818 INFO:teuthology.orchestra.run.smithi088.stdout:/usr/bin/ceph: stderr
2024-02-19T18:51:29.004+0000 7f262659c700 1 -- 172.21.15.88:0/1672189260 --> [v2:172.21.15.88:3300/0,v1:172.21.15.88:6789/0] -- mon_subscribe({config=0+,monmap=0+}) v3 -- 0x7f2628106900 con 0x7f2628105e70
2024-02-19T18:51:29.818 INFO:teuthology.orchestra.run.smithi088.stdout:/usr/bin/ceph: stderr
2024-02-19T18:51:29.004+0000 7f262659c700 1 --2- 172.21.15.88:0/1672189260 >> [v2:172.21.15.88:3300/0,v1:172.21.15.88:6789/0] conn(0x7f2628105e70 0x7f2628106280 secure :-1 s=READY pgs=65 cs=0 l=1 rev1=1 crypto rx=0x7f2620009e80 tx=0x7f262000b330 comp rx=0 tx=0).ready entity=mon.0 client_cookie=cb4f782eef7c2b9f server_cookie=0 in_seq=0 out_seq=0
2024-02-19T18:51:29.819 INFO:teuthology.orchestra.run.smithi088.stdout:/usr/bin/ceph: stderr
2024-02-19T18:51:29.005+0000 7f262559a700 1 -- 172.21.15.88:0/1672189260 <== mon.0 v2:172.21.15.88:3300/0 1 ==== mon_map magic: 0 v1 ==== 229+0+0 (secure 0 0 0) 0x7f262000e070 con 0x7f2628105e70
2024-02-19T18:51:29.819 INFO:teuthology.orchestra.run.smithi088.stdout:/usr/bin/ceph: stderr
2024-02-19T18:51:29.005+0000 7f262559a700 1 -- 172.21.15.88:0/1672189260 <== mon.0 v2:172.21.15.88:3300/0 2 ==== config(27 keys) v1 ==== 1101+0+0 (secure 0 0 0) 0x7f262000b8c0 con 0x7f2628105e70
2024-02-19T18:51:29.819 INFO:teuthology.orchestra.run.smithi088.stdout:/usr/bin/ceph: stderr
2024-02-19T18:51:29.005+0000 7f262559a700 1 -- 172.21.15.88:0/1672189260 <== mon.0 v2:172.21.15.88:3300/0 3 ==== mon_map magic: 0 v1 ==== 229+0+0 (secure 0 0 0) 0x7f26200044d0 con 0x7f2628105e70
2024-02-19T18:51:29.819 INFO:teuthology.orchestra.run.smithi088.stdout:/usr/bin/ceph: stderr
2024-02-19T18:51:29.005+0000 7f262ca72700 1 -- 172.21.15.88:0/1672189260 >> [v2:172.21.15.88:3300/0,v1:172.21.15.88:6789/0] conn(0x7f2628105e70 msgr2=0x7f2628106280 secure :-1 s=STATE_CONNECTION_ESTABLISHED l=1).mark_down
2024-02-19T18:51:29.819 INFO:teuthology.orchestra.run.smithi088.stdout:/usr/bin/ceph: stderr
