2024-02-20T07:43:04.284+0000 7fa8cf7fe700 1 -- 172.21.15.64:0/2071819052 <== mon.0 v2:172.21.15.64:3300/0 3 ==== mon_map magic: 0 v1 ==== 229+0+0 (secure 0 0 0) 0x7fa8c4011a50 con 0x7fa8d0105340
2024-02-20T07:43:05.147 INFO:teuthology.orchestra.run.smithi064.stdout:/usr/bin/ceph: stderr
2024-02-20T07:43:04.284+0000 7fa8d6a96700 1 -- 172.21.15.64:0/2071819052 >> [v2:172.21.15.64:3300/0,v1:172.21.15.64:6789/0] conn(0x7fa8d0105340 msgr2=0x7fa8d0105760 secure :-1 s=STATE_CONNECTION_ESTABLISHED l=1).mark_down
2024-02-20T07:43:05.147 INFO:teuthology.orchestra.run.smithi064.stdout:/usr/bin/ceph: stderr
2024-02-20T07:43:04.284+0000 7fa8d6a96700 1 --2- 172.21.15.64:0/2071819052 >> [v2:172.21.15.64:3300/0,v1:172.21.15.64:6789/0] conn(0x7fa8d0105340 0x7fa8d0105760 secure :-1 s=READY pgs=24 cs=0 l=1 rev1=1 crypto rx=0x7fa8c40098a0 tx=0x7fa8c4009bb0 comp rx=0 tx=0).stop
2024-02-20T07:43:05.147 INFO:teuthology.orchestra.run.smithi064.stdout:/usr/bin/ceph: stderr
2024-02-20T07:43:04.284+0000 7fa8d6a96700 1 -- 172.21.15.64:0/2071819052 shutdown_connections
2024-02-20T07:43:05.147 INFO:teuthology.orchestra.run.smithi064.stdout:/usr/bin/ceph: stderr
2024-02-20T07:43:04.284+0000 7fa8d6a96700 1 --2- 172.21.15.64:0/2071819052 >> [v2:172.21.15.64:3300/0,v1:172.21.15.64:6789/0] conn(0x7fa8d0105340 0x7fa8d0105760 unknown :-1 s=CLOSED pgs=24 cs=0 l=1 rev1=1 crypto rx=0 tx=0 comp rx=0 tx=0).stop
2024-02-20T07:43:05.147 INFO:teuthology.orchestra.run.smithi064.stdout:/usr/bin/ceph: stderr
2024-02-20T07:43:04.284+0000 7fa8d6a96700 1 -- 172.21.15.64:0/2071819052 >> 172.21.15.64:0/2071819052 conn(0x7fa8d01008c0 msgr2=0x7fa8d0102d20 unknown :-1 s=STATE_NONE l=0).mark_down
2024-02-20T07:43:05.147 INFO:teuthology.orchestra.run.smithi064.stdout:/usr/bin/ceph: stderr
2024-02-20T07:43:04.284+0000 7fa8d6a96700 1 -- 172.21.15.64:0/2071819052 shutdown_connections
2024-02-20T07:43:05.148 INFO:teuthology.orchestra.run.smithi064.stdout:/usr/bin/ceph: stderr
2024-02-20T07:43:04.284+0000 7fa8d6a96700 1 -- 172.21.15.64:0/2071819052 wait complete.
2024-02-20T07:43:05.148 INFO:teuthology.orchestra.run.smithi064.stdout:/usr/bin/ceph: stderr
2024-02-20T07:43:04.285+0000 7fa8d6a96700 1 Processor -- start
2024-02-20T07:43:05.148 INFO:teuthology.orchestra.run.smithi064.stdout:/usr/bin/ceph: stderr
2024-02-20T07:43:04.285+0000 7fa8d6a96700 1 -- start start
2024-02-20T07:43:05.148 INFO:teuthology.orchestra.run.smithi064.stdout:/usr/bin/ceph: stderr
2024-02-20T07:43:04.285+0000 7fa8d6a96700 1 --2- >> [v2:172.21.15.64:3300/0,v1:172.21.15.64:6789/0] conn(0x7fa8d0105340 0x7fa8d0190510 unknown :-1 s=NONE pgs=0 cs=0 l=1 rev1=0 crypto rx=0 tx=0 comp rx=0 tx=0).connect
2024-02-20T07:43:05.148 INFO:teuthology.orchestra.run.smithi064.stdout:/usr/bin/ceph: stderr
2024-02-20T07:43:04.285+0000 7fa8d6a96700 1 -- --> [v2:172.21.15.64:3300/0,v1:172.21.15.64:6789/0] -- mon_getmap magic: 0 v1 -- 0x7fa8d0190a50 con 0x7fa8d0105340
2024-02-20T07:43:05.148 INFO:teuthology.orchestra.run.smithi064.stdout:/usr/bin/ceph: stderr
2024-02-20T07:43:04.285+0000 7fa8d4832700 1 --2- >> [v2:172.21.15.64:3300/0,v1:172.21.15.64:6789/0] conn(0x7fa8d0105340 0x7fa8d0190510 unknown :-1 s=BANNER_CONNECTING pgs=0 cs=0 l=1 rev1=0 crypto rx=0 tx=0 comp rx=0 tx=0)._handle_peer_banner_payload supported=3 required=0
2024-02-20T07:43:05.148 INFO:teuthology.orchestra.run.smithi064.stdout:/usr/bin/ceph: stderr
2024-02-20T07:43:04.285+0000 7fa8d4832700 1 --2- >> [v2:172.21.15.64:3300/0,v1:172.21.15.64:6789/0] conn(0x7fa8d0105340 0x7fa8d0190510 unknown :-1 s=HELLO_CONNECTING pgs=0 cs=0 l=1 rev1=1 crypto rx=0 tx=0 comp rx=0 tx=0).handle_hello peer v2:172.21.15.64:3300/0 says I am v2:172.21.15.64:40236/0 (socket says 172.21.15.64:40236)
2024-02-20T07:43:05.148 INFO:teuthology.orchestra.run.smithi064.stdout:/usr/bin/ceph: stderr
2024-02-20T07:43:04.285+0000 7fa8d4832700 1 -- 172.21.15.64:0/991130773 learned_addr learned my addr 172.21.15.64:0/991130773 (peer_addr_for_me v2:172.21.15.64:0/0)
2024-02-20T07:43:05.148 INFO:teuthology.orchestra.run.smithi064.stdout:/usr/bin/ceph: stderr
2024-02-20T07:43:04.286+0000 7fa8d4832700 1 -- 172.21.15.64:0/991130773 --> [v2:172.21.15.64:3300/0,v1:172.21.15.64:6789/0] -- mon_subscribe({config=0+,monmap=0+}) v3 -- 0x7fa8c4009550 con 0x7fa8d0105340
2024-02-20T07:43:05.148 INFO:teuthology.orchestra.run.smithi064.stdout:/usr/bin/ceph: stderr
2024-02-20T07:43:04.286+0000 7fa8d4832700 1 --2- 172.21.15.64:0/991130773 >> [v2:172.21.15.64:3300/0,v1:172.21.15.64:6789/0] conn(0x7fa8d0105340 0x7fa8d0190510 secure :-1 s=READY pgs=25 cs=0 l=1 rev1=1 crypto rx=0x7fa8c4003de0 tx=0x7fa8c4011ab0 comp rx=0 tx=0).ready entity=mon.0 client_cookie=0 server_cookie=0 in_seq=0 out_seq=0
2024-02-20T07:43:05.148 INFO:teuthology.orchestra.run.smithi064.stdout:/usr/bin/ceph: stderr
2024-02-20T07:43:04.286+0000 7fa8cdffb700 1 -- 172.21.15.64:0/991130773 <== mon.0 v2:172.21.15.64:3300/0 1 ==== mon_map magic: 0 v1 ==== 229+0+0 (secure 0 0 0) 0x7fa8c4003930 con 0x7fa8d0105340
2024-02-20T07:43:05.148 INFO:teuthology.orchestra.run.smithi064.stdout:/usr/bin/ceph: stderr
2024-02-20T07:43:04.286+0000 7fa8cdffb700 1 -- 172.21.15.64:0/991130773 <== mon.0 v2:172.21.15.64:3300/0 2 ==== config(27 keys) v1 ==== 1037+0+0 (secure 0 0 0) 0x7fa8c4003a90 con 0x7fa8d0105340
2024-02-20T07:43:05.148 INFO:teuthology.orchestra.run.smithi064.stdout:/usr/bin/ceph: stderr
2024-02-20T07:43:04.286+0000 7fa8cdffb700 1 -- 172.21.15.64:0/991130773 <== mon.0 v2:172.21.15.64:3300/0 3 ==== mon_map magic: 0 v1 ==== 229+0+0 (secure 0 0 0) 0x7fa8c40196c0 con 0x7fa8d0105340
2024-02-20T07:43:05.150 INFO:teuthology.orchestra.run.smithi064.stdout:/usr/bin/ceph: stderr
2024-02-20T07:43:04.286+0000 7fa8d6a96700 1 -- 172.21.15.64:0/991130773 --> [v2:172.21.15.64:3300/0,v1:172.21.15.64:6789/0] -- mon_subscribe({mgrmap=0+}) v3 -- 0x7fa8d018eb60 con 0x7fa8d0105340
2024-02-20T07:43:05.150 INFO:teuthology.orchestra.run.smithi064.stdout:/usr/bin/ceph: stderr
2024-02-20T07:43:04.286+0000 7fa8d6a96700 1 -- 172.21.15.64:0/991130773 --> [v2:172.21.15.64:3300/0,v1:172.21.15.64:6789/0] -- mon_subscribe({osdmap=0}) v3 -- 0x7fa8d018f000 con 0x7fa8d0105340
2024-02-20T07:43:05.150 INFO:teuthology.orchestra.run.smithi064.stdout:/usr/bin/ceph: stderr
2024-02-20T07:43:04.287+0000 7fa8cdffb700 1 -- 172.21.15.64:0/991130773 <== mon.0 v2:172.21.15.64:3300/0 4 ==== mgrmap(e 5) v1 ==== 45283+0+0 (secure 0 0 0) 0x7fa8c401abc0 con 0x7fa8d0105340
2024-02-20T07:43:05.150 INFO:teuthology.orchestra.run.smithi064.stdout:/usr/bin/ceph: stderr
2024-02-20T07:43:04.287+0000 7fa8d6a96700 1 -- 172.21.15.64:0/991130773 --> [v2:172.21.15.64:3300/0,v1:172.21.15.64:6789/0] -- mon_command({"prefix": "get_command_descriptions"} v 0) v1 -- 0x7fa8d00623c0 con 0x7fa8d0105340
2024-02-20T07:43:05.150 INFO:teuthology.orchestra.run.smithi064.stdout:/usr/bin/ceph: stderr
2024-02-20T07:43:04.287+0000 7fa8cdffb700 1 --2- 172.21.15.64:0/991130773 >> [v2:172.21.15.64:6800/3192857786,v1:172.21.15.64:6801/3192857786] conn(0x7fa8c0038370 0x7fa8c003a830 unknown :-1 s=NONE pgs=0 cs=0 l=1 rev1=0 crypto rx=0 tx=0 comp rx=0 tx=0).connect
2024-02-20T07:43:05.150 INFO:teuthology.orchestra.run.smithi064.stdout:/usr/bin/ceph: stderr
2024-02-20T07:43:04.287+0000 7fa8cdffb700 1 -- 172.21.15.64:0/991130773 <== mon.0 v2:172.21.15.64:3300/0 5 ==== osd_map(1..1 src has 1..1) v4 ==== 725+0+0 (secure 0 0 0) 0x7fa8c404c090 con 0x7fa8d0105340
2024-02-20T07:43:05.150 INFO:teuthology.orchestra.run.smithi064.stdout:/usr/bin/ceph: stderr
2024-02-20T07:43:04.287+0000 7fa8cffff700 1 -- 172.21.15.64:0/991130773 >> [v2:172.21.15.64:6800/3192857786,v1:172.21.15.64:6801/3192857786] conn(0x7fa8c0038370 msgr2=0x7fa8c003a830 unknown :-1 s=STATE_CONNECTING_RE l=1).process reconnect failed to v2:172.21.15.64:6800/3192857786
2024-02-20T07:43:05.150 INFO:teuthology.orchestra.run.smithi064.stdout:/usr/bin/ceph: stderr
2024-02-20T07:43:04.287+0000 7fa8cffff700 1 --2- 172.21.15.64:0/991130773 >> [v2:172.21.15.64:6800/3192857786,v1:172.21.15.64:6801/3192857786] conn(0x7fa8c0038370 0x7fa8c003a830 unknown :-1 s=START_CONNECT pgs=0 cs=0 l=1 rev1=0 crypto rx=0 tx=0 comp rx=0 tx=0)._fault waiting 0.200000
2024-02-20T07:43:05.150 INFO:teuthology.orchestra.run.smithi064.stdout:/usr/bin/ceph: stderr
2024-02-20T07:43:04.292+0000 7fa8cdffb700 1 -- 172.21.15.64:0/991130773 <== mon.0 v2:172.21.15.64:3300/0 6 ==== mon_command_ack([{"prefix": "get_command_descriptions"}]=0 v0) v1 ==== 72+0+180422 (secure 0 0 0) 0x7fa8c4010770 con 0x7fa8d0105340
2024-02-20T07:43:05.150 INFO:teuthology.orchestra.run.smithi064.stdout:/usr/bin/ceph: stderr
2024-02-20T07:43:04.488+0000 7fa8cffff700 1 -- 172.21.15.64:0/991130773 >> [v2:172.21.15.64:6800/3192857786,v1:172.21.15.64:6801/3192857786] conn(0x7fa8c0038370 msgr2=0x7fa8c003a830 unknown :-1 s=STATE_CONNECTING_RE l=1).process reconnect failed to v2:172.21.15.64:6800/3192857786
2024-02-20T07:43:05.150 INFO:teuthology.orchestra.run.smithi064.stdout:/usr/bin/ceph: stderr
2024-02-20T07:43:04.488+0000 7fa8cffff700 1 --2- 172.21.15.64:0/991130773 >> [v2:172.21.15.64:6800/3192857786,v1:172.21.15.64:6801/3192857786] conn(0x7fa8c0038370 0x7fa8c003a830 unknown :-1 s=START_CONNECT pgs=0 cs=0 l=1 rev1=0 crypto rx=0 tx=0 comp rx=0 tx=0)._fault waiting 0.400000
2024-02-20T07:43:05.150 INFO:teuthology.orchestra.run.smithi064.stdout:/usr/bin/ceph: stderr
2024-02-20T07:43:04.547+0000 7fa8d6a96700 1 -- 172.21.15.64:0/991130773 --> [v2:172.21.15.64:3300/0,v1:172.21.15.64:6789/0] -- mon_command({"prefix": "mgr stat"} v 0) v1 -- 0x7fa8d01097f0 con 0x7fa8d0105340
2024-02-20T07:43:05.150 INFO:teuthology.orchestra.run.smithi064.stdout:/usr/bin/ceph: stderr
2024-02-20T07:43:04.547+0000 7fa8cdffb700 1 -- 172.21.15.64:0/991130773 <== mon.0 v2:172.21.15.64:3300/0 7 ==== mon_command_ack([{"prefix": "mgr stat"}]=0 v5) v1 ==== 56+0+103 (secure 0 0 0) 0x7fa8c4010380 con 0x7fa8d0105340
2024-02-20T07:43:05.151 INFO:teuthology.orchestra.run.smithi064.stdout:/usr/bin/ceph: stderr
2024-02-20T07:43:04.549+0000 7fa8d6a96700 1 -- 172.21.15.64:0/991130773 >> [v2:172.21.15.64:6800/3192857786,v1:172.21.15.64:6801/3192857786] conn(0x7fa8c0038370 msgr2=0x7fa8c003a830 unknown :-1 s=STATE_CONNECTING l=1).mark_down
2024-02-20T07:43:05.151 INFO:teuthology.orchestra.run.smithi064.stdout:/usr/bin/ceph: stderr
2024-02-20T07:43:04.549+0000 7fa8d6a96700 1 --2- 172.21.15.64:0/991130773 >> [v2:172.21.15.64:6800/3192857786,v1:172.21.15.64:6801/3192857786] conn(0x7fa8c0038370 0x7fa8c003a830 unknown :-1 s=START_CONNECT pgs=0 cs=0 l=1 rev1=0 crypto rx=0 tx=0 comp rx=0 tx=0).stop
2024-02-20T07:43:05.151 INFO:teuthology.orchestra.run.smithi064.stdout:/usr/bin/ceph: stderr
2024-02-20T07:43:04.549+0000 7fa8d6a96700 1 -- 172.21.15.64:0/991130773 >> [v2:172.21.15.64:3300/0,v1:172.21.15.64:6789/0] conn(0x7fa8d0105340 msgr2=0x7fa8d0190510 secure :-1 s=STATE_CONNECTION_ESTABLISHED l=1).mark_down
2024-02-20T07:43:05.151 INFO:teuthology.orchestra.run.smithi064.stdout:/usr/bin/ceph: stderr
2024-02-20T07:43:04.549+0000 7fa8d6a96700 1 --2- 172.21.15.64:0/991130773 >> [v2:172.21.15.64:3300/0,v1:172.21.15.64:6789/0] conn(0x7fa8d0105340 0x7fa8d0190510 secure :-1 s=READY pgs=25 cs=0 l=1 rev1=1 crypto rx=0x7fa8c4003de0 tx=0x7fa8c4011ab0 comp rx=0 tx=0).stop
2024-02-20T07:43:05.151 INFO:teuthology.orchestra.run.smithi064.stdout:/usr/bin/ceph: stderr
2024-02-20T07:43:04.549+0000 7fa8d6a96700 1 -- 172.21.15.64:0/991130773 shutdown_connections
2024-02-20T07:43:05.151 INFO:teuthology.orchestra.run.smithi064.stdout:/usr/bin/ceph: stderr
2024-02-20T07:43:04.549+0000 7fa8d6a96700 1 --2- 172.21.15.64:0/991130773 >> [v2:172.21.15.64:6800/3192857786,v1:172.21.15.64:6801/3192857786] conn(0x7fa8c0038370 0x7fa8c003a830 unknown :-1 s=CLOSED pgs=0 cs=0 l=1 rev1=0 crypto rx=0 tx=0 comp rx=0 tx=0).stop
2024-02-20T07:43:05.151 INFO:teuthology.orchestra.run.smithi064.stdout:/usr/bin/ceph: stderr
2024-02-20T07:43:04.549+0000 7fa8d6a96700 1 --2- 172.21.15.64:0/991130773 >> [v2:172.21.15.64:3300/0,v1:172.21.15.64:6789/0] conn(0x7fa8d0105340 0x7fa8d0190510 unknown :-1 s=CLOSED pgs=25 cs=0 l=1 rev1=1 crypto rx=0 tx=0 comp rx=0 tx=0).stop
2024-02-20T07:43:05.151 INFO:teuthology.orchestra.run.smithi064.stdout:/usr/bin/ceph: stderr
2024-02-20T07:43:04.549+0000 7fa8d6a96700 1 -- 172.21.15.64:0/991130773 >> 172.21.15.64:0/991130773 conn(0x7fa8d01008c0 msgr2=0x7fa8d00740f0 unknown :-1 s=STATE_NONE l=0).mark_down
2024-02-20T07:43:05.151 INFO:teuthology.orchestra.run.smithi064.stdout:/usr/bin/ceph: stderr
2024-02-20T07:43:04.549+0000 7fa8d6a96700 1 -- 172.21.15.64:0/991130773 shutdown_connections
2024-02-20T07:43:05.151 INFO:teuthology.orchestra.run.smithi064.stdout:/usr/bin/ceph: stderr
2024-02-20T07:43:04.549+0000 7fa8d6a96700 1 -- 172.21.15.64:0/991130773 wait complete.
2024-02-20T07:43:05.151 INFO:teuthology.orchestra.run.smithi064.stdout:Waiting for the mgr to restart...
2024-02-20T07:43:05.151 INFO:teuthology.orchestra.run.smithi064.stdout:Waiting for mgr epoch 5...
2024-02-20T07:43:05.622 INFO:journalctl@ceph.mon.smithi064.smithi064.stdout:Feb 20 07:43:05 smithi064 ceph-mon[29064]: from='client.? 172.21.15.64:0/991130773' entity='client.admin' cmd=[{"prefix": "mgr stat"}]: dispatch
2024-02-20T07:43:10.449 INFO:journalctl@ceph.mon.smithi064.smithi064.stdout:Feb 20 07:43:10 smithi064 ceph-mon[29064]: Active manager daemon smithi064.klfdom restarted
2024-02-20T07:43:10.449 INFO:journalctl@ceph.mon.smithi064.smithi064.stdout:Feb 20 07:43:10 smithi064 ceph-mon[29064]: Activating manager daemon smithi064.klfdom
2024-02-20T07:43:10.449 INFO:journalctl@ceph.mon.smithi064.smithi064.stdout:Feb 20 07:43:10 smithi064 ceph-mon[29064]: osdmap e2: 0 total, 0 up, 0 in
2024-02-20T07:43:10.449 INFO:journalctl@ceph.mon.smithi064.smithi064.stdout:Feb 20 07:43:10 smithi064 ceph-mon[29064]: mgrmap e6: smithi064.klfdom(active, starting, since 0.0034642s)
2024-02-20T07:43:10.449 INFO:journalctl@ceph.mon.smithi064.smithi064.stdout:Feb 20 07:43:10 smithi064 ceph-mon[29064]: from='mgr.14118 172.21.15.64:0/1313779086' entity='mgr.smithi064.klfdom' cmd=[{"prefix": "mon metadata", "id": "smithi064"}]: dispatch
2024-02-20T07:43:10.449 INFO:journalctl@ceph.mon.smithi064.smithi064.stdout:Feb 20 07:43:10 smithi064 ceph-mon[29064]: from='mgr.14118 172.21.15.64:0/1313779086' entity='mgr.smithi064.klfdom' cmd=[{"prefix": "mgr metadata", "who": "smithi064.klfdom", "id": "smithi064.klfdom"}]: dispatch
2024-02-20T07:43:10.449 INFO:journalctl@ceph.mon.smithi064.smithi064.stdout:Feb 20 07:43:10 smithi064 ceph-mon[29064]: from='mgr.14118 172.21.15.64:0/1313779086' entity='mgr.smithi064.klfdom' cmd=[{"prefix": "mds metadata"}]: dispatch
2024-02-20T07:43:10.449 INFO:journalctl@ceph.mon.smithi064.smithi064.stdout:Feb 20 07:43:10 smithi064 ceph-mon[29064]: from='mgr.14118 172.21.15.64:0/1313779086' entity='mgr.smithi064.klfdom' cmd=[{"prefix": "osd metadata"}]: dispatch
2024-02-20T07:43:10.450 INFO:journalctl@ceph.mon.smithi064.smithi064.stdout:Feb 20 07:43:10 smithi064 ceph-mon[29064]: from='mgr.14118 172.21.15.64:0/1313779086' entity='mgr.smithi064.klfdom' cmd=[{"prefix": "mon metadata"}]: dispatch
2024-02-20T07:43:10.450 INFO:journalctl@ceph.mon.smithi064.smithi064.stdout:Feb 20 07:43:10 smithi064 ceph-mon[29064]: Manager daemon smithi064.klfdom is now available
2024-02-20T07:43:10.450 INFO:journalctl@ceph.mon.smithi064.smithi064.stdout:Feb 20 07:43:10 smithi064 ceph-mon[29064]: from='mgr.14118 172.21.15.64:0/1313779086' entity='mgr.smithi064.klfdom'
2024-02-20T07:43:10.450 INFO:journalctl@ceph.mon.smithi064.smithi064.stdout:Feb 20 07:43:10 smithi064 ceph-mon[29064]: from='mgr.14118 172.21.15.64:0/1313779086' entity='mgr.smithi064.klfdom'
2024-02-20T07:43:10.450 INFO:journalctl@ceph.mon.smithi064.smithi064.stdout:Feb 20 07:43:10 smithi064 ceph-mon[29064]: from='mgr.14118 172.21.15.64:0/1313779086' entity='mgr.smithi064.klfdom' cmd=[{"prefix": "config dump", "format": "json"}]: dispatch
2024-02-20T07:43:10.450 INFO:journalctl@ceph.mon.smithi064.smithi064.stdout:Feb 20 07:43:10 smithi064 ceph-mon[29064]: from='mgr.14118 172.21.15.64:0/1313779086' entity='mgr.smithi064.klfdom' cmd=[{"prefix": "config dump", "format": "json"}]: dispatch
2024-02-20T07:43:10.450 INFO:journalctl@ceph.mon.smithi064.smithi064.stdout:Feb 20 07:43:10 smithi064 ceph-mon[29064]: from='mgr.14118 172.21.15.64:0/1313779086' entity='mgr.smithi064.klfdom' cmd=[{"prefix": "config dump", "format": "json"}]: dispatch
2024-02-20T07:43:11.448 INFO:journalctl@ceph.mon.smithi064.smithi064.stdout:Feb 20 07:43:11 smithi064 ceph-mon[29064]: Found migration_current of "None". Setting to last migration.
2024-02-20T07:43:11.449 INFO:journalctl@ceph.mon.smithi064.smithi064.stdout:Feb 20 07:43:11 smithi064 ceph-mon[29064]: from='mgr.14118 172.21.15.64:0/1313779086' entity='mgr.smithi064.klfdom' cmd=[{"prefix":"config rm","who":"mgr","name":"mgr/rbd_support/smithi064.klfdom/mirror_snapshot_schedule"}]: dispatch
2024-02-20T07:43:11.449 INFO:journalctl@ceph.mon.smithi064.smithi064.stdout:Feb 20 07:43:11 smithi064 ceph-mon[29064]: from='mgr.14118 172.21.15.64:0/1313779086' entity='mgr.smithi064.klfdom' cmd=[{"prefix":"config rm","who":"mgr","name":"mgr/rbd_support/smithi064.klfdom/trash_purge_schedule"}]: dispatch
2024-02-20T07:43:11.449 INFO:journalctl@ceph.mon.smithi064.smithi064.stdout:Feb 20 07:43:11 smithi064 ceph-mon[29064]: from='mgr.14118 172.21.15.64:0/1313779086' entity='mgr.smithi064.klfdom'
2024-02-20T07:43:11.449 INFO:journalctl@ceph.mon.smithi064.smithi064.stdout:Feb 20 07:43:11 smithi064 ceph-mon[29064]: from='mgr.14118 172.21.15.64:0/1313779086' entity='mgr.smithi064.klfdom'
2024-02-20T07:43:11.449 INFO:journalctl@ceph.mon.smithi064.smithi064.stdout:Feb 20 07:43:11 smithi064 ceph-mon[29064]: mgrmap e7: smithi064.klfdom(active, since 1.00538s)
2024-02-20T07:43:11.764 INFO:teuthology.orchestra.run.smithi064.stdout:/usr/bin/ceph: stdout {
2024-02-20T07:43:11.765 INFO:teuthology.orchestra.run.smithi064.stdout:/usr/bin/ceph: stdout "mgrmap_epoch": 7,
2024-02-20T07:43:11.765 INFO:teuthology.orchestra.run.smithi064.stdout:/usr/bin/ceph: stdout "initialized": true
2024-02-20T07:43:11.765 INFO:teuthology.orchestra.run.smithi064.stdout:/usr/bin/ceph: stdout }
2024-02-20T07:43:11.765 INFO:teuthology.orchestra.run.smithi064.stdout:/usr/bin/ceph: stderr
2024-02-20T07:43:05.529+0000 7f9ae63f3700 1 Processor -- start
2024-02-20T07:43:11.765 INFO:teuthology.orchestra.run.smithi064.stdout:/usr/bin/ceph: stderr
2024-02-20T07:43:05.530+0000 7f9ae63f3700 1 -- start start
2024-02-20T07:43:11.765 INFO:teuthology.orchestra.run.smithi064.stdout:/usr/bin/ceph: stderr
2024-02-20T07:43:05.530+0000 7f9ae63f3700 1 --2- >> [v2:172.21.15.64:3300/0,v1:172.21.15.64:6789/0] conn(0x7f9ae0105860 0x7f9ae0105c80 unknown :-1 s=NONE pgs=0 cs=0 l=0 rev1=0 crypto rx=0 tx=0 comp rx=0 tx=0).connect
2024-02-20T07:43:11.766 INFO:teuthology.orchestra.run.smithi064.stdout:/usr/bin/ceph: stderr
2024-02-20T07:43:05.530+0000 7f9ae63f3700 1 -- --> [v2:172.21.15.64:3300/0,v1:172.21.15.64:6789/0] -- mon_getmap magic: 0 v1 -- 0x7f9ae0106250 con 0x7f9ae0105860
2024-02-20T07:43:11.766 INFO:teuthology.orchestra.run.smithi064.stdout:/usr/bin/ceph: stderr
2024-02-20T07:43:05.530+0000 7f9adffff700 1 --2- >> [v2:172.21.15.64:3300/0,v1:172.21.15.64:6789/0] conn(0x7f9ae0105860 0x7f9ae0105c80 unknown :-1 s=BANNER_CONNECTING pgs=0 cs=0 l=0 rev1=0 crypto rx=0 tx=0 comp rx=0 tx=0)._handle_peer_banner_payload supported=3 required=0
2024-02-20T07:43:11.766 INFO:teuthology.orchestra.run.smithi064.stdout:/usr/bin/ceph: stderr
2024-02-20T07:43:05.530+0000 7f9adffff700 1 --2- >> [v2:172.21.15.64:3300/0,v1:172.21.15.64:6789/0] conn(0x7f9ae0105860 0x7f9ae0105c80 unknown :-1 s=HELLO_CONNECTING pgs=0 cs=0 l=0 rev1=1 crypto rx=0 tx=0 comp rx=0 tx=0).handle_hello peer v2:172.21.15.64:3300/0 says I am v2:172.21.15.64:40238/0 (socket says 172.21.15.64:40238)
2024-02-20T07:43:11.766 INFO:teuthology.orchestra.run.smithi064.stdout:/usr/bin/ceph: stderr
2024-02-20T07:43:05.530+0000 7f9adffff700 1 -- 172.21.15.64:0/1202867260 learned_addr learned my addr 172.21.15.64:0/1202867260 (peer_addr_for_me v2:172.21.15.64:0/0)
2024-02-20T07:43:11.766 INFO:teuthology.orchestra.run.smithi064.stdout:/usr/bin/ceph: stderr
2024-02-20T07:43:05.530+0000 7f9adffff700 1 -- 172.21.15.64:0/1202867260 --> [v2:172.21.15.64:3300/0,v1:172.21.15.64:6789/0] -- mon_subscribe({config=0+,monmap=0+}) v3 -- 0x7f9ae0106580 con 0x7f9ae0105860
2024-02-20T07:43:11.767 INFO:teuthology.orchestra.run.smithi064.stdout:/usr/bin/ceph: stderr
2024-02-20T07:43:05.530+0000 7f9adffff700 1 --2- 172.21.15.64:0/1202867260 >> [v2:172.21.15.64:3300/0,v1:172.21.15.64:6789/0] conn(0x7f9ae0105860 0x7f9ae0105c80 secure :-1 s=READY pgs=26 cs=0 l=1 rev1=1 crypto rx=0x7f9ad00098a0 tx=0x7f9ad0009bb0 comp rx=0 tx=0).ready entity=mon.0 client_cookie=151d59489f2c3fc4 server_cookie=0 in_seq=0 out_seq=0
2024-02-20T07:43:11.767 INFO:teuthology.orchestra.run.smithi064.stdout:/usr/bin/ceph: stderr
2024-02-20T07:43:05.531+0000 7f9adeffd700 1 -- 172.21.15.64:0/1202867260 <== mon.0 v2:172.21.15.64:3300/0 1 ==== mon_map magic: 0 v1 ==== 229+0+0 (secure 0 0 0) 0x7f9ad0004180 con 0x7f9ae0105860
2024-02-20T07:43:11.767 INFO:teuthology.orchestra.run.smithi064.stdout:/usr/bin/ceph: stderr
2024-02-20T07:43:05.531+0000 7f9adeffd700 1 -- 172.21.15.64:0/1202867260 <== mon.0 v2:172.21.15.64:3300/0 2 ==== config(27 keys) v1 ==== 1037+0+0 (secure 0 0 0) 0x7f9ad00042e0 con 0x7f9ae0105860
2024-02-20T07:43:11.767 INFO:teuthology.orchestra.run.smithi064.stdout:/usr/bin/ceph: stderr
2024-02-20T07:43:05.531+0000 7f9adeffd700 1 -- 172.21.15.64:0/1202867260 <== mon.0 v2:172.21.15.64:3300/0 3 ==== mon_map magic: 0 v1 ==== 229+0+0 (secure 0 0 0) 0x7f9ad0011a50 con 0x7f9ae0105860
2024-02-20T07:43:11.767 INFO:teuthology.orchestra.run.smithi064.stdout:/usr/bin/ceph: stderr
2024-02-20T07:43:05.531+0000 7f9ae63f3700 1 -- 172.21.15.64:0/1202867260 >> [v2:172.21.15.64:3300/0,v1:172.21.15.64:6789/0] conn(0x7f9ae0105860 msgr2=0x7f9ae0105c80 secure :-1 s=STATE_CONNECTION_ESTABLISHED l=1).mark_down
2024-02-20T07:43:11.767 INFO:teuthology.orchestra.run.smithi064.stdout:/usr/bin/ceph: stderr
2024-02-20T07:43:05.531+0000 7f9ae63f3700 1 --2- 172.21.15.64:0/1202867260 >> [v2:172.21.15.64:3300/0,v1:172.21.15.64:6789/0] conn(0x7f9ae0105860 0x7f9ae0105c80 secure :-1 s=READY pgs=26 cs=0 l=1 rev1=1 crypto rx=0x7f9ad00098a0 tx=0x7f9ad0009bb0 comp rx=0 tx=0).stop
2024-02-20T07:43:11.768 INFO:teuthology.orchestra.run.smithi064.stdout:/usr/bin/ceph: stderr
2024-02-20T07:43:05.531+0000 7f9ae63f3700 1 -- 172.21.15.64:0/1202867260 shutdown_connections
2024-02-20T07:43:11.768 INFO:teuthology.orchestra.run.smithi064.stdout:/usr/bin/ceph: stderr
2024-02-20T07:43:05.531+0000 7f9ae63f3700 1 --2- 172.21.15.64:0/1202867260 >> [v2:172.21.15.64:3300/0,v1:172.21.15.64:6789/0] conn(0x7f9ae0105860 0x7f9ae0105c80 unknown :-1 s=CLOSED pgs=26 cs=0 l=1 rev1=1 crypto rx=0 tx=0 comp rx=0 tx=0).stop
2024-02-20T07:43:11.768 INFO:teuthology.orchestra.run.smithi064.stdout:/usr/bin/ceph: stderr
2024-02-20T07:43:05.531+0000 7f9ae63f3700 1 -- 172.21.15.64:0/1202867260 >> 172.21.15.64:0/1202867260 conn(0x7f9ae0100040 msgr2=0x7f9ae01024a0 unknown :-1 s=STATE_NONE l=0).mark_down
2024-02-20T07:43:11.768 INFO:teuthology.orchestra.run.smithi064.stdout:/usr/bin/ceph: stderr
2024-02-20T07:43:05.531+0000 7f9ae63f3700 1 -- 172.21.15.64:0/1202867260 shutdown_connections
2024-02-20T07:43:11.768 INFO:teuthology.orchestra.run.smithi064.stdout:/usr/bin/ceph: stderr
2024-02-20T07:43:05.531+0000 7f9ae63f3700 1 -- 172.21.15.64:0/1202867260 wait complete.
2024-02-20T07:43:11.768 INFO:teuthology.orchestra.run.smithi064.stdout:/usr/bin/ceph: stderr
2024-02-20T07:43:05.532+0000 7f9ae63f3700 1 Processor -- start
2024-02-20T07:43:11.769 INFO:teuthology.orchestra.run.smithi064.stdout:/usr/bin/ceph: stderr
2024-02-20T07:43:05.532+0000 7f9ae63f3700 1 -- start start
2024-02-20T07:43:11.769 INFO:teuthology.orchestra.run.smithi064.stdout:/usr/bin/ceph: stderr
2024-02-20T07:43:05.532+0000 7f9ae63f3700 1 --2- >> [v2:172.21.15.64:3300/0,v1:172.21.15.64:6789/0] conn(0x7f9ae0105860 0x7f9ae019a1c0 unknown :-1 s=NONE pgs=0 cs=0 l=1 rev1=0 crypto rx=0 tx=0 comp rx=0 tx=0).connect
2024-02-20T07:43:11.769 INFO:teuthology.orchestra.run.smithi064.stdout:/usr/bin/ceph: stderr
2024-02-20T07:43:05.532+0000 7f9ae63f3700 1 -- --> [v2:172.21.15.64:3300/0,v1:172.21.15.64:6789/0] -- mon_getmap magic: 0 v1 -- 0x7f9ae019a700 con 0x7f9ae0105860
2024-02-20T07:43:11.769 INFO:teuthology.orchestra.run.smithi064.stdout:/usr/bin/ceph: stderr
2024-02-20T07:43:05.532+0000 7f9adffff700 1 --2- >> [v2:172.21.15.64:3300/0,v1:172.21.15.64:6789/0] conn(0x7f9ae0105860 0x7f9ae019a1c0 unknown :-1 s=BANNER_CONNECTING pgs=0 cs=0 l=1 rev1=0 crypto rx=0 tx=0 comp rx=0 tx=0)._handle_peer_banner_payload supported=3 required=0
2024-02-20T07:43:11.770 INFO:teuthology.orchestra.run.smithi064.stdout:/usr/bin/ceph: stderr
2024-02-20T07:43:05.532+0000 7f9adffff700 1 --2- >> [v2:172.21.15.64:3300/0,v1:172.21.15.64:6789/0] conn(0x7f9ae0105860 0x7f9ae019a1c0 unknown :-1 s=HELLO_CONNECTING pgs=0 cs=0 l=1 rev1=1 crypto rx=0 tx=0 comp rx=0 tx=0).handle_hello peer v2:172.21.15.64:3300/0 says I am v2:172.21.15.64:40240/0 (socket says 172.21.15.64:40240)
2024-02-20T07:43:11.770 INFO:teuthology.orchestra.run.smithi064.stdout:/usr/bin/ceph: stderr
2024-02-20T07:43:05.532+0000 7f9adffff700 1 -- 172.21.15.64:0/4282304844 learned_addr learned my addr 172.21.15.64:0/4282304844 (peer_addr_for_me v2:172.21.15.64:0/0)
2024-02-20T07:43:11.770 INFO:teuthology.orchestra.run.smithi064.stdout:/usr/bin/ceph: stderr
2024-02-20T07:43:05.533+0000 7f9adffff700 1 -- 172.21.15.64:0/4282304844 --> [v2:172.21.15.64:3300/0,v1:172.21.15.64:6789/0] -- mon_subscribe({config=0+,monmap=0+}) v3 -- 0x7f9ad0009550 con 0x7f9ae0105860
2024-02-20T07:43:11.770 INFO:teuthology.orchestra.run.smithi064.stdout:/usr/bin/ceph: stderr
2024-02-20T07:43:05.533+0000 7f9adffff700 1 --2- 172.21.15.64:0/4282304844 >> [v2:172.21.15.64:3300/0,v1:172.21.15.64:6789/0] conn(0x7f9ae0105860 0x7f9ae019a1c0 secure :-1 s=READY pgs=27 cs=0 l=1 rev1=1 crypto rx=0x7f9ad0000c00 tx=0x7f9ad0011ab0 comp rx=0 tx=0).ready entity=mon.0 client_cookie=0 server_cookie=0 in_seq=0 out_seq=0
2024-02-20T07:43:11.770 INFO:teuthology.orchestra.run.smithi064.stdout:/usr/bin/ceph: stderr
2024-02-20T07:43:05.533+0000 7f9add7fa700 1 -- 172.21.15.64:0/4282304844 <== mon.0 v2:172.21.15.64:3300/0 1 ==== mon_map magic: 0 v1 ==== 229+0+0 (secure 0 0 0) 0x7f9ad0003970 con 0x7f9ae0105860
2024-02-20T07:43:11.771 INFO:teuthology.orchestra.run.smithi064.stdout:/usr/bin/ceph: stderr
2024-02-20T07:43:05.533+0000 7f9add7fa700 1 -- 172.21.15.64:0/4282304844 <== mon.0 v2:172.21.15.64:3300/0 2 ==== config(27 keys) v1 ==== 1037+0+0 (secure 0 0 0) 0x7f9ad0003ad0 con 0x7f9ae0105860
2024-02-20T07:43:11.771 INFO:teuthology.orchestra.run.smithi064.stdout:/usr/bin/ceph: stderr
2024-02-20T07:43:05.533+0000 7f9add7fa700 1 -- 172.21.15.64:0/4282304844 <== mon.0 v2:172.21.15.64:3300/0 3 ==== mon_map magic: 0 v1 ==== 229+0+0 (secure 0 0 0) 0x7f9ad0024780 con 0x7f9ae0105860
2024-02-20T07:43:11.771 INFO:teuthology.orchestra.run.smithi064.stdout:/usr/bin/ceph: stderr
2024-02-20T07:43:05.533+0000 7f9ae63f3700 1 -- 172.21.15.64:0/4282304844 --> [v2:172.21.15.64:3300/0,v1:172.21.15.64:6789/0] -- mon_subscribe({mgrmap=0+}) v3 -- 0x7f9ae019a900 con 0x7f9ae0105860
2024-02-20T07:43:11.771 INFO:teuthology.orchestra.run.smithi064.stdout:/usr/bin/ceph: stderr
2024-02-20T07:43:05.533+0000 7f9ae63f3700 1 -- 172.21.15.64:0/4282304844 --> [v2:172.21.15.64:3300/0,v1:172.21.15.64:6789/0] -- mon_subscribe({osdmap=0}) v3 -- 0x7f9ae019ada0 con 0x7f9ae0105860
2024-02-20T07:43:11.771 INFO:teuthology.orchestra.run.smithi064.stdout:/usr/bin/ceph: stderr
2024-02-20T07:43:05.534+0000 7f9add7fa700 1 -- 172.21.15.64:0/4282304844 <== mon.0 v2:172.21.15.64:3300/0 4 ==== mgrmap(e 5) v1 ==== 45283+0+0 (secure 0 0 0) 0x7f9ad002d3f0 con 0x7f9ae0105860
2024-02-20T07:43:11.771 INFO:teuthology.orchestra.run.smithi064.stdout:/usr/bin/ceph: stderr
2024-02-20T07:43:05.534+0000 7f9add7fa700 1 --2- 172.21.15.64:0/4282304844 >> [v2:172.21.15.64:6800/3192857786,v1:172.21.15.64:6801/3192857786] conn(0x7f9ac8038370 0x7f9ac803a830 unknown :-1 s=NONE pgs=0 cs=0 l=1 rev1=0 crypto rx=0 tx=0 comp rx=0 tx=0).connect
2024-02-20T07:43:11.772 INFO:teuthology.orchestra.run.smithi064.stdout:/usr/bin/ceph: stderr
2024-02-20T07:43:05.534+0000 7f9add7fa700 1 -- 172.21.15.64:0/4282304844 --> [v2:172.21.15.64:6800/3192857786,v1:172.21.15.64:6801/3192857786] -- command(tid 0: {"prefix": "get_command_descriptions"}) v1 -- 0x7f9ac803af40 con 0x7f9ac8038370
2024-02-20T07:43:11.772 INFO:teuthology.orchestra.run.smithi064.stdout:/usr/bin/ceph: stderr
2024-02-20T07:43:05.534+0000 7f9add7fa700 1 -- 172.21.15.64:0/4282304844 <== mon.0 v2:172.21.15.64:3300/0 5 ==== osd_map(1..1 src has 1..1) v4 ==== 725+0+0 (secure 0 0 0) 0x7f9ad004be40 con 0x7f9ae0105860
2024-02-20T07:43:11.772 INFO:teuthology.orchestra.run.smithi064.stdout:/usr/bin/ceph: stderr
2024-02-20T07:43:05.534+0000 7f9adf7fe700 1 -- 172.21.15.64:0/4282304844 >> [v2:172.21.15.64:6800/3192857786,v1:172.21.15.64:6801/3192857786] conn(0x7f9ac8038370 msgr2=0x7f9ac803a830 unknown :-1 s=STATE_CONNECTING_RE l=1).process reconnect failed to v2:172.21.15.64:6800/3192857786
2024-02-20T07:43:11.772 INFO:teuthology.orchestra.run.smithi064.stdout:/usr/bin/ceph: stderr
2024-02-20T07:43:05.534+0000 7f9adf7fe700 1 --2- 172.21.15.64:0/4282304844 >> [v2:172.21.15.64:6800/3192857786,v1:172.21.15.64:6801/3192857786] conn(0x7f9ac8038370 0x7f9ac803a830 unknown :-1 s=START_CONNECT pgs=0 cs=0 l=1 rev1=0 crypto rx=0 tx=0 comp rx=0 tx=0)._fault waiting 0.200000
2024-02-20T07:43:11.772 INFO:teuthology.orchestra.run.smithi064.stdout:/usr/bin/ceph: stderr
2024-02-20T07:43:05.735+0000 7f9adf7fe700 1 -- 172.21.15.64:0/4282304844 >> [v2:172.21.15.64:6800/3192857786,v1:172.21.15.64:6801/3192857786] conn(0x7f9ac8038370 msgr2=0x7f9ac803a830 unknown :-1 s=STATE_CONNECTING_RE l=1).process reconnect failed to v2:172.21.15.64:6800/3192857786
2024-02-20T07:43:11.772 INFO:teuthology.orchestra.run.smithi064.stdout:/usr/bin/ceph: stderr
2024-02-20T07:43:05.735+0000 7f9adf7fe700 1 --2- 172.21.15.64:0/4282304844 >> [v2:172.21.15.64:6800/3192857786,v1:172.21.15.64:6801/3192857786] conn(0x7f9ac8038370 0x7f9ac803a830 unknown :-1 s=START_CONNECT pgs=0 cs=0 l=1 rev1=0 crypto rx=0 tx=0 comp rx=0 tx=0)._fault waiting 0.400000
2024-02-20T07:43:11.773 INFO:teuthology.orchestra.run.smithi064.stdout:/usr/bin/ceph: stderr
2024-02-20T07:43:06.136+0000 7f9adf7fe700 1 -- 172.21.15.64:0/4282304844 >> [v2:172.21.15.64:6800/3192857786,v1:172.21.15.64:6801/3192857786] conn(0x7f9ac8038370 msgr2=0x7f9ac803a830 unknown :-1 s=STATE_CONNECTING_RE l=1).process reconnect failed to v2:172.21.15.64:6800/3192857786
2024-02-20T07:43:11.773 INFO:teuthology.orchestra.run.smithi064.stdout:/usr/bin/ceph: stderr
2024-02-20T07:43:06.136+0000 7f9adf7fe700 1 --2- 172.21.15.64:0/4282304844 >> [v2:172.21.15.64:6800/3192857786,v1:172.21.15.64:6801/3192857786] conn(0x7f9ac8038370 0x7f9ac803a830 unknown :-1 s=START_CONNECT pgs=0 cs=0 l=1 rev1=0 crypto rx=0 tx=0 comp rx=0 tx=0)._fault waiting 0.800000
2024-02-20T07:43:11.773 INFO:teuthology.orchestra.run.smithi064.stdout:/usr/bin/ceph: stderr
2024-02-20T07:43:06.937+0000 7f9adf7fe700 1 -- 172.21.15.64:0/4282304844 >> [v2:172.21.15.64:6800/3192857786,v1:172.21.15.64:6801/3192857786] conn(0x7f9ac8038370 msgr2=0x7f9ac803a830 unknown :-1 s=STATE_CONNECTING_RE l=1).process reconnect failed to v2:172.21.15.64:6800/3192857786
2024-02-20T07:43:11.773 INFO:teuthology.orchestra.run.smithi064.stdout:/usr/bin/ceph: stderr
2024-02-20T07:43:06.937+0000 7f9adf7fe700 1 --2- 172.21.15.64:0/4282304844 >> [v2:172.21.15.64:6800/3192857786,v1:172.21.15.64:6801/3192857786] conn(0x7f9ac8038370 0x7f9ac803a830 unknown :-1 s=START_CONNECT pgs=0 cs=0 l=1 rev1=0 crypto rx=0 tx=0 comp rx=0 tx=0)._fault waiting 1.600000
2024-02-20T07:43:11.773 INFO:teuthology.orchestra.run.smithi064.stdout:/usr/bin/ceph: stderr
2024-02-20T07:43:08.539+0000 7f9adf7fe700 1 -- 172.21.15.64:0/4282304844 >> [v2:172.21.15.64:6800/3192857786,v1:172.21.15.64:6801/3192857786] conn(0x7f9ac8038370 msgr2=0x7f9ac803a830 unknown :-1 s=STATE_CONNECTING_RE l=1).process reconnect failed to v2:172.21.15.64:6800/3192857786
2024-02-20T07:43:11.774 INFO:teuthology.orchestra.run.smithi064.stdout:/usr/bin/ceph: stderr
2024-02-20T07:43:08.539+0000 7f9adf7fe700 1 --2- 172.21.15.64:0/4282304844 >> [v2:172.21.15.64:6800/3192857786,v1:172.21.15.64:6801/3192857786] conn(0x7f9ac8038370 0x7f9ac803a830 unknown :-1 s=START_CONNECT pgs=0 cs=0 l=1 rev1=0 crypto rx=0 tx=0 comp rx=0 tx=0)._fault waiting 3.200000
2024-02-20T07:43:11.774 INFO:teuthology.orchestra.run.smithi064.stdout:/usr/bin/ceph: stderr
2024-02-20T07:43:10.171+0000 7f9add7fa700 1 -- 172.21.15.64:0/4282304844 <== mon.0 v2:172.21.15.64:3300/0 6 ==== mgrmap(e 6) v1 ==== 45050+0+0 (secure 0 0 0) 0x7f9ad001ac30 con 0x7f9ae0105860
2024-02-20T07:43:11.775 INFO:teuthology.orchestra.run.smithi064.stdout:/usr/bin/ceph: stderr
2024-02-20T07:43:10.171+0000 7f9add7fa700 1 -- 172.21.15.64:0/4282304844 >> [v2:172.21.15.64:6800/3192857786,v1:172.21.15.64:6801/3192857786] conn(0x7f9ac8038370 msgr2=0x7f9ac803a830 unknown :-1 s=STATE_CONNECTING l=1).mark_down
2024-02-20T07:43:11.775 INFO:teuthology.orchestra.run.smithi064.stdout:/usr/bin/ceph: stderr
2024-02-20T07:43:10.171+0000 7f9add7fa700 1 --2- 172.21.15.64:0/4282304844 >> [v2:172.21.15.64:6800/3192857786,v1:172.21.15.64:6801/3192857786] conn(0x7f9ac8038370 0x7f9ac803a830 unknown :-1 s=START_CONNECT pgs=0 cs=0 l=1 rev1=0 crypto rx=0 tx=0 comp rx=0 tx=0).stop
2024-02-20T07:43:11.775 INFO:teuthology.orchestra.run.smithi064.stdout:/usr/bin/ceph: stderr
2024-02-20T07:43:11.172+0000 7f9add7fa700 1 -- 172.21.15.64:0/4282304844 <== mon.0 v2:172.21.15.64:3300/0 7 ==== mgrmap(e 7) v1 ==== 45177+0+0 (secure 0 0 0) 0x7f9ad000b3e0 con 0x7f9ae0105860
2024-02-20T07:43:11.775 INFO:teuthology.orchestra.run.smithi064.stdout:/usr/bin/ceph: stderr
2024-02-20T07:43:11.172+0000 7f9add7fa700 1 --2- 172.21.15.64:0/4282304844 >> [v2:172.21.15.64:6800/4249898718,v1:172.21.15.64:6801/4249898718] conn(0x7f9ac803bc50 0x7f9ac803e040 unknown :-1 s=NONE pgs=0 cs=0 l=1 rev1=0 crypto rx=0 tx=0 comp rx=0 tx=0).connect
2024-02-20T07:43:11.775 INFO:teuthology.orchestra.run.smithi064.stdout:/usr/bin/ceph: stderr
2024-02-20T07:43:11.172+0000 7f9add7fa700 1 -- 172.21.15.64:0/4282304844 --> [v2:172.21.15.64:6800/4249898718,v1:172.21.15.64:6801/4249898718] -- command(tid 0: {"prefix": "get_command_descriptions"}) v1 -- 0x7f9ac803af40 con 0x7f9ac803bc50
2024-02-20T07:43:11.775 INFO:teuthology.orchestra.run.smithi064.stdout:/usr/bin/ceph: stderr
2024-02-20T07:43:11.173+0000 7f9adf7fe700 1 --2- 172.21.15.64:0/4282304844 >> [v2:172.21.15.64:6800/4249898718,v1:172.21.15.64:6801/4249898718] conn(0x7f9ac803bc50 0x7f9ac803e040 unknown :-1 s=BANNER_CONNECTING pgs=0 cs=0 l=1 rev1=0 crypto rx=0 tx=0 comp rx=0 tx=0)._handle_peer_banner_payload supported=3 required=0
2024-02-20T07:43:11.776 INFO:teuthology.orchestra.run.smithi064.stdout:/usr/bin/ceph: stderr
2024-02-20T07:43:11.173+0000 7f9adf7fe700 1 --2- 172.21.15.64:0/4282304844 >> [v2:172.21.15.64:6800/4249898718,v1:172.21.15.64:6801/4249898718] conn(0x7f9ac803bc50 0x7f9ac803e040 secure :-1 s=READY pgs=3 cs=0 l=1 rev1=1 crypto rx=0x7f9ad4003a10 tx=0x7f9ad40092b0 comp rx=0 tx=0).ready entity=mgr.14118 client_cookie=0 server_cookie=0 in_seq=0 out_seq=0
2024-02-20T07:43:11.776 INFO:teuthology.orchestra.run.smithi064.stdout:/usr/bin/ceph: stderr
2024-02-20T07:43:11.174+0000 7f9add7fa700 1 -- 172.21.15.64:0/4282304844 <== mgr.14118 v2:172.21.15.64:6800/4249898718 1 ==== command_reply(tid 0: 0 ) v1 ==== 8+0+6910 (secure 0 0 0) 0x7f9ac803af40 con 0x7f9ac803bc50
2024-02-20T07:43:11.776 INFO:teuthology.orchestra.run.smithi064.stdout:/usr/bin/ceph: stderr
2024-02-20T07:43:11.180+0000 7f9ae63f3700 1 -- 172.21.15.64:0/4282304844 --> [v2:172.21.15.64:6800/4249898718,v1:172.21.15.64:6801/4249898718] -- command(tid 1: {"prefix": "mgr_status"}) v1 -- 0x7f9ae019b500 con 0x7f9ac803bc50
2024-02-20T07:43:11.776 INFO:teuthology.orchestra.run.smithi064.stdout:/usr/bin/ceph: stderr
2024-02-20T07:43:11.180+0000 7f9add7fa700 1 -- 172.21.15.64:0/4282304844 <== mgr.14118 v2:172.21.15.64:6800/4249898718 2 ==== command_reply(tid 1: 0 ) v1 ==== 8+0+51 (secure 0 0 0) 0x7f9ae019b500 con 0x7f9ac803bc50
2024-02-20T07:43:11.776 INFO:teuthology.orchestra.run.smithi064.stdout:/usr/bin/ceph: stderr
2024-02-20T07:43:11.181+0000 7f9ae63f3700 1 -- 172.21.15.64:0/4282304844 >> [v2:172.21.15.64:6800/4249898718,v1:172.21.15.64:6801/4249898718] conn(0x7f9ac803bc50 msgr2=0x7f9ac803e040 secure :-1 s=STATE_CONNECTION_ESTABLISHED l=1).mark_down
2024-02-20T07:43:11.776 INFO:teuthology.orchestra.run.smithi064.stdout:/usr/bin/ceph: stderr
2024-02-20T07:43:11.181+0000 7f9ae63f3700 1 --2- 172.21.15.64:0/4282304844 >> [v2:172.21.15.64:6800/4249898718,v1:172.21.15.64:6801/4249898718] conn(0x7f9ac803bc50 0x7f9ac803e040 secure :-1 s=READY pgs=3 cs=0 l=1 rev1=1 crypto rx=0x7f9ad4003a10 tx=0x7f9ad40092b0 comp rx=0 tx=0).stop
2024-02-20T07:43:11.777 INFO:teuthology.orchestra.run.smithi064.stdout:/usr/bin/ceph: stderr
2024-02-20T07:43:11.181+0000 7f9ae63f3700 1 -- 172.21.15.64:0/4282304844 >> [v2:172.21.15.64:3300/0,v1:172.21.15.64:6789/0] conn(0x7f9ae0105860 msgr2=0x7f9ae019a1c0 secure :-1 s=STATE_CONNECTION_ESTABLISHED l=1).mark_down
2024-02-20T07:43:11.777 INFO:teuthology.orchestra.run.smithi064.stdout:/usr/bin/ceph: stderr
2024-02-20T07:43:11.181+0000 7f9ae63f3700 1 --2- 172.21.15.64:0/4282304844 >> [v2:172.21.15.64:3300/0,v1:172.21.15.64:6789/0] conn(0x7f9ae0105860 0x7f9ae019a1c0 secure :-1 s=READY pgs=27 cs=0 l=1 rev1=1 crypto rx=0x7f9ad0000c00 tx=0x7f9ad0011ab0 comp rx=0 tx=0).stop
2024-02-20T07:43:11.777 INFO:teuthology.orchestra.run.smithi064.stdout:/usr/bin/ceph: stderr
2024-02-20T07:43:11.181+0000 7f9ae63f3700 1 -- 172.21.15.64:0/4282304844 shutdown_connections
2024-02-20T07:43:11.777 INFO:teuthology.orchestra.run.smithi064.stdout:/usr/bin/ceph: stderr
2024-02-20T07:43:11.181+0000 7f9ae63f3700 1 --2- 172.21.15.64:0/4282304844 >> [v2:172.21.15.64:6800/4249898718,v1:172.21.15.64:6801/4249898718] conn(0x7f9ac803bc50 0x7f9ac803e040 unknown :-1 s=CLOSED pgs=3 cs=0 l=1 rev1=1 crypto rx=0 tx=0 comp rx=0 tx=0).stop
2024-02-20T07:43:11.777 INFO:teuthology.orchestra.run.smithi064.stdout:/usr/bin/ceph: stderr
2024-02-20T07:43:11.181+0000 7f9ae63f3700 1 --2- 172.21.15.64:0/4282304844 >> [v2:172.21.15.64:3300/0,v1:172.21.15.64:6789/0] conn(0x7f9ae0105860 0x7f9ae019a1c0 unknown :-1 s=CLOSED pgs=27 cs=0 l=1 rev1=1 crypto rx=0 tx=0 comp rx=0 tx=0).stop
2024-02-20T07:43:11.777 INFO:teuthology.orchestra.run.smithi064.stdout:/usr/bin/ceph: stderr
2024-02-20T07:43:11.181+0000 7f9ae63f3700 1 --2- 172.21.15.64:0/4282304844 >> [v2:172.21.15.64:6800/3192857786,v1:172.21.15.64:6801/3192857786] conn(0x7f9ac8038370 0x7f9ac803a830 unknown :-1 s=CLOSED pgs=0 cs=0 l=1 rev1=0 crypto rx=0 tx=0 comp rx=0 tx=0).stop
2024-02-20T07:43:11.778 INFO:teuthology.orchestra.run.smithi064.stdout:/usr/bin/ceph: stderr
2024-02-20T07:43:11.181+0000 7f9ae63f3700 1 -- 172.21.15.64:0/4282304844 >> 172.21.15.64:0/4282304844 conn(0x7f9ae0100040 msgr2=0x7f9ae0104c50 unknown :-1 s=STATE_NONE l=0).mark_down
2024-02-20T07:43:11.778 INFO:teuthology.orchestra.run.smithi064.stdout:/usr/bin/ceph: stderr
2024-02-20T07:43:11.181+0000 7f9ae63f3700 1 -- 172.21.15.64:0/4282304844 shutdown_connections
2024-02-20T07:43:11.778 INFO:teuthology.orchestra.run.smithi064.stdout:/usr/bin/ceph: stderr
2024-02-20T07:43:11.181+0000 7f9ae63f3700 1 -- 172.21.15.64:0/4282304844 wait complete.
2024-02-20T07:43:11.778 INFO:teuthology.orchestra.run.smithi064.stdout:mgr epoch 5 is available
2024-02-20T07:43:11.778 INFO:teuthology.orchestra.run.smithi064.stdout:Setting orchestrator backend to cephadm...
2024-02-20T07:43:12.425 INFO:journalctl@ceph.mon.smithi064.smithi064.stdout:Feb 20 07:43:12 smithi064 ceph-mon[29064]: from='client.14122 -' entity='client.admin' cmd=[{"prefix": "get_command_descriptions"}]: dispatch
2024-02-20T07:43:12.425 INFO:journalctl@ceph.mon.smithi064.smithi064.stdout:Feb 20 07:43:12 smithi064 ceph-mon[29064]: from='client.14122 -' entity='client.admin' cmd=[{"prefix": "mgr_status"}]: dispatch
2024-02-20T07:43:12.425 INFO:journalctl@ceph.mon.smithi064.smithi064.stdout:Feb 20 07:43:12 smithi064 ceph-mon[29064]: from='mgr.14118 172.21.15.64:0/1313779086' entity='mgr.smithi064.klfdom' cmd=[{"prefix": "config dump", "format": "json"}]: dispatch
2024-02-20T07:43:12.967 INFO:teuthology.orchestra.run.smithi064.stdout:/usr/bin/ceph: stderr
2024-02-20T07:43:12.197+0000 7f1558358700 1 Processor -- start
2024-02-20T07:43:12.968 INFO:teuthology.orchestra.run.smithi064.stdout:/usr/bin/ceph: stderr
2024-02-20T07:43:12.197+0000 7f1558358700 1 -- start start
2024-02-20T07:43:12.968 INFO:teuthology.orchestra.run.smithi064.stdout:/usr/bin/ceph: stderr
2024-02-20T07:43:12.197+0000 7f1558358700 1 --2- >> [v2:172.21.15.64:3300/0,v1:172.21.15.64:6789/0] conn(0x7f1550106f00 0x7f15501092f0 unknown :-1 s=NONE pgs=0 cs=0 l=0 rev1=0 crypto rx=0 tx=0 comp rx=0 tx=0).connect
2024-02-20T07:43:12.968 INFO:teuthology.orchestra.run.smithi064.stdout:/usr/bin/ceph: stderr
2024-02-20T07:43:12.197+0000 7f1558358700 1 -- --> [v2:172.21.15.64:3300/0,v1:172.21.15.64:6789/0] -- mon_getmap magic: 0 v1 -- 0x7f1550079e60 con 0x7f1550106f00
2024-02-20T07:43:12.968 INFO:teuthology.orchestra.run.smithi064.stdout:/usr/bin/ceph: stderr
2024-02-20T07:43:12.197+0000 7f15560f4700 1 --2- >> [v2:172.21.15.64:3300/0,v1:172.21.15.64:6789/0] conn(0x7f1550106f00 0x7f15501092f0 unknown :-1 s=BANNER_CONNECTING pgs=0 cs=0 l=0 rev1=0 crypto rx=0 tx=0 comp rx=0 tx=0)._handle_peer_banner_payload supported=3 required=0
2024-02-20T07:43:12.968 INFO:teuthology.orchestra.run.smithi064.stdout:/usr/bin/ceph: stderr
2024-02-20T07:43:12.197+0000 7f15560f4700 1 --2- >> [v2:172.21.15.64:3300/0,v1:172.21.15.64:6789/0] conn(0x7f1550106f00 0x7f15501092f0 unknown :-1 s=HELLO_CONNECTING pgs=0 cs=0 l=0 rev1=1 crypto rx=0 tx=0 comp rx=0 tx=0).handle_hello peer v2:172.21.15.64:3300/0 says I am v2:172.21.15.64:59444/0 (socket says 172.21.15.64:59444)
2024-02-20T07:43:12.968 INFO:teuthology.orchestra.run.smithi064.stdout:/usr/bin/ceph: stderr
2024-02-20T07:43:12.197+0000 7f15560f4700 1 -- 172.21.15.64:0/3847957780 learned_addr learned my addr 172.21.15.64:0/3847957780 (peer_addr_for_me v2:172.21.15.64:0/0)
2024-02-20T07:43:12.968 INFO:teuthology.orchestra.run.smithi064.stdout:/usr/bin/ceph: stderr
2024-02-20T07:43:12.197+0000 7f15560f4700 1 -- 172.21.15.64:0/3847957780 --> [v2:172.21.15.64:3300/0,v1:172.21.15.64:6789/0] -- mon_subscribe({config=0+,monmap=0+}) v3 -- 0x7f1550109830 con 0x7f1550106f00
2024-02-20T07:43:12.968 INFO:teuthology.orchestra.run.smithi064.stdout:/usr/bin/ceph: stderr
2024-02-20T07:43:12.198+0000 7f15560f4700 1 --2- 172.21.15.64:0/3847957780 >> [v2:172.21.15.64:3300/0,v1:172.21.15.64:6789/0] conn(0x7f1550106f00 0x7f15501092f0 secure :-1 s=READY pgs=35 cs=0 l=1 rev1=1 crypto rx=0x7f154c0098a0 tx=0x7f154c009bb0 comp rx=0 tx=0).ready entity=mon.0 client_cookie=ef8252296bbac44f server_cookie=0 in_seq=0 out_seq=0
2024-02-20T07:43:12.968 INFO:teuthology.orchestra.run.smithi064.stdout:/usr/bin/ceph: stderr
2024-02-20T07:43:12.198+0000 7f15550f2700 1 -- 172.21.15.64:0/3847957780 <== mon.0 v2:172.21.15.64:3300/0 1 ==== mon_map magic: 0 v1 ==== 229+0+0 (secure 0 0 0) 0x7f154c004180 con 0x7f1550106f00
2024-02-20T07:43:12.968 INFO:teuthology.orchestra.run.smithi064.stdout:/usr/bin/ceph: stderr
2024-02-20T07:43:12.198+0000 7f15550f2700 1 -- 172.21.15.64:0/3847957780 <== mon.0 v2:172.21.15.64:3300/0 2 ==== config(27 keys) v1 ==== 1037+0+0 (secure 0 0 0) 0x7f154c0042e0 con 0x7f1550106f00
2024-02-20T07:43:12.968 INFO:teuthology.orchestra.run.smithi064.stdout:/usr/bin/ceph: stderr
2024-02-20T07:43:12.198+0000 7f15550f2700 1 -- 172.21.15.64:0/3847957780 <== mon.0 v2:172.21.15.64:3300/0 3 ==== mon_map magic: 0 v1 ==== 229+0+0 (secure 0 0 0) 0x7f154c011a50 con 0x7f1550106f00
2024-02-20T07:43:12.968 INFO:teuthology.orchestra.run.smithi064.stdout:/usr/bin/ceph: stderr
2024-02-20T07:43:12.198+0000 7f1558358700 1 -- 172.21.15.64:0/3847957780 >> [v2:172.21.15.64:3300/0,v1:172.21.15.64:6789/0] conn(0x7f1550106f00 msgr2=0x7f15501092f0 secure :-1 s=STATE_CONNECTION_ESTABLISHED l=1).mark_down
2024-02-20T07:43:12.969 INFO:teuthology.orchestra.run.smithi064.stdout:/usr/bin/ceph: stderr
2024-02-20T07:43:12.198+0000 7f1558358700 1 --2- 172.21.15.64:0/3847957780 >> [v2:172.21.15.64:3300/0,v1:172.21.15.64:6789/0] conn(0x7f1550106f00 0x7f15501092f0 secure :-1 s=READY pgs=35 cs=0 l=1 rev1=1 crypto rx=0x7f154c0098a0 tx=0x7f154c009bb0 comp rx=0 tx=0).stop
2024-02-20T07:43:12.969 INFO:teuthology.orchestra.run.smithi064.stdout:/usr/bin/ceph: stderr
2024-02-20T07:43:12.198+0000 7f1558358700 1 -- 172.21.15.64:0/3847957780 shutdown_connections
2024-02-20T07:43:12.969 INFO:teuthology.orchestra.run.smithi064.stdout:/usr/bin/ceph: stderr
2024-02-20T07:43:12.198+0000 7f1558358700 1 --2- 172.21.15.64:0/3847957780 >> [v2:172.21.15.64:3300/0,v1:172.21.15.64:6789/0] conn(0x7f1550106f00 0x7f15501092f0 unknown :-1 s=CLOSED pgs=35 cs=0 l=1 rev1=1 crypto rx=0 tx=0 comp rx=0 tx=0).stop
2024-02-20T07:43:12.969 INFO:teuthology.orchestra.run.smithi064.stdout:/usr/bin/ceph: stderr
2024-02-20T07:43:12.198+0000 7f1558358700 1 -- 172.21.15.64:0/3847957780 >> 172.21.15.64:0/3847957780 conn(0x7f15501008b0 msgr2=0x7f1550102d10 unknown :-1 s=STATE_NONE l=0).mark_down
2024-02-20T07:43:12.969 INFO:teuthology.orchestra.run.smithi064.stdout:/usr/bin/ceph: stderr
2024-02-20T07:43:12.198+0000 7f1558358700 1 -- 172.21.15.64:0/3847957780 shutdown_connections
2024-02-20T07:43:12.969 INFO:teuthology.orchestra.run.smithi064.stdout:/usr/bin/ceph: stderr
2024-02-20T07:43:12.198+0000 7f1558358700 1 -- 172.21.15.64:0/3847957780 wait complete.
2024-02-20T07:43:12.969 INFO:teuthology.orchestra.run.smithi064.stdout:/usr/bin/ceph: stderr
2024-02-20T07:43:12.199+0000 7f1558358700 1 Processor -- start
2024-02-20T07:43:12.969 INFO:teuthology.orchestra.run.smithi064.stdout:/usr/bin/ceph: stderr
2024-02-20T07:43:12.199+0000 7f1558358700 1 -- start start
2024-02-20T07:43:12.969 INFO:teuthology.orchestra.run.smithi064.stdout:/usr/bin/ceph: stderr
2024-02-20T07:43:12.199+0000 7f1558358700 1 --2- >> [v2:172.21.15.64:3300/0,v1:172.21.15.64:6789/0] conn(0x7f1550106f00 0x7f155019a130 unknown :-1 s=NONE pgs=0 cs=0 l=1 rev1=0 crypto rx=0 tx=0 comp rx=0 tx=0).connect
2024-02-20T07:43:12.969 INFO:teuthology.orchestra.run.smithi064.stdout:/usr/bin/ceph: stderr
2024-02-20T07:43:12.199+0000 7f1558358700 1 -- --> [v2:172.21.15.64:3300/0,v1:172.21.15.64:6789/0] -- mon_getmap magic: 0 v1 -- 0x7f155019a670 con 0x7f1550106f00
2024-02-20T07:43:12.969 INFO:teuthology.orchestra.run.smithi064.stdout:/usr/bin/ceph: stderr
2024-02-20T07:43:12.199+0000 7f15560f4700 1 --2- >> [v2:172.21.15.64:3300/0,v1:172.21.15.64:6789/0] conn(0x7f1550106f00 0x7f155019a130 unknown :-1 s=BANNER_CONNECTING pgs=0 cs=0 l=1 rev1=0 crypto rx=0 tx=0 comp rx=0 tx=0)._handle_peer_banner_payload supported=3 required=0
2024-02-20T07:43:12.969 INFO:teuthology.orchestra.run.smithi064.stdout:/usr/bin/ceph: stderr
2024-02-20T07:43:12.199+0000 7f15560f4700 1 --2- >> [v2:172.21.15.64:3300/0,v1:172.21.15.64:6789/0] conn(0x7f1550106f00 0x7f155019a130 unknown :-1 s=HELLO_CONNECTING pgs=0 cs=0 l=1 rev1=1 crypto rx=0 tx=0 comp rx=0 tx=0).handle_hello peer v2:172.21.15.64:3300/0 says I am v2:172.21.15.64:59446/0 (socket says 172.21.15.64:59446)
2024-02-20T07:43:12.969 INFO:teuthology.orchestra.run.smithi064.stdout:/usr/bin/ceph: stderr
2024-02-20T07:43:12.199+0000 7f15560f4700 1 -- 172.21.15.64:0/2324695974 learned_addr learned my addr 172.21.15.64:0/2324695974 (peer_addr_for_me v2:172.21.15.64:0/0)
2024-02-20T07:43:12.969 INFO:teuthology.orchestra.run.smithi064.stdout:/usr/bin/ceph: stderr
2024-02-20T07:43:12.199+0000 7f15560f4700 1 -- 172.21.15.64:0/2324695974 --> [v2:172.21.15.64:3300/0,v1:172.21.15.64:6789/0] -- mon_subscribe({config=0+,monmap=0+}) v3 -- 0x7f154c009550 con 0x7f1550106f00
2024-02-20T07:43:12.970 INFO:teuthology.orchestra.run.smithi064.stdout:/usr/bin/ceph: stderr
2024-02-20T07:43:12.200+0000 7f15560f4700 1 --2- 172.21.15.64:0/2324695974 >> [v2:172.21.15.64:3300/0,v1:172.21.15.64:6789/0] conn(0x7f1550106f00 0x7f155019a130 secure :-1 s=READY pgs=36 cs=0 l=1 rev1=1 crypto rx=0x7f154c003f80 tx=0x7f154c011ab0 comp rx=0 tx=0).ready entity=mon.0 client_cookie=0 server_cookie=0 in_seq=0 out_seq=0
2024-02-20T07:43:12.970 INFO:teuthology.orchestra.run.smithi064.stdout:/usr/bin/ceph: stderr
2024-02-20T07:43:12.200+0000 7f15477fe700 1 -- 172.21.15.64:0/2324695974 <== mon.0 v2:172.21.15.64:3300/0 1 ==== mon_map magic: 0 v1 ==== 229+0+0 (secure 0 0 0) 0x7f154c003a80 con 0x7f1550106f00
2024-02-20T07:43:12.970 INFO:teuthology.orchestra.run.smithi064.stdout:/usr/bin/ceph: stderr
2024-02-20T07:43:12.200+0000 7f15477fe700 1 -- 172.21.15.64:0/2324695974 <== mon.0 v2:172.21.15.64:3300/0 2 ==== config(27 keys) v1 ==== 1037+0+0 (secure 0 0 0) 0x7f154c003be0 con 0x7f1550106f00
2024-02-20T07:43:12.970 INFO:teuthology.orchestra.run.smithi064.stdout:/usr/bin/ceph: stderr
2024-02-20T07:43:12.200+0000 7f1558358700 1 -- 172.21.15.64:0/2324695974 --> [v2:172.21.15.64:3300/0,v1:172.21.15.64:6789/0] -- mon_subscribe({mgrmap=0+}) v3 -- 0x7f155019a870 con 0x7f1550106f00
2024-02-20T07:43:12.970 INFO:teuthology.orchestra.run.smithi064.stdout:/usr/bin/ceph: stderr
2024-02-20T07:43:12.200+0000 7f15477fe700 1 -- 172.21.15.64:0/2324695974 <== mon.0 v2:172.21.15.64:3300/0 3 ==== mon_map magic: 0 v1 ==== 229+0+0 (secure 0 0 0) 0x7f154c019820 con 0x7f1550106f00
2024-02-20T07:43:12.970 INFO:teuthology.orchestra.run.smithi064.stdout:/usr/bin/ceph: stderr
2024-02-20T07:43:12.200+0000 7f1558358700 1 -- 172.21.15.64:0/2324695974 --> [v2:172.21.15.64:3300/0,v1:172.21.15.64:6789/0] -- mon_subscribe({osdmap=0}) v3 -- 0x7f155019ad10 con 0x7f1550106f00
