2024-02-20T07:43:36.785 INFO:teuthology.orchestra.run.smithi064.stdout:/usr/bin/ceph: stderr
2024-02-20T07:43:36.189+0000 7f16137fe700 1 -- 172.21.15.64:0/31250515 <== mon.0 v2:172.21.15.64:3300/0 8 ==== mon_command_ack([{"prefix": "mgr module enable", "module": "dashboard"}]=0 v9) v1 ==== 88+0+0 (secure 0 0 0) 0x7f160c02c9e0 con 0x7f1614106420
2024-02-20T07:43:36.785 INFO:teuthology.orchestra.run.smithi064.stdout:/usr/bin/ceph: stderr
2024-02-20T07:43:36.191+0000 7f161c452700 1 -- 172.21.15.64:0/31250515 >> [v2:172.21.15.64:6800/4249898718,v1:172.21.15.64:6801/4249898718] conn(0x7f15fc038320 msgr2=0x7f15fc03a7e0 secure :-1 s=STATE_CONNECTION_ESTABLISHED l=1).mark_down
2024-02-20T07:43:36.785 INFO:teuthology.orchestra.run.smithi064.stdout:/usr/bin/ceph: stderr
2024-02-20T07:43:36.191+0000 7f161c452700 1 --2- 172.21.15.64:0/31250515 >> [v2:172.21.15.64:6800/4249898718,v1:172.21.15.64:6801/4249898718] conn(0x7f15fc038320 0x7f15fc03a7e0 secure :-1 s=READY pgs=22 cs=0 l=1 rev1=1 crypto rx=0x7f1608006fd0 tx=0x7f1608006e40 comp rx=0 tx=0).stop
2024-02-20T07:43:36.785 INFO:teuthology.orchestra.run.smithi064.stdout:/usr/bin/ceph: stderr
2024-02-20T07:43:36.191+0000 7f161c452700 1 -- 172.21.15.64:0/31250515 >> [v2:172.21.15.64:3300/0,v1:172.21.15.64:6789/0] conn(0x7f1614106420 msgr2=0x7f161407bc60 secure :-1 s=STATE_CONNECTION_ESTABLISHED l=1).mark_down
2024-02-20T07:43:36.785 INFO:teuthology.orchestra.run.smithi064.stdout:/usr/bin/ceph: stderr
2024-02-20T07:43:36.191+0000 7f161c452700 1 --2- 172.21.15.64:0/31250515 >> [v2:172.21.15.64:3300/0,v1:172.21.15.64:6789/0] conn(0x7f1614106420 0x7f161407bc60 secure :-1 s=READY pgs=66 cs=0 l=1 rev1=1 crypto rx=0x7f160c000c00 tx=0x7f160c011b50 comp rx=0 tx=0).stop
2024-02-20T07:43:36.785 INFO:teuthology.orchestra.run.smithi064.stdout:/usr/bin/ceph: stderr
2024-02-20T07:43:36.191+0000 7f161c452700 1 -- 172.21.15.64:0/31250515 shutdown_connections
2024-02-20T07:43:36.785 INFO:teuthology.orchestra.run.smithi064.stdout:/usr/bin/ceph: stderr
2024-02-20T07:43:36.191+0000 7f161c452700 1 --2- 172.21.15.64:0/31250515 >> [v2:172.21.15.64:6800/4249898718,v1:172.21.15.64:6801/4249898718] conn(0x7f15fc038320 0x7f15fc03a7e0 unknown :-1 s=CLOSED pgs=22 cs=0 l=1 rev1=1 crypto rx=0 tx=0 comp rx=0 tx=0).stop
2024-02-20T07:43:36.785 INFO:teuthology.orchestra.run.smithi064.stdout:/usr/bin/ceph: stderr
2024-02-20T07:43:36.191+0000 7f161c452700 1 --2- 172.21.15.64:0/31250515 >> [v2:172.21.15.64:3300/0,v1:172.21.15.64:6789/0] conn(0x7f1614106420 0x7f161407bc60 unknown :-1 s=CLOSED pgs=66 cs=0 l=1 rev1=1 crypto rx=0 tx=0 comp rx=0 tx=0).stop
2024-02-20T07:43:36.785 INFO:teuthology.orchestra.run.smithi064.stdout:/usr/bin/ceph: stderr
2024-02-20T07:43:36.191+0000 7f161c452700 1 -- 172.21.15.64:0/31250515 >> 172.21.15.64:0/31250515 conn(0x7f1614101a00 msgr2=0x7f16141027d0 unknown :-1 s=STATE_NONE l=0).mark_down
2024-02-20T07:43:36.785 INFO:teuthology.orchestra.run.smithi064.stdout:/usr/bin/ceph: stderr
2024-02-20T07:43:36.191+0000 7f161c452700 1 -- 172.21.15.64:0/31250515 shutdown_connections
2024-02-20T07:43:36.785 INFO:teuthology.orchestra.run.smithi064.stdout:/usr/bin/ceph: stderr
2024-02-20T07:43:36.191+0000 7f161c452700 1 -- 172.21.15.64:0/31250515 wait complete.
2024-02-20T07:43:37.448 INFO:journalctl@ceph.mon.smithi064.smithi064.stdout:Feb 20 07:43:37 smithi064 ceph-mon[29064]: from='client.? 172.21.15.64:0/31250515' entity='client.admin' cmd='[{"prefix": "mgr module enable", "module": "dashboard"}]': finished
2024-02-20T07:43:37.448 INFO:journalctl@ceph.mon.smithi064.smithi064.stdout:Feb 20 07:43:37 smithi064 ceph-mon[29064]: mgrmap e9: smithi064.klfdom(active, since 26s)
2024-02-20T07:43:38.163 INFO:teuthology.orchestra.run.smithi064.stdout:/usr/bin/ceph: stdout {
2024-02-20T07:43:38.163 INFO:teuthology.orchestra.run.smithi064.stdout:/usr/bin/ceph: stdout "epoch": 9,
2024-02-20T07:43:38.164 INFO:teuthology.orchestra.run.smithi064.stdout:/usr/bin/ceph: stdout "available": true,
2024-02-20T07:43:38.164 INFO:teuthology.orchestra.run.smithi064.stdout:/usr/bin/ceph: stdout "active_name": "smithi064.klfdom",
2024-02-20T07:43:38.164 INFO:teuthology.orchestra.run.smithi064.stdout:/usr/bin/ceph: stdout "num_standby": 0
2024-02-20T07:43:38.164 INFO:teuthology.orchestra.run.smithi064.stdout:/usr/bin/ceph: stdout }
2024-02-20T07:43:38.164 INFO:teuthology.orchestra.run.smithi064.stdout:/usr/bin/ceph: stderr
2024-02-20T07:43:37.240+0000 7f8b33865700 1 Processor -- start
2024-02-20T07:43:38.164 INFO:teuthology.orchestra.run.smithi064.stdout:/usr/bin/ceph: stderr
2024-02-20T07:43:37.241+0000 7f8b33865700 1 -- start start
2024-02-20T07:43:38.164 INFO:teuthology.orchestra.run.smithi064.stdout:/usr/bin/ceph: stderr
2024-02-20T07:43:37.241+0000 7f8b33865700 1 --2- >> [v2:172.21.15.64:3300/0,v1:172.21.15.64:6789/0] conn(0x7f8b2c106f10 0x7f8b2c109300 unknown :-1 s=NONE pgs=0 cs=0 l=0 rev1=0 crypto rx=0 tx=0 comp rx=0 tx=0).connect
2024-02-20T07:43:38.164 INFO:teuthology.orchestra.run.smithi064.stdout:/usr/bin/ceph: stderr
2024-02-20T07:43:37.241+0000 7f8b33865700 1 -- --> [v2:172.21.15.64:3300/0,v1:172.21.15.64:6789/0] -- mon_getmap magic: 0 v1 -- 0x7f8b2c074620 con 0x7f8b2c106f10
2024-02-20T07:43:38.164 INFO:teuthology.orchestra.run.smithi064.stdout:/usr/bin/ceph: stderr
2024-02-20T07:43:37.241+0000 7f8b31601700 1 --2- >> [v2:172.21.15.64:3300/0,v1:172.21.15.64:6789/0] conn(0x7f8b2c106f10 0x7f8b2c109300 unknown :-1 s=BANNER_CONNECTING pgs=0 cs=0 l=0 rev1=0 crypto rx=0 tx=0 comp rx=0 tx=0)._handle_peer_banner_payload supported=3 required=0
2024-02-20T07:43:38.164 INFO:teuthology.orchestra.run.smithi064.stdout:/usr/bin/ceph: stderr
2024-02-20T07:43:37.241+0000 7f8b31601700 1 --2- >> [v2:172.21.15.64:3300/0,v1:172.21.15.64:6789/0] conn(0x7f8b2c106f10 0x7f8b2c109300 unknown :-1 s=HELLO_CONNECTING pgs=0 cs=0 l=0 rev1=1 crypto rx=0 tx=0 comp rx=0 tx=0).handle_hello peer v2:172.21.15.64:3300/0 says I am v2:172.21.15.64:39658/0 (socket says 172.21.15.64:39658)
2024-02-20T07:43:38.165 INFO:teuthology.orchestra.run.smithi064.stdout:/usr/bin/ceph: stderr
2024-02-20T07:43:37.241+0000 7f8b31601700 1 -- 172.21.15.64:0/3090890448 learned_addr learned my addr 172.21.15.64:0/3090890448 (peer_addr_for_me v2:172.21.15.64:0/0)
2024-02-20T07:43:38.165 INFO:teuthology.orchestra.run.smithi064.stdout:/usr/bin/ceph: stderr
2024-02-20T07:43:37.241+0000 7f8b31601700 1 -- 172.21.15.64:0/3090890448 --> [v2:172.21.15.64:3300/0,v1:172.21.15.64:6789/0] -- mon_subscribe({config=0+,monmap=0+}) v3 -- 0x7f8b2c109840 con 0x7f8b2c106f10
2024-02-20T07:43:38.165 INFO:teuthology.orchestra.run.smithi064.stdout:/usr/bin/ceph: stderr
2024-02-20T07:43:37.242+0000 7f8b31601700 1 --2- 172.21.15.64:0/3090890448 >> [v2:172.21.15.64:3300/0,v1:172.21.15.64:6789/0] conn(0x7f8b2c106f10 0x7f8b2c109300 secure :-1 s=READY pgs=69 cs=0 l=1 rev1=1 crypto rx=0x7f8b280098a0 tx=0x7f8b28009bb0 comp rx=0 tx=0).ready entity=mon.0 client_cookie=ba437240daf9160a server_cookie=0 in_seq=0 out_seq=0
2024-02-20T07:43:38.165 INFO:teuthology.orchestra.run.smithi064.stdout:/usr/bin/ceph: stderr
2024-02-20T07:43:37.242+0000 7f8b23fff700 1 -- 172.21.15.64:0/3090890448 <== mon.0 v2:172.21.15.64:3300/0 1 ==== mon_map magic: 0 v1 ==== 229+0+0 (secure 0 0 0) 0x7f8b28004180 con 0x7f8b2c106f10
2024-02-20T07:43:38.165 INFO:teuthology.orchestra.run.smithi064.stdout:/usr/bin/ceph: stderr
2024-02-20T07:43:37.242+0000 7f8b23fff700 1 -- 172.21.15.64:0/3090890448 <== mon.0 v2:172.21.15.64:3300/0 2 ==== config(27 keys) v1 ==== 1101+0+0 (secure 0 0 0) 0x7f8b280042e0 con 0x7f8b2c106f10
2024-02-20T07:43:38.167 INFO:teuthology.orchestra.run.smithi064.stdout:/usr/bin/ceph: stderr
2024-02-20T07:43:37.242+0000 7f8b23fff700 1 -- 172.21.15.64:0/3090890448 <== mon.0 v2:172.21.15.64:3300/0 3 ==== mon_map magic: 0 v1 ==== 229+0+0 (secure 0 0 0) 0x7f8b28011af0 con 0x7f8b2c106f10
2024-02-20T07:43:38.167 INFO:teuthology.orchestra.run.smithi064.stdout:/usr/bin/ceph: stderr
2024-02-20T07:43:37.243+0000 7f8b33865700 1 -- 172.21.15.64:0/3090890448 >> [v2:172.21.15.64:3300/0,v1:172.21.15.64:6789/0] conn(0x7f8b2c106f10 msgr2=0x7f8b2c109300 secure :-1 s=STATE_CONNECTION_ESTABLISHED l=1).mark_down
2024-02-20T07:43:38.167 INFO:teuthology.orchestra.run.smithi064.stdout:/usr/bin/ceph: stderr
2024-02-20T07:43:37.243+0000 7f8b33865700 1 --2- 172.21.15.64:0/3090890448 >> [v2:172.21.15.64:3300/0,v1:172.21.15.64:6789/0] conn(0x7f8b2c106f10 0x7f8b2c109300 secure :-1 s=READY pgs=69 cs=0 l=1 rev1=1 crypto rx=0x7f8b280098a0 tx=0x7f8b28009bb0 comp rx=0 tx=0).stop
2024-02-20T07:43:38.167 INFO:teuthology.orchestra.run.smithi064.stdout:/usr/bin/ceph: stderr
2024-02-20T07:43:37.243+0000 7f8b33865700 1 -- 172.21.15.64:0/3090890448 shutdown_connections
2024-02-20T07:43:38.167 INFO:teuthology.orchestra.run.smithi064.stdout:/usr/bin/ceph: stderr
2024-02-20T07:43:37.243+0000 7f8b33865700 1 --2- 172.21.15.64:0/3090890448 >> [v2:172.21.15.64:3300/0,v1:172.21.15.64:6789/0] conn(0x7f8b2c106f10 0x7f8b2c109300 unknown :-1 s=CLOSED pgs=69 cs=0 l=1 rev1=1 crypto rx=0 tx=0 comp rx=0 tx=0).stop
2024-02-20T07:43:38.168 INFO:teuthology.orchestra.run.smithi064.stdout:/usr/bin/ceph: stderr
2024-02-20T07:43:37.243+0000 7f8b33865700 1 -- 172.21.15.64:0/3090890448 >> 172.21.15.64:0/3090890448 conn(0x7f8b2c1008c0 msgr2=0x7f8b2c102d20 unknown :-1 s=STATE_NONE l=0).mark_down
2024-02-20T07:43:38.168 INFO:teuthology.orchestra.run.smithi064.stdout:/usr/bin/ceph: stderr
2024-02-20T07:43:37.243+0000 7f8b33865700 1 -- 172.21.15.64:0/3090890448 shutdown_connections
2024-02-20T07:43:38.168 INFO:teuthology.orchestra.run.smithi064.stdout:/usr/bin/ceph: stderr
2024-02-20T07:43:37.243+0000 7f8b33865700 1 -- 172.21.15.64:0/3090890448 wait complete.
2024-02-20T07:43:38.168 INFO:teuthology.orchestra.run.smithi064.stdout:/usr/bin/ceph: stderr
2024-02-20T07:43:37.244+0000 7f8b33865700 1 Processor -- start
2024-02-20T07:43:38.168 INFO:teuthology.orchestra.run.smithi064.stdout:/usr/bin/ceph: stderr
2024-02-20T07:43:37.244+0000 7f8b33865700 1 -- start start
2024-02-20T07:43:38.168 INFO:teuthology.orchestra.run.smithi064.stdout:/usr/bin/ceph: stderr
2024-02-20T07:43:37.244+0000 7f8b33865700 1 --2- >> [v2:172.21.15.64:3300/0,v1:172.21.15.64:6789/0] conn(0x7f8b2c106f10 0x7f8b2c19c370 unknown :-1 s=NONE pgs=0 cs=0 l=1 rev1=0 crypto rx=0 tx=0 comp rx=0 tx=0).connect
2024-02-20T07:43:38.168 INFO:teuthology.orchestra.run.smithi064.stdout:/usr/bin/ceph: stderr
2024-02-20T07:43:37.244+0000 7f8b33865700 1 -- --> [v2:172.21.15.64:3300/0,v1:172.21.15.64:6789/0] -- mon_getmap magic: 0 v1 -- 0x7f8b2c19c8b0 con 0x7f8b2c106f10
2024-02-20T07:43:38.168 INFO:teuthology.orchestra.run.smithi064.stdout:/usr/bin/ceph: stderr
2024-02-20T07:43:37.244+0000 7f8b31601700 1 --2- >> [v2:172.21.15.64:3300/0,v1:172.21.15.64:6789/0] conn(0x7f8b2c106f10 0x7f8b2c19c370 unknown :-1 s=BANNER_CONNECTING pgs=0 cs=0 l=1 rev1=0 crypto rx=0 tx=0 comp rx=0 tx=0)._handle_peer_banner_payload supported=3 required=0
2024-02-20T07:43:38.168 INFO:teuthology.orchestra.run.smithi064.stdout:/usr/bin/ceph: stderr
2024-02-20T07:43:37.244+0000 7f8b31601700 1 --2- >> [v2:172.21.15.64:3300/0,v1:172.21.15.64:6789/0] conn(0x7f8b2c106f10 0x7f8b2c19c370 unknown :-1 s=HELLO_CONNECTING pgs=0 cs=0 l=1 rev1=1 crypto rx=0 tx=0 comp rx=0 tx=0).handle_hello peer v2:172.21.15.64:3300/0 says I am v2:172.21.15.64:39672/0 (socket says 172.21.15.64:39672)
2024-02-20T07:43:38.168 INFO:teuthology.orchestra.run.smithi064.stdout:/usr/bin/ceph: stderr
2024-02-20T07:43:37.244+0000 7f8b31601700 1 -- 172.21.15.64:0/1114398095 learned_addr learned my addr 172.21.15.64:0/1114398095 (peer_addr_for_me v2:172.21.15.64:0/0)
2024-02-20T07:43:38.168 INFO:teuthology.orchestra.run.smithi064.stdout:/usr/bin/ceph: stderr
2024-02-20T07:43:37.244+0000 7f8b31601700 1 -- 172.21.15.64:0/1114398095 --> [v2:172.21.15.64:3300/0,v1:172.21.15.64:6789/0] -- mon_subscribe({config=0+,monmap=0+}) v3 -- 0x7f8b28009550 con 0x7f8b2c106f10
2024-02-20T07:43:38.169 INFO:teuthology.orchestra.run.smithi064.stdout:/usr/bin/ceph: stderr
2024-02-20T07:43:37.244+0000 7f8b31601700 1 --2- 172.21.15.64:0/1114398095 >> [v2:172.21.15.64:3300/0,v1:172.21.15.64:6789/0] conn(0x7f8b2c106f10 0x7f8b2c19c370 secure :-1 s=READY pgs=70 cs=0 l=1 rev1=1 crypto rx=0x7f8b28011670 tx=0x7f8b28011aa0 comp rx=0 tx=0).ready entity=mon.0 client_cookie=0 server_cookie=0 in_seq=0 out_seq=0
2024-02-20T07:43:38.169 INFO:teuthology.orchestra.run.smithi064.stdout:/usr/bin/ceph: stderr
2024-02-20T07:43:37.245+0000 7f8b227fc700 1 -- 172.21.15.64:0/1114398095 <== mon.0 v2:172.21.15.64:3300/0 1 ==== mon_map magic: 0 v1 ==== 229+0+0 (secure 0 0 0) 0x7f8b28003a40 con 0x7f8b2c106f10
2024-02-20T07:43:38.169 INFO:teuthology.orchestra.run.smithi064.stdout:/usr/bin/ceph: stderr
2024-02-20T07:43:37.245+0000 7f8b227fc700 1 -- 172.21.15.64:0/1114398095 <== mon.0 v2:172.21.15.64:3300/0 2 ==== config(27 keys) v1 ==== 1101+0+0 (secure 0 0 0) 0x7f8b28003ba0 con 0x7f8b2c106f10
2024-02-20T07:43:38.169 INFO:teuthology.orchestra.run.smithi064.stdout:/usr/bin/ceph: stderr
2024-02-20T07:43:37.245+0000 7f8b33865700 1 -- 172.21.15.64:0/1114398095 --> [v2:172.21.15.64:3300/0,v1:172.21.15.64:6789/0] -- mon_subscribe({mgrmap=0+}) v3 -- 0x7f8b2c19cab0 con 0x7f8b2c106f10
2024-02-20T07:43:38.169 INFO:teuthology.orchestra.run.smithi064.stdout:/usr/bin/ceph: stderr
2024-02-20T07:43:37.245+0000 7f8b227fc700 1 -- 172.21.15.64:0/1114398095 <== mon.0 v2:172.21.15.64:3300/0 3 ==== mon_map magic: 0 v1 ==== 229+0+0 (secure 0 0 0) 0x7f8b28024820 con 0x7f8b2c106f10
2024-02-20T07:43:38.169 INFO:teuthology.orchestra.run.smithi064.stdout:/usr/bin/ceph: stderr
2024-02-20T07:43:37.245+0000 7f8b33865700 1 -- 172.21.15.64:0/1114398095 --> [v2:172.21.15.64:3300/0,v1:172.21.15.64:6789/0] -- mon_subscribe({osdmap=0}) v3 -- 0x7f8b2c19cf50 con 0x7f8b2c106f10
2024-02-20T07:43:38.169 INFO:teuthology.orchestra.run.smithi064.stdout:/usr/bin/ceph: stderr
2024-02-20T07:43:37.246+0000 7f8b33865700 1 -- 172.21.15.64:0/1114398095 --> [v2:172.21.15.64:3300/0,v1:172.21.15.64:6789/0] -- mon_command({"prefix": "get_command_descriptions"} v 0) v1 -- 0x7f8b2c10a5d0 con 0x7f8b2c106f10
2024-02-20T07:43:38.169 INFO:teuthology.orchestra.run.smithi064.stdout:/usr/bin/ceph: stderr
2024-02-20T07:43:37.246+0000 7f8b227fc700 1 -- 172.21.15.64:0/1114398095 <== mon.0 v2:172.21.15.64:3300/0 4 ==== mgrmap(e 9) v1 ==== 45296+0+0 (secure 0 0 0) 0x7f8b2801ac70 con 0x7f8b2c106f10
2024-02-20T07:43:38.169 INFO:teuthology.orchestra.run.smithi064.stdout:/usr/bin/ceph: stderr
2024-02-20T07:43:37.246+0000 7f8b227fc700 1 --2- 172.21.15.64:0/1114398095 >> [v2:172.21.15.64:6800/4249898718,v1:172.21.15.64:6801/4249898718] conn(0x7f8b18038330 0x7f8b1803a7f0 unknown :-1 s=NONE pgs=0 cs=0 l=1 rev1=0 crypto rx=0 tx=0 comp rx=0 tx=0).connect
2024-02-20T07:43:38.169 INFO:teuthology.orchestra.run.smithi064.stdout:/usr/bin/ceph: stderr
2024-02-20T07:43:37.246+0000 7f8b227fc700 1 -- 172.21.15.64:0/1114398095 <== mon.0 v2:172.21.15.64:3300/0 5 ==== osd_map(2..2 src has 1..2) v4 ==== 940+0+0 (secure 0 0 0) 0x7f8b2804c300 con 0x7f8b2c106f10
2024-02-20T07:43:38.169 INFO:teuthology.orchestra.run.smithi064.stdout:/usr/bin/ceph: stderr
2024-02-20T07:43:37.246+0000 7f8b30e00700 1 -- 172.21.15.64:0/1114398095 >> [v2:172.21.15.64:6800/4249898718,v1:172.21.15.64:6801/4249898718] conn(0x7f8b18038330 msgr2=0x7f8b1803a7f0 unknown :-1 s=STATE_CONNECTING_RE l=1).process reconnect failed to v2:172.21.15.64:6800/4249898718
2024-02-20T07:43:38.170 INFO:teuthology.orchestra.run.smithi064.stdout:/usr/bin/ceph: stderr
2024-02-20T07:43:37.246+0000 7f8b30e00700 1 --2- 172.21.15.64:0/1114398095 >> [v2:172.21.15.64:6800/4249898718,v1:172.21.15.64:6801/4249898718] conn(0x7f8b18038330 0x7f8b1803a7f0 unknown :-1 s=START_CONNECT pgs=0 cs=0 l=1 rev1=0 crypto rx=0 tx=0 comp rx=0 tx=0)._fault waiting 0.200000
2024-02-20T07:43:38.170 INFO:teuthology.orchestra.run.smithi064.stdout:/usr/bin/ceph: stderr
2024-02-20T07:43:37.251+0000 7f8b227fc700 1 -- 172.21.15.64:0/1114398095 <== mon.0 v2:172.21.15.64:3300/0 6 ==== mon_command_ack([{"prefix": "get_command_descriptions"}]=0 v0) v1 ==== 72+0+180422 (secure 0 0 0) 0x7f8b28018740 con 0x7f8b2c106f10
2024-02-20T07:43:38.170 INFO:teuthology.orchestra.run.smithi064.stdout:/usr/bin/ceph: stderr
2024-02-20T07:43:37.447+0000 7f8b30e00700 1 -- 172.21.15.64:0/1114398095 >> [v2:172.21.15.64:6800/4249898718,v1:172.21.15.64:6801/4249898718] conn(0x7f8b18038330 msgr2=0x7f8b1803a7f0 unknown :-1 s=STATE_CONNECTING_RE l=1).process reconnect failed to v2:172.21.15.64:6800/4249898718
2024-02-20T07:43:38.170 INFO:teuthology.orchestra.run.smithi064.stdout:/usr/bin/ceph: stderr
2024-02-20T07:43:37.447+0000 7f8b30e00700 1 --2- 172.21.15.64:0/1114398095 >> [v2:172.21.15.64:6800/4249898718,v1:172.21.15.64:6801/4249898718] conn(0x7f8b18038330 0x7f8b1803a7f0 unknown :-1 s=START_CONNECT pgs=0 cs=0 l=1 rev1=0 crypto rx=0 tx=0 comp rx=0 tx=0)._fault waiting 0.400000
2024-02-20T07:43:38.170 INFO:teuthology.orchestra.run.smithi064.stdout:/usr/bin/ceph: stderr
2024-02-20T07:43:37.504+0000 7f8b33865700 1 -- 172.21.15.64:0/1114398095 --> [v2:172.21.15.64:3300/0,v1:172.21.15.64:6789/0] -- mon_command({"prefix": "mgr stat"} v 0) v1 -- 0x7f8b2c19fd30 con 0x7f8b2c106f10
2024-02-20T07:43:38.170 INFO:teuthology.orchestra.run.smithi064.stdout:/usr/bin/ceph: stderr
2024-02-20T07:43:37.505+0000 7f8b227fc700 1 -- 172.21.15.64:0/1114398095 <== mon.0 v2:172.21.15.64:3300/0 7 ==== mon_command_ack([{"prefix": "mgr stat"}]=0 v9) v1 ==== 56+0+103 (secure 0 0 0) 0x7f8b28018350 con 0x7f8b2c106f10
2024-02-20T07:43:38.170 INFO:teuthology.orchestra.run.smithi064.stdout:/usr/bin/ceph: stderr
2024-02-20T07:43:37.507+0000 7f8b33865700 1 -- 172.21.15.64:0/1114398095 >> [v2:172.21.15.64:6800/4249898718,v1:172.21.15.64:6801/4249898718] conn(0x7f8b18038330 msgr2=0x7f8b1803a7f0 unknown :-1 s=STATE_CONNECTING l=1).mark_down
2024-02-20T07:43:38.170 INFO:teuthology.orchestra.run.smithi064.stdout:/usr/bin/ceph: stderr
2024-02-20T07:43:37.507+0000 7f8b33865700 1 --2- 172.21.15.64:0/1114398095 >> [v2:172.21.15.64:6800/4249898718,v1:172.21.15.64:6801/4249898718] conn(0x7f8b18038330 0x7f8b1803a7f0 unknown :-1 s=START_CONNECT pgs=0 cs=0 l=1 rev1=0 crypto rx=0 tx=0 comp rx=0 tx=0).stop
2024-02-20T07:43:38.170 INFO:teuthology.orchestra.run.smithi064.stdout:/usr/bin/ceph: stderr
2024-02-20T07:43:37.507+0000 7f8b33865700 1 -- 172.21.15.64:0/1114398095 >> [v2:172.21.15.64:3300/0,v1:172.21.15.64:6789/0] conn(0x7f8b2c106f10 msgr2=0x7f8b2c19c370 secure :-1 s=STATE_CONNECTION_ESTABLISHED l=1).mark_down
2024-02-20T07:43:38.170 INFO:teuthology.orchestra.run.smithi064.stdout:/usr/bin/ceph: stderr
2024-02-20T07:43:37.507+0000 7f8b33865700 1 --2- 172.21.15.64:0/1114398095 >> [v2:172.21.15.64:3300/0,v1:172.21.15.64:6789/0] conn(0x7f8b2c106f10 0x7f8b2c19c370 secure :-1 s=READY pgs=70 cs=0 l=1 rev1=1 crypto rx=0x7f8b28011670 tx=0x7f8b28011aa0 comp rx=0 tx=0).stop
2024-02-20T07:43:38.170 INFO:teuthology.orchestra.run.smithi064.stdout:/usr/bin/ceph: stderr
2024-02-20T07:43:37.507+0000 7f8b33865700 1 -- 172.21.15.64:0/1114398095 shutdown_connections
2024-02-20T07:43:38.171 INFO:teuthology.orchestra.run.smithi064.stdout:/usr/bin/ceph: stderr
2024-02-20T07:43:37.507+0000 7f8b33865700 1 --2- 172.21.15.64:0/1114398095 >> [v2:172.21.15.64:6800/4249898718,v1:172.21.15.64:6801/4249898718] conn(0x7f8b18038330 0x7f8b1803a7f0 unknown :-1 s=CLOSED pgs=0 cs=0 l=1 rev1=0 crypto rx=0 tx=0 comp rx=0 tx=0).stop
2024-02-20T07:43:38.171 INFO:teuthology.orchestra.run.smithi064.stdout:/usr/bin/ceph: stderr
2024-02-20T07:43:37.507+0000 7f8b33865700 1 --2- 172.21.15.64:0/1114398095 >> [v2:172.21.15.64:3300/0,v1:172.21.15.64:6789/0] conn(0x7f8b2c106f10 0x7f8b2c19c370 unknown :-1 s=CLOSED pgs=70 cs=0 l=1 rev1=1 crypto rx=0 tx=0 comp rx=0 tx=0).stop
2024-02-20T07:43:38.171 INFO:teuthology.orchestra.run.smithi064.stdout:/usr/bin/ceph: stderr
2024-02-20T07:43:37.507+0000 7f8b33865700 1 -- 172.21.15.64:0/1114398095 >> 172.21.15.64:0/1114398095 conn(0x7f8b2c1008c0 msgr2=0x7f8b2c101f60 unknown :-1 s=STATE_NONE l=0).mark_down
2024-02-20T07:43:38.171 INFO:teuthology.orchestra.run.smithi064.stdout:/usr/bin/ceph: stderr
2024-02-20T07:43:37.507+0000 7f8b33865700 1 -- 172.21.15.64:0/1114398095 shutdown_connections
2024-02-20T07:43:38.171 INFO:teuthology.orchestra.run.smithi064.stdout:/usr/bin/ceph: stderr
2024-02-20T07:43:37.507+0000 7f8b33865700 1 -- 172.21.15.64:0/1114398095 wait complete.
2024-02-20T07:43:38.171 INFO:teuthology.orchestra.run.smithi064.stdout:Waiting for the mgr to restart...
2024-02-20T07:43:38.171 INFO:teuthology.orchestra.run.smithi064.stdout:Waiting for mgr epoch 9...
2024-02-20T07:43:38.419 INFO:journalctl@ceph.mon.smithi064.smithi064.stdout:Feb 20 07:43:38 smithi064 ceph-mon[29064]: from='client.? 172.21.15.64:0/1114398095' entity='client.admin' cmd=[{"prefix": "mgr stat"}]: dispatch
2024-02-20T07:43:43.449 INFO:journalctl@ceph.mon.smithi064.smithi064.stdout:Feb 20 07:43:43 smithi064 ceph-mon[29064]: Active manager daemon smithi064.klfdom restarted
2024-02-20T07:43:43.449 INFO:journalctl@ceph.mon.smithi064.smithi064.stdout:Feb 20 07:43:43 smithi064 ceph-mon[29064]: Activating manager daemon smithi064.klfdom
2024-02-20T07:43:43.449 INFO:journalctl@ceph.mon.smithi064.smithi064.stdout:Feb 20 07:43:43 smithi064 ceph-mon[29064]: osdmap e3: 0 total, 0 up, 0 in
2024-02-20T07:43:43.449 INFO:journalctl@ceph.mon.smithi064.smithi064.stdout:Feb 20 07:43:43 smithi064 ceph-mon[29064]: mgrmap e10: smithi064.klfdom(active, starting, since 0.00357012s)
2024-02-20T07:43:43.449 INFO:journalctl@ceph.mon.smithi064.smithi064.stdout:Feb 20 07:43:43 smithi064 ceph-mon[29064]: from='mgr.14162 172.21.15.64:0/3912766441' entity='mgr.smithi064.klfdom' cmd=[{"prefix": "mon metadata", "id": "smithi064"}]: dispatch
2024-02-20T07:43:43.449 INFO:journalctl@ceph.mon.smithi064.smithi064.stdout:Feb 20 07:43:43 smithi064 ceph-mon[29064]: from='mgr.14162 172.21.15.64:0/3912766441' entity='mgr.smithi064.klfdom' cmd=[{"prefix": "mgr metadata", "who": "smithi064.klfdom", "id": "smithi064.klfdom"}]: dispatch
2024-02-20T07:43:43.449 INFO:journalctl@ceph.mon.smithi064.smithi064.stdout:Feb 20 07:43:43 smithi064 ceph-mon[29064]: from='mgr.14162 172.21.15.64:0/3912766441' entity='mgr.smithi064.klfdom' cmd=[{"prefix": "mds metadata"}]: dispatch
2024-02-20T07:43:43.450 INFO:journalctl@ceph.mon.smithi064.smithi064.stdout:Feb 20 07:43:43 smithi064 ceph-mon[29064]: from='mgr.14162 172.21.15.64:0/3912766441' entity='mgr.smithi064.klfdom' cmd=[{"prefix": "osd metadata"}]: dispatch
2024-02-20T07:43:43.450 INFO:journalctl@ceph.mon.smithi064.smithi064.stdout:Feb 20 07:43:43 smithi064 ceph-mon[29064]: from='mgr.14162 172.21.15.64:0/3912766441' entity='mgr.smithi064.klfdom' cmd=[{"prefix": "mon metadata"}]: dispatch
2024-02-20T07:43:43.450 INFO:journalctl@ceph.mon.smithi064.smithi064.stdout:Feb 20 07:43:43 smithi064 ceph-mon[29064]: Manager daemon smithi064.klfdom is now available
2024-02-20T07:43:43.450 INFO:journalctl@ceph.mon.smithi064.smithi064.stdout:Feb 20 07:43:43 smithi064 ceph-mon[29064]: from='mgr.14162 172.21.15.64:0/3912766441' entity='mgr.smithi064.klfdom' cmd=[{"prefix": "config dump", "format": "json"}]: dispatch
2024-02-20T07:43:43.450 INFO:journalctl@ceph.mon.smithi064.smithi064.stdout:Feb 20 07:43:43 smithi064 ceph-mon[29064]: from='mgr.14162 172.21.15.64:0/3912766441' entity='mgr.smithi064.klfdom' cmd=[{"prefix": "config dump", "format": "json"}]: dispatch
2024-02-20T07:43:44.199 INFO:journalctl@ceph.mon.smithi064.smithi064.stdout:Feb 20 07:43:44 smithi064 ceph-mon[29064]: from='mgr.14162 172.21.15.64:0/3912766441' entity='mgr.smithi064.klfdom' cmd=[{"prefix":"config rm","who":"mgr","name":"mgr/rbd_support/smithi064.klfdom/mirror_snapshot_schedule"}]: dispatch
2024-02-20T07:43:44.199 INFO:journalctl@ceph.mon.smithi064.smithi064.stdout:Feb 20 07:43:44 smithi064 ceph-mon[29064]: from='mgr.14162 172.21.15.64:0/3912766441' entity='mgr.smithi064.klfdom' cmd=[{"prefix":"config rm","who":"mgr","name":"mgr/rbd_support/smithi064.klfdom/trash_purge_schedule"}]: dispatch
2024-02-20T07:43:44.199 INFO:journalctl@ceph.mon.smithi064.smithi064.stdout:Feb 20 07:43:44 smithi064 ceph-mon[29064]: mgrmap e11: smithi064.klfdom(active, since 1.00528s)
2024-02-20T07:43:44.922 INFO:teuthology.orchestra.run.smithi064.stdout:/usr/bin/ceph: stdout {
2024-02-20T07:43:44.922 INFO:teuthology.orchestra.run.smithi064.stdout:/usr/bin/ceph: stdout "mgrmap_epoch": 11,
2024-02-20T07:43:44.922 INFO:teuthology.orchestra.run.smithi064.stdout:/usr/bin/ceph: stdout "initialized": true
2024-02-20T07:43:44.922 INFO:teuthology.orchestra.run.smithi064.stdout:/usr/bin/ceph: stdout }
2024-02-20T07:43:44.922 INFO:teuthology.orchestra.run.smithi064.stdout:/usr/bin/ceph: stderr
2024-02-20T07:43:38.623+0000 7f8652adb700 1 Processor -- start
2024-02-20T07:43:44.922 INFO:teuthology.orchestra.run.smithi064.stdout:/usr/bin/ceph: stderr
2024-02-20T07:43:38.623+0000 7f8652adb700 1 -- start start
2024-02-20T07:43:44.922 INFO:teuthology.orchestra.run.smithi064.stdout:/usr/bin/ceph: stderr
2024-02-20T07:43:38.624+0000 7f8652adb700 1 --2- >> [v2:172.21.15.64:3300/0,v1:172.21.15.64:6789/0] conn(0x7f864c106f00 0x7f864c1092f0 unknown :-1 s=NONE pgs=0 cs=0 l=0 rev1=0 crypto rx=0 tx=0 comp rx=0 tx=0).connect
2024-02-20T07:43:44.922 INFO:teuthology.orchestra.run.smithi064.stdout:/usr/bin/ceph: stderr
2024-02-20T07:43:38.624+0000 7f8652adb700 1 -- --> [v2:172.21.15.64:3300/0,v1:172.21.15.64:6789/0] -- mon_getmap magic: 0 v1 -- 0x7f864c079e80 con 0x7f864c106f00
2024-02-20T07:43:44.922 INFO:teuthology.orchestra.run.smithi064.stdout:/usr/bin/ceph: stderr
2024-02-20T07:43:38.624+0000 7f8650877700 1 --2- >> [v2:172.21.15.64:3300/0,v1:172.21.15.64:6789/0] conn(0x7f864c106f00 0x7f864c1092f0 unknown :-1 s=BANNER_CONNECTING pgs=0 cs=0 l=0 rev1=0 crypto rx=0 tx=0 comp rx=0 tx=0)._handle_peer_banner_payload supported=3 required=0
2024-02-20T07:43:44.923 INFO:teuthology.orchestra.run.smithi064.stdout:/usr/bin/ceph: stderr
2024-02-20T07:43:38.624+0000 7f8650877700 1 --2- >> [v2:172.21.15.64:3300/0,v1:172.21.15.64:6789/0] conn(0x7f864c106f00 0x7f864c1092f0 unknown :-1 s=HELLO_CONNECTING pgs=0 cs=0 l=0 rev1=1 crypto rx=0 tx=0 comp rx=0 tx=0).handle_hello peer v2:172.21.15.64:3300/0 says I am v2:172.21.15.64:50490/0 (socket says 172.21.15.64:50490)
2024-02-20T07:43:44.923 INFO:teuthology.orchestra.run.smithi064.stdout:/usr/bin/ceph: stderr
2024-02-20T07:43:38.624+0000 7f8650877700 1 -- 172.21.15.64:0/3485631915 learned_addr learned my addr 172.21.15.64:0/3485631915 (peer_addr_for_me v2:172.21.15.64:0/0)
2024-02-20T07:43:44.923 INFO:teuthology.orchestra.run.smithi064.stdout:/usr/bin/ceph: stderr
2024-02-20T07:43:38.624+0000 7f8650877700 1 -- 172.21.15.64:0/3485631915 --> [v2:172.21.15.64:3300/0,v1:172.21.15.64:6789/0] -- mon_subscribe({config=0+,monmap=0+}) v3 -- 0x7f864c109830 con 0x7f864c106f00
2024-02-20T07:43:44.923 INFO:teuthology.orchestra.run.smithi064.stdout:/usr/bin/ceph: stderr
2024-02-20T07:43:38.624+0000 7f8650877700 1 --2- 172.21.15.64:0/3485631915 >> [v2:172.21.15.64:3300/0,v1:172.21.15.64:6789/0] conn(0x7f864c106f00 0x7f864c1092f0 secure :-1 s=READY pgs=71 cs=0 l=1 rev1=1 crypto rx=0x7f86400098a0 tx=0x7f8640009bb0 comp rx=0 tx=0).ready entity=mon.0 client_cookie=ede4dab8601768fd server_cookie=0 in_seq=0 out_seq=0
2024-02-20T07:43:44.923 INFO:teuthology.orchestra.run.smithi064.stdout:/usr/bin/ceph: stderr
2024-02-20T07:43:38.624+0000 7f864b7fe700 1 -- 172.21.15.64:0/3485631915 <== mon.0 v2:172.21.15.64:3300/0 1 ==== mon_map magic: 0 v1 ==== 229+0+0 (secure 0 0 0) 0x7f8640004180 con 0x7f864c106f00
2024-02-20T07:43:44.923 INFO:teuthology.orchestra.run.smithi064.stdout:/usr/bin/ceph: stderr
2024-02-20T07:43:38.625+0000 7f864b7fe700 1 -- 172.21.15.64:0/3485631915 <== mon.0 v2:172.21.15.64:3300/0 2 ==== config(27 keys) v1 ==== 1101+0+0 (secure 0 0 0) 0x7f86400042e0 con 0x7f864c106f00
2024-02-20T07:43:44.923 INFO:teuthology.orchestra.run.smithi064.stdout:/usr/bin/ceph: stderr
2024-02-20T07:43:38.625+0000 7f864b7fe700 1 -- 172.21.15.64:0/3485631915 <== mon.0 v2:172.21.15.64:3300/0 3 ==== mon_map magic: 0 v1 ==== 229+0+0 (secure 0 0 0) 0x7f8640011af0 con 0x7f864c106f00
2024-02-20T07:43:44.923 INFO:teuthology.orchestra.run.smithi064.stdout:/usr/bin/ceph: stderr
2024-02-20T07:43:38.625+0000 7f8652adb700 1 -- 172.21.15.64:0/3485631915 >> [v2:172.21.15.64:3300/0,v1:172.21.15.64:6789/0] conn(0x7f864c106f00 msgr2=0x7f864c1092f0 secure :-1 s=STATE_CONNECTION_ESTABLISHED l=1).mark_down
2024-02-20T07:43:44.923 INFO:teuthology.orchestra.run.smithi064.stdout:/usr/bin/ceph: stderr
2024-02-20T07:43:38.625+0000 7f8652adb700 1 --2- 172.21.15.64:0/3485631915 >> [v2:172.21.15.64:3300/0,v1:172.21.15.64:6789/0] conn(0x7f864c106f00 0x7f864c1092f0 secure :-1 s=READY pgs=71 cs=0 l=1 rev1=1 crypto rx=0x7f86400098a0 tx=0x7f8640009bb0 comp rx=0 tx=0).stop
2024-02-20T07:43:44.923 INFO:teuthology.orchestra.run.smithi064.stdout:/usr/bin/ceph: stderr
2024-02-20T07:43:38.625+0000 7f8652adb700 1 -- 172.21.15.64:0/3485631915 shutdown_connections
2024-02-20T07:43:44.923 INFO:teuthology.orchestra.run.smithi064.stdout:/usr/bin/ceph: stderr
2024-02-20T07:43:38.625+0000 7f8652adb700 1 --2- 172.21.15.64:0/3485631915 >> [v2:172.21.15.64:3300/0,v1:172.21.15.64:6789/0] conn(0x7f864c106f00 0x7f864c1092f0 unknown :-1 s=CLOSED pgs=71 cs=0 l=1 rev1=1 crypto rx=0 tx=0 comp rx=0 tx=0).stop
2024-02-20T07:43:44.923 INFO:teuthology.orchestra.run.smithi064.stdout:/usr/bin/ceph: stderr
2024-02-20T07:43:38.625+0000 7f8652adb700 1 -- 172.21.15.64:0/3485631915 >> 172.21.15.64:0/3485631915 conn(0x7f864c1008d0 msgr2=0x7f864c102d30 unknown :-1 s=STATE_NONE l=0).mark_down
2024-02-20T07:43:44.924 INFO:teuthology.orchestra.run.smithi064.stdout:/usr/bin/ceph: stderr
2024-02-20T07:43:38.625+0000 7f8652adb700 1 -- 172.21.15.64:0/3485631915 shutdown_connections
2024-02-20T07:43:44.924 INFO:teuthology.orchestra.run.smithi064.stdout:/usr/bin/ceph: stderr
2024-02-20T07:43:38.625+0000 7f8652adb700 1 -- 172.21.15.64:0/3485631915 wait complete.
2024-02-20T07:43:44.924 INFO:teuthology.orchestra.run.smithi064.stdout:/usr/bin/ceph: stderr
2024-02-20T07:43:38.626+0000 7f8652adb700 1 Processor -- start
2024-02-20T07:43:44.924 INFO:teuthology.orchestra.run.smithi064.stdout:/usr/bin/ceph: stderr
2024-02-20T07:43:38.626+0000 7f8652adb700 1 -- start start
2024-02-20T07:43:44.924 INFO:teuthology.orchestra.run.smithi064.stdout:/usr/bin/ceph: stderr
2024-02-20T07:43:38.626+0000 7f8652adb700 1 --2- >> [v2:172.21.15.64:3300/0,v1:172.21.15.64:6789/0] conn(0x7f864c106f00 0x7f864c106860 unknown :-1 s=NONE pgs=0 cs=0 l=1 rev1=0 crypto rx=0 tx=0 comp rx=0 tx=0).connect
2024-02-20T07:43:44.924 INFO:teuthology.orchestra.run.smithi064.stdout:/usr/bin/ceph: stderr
2024-02-20T07:43:38.626+0000 7f8652adb700 1 -- --> [v2:172.21.15.64:3300/0,v1:172.21.15.64:6789/0] -- mon_getmap magic: 0 v1 -- 0x7f864c106da0 con 0x7f864c106f00
2024-02-20T07:43:44.924 INFO:teuthology.orchestra.run.smithi064.stdout:/usr/bin/ceph: stderr
2024-02-20T07:43:38.627+0000 7f8650877700 1 --2- >> [v2:172.21.15.64:3300/0,v1:172.21.15.64:6789/0] conn(0x7f864c106f00 0x7f864c106860 unknown :-1 s=BANNER_CONNECTING pgs=0 cs=0 l=1 rev1=0 crypto rx=0 tx=0 comp rx=0 tx=0)._handle_peer_banner_payload supported=3 required=0
2024-02-20T07:43:44.924 INFO:teuthology.orchestra.run.smithi064.stdout:/usr/bin/ceph: stderr
2024-02-20T07:43:38.627+0000 7f8650877700 1 --2- >> [v2:172.21.15.64:3300/0,v1:172.21.15.64:6789/0] conn(0x7f864c106f00 0x7f864c106860 unknown :-1 s=HELLO_CONNECTING pgs=0 cs=0 l=1 rev1=1 crypto rx=0 tx=0 comp rx=0 tx=0).handle_hello peer v2:172.21.15.64:3300/0 says I am v2:172.21.15.64:50498/0 (socket says 172.21.15.64:50498)
2024-02-20T07:43:44.924 INFO:teuthology.orchestra.run.smithi064.stdout:/usr/bin/ceph: stderr
2024-02-20T07:43:38.627+0000 7f8650877700 1 -- 172.21.15.64:0/1927642347 learned_addr learned my addr 172.21.15.64:0/1927642347 (peer_addr_for_me v2:172.21.15.64:0/0)
2024-02-20T07:43:44.927 INFO:teuthology.orchestra.run.smithi064.stdout:/usr/bin/ceph: stderr
2024-02-20T07:43:38.627+0000 7f8650877700 1 -- 172.21.15.64:0/1927642347 --> [v2:172.21.15.64:3300/0,v1:172.21.15.64:6789/0] -- mon_subscribe({config=0+,monmap=0+}) v3 -- 0x7f8640009550 con 0x7f864c106f00
2024-02-20T07:43:44.927 INFO:teuthology.orchestra.run.smithi064.stdout:/usr/bin/ceph: stderr
2024-02-20T07:43:38.627+0000 7f8650877700 1 --2- 172.21.15.64:0/1927642347 >> [v2:172.21.15.64:3300/0,v1:172.21.15.64:6789/0] conn(0x7f864c106f00 0x7f864c106860 secure :-1 s=READY pgs=72 cs=0 l=1 rev1=1 crypto rx=0x7f8640011670 tx=0x7f8640011b50 comp rx=0 tx=0).ready entity=mon.0 client_cookie=0 server_cookie=0 in_seq=0 out_seq=0
2024-02-20T07:43:44.927 INFO:teuthology.orchestra.run.smithi064.stdout:/usr/bin/ceph: stderr
2024-02-20T07:43:38.627+0000 7f8649ffb700 1 -- 172.21.15.64:0/1927642347 <== mon.0 v2:172.21.15.64:3300/0 1 ==== mon_map magic: 0 v1 ==== 229+0+0 (secure 0 0 0) 0x7f8640003a40 con 0x7f864c106f00
2024-02-20T07:43:44.927 INFO:teuthology.orchestra.run.smithi064.stdout:/usr/bin/ceph: stderr
2024-02-20T07:43:38.627+0000 7f8649ffb700 1 -- 172.21.15.64:0/1927642347 <== mon.0 v2:172.21.15.64:3300/0 2 ==== config(27 keys) v1 ==== 1101+0+0 (secure 0 0 0) 0x7f8640003ba0 con 0x7f864c106f00
2024-02-20T07:43:44.927 INFO:teuthology.orchestra.run.smithi064.stdout:/usr/bin/ceph: stderr
2024-02-20T07:43:38.627+0000 7f8652adb700 1 -- 172.21.15.64:0/1927642347 --> [v2:172.21.15.64:3300/0,v1:172.21.15.64:6789/0] -- mon_subscribe({mgrmap=0+}) v3 -- 0x7f864c104eb0 con 0x7f864c106f00
2024-02-20T07:43:44.927 INFO:teuthology.orchestra.run.smithi064.stdout:/usr/bin/ceph: stderr
2024-02-20T07:43:38.627+0000 7f8649ffb700 1 -- 172.21.15.64:0/1927642347 <== mon.0 v2:172.21.15.64:3300/0 3 ==== mon_map magic: 0 v1 ==== 229+0+0 (secure 0 0 0) 0x7f8640024790 con 0x7f864c106f00
2024-02-20T07:43:44.928 INFO:teuthology.orchestra.run.smithi064.stdout:/usr/bin/ceph: stderr
2024-02-20T07:43:38.627+0000 7f8652adb700 1 -- 172.21.15.64:0/1927642347 --> [v2:172.21.15.64:3300/0,v1:172.21.15.64:6789/0] -- mon_subscribe({osdmap=0}) v3 -- 0x7f864c105350 con 0x7f864c106f00
2024-02-20T07:43:44.928 INFO:teuthology.orchestra.run.smithi064.stdout:/usr/bin/ceph: stderr
2024-02-20T07:43:38.628+0000 7f8649ffb700 1 -- 172.21.15.64:0/1927642347 <== mon.0 v2:172.21.15.64:3300/0 4 ==== mgrmap(e 9) v1 ==== 45296+0+0 (secure 0 0 0) 0x7f864002d3f0 con 0x7f864c106f00
2024-02-20T07:43:44.928 INFO:teuthology.orchestra.run.smithi064.stdout:/usr/bin/ceph: stderr
2024-02-20T07:43:38.628+0000 7f8649ffb700 1 --2- 172.21.15.64:0/1927642347 >> [v2:172.21.15.64:6800/4249898718,v1:172.21.15.64:6801/4249898718] conn(0x7f863c0383c0 0x7f863c03a880 unknown :-1 s=NONE pgs=0 cs=0 l=1 rev1=0 crypto rx=0 tx=0 comp rx=0 tx=0).connect
2024-02-20T07:43:44.928 INFO:teuthology.orchestra.run.smithi064.stdout:/usr/bin/ceph: stderr
2024-02-20T07:43:38.628+0000 7f8649ffb700 1 -- 172.21.15.64:0/1927642347 --> [v2:172.21.15.64:6800/4249898718,v1:172.21.15.64:6801/4249898718] -- command(tid 0: {"prefix": "get_command_descriptions"}) v1 -- 0x7f863c03af90 con 0x7f863c0383c0
2024-02-20T07:43:44.928 INFO:teuthology.orchestra.run.smithi064.stdout:/usr/bin/ceph: stderr
2024-02-20T07:43:38.628+0000 7f8649ffb700 1 -- 172.21.15.64:0/1927642347 <== mon.0 v2:172.21.15.64:3300/0 5 ==== osd_map(2..2 src has 1..2) v4 ==== 940+0+0 (secure 0 0 0) 0x7f864004c570 con 0x7f864c106f00
2024-02-20T07:43:44.928 INFO:teuthology.orchestra.run.smithi064.stdout:/usr/bin/ceph: stderr
2024-02-20T07:43:38.628+0000 7f864bfff700 1 -- 172.21.15.64:0/1927642347 >> [v2:172.21.15.64:6800/4249898718,v1:172.21.15.64:6801/4249898718] conn(0x7f863c0383c0 msgr2=0x7f863c03a880 unknown :-1 s=STATE_CONNECTING_RE l=1).process reconnect failed to v2:172.21.15.64:6800/4249898718
2024-02-20T07:43:44.928 INFO:teuthology.orchestra.run.smithi064.stdout:/usr/bin/ceph: stderr
2024-02-20T07:43:38.628+0000 7f864bfff700 1 --2- 172.21.15.64:0/1927642347 >> [v2:172.21.15.64:6800/4249898718,v1:172.21.15.64:6801/4249898718] conn(0x7f863c0383c0 0x7f863c03a880 unknown :-1 s=START_CONNECT pgs=0 cs=0 l=1 rev1=0 crypto rx=0 tx=0 comp rx=0 tx=0)._fault waiting 0.200000
2024-02-20T07:43:44.928 INFO:teuthology.orchestra.run.smithi064.stdout:/usr/bin/ceph: stderr
2024-02-20T07:43:38.829+0000 7f864bfff700 1 -- 172.21.15.64:0/1927642347 >> [v2:172.21.15.64:6800/4249898718,v1:172.21.15.64:6801/4249898718] conn(0x7f863c0383c0 msgr2=0x7f863c03a880 unknown :-1 s=STATE_CONNECTING_RE l=1).process reconnect failed to v2:172.21.15.64:6800/4249898718
2024-02-20T07:43:44.928 INFO:teuthology.orchestra.run.smithi064.stdout:/usr/bin/ceph: stderr
2024-02-20T07:43:38.829+0000 7f864bfff700 1 --2- 172.21.15.64:0/1927642347 >> [v2:172.21.15.64:6800/4249898718,v1:172.21.15.64:6801/4249898718] conn(0x7f863c0383c0 0x7f863c03a880 unknown :-1 s=START_CONNECT pgs=0 cs=0 l=1 rev1=0 crypto rx=0 tx=0 comp rx=0 tx=0)._fault waiting 0.400000
2024-02-20T07:43:44.928 INFO:teuthology.orchestra.run.smithi064.stdout:/usr/bin/ceph: stderr
2024-02-20T07:43:39.230+0000 7f864bfff700 1 -- 172.21.15.64:0/1927642347 >> [v2:172.21.15.64:6800/4249898718,v1:172.21.15.64:6801/4249898718] conn(0x7f863c0383c0 msgr2=0x7f863c03a880 unknown :-1 s=STATE_CONNECTING_RE l=1).process reconnect failed to v2:172.21.15.64:6800/4249898718
2024-02-20T07:43:44.928 INFO:teuthology.orchestra.run.smithi064.stdout:/usr/bin/ceph: stderr
2024-02-20T07:43:39.230+0000 7f864bfff700 1 --2- 172.21.15.64:0/1927642347 >> [v2:172.21.15.64:6800/4249898718,v1:172.21.15.64:6801/4249898718] conn(0x7f863c0383c0 0x7f863c03a880 unknown :-1 s=START_CONNECT pgs=0 cs=0 l=1 rev1=0 crypto rx=0 tx=0 comp rx=0 tx=0)._fault waiting 0.800000
2024-02-20T07:43:44.928 INFO:teuthology.orchestra.run.smithi064.stdout:/usr/bin/ceph: stderr
2024-02-20T07:43:40.031+0000 7f864bfff700 1 -- 172.21.15.64:0/1927642347 >> [v2:172.21.15.64:6800/4249898718,v1:172.21.15.64:6801/4249898718] conn(0x7f863c0383c0 msgr2=0x7f863c03a880 unknown :-1 s=STATE_CONNECTING_RE l=1).process reconnect failed to v2:172.21.15.64:6800/4249898718
2024-02-20T07:43:44.928 INFO:teuthology.orchestra.run.smithi064.stdout:/usr/bin/ceph: stderr
2024-02-20T07:43:40.031+0000 7f864bfff700 1 --2- 172.21.15.64:0/1927642347 >> [v2:172.21.15.64:6800/4249898718,v1:172.21.15.64:6801/4249898718] conn(0x7f863c0383c0 0x7f863c03a880 unknown :-1 s=START_CONNECT pgs=0 cs=0 l=1 rev1=0 crypto rx=0 tx=0 comp rx=0 tx=0)._fault waiting 1.600000
2024-02-20T07:43:44.929 INFO:teuthology.orchestra.run.smithi064.stdout:/usr/bin/ceph: stderr
2024-02-20T07:43:41.632+0000 7f864bfff700 1 -- 172.21.15.64:0/1927642347 >> [v2:172.21.15.64:6800/4249898718,v1:172.21.15.64:6801/4249898718] conn(0x7f863c0383c0 msgr2=0x7f863c03a880 unknown :-1 s=STATE_CONNECTING_RE l=1).process reconnect failed to v2:172.21.15.64:6800/4249898718
2024-02-20T07:43:44.929 INFO:teuthology.orchestra.run.smithi064.stdout:/usr/bin/ceph: stderr
2024-02-20T07:43:41.632+0000 7f864bfff700 1 --2- 172.21.15.64:0/1927642347 >> [v2:172.21.15.64:6800/4249898718,v1:172.21.15.64:6801/4249898718] conn(0x7f863c0383c0 0x7f863c03a880 unknown :-1 s=START_CONNECT pgs=0 cs=0 l=1 rev1=0 crypto rx=0 tx=0 comp rx=0 tx=0)._fault waiting 3.200000
2024-02-20T07:43:44.929 INFO:teuthology.orchestra.run.smithi064.stdout:/usr/bin/ceph: stderr
2024-02-20T07:43:43.093+0000 7f8649ffb700 1 -- 172.21.15.64:0/1927642347 <== mon.0 v2:172.21.15.64:3300/0 6 ==== mgrmap(e 10) v1 ==== 45063+0+0 (secure 0 0 0) 0x7f8640021d60 con 0x7f864c106f00
2024-02-20T07:43:44.929 INFO:teuthology.orchestra.run.smithi064.stdout:/usr/bin/ceph: stderr
2024-02-20T07:43:43.093+0000 7f8649ffb700 1 -- 172.21.15.64:0/1927642347 >> [v2:172.21.15.64:6800/4249898718,v1:172.21.15.64:6801/4249898718] conn(0x7f863c0383c0 msgr2=0x7f863c03a880 unknown :-1 s=STATE_CONNECTING l=1).mark_down
2024-02-20T07:43:44.929 INFO:teuthology.orchestra.run.smithi064.stdout:/usr/bin/ceph: stderr
2024-02-20T07:43:43.093+0000 7f8649ffb700 1 --2- 172.21.15.64:0/1927642347 >> [v2:172.21.15.64:6800/4249898718,v1:172.21.15.64:6801/4249898718] conn(0x7f863c0383c0 0x7f863c03a880 unknown :-1 s=START_CONNECT pgs=0 cs=0 l=1 rev1=0 crypto rx=0 tx=0 comp rx=0 tx=0).stop
2024-02-20T07:43:44.929 INFO:teuthology.orchestra.run.smithi064.stdout:/usr/bin/ceph: stderr
2024-02-20T07:43:44.094+0000 7f8649ffb700 1 -- 172.21.15.64:0/1927642347 <== mon.0 v2:172.21.15.64:3300/0 7 ==== mgrmap(e 11) v1 ==== 45190+0+0 (secure 0 0 0) 0x7f864002d920 con 0x7f864c106f00
2024-02-20T07:43:44.929 INFO:teuthology.orchestra.run.smithi064.stdout:/usr/bin/ceph: stderr
2024-02-20T07:43:44.094+0000 7f8649ffb700 1 --2- 172.21.15.64:0/1927642347 >> [v2:172.21.15.64:6800/4129977040,v1:172.21.15.64:6801/4129977040] conn(0x7f863c03be30 0x7f863c03e220 unknown :-1 s=NONE pgs=0 cs=0 l=1 rev1=0 crypto rx=0 tx=0 comp rx=0 tx=0).connect
2024-02-20T07:43:44.929 INFO:teuthology.orchestra.run.smithi064.stdout:/usr/bin/ceph: stderr
2024-02-20T07:43:44.094+0000 7f8649ffb700 1 -- 172.21.15.64:0/1927642347 --> [v2:172.21.15.64:6800/4129977040,v1:172.21.15.64:6801/4129977040] -- command(tid 0: {"prefix": "get_command_descriptions"}) v1 -- 0x7f863c03af90 con 0x7f863c03be30
2024-02-20T07:43:44.929 INFO:teuthology.orchestra.run.smithi064.stdout:/usr/bin/ceph: stderr
2024-02-20T07:43:44.095+0000 7f864bfff700 1 --2- 172.21.15.64:0/1927642347 >> [v2:172.21.15.64:6800/4129977040,v1:172.21.15.64:6801/4129977040] conn(0x7f863c03be30 0x7f863c03e220 unknown :-1 s=BANNER_CONNECTING pgs=0 cs=0 l=1 rev1=0 crypto rx=0 tx=0 comp rx=0 tx=0)._handle_peer_banner_payload supported=3 required=0
2024-02-20T07:43:44.929 INFO:teuthology.orchestra.run.smithi064.stdout:/usr/bin/ceph: stderr
2024-02-20T07:43:44.095+0000 7f864bfff700 1 --2- 172.21.15.64:0/1927642347 >> [v2:172.21.15.64:6800/4129977040,v1:172.21.15.64:6801/4129977040] conn(0x7f863c03be30 0x7f863c03e220 secure :-1 s=READY pgs=1 cs=0 l=1 rev1=1 crypto rx=0x7f8638003a10 tx=0x7f8638009270 comp rx=0 tx=0).ready entity=mgr.14162 client_cookie=0 server_cookie=0 in_seq=0 out_seq=0
2024-02-20T07:43:44.929 INFO:teuthology.orchestra.run.smithi064.stdout:/usr/bin/ceph: stderr
2024-02-20T07:43:44.096+0000 7f8649ffb700 1 -- 172.21.15.64:0/1927642347 <== mgr.14162 v2:172.21.15.64:6800/4129977040 1 ==== command_reply(tid 0: 0 ) v1 ==== 8+0+6910 (secure 0 0 0) 0x7f863c03af90 con 0x7f863c03be30
2024-02-20T07:43:44.929 INFO:teuthology.orchestra.run.smithi064.stdout:/usr/bin/ceph: stderr
2024-02-20T07:43:44.105+0000 7f8652adb700 1 -- 172.21.15.64:0/1927642347 --> [v2:172.21.15.64:6800/4129977040,v1:172.21.15.64:6801/4129977040] -- command(tid 1: {"prefix": "mgr_status"}) v1 -- 0x7f864c106400 con 0x7f863c03be30
2024-02-20T07:43:44.929 INFO:teuthology.orchestra.run.smithi064.stdout:/usr/bin/ceph: stderr
2024-02-20T07:43:44.105+0000 7f8649ffb700 1 -- 172.21.15.64:0/1927642347 <== mgr.14162 v2:172.21.15.64:6800/4129977040 2 ==== command_reply(tid 1: 0 ) v1 ==== 8+0+52 (secure 0 0 0) 0x7f864c106400 con 0x7f863c03be30
2024-02-20T07:43:44.929 INFO:teuthology.orchestra.run.smithi064.stdout:/usr/bin/ceph: stderr
2024-02-20T07:43:44.105+0000 7f8652adb700 1 -- 172.21.15.64:0/1927642347 >> [v2:172.21.15.64:6800/4129977040,v1:172.21.15.64:6801/4129977040] conn(0x7f863c03be30 msgr2=0x7f863c03e220 secure :-1 s=STATE_CONNECTION_ESTABLISHED l=1).mark_down
2024-02-20T07:43:44.930 INFO:teuthology.orchestra.run.smithi064.stdout:/usr/bin/ceph: stderr
2024-02-20T07:43:44.105+0000 7f8652adb700 1 --2- 172.21.15.64:0/1927642347 >> [v2:172.21.15.64:6800/4129977040,v1:172.21.15.64:6801/4129977040] conn(0x7f863c03be30 0x7f863c03e220 secure :-1 s=READY pgs=1 cs=0 l=1 rev1=1 crypto rx=0x7f8638003a10 tx=0x7f8638009270 comp rx=0 tx=0).stop
2024-02-20T07:43:44.930 INFO:teuthology.orchestra.run.smithi064.stdout:/usr/bin/ceph: stderr
2024-02-20T07:43:44.105+0000 7f8652adb700 1 -- 172.21.15.64:0/1927642347 >> [v2:172.21.15.64:3300/0,v1:172.21.15.64:6789/0] conn(0x7f864c106f00 msgr2=0x7f864c106860 secure :-1 s=STATE_CONNECTION_ESTABLISHED l=1).mark_down
2024-02-20T07:43:44.930 INFO:teuthology.orchestra.run.smithi064.stdout:/usr/bin/ceph: stderr
2024-02-20T07:43:44.105+0000 7f8652adb700 1 --2- 172.21.15.64:0/1927642347 >> [v2:172.21.15.64:3300/0,v1:172.21.15.64:6789/0] conn(0x7f864c106f00 0x7f864c106860 secure :-1 s=READY pgs=72 cs=0 l=1 rev1=1 crypto rx=0x7f8640011670 tx=0x7f8640011b50 comp rx=0 tx=0).stop
2024-02-20T07:43:44.930 INFO:teuthology.orchestra.run.smithi064.stdout:/usr/bin/ceph: stderr
2024-02-20T07:43:44.105+0000 7f8652adb700 1 -- 172.21.15.64:0/1927642347 shutdown_connections
2024-02-20T07:43:44.930 INFO:teuthology.orchestra.run.smithi064.stdout:/usr/bin/ceph: stderr
2024-02-20T07:43:44.105+0000 7f8652adb700 1 --2- 172.21.15.64:0/1927642347 >> [v2:172.21.15.64:6800/4129977040,v1:172.21.15.64:6801/4129977040] conn(0x7f863c03be30 0x7f863c03e220 unknown :-1 s=CLOSED pgs=1 cs=0 l=1 rev1=1 crypto rx=0 tx=0 comp rx=0 tx=0).stop
2024-02-20T07:43:44.930 INFO:teuthology.orchestra.run.smithi064.stdout:/usr/bin/ceph: stderr
2024-02-20T07:43:44.105+0000 7f8652adb700 1 --2- 172.21.15.64:0/1927642347 >> [v2:172.21.15.64:3300/0,v1:172.21.15.64:6789/0] conn(0x7f864c106f00 0x7f864c106860 unknown :-1 s=CLOSED pgs=72 cs=0 l=1 rev1=1 crypto rx=0 tx=0 comp rx=0 tx=0).stop
2024-02-20T07:43:44.930 INFO:teuthology.orchestra.run.smithi064.stdout:/usr/bin/ceph: stderr
2024-02-20T07:43:44.105+0000 7f8652adb700 1 --2- 172.21.15.64:0/1927642347 >> [v2:172.21.15.64:6800/4249898718,v1:172.21.15.64:6801/4249898718] conn(0x7f863c0383c0 0x7f863c03a880 unknown :-1 s=CLOSED pgs=0 cs=0 l=1 rev1=0 crypto rx=0 tx=0 comp rx=0 tx=0).stop
2024-02-20T07:43:44.930 INFO:teuthology.orchestra.run.smithi064.stdout:/usr/bin/ceph: stderr
2024-02-20T07:43:44.105+0000 7f8652adb700 1 -- 172.21.15.64:0/1927642347 >> 172.21.15.64:0/1927642347 conn(0x7f864c1008d0 msgr2=0x7f864c101690 unknown :-1 s=STATE_NONE l=0).mark_down
2024-02-20T07:43:44.930 INFO:teuthology.orchestra.run.smithi064.stdout:/usr/bin/ceph: stderr
2024-02-20T07:43:44.105+0000 7f8652adb700 1 -- 172.21.15.64:0/1927642347 shutdown_connections
2024-02-20T07:43:44.930 INFO:teuthology.orchestra.run.smithi064.stdout:/usr/bin/ceph: stderr
2024-02-20T07:43:44.105+0000 7f8652adb700 1 -- 172.21.15.64:0/1927642347 wait complete.
2024-02-20T07:43:44.930 INFO:teuthology.orchestra.run.smithi064.stdout:mgr epoch 9 is available
2024-02-20T07:43:44.930 INFO:teuthology.orchestra.run.smithi064.stdout:Generating a dashboard self-signed certificate...
2024-02-20T07:43:45.175 INFO:journalctl@ceph.mon.smithi064.smithi064.stdout:Feb 20 07:43:45 smithi064 ceph-mon[29064]: [20/Feb/2024:07:43:44] ENGINE Bus STARTING
2024-02-20T07:43:45.175 INFO:journalctl@ceph.mon.smithi064.smithi064.stdout:Feb 20 07:43:45 smithi064 ceph-mon[29064]: from='client.14166 -' entity='client.admin' cmd=[{"prefix": "get_command_descriptions"}]: dispatch
2024-02-20T07:43:45.175 INFO:journalctl@ceph.mon.smithi064.smithi064.stdout:Feb 20 07:43:45 smithi064 ceph-mon[29064]: from='client.14166 -' entity='client.admin' cmd=[{"prefix": "mgr_status"}]: dispatch
2024-02-20T07:43:45.175 INFO:journalctl@ceph.mon.smithi064.smithi064.stdout:Feb 20 07:43:45 smithi064 ceph-mon[29064]: [20/Feb/2024:07:43:44] ENGINE Serving on https://172.21.15.64:7150
2024-02-20T07:43:45.175 INFO:journalctl@ceph.mon.smithi064.smithi064.stdout:Feb 20 07:43:45 smithi064 ceph-mon[29064]: from='mgr.14162 172.21.15.64:0/3912766441' entity='mgr.smithi064.klfdom'
2024-02-20T07:43:46.198 INFO:journalctl@ceph.mon.smithi064.smithi064.stdout:Feb 20 07:43:46 smithi064 ceph-mon[29064]: [20/Feb/2024:07:43:44] ENGINE Serving on http://172.21.15.64:8765
2024-02-20T07:43:46.199 INFO:journalctl@ceph.mon.smithi064.smithi064.stdout:Feb 20 07:43:46 smithi064 ceph-mon[29064]: [20/Feb/2024:07:43:44] ENGINE Bus STARTED
2024-02-20T07:43:46.199 INFO:journalctl@ceph.mon.smithi064.smithi064.stdout:Feb 20 07:43:46 smithi064 ceph-mon[29064]: mgrmap e12: smithi064.klfdom(active, since 2s)
2024-02-20T07:43:46.199 INFO:journalctl@ceph.mon.smithi064.smithi064.stdout:Feb 20 07:43:46 smithi064 ceph-mon[29064]: from='mgr.14162 172.21.15.64:0/3912766441' entity='mgr.smithi064.klfdom'
2024-02-20T07:43:46.199 INFO:journalctl@ceph.mon.smithi064.smithi064.stdout:Feb 20 07:43:46 smithi064 ceph-mon[29064]: from='mgr.14162 172.21.15.64:0/3912766441' entity='mgr.smithi064.klfdom'
2024-02-20T07:43:46.199 INFO:journalctl@ceph.mon.smithi064.smithi064.stdout:Feb 20 07:43:46 smithi064 ceph-mon[29064]: from='mgr.14162 172.21.15.64:0/3912766441' entity='mgr.smithi064.klfdom'
2024-02-20T07:43:46.394 INFO:teuthology.orchestra.run.smithi064.stdout:/usr/bin/ceph: stdout Self-signed certificate created
2024-02-20T07:43:46.394 INFO:teuthology.orchestra.run.smithi064.stdout:/usr/bin/ceph: stderr
2024-02-20T07:43:45.400+0000 7f7eb0822700 1 Processor -- start
2024-02-20T07:43:46.394 INFO:teuthology.orchestra.run.smithi064.stdout:/usr/bin/ceph: stderr
2024-02-20T07:43:45.400+0000 7f7eb0822700 1 -- start start
2024-02-20T07:43:46.395 INFO:teuthology.orchestra.run.smithi064.stdout:/usr/bin/ceph: stderr
2024-02-20T07:43:45.400+0000 7f7eb0822700 1 --2- >> [v2:172.21.15.64:3300/0,v1:172.21.15.64:6789/0] conn(0x7f7eac106ef0 0x7f7eac1092e0 unknown :-1 s=NONE pgs=0 cs=0 l=0 rev1=0 crypto rx=0 tx=0 comp rx=0 tx=0).connect
2024-02-20T07:43:46.395 INFO:teuthology.orchestra.run.smithi064.stdout:/usr/bin/ceph: stderr
2024-02-20T07:43:45.400+0000 7f7eb0822700 1 -- --> [v2:172.21.15.64:3300/0,v1:172.21.15.64:6789/0] -- mon_getmap magic: 0 v1 -- 0x7f7eac074640 con 0x7f7eac106ef0
2024-02-20T07:43:46.395 INFO:teuthology.orchestra.run.smithi064.stdout:/usr/bin/ceph: stderr
2024-02-20T07:43:45.400+0000 7f7eaa59c700 1 --2- >> [v2:172.21.15.64:3300/0,v1:172.21.15.64:6789/0] conn(0x7f7eac106ef0 0x7f7eac1092e0 unknown :-1 s=BANNER_CONNECTING pgs=0 cs=0 l=0 rev1=0 crypto rx=0 tx=0 comp rx=0 tx=0)._handle_peer_banner_payload supported=3 required=0
2024-02-20T07:43:46.395 INFO:teuthology.orchestra.run.smithi064.stdout:/usr/bin/ceph: stderr
