2024-02-20T07:43:33.031 INFO:teuthology.orchestra.run.smithi064.stdout:/usr/bin/ceph: stderr
2024-02-20T07:43:32.206+0000 7f7c8259c700 1 --2- 172.21.15.64:0/2721509061 >> [v2:172.21.15.64:6800/4249898718,v1:172.21.15.64:6801/4249898718] conn(0x7f7c70038320 0x7f7c7003a7e0 unknown :-1 s=BANNER_CONNECTING pgs=0 cs=0 l=1 rev1=0 crypto rx=0 tx=0 comp rx=0 tx=0)._handle_peer_banner_payload supported=3 required=0
2024-02-20T07:43:33.031 INFO:teuthology.orchestra.run.smithi064.stdout:/usr/bin/ceph: stderr
2024-02-20T07:43:32.207+0000 7f7c8259c700 1 --2- 172.21.15.64:0/2721509061 >> [v2:172.21.15.64:6800/4249898718,v1:172.21.15.64:6801/4249898718] conn(0x7f7c70038320 0x7f7c7003a7e0 secure :-1 s=READY pgs=19 cs=0 l=1 rev1=1 crypto rx=0x7f7c6c006fd0 tx=0x7f7c6c006e40 comp rx=0 tx=0).ready entity=mgr.14118 client_cookie=0 server_cookie=0 in_seq=0 out_seq=0
2024-02-20T07:43:33.031 INFO:teuthology.orchestra.run.smithi064.stdout:/usr/bin/ceph: stderr
2024-02-20T07:43:32.211+0000 7f7c7bfff700 1 -- 172.21.15.64:0/2721509061 <== mon.0 v2:172.21.15.64:3300/0 6 ==== mon_command_ack([{"prefix": "get_command_descriptions"}]=0 v0) v1 ==== 72+0+180422 (secure 0 0 0) 0x7f7c7401f020 con 0x7f7c84105330
2024-02-20T07:43:33.031 INFO:teuthology.orchestra.run.smithi064.stdout:/usr/bin/ceph: stderr
2024-02-20T07:43:32.421+0000 7f7c89145700 1 -- 172.21.15.64:0/2721509061 --> [v2:172.21.15.64:6800/4249898718,v1:172.21.15.64:6801/4249898718] -- mgr_command(tid 0: {"prefix": "orch apply", "service_type": "alertmanager", "target": ["mon-mgr", ""]}) v1 -- 0x7f7c84109730 con 0x7f7c70038320
2024-02-20T07:43:33.031 INFO:teuthology.orchestra.run.smithi064.stdout:/usr/bin/ceph: stderr
2024-02-20T07:43:32.426+0000 7f7c7bfff700 1 -- 172.21.15.64:0/2721509061 <== mgr.14118 v2:172.21.15.64:6800/4249898718 1 ==== mgr_command_reply(tid 0: 0 ) v1 ==== 8+0+33 (secure 0 0 0) 0x7f7c84109730 con 0x7f7c70038320
2024-02-20T07:43:33.032 INFO:teuthology.orchestra.run.smithi064.stdout:/usr/bin/ceph: stderr
2024-02-20T07:43:32.428+0000 7f7c89145700 1 -- 172.21.15.64:0/2721509061 >> [v2:172.21.15.64:6800/4249898718,v1:172.21.15.64:6801/4249898718] conn(0x7f7c70038320 msgr2=0x7f7c7003a7e0 secure :-1 s=STATE_CONNECTION_ESTABLISHED l=1).mark_down
2024-02-20T07:43:33.032 INFO:teuthology.orchestra.run.smithi064.stdout:/usr/bin/ceph: stderr
2024-02-20T07:43:32.428+0000 7f7c89145700 1 --2- 172.21.15.64:0/2721509061 >> [v2:172.21.15.64:6800/4249898718,v1:172.21.15.64:6801/4249898718] conn(0x7f7c70038320 0x7f7c7003a7e0 secure :-1 s=READY pgs=19 cs=0 l=1 rev1=1 crypto rx=0x7f7c6c006fd0 tx=0x7f7c6c006e40 comp rx=0 tx=0).stop
2024-02-20T07:43:33.032 INFO:teuthology.orchestra.run.smithi064.stdout:/usr/bin/ceph: stderr
2024-02-20T07:43:32.428+0000 7f7c89145700 1 -- 172.21.15.64:0/2721509061 >> [v2:172.21.15.64:3300/0,v1:172.21.15.64:6789/0] conn(0x7f7c84105330 msgr2=0x7f7c8419a160 secure :-1 s=STATE_CONNECTION_ESTABLISHED l=1).mark_down
2024-02-20T07:43:33.032 INFO:teuthology.orchestra.run.smithi064.stdout:/usr/bin/ceph: stderr
2024-02-20T07:43:32.428+0000 7f7c89145700 1 --2- 172.21.15.64:0/2721509061 >> [v2:172.21.15.64:3300/0,v1:172.21.15.64:6789/0] conn(0x7f7c84105330 0x7f7c8419a160 secure :-1 s=READY pgs=60 cs=0 l=1 rev1=1 crypto rx=0x7f7c74004940 tx=0x7f7c74004a20 comp rx=0 tx=0).stop
2024-02-20T07:43:33.032 INFO:teuthology.orchestra.run.smithi064.stdout:/usr/bin/ceph: stderr
2024-02-20T07:43:32.428+0000 7f7c89145700 1 -- 172.21.15.64:0/2721509061 shutdown_connections
2024-02-20T07:43:33.032 INFO:teuthology.orchestra.run.smithi064.stdout:/usr/bin/ceph: stderr
2024-02-20T07:43:32.428+0000 7f7c89145700 1 --2- 172.21.15.64:0/2721509061 >> [v2:172.21.15.64:6800/4249898718,v1:172.21.15.64:6801/4249898718] conn(0x7f7c70038320 0x7f7c7003a7e0 unknown :-1 s=CLOSED pgs=19 cs=0 l=1 rev1=1 crypto rx=0 tx=0 comp rx=0 tx=0).stop
2024-02-20T07:43:33.033 INFO:teuthology.orchestra.run.smithi064.stdout:/usr/bin/ceph: stderr
2024-02-20T07:43:32.428+0000 7f7c89145700 1 --2- 172.21.15.64:0/2721509061 >> [v2:172.21.15.64:3300/0,v1:172.21.15.64:6789/0] conn(0x7f7c84105330 0x7f7c8419a160 unknown :-1 s=CLOSED pgs=60 cs=0 l=1 rev1=1 crypto rx=0 tx=0 comp rx=0 tx=0).stop
2024-02-20T07:43:33.033 INFO:teuthology.orchestra.run.smithi064.stdout:/usr/bin/ceph: stderr
2024-02-20T07:43:32.428+0000 7f7c89145700 1 -- 172.21.15.64:0/2721509061 >> 172.21.15.64:0/2721509061 conn(0x7f7c841008b0 msgr2=0x7f7c840798f0 unknown :-1 s=STATE_NONE l=0).mark_down
2024-02-20T07:43:33.033 INFO:teuthology.orchestra.run.smithi064.stdout:/usr/bin/ceph: stderr
2024-02-20T07:43:32.428+0000 7f7c89145700 1 -- 172.21.15.64:0/2721509061 shutdown_connections
2024-02-20T07:43:33.033 INFO:teuthology.orchestra.run.smithi064.stdout:/usr/bin/ceph: stderr
2024-02-20T07:43:32.428+0000 7f7c89145700 1 -- 172.21.15.64:0/2721509061 wait complete.
2024-02-20T07:43:33.448 INFO:journalctl@ceph.mon.smithi064.smithi064.stdout:Feb 20 07:43:33 smithi064 ceph-mon[29064]: pgmap v4: 0 pgs: ; 0 B data, 0 B used, 0 B / 0 B avail
2024-02-20T07:43:33.448 INFO:journalctl@ceph.mon.smithi064.smithi064.stdout:Feb 20 07:43:33 smithi064 ceph-mon[29064]: from='mgr.14118 172.21.15.64:0/1313779086' entity='mgr.smithi064.klfdom'
2024-02-20T07:43:34.268 INFO:journalctl@ceph.mon.smithi064.smithi064.stdout:Feb 20 07:43:34 smithi064 ceph-mon[29064]: from='client.14154 -' entity='client.admin' cmd=[{"prefix": "orch apply", "service_type": "alertmanager", "target": ["mon-mgr", ""]}]: dispatch
2024-02-20T07:43:34.268 INFO:journalctl@ceph.mon.smithi064.smithi064.stdout:Feb 20 07:43:34 smithi064 ceph-mon[29064]: Saving service alertmanager spec with placement count:1
2024-02-20T07:43:34.268 INFO:journalctl@ceph.mon.smithi064.smithi064.stdout:Feb 20 07:43:34 smithi064 ceph-mon[29064]: from='client.? 172.21.15.64:0/3225809056' entity='client.admin'
2024-02-20T07:43:34.277 INFO:teuthology.orchestra.run.smithi064.stdout:/usr/bin/ceph: stderr
2024-02-20T07:43:33.463+0000 7fecec8a2700 1 Processor -- start
2024-02-20T07:43:34.277 INFO:teuthology.orchestra.run.smithi064.stdout:/usr/bin/ceph: stderr
2024-02-20T07:43:33.463+0000 7fecec8a2700 1 -- start start
2024-02-20T07:43:34.277 INFO:teuthology.orchestra.run.smithi064.stdout:/usr/bin/ceph: stderr
2024-02-20T07:43:33.463+0000 7fecec8a2700 1 --2- >> [v2:172.21.15.64:3300/0,v1:172.21.15.64:6789/0] conn(0x7fece8105330 0x7fece8105750 unknown :-1 s=NONE pgs=0 cs=0 l=0 rev1=0 crypto rx=0 tx=0 comp rx=0 tx=0).connect
2024-02-20T07:43:34.277 INFO:teuthology.orchestra.run.smithi064.stdout:/usr/bin/ceph: stderr
2024-02-20T07:43:33.463+0000 7fecec8a2700 1 -- --> [v2:172.21.15.64:3300/0,v1:172.21.15.64:6789/0] -- mon_getmap magic: 0 v1 -- 0x7fece8105d20 con 0x7fece8105330
2024-02-20T07:43:34.277 INFO:teuthology.orchestra.run.smithi064.stdout:/usr/bin/ceph: stderr
2024-02-20T07:43:33.463+0000 7fece659c700 1 --2- >> [v2:172.21.15.64:3300/0,v1:172.21.15.64:6789/0] conn(0x7fece8105330 0x7fece8105750 unknown :-1 s=BANNER_CONNECTING pgs=0 cs=0 l=0 rev1=0 crypto rx=0 tx=0 comp rx=0 tx=0)._handle_peer_banner_payload supported=3 required=0
2024-02-20T07:43:34.277 INFO:teuthology.orchestra.run.smithi064.stdout:/usr/bin/ceph: stderr
2024-02-20T07:43:33.463+0000 7fece659c700 1 --2- >> [v2:172.21.15.64:3300/0,v1:172.21.15.64:6789/0] conn(0x7fece8105330 0x7fece8105750 unknown :-1 s=HELLO_CONNECTING pgs=0 cs=0 l=0 rev1=1 crypto rx=0 tx=0 comp rx=0 tx=0).handle_hello peer v2:172.21.15.64:3300/0 says I am v2:172.21.15.64:39566/0 (socket says 172.21.15.64:39566)
2024-02-20T07:43:34.277 INFO:teuthology.orchestra.run.smithi064.stdout:/usr/bin/ceph: stderr
2024-02-20T07:43:33.463+0000 7fece659c700 1 -- 172.21.15.64:0/3629025248 learned_addr learned my addr 172.21.15.64:0/3629025248 (peer_addr_for_me v2:172.21.15.64:0/0)
2024-02-20T07:43:34.278 INFO:teuthology.orchestra.run.smithi064.stdout:/usr/bin/ceph: stderr
2024-02-20T07:43:33.464+0000 7fece659c700 1 -- 172.21.15.64:0/3629025248 --> [v2:172.21.15.64:3300/0,v1:172.21.15.64:6789/0] -- mon_subscribe({config=0+,monmap=0+}) v3 -- 0x7fece8106530 con 0x7fece8105330
2024-02-20T07:43:34.278 INFO:teuthology.orchestra.run.smithi064.stdout:/usr/bin/ceph: stderr
2024-02-20T07:43:33.464+0000 7fece659c700 1 --2- 172.21.15.64:0/3629025248 >> [v2:172.21.15.64:3300/0,v1:172.21.15.64:6789/0] conn(0x7fece8105330 0x7fece8105750 secure :-1 s=READY pgs=61 cs=0 l=1 rev1=1 crypto rx=0x7fecd80098a0 tx=0x7fecd8009bb0 comp rx=0 tx=0).ready entity=mon.0 client_cookie=f92f3685b0902679 server_cookie=0 in_seq=0 out_seq=0
2024-02-20T07:43:34.278 INFO:teuthology.orchestra.run.smithi064.stdout:/usr/bin/ceph: stderr
2024-02-20T07:43:33.464+0000 7fece559a700 1 -- 172.21.15.64:0/3629025248 <== mon.0 v2:172.21.15.64:3300/0 1 ==== mon_map magic: 0 v1 ==== 229+0+0 (secure 0 0 0) 0x7fecd8004180 con 0x7fece8105330
2024-02-20T07:43:34.278 INFO:teuthology.orchestra.run.smithi064.stdout:/usr/bin/ceph: stderr
2024-02-20T07:43:33.464+0000 7fece559a700 1 -- 172.21.15.64:0/3629025248 <== mon.0 v2:172.21.15.64:3300/0 2 ==== config(27 keys) v1 ==== 1101+0+0 (secure 0 0 0) 0x7fecd80042e0 con 0x7fece8105330
2024-02-20T07:43:34.278 INFO:teuthology.orchestra.run.smithi064.stdout:/usr/bin/ceph: stderr
2024-02-20T07:43:33.464+0000 7fece559a700 1 -- 172.21.15.64:0/3629025248 <== mon.0 v2:172.21.15.64:3300/0 3 ==== mon_map magic: 0 v1 ==== 229+0+0 (secure 0 0 0) 0x7fecd8011af0 con 0x7fece8105330
2024-02-20T07:43:34.278 INFO:teuthology.orchestra.run.smithi064.stdout:/usr/bin/ceph: stderr
2024-02-20T07:43:33.464+0000 7fecec8a2700 1 -- 172.21.15.64:0/3629025248 >> [v2:172.21.15.64:3300/0,v1:172.21.15.64:6789/0] conn(0x7fece8105330 msgr2=0x7fece8105750 secure :-1 s=STATE_CONNECTION_ESTABLISHED l=1).mark_down
2024-02-20T07:43:34.278 INFO:teuthology.orchestra.run.smithi064.stdout:/usr/bin/ceph: stderr
2024-02-20T07:43:33.464+0000 7fecec8a2700 1 --2- 172.21.15.64:0/3629025248 >> [v2:172.21.15.64:3300/0,v1:172.21.15.64:6789/0] conn(0x7fece8105330 0x7fece8105750 secure :-1 s=READY pgs=61 cs=0 l=1 rev1=1 crypto rx=0x7fecd80098a0 tx=0x7fecd8009bb0 comp rx=0 tx=0).stop
2024-02-20T07:43:34.278 INFO:teuthology.orchestra.run.smithi064.stdout:/usr/bin/ceph: stderr
2024-02-20T07:43:33.464+0000 7fecec8a2700 1 -- 172.21.15.64:0/3629025248 shutdown_connections
2024-02-20T07:43:34.278 INFO:teuthology.orchestra.run.smithi064.stdout:/usr/bin/ceph: stderr
2024-02-20T07:43:33.464+0000 7fecec8a2700 1 --2- 172.21.15.64:0/3629025248 >> [v2:172.21.15.64:3300/0,v1:172.21.15.64:6789/0] conn(0x7fece8105330 0x7fece8105750 unknown :-1 s=CLOSED pgs=61 cs=0 l=1 rev1=1 crypto rx=0 tx=0 comp rx=0 tx=0).stop
2024-02-20T07:43:34.278 INFO:teuthology.orchestra.run.smithi064.stdout:/usr/bin/ceph: stderr
2024-02-20T07:43:33.464+0000 7fecec8a2700 1 -- 172.21.15.64:0/3629025248 >> 172.21.15.64:0/3629025248 conn(0x7fece81008b0 msgr2=0x7fece8102d10 unknown :-1 s=STATE_NONE l=0).mark_down
2024-02-20T07:43:34.278 INFO:teuthology.orchestra.run.smithi064.stdout:/usr/bin/ceph: stderr
2024-02-20T07:43:33.465+0000 7fecec8a2700 1 -- 172.21.15.64:0/3629025248 shutdown_connections
2024-02-20T07:43:34.278 INFO:teuthology.orchestra.run.smithi064.stdout:/usr/bin/ceph: stderr
2024-02-20T07:43:33.465+0000 7fecec8a2700 1 -- 172.21.15.64:0/3629025248 wait complete.
2024-02-20T07:43:34.279 INFO:teuthology.orchestra.run.smithi064.stdout:/usr/bin/ceph: stderr
2024-02-20T07:43:33.465+0000 7fecec8a2700 1 Processor -- start
2024-02-20T07:43:34.279 INFO:teuthology.orchestra.run.smithi064.stdout:/usr/bin/ceph: stderr
2024-02-20T07:43:33.465+0000 7fecec8a2700 1 -- start start
2024-02-20T07:43:34.279 INFO:teuthology.orchestra.run.smithi064.stdout:/usr/bin/ceph: stderr
2024-02-20T07:43:33.465+0000 7fecec8a2700 1 --2- >> [v2:172.21.15.64:3300/0,v1:172.21.15.64:6789/0] conn(0x7fece8105330 0x7fece8190520 unknown :-1 s=NONE pgs=0 cs=0 l=1 rev1=0 crypto rx=0 tx=0 comp rx=0 tx=0).connect
2024-02-20T07:43:34.279 INFO:teuthology.orchestra.run.smithi064.stdout:/usr/bin/ceph: stderr
2024-02-20T07:43:33.465+0000 7fecec8a2700 1 -- --> [v2:172.21.15.64:3300/0,v1:172.21.15.64:6789/0] -- mon_getmap magic: 0 v1 -- 0x7fece8190a60 con 0x7fece8105330
2024-02-20T07:43:34.279 INFO:teuthology.orchestra.run.smithi064.stdout:/usr/bin/ceph: stderr
2024-02-20T07:43:33.466+0000 7fece659c700 1 --2- >> [v2:172.21.15.64:3300/0,v1:172.21.15.64:6789/0] conn(0x7fece8105330 0x7fece8190520 unknown :-1 s=BANNER_CONNECTING pgs=0 cs=0 l=1 rev1=0 crypto rx=0 tx=0 comp rx=0 tx=0)._handle_peer_banner_payload supported=3 required=0
2024-02-20T07:43:34.279 INFO:teuthology.orchestra.run.smithi064.stdout:/usr/bin/ceph: stderr
2024-02-20T07:43:33.466+0000 7fece659c700 1 --2- >> [v2:172.21.15.64:3300/0,v1:172.21.15.64:6789/0] conn(0x7fece8105330 0x7fece8190520 unknown :-1 s=HELLO_CONNECTING pgs=0 cs=0 l=1 rev1=1 crypto rx=0 tx=0 comp rx=0 tx=0).handle_hello peer v2:172.21.15.64:3300/0 says I am v2:172.21.15.64:39580/0 (socket says 172.21.15.64:39580)
2024-02-20T07:43:34.279 INFO:teuthology.orchestra.run.smithi064.stdout:/usr/bin/ceph: stderr
2024-02-20T07:43:33.466+0000 7fece659c700 1 -- 172.21.15.64:0/3225809056 learned_addr learned my addr 172.21.15.64:0/3225809056 (peer_addr_for_me v2:172.21.15.64:0/0)
2024-02-20T07:43:34.279 INFO:teuthology.orchestra.run.smithi064.stdout:/usr/bin/ceph: stderr
2024-02-20T07:43:33.466+0000 7fece659c700 1 -- 172.21.15.64:0/3225809056 --> [v2:172.21.15.64:3300/0,v1:172.21.15.64:6789/0] -- mon_subscribe({config=0+,monmap=0+}) v3 -- 0x7fecd8009550 con 0x7fece8105330
2024-02-20T07:43:34.279 INFO:teuthology.orchestra.run.smithi064.stdout:/usr/bin/ceph: stderr
2024-02-20T07:43:33.466+0000 7fece659c700 1 --2- 172.21.15.64:0/3225809056 >> [v2:172.21.15.64:3300/0,v1:172.21.15.64:6789/0] conn(0x7fece8105330 0x7fece8190520 secure :-1 s=READY pgs=62 cs=0 l=1 rev1=1 crypto rx=0x7fecd8011670 tx=0x7fecd8011aa0 comp rx=0 tx=0).ready entity=mon.0 client_cookie=0 server_cookie=0 in_seq=0 out_seq=0
2024-02-20T07:43:34.279 INFO:teuthology.orchestra.run.smithi064.stdout:/usr/bin/ceph: stderr
2024-02-20T07:43:33.466+0000 7fecd77fe700 1 -- 172.21.15.64:0/3225809056 <== mon.0 v2:172.21.15.64:3300/0 1 ==== mon_map magic: 0 v1 ==== 229+0+0 (secure 0 0 0) 0x7fecd80039c0 con 0x7fece8105330
2024-02-20T07:43:34.279 INFO:teuthology.orchestra.run.smithi064.stdout:/usr/bin/ceph: stderr
2024-02-20T07:43:33.466+0000 7fecec8a2700 1 -- 172.21.15.64:0/3225809056 --> [v2:172.21.15.64:3300/0,v1:172.21.15.64:6789/0] -- mon_subscribe({mgrmap=0+}) v3 -- 0x7fece818eb70 con 0x7fece8105330
2024-02-20T07:43:34.279 INFO:teuthology.orchestra.run.smithi064.stdout:/usr/bin/ceph: stderr
2024-02-20T07:43:33.466+0000 7fecd77fe700 1 -- 172.21.15.64:0/3225809056 <== mon.0 v2:172.21.15.64:3300/0 2 ==== config(27 keys) v1 ==== 1101+0+0 (secure 0 0 0) 0x7fecd8003b20 con 0x7fece8105330
2024-02-20T07:43:34.279 INFO:teuthology.orchestra.run.smithi064.stdout:/usr/bin/ceph: stderr
2024-02-20T07:43:33.466+0000 7fecd77fe700 1 -- 172.21.15.64:0/3225809056 <== mon.0 v2:172.21.15.64:3300/0 3 ==== mon_map magic: 0 v1 ==== 229+0+0 (secure 0 0 0) 0x7fecd80247f0 con 0x7fece8105330
2024-02-20T07:43:34.279 INFO:teuthology.orchestra.run.smithi064.stdout:/usr/bin/ceph: stderr
2024-02-20T07:43:33.466+0000 7fecec8a2700 1 -- 172.21.15.64:0/3225809056 --> [v2:172.21.15.64:3300/0,v1:172.21.15.64:6789/0] -- mon_subscribe({osdmap=0}) v3 -- 0x7fece818f010 con 0x7fece8105330
2024-02-20T07:43:34.280 INFO:teuthology.orchestra.run.smithi064.stdout:/usr/bin/ceph: stderr
2024-02-20T07:43:33.467+0000 7fecd77fe700 1 -- 172.21.15.64:0/3225809056 <== mon.0 v2:172.21.15.64:3300/0 4 ==== mgrmap(e 8) v1 ==== 45283+0+0 (secure 0 0 0) 0x7fecd8024ab0 con 0x7fece8105330
2024-02-20T07:43:34.280 INFO:teuthology.orchestra.run.smithi064.stdout:/usr/bin/ceph: stderr
2024-02-20T07:43:33.467+0000 7fecec8a2700 1 -- 172.21.15.64:0/3225809056 --> [v2:172.21.15.64:3300/0,v1:172.21.15.64:6789/0] -- mon_command({"prefix": "get_command_descriptions"} v 0) v1 -- 0x7fece80623c0 con 0x7fece8105330
2024-02-20T07:43:34.280 INFO:teuthology.orchestra.run.smithi064.stdout:/usr/bin/ceph: stderr
2024-02-20T07:43:33.467+0000 7fecd77fe700 1 --2- 172.21.15.64:0/3225809056 >> [v2:172.21.15.64:6800/4249898718,v1:172.21.15.64:6801/4249898718] conn(0x7fecd00382e0 0x7fecd003a7a0 unknown :-1 s=NONE pgs=0 cs=0 l=1 rev1=0 crypto rx=0 tx=0 comp rx=0 tx=0).connect
2024-02-20T07:43:34.280 INFO:teuthology.orchestra.run.smithi064.stdout:/usr/bin/ceph: stderr
2024-02-20T07:43:33.467+0000 7fecd77fe700 1 -- 172.21.15.64:0/3225809056 <== mon.0 v2:172.21.15.64:3300/0 5 ==== osd_map(2..2 src has 1..2) v4 ==== 940+0+0 (secure 0 0 0) 0x7fecd804c430 con 0x7fece8105330
2024-02-20T07:43:34.280 INFO:teuthology.orchestra.run.smithi064.stdout:/usr/bin/ceph: stderr
2024-02-20T07:43:33.467+0000 7fece5d9b700 1 --2- 172.21.15.64:0/3225809056 >> [v2:172.21.15.64:6800/4249898718,v1:172.21.15.64:6801/4249898718] conn(0x7fecd00382e0 0x7fecd003a7a0 unknown :-1 s=BANNER_CONNECTING pgs=0 cs=0 l=1 rev1=0 crypto rx=0 tx=0 comp rx=0 tx=0)._handle_peer_banner_payload supported=3 required=0
2024-02-20T07:43:34.280 INFO:teuthology.orchestra.run.smithi064.stdout:/usr/bin/ceph: stderr
2024-02-20T07:43:33.468+0000 7fece5d9b700 1 --2- 172.21.15.64:0/3225809056 >> [v2:172.21.15.64:6800/4249898718,v1:172.21.15.64:6801/4249898718] conn(0x7fecd00382e0 0x7fecd003a7a0 secure :-1 s=READY pgs=20 cs=0 l=1 rev1=1 crypto rx=0x7fecdc006fd0 tx=0x7fecdc006e40 comp rx=0 tx=0).ready entity=mgr.14118 client_cookie=0 server_cookie=0 in_seq=0 out_seq=0
2024-02-20T07:43:34.280 INFO:teuthology.orchestra.run.smithi064.stdout:/usr/bin/ceph: stderr
2024-02-20T07:43:33.472+0000 7fecd77fe700 1 -- 172.21.15.64:0/3225809056 <== mon.0 v2:172.21.15.64:3300/0 6 ==== mon_command_ack([{"prefix": "get_command_descriptions"}]=0 v0) v1 ==== 72+0+180422 (secure 0 0 0) 0x7fecd8024d60 con 0x7fece8105330
2024-02-20T07:43:34.280 INFO:teuthology.orchestra.run.smithi064.stdout:/usr/bin/ceph: stderr
2024-02-20T07:43:33.667+0000 7fecec8a2700 1 -- 172.21.15.64:0/3225809056 --> [v2:172.21.15.64:3300/0,v1:172.21.15.64:6789/0] -- mon_command([{prefix=config set, name=mgr/cephadm/container_init}] v 0) v1 -- 0x7fece81097b0 con 0x7fece8105330
2024-02-20T07:43:34.280 INFO:teuthology.orchestra.run.smithi064.stdout:/usr/bin/ceph: stderr
2024-02-20T07:43:33.670+0000 7fecd77fe700 1 -- 172.21.15.64:0/3225809056 <== mon.0 v2:172.21.15.64:3300/0 7 ==== mon_command_ack([{prefix=config set, name=mgr/cephadm/container_init}]=0 v7)=0 v7) v1 ==== 142+0+0 (secure 0 0 0) 0x7fecd802c350 con 0x7fece8105330
2024-02-20T07:43:34.280 INFO:teuthology.orchestra.run.smithi064.stdout:/usr/bin/ceph: stderr
2024-02-20T07:43:33.672+0000 7fecec8a2700 1 -- 172.21.15.64:0/3225809056 >> [v2:172.21.15.64:6800/4249898718,v1:172.21.15.64:6801/4249898718] conn(0x7fecd00382e0 msgr2=0x7fecd003a7a0 secure :-1 s=STATE_CONNECTION_ESTABLISHED l=1).mark_down
2024-02-20T07:43:34.281 INFO:teuthology.orchestra.run.smithi064.stdout:/usr/bin/ceph: stderr
2024-02-20T07:43:33.672+0000 7fecec8a2700 1 --2- 172.21.15.64:0/3225809056 >> [v2:172.21.15.64:6800/4249898718,v1:172.21.15.64:6801/4249898718] conn(0x7fecd00382e0 0x7fecd003a7a0 secure :-1 s=READY pgs=20 cs=0 l=1 rev1=1 crypto rx=0x7fecdc006fd0 tx=0x7fecdc006e40 comp rx=0 tx=0).stop
2024-02-20T07:43:34.281 INFO:teuthology.orchestra.run.smithi064.stdout:/usr/bin/ceph: stderr
2024-02-20T07:43:33.672+0000 7fecec8a2700 1 -- 172.21.15.64:0/3225809056 >> [v2:172.21.15.64:3300/0,v1:172.21.15.64:6789/0] conn(0x7fece8105330 msgr2=0x7fece8190520 secure :-1 s=STATE_CONNECTION_ESTABLISHED l=1).mark_down
2024-02-20T07:43:34.281 INFO:teuthology.orchestra.run.smithi064.stdout:/usr/bin/ceph: stderr
2024-02-20T07:43:33.672+0000 7fecec8a2700 1 --2- 172.21.15.64:0/3225809056 >> [v2:172.21.15.64:3300/0,v1:172.21.15.64:6789/0] conn(0x7fece8105330 0x7fece8190520 secure :-1 s=READY pgs=62 cs=0 l=1 rev1=1 crypto rx=0x7fecd8011670 tx=0x7fecd8011aa0 comp rx=0 tx=0).stop
2024-02-20T07:43:34.281 INFO:teuthology.orchestra.run.smithi064.stdout:/usr/bin/ceph: stderr
2024-02-20T07:43:33.673+0000 7fecec8a2700 1 -- 172.21.15.64:0/3225809056 shutdown_connections
2024-02-20T07:43:34.281 INFO:teuthology.orchestra.run.smithi064.stdout:/usr/bin/ceph: stderr
2024-02-20T07:43:33.673+0000 7fecec8a2700 1 --2- 172.21.15.64:0/3225809056 >> [v2:172.21.15.64:6800/4249898718,v1:172.21.15.64:6801/4249898718] conn(0x7fecd00382e0 0x7fecd003a7a0 unknown :-1 s=CLOSED pgs=20 cs=0 l=1 rev1=1 crypto rx=0 tx=0 comp rx=0 tx=0).stop
2024-02-20T07:43:34.281 INFO:teuthology.orchestra.run.smithi064.stdout:/usr/bin/ceph: stderr
2024-02-20T07:43:33.673+0000 7fecec8a2700 1 --2- 172.21.15.64:0/3225809056 >> [v2:172.21.15.64:3300/0,v1:172.21.15.64:6789/0] conn(0x7fece8105330 0x7fece8190520 unknown :-1 s=CLOSED pgs=62 cs=0 l=1 rev1=1 crypto rx=0 tx=0 comp rx=0 tx=0).stop
2024-02-20T07:43:34.281 INFO:teuthology.orchestra.run.smithi064.stdout:/usr/bin/ceph: stderr
2024-02-20T07:43:33.673+0000 7fecec8a2700 1 -- 172.21.15.64:0/3225809056 >> 172.21.15.64:0/3225809056 conn(0x7fece81008b0 msgr2=0x7fece80798b0 unknown :-1 s=STATE_NONE l=0).mark_down
2024-02-20T07:43:34.281 INFO:teuthology.orchestra.run.smithi064.stdout:/usr/bin/ceph: stderr
2024-02-20T07:43:33.673+0000 7fecec8a2700 1 -- 172.21.15.64:0/3225809056 shutdown_connections
2024-02-20T07:43:34.281 INFO:teuthology.orchestra.run.smithi064.stdout:/usr/bin/ceph: stderr
2024-02-20T07:43:33.673+0000 7fecec8a2700 1 -- 172.21.15.64:0/3225809056 wait complete.
2024-02-20T07:43:35.449 INFO:journalctl@ceph.mon.smithi064.smithi064.stdout:Feb 20 07:43:35 smithi064 ceph-mon[29064]: pgmap v5: 0 pgs: ; 0 B data, 0 B used, 0 B / 0 B avail
2024-02-20T07:43:35.449 INFO:journalctl@ceph.mon.smithi064.smithi064.stdout:Feb 20 07:43:35 smithi064 ceph-mon[29064]: from='client.? 172.21.15.64:0/1154126334' entity='client.admin'
2024-02-20T07:43:35.457 INFO:teuthology.orchestra.run.smithi064.stdout:/usr/bin/ceph: stderr
2024-02-20T07:43:34.709+0000 7f68326b3700 1 Processor -- start
2024-02-20T07:43:35.457 INFO:teuthology.orchestra.run.smithi064.stdout:/usr/bin/ceph: stderr
2024-02-20T07:43:34.709+0000 7f68326b3700 1 -- start start
2024-02-20T07:43:35.457 INFO:teuthology.orchestra.run.smithi064.stdout:/usr/bin/ceph: stderr
2024-02-20T07:43:34.709+0000 7f68326b3700 1 --2- >> [v2:172.21.15.64:3300/0,v1:172.21.15.64:6789/0] conn(0x7f682c104730 0x7f682c104b50 unknown :-1 s=NONE pgs=0 cs=0 l=0 rev1=0 crypto rx=0 tx=0 comp rx=0 tx=0).connect
2024-02-20T07:43:35.457 INFO:teuthology.orchestra.run.smithi064.stdout:/usr/bin/ceph: stderr
2024-02-20T07:43:34.709+0000 7f68326b3700 1 -- --> [v2:172.21.15.64:3300/0,v1:172.21.15.64:6789/0] -- mon_getmap magic: 0 v1 -- 0x7f682c105120 con 0x7f682c104730
2024-02-20T07:43:35.457 INFO:teuthology.orchestra.run.smithi064.stdout:/usr/bin/ceph: stderr
2024-02-20T07:43:34.709+0000 7f682bfff700 1 --2- >> [v2:172.21.15.64:3300/0,v1:172.21.15.64:6789/0] conn(0x7f682c104730 0x7f682c104b50 unknown :-1 s=BANNER_CONNECTING pgs=0 cs=0 l=0 rev1=0 crypto rx=0 tx=0 comp rx=0 tx=0)._handle_peer_banner_payload supported=3 required=0
2024-02-20T07:43:35.457 INFO:teuthology.orchestra.run.smithi064.stdout:/usr/bin/ceph: stderr
2024-02-20T07:43:34.709+0000 7f682bfff700 1 --2- >> [v2:172.21.15.64:3300/0,v1:172.21.15.64:6789/0] conn(0x7f682c104730 0x7f682c104b50 unknown :-1 s=HELLO_CONNECTING pgs=0 cs=0 l=0 rev1=1 crypto rx=0 tx=0 comp rx=0 tx=0).handle_hello peer v2:172.21.15.64:3300/0 says I am v2:172.21.15.64:39592/0 (socket says 172.21.15.64:39592)
2024-02-20T07:43:35.457 INFO:teuthology.orchestra.run.smithi064.stdout:/usr/bin/ceph: stderr
2024-02-20T07:43:34.709+0000 7f682bfff700 1 -- 172.21.15.64:0/4119434360 learned_addr learned my addr 172.21.15.64:0/4119434360 (peer_addr_for_me v2:172.21.15.64:0/0)
2024-02-20T07:43:35.457 INFO:teuthology.orchestra.run.smithi064.stdout:/usr/bin/ceph: stderr
2024-02-20T07:43:34.709+0000 7f682bfff700 1 -- 172.21.15.64:0/4119434360 --> [v2:172.21.15.64:3300/0,v1:172.21.15.64:6789/0] -- mon_subscribe({config=0+,monmap=0+}) v3 -- 0x7f682c1076c0 con 0x7f682c104730
2024-02-20T07:43:35.457 INFO:teuthology.orchestra.run.smithi064.stdout:/usr/bin/ceph: stderr
2024-02-20T07:43:34.710+0000 7f682bfff700 1 --2- 172.21.15.64:0/4119434360 >> [v2:172.21.15.64:3300/0,v1:172.21.15.64:6789/0] conn(0x7f682c104730 0x7f682c104b50 secure :-1 s=READY pgs=63 cs=0 l=1 rev1=1 crypto rx=0x7f681c0098a0 tx=0x7f681c009bb0 comp rx=0 tx=0).ready entity=mon.0 client_cookie=b9c2153182f5408a server_cookie=0 in_seq=0 out_seq=0
2024-02-20T07:43:35.458 INFO:teuthology.orchestra.run.smithi064.stdout:/usr/bin/ceph: stderr
2024-02-20T07:43:34.710+0000 7f682affd700 1 -- 172.21.15.64:0/4119434360 <== mon.0 v2:172.21.15.64:3300/0 1 ==== mon_map magic: 0 v1 ==== 229+0+0 (secure 0 0 0) 0x7f681c004180 con 0x7f682c104730
2024-02-20T07:43:35.458 INFO:teuthology.orchestra.run.smithi064.stdout:/usr/bin/ceph: stderr
2024-02-20T07:43:34.710+0000 7f682affd700 1 -- 172.21.15.64:0/4119434360 <== mon.0 v2:172.21.15.64:3300/0 2 ==== config(27 keys) v1 ==== 1101+0+0 (secure 0 0 0) 0x7f681c0042e0 con 0x7f682c104730
2024-02-20T07:43:35.458 INFO:teuthology.orchestra.run.smithi064.stdout:/usr/bin/ceph: stderr
2024-02-20T07:43:34.710+0000 7f682affd700 1 -- 172.21.15.64:0/4119434360 <== mon.0 v2:172.21.15.64:3300/0 3 ==== mon_map magic: 0 v1 ==== 229+0+0 (secure 0 0 0) 0x7f681c011af0 con 0x7f682c104730
2024-02-20T07:43:35.458 INFO:teuthology.orchestra.run.smithi064.stdout:/usr/bin/ceph: stderr
2024-02-20T07:43:34.710+0000 7f68326b3700 1 -- 172.21.15.64:0/4119434360 >> [v2:172.21.15.64:3300/0,v1:172.21.15.64:6789/0] conn(0x7f682c104730 msgr2=0x7f682c104b50 secure :-1 s=STATE_CONNECTION_ESTABLISHED l=1).mark_down
2024-02-20T07:43:35.458 INFO:teuthology.orchestra.run.smithi064.stdout:/usr/bin/ceph: stderr
2024-02-20T07:43:34.710+0000 7f68326b3700 1 --2- 172.21.15.64:0/4119434360 >> [v2:172.21.15.64:3300/0,v1:172.21.15.64:6789/0] conn(0x7f682c104730 0x7f682c104b50 secure :-1 s=READY pgs=63 cs=0 l=1 rev1=1 crypto rx=0x7f681c0098a0 tx=0x7f681c009bb0 comp rx=0 tx=0).stop
2024-02-20T07:43:35.458 INFO:teuthology.orchestra.run.smithi064.stdout:/usr/bin/ceph: stderr
2024-02-20T07:43:34.710+0000 7f68326b3700 1 -- 172.21.15.64:0/4119434360 shutdown_connections
2024-02-20T07:43:35.458 INFO:teuthology.orchestra.run.smithi064.stdout:/usr/bin/ceph: stderr
2024-02-20T07:43:34.710+0000 7f68326b3700 1 --2- 172.21.15.64:0/4119434360 >> [v2:172.21.15.64:3300/0,v1:172.21.15.64:6789/0] conn(0x7f682c104730 0x7f682c104b50 unknown :-1 s=CLOSED pgs=63 cs=0 l=1 rev1=1 crypto rx=0 tx=0 comp rx=0 tx=0).stop
2024-02-20T07:43:35.458 INFO:teuthology.orchestra.run.smithi064.stdout:/usr/bin/ceph: stderr
2024-02-20T07:43:34.710+0000 7f68326b3700 1 -- 172.21.15.64:0/4119434360 >> 172.21.15.64:0/4119434360 conn(0x7f682c100040 msgr2=0x7f682c1024a0 unknown :-1 s=STATE_NONE l=0).mark_down
2024-02-20T07:43:35.458 INFO:teuthology.orchestra.run.smithi064.stdout:/usr/bin/ceph: stderr
2024-02-20T07:43:34.710+0000 7f68326b3700 1 -- 172.21.15.64:0/4119434360 shutdown_connections
2024-02-20T07:43:35.458 INFO:teuthology.orchestra.run.smithi064.stdout:/usr/bin/ceph: stderr
2024-02-20T07:43:34.710+0000 7f68326b3700 1 -- 172.21.15.64:0/4119434360 wait complete.
2024-02-20T07:43:35.458 INFO:teuthology.orchestra.run.smithi064.stdout:/usr/bin/ceph: stderr
2024-02-20T07:43:34.711+0000 7f68326b3700 1 Processor -- start
2024-02-20T07:43:35.458 INFO:teuthology.orchestra.run.smithi064.stdout:/usr/bin/ceph: stderr
2024-02-20T07:43:34.711+0000 7f68326b3700 1 -- start start
2024-02-20T07:43:35.458 INFO:teuthology.orchestra.run.smithi064.stdout:/usr/bin/ceph: stderr
2024-02-20T07:43:34.711+0000 7f68326b3700 1 --2- >> [v2:172.21.15.64:3300/0,v1:172.21.15.64:6789/0] conn(0x7f682c104730 0x7f682c19a190 unknown :-1 s=NONE pgs=0 cs=0 l=1 rev1=0 crypto rx=0 tx=0 comp rx=0 tx=0).connect
2024-02-20T07:43:35.458 INFO:teuthology.orchestra.run.smithi064.stdout:/usr/bin/ceph: stderr
2024-02-20T07:43:34.711+0000 7f68326b3700 1 -- --> [v2:172.21.15.64:3300/0,v1:172.21.15.64:6789/0] -- mon_getmap magic: 0 v1 -- 0x7f682c19a6d0 con 0x7f682c104730
2024-02-20T07:43:35.459 INFO:teuthology.orchestra.run.smithi064.stdout:/usr/bin/ceph: stderr
2024-02-20T07:43:34.711+0000 7f682bfff700 1 --2- >> [v2:172.21.15.64:3300/0,v1:172.21.15.64:6789/0] conn(0x7f682c104730 0x7f682c19a190 unknown :-1 s=BANNER_CONNECTING pgs=0 cs=0 l=1 rev1=0 crypto rx=0 tx=0 comp rx=0 tx=0)._handle_peer_banner_payload supported=3 required=0
2024-02-20T07:43:35.459 INFO:teuthology.orchestra.run.smithi064.stdout:/usr/bin/ceph: stderr
2024-02-20T07:43:34.711+0000 7f682bfff700 1 --2- >> [v2:172.21.15.64:3300/0,v1:172.21.15.64:6789/0] conn(0x7f682c104730 0x7f682c19a190 unknown :-1 s=HELLO_CONNECTING pgs=0 cs=0 l=1 rev1=1 crypto rx=0 tx=0 comp rx=0 tx=0).handle_hello peer v2:172.21.15.64:3300/0 says I am v2:172.21.15.64:39606/0 (socket says 172.21.15.64:39606)
2024-02-20T07:43:35.459 INFO:teuthology.orchestra.run.smithi064.stdout:/usr/bin/ceph: stderr
2024-02-20T07:43:34.711+0000 7f682bfff700 1 -- 172.21.15.64:0/1154126334 learned_addr learned my addr 172.21.15.64:0/1154126334 (peer_addr_for_me v2:172.21.15.64:0/0)
2024-02-20T07:43:35.459 INFO:teuthology.orchestra.run.smithi064.stdout:/usr/bin/ceph: stderr
2024-02-20T07:43:34.712+0000 7f682bfff700 1 -- 172.21.15.64:0/1154126334 --> [v2:172.21.15.64:3300/0,v1:172.21.15.64:6789/0] -- mon_subscribe({config=0+,monmap=0+}) v3 -- 0x7f681c009550 con 0x7f682c104730
2024-02-20T07:43:35.459 INFO:teuthology.orchestra.run.smithi064.stdout:/usr/bin/ceph: stderr
2024-02-20T07:43:34.712+0000 7f682bfff700 1 --2- 172.21.15.64:0/1154126334 >> [v2:172.21.15.64:3300/0,v1:172.21.15.64:6789/0] conn(0x7f682c104730 0x7f682c19a190 secure :-1 s=READY pgs=64 cs=0 l=1 rev1=1 crypto rx=0x7f681c011670 tx=0x7f681c011b50 comp rx=0 tx=0).ready entity=mon.0 client_cookie=0 server_cookie=0 in_seq=0 out_seq=0
2024-02-20T07:43:35.459 INFO:teuthology.orchestra.run.smithi064.stdout:/usr/bin/ceph: stderr
2024-02-20T07:43:34.712+0000 7f68297fa700 1 -- 172.21.15.64:0/1154126334 <== mon.0 v2:172.21.15.64:3300/0 1 ==== mon_map magic: 0 v1 ==== 229+0+0 (secure 0 0 0) 0x7f681c0039f0 con 0x7f682c104730
2024-02-20T07:43:35.459 INFO:teuthology.orchestra.run.smithi064.stdout:/usr/bin/ceph: stderr
2024-02-20T07:43:34.712+0000 7f68297fa700 1 -- 172.21.15.64:0/1154126334 <== mon.0 v2:172.21.15.64:3300/0 2 ==== config(27 keys) v1 ==== 1101+0+0 (secure 0 0 0) 0x7f681c003b50 con 0x7f682c104730
2024-02-20T07:43:35.459 INFO:teuthology.orchestra.run.smithi064.stdout:/usr/bin/ceph: stderr
2024-02-20T07:43:34.712+0000 7f68326b3700 1 -- 172.21.15.64:0/1154126334 --> [v2:172.21.15.64:3300/0,v1:172.21.15.64:6789/0] -- mon_subscribe({mgrmap=0+}) v3 -- 0x7f682c19a8d0 con 0x7f682c104730
2024-02-20T07:43:35.459 INFO:teuthology.orchestra.run.smithi064.stdout:/usr/bin/ceph: stderr
2024-02-20T07:43:34.712+0000 7f68297fa700 1 -- 172.21.15.64:0/1154126334 <== mon.0 v2:172.21.15.64:3300/0 3 ==== mon_map magic: 0 v1 ==== 229+0+0 (secure 0 0 0) 0x7f681c0247c0 con 0x7f682c104730
2024-02-20T07:43:35.459 INFO:teuthology.orchestra.run.smithi064.stdout:/usr/bin/ceph: stderr
2024-02-20T07:43:34.712+0000 7f68326b3700 1 -- 172.21.15.64:0/1154126334 --> [v2:172.21.15.64:3300/0,v1:172.21.15.64:6789/0] -- mon_subscribe({osdmap=0}) v3 -- 0x7f682c19ad70 con 0x7f682c104730
2024-02-20T07:43:35.459 INFO:teuthology.orchestra.run.smithi064.stdout:/usr/bin/ceph: stderr
2024-02-20T07:43:34.713+0000 7f68297fa700 1 -- 172.21.15.64:0/1154126334 <== mon.0 v2:172.21.15.64:3300/0 4 ==== mgrmap(e 8) v1 ==== 45283+0+0 (secure 0 0 0) 0x7f681c02d3f0 con 0x7f682c104730
2024-02-20T07:43:35.459 INFO:teuthology.orchestra.run.smithi064.stdout:/usr/bin/ceph: stderr
2024-02-20T07:43:34.713+0000 7f68297fa700 1 --2- 172.21.15.64:0/1154126334 >> [v2:172.21.15.64:6800/4249898718,v1:172.21.15.64:6801/4249898718] conn(0x7f6814038370 0x7f681403a830 unknown :-1 s=NONE pgs=0 cs=0 l=1 rev1=0 crypto rx=0 tx=0 comp rx=0 tx=0).connect
2024-02-20T07:43:35.459 INFO:teuthology.orchestra.run.smithi064.stdout:/usr/bin/ceph: stderr
2024-02-20T07:43:34.713+0000 7f68297fa700 1 -- 172.21.15.64:0/1154126334 <== mon.0 v2:172.21.15.64:3300/0 5 ==== osd_map(2..2 src has 1..2) v4 ==== 940+0+0 (secure 0 0 0) 0x7f681c04c390 con 0x7f682c104730
2024-02-20T07:43:35.459 INFO:teuthology.orchestra.run.smithi064.stdout:/usr/bin/ceph: stderr
2024-02-20T07:43:34.713+0000 7f68326b3700 1 -- 172.21.15.64:0/1154126334 --> [v2:172.21.15.64:3300/0,v1:172.21.15.64:6789/0] -- mon_command({"prefix": "get_command_descriptions"} v 0) v1 -- 0x7f682c0623c0 con 0x7f682c104730
2024-02-20T07:43:35.460 INFO:teuthology.orchestra.run.smithi064.stdout:/usr/bin/ceph: stderr
2024-02-20T07:43:34.713+0000 7f682b7fe700 1 --2- 172.21.15.64:0/1154126334 >> [v2:172.21.15.64:6800/4249898718,v1:172.21.15.64:6801/4249898718] conn(0x7f6814038370 0x7f681403a830 unknown :-1 s=BANNER_CONNECTING pgs=0 cs=0 l=1 rev1=0 crypto rx=0 tx=0 comp rx=0 tx=0)._handle_peer_banner_payload supported=3 required=0
2024-02-20T07:43:35.460 INFO:teuthology.orchestra.run.smithi064.stdout:/usr/bin/ceph: stderr
2024-02-20T07:43:34.714+0000 7f682b7fe700 1 --2- 172.21.15.64:0/1154126334 >> [v2:172.21.15.64:6800/4249898718,v1:172.21.15.64:6801/4249898718] conn(0x7f6814038370 0x7f681403a830 secure :-1 s=READY pgs=21 cs=0 l=1 rev1=1 crypto rx=0x7f6820006fd0 tx=0x7f6820006e40 comp rx=0 tx=0).ready entity=mgr.14118 client_cookie=0 server_cookie=0 in_seq=0 out_seq=0
2024-02-20T07:43:35.460 INFO:teuthology.orchestra.run.smithi064.stdout:/usr/bin/ceph: stderr
2024-02-20T07:43:34.718+0000 7f68297fa700 1 -- 172.21.15.64:0/1154126334 <== mon.0 v2:172.21.15.64:3300/0 6 ==== mon_command_ack([{"prefix": "get_command_descriptions"}]=0 v0) v1 ==== 72+0+180422 (secure 0 0 0) 0x7f681c01ac00 con 0x7f682c104730
2024-02-20T07:43:35.460 INFO:teuthology.orchestra.run.smithi064.stdout:/usr/bin/ceph: stderr
2024-02-20T07:43:34.914+0000 7f68326b3700 1 -- 172.21.15.64:0/1154126334 --> [v2:172.21.15.64:3300/0,v1:172.21.15.64:6789/0] -- mon_command([{prefix=config set, name=mgr/dashboard/ssl_server_port}] v 0) v1 -- 0x7f682c10a8c0 con 0x7f682c104730
2024-02-20T07:43:35.460 INFO:teuthology.orchestra.run.smithi064.stdout:/usr/bin/ceph: stderr
2024-02-20T07:43:34.917+0000 7f68297fa700 1 -- 172.21.15.64:0/1154126334 <== mon.0 v2:172.21.15.64:3300/0 7 ==== mon_command_ack([{prefix=config set, name=mgr/dashboard/ssl_server_port}]=0 v8)=0 v8) v1 ==== 130+0+0 (secure 0 0 0) 0x7f681c018b40 con 0x7f682c104730
2024-02-20T07:43:35.460 INFO:teuthology.orchestra.run.smithi064.stdout:/usr/bin/ceph: stderr
2024-02-20T07:43:34.919+0000 7f68326b3700 1 -- 172.21.15.64:0/1154126334 >> [v2:172.21.15.64:6800/4249898718,v1:172.21.15.64:6801/4249898718] conn(0x7f6814038370 msgr2=0x7f681403a830 secure :-1 s=STATE_CONNECTION_ESTABLISHED l=1).mark_down
2024-02-20T07:43:35.460 INFO:teuthology.orchestra.run.smithi064.stdout:/usr/bin/ceph: stderr
2024-02-20T07:43:34.919+0000 7f68326b3700 1 --2- 172.21.15.64:0/1154126334 >> [v2:172.21.15.64:6800/4249898718,v1:172.21.15.64:6801/4249898718] conn(0x7f6814038370 0x7f681403a830 secure :-1 s=READY pgs=21 cs=0 l=1 rev1=1 crypto rx=0x7f6820006fd0 tx=0x7f6820006e40 comp rx=0 tx=0).stop
2024-02-20T07:43:35.460 INFO:teuthology.orchestra.run.smithi064.stdout:/usr/bin/ceph: stderr
2024-02-20T07:43:34.919+0000 7f68326b3700 1 -- 172.21.15.64:0/1154126334 >> [v2:172.21.15.64:3300/0,v1:172.21.15.64:6789/0] conn(0x7f682c104730 msgr2=0x7f682c19a190 secure :-1 s=STATE_CONNECTION_ESTABLISHED l=1).mark_down
2024-02-20T07:43:35.460 INFO:teuthology.orchestra.run.smithi064.stdout:/usr/bin/ceph: stderr
2024-02-20T07:43:34.919+0000 7f68326b3700 1 --2- 172.21.15.64:0/1154126334 >> [v2:172.21.15.64:3300/0,v1:172.21.15.64:6789/0] conn(0x7f682c104730 0x7f682c19a190 secure :-1 s=READY pgs=64 cs=0 l=1 rev1=1 crypto rx=0x7f681c011670 tx=0x7f681c011b50 comp rx=0 tx=0).stop
2024-02-20T07:43:35.460 INFO:teuthology.orchestra.run.smithi064.stdout:/usr/bin/ceph: stderr
2024-02-20T07:43:34.919+0000 7f68326b3700 1 -- 172.21.15.64:0/1154126334 shutdown_connections
2024-02-20T07:43:35.460 INFO:teuthology.orchestra.run.smithi064.stdout:/usr/bin/ceph: stderr
2024-02-20T07:43:34.920+0000 7f68326b3700 1 --2- 172.21.15.64:0/1154126334 >> [v2:172.21.15.64:6800/4249898718,v1:172.21.15.64:6801/4249898718] conn(0x7f6814038370 0x7f681403a830 unknown :-1 s=CLOSED pgs=21 cs=0 l=1 rev1=1 crypto rx=0 tx=0 comp rx=0 tx=0).stop
2024-02-20T07:43:35.460 INFO:teuthology.orchestra.run.smithi064.stdout:/usr/bin/ceph: stderr
2024-02-20T07:43:34.920+0000 7f68326b3700 1 --2- 172.21.15.64:0/1154126334 >> [v2:172.21.15.64:3300/0,v1:172.21.15.64:6789/0] conn(0x7f682c104730 0x7f682c19a190 unknown :-1 s=CLOSED pgs=64 cs=0 l=1 rev1=1 crypto rx=0 tx=0 comp rx=0 tx=0).stop
2024-02-20T07:43:35.460 INFO:teuthology.orchestra.run.smithi064.stdout:/usr/bin/ceph: stderr
2024-02-20T07:43:34.920+0000 7f68326b3700 1 -- 172.21.15.64:0/1154126334 >> 172.21.15.64:0/1154126334 conn(0x7f682c100040 msgr2=0x7f682c101790 unknown :-1 s=STATE_NONE l=0).mark_down
2024-02-20T07:43:35.461 INFO:teuthology.orchestra.run.smithi064.stdout:/usr/bin/ceph: stderr
2024-02-20T07:43:34.920+0000 7f68326b3700 1 -- 172.21.15.64:0/1154126334 shutdown_connections
2024-02-20T07:43:35.461 INFO:teuthology.orchestra.run.smithi064.stdout:/usr/bin/ceph: stderr
2024-02-20T07:43:34.920+0000 7f68326b3700 1 -- 172.21.15.64:0/1154126334 wait complete.
2024-02-20T07:43:35.461 INFO:teuthology.orchestra.run.smithi064.stdout:Enabling the dashboard module...
2024-02-20T07:43:36.449 INFO:journalctl@ceph.mon.smithi064.smithi064.stdout:Feb 20 07:43:36 smithi064 ceph-mon[29064]: from='client.? 172.21.15.64:0/31250515' entity='client.admin' cmd=[{"prefix": "mgr module enable", "module": "dashboard"}]: dispatch
2024-02-20T07:43:36.781 INFO:teuthology.orchestra.run.smithi064.stdout:/usr/bin/ceph: stderr
2024-02-20T07:43:35.878+0000 7f161c452700 1 Processor -- start
2024-02-20T07:43:36.781 INFO:teuthology.orchestra.run.smithi064.stdout:/usr/bin/ceph: stderr
2024-02-20T07:43:35.878+0000 7f161c452700 1 -- start start
2024-02-20T07:43:36.781 INFO:teuthology.orchestra.run.smithi064.stdout:/usr/bin/ceph: stderr
2024-02-20T07:43:35.879+0000 7f161c452700 1 --2- >> [v2:172.21.15.64:3300/0,v1:172.21.15.64:6789/0] conn(0x7f1614106420 0x7f1614106840 unknown :-1 s=NONE pgs=0 cs=0 l=0 rev1=0 crypto rx=0 tx=0 comp rx=0 tx=0).connect
2024-02-20T07:43:36.781 INFO:teuthology.orchestra.run.smithi064.stdout:/usr/bin/ceph: stderr
2024-02-20T07:43:35.879+0000 7f161c452700 1 -- --> [v2:172.21.15.64:3300/0,v1:172.21.15.64:6789/0] -- mon_getmap magic: 0 v1 -- 0x7f1614106e10 con 0x7f1614106420
2024-02-20T07:43:36.781 INFO:teuthology.orchestra.run.smithi064.stdout:/usr/bin/ceph: stderr
2024-02-20T07:43:35.879+0000 7f161a1ee700 1 --2- >> [v2:172.21.15.64:3300/0,v1:172.21.15.64:6789/0] conn(0x7f1614106420 0x7f1614106840 unknown :-1 s=BANNER_CONNECTING pgs=0 cs=0 l=0 rev1=0 crypto rx=0 tx=0 comp rx=0 tx=0)._handle_peer_banner_payload supported=3 required=0
2024-02-20T07:43:36.781 INFO:teuthology.orchestra.run.smithi064.stdout:/usr/bin/ceph: stderr
2024-02-20T07:43:35.879+0000 7f161a1ee700 1 --2- >> [v2:172.21.15.64:3300/0,v1:172.21.15.64:6789/0] conn(0x7f1614106420 0x7f1614106840 unknown :-1 s=HELLO_CONNECTING pgs=0 cs=0 l=0 rev1=1 crypto rx=0 tx=0 comp rx=0 tx=0).handle_hello peer v2:172.21.15.64:3300/0 says I am v2:172.21.15.64:39614/0 (socket says 172.21.15.64:39614)
2024-02-20T07:43:36.781 INFO:teuthology.orchestra.run.smithi064.stdout:/usr/bin/ceph: stderr
2024-02-20T07:43:35.879+0000 7f161a1ee700 1 -- 172.21.15.64:0/618360542 learned_addr learned my addr 172.21.15.64:0/618360542 (peer_addr_for_me v2:172.21.15.64:0/0)
2024-02-20T07:43:36.782 INFO:teuthology.orchestra.run.smithi064.stdout:/usr/bin/ceph: stderr
2024-02-20T07:43:35.879+0000 7f161a1ee700 1 -- 172.21.15.64:0/618360542 --> [v2:172.21.15.64:3300/0,v1:172.21.15.64:6789/0] -- mon_subscribe({config=0+,monmap=0+}) v3 -- 0x7f1614107620 con 0x7f1614106420
2024-02-20T07:43:36.782 INFO:teuthology.orchestra.run.smithi064.stdout:/usr/bin/ceph: stderr
2024-02-20T07:43:35.879+0000 7f161a1ee700 1 --2- 172.21.15.64:0/618360542 >> [v2:172.21.15.64:3300/0,v1:172.21.15.64:6789/0] conn(0x7f1614106420 0x7f1614106840 secure :-1 s=READY pgs=65 cs=0 l=1 rev1=1 crypto rx=0x7f160c0098a0 tx=0x7f160c009bb0 comp rx=0 tx=0).ready entity=mon.0 client_cookie=f5c80e5a6b3043e8 server_cookie=0 in_seq=0 out_seq=0
2024-02-20T07:43:36.782 INFO:teuthology.orchestra.run.smithi064.stdout:/usr/bin/ceph: stderr
2024-02-20T07:43:35.879+0000 7f16191ec700 1 -- 172.21.15.64:0/618360542 <== mon.0 v2:172.21.15.64:3300/0 1 ==== mon_map magic: 0 v1 ==== 229+0+0 (secure 0 0 0) 0x7f160c004180 con 0x7f1614106420
2024-02-20T07:43:36.782 INFO:teuthology.orchestra.run.smithi064.stdout:/usr/bin/ceph: stderr
2024-02-20T07:43:35.879+0000 7f16191ec700 1 -- 172.21.15.64:0/618360542 <== mon.0 v2:172.21.15.64:3300/0 2 ==== config(27 keys) v1 ==== 1101+0+0 (secure 0 0 0) 0x7f160c0042e0 con 0x7f1614106420
2024-02-20T07:43:36.782 INFO:teuthology.orchestra.run.smithi064.stdout:/usr/bin/ceph: stderr
2024-02-20T07:43:35.879+0000 7f16191ec700 1 -- 172.21.15.64:0/618360542 <== mon.0 v2:172.21.15.64:3300/0 3 ==== mon_map magic: 0 v1 ==== 229+0+0 (secure 0 0 0) 0x7f160c011af0 con 0x7f1614106420
2024-02-20T07:43:36.782 INFO:teuthology.orchestra.run.smithi064.stdout:/usr/bin/ceph: stderr
2024-02-20T07:43:35.880+0000 7f161c452700 1 -- 172.21.15.64:0/618360542 >> [v2:172.21.15.64:3300/0,v1:172.21.15.64:6789/0] conn(0x7f1614106420 msgr2=0x7f1614106840 secure :-1 s=STATE_CONNECTION_ESTABLISHED l=1).mark_down
2024-02-20T07:43:36.782 INFO:teuthology.orchestra.run.smithi064.stdout:/usr/bin/ceph: stderr
2024-02-20T07:43:35.880+0000 7f161c452700 1 --2- 172.21.15.64:0/618360542 >> [v2:172.21.15.64:3300/0,v1:172.21.15.64:6789/0] conn(0x7f1614106420 0x7f1614106840 secure :-1 s=READY pgs=65 cs=0 l=1 rev1=1 crypto rx=0x7f160c0098a0 tx=0x7f160c009bb0 comp rx=0 tx=0).stop
2024-02-20T07:43:36.782 INFO:teuthology.orchestra.run.smithi064.stdout:/usr/bin/ceph: stderr
2024-02-20T07:43:35.880+0000 7f161c452700 1 -- 172.21.15.64:0/618360542 shutdown_connections
2024-02-20T07:43:36.782 INFO:teuthology.orchestra.run.smithi064.stdout:/usr/bin/ceph: stderr
2024-02-20T07:43:35.880+0000 7f161c452700 1 --2- 172.21.15.64:0/618360542 >> [v2:172.21.15.64:3300/0,v1:172.21.15.64:6789/0] conn(0x7f1614106420 0x7f1614106840 unknown :-1 s=CLOSED pgs=65 cs=0 l=1 rev1=1 crypto rx=0 tx=0 comp rx=0 tx=0).stop
2024-02-20T07:43:36.782 INFO:teuthology.orchestra.run.smithi064.stdout:/usr/bin/ceph: stderr
2024-02-20T07:43:35.880+0000 7f161c452700 1 -- 172.21.15.64:0/618360542 >> 172.21.15.64:0/618360542 conn(0x7f1614101a00 msgr2=0x7f1614103e20 unknown :-1 s=STATE_NONE l=0).mark_down
2024-02-20T07:43:36.783 INFO:teuthology.orchestra.run.smithi064.stdout:/usr/bin/ceph: stderr
2024-02-20T07:43:35.880+0000 7f161c452700 1 -- 172.21.15.64:0/618360542 shutdown_connections
2024-02-20T07:43:36.783 INFO:teuthology.orchestra.run.smithi064.stdout:/usr/bin/ceph: stderr
2024-02-20T07:43:35.880+0000 7f161c452700 1 -- 172.21.15.64:0/618360542 wait complete.
2024-02-20T07:43:36.783 INFO:teuthology.orchestra.run.smithi064.stdout:/usr/bin/ceph: stderr
2024-02-20T07:43:35.881+0000 7f161c452700 1 Processor -- start
2024-02-20T07:43:36.783 INFO:teuthology.orchestra.run.smithi064.stdout:/usr/bin/ceph: stderr
2024-02-20T07:43:35.881+0000 7f161c452700 1 -- start start
2024-02-20T07:43:36.783 INFO:teuthology.orchestra.run.smithi064.stdout:/usr/bin/ceph: stderr
2024-02-20T07:43:35.881+0000 7f161c452700 1 --2- >> [v2:172.21.15.64:3300/0,v1:172.21.15.64:6789/0] conn(0x7f1614106420 0x7f161407bc60 unknown :-1 s=NONE pgs=0 cs=0 l=1 rev1=0 crypto rx=0 tx=0 comp rx=0 tx=0).connect
2024-02-20T07:43:36.783 INFO:teuthology.orchestra.run.smithi064.stdout:/usr/bin/ceph: stderr
2024-02-20T07:43:35.881+0000 7f161c452700 1 -- --> [v2:172.21.15.64:3300/0,v1:172.21.15.64:6789/0] -- mon_getmap magic: 0 v1 -- 0x7f161407c1a0 con 0x7f1614106420
2024-02-20T07:43:36.783 INFO:teuthology.orchestra.run.smithi064.stdout:/usr/bin/ceph: stderr
2024-02-20T07:43:35.881+0000 7f161a1ee700 1 --2- >> [v2:172.21.15.64:3300/0,v1:172.21.15.64:6789/0] conn(0x7f1614106420 0x7f161407bc60 unknown :-1 s=BANNER_CONNECTING pgs=0 cs=0 l=1 rev1=0 crypto rx=0 tx=0 comp rx=0 tx=0)._handle_peer_banner_payload supported=3 required=0
2024-02-20T07:43:36.783 INFO:teuthology.orchestra.run.smithi064.stdout:/usr/bin/ceph: stderr
2024-02-20T07:43:35.881+0000 7f161a1ee700 1 --2- >> [v2:172.21.15.64:3300/0,v1:172.21.15.64:6789/0] conn(0x7f1614106420 0x7f161407bc60 unknown :-1 s=HELLO_CONNECTING pgs=0 cs=0 l=1 rev1=1 crypto rx=0 tx=0 comp rx=0 tx=0).handle_hello peer v2:172.21.15.64:3300/0 says I am v2:172.21.15.64:39628/0 (socket says 172.21.15.64:39628)
2024-02-20T07:43:36.783 INFO:teuthology.orchestra.run.smithi064.stdout:/usr/bin/ceph: stderr
2024-02-20T07:43:35.881+0000 7f161a1ee700 1 -- 172.21.15.64:0/31250515 learned_addr learned my addr 172.21.15.64:0/31250515 (peer_addr_for_me v2:172.21.15.64:0/0)
2024-02-20T07:43:36.783 INFO:teuthology.orchestra.run.smithi064.stdout:/usr/bin/ceph: stderr
2024-02-20T07:43:35.881+0000 7f161a1ee700 1 -- 172.21.15.64:0/31250515 --> [v2:172.21.15.64:3300/0,v1:172.21.15.64:6789/0] -- mon_subscribe({config=0+,monmap=0+}) v3 -- 0x7f160c009550 con 0x7f1614106420
2024-02-20T07:43:36.783 INFO:teuthology.orchestra.run.smithi064.stdout:/usr/bin/ceph: stderr
2024-02-20T07:43:35.881+0000 7f161a1ee700 1 --2- 172.21.15.64:0/31250515 >> [v2:172.21.15.64:3300/0,v1:172.21.15.64:6789/0] conn(0x7f1614106420 0x7f161407bc60 secure :-1 s=READY pgs=66 cs=0 l=1 rev1=1 crypto rx=0x7f160c000c00 tx=0x7f160c011b50 comp rx=0 tx=0).ready entity=mon.0 client_cookie=0 server_cookie=0 in_seq=0 out_seq=0
2024-02-20T07:43:36.783 INFO:teuthology.orchestra.run.smithi064.stdout:/usr/bin/ceph: stderr
2024-02-20T07:43:35.882+0000 7f16137fe700 1 -- 172.21.15.64:0/31250515 <== mon.0 v2:172.21.15.64:3300/0 1 ==== mon_map magic: 0 v1 ==== 229+0+0 (secure 0 0 0) 0x7f160c003a70 con 0x7f1614106420
2024-02-20T07:43:36.784 INFO:teuthology.orchestra.run.smithi064.stdout:/usr/bin/ceph: stderr
2024-02-20T07:43:35.882+0000 7f16137fe700 1 -- 172.21.15.64:0/31250515 <== mon.0 v2:172.21.15.64:3300/0 2 ==== config(27 keys) v1 ==== 1101+0+0 (secure 0 0 0) 0x7f160c003bd0 con 0x7f1614106420
2024-02-20T07:43:36.784 INFO:teuthology.orchestra.run.smithi064.stdout:/usr/bin/ceph: stderr
2024-02-20T07:43:35.882+0000 7f161c452700 1 -- 172.21.15.64:0/31250515 --> [v2:172.21.15.64:3300/0,v1:172.21.15.64:6789/0] -- mon_subscribe({mgrmap=0+}) v3 -- 0x7f161407a2b0 con 0x7f1614106420
2024-02-20T07:43:36.784 INFO:teuthology.orchestra.run.smithi064.stdout:/usr/bin/ceph: stderr
2024-02-20T07:43:35.882+0000 7f16137fe700 1 -- 172.21.15.64:0/31250515 <== mon.0 v2:172.21.15.64:3300/0 3 ==== mon_map magic: 0 v1 ==== 229+0+0 (secure 0 0 0) 0x7f160c0238c0 con 0x7f1614106420
2024-02-20T07:43:36.784 INFO:teuthology.orchestra.run.smithi064.stdout:/usr/bin/ceph: stderr
2024-02-20T07:43:35.882+0000 7f161c452700 1 -- 172.21.15.64:0/31250515 --> [v2:172.21.15.64:3300/0,v1:172.21.15.64:6789/0] -- mon_subscribe({osdmap=0}) v3 -- 0x7f161407a750 con 0x7f1614106420
2024-02-20T07:43:36.784 INFO:teuthology.orchestra.run.smithi064.stdout:/usr/bin/ceph: stderr
2024-02-20T07:43:35.883+0000 7f16137fe700 1 -- 172.21.15.64:0/31250515 <== mon.0 v2:172.21.15.64:3300/0 4 ==== mgrmap(e 8) v1 ==== 45283+0+0 (secure 0 0 0) 0x7f160c023b80 con 0x7f1614106420
2024-02-20T07:43:36.784 INFO:teuthology.orchestra.run.smithi064.stdout:/usr/bin/ceph: stderr
2024-02-20T07:43:35.883+0000 7f161c452700 1 -- 172.21.15.64:0/31250515 --> [v2:172.21.15.64:3300/0,v1:172.21.15.64:6789/0] -- mon_command({"prefix": "get_command_descriptions"} v 0) v1 -- 0x7f16140623c0 con 0x7f1614106420
2024-02-20T07:43:36.784 INFO:teuthology.orchestra.run.smithi064.stdout:/usr/bin/ceph: stderr
2024-02-20T07:43:35.883+0000 7f16137fe700 1 --2- 172.21.15.64:0/31250515 >> [v2:172.21.15.64:6800/4249898718,v1:172.21.15.64:6801/4249898718] conn(0x7f15fc038320 0x7f15fc03a7e0 unknown :-1 s=NONE pgs=0 cs=0 l=1 rev1=0 crypto rx=0 tx=0 comp rx=0 tx=0).connect
2024-02-20T07:43:36.784 INFO:teuthology.orchestra.run.smithi064.stdout:/usr/bin/ceph: stderr
2024-02-20T07:43:35.883+0000 7f16137fe700 1 -- 172.21.15.64:0/31250515 <== mon.0 v2:172.21.15.64:3300/0 5 ==== osd_map(2..2 src has 1..2) v4 ==== 940+0+0 (secure 0 0 0) 0x7f160c04c1e0 con 0x7f1614106420
2024-02-20T07:43:36.784 INFO:teuthology.orchestra.run.smithi064.stdout:/usr/bin/ceph: stderr
2024-02-20T07:43:35.883+0000 7f16199ed700 1 --2- 172.21.15.64:0/31250515 >> [v2:172.21.15.64:6800/4249898718,v1:172.21.15.64:6801/4249898718] conn(0x7f15fc038320 0x7f15fc03a7e0 unknown :-1 s=BANNER_CONNECTING pgs=0 cs=0 l=1 rev1=0 crypto rx=0 tx=0 comp rx=0 tx=0)._handle_peer_banner_payload supported=3 required=0
2024-02-20T07:43:36.784 INFO:teuthology.orchestra.run.smithi064.stdout:/usr/bin/ceph: stderr
2024-02-20T07:43:35.883+0000 7f16199ed700 1 --2- 172.21.15.64:0/31250515 >> [v2:172.21.15.64:6800/4249898718,v1:172.21.15.64:6801/4249898718] conn(0x7f15fc038320 0x7f15fc03a7e0 secure :-1 s=READY pgs=22 cs=0 l=1 rev1=1 crypto rx=0x7f1608006fd0 tx=0x7f1608006e40 comp rx=0 tx=0).ready entity=mgr.14118 client_cookie=0 server_cookie=0 in_seq=0 out_seq=0
2024-02-20T07:43:36.784 INFO:teuthology.orchestra.run.smithi064.stdout:/usr/bin/ceph: stderr
2024-02-20T07:43:35.888+0000 7f16137fe700 1 -- 172.21.15.64:0/31250515 <== mon.0 v2:172.21.15.64:3300/0 6 ==== mon_command_ack([{"prefix": "get_command_descriptions"}]=0 v0) v1 ==== 72+0+180422 (secure 0 0 0) 0x7f160c023e30 con 0x7f1614106420
2024-02-20T07:43:36.784 INFO:teuthology.orchestra.run.smithi064.stdout:/usr/bin/ceph: stderr
2024-02-20T07:43:36.139+0000 7f161c452700 1 -- 172.21.15.64:0/31250515 --> [v2:172.21.15.64:3300/0,v1:172.21.15.64:6789/0] -- mon_command({"prefix": "mgr module enable", "module": "dashboard"} v 0) v1 -- 0x7f161410a820 con 0x7f1614106420
2024-02-20T07:43:36.785 INFO:teuthology.orchestra.run.smithi064.stdout:/usr/bin/ceph: stderr
2024-02-20T07:43:36.188+0000 7f16137fe700 1 -- 172.21.15.64:0/31250515 <== mon.0 v2:172.21.15.64:3300/0 7 ==== mgrmap(e 9) v1 ==== 45296+0+0 (secure 0 0 0) 0x7f160c01a430 con 0x7f1614106420
