2024-02-20T07:43:50.250+0000 7f7dccb15700 1 --2- >> [v2:172.21.15.64:3300/0,v1:172.21.15.64:6789/0] conn(0x7f7dc8106ee0 0x7f7dc81092d0 unknown :-1 s=BANNER_CONNECTING pgs=0 cs=0 l=0 rev1=0 crypto rx=0 tx=0 comp rx=0 tx=0)._handle_peer_banner_payload supported=3 required=0
2024-02-20T07:43:51.044 INFO:teuthology.orchestra.run.smithi064.stdout:/usr/bin/ceph: stderr
2024-02-20T07:43:50.250+0000 7f7dccb15700 1 --2- >> [v2:172.21.15.64:3300/0,v1:172.21.15.64:6789/0] conn(0x7f7dc8106ee0 0x7f7dc81092d0 unknown :-1 s=HELLO_CONNECTING pgs=0 cs=0 l=0 rev1=1 crypto rx=0 tx=0 comp rx=0 tx=0).handle_hello peer v2:172.21.15.64:3300/0 says I am v2:172.21.15.64:42364/0 (socket says 172.21.15.64:42364)
2024-02-20T07:43:51.044 INFO:teuthology.orchestra.run.smithi064.stdout:/usr/bin/ceph: stderr
2024-02-20T07:43:50.250+0000 7f7dccb15700 1 -- 172.21.15.64:0/199787880 learned_addr learned my addr 172.21.15.64:0/199787880 (peer_addr_for_me v2:172.21.15.64:0/0)
2024-02-20T07:43:51.044 INFO:teuthology.orchestra.run.smithi064.stdout:/usr/bin/ceph: stderr
2024-02-20T07:43:50.250+0000 7f7dccb15700 1 -- 172.21.15.64:0/199787880 --> [v2:172.21.15.64:3300/0,v1:172.21.15.64:6789/0] -- mon_subscribe({config=0+,monmap=0+}) v3 -- 0x7f7dc8109810 con 0x7f7dc8106ee0
2024-02-20T07:43:51.044 INFO:teuthology.orchestra.run.smithi064.stdout:/usr/bin/ceph: stderr
2024-02-20T07:43:50.250+0000 7f7dccb15700 1 --2- 172.21.15.64:0/199787880 >> [v2:172.21.15.64:3300/0,v1:172.21.15.64:6789/0] conn(0x7f7dc8106ee0 0x7f7dc81092d0 secure :-1 s=READY pgs=86 cs=0 l=1 rev1=1 crypto rx=0x7f7dbc0098a0 tx=0x7f7dbc009bb0 comp rx=0 tx=0).ready entity=mon.0 client_cookie=13646a3ffd65cc0b server_cookie=0 in_seq=0 out_seq=0
2024-02-20T07:43:51.044 INFO:teuthology.orchestra.run.smithi064.stdout:/usr/bin/ceph: stderr
2024-02-20T07:43:50.251+0000 7f7dc77fe700 1 -- 172.21.15.64:0/199787880 <== mon.0 v2:172.21.15.64:3300/0 1 ==== mon_map magic: 0 v1 ==== 229+0+0 (secure 0 0 0) 0x7f7dbc004180 con 0x7f7dc8106ee0
2024-02-20T07:43:51.044 INFO:teuthology.orchestra.run.smithi064.stdout:/usr/bin/ceph: stderr
2024-02-20T07:43:50.251+0000 7f7dc77fe700 1 -- 172.21.15.64:0/199787880 <== mon.0 v2:172.21.15.64:3300/0 2 ==== config(27 keys) v1 ==== 1101+0+0 (secure 0 0 0) 0x7f7dbc0042e0 con 0x7f7dc8106ee0
2024-02-20T07:43:51.044 INFO:teuthology.orchestra.run.smithi064.stdout:/usr/bin/ceph: stderr
2024-02-20T07:43:50.251+0000 7f7dc77fe700 1 -- 172.21.15.64:0/199787880 <== mon.0 v2:172.21.15.64:3300/0 3 ==== mon_map magic: 0 v1 ==== 229+0+0 (secure 0 0 0) 0x7f7dbc011af0 con 0x7f7dc8106ee0
2024-02-20T07:43:51.044 INFO:teuthology.orchestra.run.smithi064.stdout:/usr/bin/ceph: stderr
2024-02-20T07:43:50.251+0000 7f7dced79700 1 -- 172.21.15.64:0/199787880 >> [v2:172.21.15.64:3300/0,v1:172.21.15.64:6789/0] conn(0x7f7dc8106ee0 msgr2=0x7f7dc81092d0 secure :-1 s=STATE_CONNECTION_ESTABLISHED l=1).mark_down
2024-02-20T07:43:51.044 INFO:teuthology.orchestra.run.smithi064.stdout:/usr/bin/ceph: stderr
2024-02-20T07:43:50.251+0000 7f7dced79700 1 --2- 172.21.15.64:0/199787880 >> [v2:172.21.15.64:3300/0,v1:172.21.15.64:6789/0] conn(0x7f7dc8106ee0 0x7f7dc81092d0 secure :-1 s=READY pgs=86 cs=0 l=1 rev1=1 crypto rx=0x7f7dbc0098a0 tx=0x7f7dbc009bb0 comp rx=0 tx=0).stop
2024-02-20T07:43:51.044 INFO:teuthology.orchestra.run.smithi064.stdout:/usr/bin/ceph: stderr
2024-02-20T07:43:50.251+0000 7f7dced79700 1 -- 172.21.15.64:0/199787880 shutdown_connections
2024-02-20T07:43:51.044 INFO:teuthology.orchestra.run.smithi064.stdout:/usr/bin/ceph: stderr
2024-02-20T07:43:50.251+0000 7f7dced79700 1 --2- 172.21.15.64:0/199787880 >> [v2:172.21.15.64:3300/0,v1:172.21.15.64:6789/0] conn(0x7f7dc8106ee0 0x7f7dc81092d0 unknown :-1 s=CLOSED pgs=86 cs=0 l=1 rev1=1 crypto rx=0 tx=0 comp rx=0 tx=0).stop
2024-02-20T07:43:51.045 INFO:teuthology.orchestra.run.smithi064.stdout:/usr/bin/ceph: stderr
2024-02-20T07:43:50.251+0000 7f7dced79700 1 -- 172.21.15.64:0/199787880 >> 172.21.15.64:0/199787880 conn(0x7f7dc81008b0 msgr2=0x7f7dc8102d10 unknown :-1 s=STATE_NONE l=0).mark_down
2024-02-20T07:43:51.045 INFO:teuthology.orchestra.run.smithi064.stdout:/usr/bin/ceph: stderr
2024-02-20T07:43:50.251+0000 7f7dced79700 1 -- 172.21.15.64:0/199787880 shutdown_connections
2024-02-20T07:43:51.045 INFO:teuthology.orchestra.run.smithi064.stdout:/usr/bin/ceph: stderr
2024-02-20T07:43:50.251+0000 7f7dced79700 1 -- 172.21.15.64:0/199787880 wait complete.
2024-02-20T07:43:51.045 INFO:teuthology.orchestra.run.smithi064.stdout:/usr/bin/ceph: stderr
2024-02-20T07:43:50.252+0000 7f7dced79700 1 Processor -- start
2024-02-20T07:43:51.045 INFO:teuthology.orchestra.run.smithi064.stdout:/usr/bin/ceph: stderr
2024-02-20T07:43:50.252+0000 7f7dced79700 1 -- start start
2024-02-20T07:43:51.045 INFO:teuthology.orchestra.run.smithi064.stdout:/usr/bin/ceph: stderr
2024-02-20T07:43:50.252+0000 7f7dced79700 1 --2- >> [v2:172.21.15.64:3300/0,v1:172.21.15.64:6789/0] conn(0x7f7dc8106ee0 0x7f7dc819a180 unknown :-1 s=NONE pgs=0 cs=0 l=1 rev1=0 crypto rx=0 tx=0 comp rx=0 tx=0).connect
2024-02-20T07:43:51.045 INFO:teuthology.orchestra.run.smithi064.stdout:/usr/bin/ceph: stderr
2024-02-20T07:43:50.252+0000 7f7dced79700 1 -- --> [v2:172.21.15.64:3300/0,v1:172.21.15.64:6789/0] -- mon_getmap magic: 0 v1 -- 0x7f7dc819a6c0 con 0x7f7dc8106ee0
2024-02-20T07:43:51.045 INFO:teuthology.orchestra.run.smithi064.stdout:/usr/bin/ceph: stderr
2024-02-20T07:43:50.252+0000 7f7dccb15700 1 --2- >> [v2:172.21.15.64:3300/0,v1:172.21.15.64:6789/0] conn(0x7f7dc8106ee0 0x7f7dc819a180 unknown :-1 s=BANNER_CONNECTING pgs=0 cs=0 l=1 rev1=0 crypto rx=0 tx=0 comp rx=0 tx=0)._handle_peer_banner_payload supported=3 required=0
2024-02-20T07:43:51.045 INFO:teuthology.orchestra.run.smithi064.stdout:/usr/bin/ceph: stderr
2024-02-20T07:43:50.252+0000 7f7dccb15700 1 --2- >> [v2:172.21.15.64:3300/0,v1:172.21.15.64:6789/0] conn(0x7f7dc8106ee0 0x7f7dc819a180 unknown :-1 s=HELLO_CONNECTING pgs=0 cs=0 l=1 rev1=1 crypto rx=0 tx=0 comp rx=0 tx=0).handle_hello peer v2:172.21.15.64:3300/0 says I am v2:172.21.15.64:42376/0 (socket says 172.21.15.64:42376)
2024-02-20T07:43:51.045 INFO:teuthology.orchestra.run.smithi064.stdout:/usr/bin/ceph: stderr
2024-02-20T07:43:50.252+0000 7f7dccb15700 1 -- 172.21.15.64:0/1894100806 learned_addr learned my addr 172.21.15.64:0/1894100806 (peer_addr_for_me v2:172.21.15.64:0/0)
2024-02-20T07:43:51.046 INFO:teuthology.orchestra.run.smithi064.stdout:/usr/bin/ceph: stderr
2024-02-20T07:43:50.252+0000 7f7dccb15700 1 -- 172.21.15.64:0/1894100806 --> [v2:172.21.15.64:3300/0,v1:172.21.15.64:6789/0] -- mon_subscribe({config=0+,monmap=0+}) v3 -- 0x7f7dbc009550 con 0x7f7dc8106ee0
2024-02-20T07:43:51.047 INFO:teuthology.orchestra.run.smithi064.stdout:/usr/bin/ceph: stderr
2024-02-20T07:43:50.252+0000 7f7dccb15700 1 --2- 172.21.15.64:0/1894100806 >> [v2:172.21.15.64:3300/0,v1:172.21.15.64:6789/0] conn(0x7f7dc8106ee0 0x7f7dc819a180 secure :-1 s=READY pgs=87 cs=0 l=1 rev1=1 crypto rx=0x7f7dbc011670 tx=0x7f7dbc011aa0 comp rx=0 tx=0).ready entity=mon.0 client_cookie=0 server_cookie=0 in_seq=0 out_seq=0
2024-02-20T07:43:51.047 INFO:teuthology.orchestra.run.smithi064.stdout:/usr/bin/ceph: stderr
2024-02-20T07:43:50.253+0000 7f7dc5ffb700 1 -- 172.21.15.64:0/1894100806 <== mon.0 v2:172.21.15.64:3300/0 1 ==== mon_map magic: 0 v1 ==== 229+0+0 (secure 0 0 0) 0x7f7dbc003a40 con 0x7f7dc8106ee0
2024-02-20T07:43:51.047 INFO:teuthology.orchestra.run.smithi064.stdout:/usr/bin/ceph: stderr
2024-02-20T07:43:50.253+0000 7f7dc5ffb700 1 -- 172.21.15.64:0/1894100806 <== mon.0 v2:172.21.15.64:3300/0 2 ==== config(27 keys) v1 ==== 1101+0+0 (secure 0 0 0) 0x7f7dbc003ba0 con 0x7f7dc8106ee0
2024-02-20T07:43:51.047 INFO:teuthology.orchestra.run.smithi064.stdout:/usr/bin/ceph: stderr
2024-02-20T07:43:50.253+0000 7f7dced79700 1 -- 172.21.15.64:0/1894100806 --> [v2:172.21.15.64:3300/0,v1:172.21.15.64:6789/0] -- mon_subscribe({mgrmap=0+}) v3 -- 0x7f7dc819a8c0 con 0x7f7dc8106ee0
2024-02-20T07:43:51.047 INFO:teuthology.orchestra.run.smithi064.stdout:/usr/bin/ceph: stderr
2024-02-20T07:43:50.253+0000 7f7dc5ffb700 1 -- 172.21.15.64:0/1894100806 <== mon.0 v2:172.21.15.64:3300/0 3 ==== mon_map magic: 0 v1 ==== 229+0+0 (secure 0 0 0) 0x7f7dbc024820 con 0x7f7dc8106ee0
2024-02-20T07:43:51.047 INFO:teuthology.orchestra.run.smithi064.stdout:/usr/bin/ceph: stderr
2024-02-20T07:43:50.253+0000 7f7dced79700 1 -- 172.21.15.64:0/1894100806 --> [v2:172.21.15.64:3300/0,v1:172.21.15.64:6789/0] -- mon_subscribe({osdmap=0}) v3 -- 0x7f7dc819ad60 con 0x7f7dc8106ee0
2024-02-20T07:43:51.048 INFO:teuthology.orchestra.run.smithi064.stdout:/usr/bin/ceph: stderr
2024-02-20T07:43:50.254+0000 7f7dc5ffb700 1 -- 172.21.15.64:0/1894100806 <== mon.0 v2:172.21.15.64:3300/0 4 ==== mgrmap(e 13) v1 ==== 45339+0+0 (secure 0 0 0) 0x7f7dbc024a90 con 0x7f7dc8106ee0
2024-02-20T07:43:51.048 INFO:teuthology.orchestra.run.smithi064.stdout:/usr/bin/ceph: stderr
2024-02-20T07:43:50.254+0000 7f7dced79700 1 -- 172.21.15.64:0/1894100806 --> [v2:172.21.15.64:3300/0,v1:172.21.15.64:6789/0] -- mon_command({"prefix": "get_command_descriptions"} v 0) v1 -- 0x7f7dc810a5a0 con 0x7f7dc8106ee0
2024-02-20T07:43:51.048 INFO:teuthology.orchestra.run.smithi064.stdout:/usr/bin/ceph: stderr
2024-02-20T07:43:50.254+0000 7f7dc5ffb700 1 --2- 172.21.15.64:0/1894100806 >> [v2:172.21.15.64:6800/4129977040,v1:172.21.15.64:6801/4129977040] conn(0x7f7db8038420 0x7f7db803a8e0 unknown :-1 s=NONE pgs=0 cs=0 l=1 rev1=0 crypto rx=0 tx=0 comp rx=0 tx=0).connect
2024-02-20T07:43:51.048 INFO:teuthology.orchestra.run.smithi064.stdout:/usr/bin/ceph: stderr
2024-02-20T07:43:50.254+0000 7f7dc5ffb700 1 -- 172.21.15.64:0/1894100806 <== mon.0 v2:172.21.15.64:3300/0 5 ==== osd_map(3..3 src has 1..3) v4 ==== 1155+0+0 (secure 0 0 0) 0x7f7dbc04c5a0 con 0x7f7dc8106ee0
2024-02-20T07:43:51.048 INFO:teuthology.orchestra.run.smithi064.stdout:/usr/bin/ceph: stderr
2024-02-20T07:43:50.254+0000 7f7dc7fff700 1 --2- 172.21.15.64:0/1894100806 >> [v2:172.21.15.64:6800/4129977040,v1:172.21.15.64:6801/4129977040] conn(0x7f7db8038420 0x7f7db803a8e0 unknown :-1 s=BANNER_CONNECTING pgs=0 cs=0 l=1 rev1=0 crypto rx=0 tx=0 comp rx=0 tx=0)._handle_peer_banner_payload supported=3 required=0
2024-02-20T07:43:51.048 INFO:teuthology.orchestra.run.smithi064.stdout:/usr/bin/ceph: stderr
2024-02-20T07:43:50.254+0000 7f7dc7fff700 1 --2- 172.21.15.64:0/1894100806 >> [v2:172.21.15.64:6800/4129977040,v1:172.21.15.64:6801/4129977040] conn(0x7f7db8038420 0x7f7db803a8e0 secure :-1 s=READY pgs=10 cs=0 l=1 rev1=1 crypto rx=0x7f7db4006fd0 tx=0x7f7db4006e40 comp rx=0 tx=0).ready entity=mgr.14162 client_cookie=0 server_cookie=0 in_seq=0 out_seq=0
2024-02-20T07:43:51.048 INFO:teuthology.orchestra.run.smithi064.stdout:/usr/bin/ceph: stderr
2024-02-20T07:43:50.259+0000 7f7dc5ffb700 1 -- 172.21.15.64:0/1894100806 <== mon.0 v2:172.21.15.64:3300/0 6 ==== mon_command_ack([{"prefix": "get_command_descriptions"}]=0 v0) v1 ==== 72+0+180422 (secure 0 0 0) 0x7f7dbc0189a0 con 0x7f7dc8106ee0
2024-02-20T07:43:51.048 INFO:teuthology.orchestra.run.smithi064.stdout:/usr/bin/ceph: stderr
2024-02-20T07:43:50.457+0000 7f7dced79700 1 -- 172.21.15.64:0/1894100806 --> [v2:172.21.15.64:3300/0,v1:172.21.15.64:6789/0] -- mon_command([{prefix=config set, name=osd_memory_target_autotune}] v 0) v1 -- 0x7f7dc819db40 con 0x7f7dc8106ee0
2024-02-20T07:43:51.048 INFO:teuthology.orchestra.run.smithi064.stdout:/usr/bin/ceph: stderr
2024-02-20T07:43:50.457+0000 7f7dc5ffb700 1 -- 172.21.15.64:0/1894100806 <== mon.0 v2:172.21.15.64:3300/0 7 ==== mon_command_ack([{prefix=config set, name=osd_memory_target_autotune}]=0 v8)=0 v8) v1 ==== 127+0+0 (secure 0 0 0) 0x7f7dbc018350 con 0x7f7dc8106ee0
2024-02-20T07:43:51.048 INFO:teuthology.orchestra.run.smithi064.stdout:/usr/bin/ceph: stderr
2024-02-20T07:43:50.459+0000 7f7dced79700 1 -- 172.21.15.64:0/1894100806 >> [v2:172.21.15.64:6800/4129977040,v1:172.21.15.64:6801/4129977040] conn(0x7f7db8038420 msgr2=0x7f7db803a8e0 secure :-1 s=STATE_CONNECTION_ESTABLISHED l=1).mark_down
2024-02-20T07:43:51.048 INFO:teuthology.orchestra.run.smithi064.stdout:/usr/bin/ceph: stderr
2024-02-20T07:43:50.459+0000 7f7dced79700 1 --2- 172.21.15.64:0/1894100806 >> [v2:172.21.15.64:6800/4129977040,v1:172.21.15.64:6801/4129977040] conn(0x7f7db8038420 0x7f7db803a8e0 secure :-1 s=READY pgs=10 cs=0 l=1 rev1=1 crypto rx=0x7f7db4006fd0 tx=0x7f7db4006e40 comp rx=0 tx=0).stop
2024-02-20T07:43:51.048 INFO:teuthology.orchestra.run.smithi064.stdout:/usr/bin/ceph: stderr
2024-02-20T07:43:50.460+0000 7f7dced79700 1 -- 172.21.15.64:0/1894100806 >> [v2:172.21.15.64:3300/0,v1:172.21.15.64:6789/0] conn(0x7f7dc8106ee0 msgr2=0x7f7dc819a180 secure :-1 s=STATE_CONNECTION_ESTABLISHED l=1).mark_down
2024-02-20T07:43:51.049 INFO:teuthology.orchestra.run.smithi064.stdout:/usr/bin/ceph: stderr
2024-02-20T07:43:50.460+0000 7f7dced79700 1 --2- 172.21.15.64:0/1894100806 >> [v2:172.21.15.64:3300/0,v1:172.21.15.64:6789/0] conn(0x7f7dc8106ee0 0x7f7dc819a180 secure :-1 s=READY pgs=87 cs=0 l=1 rev1=1 crypto rx=0x7f7dbc011670 tx=0x7f7dbc011aa0 comp rx=0 tx=0).stop
2024-02-20T07:43:51.049 INFO:teuthology.orchestra.run.smithi064.stdout:/usr/bin/ceph: stderr
2024-02-20T07:43:50.460+0000 7f7dced79700 1 -- 172.21.15.64:0/1894100806 shutdown_connections
2024-02-20T07:43:51.049 INFO:teuthology.orchestra.run.smithi064.stdout:/usr/bin/ceph: stderr
2024-02-20T07:43:50.460+0000 7f7dced79700 1 --2- 172.21.15.64:0/1894100806 >> [v2:172.21.15.64:6800/4129977040,v1:172.21.15.64:6801/4129977040] conn(0x7f7db8038420 0x7f7db803a8e0 unknown :-1 s=CLOSED pgs=10 cs=0 l=1 rev1=1 crypto rx=0 tx=0 comp rx=0 tx=0).stop
2024-02-20T07:43:51.049 INFO:teuthology.orchestra.run.smithi064.stdout:/usr/bin/ceph: stderr
2024-02-20T07:43:50.460+0000 7f7dced79700 1 --2- 172.21.15.64:0/1894100806 >> [v2:172.21.15.64:3300/0,v1:172.21.15.64:6789/0] conn(0x7f7dc8106ee0 0x7f7dc819a180 unknown :-1 s=CLOSED pgs=87 cs=0 l=1 rev1=1 crypto rx=0 tx=0 comp rx=0 tx=0).stop
2024-02-20T07:43:51.049 INFO:teuthology.orchestra.run.smithi064.stdout:/usr/bin/ceph: stderr
2024-02-20T07:43:50.460+0000 7f7dced79700 1 -- 172.21.15.64:0/1894100806 >> 172.21.15.64:0/1894100806 conn(0x7f7dc81008b0 msgr2=0x7f7dc8101fb0 unknown :-1 s=STATE_NONE l=0).mark_down
2024-02-20T07:43:51.049 INFO:teuthology.orchestra.run.smithi064.stdout:/usr/bin/ceph: stderr
2024-02-20T07:43:50.460+0000 7f7dced79700 1 -- 172.21.15.64:0/1894100806 shutdown_connections
2024-02-20T07:43:51.049 INFO:teuthology.orchestra.run.smithi064.stdout:/usr/bin/ceph: stderr
2024-02-20T07:43:50.460+0000 7f7dced79700 1 -- 172.21.15.64:0/1894100806 wait complete.
2024-02-20T07:43:51.164 INFO:journalctl@ceph.mon.smithi064.smithi064.stdout:Feb 20 07:43:50 smithi064 ceph-mon[29064]: mgrmap e13: smithi064.klfdom(active, since 6s)
2024-02-20T07:43:52.313 INFO:teuthology.orchestra.run.smithi064.stdout:/usr/bin/ceph: stderr
2024-02-20T07:43:51.446+0000 7fddc256d700 1 Processor -- start
2024-02-20T07:43:52.313 INFO:teuthology.orchestra.run.smithi064.stdout:/usr/bin/ceph: stderr
2024-02-20T07:43:51.446+0000 7fddc256d700 1 -- start start
2024-02-20T07:43:52.313 INFO:teuthology.orchestra.run.smithi064.stdout:/usr/bin/ceph: stderr
2024-02-20T07:43:51.446+0000 7fddc256d700 1 --2- >> [v2:172.21.15.64:3300/0,v1:172.21.15.64:6789/0] conn(0x7fddbc106420 0x7fddbc106840 unknown :-1 s=NONE pgs=0 cs=0 l=0 rev1=0 crypto rx=0 tx=0 comp rx=0 tx=0).connect
2024-02-20T07:43:52.314 INFO:teuthology.orchestra.run.smithi064.stdout:/usr/bin/ceph: stderr
2024-02-20T07:43:51.446+0000 7fddc256d700 1 -- --> [v2:172.21.15.64:3300/0,v1:172.21.15.64:6789/0] -- mon_getmap magic: 0 v1 -- 0x7fddbc106e10 con 0x7fddbc106420
2024-02-20T07:43:52.314 INFO:teuthology.orchestra.run.smithi064.stdout:/usr/bin/ceph: stderr
2024-02-20T07:43:51.446+0000 7fddbbfff700 1 --2- >> [v2:172.21.15.64:3300/0,v1:172.21.15.64:6789/0] conn(0x7fddbc106420 0x7fddbc106840 unknown :-1 s=BANNER_CONNECTING pgs=0 cs=0 l=0 rev1=0 crypto rx=0 tx=0 comp rx=0 tx=0)._handle_peer_banner_payload supported=3 required=0
2024-02-20T07:43:52.314 INFO:teuthology.orchestra.run.smithi064.stdout:/usr/bin/ceph: stderr
2024-02-20T07:43:51.446+0000 7fddbbfff700 1 --2- >> [v2:172.21.15.64:3300/0,v1:172.21.15.64:6789/0] conn(0x7fddbc106420 0x7fddbc106840 unknown :-1 s=HELLO_CONNECTING pgs=0 cs=0 l=0 rev1=1 crypto rx=0 tx=0 comp rx=0 tx=0).handle_hello peer v2:172.21.15.64:3300/0 says I am v2:172.21.15.64:42378/0 (socket says 172.21.15.64:42378)
2024-02-20T07:43:52.314 INFO:teuthology.orchestra.run.smithi064.stdout:/usr/bin/ceph: stderr
2024-02-20T07:43:51.446+0000 7fddbbfff700 1 -- 172.21.15.64:0/540158307 learned_addr learned my addr 172.21.15.64:0/540158307 (peer_addr_for_me v2:172.21.15.64:0/0)
2024-02-20T07:43:52.314 INFO:teuthology.orchestra.run.smithi064.stdout:/usr/bin/ceph: stderr
2024-02-20T07:43:51.447+0000 7fddbbfff700 1 -- 172.21.15.64:0/540158307 --> [v2:172.21.15.64:3300/0,v1:172.21.15.64:6789/0] -- mon_subscribe({config=0+,monmap=0+}) v3 -- 0x7fddbc107620 con 0x7fddbc106420
2024-02-20T07:43:52.314 INFO:teuthology.orchestra.run.smithi064.stdout:/usr/bin/ceph: stderr
2024-02-20T07:43:51.447+0000 7fddbbfff700 1 --2- 172.21.15.64:0/540158307 >> [v2:172.21.15.64:3300/0,v1:172.21.15.64:6789/0] conn(0x7fddbc106420 0x7fddbc106840 secure :-1 s=READY pgs=88 cs=0 l=1 rev1=1 crypto rx=0x7fddac0098a0 tx=0x7fddac009bb0 comp rx=0 tx=0).ready entity=mon.0 client_cookie=4af46f87bfbbe726 server_cookie=0 in_seq=0 out_seq=0
2024-02-20T07:43:52.315 INFO:teuthology.orchestra.run.smithi064.stdout:/usr/bin/ceph: stderr
2024-02-20T07:43:51.447+0000 7fddbaffd700 1 -- 172.21.15.64:0/540158307 <== mon.0 v2:172.21.15.64:3300/0 1 ==== mon_map magic: 0 v1 ==== 229+0+0 (secure 0 0 0) 0x7fddac004180 con 0x7fddbc106420
2024-02-20T07:43:52.315 INFO:teuthology.orchestra.run.smithi064.stdout:/usr/bin/ceph: stderr
2024-02-20T07:43:51.447+0000 7fddbaffd700 1 -- 172.21.15.64:0/540158307 <== mon.0 v2:172.21.15.64:3300/0 2 ==== config(27 keys) v1 ==== 1101+0+0 (secure 0 0 0) 0x7fddac0042e0 con 0x7fddbc106420
2024-02-20T07:43:52.315 INFO:teuthology.orchestra.run.smithi064.stdout:/usr/bin/ceph: stderr
2024-02-20T07:43:51.447+0000 7fddbaffd700 1 -- 172.21.15.64:0/540158307 <== mon.0 v2:172.21.15.64:3300/0 3 ==== mon_map magic: 0 v1 ==== 229+0+0 (secure 0 0 0) 0x7fddac011af0 con 0x7fddbc106420
2024-02-20T07:43:52.316 INFO:teuthology.orchestra.run.smithi064.stdout:/usr/bin/ceph: stderr
2024-02-20T07:43:51.447+0000 7fddc256d700 1 -- 172.21.15.64:0/540158307 >> [v2:172.21.15.64:3300/0,v1:172.21.15.64:6789/0] conn(0x7fddbc106420 msgr2=0x7fddbc106840 secure :-1 s=STATE_CONNECTION_ESTABLISHED l=1).mark_down
2024-02-20T07:43:52.316 INFO:teuthology.orchestra.run.smithi064.stdout:/usr/bin/ceph: stderr
2024-02-20T07:43:51.447+0000 7fddc256d700 1 --2- 172.21.15.64:0/540158307 >> [v2:172.21.15.64:3300/0,v1:172.21.15.64:6789/0] conn(0x7fddbc106420 0x7fddbc106840 secure :-1 s=READY pgs=88 cs=0 l=1 rev1=1 crypto rx=0x7fddac0098a0 tx=0x7fddac009bb0 comp rx=0 tx=0).stop
2024-02-20T07:43:52.316 INFO:teuthology.orchestra.run.smithi064.stdout:/usr/bin/ceph: stderr
2024-02-20T07:43:51.447+0000 7fddc256d700 1 -- 172.21.15.64:0/540158307 shutdown_connections
2024-02-20T07:43:52.316 INFO:teuthology.orchestra.run.smithi064.stdout:/usr/bin/ceph: stderr
2024-02-20T07:43:51.447+0000 7fddc256d700 1 --2- 172.21.15.64:0/540158307 >> [v2:172.21.15.64:3300/0,v1:172.21.15.64:6789/0] conn(0x7fddbc106420 0x7fddbc106840 unknown :-1 s=CLOSED pgs=88 cs=0 l=1 rev1=1 crypto rx=0 tx=0 comp rx=0 tx=0).stop
2024-02-20T07:43:52.316 INFO:teuthology.orchestra.run.smithi064.stdout:/usr/bin/ceph: stderr
2024-02-20T07:43:51.447+0000 7fddc256d700 1 -- 172.21.15.64:0/540158307 >> 172.21.15.64:0/540158307 conn(0x7fddbc101a00 msgr2=0x7fddbc103e20 unknown :-1 s=STATE_NONE l=0).mark_down
2024-02-20T07:43:52.316 INFO:teuthology.orchestra.run.smithi064.stdout:/usr/bin/ceph: stderr
2024-02-20T07:43:51.448+0000 7fddc256d700 1 -- 172.21.15.64:0/540158307 shutdown_connections
2024-02-20T07:43:52.316 INFO:teuthology.orchestra.run.smithi064.stdout:/usr/bin/ceph: stderr
2024-02-20T07:43:51.448+0000 7fddc256d700 1 -- 172.21.15.64:0/540158307 wait complete.
2024-02-20T07:43:52.316 INFO:teuthology.orchestra.run.smithi064.stdout:/usr/bin/ceph: stderr
2024-02-20T07:43:51.448+0000 7fddc256d700 1 Processor -- start
2024-02-20T07:43:52.316 INFO:teuthology.orchestra.run.smithi064.stdout:/usr/bin/ceph: stderr
2024-02-20T07:43:51.448+0000 7fddc256d700 1 -- start start
2024-02-20T07:43:52.316 INFO:teuthology.orchestra.run.smithi064.stdout:/usr/bin/ceph: stderr
2024-02-20T07:43:51.448+0000 7fddc256d700 1 --2- >> [v2:172.21.15.64:3300/0,v1:172.21.15.64:6789/0] conn(0x7fddbc106420 0x7fddbc19a0e0 unknown :-1 s=NONE pgs=0 cs=0 l=1 rev1=0 crypto rx=0 tx=0 comp rx=0 tx=0).connect
2024-02-20T07:43:52.316 INFO:teuthology.orchestra.run.smithi064.stdout:/usr/bin/ceph: stderr
2024-02-20T07:43:51.448+0000 7fddc256d700 1 -- --> [v2:172.21.15.64:3300/0,v1:172.21.15.64:6789/0] -- mon_getmap magic: 0 v1 -- 0x7fddbc19a620 con 0x7fddbc106420
2024-02-20T07:43:52.316 INFO:teuthology.orchestra.run.smithi064.stdout:/usr/bin/ceph: stderr
2024-02-20T07:43:51.449+0000 7fddbbfff700 1 --2- >> [v2:172.21.15.64:3300/0,v1:172.21.15.64:6789/0] conn(0x7fddbc106420 0x7fddbc19a0e0 unknown :-1 s=BANNER_CONNECTING pgs=0 cs=0 l=1 rev1=0 crypto rx=0 tx=0 comp rx=0 tx=0)._handle_peer_banner_payload supported=3 required=0
2024-02-20T07:43:52.316 INFO:teuthology.orchestra.run.smithi064.stdout:/usr/bin/ceph: stderr
2024-02-20T07:43:51.449+0000 7fddbbfff700 1 --2- >> [v2:172.21.15.64:3300/0,v1:172.21.15.64:6789/0] conn(0x7fddbc106420 0x7fddbc19a0e0 unknown :-1 s=HELLO_CONNECTING pgs=0 cs=0 l=1 rev1=1 crypto rx=0 tx=0 comp rx=0 tx=0).handle_hello peer v2:172.21.15.64:3300/0 says I am v2:172.21.15.64:42384/0 (socket says 172.21.15.64:42384)
2024-02-20T07:43:52.317 INFO:teuthology.orchestra.run.smithi064.stdout:/usr/bin/ceph: stderr
2024-02-20T07:43:51.449+0000 7fddbbfff700 1 -- 172.21.15.64:0/550300699 learned_addr learned my addr 172.21.15.64:0/550300699 (peer_addr_for_me v2:172.21.15.64:0/0)
2024-02-20T07:43:52.317 INFO:teuthology.orchestra.run.smithi064.stdout:/usr/bin/ceph: stderr
2024-02-20T07:43:51.449+0000 7fddbbfff700 1 -- 172.21.15.64:0/550300699 --> [v2:172.21.15.64:3300/0,v1:172.21.15.64:6789/0] -- mon_subscribe({config=0+,monmap=0+}) v3 -- 0x7fddac009550 con 0x7fddbc106420
2024-02-20T07:43:52.317 INFO:teuthology.orchestra.run.smithi064.stdout:/usr/bin/ceph: stderr
2024-02-20T07:43:51.449+0000 7fddbbfff700 1 --2- 172.21.15.64:0/550300699 >> [v2:172.21.15.64:3300/0,v1:172.21.15.64:6789/0] conn(0x7fddbc106420 0x7fddbc19a0e0 secure :-1 s=READY pgs=89 cs=0 l=1 rev1=1 crypto rx=0x7fddac000c00 tx=0x7fddac011b50 comp rx=0 tx=0).ready entity=mon.0 client_cookie=0 server_cookie=0 in_seq=0 out_seq=0
2024-02-20T07:43:52.317 INFO:teuthology.orchestra.run.smithi064.stdout:/usr/bin/ceph: stderr
2024-02-20T07:43:51.449+0000 7fddb97fa700 1 -- 172.21.15.64:0/550300699 <== mon.0 v2:172.21.15.64:3300/0 1 ==== mon_map magic: 0 v1 ==== 229+0+0 (secure 0 0 0) 0x7fddac003a70 con 0x7fddbc106420
2024-02-20T07:43:52.317 INFO:teuthology.orchestra.run.smithi064.stdout:/usr/bin/ceph: stderr
2024-02-20T07:43:51.449+0000 7fddb97fa700 1 -- 172.21.15.64:0/550300699 <== mon.0 v2:172.21.15.64:3300/0 2 ==== config(27 keys) v1 ==== 1101+0+0 (secure 0 0 0) 0x7fddac003bd0 con 0x7fddbc106420
2024-02-20T07:43:52.317 INFO:teuthology.orchestra.run.smithi064.stdout:/usr/bin/ceph: stderr
2024-02-20T07:43:51.449+0000 7fddc256d700 1 -- 172.21.15.64:0/550300699 --> [v2:172.21.15.64:3300/0,v1:172.21.15.64:6789/0] -- mon_subscribe({mgrmap=0+}) v3 -- 0x7fddbc19a820 con 0x7fddbc106420
2024-02-20T07:43:52.317 INFO:teuthology.orchestra.run.smithi064.stdout:/usr/bin/ceph: stderr
2024-02-20T07:43:51.449+0000 7fddc256d700 1 -- 172.21.15.64:0/550300699 --> [v2:172.21.15.64:3300/0,v1:172.21.15.64:6789/0] -- mon_subscribe({osdmap=0}) v3 -- 0x7fddbc19acc0 con 0x7fddbc106420
2024-02-20T07:43:52.317 INFO:teuthology.orchestra.run.smithi064.stdout:/usr/bin/ceph: stderr
2024-02-20T07:43:51.449+0000 7fddb97fa700 1 -- 172.21.15.64:0/550300699 <== mon.0 v2:172.21.15.64:3300/0 3 ==== mon_map magic: 0 v1 ==== 229+0+0 (secure 0 0 0) 0x7fddac0238c0 con 0x7fddbc106420
2024-02-20T07:43:52.317 INFO:teuthology.orchestra.run.smithi064.stdout:/usr/bin/ceph: stderr
2024-02-20T07:43:51.450+0000 7fddb97fa700 1 -- 172.21.15.64:0/550300699 <== mon.0 v2:172.21.15.64:3300/0 4 ==== mgrmap(e 13) v1 ==== 45339+0+0 (secure 0 0 0) 0x7fddac023b30 con 0x7fddbc106420
2024-02-20T07:43:52.317 INFO:teuthology.orchestra.run.smithi064.stdout:/usr/bin/ceph: stderr
2024-02-20T07:43:51.450+0000 7fddb97fa700 1 --2- 172.21.15.64:0/550300699 >> [v2:172.21.15.64:6800/4129977040,v1:172.21.15.64:6801/4129977040] conn(0x7fdda4038460 0x7fdda403a920 unknown :-1 s=NONE pgs=0 cs=0 l=1 rev1=0 crypto rx=0 tx=0 comp rx=0 tx=0).connect
2024-02-20T07:43:52.317 INFO:teuthology.orchestra.run.smithi064.stdout:/usr/bin/ceph: stderr
2024-02-20T07:43:51.450+0000 7fddc256d700 1 -- 172.21.15.64:0/550300699 --> [v2:172.21.15.64:3300/0,v1:172.21.15.64:6789/0] -- mon_command({"prefix": "get_command_descriptions"} v 0) v1 -- 0x7fddbc0623c0 con 0x7fddbc106420
2024-02-20T07:43:52.317 INFO:teuthology.orchestra.run.smithi064.stdout:/usr/bin/ceph: stderr
2024-02-20T07:43:51.450+0000 7fddb97fa700 1 -- 172.21.15.64:0/550300699 <== mon.0 v2:172.21.15.64:3300/0 5 ==== osd_map(3..3 src has 1..3) v4 ==== 1155+0+0 (secure 0 0 0) 0x7fddac04c4d0 con 0x7fddbc106420
2024-02-20T07:43:52.318 INFO:teuthology.orchestra.run.smithi064.stdout:/usr/bin/ceph: stderr
2024-02-20T07:43:51.450+0000 7fddbb7fe700 1 --2- 172.21.15.64:0/550300699 >> [v2:172.21.15.64:6800/4129977040,v1:172.21.15.64:6801/4129977040] conn(0x7fdda4038460 0x7fdda403a920 unknown :-1 s=BANNER_CONNECTING pgs=0 cs=0 l=1 rev1=0 crypto rx=0 tx=0 comp rx=0 tx=0)._handle_peer_banner_payload supported=3 required=0
2024-02-20T07:43:52.318 INFO:teuthology.orchestra.run.smithi064.stdout:/usr/bin/ceph: stderr
2024-02-20T07:43:51.451+0000 7fddbb7fe700 1 --2- 172.21.15.64:0/550300699 >> [v2:172.21.15.64:6800/4129977040,v1:172.21.15.64:6801/4129977040] conn(0x7fdda4038460 0x7fdda403a920 secure :-1 s=READY pgs=11 cs=0 l=1 rev1=1 crypto rx=0x7fddb0006fd0 tx=0x7fddb0006e40 comp rx=0 tx=0).ready entity=mgr.14162 client_cookie=0 server_cookie=0 in_seq=0 out_seq=0
2024-02-20T07:43:52.318 INFO:teuthology.orchestra.run.smithi064.stdout:/usr/bin/ceph: stderr
2024-02-20T07:43:51.455+0000 7fddb97fa700 1 -- 172.21.15.64:0/550300699 <== mon.0 v2:172.21.15.64:3300/0 6 ==== mon_command_ack([{"prefix": "get_command_descriptions"}]=0 v0) v1 ==== 72+0+180422 (secure 0 0 0) 0x7fddac02b300 con 0x7fddbc106420
2024-02-20T07:43:52.318 INFO:teuthology.orchestra.run.smithi064.stdout:/usr/bin/ceph: stderr
2024-02-20T07:43:51.766+0000 7fddc256d700 1 -- 172.21.15.64:0/550300699 --> [v2:172.21.15.64:3300/0,v1:172.21.15.64:6789/0] -- mon_command([{prefix=config-key set, key=mgr/dashboard/cluster/status}] v 0) v1 -- 0x7fddbc10a820 con 0x7fddbc106420
2024-02-20T07:43:52.318 INFO:teuthology.orchestra.run.smithi064.stdout:/usr/bin/ceph: stderr
2024-02-20T07:43:51.768+0000 7fddb97fa700 1 -- 172.21.15.64:0/550300699 <== mon.0 v2:172.21.15.64:3300/0 7 ==== mon_command_ack([{prefix=config-key set, key=mgr/dashboard/cluster/status}]=0 set mgr/dashboard/cluster/status v34)=0 set mgr/dashboard/cluster/status v34) v1 ==== 153+0+0 (secure 0 0 0) 0x7fddac0330c0 con 0x7fddbc106420
2024-02-20T07:43:52.318 INFO:teuthology.orchestra.run.smithi064.stdout:/usr/bin/ceph: stderr
2024-02-20T07:43:51.770+0000 7fddc256d700 1 -- 172.21.15.64:0/550300699 >> [v2:172.21.15.64:6800/4129977040,v1:172.21.15.64:6801/4129977040] conn(0x7fdda4038460 msgr2=0x7fdda403a920 secure :-1 s=STATE_CONNECTION_ESTABLISHED l=1).mark_down
2024-02-20T07:43:52.318 INFO:teuthology.orchestra.run.smithi064.stdout:/usr/bin/ceph: stderr
2024-02-20T07:43:51.770+0000 7fddc256d700 1 --2- 172.21.15.64:0/550300699 >> [v2:172.21.15.64:6800/4129977040,v1:172.21.15.64:6801/4129977040] conn(0x7fdda4038460 0x7fdda403a920 secure :-1 s=READY pgs=11 cs=0 l=1 rev1=1 crypto rx=0x7fddb0006fd0 tx=0x7fddb0006e40 comp rx=0 tx=0).stop
2024-02-20T07:43:52.318 INFO:teuthology.orchestra.run.smithi064.stdout:/usr/bin/ceph: stderr
2024-02-20T07:43:51.770+0000 7fddc256d700 1 -- 172.21.15.64:0/550300699 >> [v2:172.21.15.64:3300/0,v1:172.21.15.64:6789/0] conn(0x7fddbc106420 msgr2=0x7fddbc19a0e0 secure :-1 s=STATE_CONNECTION_ESTABLISHED l=1).mark_down
2024-02-20T07:43:52.318 INFO:teuthology.orchestra.run.smithi064.stdout:/usr/bin/ceph: stderr
2024-02-20T07:43:51.770+0000 7fddc256d700 1 --2- 172.21.15.64:0/550300699 >> [v2:172.21.15.64:3300/0,v1:172.21.15.64:6789/0] conn(0x7fddbc106420 0x7fddbc19a0e0 secure :-1 s=READY pgs=89 cs=0 l=1 rev1=1 crypto rx=0x7fddac000c00 tx=0x7fddac011b50 comp rx=0 tx=0).stop
2024-02-20T07:43:52.318 INFO:teuthology.orchestra.run.smithi064.stdout:/usr/bin/ceph: stderr
2024-02-20T07:43:51.770+0000 7fddc256d700 1 -- 172.21.15.64:0/550300699 shutdown_connections
2024-02-20T07:43:52.318 INFO:teuthology.orchestra.run.smithi064.stdout:/usr/bin/ceph: stderr
2024-02-20T07:43:51.770+0000 7fddc256d700 1 --2- 172.21.15.64:0/550300699 >> [v2:172.21.15.64:6800/4129977040,v1:172.21.15.64:6801/4129977040] conn(0x7fdda4038460 0x7fdda403a920 unknown :-1 s=CLOSED pgs=11 cs=0 l=1 rev1=1 crypto rx=0 tx=0 comp rx=0 tx=0).stop
2024-02-20T07:43:52.318 INFO:teuthology.orchestra.run.smithi064.stdout:/usr/bin/ceph: stderr
2024-02-20T07:43:51.770+0000 7fddc256d700 1 --2- 172.21.15.64:0/550300699 >> [v2:172.21.15.64:3300/0,v1:172.21.15.64:6789/0] conn(0x7fddbc106420 0x7fddbc19a0e0 unknown :-1 s=CLOSED pgs=89 cs=0 l=1 rev1=1 crypto rx=0 tx=0 comp rx=0 tx=0).stop
2024-02-20T07:43:52.319 INFO:teuthology.orchestra.run.smithi064.stdout:/usr/bin/ceph: stderr
2024-02-20T07:43:51.770+0000 7fddc256d700 1 -- 172.21.15.64:0/550300699 >> 172.21.15.64:0/550300699 conn(0x7fddbc101a00 msgr2=0x7fddbc1027d0 unknown :-1 s=STATE_NONE l=0).mark_down
2024-02-20T07:43:52.319 INFO:teuthology.orchestra.run.smithi064.stdout:/usr/bin/ceph: stderr
2024-02-20T07:43:51.770+0000 7fddc256d700 1 -- 172.21.15.64:0/550300699 shutdown_connections
2024-02-20T07:43:52.319 INFO:teuthology.orchestra.run.smithi064.stdout:/usr/bin/ceph: stderr
2024-02-20T07:43:51.771+0000 7fddc256d700 1 -- 172.21.15.64:0/550300699 wait complete.
2024-02-20T07:43:52.319 INFO:teuthology.orchestra.run.smithi064.stdout:/usr/bin/ceph: stderr set mgr/dashboard/cluster/status
2024-02-20T07:43:52.319 INFO:teuthology.orchestra.run.smithi064.stdout:You can access the Ceph CLI as following in case of multi-cluster or non-default config:
2024-02-20T07:43:52.319 INFO:teuthology.orchestra.run.smithi064.stdout:
2024-02-20T07:43:52.319 INFO:teuthology.orchestra.run.smithi064.stdout: sudo /home/ubuntu/cephtest/cephadm shell --fsid 891dc2ea-cfc3-11ee-95bb-87774f69a715 -c /etc/ceph/ceph.conf -k /etc/ceph/ceph.client.admin.keyring
2024-02-20T07:43:52.319 INFO:teuthology.orchestra.run.smithi064.stdout:
2024-02-20T07:43:52.319 INFO:teuthology.orchestra.run.smithi064.stdout:Or, if you are only running a single cluster on this host:
2024-02-20T07:43:52.319 INFO:teuthology.orchestra.run.smithi064.stdout:
2024-02-20T07:43:52.319 INFO:teuthology.orchestra.run.smithi064.stdout: sudo /home/ubuntu/cephtest/cephadm shell
2024-02-20T07:43:52.319 INFO:teuthology.orchestra.run.smithi064.stdout:
2024-02-20T07:43:52.319 INFO:teuthology.orchestra.run.smithi064.stdout:Please consider enabling telemetry to help improve Ceph:
2024-02-20T07:43:52.319 INFO:teuthology.orchestra.run.smithi064.stdout:
2024-02-20T07:43:52.319 INFO:teuthology.orchestra.run.smithi064.stdout: ceph telemetry on
2024-02-20T07:43:52.320 INFO:teuthology.orchestra.run.smithi064.stdout:
2024-02-20T07:43:52.320 INFO:teuthology.orchestra.run.smithi064.stdout:For more information see:
2024-02-20T07:43:52.320 INFO:teuthology.orchestra.run.smithi064.stdout:
2024-02-20T07:43:52.320 INFO:teuthology.orchestra.run.smithi064.stdout: https://docs.ceph.com/en/latest/mgr/telemetry/
2024-02-20T07:43:52.320 INFO:teuthology.orchestra.run.smithi064.stdout:
2024-02-20T07:43:52.320 INFO:teuthology.orchestra.run.smithi064.stdout:Bootstrap complete.
2024-02-20T07:43:52.347 INFO:tasks.cephadm:Fetching config...
2024-02-20T07:43:52.348 DEBUG:teuthology.orchestra.run.smithi064:> set -ex
2024-02-20T07:43:52.348 DEBUG:teuthology.orchestra.run.smithi064:> dd if=/etc/ceph/ceph.conf of=/dev/stdout
2024-02-20T07:43:52.403 INFO:tasks.cephadm:Fetching client.admin keyring...
2024-02-20T07:43:52.403 DEBUG:teuthology.orchestra.run.smithi064:> set -ex
2024-02-20T07:43:52.403 DEBUG:teuthology.orchestra.run.smithi064:> dd if=/etc/ceph/ceph.client.admin.keyring of=/dev/stdout
2024-02-20T07:43:52.457 INFO:tasks.cephadm:Fetching mon keyring...
2024-02-20T07:43:52.458 DEBUG:teuthology.orchestra.run.smithi064:> set -ex
2024-02-20T07:43:52.458 DEBUG:teuthology.orchestra.run.smithi064:> sudo dd if=/var/lib/ceph/891dc2ea-cfc3-11ee-95bb-87774f69a715/mon.smithi064/keyring of=/dev/stdout
2024-02-20T07:43:52.525 INFO:tasks.cephadm:Fetching pub ssh key...
2024-02-20T07:43:52.525 DEBUG:teuthology.orchestra.run.smithi064:> set -ex
2024-02-20T07:43:52.525 DEBUG:teuthology.orchestra.run.smithi064:> dd if=/home/ubuntu/cephtest/ceph.pub of=/dev/stdout
2024-02-20T07:43:52.580 INFO:tasks.cephadm:Installing pub ssh key for root users...
2024-02-20T07:43:52.581 DEBUG:teuthology.orchestra.run.smithi064:> sudo install -d -m 0700 /root/.ssh && echo 'ssh-rsa AAAAB3NzaC1yc2EAAAADAQABAAABgQDFqM7wRsCLuWxO4b4ndr97U2XdV95el2kPM2JSl6OVaNnHO85hBM2ppsdHMwi89hwI4Ad5g/v0vWv2dw/pPSBN6TtL2/OE3+bMltZz1xmNPVSXnLvfTLq/Rs3oEQn+l2/KtPRWdZftQfkg2zuxBY5EAnUMdmAJvcecGK1z4VoPHrNSifuFwTE+RiYB9PtEna7ysK+wmJW9/amWumHywVewfyHQl9kGxj2zHvt3FD0aL3TSpOiOV7psMsCpA4nSkdLBr8Ct8dajP9E/b9a6ExKDuY+uHeWXbm/6biOdNRe5YeRxNo0r4MrsUgiS0o+bXUAFZc4Kit17Dau4GeLjz5bD+othqHAFyINW0SMAQbK7HuSoQYaRqyRpfuV/OEIU46GR/GXYRry6r096OrG+ABoJG8oYCANiLO10+Y96rMqlB7UpBu7mDWtDqVj5ypWncDDavdT0Zxos/MzWFJ66yatKoc2Vn+sgxEuwHsRI0/hGnx12KkiUFzqljOyF3xPSNRE= ceph-891dc2ea-cfc3-11ee-95bb-87774f69a715' | sudo tee -a /root/.ssh/authorized_keys && sudo chmod 0600 /root/.ssh/authorized_keys
2024-02-20T07:43:52.674 INFO:teuthology.orchestra.run.smithi064.stdout:ssh-rsa AAAAB3NzaC1yc2EAAAADAQABAAABgQDFqM7wRsCLuWxO4b4ndr97U2XdV95el2kPM2JSl6OVaNnHO85hBM2ppsdHMwi89hwI4Ad5g/v0vWv2dw/pPSBN6TtL2/OE3+bMltZz1xmNPVSXnLvfTLq/Rs3oEQn+l2/KtPRWdZftQfkg2zuxBY5EAnUMdmAJvcecGK1z4VoPHrNSifuFwTE+RiYB9PtEna7ysK+wmJW9/amWumHywVewfyHQl9kGxj2zHvt3FD0aL3TSpOiOV7psMsCpA4nSkdLBr8Ct8dajP9E/b9a6ExKDuY+uHeWXbm/6biOdNRe5YeRxNo0r4MrsUgiS0o+bXUAFZc4Kit17Dau4GeLjz5bD+othqHAFyINW0SMAQbK7HuSoQYaRqyRpfuV/OEIU46GR/GXYRry6r096OrG+ABoJG8oYCANiLO10+Y96rMqlB7UpBu7mDWtDqVj5ypWncDDavdT0Zxos/MzWFJ66yatKoc2Vn+sgxEuwHsRI0/hGnx12KkiUFzqljOyF3xPSNRE= ceph-891dc2ea-cfc3-11ee-95bb-87774f69a715
2024-02-20T07:43:52.689 DEBUG:teuthology.orchestra.run.smithi071:> sudo install -d -m 0700 /root/.ssh && echo 'ssh-rsa AAAAB3NzaC1yc2EAAAADAQABAAABgQDFqM7wRsCLuWxO4b4ndr97U2XdV95el2kPM2JSl6OVaNnHO85hBM2ppsdHMwi89hwI4Ad5g/v0vWv2dw/pPSBN6TtL2/OE3+bMltZz1xmNPVSXnLvfTLq/Rs3oEQn+l2/KtPRWdZftQfkg2zuxBY5EAnUMdmAJvcecGK1z4VoPHrNSifuFwTE+RiYB9PtEna7ysK+wmJW9/amWumHywVewfyHQl9kGxj2zHvt3FD0aL3TSpOiOV7psMsCpA4nSkdLBr8Ct8dajP9E/b9a6ExKDuY+uHeWXbm/6biOdNRe5YeRxNo0r4MrsUgiS0o+bXUAFZc4Kit17Dau4GeLjz5bD+othqHAFyINW0SMAQbK7HuSoQYaRqyRpfuV/OEIU46GR/GXYRry6r096OrG+ABoJG8oYCANiLO10+Y96rMqlB7UpBu7mDWtDqVj5ypWncDDavdT0Zxos/MzWFJ66yatKoc2Vn+sgxEuwHsRI0/hGnx12KkiUFzqljOyF3xPSNRE= ceph-891dc2ea-cfc3-11ee-95bb-87774f69a715' | sudo tee -a /root/.ssh/authorized_keys && sudo chmod 0600 /root/.ssh/authorized_keys
2024-02-20T07:43:52.735 INFO:teuthology.orchestra.run.smithi071.stdout:ssh-rsa AAAAB3NzaC1yc2EAAAADAQABAAABgQDFqM7wRsCLuWxO4b4ndr97U2XdV95el2kPM2JSl6OVaNnHO85hBM2ppsdHMwi89hwI4Ad5g/v0vWv2dw/pPSBN6TtL2/OE3+bMltZz1xmNPVSXnLvfTLq/Rs3oEQn+l2/KtPRWdZftQfkg2zuxBY5EAnUMdmAJvcecGK1z4VoPHrNSifuFwTE+RiYB9PtEna7ysK+wmJW9/amWumHywVewfyHQl9kGxj2zHvt3FD0aL3TSpOiOV7psMsCpA4nSkdLBr8Ct8dajP9E/b9a6ExKDuY+uHeWXbm/6biOdNRe5YeRxNo0r4MrsUgiS0o+bXUAFZc4Kit17Dau4GeLjz5bD+othqHAFyINW0SMAQbK7HuSoQYaRqyRpfuV/OEIU46GR/GXYRry6r096OrG+ABoJG8oYCANiLO10+Y96rMqlB7UpBu7mDWtDqVj5ypWncDDavdT0Zxos/MzWFJ66yatKoc2Vn+sgxEuwHsRI0/hGnx12KkiUFzqljOyF3xPSNRE= ceph-891dc2ea-cfc3-11ee-95bb-87774f69a715
2024-02-20T07:43:52.750 DEBUG:teuthology.orchestra.run.smithi064:> sudo /home/ubuntu/cephtest/cephadm --image quay.io/ceph/ceph:v18.2.1 shell -c /etc/ceph/ceph.conf -k /etc/ceph/ceph.client.admin.keyring --fsid 891dc2ea-cfc3-11ee-95bb-87774f69a715 -- ceph config set mgr mgr/cephadm/allow_ptrace true
2024-02-20T07:43:52.906 INFO:journalctl@ceph.mon.smithi064.smithi064.stdout:Feb 20 07:43:52 smithi064 ceph-mon[29064]: from='client.? 172.21.15.64:0/550300699' entity='client.admin'
2024-02-20T07:43:52.973 INFO:teuthology.orchestra.run.smithi064.stderr:Inferring config /var/lib/ceph/891dc2ea-cfc3-11ee-95bb-87774f69a715/mon.smithi064/config
2024-02-20T07:43:55.189 INFO:teuthology.orchestra.run.smithi064.stderr:2024-02-20T07:43:55.185+0000 7fa9fbc68700 1 -- 172.21.15.64:0/4172677331 >> [v2:172.21.15.64:3300/0,v1:172.21.15.64:6789/0] conn(0x7fa9f41008a0 msgr2=0x7fa9f4100cc0 secure :-1 s=STATE_CONNECTION_ESTABLISHED l=1).mark_down
2024-02-20T07:43:55.189 INFO:teuthology.orchestra.run.smithi064.stderr:2024-02-20T07:43:55.185+0000 7fa9fbc68700 1 --2- 172.21.15.64:0/4172677331 >> [v2:172.21.15.64:3300/0,v1:172.21.15.64:6789/0] conn(0x7fa9f41008a0 0x7fa9f4100cc0 secure :-1 s=READY pgs=90 cs=0 l=1 rev1=1 crypto rx=0x7fa9e8009910 tx=0x7fa9e8009c20 comp rx=0 tx=0).stop
2024-02-20T07:43:55.189 INFO:teuthology.orchestra.run.smithi064.stderr:2024-02-20T07:43:55.186+0000 7fa9fbc68700 1 -- 172.21.15.64:0/4172677331 shutdown_connections
2024-02-20T07:43:55.190 INFO:teuthology.orchestra.run.smithi064.stderr:2024-02-20T07:43:55.186+0000 7fa9fbc68700 1 --2- 172.21.15.64:0/4172677331 >> [v2:172.21.15.64:3300/0,v1:172.21.15.64:6789/0] conn(0x7fa9f41008a0 0x7fa9f4100cc0 unknown :-1 s=CLOSED pgs=90 cs=0 l=1 rev1=1 crypto rx=0 tx=0 comp rx=0 tx=0).stop
2024-02-20T07:43:55.190 INFO:teuthology.orchestra.run.smithi064.stderr:2024-02-20T07:43:55.186+0000 7fa9fbc68700 1 -- 172.21.15.64:0/4172677331 >> 172.21.15.64:0/4172677331 conn(0x7fa9f40fbe20 msgr2=0x7fa9f40fe280 unknown :-1 s=STATE_NONE l=0).mark_down
2024-02-20T07:43:55.190 INFO:teuthology.orchestra.run.smithi064.stderr:2024-02-20T07:43:55.186+0000 7fa9fbc68700 1 -- 172.21.15.64:0/4172677331 shutdown_connections
2024-02-20T07:43:55.190 INFO:teuthology.orchestra.run.smithi064.stderr:2024-02-20T07:43:55.186+0000 7fa9fbc68700 1 -- 172.21.15.64:0/4172677331 wait complete.
2024-02-20T07:43:55.190 INFO:teuthology.orchestra.run.smithi064.stderr:2024-02-20T07:43:55.186+0000 7fa9fbc68700 1 Processor -- start
2024-02-20T07:43:55.190 INFO:teuthology.orchestra.run.smithi064.stderr:2024-02-20T07:43:55.186+0000 7fa9fbc68700 1 -- start start
2024-02-20T07:43:55.191 INFO:teuthology.orchestra.run.smithi064.stderr:2024-02-20T07:43:55.186+0000 7fa9fbc68700 1 --2- >> [v2:172.21.15.64:3300/0,v1:172.21.15.64:6789/0] conn(0x7fa9f41008a0 0x7fa9f4074b30 unknown :-1 s=NONE pgs=0 cs=0 l=1 rev1=0 crypto rx=0 tx=0 comp rx=0 tx=0).connect
2024-02-20T07:43:55.192 INFO:teuthology.orchestra.run.smithi064.stderr:2024-02-20T07:43:55.186+0000 7fa9fbc68700 1 -- --> [v2:172.21.15.64:3300/0,v1:172.21.15.64:6789/0] -- mon_getmap magic: 0 v1 -- 0x7fa9f4075070 con 0x7fa9f41008a0
2024-02-20T07:43:55.192 INFO:teuthology.orchestra.run.smithi064.stderr:2024-02-20T07:43:55.187+0000 7fa9f9a04700 1 --2- >> [v2:172.21.15.64:3300/0,v1:172.21.15.64:6789/0] conn(0x7fa9f41008a0 0x7fa9f4074b30 unknown :-1 s=BANNER_CONNECTING pgs=0 cs=0 l=1 rev1=0 crypto rx=0 tx=0 comp rx=0 tx=0)._handle_peer_banner_payload supported=3 required=0
2024-02-20T07:43:55.192 INFO:teuthology.orchestra.run.smithi064.stderr:2024-02-20T07:43:55.187+0000 7fa9f9a04700 1 --2- >> [v2:172.21.15.64:3300/0,v1:172.21.15.64:6789/0] conn(0x7fa9f41008a0 0x7fa9f4074b30 unknown :-1 s=HELLO_CONNECTING pgs=0 cs=0 l=1 rev1=1 crypto rx=0 tx=0 comp rx=0 tx=0).handle_hello peer v2:172.21.15.64:3300/0 says I am v2:172.21.15.64:42394/0 (socket says 172.21.15.64:42394)
2024-02-20T07:43:55.192 INFO:teuthology.orchestra.run.smithi064.stderr:2024-02-20T07:43:55.187+0000 7fa9f9a04700 1 -- 172.21.15.64:0/1706192440 learned_addr learned my addr 172.21.15.64:0/1706192440 (peer_addr_for_me v2:172.21.15.64:0/0)
2024-02-20T07:43:55.192 INFO:teuthology.orchestra.run.smithi064.stderr:2024-02-20T07:43:55.187+0000 7fa9f9a04700 1 -- 172.21.15.64:0/1706192440 --> [v2:172.21.15.64:3300/0,v1:172.21.15.64:6789/0] -- mon_subscribe({config=0+,monmap=0+}) v3 -- 0x7fa9e80095f0 con 0x7fa9f41008a0
2024-02-20T07:43:55.192 INFO:teuthology.orchestra.run.smithi064.stderr:2024-02-20T07:43:55.187+0000 7fa9f9a04700 1 --2- 172.21.15.64:0/1706192440 >> [v2:172.21.15.64:3300/0,v1:172.21.15.64:6789/0] conn(0x7fa9f41008a0 0x7fa9f4074b30 secure :-1 s=READY pgs=91 cs=0 l=1 rev1=1 crypto rx=0x7fa9e8005b40 tx=0x7fa9e8004740 comp rx=0 tx=0).ready entity=mon.0 client_cookie=0 server_cookie=0 in_seq=0 out_seq=0
2024-02-20T07:43:55.192 INFO:teuthology.orchestra.run.smithi064.stderr:2024-02-20T07:43:55.187+0000 7fa9e6ffd700 1 -- 172.21.15.64:0/1706192440 <== mon.0 v2:172.21.15.64:3300/0 1 ==== mon_map magic: 0 v1 ==== 229+0+0 (secure 0 0 0) 0x7fa9e801d070 con 0x7fa9f41008a0
2024-02-20T07:43:55.192 INFO:teuthology.orchestra.run.smithi064.stderr:2024-02-20T07:43:55.187+0000 7fa9e6ffd700 1 -- 172.21.15.64:0/1706192440 <== mon.0 v2:172.21.15.64:3300/0 2 ==== config(27 keys) v1 ==== 1101+0+0 (secure 0 0 0) 0x7fa9e800be10 con 0x7fa9f41008a0
2024-02-20T07:43:55.192 INFO:teuthology.orchestra.run.smithi064.stderr:2024-02-20T07:43:55.187+0000 7fa9fbc68700 1 -- 172.21.15.64:0/1706192440 --> [v2:172.21.15.64:3300/0,v1:172.21.15.64:6789/0] -- mon_subscribe({mgrmap=0+}) v3 -- 0x7fa9f4073180 con 0x7fa9f41008a0
2024-02-20T07:43:55.192 INFO:teuthology.orchestra.run.smithi064.stderr:2024-02-20T07:43:55.187+0000 7fa9e6ffd700 1 -- 172.21.15.64:0/1706192440 <== mon.0 v2:172.21.15.64:3300/0 3 ==== mon_map magic: 0 v1 ==== 229+0+0 (secure 0 0 0) 0x7fa9e800f460 con 0x7fa9f41008a0
2024-02-20T07:43:55.192 INFO:teuthology.orchestra.run.smithi064.stderr:2024-02-20T07:43:55.187+0000 7fa9fbc68700 1 -- 172.21.15.64:0/1706192440 --> [v2:172.21.15.64:3300/0,v1:172.21.15.64:6789/0] -- mon_subscribe({osdmap=0}) v3 -- 0x7fa9f4073620 con 0x7fa9f41008a0
2024-02-20T07:43:55.192 INFO:teuthology.orchestra.run.smithi064.stderr:2024-02-20T07:43:55.188+0000 7fa9e6ffd700 1 -- 172.21.15.64:0/1706192440 <== mon.0 v2:172.21.15.64:3300/0 4 ==== mgrmap(e 13) v1 ==== 45339+0+0 (secure 0 0 0) 0x7fa9e800b960 con 0x7fa9f41008a0
2024-02-20T07:43:55.192 INFO:teuthology.orchestra.run.smithi064.stderr:2024-02-20T07:43:55.188+0000 7fa9fbc68700 1 -- 172.21.15.64:0/1706192440 --> [v2:172.21.15.64:3300/0,v1:172.21.15.64:6789/0] -- mon_command({"prefix": "get_command_descriptions"} v 0) v1 -- 0x7fa9f40623c0 con 0x7fa9f41008a0
2024-02-20T07:43:55.193 INFO:teuthology.orchestra.run.smithi064.stderr:2024-02-20T07:43:55.188+0000 7fa9e6ffd700 1 --2- 172.21.15.64:0/1706192440 >> [v2:172.21.15.64:6800/4129977040,v1:172.21.15.64:6801/4129977040] conn(0x7fa9e0038410 0x7fa9e003a8d0 unknown :-1 s=NONE pgs=0 cs=0 l=1 rev1=0 crypto rx=0 tx=0 comp rx=0 tx=0).connect
2024-02-20T07:43:55.193 INFO:teuthology.orchestra.run.smithi064.stderr:2024-02-20T07:43:55.188+0000 7fa9e6ffd700 1 -- 172.21.15.64:0/1706192440 <== mon.0 v2:172.21.15.64:3300/0 5 ==== osd_map(3..3 src has 1..3) v4 ==== 1155+0+0 (secure 0 0 0) 0x7fa9e804c450 con 0x7fa9f41008a0
2024-02-20T07:43:55.193 INFO:teuthology.orchestra.run.smithi064.stderr:2024-02-20T07:43:55.189+0000 7fa9f9203700 1 --2- 172.21.15.64:0/1706192440 >> [v2:172.21.15.64:6800/4129977040,v1:172.21.15.64:6801/4129977040] conn(0x7fa9e0038410 0x7fa9e003a8d0 unknown :-1 s=BANNER_CONNECTING pgs=0 cs=0 l=1 rev1=0 crypto rx=0 tx=0 comp rx=0 tx=0)._handle_peer_banner_payload supported=3 required=0
2024-02-20T07:43:55.193 INFO:teuthology.orchestra.run.smithi064.stderr:2024-02-20T07:43:55.189+0000 7fa9f9203700 1 --2- 172.21.15.64:0/1706192440 >> [v2:172.21.15.64:6800/4129977040,v1:172.21.15.64:6801/4129977040] conn(0x7fa9e0038410 0x7fa9e003a8d0 secure :-1 s=READY pgs=12 cs=0 l=1 rev1=1 crypto rx=0x7fa9f0006fd0 tx=0x7fa9f0006e40 comp rx=0 tx=0).ready entity=mgr.14162 client_cookie=0 server_cookie=0 in_seq=0 out_seq=0
2024-02-20T07:43:55.196 INFO:teuthology.orchestra.run.smithi064.stderr:2024-02-20T07:43:55.193+0000 7fa9e6ffd700 1 -- 172.21.15.64:0/1706192440 <== mon.0 v2:172.21.15.64:3300/0 6 ==== mon_command_ack([{"prefix": "get_command_descriptions"}]=0 v0) v1 ==== 72+0+180422 (secure 0 0 0) 0x7fa9e802bb60 con 0x7fa9f41008a0
2024-02-20T07:43:55.401 INFO:teuthology.orchestra.run.smithi064.stderr:2024-02-20T07:43:55.398+0000 7fa9fbc68700 1 -- 172.21.15.64:0/1706192440 --> [v2:172.21.15.64:3300/0,v1:172.21.15.64:6789/0] -- mon_command([{prefix=config set, name=mgr/cephadm/allow_ptrace}] v 0) v1 -- 0x7fa9f418f2f0 con 0x7fa9f41008a0
2024-02-20T07:43:55.404 INFO:teuthology.orchestra.run.smithi064.stderr:2024-02-20T07:43:55.401+0000 7fa9e6ffd700 1 -- 172.21.15.64:0/1706192440 <== mon.0 v2:172.21.15.64:3300/0 7 ==== mon_command_ack([{prefix=config set, name=mgr/cephadm/allow_ptrace}]=0 v9)=0 v9) v1 ==== 125+0+0 (secure 0 0 0) 0x7fa9e8027030 con 0x7fa9f41008a0
2024-02-20T07:43:55.407 INFO:teuthology.orchestra.run.smithi064.stderr:2024-02-20T07:43:55.403+0000 7fa9fbc68700 1 -- 172.21.15.64:0/1706192440 >> [v2:172.21.15.64:6800/4129977040,v1:172.21.15.64:6801/4129977040] conn(0x7fa9e0038410 msgr2=0x7fa9e003a8d0 secure :-1 s=STATE_CONNECTION_ESTABLISHED l=1).mark_down
2024-02-20T07:43:55.407 INFO:teuthology.orchestra.run.smithi064.stderr:2024-02-20T07:43:55.403+0000 7fa9fbc68700 1 --2- 172.21.15.64:0/1706192440 >> [v2:172.21.15.64:6800/4129977040,v1:172.21.15.64:6801/4129977040] conn(0x7fa9e0038410 0x7fa9e003a8d0 secure :-1 s=READY pgs=12 cs=0 l=1 rev1=1 crypto rx=0x7fa9f0006fd0 tx=0x7fa9f0006e40 comp rx=0 tx=0).stop
2024-02-20T07:43:55.407 INFO:teuthology.orchestra.run.smithi064.stderr:2024-02-20T07:43:55.403+0000 7fa9fbc68700 1 -- 172.21.15.64:0/1706192440 >> [v2:172.21.15.64:3300/0,v1:172.21.15.64:6789/0] conn(0x7fa9f41008a0 msgr2=0x7fa9f4074b30 secure :-1 s=STATE_CONNECTION_ESTABLISHED l=1).mark_down
2024-02-20T07:43:55.407 INFO:teuthology.orchestra.run.smithi064.stderr:2024-02-20T07:43:55.403+0000 7fa9fbc68700 1 --2- 172.21.15.64:0/1706192440 >> [v2:172.21.15.64:3300/0,v1:172.21.15.64:6789/0] conn(0x7fa9f41008a0 0x7fa9f4074b30 secure :-1 s=READY pgs=91 cs=0 l=1 rev1=1 crypto rx=0x7fa9e8005b40 tx=0x7fa9e8004740 comp rx=0 tx=0).stop
2024-02-20T07:43:55.407 INFO:teuthology.orchestra.run.smithi064.stderr:2024-02-20T07:43:55.404+0000 7fa9fbc68700 1 -- 172.21.15.64:0/1706192440 shutdown_connections
2024-02-20T07:43:55.407 INFO:teuthology.orchestra.run.smithi064.stderr:2024-02-20T07:43:55.404+0000 7fa9fbc68700 1 --2- 172.21.15.64:0/1706192440 >> [v2:172.21.15.64:6800/4129977040,v1:172.21.15.64:6801/4129977040] conn(0x7fa9e0038410 0x7fa9e003a8d0 unknown :-1 s=CLOSED pgs=12 cs=0 l=1 rev1=1 crypto rx=0 tx=0 comp rx=0 tx=0).stop
2024-02-20T07:43:55.407 INFO:teuthology.orchestra.run.smithi064.stderr:2024-02-20T07:43:55.404+0000 7fa9fbc68700 1 --2- 172.21.15.64:0/1706192440 >> [v2:172.21.15.64:3300/0,v1:172.21.15.64:6789/0] conn(0x7fa9f41008a0 0x7fa9f4074b30 unknown :-1 s=CLOSED pgs=91 cs=0 l=1 rev1=1 crypto rx=0 tx=0 comp rx=0 tx=0).stop
2024-02-20T07:43:55.407 INFO:teuthology.orchestra.run.smithi064.stderr:2024-02-20T07:43:55.404+0000 7fa9fbc68700 1 -- 172.21.15.64:0/1706192440 >> 172.21.15.64:0/1706192440 conn(0x7fa9f40fbe20 msgr2=0x7fa9f40fcb00 unknown :-1 s=STATE_NONE l=0).mark_down
2024-02-20T07:43:55.407 INFO:teuthology.orchestra.run.smithi064.stderr:2024-02-20T07:43:55.404+0000 7fa9fbc68700 1 -- 172.21.15.64:0/1706192440 shutdown_connections
2024-02-20T07:43:55.408 INFO:teuthology.orchestra.run.smithi064.stderr:2024-02-20T07:43:55.404+0000 7fa9fbc68700 1 -- 172.21.15.64:0/1706192440 wait complete.
2024-02-20T07:43:55.448 INFO:journalctl@ceph.mon.smithi064.smithi064.stdout:Feb 20 07:43:55 smithi064 ceph-mon[29064]: from='mgr.14162 172.21.15.64:0/3912766441' entity='mgr.smithi064.klfdom'
2024-02-20T07:43:55.449 INFO:journalctl@ceph.mon.smithi064.smithi064.stdout:Feb 20 07:43:55 smithi064 ceph-mon[29064]: from='mgr.14162 172.21.15.64:0/3912766441' entity='mgr.smithi064.klfdom'
2024-02-20T07:43:55.449 INFO:journalctl@ceph.mon.smithi064.smithi064.stdout:Feb 20 07:43:55 smithi064 ceph-mon[29064]: from='mgr.14162 172.21.15.64:0/3912766441' entity='mgr.smithi064.klfdom' cmd=[{"prefix": "config rm", "who": "osd/host:smithi064", "name": "osd_memory_target"}]: dispatch
2024-02-20T07:43:55.449 INFO:journalctl@ceph.mon.smithi064.smithi064.stdout:Feb 20 07:43:55 smithi064 ceph-mon[29064]: from='mgr.14162 172.21.15.64:0/3912766441' entity='mgr.smithi064.klfdom'
2024-02-20T07:43:55.449 INFO:journalctl@ceph.mon.smithi064.smithi064.stdout:Feb 20 07:43:55 smithi064 ceph-mon[29064]: from='mgr.14162 172.21.15.64:0/3912766441' entity='mgr.smithi064.klfdom' cmd=[{"prefix": "auth get-or-create", "entity": "client.ceph-exporter.smithi064", "caps": ["mon", "profile ceph-exporter", "mon", "allow r", "mgr", "allow r", "osd", "allow r"]}]: dispatch
2024-02-20T07:43:55.449 INFO:journalctl@ceph.mon.smithi064.smithi064.stdout:Feb 20 07:43:55 smithi064 ceph-mon[29064]: from='mgr.14162 172.21.15.64:0/3912766441' entity='mgr.smithi064.klfdom' cmd='[{"prefix": "auth get-or-create", "entity": "client.ceph-exporter.smithi064", "caps": ["mon", "profile ceph-exporter", "mon", "allow r", "mgr", "allow r", "osd", "allow r"]}]': finished
2024-02-20T07:43:55.449 INFO:journalctl@ceph.mon.smithi064.smithi064.stdout:Feb 20 07:43:55 smithi064 ceph-mon[29064]: from='mgr.14162 172.21.15.64:0/3912766441' entity='mgr.smithi064.klfdom' cmd=[{"prefix": "config generate-minimal-conf"}]: dispatch
2024-02-20T07:43:55.449 INFO:journalctl@ceph.mon.smithi064.smithi064.stdout:Feb 20 07:43:55 smithi064 ceph-mon[29064]: Deploying daemon ceph-exporter.smithi064 on smithi064
