2024-02-20T07:45:56.484+0000 7fdad2b4d700 1 --2- 172.21.15.104:0/2383307971 >> [v2:172.21.15.104:3300/0,v1:172.21.15.104:6789/0] conn(0x7fdacc076c40 0x7fdacc111820 secure :-1 s=READY pgs=17 cs=0 l=1 rev1=1 crypto rx=0x7fdac0006d40 tx=0x7fdac0009250 comp rx=0 tx=0).stop
2024-02-20T07:45:57.056 INFO:teuthology.orchestra.run.smithi104.stdout:/usr/bin/ceph: stderr
2024-02-20T07:45:56.484+0000 7fdad2b4d700 1 -- 172.21.15.104:0/2383307971 shutdown_connections
2024-02-20T07:45:57.056 INFO:teuthology.orchestra.run.smithi104.stdout:/usr/bin/ceph: stderr
2024-02-20T07:45:56.484+0000 7fdad2b4d700 1 --2- 172.21.15.104:0/2383307971 >> [v2:172.21.15.104:3300/0,v1:172.21.15.104:6789/0] conn(0x7fdacc076c40 0x7fdacc111820 unknown :-1 s=CLOSED pgs=17 cs=0 l=1 rev1=1 crypto rx=0 tx=0 comp rx=0 tx=0).stop
2024-02-20T07:45:57.056 INFO:teuthology.orchestra.run.smithi104.stdout:/usr/bin/ceph: stderr
2024-02-20T07:45:56.484+0000 7fdad2b4d700 1 -- 172.21.15.104:0/2383307971 >> 172.21.15.104:0/2383307971 conn(0x7fdacc0fcdd0 msgr2=0x7fdacc0ff0b0 unknown :-1 s=STATE_NONE l=0).mark_down
2024-02-20T07:45:57.056 INFO:teuthology.orchestra.run.smithi104.stdout:/usr/bin/ceph: stderr
2024-02-20T07:45:56.484+0000 7fdad2b4d700 1 -- 172.21.15.104:0/2383307971 shutdown_connections
2024-02-20T07:45:57.056 INFO:teuthology.orchestra.run.smithi104.stdout:/usr/bin/ceph: stderr
2024-02-20T07:45:56.485+0000 7fdad2b4d700 1 -- 172.21.15.104:0/2383307971 wait complete.
2024-02-20T07:45:57.056 INFO:teuthology.orchestra.run.smithi104.stdout:mgr not available, waiting (3/15)...
2024-02-20T07:45:57.394 INFO:journalctl@ceph.mon.smithi104.smithi104.stdout:Feb 20 07:45:57 smithi104 ceph-mon[28911]: from='client.? 172.21.15.104:0/2383307971' entity='client.admin' cmd=[{"prefix": "status", "format": "json-pretty"}]: dispatch
2024-02-20T07:45:57.394 INFO:journalctl@ceph.mon.smithi104.smithi104.stdout:Feb 20 07:45:57 smithi104 ceph-mon[28911]: mgrmap e3: smithi104.lyzahq(active, since 1.00586s)
2024-02-20T07:46:00.144 INFO:journalctl@ceph.mon.smithi104.smithi104.stdout:Feb 20 07:45:59 smithi104 ceph-mon[28911]: mgrmap e4: smithi104.lyzahq(active, since 2s)
2024-02-20T07:46:00.280 INFO:teuthology.orchestra.run.smithi104.stdout:/usr/bin/ceph: stdout
2024-02-20T07:46:00.280 INFO:teuthology.orchestra.run.smithi104.stdout:/usr/bin/ceph: stdout {
2024-02-20T07:46:00.280 INFO:teuthology.orchestra.run.smithi104.stdout:/usr/bin/ceph: stdout "fsid": "dd04ff04-cfc3-11ee-95bb-87774f69a715",
2024-02-20T07:46:00.280 INFO:teuthology.orchestra.run.smithi104.stdout:/usr/bin/ceph: stdout "health": {
2024-02-20T07:46:00.280 INFO:teuthology.orchestra.run.smithi104.stdout:/usr/bin/ceph: stdout "status": "HEALTH_OK",
2024-02-20T07:46:00.280 INFO:teuthology.orchestra.run.smithi104.stdout:/usr/bin/ceph: stdout "checks": {},
2024-02-20T07:46:00.281 INFO:teuthology.orchestra.run.smithi104.stdout:/usr/bin/ceph: stdout "mutes": []
2024-02-20T07:46:00.281 INFO:teuthology.orchestra.run.smithi104.stdout:/usr/bin/ceph: stdout },
2024-02-20T07:46:00.281 INFO:teuthology.orchestra.run.smithi104.stdout:/usr/bin/ceph: stdout "election_epoch": 5,
2024-02-20T07:46:00.281 INFO:teuthology.orchestra.run.smithi104.stdout:/usr/bin/ceph: stdout "quorum": [
2024-02-20T07:46:00.281 INFO:teuthology.orchestra.run.smithi104.stdout:/usr/bin/ceph: stdout 0
2024-02-20T07:46:00.281 INFO:teuthology.orchestra.run.smithi104.stdout:/usr/bin/ceph: stdout ],
2024-02-20T07:46:00.281 INFO:teuthology.orchestra.run.smithi104.stdout:/usr/bin/ceph: stdout "quorum_names": [
2024-02-20T07:46:00.281 INFO:teuthology.orchestra.run.smithi104.stdout:/usr/bin/ceph: stdout "smithi104"
2024-02-20T07:46:00.281 INFO:teuthology.orchestra.run.smithi104.stdout:/usr/bin/ceph: stdout ],
2024-02-20T07:46:00.281 INFO:teuthology.orchestra.run.smithi104.stdout:/usr/bin/ceph: stdout "quorum_age": 12,
2024-02-20T07:46:00.281 INFO:teuthology.orchestra.run.smithi104.stdout:/usr/bin/ceph: stdout "monmap": {
2024-02-20T07:46:00.281 INFO:teuthology.orchestra.run.smithi104.stdout:/usr/bin/ceph: stdout "epoch": 1,
2024-02-20T07:46:00.281 INFO:teuthology.orchestra.run.smithi104.stdout:/usr/bin/ceph: stdout "min_mon_release_name": "quincy",
2024-02-20T07:46:00.281 INFO:teuthology.orchestra.run.smithi104.stdout:/usr/bin/ceph: stdout "num_mons": 1
2024-02-20T07:46:00.282 INFO:teuthology.orchestra.run.smithi104.stdout:/usr/bin/ceph: stdout },
2024-02-20T07:46:00.282 INFO:teuthology.orchestra.run.smithi104.stdout:/usr/bin/ceph: stdout "osdmap": {
2024-02-20T07:46:00.282 INFO:teuthology.orchestra.run.smithi104.stdout:/usr/bin/ceph: stdout "epoch": 1,
2024-02-20T07:46:00.282 INFO:teuthology.orchestra.run.smithi104.stdout:/usr/bin/ceph: stdout "num_osds": 0,
2024-02-20T07:46:00.282 INFO:teuthology.orchestra.run.smithi104.stdout:/usr/bin/ceph: stdout "num_up_osds": 0,
2024-02-20T07:46:00.282 INFO:teuthology.orchestra.run.smithi104.stdout:/usr/bin/ceph: stdout "osd_up_since": 0,
2024-02-20T07:46:00.282 INFO:teuthology.orchestra.run.smithi104.stdout:/usr/bin/ceph: stdout "num_in_osds": 0,
2024-02-20T07:46:00.282 INFO:teuthology.orchestra.run.smithi104.stdout:/usr/bin/ceph: stdout "osd_in_since": 0,
2024-02-20T07:46:00.282 INFO:teuthology.orchestra.run.smithi104.stdout:/usr/bin/ceph: stdout "num_remapped_pgs": 0
2024-02-20T07:46:00.282 INFO:teuthology.orchestra.run.smithi104.stdout:/usr/bin/ceph: stdout },
2024-02-20T07:46:00.282 INFO:teuthology.orchestra.run.smithi104.stdout:/usr/bin/ceph: stdout "pgmap": {
2024-02-20T07:46:00.282 INFO:teuthology.orchestra.run.smithi104.stdout:/usr/bin/ceph: stdout "pgs_by_state": [],
2024-02-20T07:46:00.282 INFO:teuthology.orchestra.run.smithi104.stdout:/usr/bin/ceph: stdout "num_pgs": 0,
2024-02-20T07:46:00.282 INFO:teuthology.orchestra.run.smithi104.stdout:/usr/bin/ceph: stdout "num_pools": 0,
2024-02-20T07:46:00.282 INFO:teuthology.orchestra.run.smithi104.stdout:/usr/bin/ceph: stdout "num_objects": 0,
2024-02-20T07:46:00.282 INFO:teuthology.orchestra.run.smithi104.stdout:/usr/bin/ceph: stdout "data_bytes": 0,
2024-02-20T07:46:00.283 INFO:teuthology.orchestra.run.smithi104.stdout:/usr/bin/ceph: stdout "bytes_used": 0,
2024-02-20T07:46:00.283 INFO:teuthology.orchestra.run.smithi104.stdout:/usr/bin/ceph: stdout "bytes_avail": 0,
2024-02-20T07:46:00.283 INFO:teuthology.orchestra.run.smithi104.stdout:/usr/bin/ceph: stdout "bytes_total": 0
2024-02-20T07:46:00.283 INFO:teuthology.orchestra.run.smithi104.stdout:/usr/bin/ceph: stdout },
2024-02-20T07:46:00.283 INFO:teuthology.orchestra.run.smithi104.stdout:/usr/bin/ceph: stdout "fsmap": {
2024-02-20T07:46:00.283 INFO:teuthology.orchestra.run.smithi104.stdout:/usr/bin/ceph: stdout "epoch": 1,
2024-02-20T07:46:00.283 INFO:teuthology.orchestra.run.smithi104.stdout:/usr/bin/ceph: stdout "by_rank": [],
2024-02-20T07:46:00.283 INFO:teuthology.orchestra.run.smithi104.stdout:/usr/bin/ceph: stdout "up:standby": 0
2024-02-20T07:46:00.283 INFO:teuthology.orchestra.run.smithi104.stdout:/usr/bin/ceph: stdout },
2024-02-20T07:46:00.283 INFO:teuthology.orchestra.run.smithi104.stdout:/usr/bin/ceph: stdout "mgrmap": {
2024-02-20T07:46:00.283 INFO:teuthology.orchestra.run.smithi104.stdout:/usr/bin/ceph: stdout "available": true,
2024-02-20T07:46:00.283 INFO:teuthology.orchestra.run.smithi104.stdout:/usr/bin/ceph: stdout "num_standbys": 0,
2024-02-20T07:46:00.283 INFO:teuthology.orchestra.run.smithi104.stdout:/usr/bin/ceph: stdout "modules": [
2024-02-20T07:46:00.283 INFO:teuthology.orchestra.run.smithi104.stdout:/usr/bin/ceph: stdout "iostat",
2024-02-20T07:46:00.284 INFO:teuthology.orchestra.run.smithi104.stdout:/usr/bin/ceph: stdout "nfs",
2024-02-20T07:46:00.284 INFO:teuthology.orchestra.run.smithi104.stdout:/usr/bin/ceph: stdout "restful"
2024-02-20T07:46:00.284 INFO:teuthology.orchestra.run.smithi104.stdout:/usr/bin/ceph: stdout ],
2024-02-20T07:46:00.284 INFO:teuthology.orchestra.run.smithi104.stdout:/usr/bin/ceph: stdout "services": {}
2024-02-20T07:46:00.284 INFO:teuthology.orchestra.run.smithi104.stdout:/usr/bin/ceph: stdout },
2024-02-20T07:46:00.284 INFO:teuthology.orchestra.run.smithi104.stdout:/usr/bin/ceph: stdout "servicemap": {
2024-02-20T07:46:00.284 INFO:teuthology.orchestra.run.smithi104.stdout:/usr/bin/ceph: stdout "epoch": 1,
2024-02-20T07:46:00.284 INFO:teuthology.orchestra.run.smithi104.stdout:/usr/bin/ceph: stdout "modified": "2024-02-20T07:45:42.860278+0000",
2024-02-20T07:46:00.284 INFO:teuthology.orchestra.run.smithi104.stdout:/usr/bin/ceph: stdout "services": {}
2024-02-20T07:46:00.284 INFO:teuthology.orchestra.run.smithi104.stdout:/usr/bin/ceph: stdout },
2024-02-20T07:46:00.284 INFO:teuthology.orchestra.run.smithi104.stdout:/usr/bin/ceph: stdout "progress_events": {}
2024-02-20T07:46:00.284 INFO:teuthology.orchestra.run.smithi104.stdout:/usr/bin/ceph: stdout }
2024-02-20T07:46:00.284 INFO:teuthology.orchestra.run.smithi104.stdout:/usr/bin/ceph: stderr
2024-02-20T07:45:59.465+0000 7f767df05700 1 Processor -- start
2024-02-20T07:46:00.285 INFO:teuthology.orchestra.run.smithi104.stdout:/usr/bin/ceph: stderr
2024-02-20T07:45:59.465+0000 7f767df05700 1 -- start start
2024-02-20T07:46:00.285 INFO:teuthology.orchestra.run.smithi104.stdout:/usr/bin/ceph: stderr
2024-02-20T07:45:59.465+0000 7f767df05700 1 --2- >> [v2:172.21.15.104:3300/0,v1:172.21.15.104:6789/0] conn(0x7f7678103d80 0x7f7678104190 unknown :-1 s=NONE pgs=0 cs=0 l=0 rev1=0 crypto rx=0 tx=0 comp rx=0 tx=0).connect
2024-02-20T07:46:00.285 INFO:teuthology.orchestra.run.smithi104.stdout:/usr/bin/ceph: stderr
2024-02-20T07:45:59.465+0000 7f767df05700 1 -- --> [v2:172.21.15.104:3300/0,v1:172.21.15.104:6789/0] -- mon_getmap magic: 0 v1 -- 0x7f76781046d0 con 0x7f7678103d80
2024-02-20T07:46:00.285 INFO:teuthology.orchestra.run.smithi104.stdout:/usr/bin/ceph: stderr
2024-02-20T07:45:59.465+0000 7f76777fe700 1 --2- >> [v2:172.21.15.104:3300/0,v1:172.21.15.104:6789/0] conn(0x7f7678103d80 0x7f7678104190 unknown :-1 s=BANNER_CONNECTING pgs=0 cs=0 l=0 rev1=0 crypto rx=0 tx=0 comp rx=0 tx=0)._handle_peer_banner_payload supported=3 required=0
2024-02-20T07:46:00.285 INFO:teuthology.orchestra.run.smithi104.stdout:/usr/bin/ceph: stderr
2024-02-20T07:45:59.465+0000 7f76777fe700 1 --2- >> [v2:172.21.15.104:3300/0,v1:172.21.15.104:6789/0] conn(0x7f7678103d80 0x7f7678104190 unknown :-1 s=HELLO_CONNECTING pgs=0 cs=0 l=0 rev1=1 crypto rx=0 tx=0 comp rx=0 tx=0).handle_hello peer v2:172.21.15.104:3300/0 says I am v2:172.21.15.104:41918/0 (socket says 172.21.15.104:41918)
2024-02-20T07:46:00.285 INFO:teuthology.orchestra.run.smithi104.stdout:/usr/bin/ceph: stderr
2024-02-20T07:45:59.465+0000 7f76777fe700 1 -- 172.21.15.104:0/623992364 learned_addr learned my addr 172.21.15.104:0/623992364 (peer_addr_for_me v2:172.21.15.104:0/0)
2024-02-20T07:46:00.285 INFO:teuthology.orchestra.run.smithi104.stdout:/usr/bin/ceph: stderr
2024-02-20T07:45:59.466+0000 7f76777fe700 1 -- 172.21.15.104:0/623992364 --> [v2:172.21.15.104:3300/0,v1:172.21.15.104:6789/0] -- mon_subscribe({config=0+,monmap=0+}) v3 -- 0x7f7678104810 con 0x7f7678103d80
2024-02-20T07:46:00.285 INFO:teuthology.orchestra.run.smithi104.stdout:/usr/bin/ceph: stderr
2024-02-20T07:45:59.466+0000 7f76777fe700 1 --2- 172.21.15.104:0/623992364 >> [v2:172.21.15.104:3300/0,v1:172.21.15.104:6789/0] conn(0x7f7678103d80 0x7f7678104190 secure :-1 s=READY pgs=18 cs=0 l=1 rev1=1 crypto rx=0x7f76680098e0 tx=0x7f7668009250 comp rx=0 tx=0).ready entity=mon.0 client_cookie=9614db7a0e5944c1 server_cookie=0 in_seq=0 out_seq=0
2024-02-20T07:46:00.285 INFO:teuthology.orchestra.run.smithi104.stdout:/usr/bin/ceph: stderr
2024-02-20T07:45:59.466+0000 7f76767fc700 1 -- 172.21.15.104:0/623992364 <== mon.0 v2:172.21.15.104:3300/0 1 ==== mon_map magic: 0 v1 ==== 229+0+0 (secure 0 0 0) 0x7f766800b860 con 0x7f7678103d80
2024-02-20T07:46:00.285 INFO:teuthology.orchestra.run.smithi104.stdout:/usr/bin/ceph: stderr
2024-02-20T07:45:59.466+0000 7f76767fc700 1 -- 172.21.15.104:0/623992364 <== mon.0 v2:172.21.15.104:3300/0 2 ==== config(27 keys) v1 ==== 1044+0+0 (secure 0 0 0) 0x7f766800be50 con 0x7f7678103d80
2024-02-20T07:46:00.285 INFO:teuthology.orchestra.run.smithi104.stdout:/usr/bin/ceph: stderr
2024-02-20T07:45:59.466+0000 7f76767fc700 1 -- 172.21.15.104:0/623992364 <== mon.0 v2:172.21.15.104:3300/0 3 ==== mon_map magic: 0 v1 ==== 229+0+0 (secure 0 0 0) 0x7f7668010380 con 0x7f7678103d80
2024-02-20T07:46:00.285 INFO:teuthology.orchestra.run.smithi104.stdout:/usr/bin/ceph: stderr
2024-02-20T07:45:59.466+0000 7f767df05700 1 -- 172.21.15.104:0/623992364 >> [v2:172.21.15.104:3300/0,v1:172.21.15.104:6789/0] conn(0x7f7678103d80 msgr2=0x7f7678104190 secure :-1 s=STATE_CONNECTION_ESTABLISHED l=1).mark_down
2024-02-20T07:46:00.286 INFO:teuthology.orchestra.run.smithi104.stdout:/usr/bin/ceph: stderr
2024-02-20T07:45:59.466+0000 7f767df05700 1 --2- 172.21.15.104:0/623992364 >> [v2:172.21.15.104:3300/0,v1:172.21.15.104:6789/0] conn(0x7f7678103d80 0x7f7678104190 secure :-1 s=READY pgs=18 cs=0 l=1 rev1=1 crypto rx=0x7f76680098e0 tx=0x7f7668009250 comp rx=0 tx=0).stop
2024-02-20T07:46:00.286 INFO:teuthology.orchestra.run.smithi104.stdout:/usr/bin/ceph: stderr
2024-02-20T07:45:59.466+0000 7f767df05700 1 -- 172.21.15.104:0/623992364 shutdown_connections
2024-02-20T07:46:00.286 INFO:teuthology.orchestra.run.smithi104.stdout:/usr/bin/ceph: stderr
2024-02-20T07:45:59.466+0000 7f767df05700 1 --2- 172.21.15.104:0/623992364 >> [v2:172.21.15.104:3300/0,v1:172.21.15.104:6789/0] conn(0x7f7678103d80 0x7f7678104190 unknown :-1 s=CLOSED pgs=18 cs=0 l=1 rev1=1 crypto rx=0 tx=0 comp rx=0 tx=0).stop
2024-02-20T07:46:00.286 INFO:teuthology.orchestra.run.smithi104.stdout:/usr/bin/ceph: stderr
2024-02-20T07:45:59.466+0000 7f767df05700 1 -- 172.21.15.104:0/623992364 >> 172.21.15.104:0/623992364 conn(0x7f76780fc580 msgr2=0x7f76780fe990 unknown :-1 s=STATE_NONE l=0).mark_down
2024-02-20T07:46:00.286 INFO:teuthology.orchestra.run.smithi104.stdout:/usr/bin/ceph: stderr
2024-02-20T07:45:59.467+0000 7f767df05700 1 -- 172.21.15.104:0/623992364 shutdown_connections
2024-02-20T07:46:00.286 INFO:teuthology.orchestra.run.smithi104.stdout:/usr/bin/ceph: stderr
2024-02-20T07:45:59.467+0000 7f767df05700 1 -- 172.21.15.104:0/623992364 wait complete.
2024-02-20T07:46:00.286 INFO:teuthology.orchestra.run.smithi104.stdout:/usr/bin/ceph: stderr
2024-02-20T07:45:59.467+0000 7f767df05700 1 Processor -- start
2024-02-20T07:46:00.286 INFO:teuthology.orchestra.run.smithi104.stdout:/usr/bin/ceph: stderr
2024-02-20T07:45:59.467+0000 7f767df05700 1 -- start start
2024-02-20T07:46:00.286 INFO:teuthology.orchestra.run.smithi104.stdout:/usr/bin/ceph: stderr
2024-02-20T07:45:59.467+0000 7f767df05700 1 --2- >> [v2:172.21.15.104:3300/0,v1:172.21.15.104:6789/0] conn(0x7f7678103d80 0x7f76781035c0 unknown :-1 s=NONE pgs=0 cs=0 l=1 rev1=0 crypto rx=0 tx=0 comp rx=0 tx=0).connect
2024-02-20T07:46:00.286 INFO:teuthology.orchestra.run.smithi104.stdout:/usr/bin/ceph: stderr
2024-02-20T07:45:59.468+0000 7f767df05700 1 -- --> [v2:172.21.15.104:3300/0,v1:172.21.15.104:6789/0] -- mon_getmap magic: 0 v1 -- 0x7f7678101a40 con 0x7f7678103d80
2024-02-20T07:46:00.286 INFO:teuthology.orchestra.run.smithi104.stdout:/usr/bin/ceph: stderr
2024-02-20T07:45:59.468+0000 7f76777fe700 1 --2- >> [v2:172.21.15.104:3300/0,v1:172.21.15.104:6789/0] conn(0x7f7678103d80 0x7f76781035c0 unknown :-1 s=BANNER_CONNECTING pgs=0 cs=0 l=1 rev1=0 crypto rx=0 tx=0 comp rx=0 tx=0)._handle_peer_banner_payload supported=3 required=0
2024-02-20T07:46:00.286 INFO:teuthology.orchestra.run.smithi104.stdout:/usr/bin/ceph: stderr
2024-02-20T07:45:59.468+0000 7f76777fe700 1 --2- >> [v2:172.21.15.104:3300/0,v1:172.21.15.104:6789/0] conn(0x7f7678103d80 0x7f76781035c0 unknown :-1 s=HELLO_CONNECTING pgs=0 cs=0 l=1 rev1=1 crypto rx=0 tx=0 comp rx=0 tx=0).handle_hello peer v2:172.21.15.104:3300/0 says I am v2:172.21.15.104:41934/0 (socket says 172.21.15.104:41934)
2024-02-20T07:46:00.287 INFO:teuthology.orchestra.run.smithi104.stdout:/usr/bin/ceph: stderr
2024-02-20T07:45:59.468+0000 7f76777fe700 1 -- 172.21.15.104:0/1532935087 learned_addr learned my addr 172.21.15.104:0/1532935087 (peer_addr_for_me v2:172.21.15.104:0/0)
2024-02-20T07:46:00.287 INFO:teuthology.orchestra.run.smithi104.stdout:/usr/bin/ceph: stderr
2024-02-20T07:45:59.468+0000 7f76777fe700 1 -- 172.21.15.104:0/1532935087 --> [v2:172.21.15.104:3300/0,v1:172.21.15.104:6789/0] -- mon_subscribe({config=0+,monmap=0+}) v3 -- 0x7f76680094f0 con 0x7f7678103d80
2024-02-20T07:46:00.287 INFO:teuthology.orchestra.run.smithi104.stdout:/usr/bin/ceph: stderr
2024-02-20T07:45:59.468+0000 7f76777fe700 1 --2- 172.21.15.104:0/1532935087 >> [v2:172.21.15.104:3300/0,v1:172.21.15.104:6789/0] conn(0x7f7678103d80 0x7f76781035c0 secure :-1 s=READY pgs=19 cs=0 l=1 rev1=1 crypto rx=0x7f766800b440 tx=0x7f7668009250 comp rx=0 tx=0).ready entity=mon.0 client_cookie=0 server_cookie=0 in_seq=0 out_seq=0
2024-02-20T07:46:00.287 INFO:teuthology.orchestra.run.smithi104.stdout:/usr/bin/ceph: stderr
2024-02-20T07:45:59.468+0000 7f765ffff700 1 -- 172.21.15.104:0/1532935087 <== mon.0 v2:172.21.15.104:3300/0 1 ==== mon_map magic: 0 v1 ==== 229+0+0 (secure 0 0 0) 0x7f7668010760 con 0x7f7678103d80
2024-02-20T07:46:00.287 INFO:teuthology.orchestra.run.smithi104.stdout:/usr/bin/ceph: stderr
2024-02-20T07:45:59.468+0000 7f767df05700 1 -- 172.21.15.104:0/1532935087 --> [v2:172.21.15.104:3300/0,v1:172.21.15.104:6789/0] -- mon_subscribe({mgrmap=0+}) v3 -- 0x7f7678101c40 con 0x7f7678103d80
2024-02-20T07:46:00.287 INFO:teuthology.orchestra.run.smithi104.stdout:/usr/bin/ceph: stderr
2024-02-20T07:45:59.468+0000 7f765ffff700 1 -- 172.21.15.104:0/1532935087 <== mon.0 v2:172.21.15.104:3300/0 2 ==== config(27 keys) v1 ==== 1044+0+0 (secure 0 0 0) 0x7f7668010d50 con 0x7f7678103d80
2024-02-20T07:46:00.287 INFO:teuthology.orchestra.run.smithi104.stdout:/usr/bin/ceph: stderr
2024-02-20T07:45:59.468+0000 7f765ffff700 1 -- 172.21.15.104:0/1532935087 <== mon.0 v2:172.21.15.104:3300/0 3 ==== mon_map magic: 0 v1 ==== 229+0+0 (secure 0 0 0) 0x7f7668024d80 con 0x7f7678103d80
2024-02-20T07:46:00.287 INFO:teuthology.orchestra.run.smithi104.stdout:/usr/bin/ceph: stderr
2024-02-20T07:45:59.468+0000 7f767df05700 1 -- 172.21.15.104:0/1532935087 --> [v2:172.21.15.104:3300/0,v1:172.21.15.104:6789/0] -- mon_subscribe({osdmap=0}) v3 -- 0x7f76781020d0 con 0x7f7678103d80
2024-02-20T07:46:00.287 INFO:teuthology.orchestra.run.smithi104.stdout:/usr/bin/ceph: stderr
2024-02-20T07:45:59.469+0000 7f765ffff700 1 -- 172.21.15.104:0/1532935087 <== mon.0 v2:172.21.15.104:3300/0 4 ==== mgrmap(e 4) v1 ==== 43357+0+0 (secure 0 0 0) 0x7f766801a430 con 0x7f7678103d80
2024-02-20T07:46:00.287 INFO:teuthology.orchestra.run.smithi104.stdout:/usr/bin/ceph: stderr
2024-02-20T07:45:59.469+0000 7f765ffff700 1 --2- 172.21.15.104:0/1532935087 >> [v2:172.21.15.104:6800/1557825721,v1:172.21.15.104:6801/1557825721] conn(0x7f76600366e0 0x7f7660038b90 unknown :-1 s=NONE pgs=0 cs=0 l=1 rev1=0 crypto rx=0 tx=0 comp rx=0 tx=0).connect
2024-02-20T07:46:00.287 INFO:teuthology.orchestra.run.smithi104.stdout:/usr/bin/ceph: stderr
2024-02-20T07:45:59.469+0000 7f765ffff700 1 -- 172.21.15.104:0/1532935087 <== mon.0 v2:172.21.15.104:3300/0 5 ==== osd_map(1..1 src has 1..1) v4 ==== 721+0+0 (secure 0 0 0) 0x7f766804a830 con 0x7f7678103d80
2024-02-20T07:46:00.287 INFO:teuthology.orchestra.run.smithi104.stdout:/usr/bin/ceph: stderr
2024-02-20T07:45:59.469+0000 7f7676ffd700 1 --2- 172.21.15.104:0/1532935087 >> [v2:172.21.15.104:6800/1557825721,v1:172.21.15.104:6801/1557825721] conn(0x7f76600366e0 0x7f7660038b90 unknown :-1 s=BANNER_CONNECTING pgs=0 cs=0 l=1 rev1=0 crypto rx=0 tx=0 comp rx=0 tx=0)._handle_peer_banner_payload supported=3 required=0
2024-02-20T07:46:00.287 INFO:teuthology.orchestra.run.smithi104.stdout:/usr/bin/ceph: stderr
2024-02-20T07:45:59.469+0000 7f767df05700 1 -- 172.21.15.104:0/1532935087 --> [v2:172.21.15.104:3300/0,v1:172.21.15.104:6789/0] -- mon_command({"prefix": "get_command_descriptions"} v 0) v1 -- 0x7f767810b630 con 0x7f7678103d80
2024-02-20T07:46:00.287 INFO:teuthology.orchestra.run.smithi104.stdout:/usr/bin/ceph: stderr
2024-02-20T07:45:59.470+0000 7f7676ffd700 1 --2- 172.21.15.104:0/1532935087 >> [v2:172.21.15.104:6800/1557825721,v1:172.21.15.104:6801/1557825721] conn(0x7f76600366e0 0x7f7660038b90 secure :-1 s=READY pgs=6 cs=0 l=1 rev1=1 crypto rx=0x7f766c009990 tx=0x7f766c006e40 comp rx=0 tx=0).ready entity=mgr.14100 client_cookie=0 server_cookie=0 in_seq=0 out_seq=0
2024-02-20T07:46:00.288 INFO:teuthology.orchestra.run.smithi104.stdout:/usr/bin/ceph: stderr
2024-02-20T07:45:59.474+0000 7f765ffff700 1 -- 172.21.15.104:0/1532935087 <== mon.0 v2:172.21.15.104:3300/0 6 ==== mon_command_ack([{"prefix": "get_command_descriptions"}]=0 v0) v1 ==== 72+0+175031 (secure 0 0 0) 0x7f766801a6e0 con 0x7f7678103d80
2024-02-20T07:46:00.288 INFO:teuthology.orchestra.run.smithi104.stdout:/usr/bin/ceph: stderr
2024-02-20T07:45:59.731+0000 7f767df05700 1 -- 172.21.15.104:0/1532935087 --> [v2:172.21.15.104:3300/0,v1:172.21.15.104:6789/0] -- mon_command({"prefix": "status", "format": "json-pretty"} v 0) v1 -- 0x7f767805f5c0 con 0x7f7678103d80
2024-02-20T07:46:00.288 INFO:teuthology.orchestra.run.smithi104.stdout:/usr/bin/ceph: stderr
2024-02-20T07:45:59.731+0000 7f765ffff700 1 -- 172.21.15.104:0/1532935087 <== mon.0 v2:172.21.15.104:3300/0 7 ==== mon_command_ack([{"prefix": "status", "format": "json-pretty"}]=0 v0) v1 ==== 79+0+1248 (secure 0 0 0) 0x7f76680233a0 con 0x7f7678103d80
2024-02-20T07:46:00.288 INFO:teuthology.orchestra.run.smithi104.stdout:/usr/bin/ceph: stderr
2024-02-20T07:45:59.733+0000 7f767df05700 1 -- 172.21.15.104:0/1532935087 >> [v2:172.21.15.104:6800/1557825721,v1:172.21.15.104:6801/1557825721] conn(0x7f76600366e0 msgr2=0x7f7660038b90 secure :-1 s=STATE_CONNECTION_ESTABLISHED l=1).mark_down
2024-02-20T07:46:00.288 INFO:teuthology.orchestra.run.smithi104.stdout:/usr/bin/ceph: stderr
2024-02-20T07:45:59.733+0000 7f767df05700 1 --2- 172.21.15.104:0/1532935087 >> [v2:172.21.15.104:6800/1557825721,v1:172.21.15.104:6801/1557825721] conn(0x7f76600366e0 0x7f7660038b90 secure :-1 s=READY pgs=6 cs=0 l=1 rev1=1 crypto rx=0x7f766c009990 tx=0x7f766c006e40 comp rx=0 tx=0).stop
2024-02-20T07:46:00.288 INFO:teuthology.orchestra.run.smithi104.stdout:/usr/bin/ceph: stderr
2024-02-20T07:45:59.733+0000 7f767df05700 1 -- 172.21.15.104:0/1532935087 >> [v2:172.21.15.104:3300/0,v1:172.21.15.104:6789/0] conn(0x7f7678103d80 msgr2=0x7f76781035c0 secure :-1 s=STATE_CONNECTION_ESTABLISHED l=1).mark_down
2024-02-20T07:46:00.288 INFO:teuthology.orchestra.run.smithi104.stdout:/usr/bin/ceph: stderr
2024-02-20T07:45:59.733+0000 7f767df05700 1 --2- 172.21.15.104:0/1532935087 >> [v2:172.21.15.104:3300/0,v1:172.21.15.104:6789/0] conn(0x7f7678103d80 0x7f76781035c0 secure :-1 s=READY pgs=19 cs=0 l=1 rev1=1 crypto rx=0x7f766800b440 tx=0x7f7668009250 comp rx=0 tx=0).stop
2024-02-20T07:46:00.288 INFO:teuthology.orchestra.run.smithi104.stdout:/usr/bin/ceph: stderr
2024-02-20T07:45:59.733+0000 7f767df05700 1 -- 172.21.15.104:0/1532935087 shutdown_connections
2024-02-20T07:46:00.288 INFO:teuthology.orchestra.run.smithi104.stdout:/usr/bin/ceph: stderr
2024-02-20T07:45:59.733+0000 7f767df05700 1 --2- 172.21.15.104:0/1532935087 >> [v2:172.21.15.104:6800/1557825721,v1:172.21.15.104:6801/1557825721] conn(0x7f76600366e0 0x7f7660038b90 unknown :-1 s=CLOSED pgs=6 cs=0 l=1 rev1=1 crypto rx=0 tx=0 comp rx=0 tx=0).stop
2024-02-20T07:46:00.288 INFO:teuthology.orchestra.run.smithi104.stdout:/usr/bin/ceph: stderr
2024-02-20T07:45:59.733+0000 7f767df05700 1 --2- 172.21.15.104:0/1532935087 >> [v2:172.21.15.104:3300/0,v1:172.21.15.104:6789/0] conn(0x7f7678103d80 0x7f76781035c0 unknown :-1 s=CLOSED pgs=19 cs=0 l=1 rev1=1 crypto rx=0 tx=0 comp rx=0 tx=0).stop
2024-02-20T07:46:00.288 INFO:teuthology.orchestra.run.smithi104.stdout:/usr/bin/ceph: stderr
2024-02-20T07:45:59.733+0000 7f767df05700 1 -- 172.21.15.104:0/1532935087 >> 172.21.15.104:0/1532935087 conn(0x7f76780fc580 msgr2=0x7f76780fd510 unknown :-1 s=STATE_NONE l=0).mark_down
2024-02-20T07:46:00.288 INFO:teuthology.orchestra.run.smithi104.stdout:/usr/bin/ceph: stderr
2024-02-20T07:45:59.733+0000 7f767df05700 1 -- 172.21.15.104:0/1532935087 shutdown_connections
2024-02-20T07:46:00.288 INFO:teuthology.orchestra.run.smithi104.stdout:/usr/bin/ceph: stderr
2024-02-20T07:45:59.733+0000 7f767df05700 1 -- 172.21.15.104:0/1532935087 wait complete.
2024-02-20T07:46:00.288 INFO:teuthology.orchestra.run.smithi104.stdout:mgr is available
2024-02-20T07:46:00.844 INFO:journalctl@ceph.mon.smithi104.smithi104.stdout:Feb 20 07:46:00 smithi104 ceph-mon[28911]: from='client.? 172.21.15.104:0/1532935087' entity='client.admin' cmd=[{"prefix": "status", "format": "json-pretty"}]: dispatch
2024-02-20T07:46:01.440 INFO:teuthology.orchestra.run.smithi104.stdout:/usr/bin/ceph: stdout
2024-02-20T07:46:01.440 INFO:teuthology.orchestra.run.smithi104.stdout:/usr/bin/ceph: stdout [global]
2024-02-20T07:46:01.441 INFO:teuthology.orchestra.run.smithi104.stdout:/usr/bin/ceph: stdout fsid = dd04ff04-cfc3-11ee-95bb-87774f69a715
2024-02-20T07:46:01.441 INFO:teuthology.orchestra.run.smithi104.stdout:/usr/bin/ceph: stdout mon_osd_allow_pg_remap = true
2024-02-20T07:46:01.441 INFO:teuthology.orchestra.run.smithi104.stdout:/usr/bin/ceph: stdout mon_osd_allow_primary_affinity = true
2024-02-20T07:46:01.441 INFO:teuthology.orchestra.run.smithi104.stdout:/usr/bin/ceph: stdout mon_warn_on_no_sortbitwise = false
2024-02-20T07:46:01.441 INFO:teuthology.orchestra.run.smithi104.stdout:/usr/bin/ceph: stdout osd_crush_chooseleaf_type = 0
2024-02-20T07:46:01.441 INFO:teuthology.orchestra.run.smithi104.stdout:/usr/bin/ceph: stdout
2024-02-20T07:46:01.441 INFO:teuthology.orchestra.run.smithi104.stdout:/usr/bin/ceph: stdout [mgr]
2024-02-20T07:46:01.441 INFO:teuthology.orchestra.run.smithi104.stdout:/usr/bin/ceph: stdout mgr/telemetry/nag = false
2024-02-20T07:46:01.441 INFO:teuthology.orchestra.run.smithi104.stdout:/usr/bin/ceph: stdout
2024-02-20T07:46:01.441 INFO:teuthology.orchestra.run.smithi104.stdout:/usr/bin/ceph: stdout [osd]
2024-02-20T07:46:01.441 INFO:teuthology.orchestra.run.smithi104.stdout:/usr/bin/ceph: stdout mon_osd_backfillfull_ratio = 0.85
2024-02-20T07:46:01.441 INFO:teuthology.orchestra.run.smithi104.stdout:/usr/bin/ceph: stdout mon_osd_full_ratio = 0.9
2024-02-20T07:46:01.441 INFO:teuthology.orchestra.run.smithi104.stdout:/usr/bin/ceph: stdout mon_osd_nearfull_ratio = 0.8
2024-02-20T07:46:01.441 INFO:teuthology.orchestra.run.smithi104.stdout:/usr/bin/ceph: stdout osd_map_max_advance = 10
2024-02-20T07:46:01.441 INFO:teuthology.orchestra.run.smithi104.stdout:/usr/bin/ceph: stdout osd_sloppy_crc = true
2024-02-20T07:46:01.442 INFO:teuthology.orchestra.run.smithi104.stdout:/usr/bin/ceph: stderr
2024-02-20T07:46:00.652+0000 7fe047ca5700 1 Processor -- start
2024-02-20T07:46:01.442 INFO:teuthology.orchestra.run.smithi104.stdout:/usr/bin/ceph: stderr
2024-02-20T07:46:00.652+0000 7fe047ca5700 1 -- start start
2024-02-20T07:46:01.442 INFO:teuthology.orchestra.run.smithi104.stdout:/usr/bin/ceph: stderr
2024-02-20T07:46:00.652+0000 7fe047ca5700 1 --2- >> [v2:172.21.15.104:3300/0,v1:172.21.15.104:6789/0] conn(0x7fe040103d80 0x7fe040104190 unknown :-1 s=NONE pgs=0 cs=0 l=0 rev1=0 crypto rx=0 tx=0 comp rx=0 tx=0).connect
2024-02-20T07:46:01.442 INFO:teuthology.orchestra.run.smithi104.stdout:/usr/bin/ceph: stderr
2024-02-20T07:46:00.652+0000 7fe047ca5700 1 -- --> [v2:172.21.15.104:3300/0,v1:172.21.15.104:6789/0] -- mon_getmap magic: 0 v1 -- 0x7fe0401046d0 con 0x7fe040103d80
2024-02-20T07:46:01.442 INFO:teuthology.orchestra.run.smithi104.stdout:/usr/bin/ceph: stderr
2024-02-20T07:46:00.653+0000 7fe045a41700 1 --2- >> [v2:172.21.15.104:3300/0,v1:172.21.15.104:6789/0] conn(0x7fe040103d80 0x7fe040104190 unknown :-1 s=BANNER_CONNECTING pgs=0 cs=0 l=0 rev1=0 crypto rx=0 tx=0 comp rx=0 tx=0)._handle_peer_banner_payload supported=3 required=0
2024-02-20T07:46:01.442 INFO:teuthology.orchestra.run.smithi104.stdout:/usr/bin/ceph: stderr
2024-02-20T07:46:00.653+0000 7fe045a41700 1 --2- >> [v2:172.21.15.104:3300/0,v1:172.21.15.104:6789/0] conn(0x7fe040103d80 0x7fe040104190 unknown :-1 s=HELLO_CONNECTING pgs=0 cs=0 l=0 rev1=1 crypto rx=0 tx=0 comp rx=0 tx=0).handle_hello peer v2:172.21.15.104:3300/0 says I am v2:172.21.15.104:41950/0 (socket says 172.21.15.104:41950)
2024-02-20T07:46:01.442 INFO:teuthology.orchestra.run.smithi104.stdout:/usr/bin/ceph: stderr
2024-02-20T07:46:00.653+0000 7fe045a41700 1 -- 172.21.15.104:0/3023397984 learned_addr learned my addr 172.21.15.104:0/3023397984 (peer_addr_for_me v2:172.21.15.104:0/0)
2024-02-20T07:46:01.442 INFO:teuthology.orchestra.run.smithi104.stdout:/usr/bin/ceph: stderr
2024-02-20T07:46:00.653+0000 7fe045a41700 1 -- 172.21.15.104:0/3023397984 --> [v2:172.21.15.104:3300/0,v1:172.21.15.104:6789/0] -- mon_subscribe({config=0+,monmap=0+}) v3 -- 0x7fe040104810 con 0x7fe040103d80
2024-02-20T07:46:01.442 INFO:teuthology.orchestra.run.smithi104.stdout:/usr/bin/ceph: stderr
2024-02-20T07:46:00.653+0000 7fe045a41700 1 --2- 172.21.15.104:0/3023397984 >> [v2:172.21.15.104:3300/0,v1:172.21.15.104:6789/0] conn(0x7fe040103d80 0x7fe040104190 secure :-1 s=READY pgs=20 cs=0 l=1 rev1=1 crypto rx=0x7fe0300098e0 tx=0x7fe030009250 comp rx=0 tx=0).ready entity=mon.0 client_cookie=214dbb9de77a797c server_cookie=0 in_seq=0 out_seq=0
2024-02-20T07:46:01.442 INFO:teuthology.orchestra.run.smithi104.stdout:/usr/bin/ceph: stderr
2024-02-20T07:46:00.653+0000 7fe044a3f700 1 -- 172.21.15.104:0/3023397984 <== mon.0 v2:172.21.15.104:3300/0 1 ==== mon_map magic: 0 v1 ==== 229+0+0 (secure 0 0 0) 0x7fe03000b860 con 0x7fe040103d80
2024-02-20T07:46:01.442 INFO:teuthology.orchestra.run.smithi104.stdout:/usr/bin/ceph: stderr
2024-02-20T07:46:00.653+0000 7fe044a3f700 1 -- 172.21.15.104:0/3023397984 <== mon.0 v2:172.21.15.104:3300/0 2 ==== config(27 keys) v1 ==== 1044+0+0 (secure 0 0 0) 0x7fe03000be50 con 0x7fe040103d80
2024-02-20T07:46:01.442 INFO:teuthology.orchestra.run.smithi104.stdout:/usr/bin/ceph: stderr
2024-02-20T07:46:00.653+0000 7fe044a3f700 1 -- 172.21.15.104:0/3023397984 <== mon.0 v2:172.21.15.104:3300/0 3 ==== mon_map magic: 0 v1 ==== 229+0+0 (secure 0 0 0) 0x7fe030010380 con 0x7fe040103d80
2024-02-20T07:46:01.442 INFO:teuthology.orchestra.run.smithi104.stdout:/usr/bin/ceph: stderr
2024-02-20T07:46:00.654+0000 7fe047ca5700 1 -- 172.21.15.104:0/3023397984 >> [v2:172.21.15.104:3300/0,v1:172.21.15.104:6789/0] conn(0x7fe040103d80 msgr2=0x7fe040104190 secure :-1 s=STATE_CONNECTION_ESTABLISHED l=1).mark_down
2024-02-20T07:46:01.442 INFO:teuthology.orchestra.run.smithi104.stdout:/usr/bin/ceph: stderr
2024-02-20T07:46:00.654+0000 7fe047ca5700 1 --2- 172.21.15.104:0/3023397984 >> [v2:172.21.15.104:3300/0,v1:172.21.15.104:6789/0] conn(0x7fe040103d80 0x7fe040104190 secure :-1 s=READY pgs=20 cs=0 l=1 rev1=1 crypto rx=0x7fe0300098e0 tx=0x7fe030009250 comp rx=0 tx=0).stop
2024-02-20T07:46:01.443 INFO:teuthology.orchestra.run.smithi104.stdout:/usr/bin/ceph: stderr
2024-02-20T07:46:00.654+0000 7fe047ca5700 1 -- 172.21.15.104:0/3023397984 shutdown_connections
2024-02-20T07:46:01.443 INFO:teuthology.orchestra.run.smithi104.stdout:/usr/bin/ceph: stderr
2024-02-20T07:46:00.654+0000 7fe047ca5700 1 --2- 172.21.15.104:0/3023397984 >> [v2:172.21.15.104:3300/0,v1:172.21.15.104:6789/0] conn(0x7fe040103d80 0x7fe040104190 unknown :-1 s=CLOSED pgs=20 cs=0 l=1 rev1=1 crypto rx=0 tx=0 comp rx=0 tx=0).stop
2024-02-20T07:46:01.443 INFO:teuthology.orchestra.run.smithi104.stdout:/usr/bin/ceph: stderr
2024-02-20T07:46:00.654+0000 7fe047ca5700 1 -- 172.21.15.104:0/3023397984 >> 172.21.15.104:0/3023397984 conn(0x7fe0400fc580 msgr2=0x7fe0400fe990 unknown :-1 s=STATE_NONE l=0).mark_down
2024-02-20T07:46:01.443 INFO:teuthology.orchestra.run.smithi104.stdout:/usr/bin/ceph: stderr
2024-02-20T07:46:00.654+0000 7fe047ca5700 1 -- 172.21.15.104:0/3023397984 shutdown_connections
2024-02-20T07:46:01.443 INFO:teuthology.orchestra.run.smithi104.stdout:/usr/bin/ceph: stderr
2024-02-20T07:46:00.654+0000 7fe047ca5700 1 -- 172.21.15.104:0/3023397984 wait complete.
2024-02-20T07:46:01.443 INFO:teuthology.orchestra.run.smithi104.stdout:/usr/bin/ceph: stderr
2024-02-20T07:46:00.654+0000 7fe047ca5700 1 Processor -- start
2024-02-20T07:46:01.443 INFO:teuthology.orchestra.run.smithi104.stdout:/usr/bin/ceph: stderr
2024-02-20T07:46:00.654+0000 7fe047ca5700 1 -- start start
2024-02-20T07:46:01.443 INFO:teuthology.orchestra.run.smithi104.stdout:/usr/bin/ceph: stderr
2024-02-20T07:46:00.655+0000 7fe047ca5700 1 --2- >> [v2:172.21.15.104:3300/0,v1:172.21.15.104:6789/0] conn(0x7fe040103d80 0x7fe040111820 unknown :-1 s=NONE pgs=0 cs=0 l=1 rev1=0 crypto rx=0 tx=0 comp rx=0 tx=0).connect
2024-02-20T07:46:01.443 INFO:teuthology.orchestra.run.smithi104.stdout:/usr/bin/ceph: stderr
2024-02-20T07:46:00.655+0000 7fe047ca5700 1 -- --> [v2:172.21.15.104:3300/0,v1:172.21.15.104:6789/0] -- mon_getmap magic: 0 v1 -- 0x7fe040111d60 con 0x7fe040103d80
2024-02-20T07:46:01.443 INFO:teuthology.orchestra.run.smithi104.stdout:/usr/bin/ceph: stderr
2024-02-20T07:46:00.655+0000 7fe045a41700 1 --2- >> [v2:172.21.15.104:3300/0,v1:172.21.15.104:6789/0] conn(0x7fe040103d80 0x7fe040111820 unknown :-1 s=BANNER_CONNECTING pgs=0 cs=0 l=1 rev1=0 crypto rx=0 tx=0 comp rx=0 tx=0)._handle_peer_banner_payload supported=3 required=0
2024-02-20T07:46:01.443 INFO:teuthology.orchestra.run.smithi104.stdout:/usr/bin/ceph: stderr
2024-02-20T07:46:00.655+0000 7fe045a41700 1 --2- >> [v2:172.21.15.104:3300/0,v1:172.21.15.104:6789/0] conn(0x7fe040103d80 0x7fe040111820 unknown :-1 s=HELLO_CONNECTING pgs=0 cs=0 l=1 rev1=1 crypto rx=0 tx=0 comp rx=0 tx=0).handle_hello peer v2:172.21.15.104:3300/0 says I am v2:172.21.15.104:41958/0 (socket says 172.21.15.104:41958)
2024-02-20T07:46:01.443 INFO:teuthology.orchestra.run.smithi104.stdout:/usr/bin/ceph: stderr
2024-02-20T07:46:00.655+0000 7fe045a41700 1 -- 172.21.15.104:0/1721664763 learned_addr learned my addr 172.21.15.104:0/1721664763 (peer_addr_for_me v2:172.21.15.104:0/0)
2024-02-20T07:46:01.443 INFO:teuthology.orchestra.run.smithi104.stdout:/usr/bin/ceph: stderr
2024-02-20T07:46:00.655+0000 7fe045a41700 1 -- 172.21.15.104:0/1721664763 --> [v2:172.21.15.104:3300/0,v1:172.21.15.104:6789/0] -- mon_subscribe({config=0+,monmap=0+}) v3 -- 0x7fe0300094f0 con 0x7fe040103d80
2024-02-20T07:46:01.443 INFO:teuthology.orchestra.run.smithi104.stdout:/usr/bin/ceph: stderr
2024-02-20T07:46:00.655+0000 7fe045a41700 1 --2- 172.21.15.104:0/1721664763 >> [v2:172.21.15.104:3300/0,v1:172.21.15.104:6789/0] conn(0x7fe040103d80 0x7fe040111820 secure :-1 s=READY pgs=21 cs=0 l=1 rev1=1 crypto rx=0x7fe03000b440 tx=0x7fe030009250 comp rx=0 tx=0).ready entity=mon.0 client_cookie=0 server_cookie=0 in_seq=0 out_seq=0
2024-02-20T07:46:01.443 INFO:teuthology.orchestra.run.smithi104.stdout:/usr/bin/ceph: stderr
2024-02-20T07:46:00.655+0000 7fe03e7fc700 1 -- 172.21.15.104:0/1721664763 <== mon.0 v2:172.21.15.104:3300/0 1 ==== mon_map magic: 0 v1 ==== 229+0+0 (secure 0 0 0) 0x7fe0300107c0 con 0x7fe040103d80
2024-02-20T07:46:01.444 INFO:teuthology.orchestra.run.smithi104.stdout:/usr/bin/ceph: stderr
2024-02-20T07:46:00.655+0000 7fe03e7fc700 1 -- 172.21.15.104:0/1721664763 <== mon.0 v2:172.21.15.104:3300/0 2 ==== config(27 keys) v1 ==== 1044+0+0 (secure 0 0 0) 0x7fe030010db0 con 0x7fe040103d80
2024-02-20T07:46:01.444 INFO:teuthology.orchestra.run.smithi104.stdout:/usr/bin/ceph: stderr
2024-02-20T07:46:00.655+0000 7fe047ca5700 1 -- 172.21.15.104:0/1721664763 --> [v2:172.21.15.104:3300/0,v1:172.21.15.104:6789/0] -- mon_subscribe({mgrmap=0+}) v3 -- 0x7fe040111f60 con 0x7fe040103d80
2024-02-20T07:46:01.444 INFO:teuthology.orchestra.run.smithi104.stdout:/usr/bin/ceph: stderr
2024-02-20T07:46:00.655+0000 7fe03e7fc700 1 -- 172.21.15.104:0/1721664763 <== mon.0 v2:172.21.15.104:3300/0 3 ==== mon_map magic: 0 v1 ==== 229+0+0 (secure 0 0 0) 0x7fe03001ada0 con 0x7fe040103d80
2024-02-20T07:46:01.444 INFO:teuthology.orchestra.run.smithi104.stdout:/usr/bin/ceph: stderr
2024-02-20T07:46:00.655+0000 7fe047ca5700 1 -- 172.21.15.104:0/1721664763 --> [v2:172.21.15.104:3300/0,v1:172.21.15.104:6789/0] -- mon_subscribe({osdmap=0}) v3 -- 0x7fe040112c00 con 0x7fe040103d80
2024-02-20T07:46:01.444 INFO:teuthology.orchestra.run.smithi104.stdout:/usr/bin/ceph: stderr
2024-02-20T07:46:00.656+0000 7fe03e7fc700 1 -- 172.21.15.104:0/1721664763 <== mon.0 v2:172.21.15.104:3300/0 4 ==== mgrmap(e 4) v1 ==== 43357+0+0 (secure 0 0 0) 0x7fe030010920 con 0x7fe040103d80
2024-02-20T07:46:01.444 INFO:teuthology.orchestra.run.smithi104.stdout:/usr/bin/ceph: stderr
2024-02-20T07:46:00.656+0000 7fe047ca5700 1 -- 172.21.15.104:0/1721664763 --> [v2:172.21.15.104:3300/0,v1:172.21.15.104:6789/0] -- mon_command({"prefix": "get_command_descriptions"} v 0) v1 -- 0x7fe04005f5c0 con 0x7fe040103d80
2024-02-20T07:46:01.444 INFO:teuthology.orchestra.run.smithi104.stdout:/usr/bin/ceph: stderr
2024-02-20T07:46:00.656+0000 7fe03e7fc700 1 --2- 172.21.15.104:0/1721664763 >> [v2:172.21.15.104:6800/1557825721,v1:172.21.15.104:6801/1557825721] conn(0x7fe028036740 0x7fe028038bf0 unknown :-1 s=NONE pgs=0 cs=0 l=1 rev1=0 crypto rx=0 tx=0 comp rx=0 tx=0).connect
2024-02-20T07:46:01.444 INFO:teuthology.orchestra.run.smithi104.stdout:/usr/bin/ceph: stderr
2024-02-20T07:46:00.656+0000 7fe03e7fc700 1 -- 172.21.15.104:0/1721664763 <== mon.0 v2:172.21.15.104:3300/0 5 ==== osd_map(1..1 src has 1..1) v4 ==== 721+0+0 (secure 0 0 0) 0x7fe03004ac80 con 0x7fe040103d80
2024-02-20T07:46:01.444 INFO:teuthology.orchestra.run.smithi104.stdout:/usr/bin/ceph: stderr
2024-02-20T07:46:00.656+0000 7fe045240700 1 --2- 172.21.15.104:0/1721664763 >> [v2:172.21.15.104:6800/1557825721,v1:172.21.15.104:6801/1557825721] conn(0x7fe028036740 0x7fe028038bf0 unknown :-1 s=BANNER_CONNECTING pgs=0 cs=0 l=1 rev1=0 crypto rx=0 tx=0 comp rx=0 tx=0)._handle_peer_banner_payload supported=3 required=0
2024-02-20T07:46:01.444 INFO:teuthology.orchestra.run.smithi104.stdout:/usr/bin/ceph: stderr
2024-02-20T07:46:00.657+0000 7fe045240700 1 --2- 172.21.15.104:0/1721664763 >> [v2:172.21.15.104:6800/1557825721,v1:172.21.15.104:6801/1557825721] conn(0x7fe028036740 0x7fe028038bf0 secure :-1 s=READY pgs=7 cs=0 l=1 rev1=1 crypto rx=0x7fe034009990 tx=0x7fe034006e40 comp rx=0 tx=0).ready entity=mgr.14100 client_cookie=0 server_cookie=0 in_seq=0 out_seq=0
2024-02-20T07:46:01.444 INFO:teuthology.orchestra.run.smithi104.stdout:/usr/bin/ceph: stderr
2024-02-20T07:46:00.661+0000 7fe03e7fc700 1 -- 172.21.15.104:0/1721664763 <== mon.0 v2:172.21.15.104:3300/0 6 ==== mon_command_ack([{"prefix": "get_command_descriptions"}]=0 v0) v1 ==== 72+0+175031 (secure 0 0 0) 0x7fe03002e440 con 0x7fe040103d80
2024-02-20T07:46:01.444 INFO:teuthology.orchestra.run.smithi104.stdout:/usr/bin/ceph: stderr
2024-02-20T07:46:00.842+0000 7fe047ca5700 1 -- 172.21.15.104:0/1721664763 --> [v2:172.21.15.104:3300/0,v1:172.21.15.104:6789/0] -- mon_command({"prefix": "config assimilate-conf"} v 0) v1 -- 0x7fe04004bed0 con 0x7fe040103d80
2024-02-20T07:46:01.444 INFO:teuthology.orchestra.run.smithi104.stdout:/usr/bin/ceph: stderr
2024-02-20T07:46:00.843+0000 7fe03e7fc700 1 -- 172.21.15.104:0/1721664763 <== mon.0 v2:172.21.15.104:3300/0 7 ==== mon_command_ack([{"prefix": "config assimilate-conf"}]=0 v3) v1 ==== 70+0+373 (secure 0 0 0) 0x7fe030018350 con 0x7fe040103d80
2024-02-20T07:46:01.445 INFO:teuthology.orchestra.run.smithi104.stdout:/usr/bin/ceph: stderr
2024-02-20T07:46:00.845+0000 7fe047ca5700 1 -- 172.21.15.104:0/1721664763 >> [v2:172.21.15.104:6800/1557825721,v1:172.21.15.104:6801/1557825721] conn(0x7fe028036740 msgr2=0x7fe028038bf0 secure :-1 s=STATE_CONNECTION_ESTABLISHED l=1).mark_down
2024-02-20T07:46:01.445 INFO:teuthology.orchestra.run.smithi104.stdout:/usr/bin/ceph: stderr
2024-02-20T07:46:00.845+0000 7fe047ca5700 1 --2- 172.21.15.104:0/1721664763 >> [v2:172.21.15.104:6800/1557825721,v1:172.21.15.104:6801/1557825721] conn(0x7fe028036740 0x7fe028038bf0 secure :-1 s=READY pgs=7 cs=0 l=1 rev1=1 crypto rx=0x7fe034009990 tx=0x7fe034006e40 comp rx=0 tx=0).stop
2024-02-20T07:46:01.445 INFO:teuthology.orchestra.run.smithi104.stdout:/usr/bin/ceph: stderr
2024-02-20T07:46:00.845+0000 7fe047ca5700 1 -- 172.21.15.104:0/1721664763 >> [v2:172.21.15.104:3300/0,v1:172.21.15.104:6789/0] conn(0x7fe040103d80 msgr2=0x7fe040111820 secure :-1 s=STATE_CONNECTION_ESTABLISHED l=1).mark_down
2024-02-20T07:46:01.445 INFO:teuthology.orchestra.run.smithi104.stdout:/usr/bin/ceph: stderr
2024-02-20T07:46:00.845+0000 7fe047ca5700 1 --2- 172.21.15.104:0/1721664763 >> [v2:172.21.15.104:3300/0,v1:172.21.15.104:6789/0] conn(0x7fe040103d80 0x7fe040111820 secure :-1 s=READY pgs=21 cs=0 l=1 rev1=1 crypto rx=0x7fe03000b440 tx=0x7fe030009250 comp rx=0 tx=0).stop
2024-02-20T07:46:01.445 INFO:teuthology.orchestra.run.smithi104.stdout:/usr/bin/ceph: stderr
2024-02-20T07:46:00.845+0000 7fe047ca5700 1 -- 172.21.15.104:0/1721664763 shutdown_connections
2024-02-20T07:46:01.445 INFO:teuthology.orchestra.run.smithi104.stdout:/usr/bin/ceph: stderr
2024-02-20T07:46:00.845+0000 7fe047ca5700 1 --2- 172.21.15.104:0/1721664763 >> [v2:172.21.15.104:6800/1557825721,v1:172.21.15.104:6801/1557825721] conn(0x7fe028036740 0x7fe028038bf0 unknown :-1 s=CLOSED pgs=7 cs=0 l=1 rev1=1 crypto rx=0 tx=0 comp rx=0 tx=0).stop
2024-02-20T07:46:01.445 INFO:teuthology.orchestra.run.smithi104.stdout:/usr/bin/ceph: stderr
2024-02-20T07:46:00.845+0000 7fe047ca5700 1 --2- 172.21.15.104:0/1721664763 >> [v2:172.21.15.104:3300/0,v1:172.21.15.104:6789/0] conn(0x7fe040103d80 0x7fe040111820 unknown :-1 s=CLOSED pgs=21 cs=0 l=1 rev1=1 crypto rx=0 tx=0 comp rx=0 tx=0).stop
2024-02-20T07:46:01.445 INFO:teuthology.orchestra.run.smithi104.stdout:/usr/bin/ceph: stderr
2024-02-20T07:46:00.845+0000 7fe047ca5700 1 -- 172.21.15.104:0/1721664763 >> 172.21.15.104:0/1721664763 conn(0x7fe0400fc580 msgr2=0x7fe0400fd510 unknown :-1 s=STATE_NONE l=0).mark_down
2024-02-20T07:46:01.445 INFO:teuthology.orchestra.run.smithi104.stdout:/usr/bin/ceph: stderr
2024-02-20T07:46:00.845+0000 7fe047ca5700 1 -- 172.21.15.104:0/1721664763 shutdown_connections
2024-02-20T07:46:01.445 INFO:teuthology.orchestra.run.smithi104.stdout:/usr/bin/ceph: stderr
2024-02-20T07:46:00.845+0000 7fe047ca5700 1 -- 172.21.15.104:0/1721664763 wait complete.
2024-02-20T07:46:01.445 INFO:teuthology.orchestra.run.smithi104.stdout:Enabling cephadm module...
2024-02-20T07:46:02.090 INFO:journalctl@ceph.mon.smithi104.smithi104.stdout:Feb 20 07:46:01 smithi104 ceph-mon[28911]: from='client.? 172.21.15.104:0/1721664763' entity='client.admin' cmd=[{"prefix": "config assimilate-conf"}]: dispatch
2024-02-20T07:46:03.012 INFO:journalctl@ceph.mon.smithi104.smithi104.stdout:Feb 20 07:46:02 smithi104 ceph-mon[28911]: from='client.? 172.21.15.104:0/3187085911' entity='client.admin' cmd=[{"prefix": "mgr module enable", "module": "cephadm"}]: dispatch
2024-02-20T07:46:03.288 INFO:teuthology.orchestra.run.smithi104.stdout:/usr/bin/ceph: stderr
2024-02-20T07:46:01.844+0000 7fa34f77f700 1 Processor -- start
2024-02-20T07:46:03.288 INFO:teuthology.orchestra.run.smithi104.stdout:/usr/bin/ceph: stderr
2024-02-20T07:46:01.844+0000 7fa34f77f700 1 -- start start
2024-02-20T07:46:03.288 INFO:teuthology.orchestra.run.smithi104.stdout:/usr/bin/ceph: stderr
2024-02-20T07:46:01.845+0000 7fa34f77f700 1 --2- >> [v2:172.21.15.104:3300/0,v1:172.21.15.104:6789/0] conn(0x7fa348076c20 0x7fa348105380 unknown :-1 s=NONE pgs=0 cs=0 l=0 rev1=0 crypto rx=0 tx=0 comp rx=0 tx=0).connect
2024-02-20T07:46:03.288 INFO:teuthology.orchestra.run.smithi104.stdout:/usr/bin/ceph: stderr
2024-02-20T07:46:01.845+0000 7fa34f77f700 1 -- --> [v2:172.21.15.104:3300/0,v1:172.21.15.104:6789/0] -- mon_getmap magic: 0 v1 -- 0x7fa3481058c0 con 0x7fa348076c20
2024-02-20T07:46:03.288 INFO:teuthology.orchestra.run.smithi104.stdout:/usr/bin/ceph: stderr
2024-02-20T07:46:01.845+0000 7fa34d51b700 1 --2- >> [v2:172.21.15.104:3300/0,v1:172.21.15.104:6789/0] conn(0x7fa348076c20 0x7fa348105380 unknown :-1 s=BANNER_CONNECTING pgs=0 cs=0 l=0 rev1=0 crypto rx=0 tx=0 comp rx=0 tx=0)._handle_peer_banner_payload supported=3 required=0
2024-02-20T07:46:03.288 INFO:teuthology.orchestra.run.smithi104.stdout:/usr/bin/ceph: stderr
2024-02-20T07:46:01.845+0000 7fa34d51b700 1 --2- >> [v2:172.21.15.104:3300/0,v1:172.21.15.104:6789/0] conn(0x7fa348076c20 0x7fa348105380 unknown :-1 s=HELLO_CONNECTING pgs=0 cs=0 l=0 rev1=1 crypto rx=0 tx=0 comp rx=0 tx=0).handle_hello peer v2:172.21.15.104:3300/0 says I am v2:172.21.15.104:41966/0 (socket says 172.21.15.104:41966)
2024-02-20T07:46:03.288 INFO:teuthology.orchestra.run.smithi104.stdout:/usr/bin/ceph: stderr
2024-02-20T07:46:01.845+0000 7fa34d51b700 1 -- 172.21.15.104:0/287825027 learned_addr learned my addr 172.21.15.104:0/287825027 (peer_addr_for_me v2:172.21.15.104:0/0)
2024-02-20T07:46:03.288 INFO:teuthology.orchestra.run.smithi104.stdout:/usr/bin/ceph: stderr
2024-02-20T07:46:01.845+0000 7fa34d51b700 1 -- 172.21.15.104:0/287825027 --> [v2:172.21.15.104:3300/0,v1:172.21.15.104:6789/0] -- mon_subscribe({config=0+,monmap=0+}) v3 -- 0x7fa348105a00 con 0x7fa348076c20
2024-02-20T07:46:03.289 INFO:teuthology.orchestra.run.smithi104.stdout:/usr/bin/ceph: stderr
2024-02-20T07:46:01.845+0000 7fa34d51b700 1 --2- 172.21.15.104:0/287825027 >> [v2:172.21.15.104:3300/0,v1:172.21.15.104:6789/0] conn(0x7fa348076c20 0x7fa348105380 secure :-1 s=READY pgs=22 cs=0 l=1 rev1=1 crypto rx=0x7fa3380098e0 tx=0x7fa338009250 comp rx=0 tx=0).ready entity=mon.0 client_cookie=9d70d9a6c201cc50 server_cookie=0 in_seq=0 out_seq=0
2024-02-20T07:46:03.289 INFO:teuthology.orchestra.run.smithi104.stdout:/usr/bin/ceph: stderr
2024-02-20T07:46:01.845+0000 7fa33ffff700 1 -- 172.21.15.104:0/287825027 <== mon.0 v2:172.21.15.104:3300/0 1 ==== mon_map magic: 0 v1 ==== 229+0+0 (secure 0 0 0) 0x7fa33800b860 con 0x7fa348076c20
2024-02-20T07:46:03.289 INFO:teuthology.orchestra.run.smithi104.stdout:/usr/bin/ceph: stderr
2024-02-20T07:46:01.845+0000 7fa33ffff700 1 -- 172.21.15.104:0/287825027 <== mon.0 v2:172.21.15.104:3300/0 2 ==== config(27 keys) v1 ==== 1044+0+0 (secure 0 0 0) 0x7fa33800be50 con 0x7fa348076c20
2024-02-20T07:46:03.289 INFO:teuthology.orchestra.run.smithi104.stdout:/usr/bin/ceph: stderr
2024-02-20T07:46:01.845+0000 7fa33ffff700 1 -- 172.21.15.104:0/287825027 <== mon.0 v2:172.21.15.104:3300/0 3 ==== mon_map magic: 0 v1 ==== 229+0+0 (secure 0 0 0) 0x7fa338010380 con 0x7fa348076c20
2024-02-20T07:46:03.289 INFO:teuthology.orchestra.run.smithi104.stdout:/usr/bin/ceph: stderr
2024-02-20T07:46:01.846+0000 7fa34f77f700 1 -- 172.21.15.104:0/287825027 >> [v2:172.21.15.104:3300/0,v1:172.21.15.104:6789/0] conn(0x7fa348076c20 msgr2=0x7fa348105380 secure :-1 s=STATE_CONNECTION_ESTABLISHED l=1).mark_down
2024-02-20T07:46:03.289 INFO:teuthology.orchestra.run.smithi104.stdout:/usr/bin/ceph: stderr
2024-02-20T07:46:01.846+0000 7fa34f77f700 1 --2- 172.21.15.104:0/287825027 >> [v2:172.21.15.104:3300/0,v1:172.21.15.104:6789/0] conn(0x7fa348076c20 0x7fa348105380 secure :-1 s=READY pgs=22 cs=0 l=1 rev1=1 crypto rx=0x7fa3380098e0 tx=0x7fa338009250 comp rx=0 tx=0).stop
2024-02-20T07:46:03.289 INFO:teuthology.orchestra.run.smithi104.stdout:/usr/bin/ceph: stderr
2024-02-20T07:46:01.846+0000 7fa34f77f700 1 -- 172.21.15.104:0/287825027 shutdown_connections
2024-02-20T07:46:03.289 INFO:teuthology.orchestra.run.smithi104.stdout:/usr/bin/ceph: stderr
2024-02-20T07:46:01.846+0000 7fa34f77f700 1 --2- 172.21.15.104:0/287825027 >> [v2:172.21.15.104:3300/0,v1:172.21.15.104:6789/0] conn(0x7fa348076c20 0x7fa348105380 unknown :-1 s=CLOSED pgs=22 cs=0 l=1 rev1=1 crypto rx=0 tx=0 comp rx=0 tx=0).stop
2024-02-20T07:46:03.289 INFO:teuthology.orchestra.run.smithi104.stdout:/usr/bin/ceph: stderr
2024-02-20T07:46:01.846+0000 7fa34f77f700 1 -- 172.21.15.104:0/287825027 >> 172.21.15.104:0/287825027 conn(0x7fa3480fcdd0 msgr2=0x7fa3480ff200 unknown :-1 s=STATE_NONE l=0).mark_down
2024-02-20T07:46:03.289 INFO:teuthology.orchestra.run.smithi104.stdout:/usr/bin/ceph: stderr
2024-02-20T07:46:01.846+0000 7fa34f77f700 1 -- 172.21.15.104:0/287825027 shutdown_connections
2024-02-20T07:46:03.290 INFO:teuthology.orchestra.run.smithi104.stdout:/usr/bin/ceph: stderr
2024-02-20T07:46:01.846+0000 7fa34f77f700 1 -- 172.21.15.104:0/287825027 wait complete.
2024-02-20T07:46:03.290 INFO:teuthology.orchestra.run.smithi104.stdout:/usr/bin/ceph: stderr
2024-02-20T07:46:01.847+0000 7fa34f77f700 1 Processor -- start
2024-02-20T07:46:03.290 INFO:teuthology.orchestra.run.smithi104.stdout:/usr/bin/ceph: stderr
2024-02-20T07:46:01.847+0000 7fa34f77f700 1 -- start start
2024-02-20T07:46:03.290 INFO:teuthology.orchestra.run.smithi104.stdout:/usr/bin/ceph: stderr
2024-02-20T07:46:01.847+0000 7fa34f77f700 1 --2- >> [v2:172.21.15.104:3300/0,v1:172.21.15.104:6789/0] conn(0x7fa348076c20 0x7fa348111830 unknown :-1 s=NONE pgs=0 cs=0 l=1 rev1=0 crypto rx=0 tx=0 comp rx=0 tx=0).connect
2024-02-20T07:46:03.290 INFO:teuthology.orchestra.run.smithi104.stdout:/usr/bin/ceph: stderr
2024-02-20T07:46:01.847+0000 7fa34f77f700 1 -- --> [v2:172.21.15.104:3300/0,v1:172.21.15.104:6789/0] -- mon_getmap magic: 0 v1 -- 0x7fa348111d70 con 0x7fa348076c20
2024-02-20T07:46:03.290 INFO:teuthology.orchestra.run.smithi104.stdout:/usr/bin/ceph: stderr
2024-02-20T07:46:01.847+0000 7fa34d51b700 1 --2- >> [v2:172.21.15.104:3300/0,v1:172.21.15.104:6789/0] conn(0x7fa348076c20 0x7fa348111830 unknown :-1 s=BANNER_CONNECTING pgs=0 cs=0 l=1 rev1=0 crypto rx=0 tx=0 comp rx=0 tx=0)._handle_peer_banner_payload supported=3 required=0
2024-02-20T07:46:03.290 INFO:teuthology.orchestra.run.smithi104.stdout:/usr/bin/ceph: stderr
2024-02-20T07:46:01.847+0000 7fa34d51b700 1 --2- >> [v2:172.21.15.104:3300/0,v1:172.21.15.104:6789/0] conn(0x7fa348076c20 0x7fa348111830 unknown :-1 s=HELLO_CONNECTING pgs=0 cs=0 l=1 rev1=1 crypto rx=0 tx=0 comp rx=0 tx=0).handle_hello peer v2:172.21.15.104:3300/0 says I am v2:172.21.15.104:41980/0 (socket says 172.21.15.104:41980)
2024-02-20T07:46:03.290 INFO:teuthology.orchestra.run.smithi104.stdout:/usr/bin/ceph: stderr
