2024-02-20T07:49:18.254+0000 7fe16dc83700 1 --2- >> [v2:172.21.15.163:3300/0,v1:172.21.15.163:6789/0] conn(0x7fe1681059d0 0x7fe1681996d0 unknown :-1 s=HELLO_CONNECTING pgs=0 cs=0 l=1 rev1=1 crypto rx=0 tx=0 comp rx=0 tx=0).handle_hello peer v2:172.21.15.163:3300/0 says I am v2:172.21.15.163:56312/0 (socket says 172.21.15.163:56312)
2024-02-20T07:49:19.193 INFO:teuthology.orchestra.run.smithi163.stdout:/usr/bin/ceph: stderr
2024-02-20T07:49:18.254+0000 7fe16dc83700 1 -- 172.21.15.163:0/2109984342 learned_addr learned my addr 172.21.15.163:0/2109984342 (peer_addr_for_me v2:172.21.15.163:0/0)
2024-02-20T07:49:19.193 INFO:teuthology.orchestra.run.smithi163.stdout:/usr/bin/ceph: stderr
2024-02-20T07:49:18.254+0000 7fe16dc83700 1 -- 172.21.15.163:0/2109984342 --> [v2:172.21.15.163:3300/0,v1:172.21.15.163:6789/0] -- mon_subscribe({config=0+,monmap=0+}) v3 -- 0x7fe164009500 con 0x7fe1681059d0
2024-02-20T07:49:19.193 INFO:teuthology.orchestra.run.smithi163.stdout:/usr/bin/ceph: stderr
2024-02-20T07:49:18.255+0000 7fe16dc83700 1 --2- 172.21.15.163:0/2109984342 >> [v2:172.21.15.163:3300/0,v1:172.21.15.163:6789/0] conn(0x7fe1681059d0 0x7fe1681996d0 secure :-1 s=READY pgs=54 cs=0 l=1 rev1=1 crypto rx=0x7fe1640046b0 tx=0x7fe1640042e0 comp rx=0 tx=0).ready entity=mon.0 client_cookie=0 server_cookie=0 in_seq=0 out_seq=0
2024-02-20T07:49:19.193 INFO:teuthology.orchestra.run.smithi163.stdout:/usr/bin/ceph: stderr
2024-02-20T07:49:18.255+0000 7fe15effd700 1 -- 172.21.15.163:0/2109984342 <== mon.0 v2:172.21.15.163:3300/0 1 ==== mon_map magic: 0 v1 ==== 229+0+0 (secure 0 0 0) 0x7fe164005e40 con 0x7fe1681059d0
2024-02-20T07:49:19.193 INFO:teuthology.orchestra.run.smithi163.stdout:/usr/bin/ceph: stderr
2024-02-20T07:49:18.255+0000 7fe15effd700 1 -- 172.21.15.163:0/2109984342 <== mon.0 v2:172.21.15.163:3300/0 2 ==== config(27 keys) v1 ==== 1101+0+0 (secure 0 0 0) 0x7fe164006840 con 0x7fe1681059d0
2024-02-20T07:49:19.193 INFO:teuthology.orchestra.run.smithi163.stdout:/usr/bin/ceph: stderr
2024-02-20T07:49:18.255+0000 7fe16fee7700 1 -- 172.21.15.163:0/2109984342 --> [v2:172.21.15.163:3300/0,v1:172.21.15.163:6789/0] -- mon_subscribe({mgrmap=0+}) v3 -- 0x7fe168199e10 con 0x7fe1681059d0
2024-02-20T07:49:19.193 INFO:teuthology.orchestra.run.smithi163.stdout:/usr/bin/ceph: stderr
2024-02-20T07:49:18.255+0000 7fe15effd700 1 -- 172.21.15.163:0/2109984342 <== mon.0 v2:172.21.15.163:3300/0 3 ==== mon_map magic: 0 v1 ==== 229+0+0 (secure 0 0 0) 0x7fe164011bc0 con 0x7fe1681059d0
2024-02-20T07:49:19.193 INFO:teuthology.orchestra.run.smithi163.stdout:/usr/bin/ceph: stderr
2024-02-20T07:49:18.255+0000 7fe16fee7700 1 -- 172.21.15.163:0/2109984342 --> [v2:172.21.15.163:3300/0,v1:172.21.15.163:6789/0] -- mon_subscribe({osdmap=0}) v3 -- 0x7fe16819a2b0 con 0x7fe1681059d0
2024-02-20T07:49:19.194 INFO:teuthology.orchestra.run.smithi163.stdout:/usr/bin/ceph: stderr
2024-02-20T07:49:18.255+0000 7fe15effd700 1 -- 172.21.15.163:0/2109984342 <== mon.0 v2:172.21.15.163:3300/0 4 ==== mgrmap(e 8) v1 ==== 45084+0+0 (secure 0 0 0) 0x7fe164018070 con 0x7fe1681059d0
2024-02-20T07:49:19.194 INFO:teuthology.orchestra.run.smithi163.stdout:/usr/bin/ceph: stderr
2024-02-20T07:49:18.256+0000 7fe16fee7700 1 -- 172.21.15.163:0/2109984342 --> [v2:172.21.15.163:3300/0,v1:172.21.15.163:6789/0] -- mon_command({"prefix": "get_command_descriptions"} v 0) v1 -- 0x7fe168062380 con 0x7fe1681059d0
2024-02-20T07:49:19.194 INFO:teuthology.orchestra.run.smithi163.stdout:/usr/bin/ceph: stderr
2024-02-20T07:49:18.256+0000 7fe15effd700 1 --2- 172.21.15.163:0/2109984342 >> [v2:172.21.15.163:6800/4143026534,v1:172.21.15.163:6801/4143026534] conn(0x7fe154038400 0x7fe15403a8b0 unknown :-1 s=NONE pgs=0 cs=0 l=1 rev1=0 crypto rx=0 tx=0 comp rx=0 tx=0).connect
2024-02-20T07:49:19.194 INFO:teuthology.orchestra.run.smithi163.stdout:/usr/bin/ceph: stderr
2024-02-20T07:49:18.256+0000 7fe15effd700 1 -- 172.21.15.163:0/2109984342 <== mon.0 v2:172.21.15.163:3300/0 5 ==== osd_map(2..2 src has 1..2) v4 ==== 940+0+0 (secure 0 0 0) 0x7fe16404bb10 con 0x7fe1681059d0
2024-02-20T07:49:19.194 INFO:teuthology.orchestra.run.smithi163.stdout:/usr/bin/ceph: stderr
2024-02-20T07:49:18.256+0000 7fe16d482700 1 --2- 172.21.15.163:0/2109984342 >> [v2:172.21.15.163:6800/4143026534,v1:172.21.15.163:6801/4143026534] conn(0x7fe154038400 0x7fe15403a8b0 unknown :-1 s=BANNER_CONNECTING pgs=0 cs=0 l=1 rev1=0 crypto rx=0 tx=0 comp rx=0 tx=0)._handle_peer_banner_payload supported=3 required=0
2024-02-20T07:49:19.194 INFO:teuthology.orchestra.run.smithi163.stdout:/usr/bin/ceph: stderr
2024-02-20T07:49:18.256+0000 7fe16d482700 1 --2- 172.21.15.163:0/2109984342 >> [v2:172.21.15.163:6800/4143026534,v1:172.21.15.163:6801/4143026534] conn(0x7fe154038400 0x7fe15403a8b0 secure :-1 s=READY pgs=16 cs=0 l=1 rev1=1 crypto rx=0x7fe158006fd0 tx=0x7fe158006e40 comp rx=0 tx=0).ready entity=mgr.14118 client_cookie=0 server_cookie=0 in_seq=0 out_seq=0
2024-02-20T07:49:19.194 INFO:teuthology.orchestra.run.smithi163.stdout:/usr/bin/ceph: stderr
2024-02-20T07:49:18.260+0000 7fe15effd700 1 -- 172.21.15.163:0/2109984342 <== mon.0 v2:172.21.15.163:3300/0 6 ==== mon_command_ack([{"prefix": "get_command_descriptions"}]=0 v0) v1 ==== 72+0+177933 (secure 0 0 0) 0x7fe16402cc90 con 0x7fe1681059d0
2024-02-20T07:49:19.194 INFO:teuthology.orchestra.run.smithi163.stdout:/usr/bin/ceph: stderr
2024-02-20T07:49:18.465+0000 7fe16fee7700 1 -- 172.21.15.163:0/2109984342 --> [v2:172.21.15.163:6800/4143026534,v1:172.21.15.163:6801/4143026534] -- mgr_command(tid 0: {"prefix": "orch apply", "service_type": "prometheus", "target": ["mon-mgr", ""]}) v1 -- 0x7fe168102480 con 0x7fe154038400
2024-02-20T07:49:19.194 INFO:teuthology.orchestra.run.smithi163.stdout:/usr/bin/ceph: stderr
2024-02-20T07:49:18.470+0000 7fe15effd700 1 -- 172.21.15.163:0/2109984342 <== mgr.14118 v2:172.21.15.163:6800/4143026534 1 ==== mgr_command_reply(tid 0: 0 ) v1 ==== 8+0+31 (secure 0 0 0) 0x7fe168102480 con 0x7fe154038400
2024-02-20T07:49:19.194 INFO:teuthology.orchestra.run.smithi163.stdout:/usr/bin/ceph: stderr
2024-02-20T07:49:18.472+0000 7fe16fee7700 1 -- 172.21.15.163:0/2109984342 >> [v2:172.21.15.163:6800/4143026534,v1:172.21.15.163:6801/4143026534] conn(0x7fe154038400 msgr2=0x7fe15403a8b0 secure :-1 s=STATE_CONNECTION_ESTABLISHED l=1).mark_down
2024-02-20T07:49:19.194 INFO:teuthology.orchestra.run.smithi163.stdout:/usr/bin/ceph: stderr
2024-02-20T07:49:18.472+0000 7fe16fee7700 1 --2- 172.21.15.163:0/2109984342 >> [v2:172.21.15.163:6800/4143026534,v1:172.21.15.163:6801/4143026534] conn(0x7fe154038400 0x7fe15403a8b0 secure :-1 s=READY pgs=16 cs=0 l=1 rev1=1 crypto rx=0x7fe158006fd0 tx=0x7fe158006e40 comp rx=0 tx=0).stop
2024-02-20T07:49:19.194 INFO:teuthology.orchestra.run.smithi163.stdout:/usr/bin/ceph: stderr
2024-02-20T07:49:18.472+0000 7fe16fee7700 1 -- 172.21.15.163:0/2109984342 >> [v2:172.21.15.163:3300/0,v1:172.21.15.163:6789/0] conn(0x7fe1681059d0 msgr2=0x7fe1681996d0 secure :-1 s=STATE_CONNECTION_ESTABLISHED l=1).mark_down
2024-02-20T07:49:19.194 INFO:teuthology.orchestra.run.smithi163.stdout:/usr/bin/ceph: stderr
2024-02-20T07:49:18.472+0000 7fe16fee7700 1 --2- 172.21.15.163:0/2109984342 >> [v2:172.21.15.163:3300/0,v1:172.21.15.163:6789/0] conn(0x7fe1681059d0 0x7fe1681996d0 secure :-1 s=READY pgs=54 cs=0 l=1 rev1=1 crypto rx=0x7fe1640046b0 tx=0x7fe1640042e0 comp rx=0 tx=0).stop
2024-02-20T07:49:19.195 INFO:teuthology.orchestra.run.smithi163.stdout:/usr/bin/ceph: stderr
2024-02-20T07:49:18.472+0000 7fe16fee7700 1 -- 172.21.15.163:0/2109984342 shutdown_connections
2024-02-20T07:49:19.195 INFO:teuthology.orchestra.run.smithi163.stdout:/usr/bin/ceph: stderr
2024-02-20T07:49:18.472+0000 7fe16fee7700 1 --2- 172.21.15.163:0/2109984342 >> [v2:172.21.15.163:6800/4143026534,v1:172.21.15.163:6801/4143026534] conn(0x7fe154038400 0x7fe15403a8b0 unknown :-1 s=CLOSED pgs=16 cs=0 l=1 rev1=1 crypto rx=0 tx=0 comp rx=0 tx=0).stop
2024-02-20T07:49:19.195 INFO:teuthology.orchestra.run.smithi163.stdout:/usr/bin/ceph: stderr
2024-02-20T07:49:18.472+0000 7fe16fee7700 1 --2- 172.21.15.163:0/2109984342 >> [v2:172.21.15.163:3300/0,v1:172.21.15.163:6789/0] conn(0x7fe1681059d0 0x7fe1681996d0 unknown :-1 s=CLOSED pgs=54 cs=0 l=1 rev1=1 crypto rx=0 tx=0 comp rx=0 tx=0).stop
2024-02-20T07:49:19.195 INFO:teuthology.orchestra.run.smithi163.stdout:/usr/bin/ceph: stderr
2024-02-20T07:49:18.472+0000 7fe16fee7700 1 -- 172.21.15.163:0/2109984342 >> 172.21.15.163:0/2109984342 conn(0x7fe168101020 msgr2=0x7fe168101d70 unknown :-1 s=STATE_NONE l=0).mark_down
2024-02-20T07:49:19.195 INFO:teuthology.orchestra.run.smithi163.stdout:/usr/bin/ceph: stderr
2024-02-20T07:49:18.472+0000 7fe16fee7700 1 -- 172.21.15.163:0/2109984342 shutdown_connections
2024-02-20T07:49:19.195 INFO:teuthology.orchestra.run.smithi163.stdout:/usr/bin/ceph: stderr
2024-02-20T07:49:18.472+0000 7fe16fee7700 1 -- 172.21.15.163:0/2109984342 wait complete.
2024-02-20T07:49:19.195 INFO:teuthology.orchestra.run.smithi163.stdout:Deploying grafana service with default placement...
2024-02-20T07:49:19.593 INFO:journalctl@ceph.mon.smithi163.smithi163.stdout:Feb 20 07:49:19 smithi163 ceph-mon[28920]: from='client.14148 -' entity='client.admin' cmd=[{"prefix": "orch apply", "service_type": "prometheus", "target": ["mon-mgr", ""]}]: dispatch
2024-02-20T07:49:19.594 INFO:journalctl@ceph.mon.smithi163.smithi163.stdout:Feb 20 07:49:19 smithi163 ceph-mon[28920]: Saving service prometheus spec with placement count:1
2024-02-20T07:49:19.594 INFO:journalctl@ceph.mon.smithi163.smithi163.stdout:Feb 20 07:49:19 smithi163 ceph-mon[28920]: from='mgr.14118 172.21.15.163:0/718177389' entity='mgr.smithi163.ivrzmk'
2024-02-20T07:49:20.421 INFO:teuthology.orchestra.run.smithi163.stdout:/usr/bin/ceph: stdout Scheduled grafana update...
2024-02-20T07:49:20.421 INFO:teuthology.orchestra.run.smithi163.stdout:/usr/bin/ceph: stderr
2024-02-20T07:49:19.608+0000 7fd3bb08c700 1 Processor -- start
2024-02-20T07:49:20.421 INFO:teuthology.orchestra.run.smithi163.stdout:/usr/bin/ceph: stderr
2024-02-20T07:49:19.608+0000 7fd3bb08c700 1 -- start start
2024-02-20T07:49:20.421 INFO:teuthology.orchestra.run.smithi163.stdout:/usr/bin/ceph: stderr
2024-02-20T07:49:19.608+0000 7fd3bb08c700 1 --2- >> [v2:172.21.15.163:3300/0,v1:172.21.15.163:6789/0] conn(0x7fd3b41059d0 0x7fd3b4105de0 unknown :-1 s=NONE pgs=0 cs=0 l=0 rev1=0 crypto rx=0 tx=0 comp rx=0 tx=0).connect
2024-02-20T07:49:20.421 INFO:teuthology.orchestra.run.smithi163.stdout:/usr/bin/ceph: stderr
2024-02-20T07:49:19.608+0000 7fd3bb08c700 1 -- --> [v2:172.21.15.163:3300/0,v1:172.21.15.163:6789/0] -- mon_getmap magic: 0 v1 -- 0x7fd3b4106320 con 0x7fd3b41059d0
2024-02-20T07:49:20.422 INFO:teuthology.orchestra.run.smithi163.stdout:/usr/bin/ceph: stderr
2024-02-20T07:49:19.609+0000 7fd3b8e28700 1 --2- >> [v2:172.21.15.163:3300/0,v1:172.21.15.163:6789/0] conn(0x7fd3b41059d0 0x7fd3b4105de0 unknown :-1 s=BANNER_CONNECTING pgs=0 cs=0 l=0 rev1=0 crypto rx=0 tx=0 comp rx=0 tx=0)._handle_peer_banner_payload supported=3 required=0
2024-02-20T07:49:20.422 INFO:teuthology.orchestra.run.smithi163.stdout:/usr/bin/ceph: stderr
2024-02-20T07:49:19.609+0000 7fd3b8e28700 1 --2- >> [v2:172.21.15.163:3300/0,v1:172.21.15.163:6789/0] conn(0x7fd3b41059d0 0x7fd3b4105de0 unknown :-1 s=HELLO_CONNECTING pgs=0 cs=0 l=0 rev1=1 crypto rx=0 tx=0 comp rx=0 tx=0).handle_hello peer v2:172.21.15.163:3300/0 says I am v2:172.21.15.163:44034/0 (socket says 172.21.15.163:44034)
2024-02-20T07:49:20.422 INFO:teuthology.orchestra.run.smithi163.stdout:/usr/bin/ceph: stderr
2024-02-20T07:49:19.609+0000 7fd3b8e28700 1 -- 172.21.15.163:0/987301001 learned_addr learned my addr 172.21.15.163:0/987301001 (peer_addr_for_me v2:172.21.15.163:0/0)
2024-02-20T07:49:20.422 INFO:teuthology.orchestra.run.smithi163.stdout:/usr/bin/ceph: stderr
2024-02-20T07:49:19.609+0000 7fd3b8e28700 1 -- 172.21.15.163:0/987301001 --> [v2:172.21.15.163:3300/0,v1:172.21.15.163:6789/0] -- mon_subscribe({config=0+,monmap=0+}) v3 -- 0x7fd3b4106460 con 0x7fd3b41059d0
2024-02-20T07:49:20.422 INFO:teuthology.orchestra.run.smithi163.stdout:/usr/bin/ceph: stderr
2024-02-20T07:49:19.609+0000 7fd3b8e28700 1 --2- 172.21.15.163:0/987301001 >> [v2:172.21.15.163:3300/0,v1:172.21.15.163:6789/0] conn(0x7fd3b41059d0 0x7fd3b4105de0 secure :-1 s=READY pgs=55 cs=0 l=1 rev1=1 crypto rx=0x7fd3b0009870 tx=0x7fd3b0009b80 comp rx=0 tx=0).ready entity=mon.0 client_cookie=1fd69a0384d8f378 server_cookie=0 in_seq=0 out_seq=0
2024-02-20T07:49:20.422 INFO:teuthology.orchestra.run.smithi163.stdout:/usr/bin/ceph: stderr
2024-02-20T07:49:19.609+0000 7fd3ab7fe700 1 -- 172.21.15.163:0/987301001 <== mon.0 v2:172.21.15.163:3300/0 1 ==== mon_map magic: 0 v1 ==== 229+0+0 (secure 0 0 0) 0x7fd3b0005c30 con 0x7fd3b41059d0
2024-02-20T07:49:20.422 INFO:teuthology.orchestra.run.smithi163.stdout:/usr/bin/ceph: stderr
2024-02-20T07:49:19.609+0000 7fd3ab7fe700 1 -- 172.21.15.163:0/987301001 <== mon.0 v2:172.21.15.163:3300/0 2 ==== config(27 keys) v1 ==== 1101+0+0 (secure 0 0 0) 0x7fd3b00044e0 con 0x7fd3b41059d0
2024-02-20T07:49:20.422 INFO:teuthology.orchestra.run.smithi163.stdout:/usr/bin/ceph: stderr
2024-02-20T07:49:19.609+0000 7fd3ab7fe700 1 -- 172.21.15.163:0/987301001 <== mon.0 v2:172.21.15.163:3300/0 3 ==== mon_map magic: 0 v1 ==== 229+0+0 (secure 0 0 0) 0x7fd3b0006030 con 0x7fd3b41059d0
2024-02-20T07:49:20.422 INFO:teuthology.orchestra.run.smithi163.stdout:/usr/bin/ceph: stderr
2024-02-20T07:49:19.610+0000 7fd3bb08c700 1 -- 172.21.15.163:0/987301001 >> [v2:172.21.15.163:3300/0,v1:172.21.15.163:6789/0] conn(0x7fd3b41059d0 msgr2=0x7fd3b4105de0 secure :-1 s=STATE_CONNECTION_ESTABLISHED l=1).mark_down
2024-02-20T07:49:20.422 INFO:teuthology.orchestra.run.smithi163.stdout:/usr/bin/ceph: stderr
2024-02-20T07:49:19.610+0000 7fd3bb08c700 1 --2- 172.21.15.163:0/987301001 >> [v2:172.21.15.163:3300/0,v1:172.21.15.163:6789/0] conn(0x7fd3b41059d0 0x7fd3b4105de0 secure :-1 s=READY pgs=55 cs=0 l=1 rev1=1 crypto rx=0x7fd3b0009870 tx=0x7fd3b0009b80 comp rx=0 tx=0).stop
2024-02-20T07:49:20.422 INFO:teuthology.orchestra.run.smithi163.stdout:/usr/bin/ceph: stderr
2024-02-20T07:49:19.610+0000 7fd3bb08c700 1 -- 172.21.15.163:0/987301001 shutdown_connections
2024-02-20T07:49:20.422 INFO:teuthology.orchestra.run.smithi163.stdout:/usr/bin/ceph: stderr
2024-02-20T07:49:19.610+0000 7fd3bb08c700 1 --2- 172.21.15.163:0/987301001 >> [v2:172.21.15.163:3300/0,v1:172.21.15.163:6789/0] conn(0x7fd3b41059d0 0x7fd3b4105de0 unknown :-1 s=CLOSED pgs=55 cs=0 l=1 rev1=1 crypto rx=0 tx=0 comp rx=0 tx=0).stop
2024-02-20T07:49:20.422 INFO:teuthology.orchestra.run.smithi163.stdout:/usr/bin/ceph: stderr
2024-02-20T07:49:19.610+0000 7fd3bb08c700 1 -- 172.21.15.163:0/987301001 >> 172.21.15.163:0/987301001 conn(0x7fd3b4101020 msgr2=0x7fd3b4103450 unknown :-1 s=STATE_NONE l=0).mark_down
2024-02-20T07:49:20.422 INFO:teuthology.orchestra.run.smithi163.stdout:/usr/bin/ceph: stderr
2024-02-20T07:49:19.610+0000 7fd3bb08c700 1 -- 172.21.15.163:0/987301001 shutdown_connections
2024-02-20T07:49:20.423 INFO:teuthology.orchestra.run.smithi163.stdout:/usr/bin/ceph: stderr
2024-02-20T07:49:19.610+0000 7fd3bb08c700 1 -- 172.21.15.163:0/987301001 wait complete.
2024-02-20T07:49:20.423 INFO:teuthology.orchestra.run.smithi163.stdout:/usr/bin/ceph: stderr
2024-02-20T07:49:19.610+0000 7fd3bb08c700 1 Processor -- start
2024-02-20T07:49:20.423 INFO:teuthology.orchestra.run.smithi163.stdout:/usr/bin/ceph: stderr
2024-02-20T07:49:19.610+0000 7fd3bb08c700 1 -- start start
2024-02-20T07:49:20.423 INFO:teuthology.orchestra.run.smithi163.stdout:/usr/bin/ceph: stderr
2024-02-20T07:49:19.611+0000 7fd3bb08c700 1 --2- >> [v2:172.21.15.163:3300/0,v1:172.21.15.163:6789/0] conn(0x7fd3b41059d0 0x7fd3b407bc20 unknown :-1 s=NONE pgs=0 cs=0 l=1 rev1=0 crypto rx=0 tx=0 comp rx=0 tx=0).connect
2024-02-20T07:49:20.423 INFO:teuthology.orchestra.run.smithi163.stdout:/usr/bin/ceph: stderr
2024-02-20T07:49:19.611+0000 7fd3bb08c700 1 -- --> [v2:172.21.15.163:3300/0,v1:172.21.15.163:6789/0] -- mon_getmap magic: 0 v1 -- 0x7fd3b407c160 con 0x7fd3b41059d0
2024-02-20T07:49:20.423 INFO:teuthology.orchestra.run.smithi163.stdout:/usr/bin/ceph: stderr
2024-02-20T07:49:19.611+0000 7fd3b8e28700 1 --2- >> [v2:172.21.15.163:3300/0,v1:172.21.15.163:6789/0] conn(0x7fd3b41059d0 0x7fd3b407bc20 unknown :-1 s=BANNER_CONNECTING pgs=0 cs=0 l=1 rev1=0 crypto rx=0 tx=0 comp rx=0 tx=0)._handle_peer_banner_payload supported=3 required=0
2024-02-20T07:49:20.423 INFO:teuthology.orchestra.run.smithi163.stdout:/usr/bin/ceph: stderr
2024-02-20T07:49:19.611+0000 7fd3b8e28700 1 --2- >> [v2:172.21.15.163:3300/0,v1:172.21.15.163:6789/0] conn(0x7fd3b41059d0 0x7fd3b407bc20 unknown :-1 s=HELLO_CONNECTING pgs=0 cs=0 l=1 rev1=1 crypto rx=0 tx=0 comp rx=0 tx=0).handle_hello peer v2:172.21.15.163:3300/0 says I am v2:172.21.15.163:44036/0 (socket says 172.21.15.163:44036)
2024-02-20T07:49:20.423 INFO:teuthology.orchestra.run.smithi163.stdout:/usr/bin/ceph: stderr
2024-02-20T07:49:19.611+0000 7fd3b8e28700 1 -- 172.21.15.163:0/972537759 learned_addr learned my addr 172.21.15.163:0/972537759 (peer_addr_for_me v2:172.21.15.163:0/0)
2024-02-20T07:49:20.423 INFO:teuthology.orchestra.run.smithi163.stdout:/usr/bin/ceph: stderr
2024-02-20T07:49:19.611+0000 7fd3b8e28700 1 -- 172.21.15.163:0/972537759 --> [v2:172.21.15.163:3300/0,v1:172.21.15.163:6789/0] -- mon_subscribe({config=0+,monmap=0+}) v3 -- 0x7fd3b0009500 con 0x7fd3b41059d0
2024-02-20T07:49:20.423 INFO:teuthology.orchestra.run.smithi163.stdout:/usr/bin/ceph: stderr
2024-02-20T07:49:19.611+0000 7fd3b8e28700 1 --2- 172.21.15.163:0/972537759 >> [v2:172.21.15.163:3300/0,v1:172.21.15.163:6789/0] conn(0x7fd3b41059d0 0x7fd3b407bc20 secure :-1 s=READY pgs=56 cs=0 l=1 rev1=1 crypto rx=0x7fd3b0004840 tx=0x7fd3b00042e0 comp rx=0 tx=0).ready entity=mon.0 client_cookie=0 server_cookie=0 in_seq=0 out_seq=0
2024-02-20T07:49:20.423 INFO:teuthology.orchestra.run.smithi163.stdout:/usr/bin/ceph: stderr
2024-02-20T07:49:19.611+0000 7fd3a9ffb700 1 -- 172.21.15.163:0/972537759 <== mon.0 v2:172.21.15.163:3300/0 1 ==== mon_map magic: 0 v1 ==== 229+0+0 (secure 0 0 0) 0x7fd3b0005e40 con 0x7fd3b41059d0
2024-02-20T07:49:20.423 INFO:teuthology.orchestra.run.smithi163.stdout:/usr/bin/ceph: stderr
2024-02-20T07:49:19.611+0000 7fd3a9ffb700 1 -- 172.21.15.163:0/972537759 <== mon.0 v2:172.21.15.163:3300/0 2 ==== config(27 keys) v1 ==== 1101+0+0 (secure 0 0 0) 0x7fd3b0005fa0 con 0x7fd3b41059d0
2024-02-20T07:49:20.423 INFO:teuthology.orchestra.run.smithi163.stdout:/usr/bin/ceph: stderr
2024-02-20T07:49:19.611+0000 7fd3bb08c700 1 -- 172.21.15.163:0/972537759 --> [v2:172.21.15.163:3300/0,v1:172.21.15.163:6789/0] -- mon_subscribe({mgrmap=0+}) v3 -- 0x7fd3b407a270 con 0x7fd3b41059d0
2024-02-20T07:49:20.424 INFO:teuthology.orchestra.run.smithi163.stdout:/usr/bin/ceph: stderr
2024-02-20T07:49:19.611+0000 7fd3a9ffb700 1 -- 172.21.15.163:0/972537759 <== mon.0 v2:172.21.15.163:3300/0 3 ==== mon_map magic: 0 v1 ==== 229+0+0 (secure 0 0 0) 0x7fd3b0011c80 con 0x7fd3b41059d0
2024-02-20T07:49:20.424 INFO:teuthology.orchestra.run.smithi163.stdout:/usr/bin/ceph: stderr
2024-02-20T07:49:19.611+0000 7fd3bb08c700 1 -- 172.21.15.163:0/972537759 --> [v2:172.21.15.163:3300/0,v1:172.21.15.163:6789/0] -- mon_subscribe({osdmap=0}) v3 -- 0x7fd3b407a710 con 0x7fd3b41059d0
2024-02-20T07:49:20.424 INFO:teuthology.orchestra.run.smithi163.stdout:/usr/bin/ceph: stderr
2024-02-20T07:49:19.612+0000 7fd3a9ffb700 1 -- 172.21.15.163:0/972537759 <== mon.0 v2:172.21.15.163:3300/0 4 ==== mgrmap(e 8) v1 ==== 45084+0+0 (secure 0 0 0) 0x7fd3b0018070 con 0x7fd3b41059d0
2024-02-20T07:49:20.424 INFO:teuthology.orchestra.run.smithi163.stdout:/usr/bin/ceph: stderr
2024-02-20T07:49:19.612+0000 7fd3bb08c700 1 -- 172.21.15.163:0/972537759 --> [v2:172.21.15.163:3300/0,v1:172.21.15.163:6789/0] -- mon_command({"prefix": "get_command_descriptions"} v 0) v1 -- 0x7fd3b4062380 con 0x7fd3b41059d0
2024-02-20T07:49:20.424 INFO:teuthology.orchestra.run.smithi163.stdout:/usr/bin/ceph: stderr
2024-02-20T07:49:19.612+0000 7fd3a9ffb700 1 --2- 172.21.15.163:0/972537759 >> [v2:172.21.15.163:6800/4143026534,v1:172.21.15.163:6801/4143026534] conn(0x7fd39c0383b0 0x7fd39c03a860 unknown :-1 s=NONE pgs=0 cs=0 l=1 rev1=0 crypto rx=0 tx=0 comp rx=0 tx=0).connect
2024-02-20T07:49:20.424 INFO:teuthology.orchestra.run.smithi163.stdout:/usr/bin/ceph: stderr
2024-02-20T07:49:19.612+0000 7fd3a9ffb700 1 -- 172.21.15.163:0/972537759 <== mon.0 v2:172.21.15.163:3300/0 5 ==== osd_map(2..2 src has 1..2) v4 ==== 940+0+0 (secure 0 0 0) 0x7fd3b004bd30 con 0x7fd3b41059d0
2024-02-20T07:49:20.424 INFO:teuthology.orchestra.run.smithi163.stdout:/usr/bin/ceph: stderr
2024-02-20T07:49:19.613+0000 7fd3abfff700 1 --2- 172.21.15.163:0/972537759 >> [v2:172.21.15.163:6800/4143026534,v1:172.21.15.163:6801/4143026534] conn(0x7fd39c0383b0 0x7fd39c03a860 unknown :-1 s=BANNER_CONNECTING pgs=0 cs=0 l=1 rev1=0 crypto rx=0 tx=0 comp rx=0 tx=0)._handle_peer_banner_payload supported=3 required=0
2024-02-20T07:49:20.424 INFO:teuthology.orchestra.run.smithi163.stdout:/usr/bin/ceph: stderr
2024-02-20T07:49:19.613+0000 7fd3abfff700 1 --2- 172.21.15.163:0/972537759 >> [v2:172.21.15.163:6800/4143026534,v1:172.21.15.163:6801/4143026534] conn(0x7fd39c0383b0 0x7fd39c03a860 secure :-1 s=READY pgs=17 cs=0 l=1 rev1=1 crypto rx=0x7fd3a4006fd0 tx=0x7fd3a4006e40 comp rx=0 tx=0).ready entity=mgr.14118 client_cookie=0 server_cookie=0 in_seq=0 out_seq=0
2024-02-20T07:49:20.424 INFO:teuthology.orchestra.run.smithi163.stdout:/usr/bin/ceph: stderr
2024-02-20T07:49:19.617+0000 7fd3a9ffb700 1 -- 172.21.15.163:0/972537759 <== mon.0 v2:172.21.15.163:3300/0 6 ==== mon_command_ack([{"prefix": "get_command_descriptions"}]=0 v0) v1 ==== 72+0+177933 (secure 0 0 0) 0x7fd3b000bd70 con 0x7fd3b41059d0
2024-02-20T07:49:20.424 INFO:teuthology.orchestra.run.smithi163.stdout:/usr/bin/ceph: stderr
2024-02-20T07:49:19.815+0000 7fd3bb08c700 1 -- 172.21.15.163:0/972537759 --> [v2:172.21.15.163:6800/4143026534,v1:172.21.15.163:6801/4143026534] -- mgr_command(tid 0: {"prefix": "orch apply", "service_type": "grafana", "target": ["mon-mgr", ""]}) v1 -- 0x7fd3b4103300 con 0x7fd39c0383b0
2024-02-20T07:49:20.424 INFO:teuthology.orchestra.run.smithi163.stdout:/usr/bin/ceph: stderr
2024-02-20T07:49:19.821+0000 7fd3a9ffb700 1 -- 172.21.15.163:0/972537759 <== mgr.14118 v2:172.21.15.163:6800/4143026534 1 ==== mgr_command_reply(tid 0: 0 ) v1 ==== 8+0+28 (secure 0 0 0) 0x7fd3b4103300 con 0x7fd39c0383b0
2024-02-20T07:49:20.424 INFO:teuthology.orchestra.run.smithi163.stdout:/usr/bin/ceph: stderr
2024-02-20T07:49:19.823+0000 7fd3bb08c700 1 -- 172.21.15.163:0/972537759 >> [v2:172.21.15.163:6800/4143026534,v1:172.21.15.163:6801/4143026534] conn(0x7fd39c0383b0 msgr2=0x7fd39c03a860 secure :-1 s=STATE_CONNECTION_ESTABLISHED l=1).mark_down
2024-02-20T07:49:20.424 INFO:teuthology.orchestra.run.smithi163.stdout:/usr/bin/ceph: stderr
2024-02-20T07:49:19.823+0000 7fd3bb08c700 1 --2- 172.21.15.163:0/972537759 >> [v2:172.21.15.163:6800/4143026534,v1:172.21.15.163:6801/4143026534] conn(0x7fd39c0383b0 0x7fd39c03a860 secure :-1 s=READY pgs=17 cs=0 l=1 rev1=1 crypto rx=0x7fd3a4006fd0 tx=0x7fd3a4006e40 comp rx=0 tx=0).stop
2024-02-20T07:49:20.425 INFO:teuthology.orchestra.run.smithi163.stdout:/usr/bin/ceph: stderr
2024-02-20T07:49:19.823+0000 7fd3bb08c700 1 -- 172.21.15.163:0/972537759 >> [v2:172.21.15.163:3300/0,v1:172.21.15.163:6789/0] conn(0x7fd3b41059d0 msgr2=0x7fd3b407bc20 secure :-1 s=STATE_CONNECTION_ESTABLISHED l=1).mark_down
2024-02-20T07:49:20.425 INFO:teuthology.orchestra.run.smithi163.stdout:/usr/bin/ceph: stderr
2024-02-20T07:49:19.823+0000 7fd3bb08c700 1 --2- 172.21.15.163:0/972537759 >> [v2:172.21.15.163:3300/0,v1:172.21.15.163:6789/0] conn(0x7fd3b41059d0 0x7fd3b407bc20 secure :-1 s=READY pgs=56 cs=0 l=1 rev1=1 crypto rx=0x7fd3b0004840 tx=0x7fd3b00042e0 comp rx=0 tx=0).stop
2024-02-20T07:49:20.425 INFO:teuthology.orchestra.run.smithi163.stdout:/usr/bin/ceph: stderr
2024-02-20T07:49:19.823+0000 7fd3bb08c700 1 -- 172.21.15.163:0/972537759 shutdown_connections
2024-02-20T07:49:20.425 INFO:teuthology.orchestra.run.smithi163.stdout:/usr/bin/ceph: stderr
2024-02-20T07:49:19.823+0000 7fd3bb08c700 1 --2- 172.21.15.163:0/972537759 >> [v2:172.21.15.163:6800/4143026534,v1:172.21.15.163:6801/4143026534] conn(0x7fd39c0383b0 0x7fd39c03a860 unknown :-1 s=CLOSED pgs=17 cs=0 l=1 rev1=1 crypto rx=0 tx=0 comp rx=0 tx=0).stop
2024-02-20T07:49:20.425 INFO:teuthology.orchestra.run.smithi163.stdout:/usr/bin/ceph: stderr
2024-02-20T07:49:19.823+0000 7fd3bb08c700 1 --2- 172.21.15.163:0/972537759 >> [v2:172.21.15.163:3300/0,v1:172.21.15.163:6789/0] conn(0x7fd3b41059d0 0x7fd3b407bc20 unknown :-1 s=CLOSED pgs=56 cs=0 l=1 rev1=1 crypto rx=0 tx=0 comp rx=0 tx=0).stop
2024-02-20T07:49:20.425 INFO:teuthology.orchestra.run.smithi163.stdout:/usr/bin/ceph: stderr
2024-02-20T07:49:19.823+0000 7fd3bb08c700 1 -- 172.21.15.163:0/972537759 >> 172.21.15.163:0/972537759 conn(0x7fd3b4101020 msgr2=0x7fd3b41026e0 unknown :-1 s=STATE_NONE l=0).mark_down
2024-02-20T07:49:20.425 INFO:teuthology.orchestra.run.smithi163.stdout:/usr/bin/ceph: stderr
2024-02-20T07:49:19.823+0000 7fd3bb08c700 1 -- 172.21.15.163:0/972537759 shutdown_connections
2024-02-20T07:49:20.425 INFO:teuthology.orchestra.run.smithi163.stdout:/usr/bin/ceph: stderr
2024-02-20T07:49:19.823+0000 7fd3bb08c700 1 -- 172.21.15.163:0/972537759 wait complete.
2024-02-20T07:49:20.425 INFO:teuthology.orchestra.run.smithi163.stdout:Deploying node-exporter service with default placement...
2024-02-20T07:49:21.187 INFO:journalctl@ceph.mon.smithi163.smithi163.stdout:Feb 20 07:49:20 smithi163 ceph-mon[28920]: from='client.14150 -' entity='client.admin' cmd=[{"prefix": "orch apply", "service_type": "grafana", "target": ["mon-mgr", ""]}]: dispatch
2024-02-20T07:49:21.188 INFO:journalctl@ceph.mon.smithi163.smithi163.stdout:Feb 20 07:49:20 smithi163 ceph-mon[28920]: Saving service grafana spec with placement count:1
2024-02-20T07:49:21.188 INFO:journalctl@ceph.mon.smithi163.smithi163.stdout:Feb 20 07:49:20 smithi163 ceph-mon[28920]: from='mgr.14118 172.21.15.163:0/718177389' entity='mgr.smithi163.ivrzmk'
2024-02-20T07:49:21.594 INFO:teuthology.orchestra.run.smithi163.stdout:/usr/bin/ceph: stdout Scheduled node-exporter update...
2024-02-20T07:49:21.595 INFO:teuthology.orchestra.run.smithi163.stdout:/usr/bin/ceph: stderr
2024-02-20T07:49:20.814+0000 7f54e1fbe700 1 Processor -- start
2024-02-20T07:49:21.595 INFO:teuthology.orchestra.run.smithi163.stdout:/usr/bin/ceph: stderr
2024-02-20T07:49:20.814+0000 7f54e1fbe700 1 -- start start
2024-02-20T07:49:21.595 INFO:teuthology.orchestra.run.smithi163.stdout:/usr/bin/ceph: stderr
2024-02-20T07:49:20.815+0000 7f54e1fbe700 1 --2- >> [v2:172.21.15.163:3300/0,v1:172.21.15.163:6789/0] conn(0x7f54dc1048d0 0x7f54dc104ce0 unknown :-1 s=NONE pgs=0 cs=0 l=0 rev1=0 crypto rx=0 tx=0 comp rx=0 tx=0).connect
2024-02-20T07:49:21.595 INFO:teuthology.orchestra.run.smithi163.stdout:/usr/bin/ceph: stderr
2024-02-20T07:49:20.815+0000 7f54e1fbe700 1 -- --> [v2:172.21.15.163:3300/0,v1:172.21.15.163:6789/0] -- mon_getmap magic: 0 v1 -- 0x7f54dc105220 con 0x7f54dc1048d0
2024-02-20T07:49:21.595 INFO:teuthology.orchestra.run.smithi163.stdout:/usr/bin/ceph: stderr
2024-02-20T07:49:20.815+0000 7f54db7fe700 1 --2- >> [v2:172.21.15.163:3300/0,v1:172.21.15.163:6789/0] conn(0x7f54dc1048d0 0x7f54dc104ce0 unknown :-1 s=BANNER_CONNECTING pgs=0 cs=0 l=0 rev1=0 crypto rx=0 tx=0 comp rx=0 tx=0)._handle_peer_banner_payload supported=3 required=0
2024-02-20T07:49:21.595 INFO:teuthology.orchestra.run.smithi163.stdout:/usr/bin/ceph: stderr
2024-02-20T07:49:20.815+0000 7f54db7fe700 1 --2- >> [v2:172.21.15.163:3300/0,v1:172.21.15.163:6789/0] conn(0x7f54dc1048d0 0x7f54dc104ce0 unknown :-1 s=HELLO_CONNECTING pgs=0 cs=0 l=0 rev1=1 crypto rx=0 tx=0 comp rx=0 tx=0).handle_hello peer v2:172.21.15.163:3300/0 says I am v2:172.21.15.163:44046/0 (socket says 172.21.15.163:44046)
2024-02-20T07:49:21.595 INFO:teuthology.orchestra.run.smithi163.stdout:/usr/bin/ceph: stderr
2024-02-20T07:49:20.815+0000 7f54db7fe700 1 -- 172.21.15.163:0/100373373 learned_addr learned my addr 172.21.15.163:0/100373373 (peer_addr_for_me v2:172.21.15.163:0/0)
2024-02-20T07:49:21.595 INFO:teuthology.orchestra.run.smithi163.stdout:/usr/bin/ceph: stderr
2024-02-20T07:49:20.815+0000 7f54db7fe700 1 -- 172.21.15.163:0/100373373 --> [v2:172.21.15.163:3300/0,v1:172.21.15.163:6789/0] -- mon_subscribe({config=0+,monmap=0+}) v3 -- 0x7f54dc105360 con 0x7f54dc1048d0
2024-02-20T07:49:21.595 INFO:teuthology.orchestra.run.smithi163.stdout:/usr/bin/ceph: stderr
2024-02-20T07:49:20.815+0000 7f54db7fe700 1 --2- 172.21.15.163:0/100373373 >> [v2:172.21.15.163:3300/0,v1:172.21.15.163:6789/0] conn(0x7f54dc1048d0 0x7f54dc104ce0 secure :-1 s=READY pgs=57 cs=0 l=1 rev1=1 crypto rx=0x7f54d00098a0 tx=0x7f54d0009bb0 comp rx=0 tx=0).ready entity=mon.0 client_cookie=a6337fcf654c9681 server_cookie=0 in_seq=0 out_seq=0
2024-02-20T07:49:21.595 INFO:teuthology.orchestra.run.smithi163.stdout:/usr/bin/ceph: stderr
2024-02-20T07:49:20.815+0000 7f54da7fc700 1 -- 172.21.15.163:0/100373373 <== mon.0 v2:172.21.15.163:3300/0 1 ==== mon_map magic: 0 v1 ==== 229+0+0 (secure 0 0 0) 0x7f54d0004180 con 0x7f54dc1048d0
2024-02-20T07:49:21.595 INFO:teuthology.orchestra.run.smithi163.stdout:/usr/bin/ceph: stderr
2024-02-20T07:49:20.815+0000 7f54da7fc700 1 -- 172.21.15.163:0/100373373 <== mon.0 v2:172.21.15.163:3300/0 2 ==== config(27 keys) v1 ==== 1101+0+0 (secure 0 0 0) 0x7f54d00042e0 con 0x7f54dc1048d0
2024-02-20T07:49:21.595 INFO:teuthology.orchestra.run.smithi163.stdout:/usr/bin/ceph: stderr
2024-02-20T07:49:20.815+0000 7f54da7fc700 1 -- 172.21.15.163:0/100373373 <== mon.0 v2:172.21.15.163:3300/0 3 ==== mon_map magic: 0 v1 ==== 229+0+0 (secure 0 0 0) 0x7f54d0011af0 con 0x7f54dc1048d0
2024-02-20T07:49:21.596 INFO:teuthology.orchestra.run.smithi163.stdout:/usr/bin/ceph: stderr
2024-02-20T07:49:20.816+0000 7f54e1fbe700 1 -- 172.21.15.163:0/100373373 >> [v2:172.21.15.163:3300/0,v1:172.21.15.163:6789/0] conn(0x7f54dc1048d0 msgr2=0x7f54dc104ce0 secure :-1 s=STATE_CONNECTION_ESTABLISHED l=1).mark_down
2024-02-20T07:49:21.596 INFO:teuthology.orchestra.run.smithi163.stdout:/usr/bin/ceph: stderr
2024-02-20T07:49:20.816+0000 7f54e1fbe700 1 --2- 172.21.15.163:0/100373373 >> [v2:172.21.15.163:3300/0,v1:172.21.15.163:6789/0] conn(0x7f54dc1048d0 0x7f54dc104ce0 secure :-1 s=READY pgs=57 cs=0 l=1 rev1=1 crypto rx=0x7f54d00098a0 tx=0x7f54d0009bb0 comp rx=0 tx=0).stop
2024-02-20T07:49:21.596 INFO:teuthology.orchestra.run.smithi163.stdout:/usr/bin/ceph: stderr
2024-02-20T07:49:20.816+0000 7f54e1fbe700 1 -- 172.21.15.163:0/100373373 shutdown_connections
2024-02-20T07:49:21.596 INFO:teuthology.orchestra.run.smithi163.stdout:/usr/bin/ceph: stderr
2024-02-20T07:49:20.816+0000 7f54e1fbe700 1 --2- 172.21.15.163:0/100373373 >> [v2:172.21.15.163:3300/0,v1:172.21.15.163:6789/0] conn(0x7f54dc1048d0 0x7f54dc104ce0 unknown :-1 s=CLOSED pgs=57 cs=0 l=1 rev1=1 crypto rx=0 tx=0 comp rx=0 tx=0).stop
2024-02-20T07:49:21.596 INFO:teuthology.orchestra.run.smithi163.stdout:/usr/bin/ceph: stderr
2024-02-20T07:49:20.816+0000 7f54e1fbe700 1 -- 172.21.15.163:0/100373373 >> 172.21.15.163:0/100373373 conn(0x7f54dc0fff00 msgr2=0x7f54dc102350 unknown :-1 s=STATE_NONE l=0).mark_down
2024-02-20T07:49:21.596 INFO:teuthology.orchestra.run.smithi163.stdout:/usr/bin/ceph: stderr
2024-02-20T07:49:20.816+0000 7f54e1fbe700 1 -- 172.21.15.163:0/100373373 shutdown_connections
2024-02-20T07:49:21.596 INFO:teuthology.orchestra.run.smithi163.stdout:/usr/bin/ceph: stderr
2024-02-20T07:49:20.816+0000 7f54e1fbe700 1 -- 172.21.15.163:0/100373373 wait complete.
2024-02-20T07:49:21.596 INFO:teuthology.orchestra.run.smithi163.stdout:/usr/bin/ceph: stderr
2024-02-20T07:49:20.817+0000 7f54e1fbe700 1 Processor -- start
2024-02-20T07:49:21.596 INFO:teuthology.orchestra.run.smithi163.stdout:/usr/bin/ceph: stderr
2024-02-20T07:49:20.817+0000 7f54e1fbe700 1 -- start start
2024-02-20T07:49:21.596 INFO:teuthology.orchestra.run.smithi163.stdout:/usr/bin/ceph: stderr
2024-02-20T07:49:20.817+0000 7f54e1fbe700 1 --2- >> [v2:172.21.15.163:3300/0,v1:172.21.15.163:6789/0] conn(0x7f54dc18faf0 0x7f54dc18e180 unknown :-1 s=NONE pgs=0 cs=0 l=1 rev1=0 crypto rx=0 tx=0 comp rx=0 tx=0).connect
2024-02-20T07:49:21.596 INFO:teuthology.orchestra.run.smithi163.stdout:/usr/bin/ceph: stderr
2024-02-20T07:49:20.817+0000 7f54e1fbe700 1 -- --> [v2:172.21.15.163:3300/0,v1:172.21.15.163:6789/0] -- mon_getmap magic: 0 v1 -- 0x7f54dc18ff00 con 0x7f54dc18faf0
2024-02-20T07:49:21.596 INFO:teuthology.orchestra.run.smithi163.stdout:/usr/bin/ceph: stderr
2024-02-20T07:49:20.817+0000 7f54db7fe700 1 --2- >> [v2:172.21.15.163:3300/0,v1:172.21.15.163:6789/0] conn(0x7f54dc18faf0 0x7f54dc18e180 unknown :-1 s=BANNER_CONNECTING pgs=0 cs=0 l=1 rev1=0 crypto rx=0 tx=0 comp rx=0 tx=0)._handle_peer_banner_payload supported=3 required=0
2024-02-20T07:49:21.596 INFO:teuthology.orchestra.run.smithi163.stdout:/usr/bin/ceph: stderr
2024-02-20T07:49:20.817+0000 7f54db7fe700 1 --2- >> [v2:172.21.15.163:3300/0,v1:172.21.15.163:6789/0] conn(0x7f54dc18faf0 0x7f54dc18e180 unknown :-1 s=HELLO_CONNECTING pgs=0 cs=0 l=1 rev1=1 crypto rx=0 tx=0 comp rx=0 tx=0).handle_hello peer v2:172.21.15.163:3300/0 says I am v2:172.21.15.163:44050/0 (socket says 172.21.15.163:44050)
2024-02-20T07:49:21.597 INFO:teuthology.orchestra.run.smithi163.stdout:/usr/bin/ceph: stderr
2024-02-20T07:49:20.817+0000 7f54db7fe700 1 -- 172.21.15.163:0/2196012618 learned_addr learned my addr 172.21.15.163:0/2196012618 (peer_addr_for_me v2:172.21.15.163:0/0)
2024-02-20T07:49:21.597 INFO:teuthology.orchestra.run.smithi163.stdout:/usr/bin/ceph: stderr
2024-02-20T07:49:20.817+0000 7f54db7fe700 1 -- 172.21.15.163:0/2196012618 --> [v2:172.21.15.163:3300/0,v1:172.21.15.163:6789/0] -- mon_subscribe({config=0+,monmap=0+}) v3 -- 0x7f54d0009550 con 0x7f54dc18faf0
2024-02-20T07:49:21.597 INFO:teuthology.orchestra.run.smithi163.stdout:/usr/bin/ceph: stderr
2024-02-20T07:49:20.817+0000 7f54db7fe700 1 --2- 172.21.15.163:0/2196012618 >> [v2:172.21.15.163:3300/0,v1:172.21.15.163:6789/0] conn(0x7f54dc18faf0 0x7f54dc18e180 secure :-1 s=READY pgs=58 cs=0 l=1 rev1=1 crypto rx=0x7f54d0011670 tx=0x7f54d0011870 comp rx=0 tx=0).ready entity=mon.0 client_cookie=0 server_cookie=0 in_seq=0 out_seq=0
2024-02-20T07:49:21.597 INFO:teuthology.orchestra.run.smithi163.stdout:/usr/bin/ceph: stderr
2024-02-20T07:49:20.818+0000 7f54d8ff9700 1 -- 172.21.15.163:0/2196012618 <== mon.0 v2:172.21.15.163:3300/0 1 ==== mon_map magic: 0 v1 ==== 229+0+0 (secure 0 0 0) 0x7f54d00038b0 con 0x7f54dc18faf0
2024-02-20T07:49:21.597 INFO:teuthology.orchestra.run.smithi163.stdout:/usr/bin/ceph: stderr
2024-02-20T07:49:20.818+0000 7f54d8ff9700 1 -- 172.21.15.163:0/2196012618 <== mon.0 v2:172.21.15.163:3300/0 2 ==== config(27 keys) v1 ==== 1101+0+0 (secure 0 0 0) 0x7f54d0003a10 con 0x7f54dc18faf0
2024-02-20T07:49:21.597 INFO:teuthology.orchestra.run.smithi163.stdout:/usr/bin/ceph: stderr
2024-02-20T07:49:20.818+0000 7f54e1fbe700 1 -- 172.21.15.163:0/2196012618 --> [v2:172.21.15.163:3300/0,v1:172.21.15.163:6789/0] -- mon_subscribe({mgrmap=0+}) v3 -- 0x7f54dc18e6c0 con 0x7f54dc18faf0
2024-02-20T07:49:21.597 INFO:teuthology.orchestra.run.smithi163.stdout:/usr/bin/ceph: stderr
2024-02-20T07:49:20.818+0000 7f54d8ff9700 1 -- 172.21.15.163:0/2196012618 <== mon.0 v2:172.21.15.163:3300/0 3 ==== mon_map magic: 0 v1 ==== 229+0+0 (secure 0 0 0) 0x7f54d001b610 con 0x7f54dc18faf0
2024-02-20T07:49:21.597 INFO:teuthology.orchestra.run.smithi163.stdout:/usr/bin/ceph: stderr
2024-02-20T07:49:20.818+0000 7f54e1fbe700 1 -- 172.21.15.163:0/2196012618 --> [v2:172.21.15.163:3300/0,v1:172.21.15.163:6789/0] -- mon_subscribe({osdmap=0}) v3 -- 0x7f54dc18eb60 con 0x7f54dc18faf0
2024-02-20T07:49:21.597 INFO:teuthology.orchestra.run.smithi163.stdout:/usr/bin/ceph: stderr
2024-02-20T07:49:20.818+0000 7f54d8ff9700 1 -- 172.21.15.163:0/2196012618 <== mon.0 v2:172.21.15.163:3300/0 4 ==== mgrmap(e 8) v1 ==== 45084+0+0 (secure 0 0 0) 0x7f54d001b880 con 0x7f54dc18faf0
2024-02-20T07:49:21.597 INFO:teuthology.orchestra.run.smithi163.stdout:/usr/bin/ceph: stderr
2024-02-20T07:49:20.819+0000 7f54e1fbe700 1 -- 172.21.15.163:0/2196012618 --> [v2:172.21.15.163:3300/0,v1:172.21.15.163:6789/0] -- mon_command({"prefix": "get_command_descriptions"} v 0) v1 -- 0x7f54dc062380 con 0x7f54dc18faf0
2024-02-20T07:49:21.597 INFO:teuthology.orchestra.run.smithi163.stdout:/usr/bin/ceph: stderr
2024-02-20T07:49:20.819+0000 7f54d8ff9700 1 --2- 172.21.15.163:0/2196012618 >> [v2:172.21.15.163:6800/4143026534,v1:172.21.15.163:6801/4143026534] conn(0x7f54c4038400 0x7f54c403a8b0 unknown :-1 s=NONE pgs=0 cs=0 l=1 rev1=0 crypto rx=0 tx=0 comp rx=0 tx=0).connect
2024-02-20T07:49:21.597 INFO:teuthology.orchestra.run.smithi163.stdout:/usr/bin/ceph: stderr
2024-02-20T07:49:20.819+0000 7f54d8ff9700 1 -- 172.21.15.163:0/2196012618 <== mon.0 v2:172.21.15.163:3300/0 5 ==== osd_map(2..2 src has 1..2) v4 ==== 940+0+0 (secure 0 0 0) 0x7f54d0021030 con 0x7f54dc18faf0
2024-02-20T07:49:21.597 INFO:teuthology.orchestra.run.smithi163.stdout:/usr/bin/ceph: stderr
2024-02-20T07:49:20.819+0000 7f54daffd700 1 --2- 172.21.15.163:0/2196012618 >> [v2:172.21.15.163:6800/4143026534,v1:172.21.15.163:6801/4143026534] conn(0x7f54c4038400 0x7f54c403a8b0 unknown :-1 s=BANNER_CONNECTING pgs=0 cs=0 l=1 rev1=0 crypto rx=0 tx=0 comp rx=0 tx=0)._handle_peer_banner_payload supported=3 required=0
2024-02-20T07:49:21.597 INFO:teuthology.orchestra.run.smithi163.stdout:/usr/bin/ceph: stderr
2024-02-20T07:49:20.819+0000 7f54daffd700 1 --2- 172.21.15.163:0/2196012618 >> [v2:172.21.15.163:6800/4143026534,v1:172.21.15.163:6801/4143026534] conn(0x7f54c4038400 0x7f54c403a8b0 secure :-1 s=READY pgs=18 cs=0 l=1 rev1=1 crypto rx=0x7f54cc006fd0 tx=0x7f54cc006e40 comp rx=0 tx=0).ready entity=mgr.14118 client_cookie=0 server_cookie=0 in_seq=0 out_seq=0
2024-02-20T07:49:21.598 INFO:teuthology.orchestra.run.smithi163.stdout:/usr/bin/ceph: stderr
2024-02-20T07:49:20.823+0000 7f54d8ff9700 1 -- 172.21.15.163:0/2196012618 <== mon.0 v2:172.21.15.163:3300/0 6 ==== mon_command_ack([{"prefix": "get_command_descriptions"}]=0 v0) v1 ==== 72+0+177933 (secure 0 0 0) 0x7f54d0010380 con 0x7f54dc18faf0
2024-02-20T07:49:21.598 INFO:teuthology.orchestra.run.smithi163.stdout:/usr/bin/ceph: stderr
2024-02-20T07:49:21.023+0000 7f54e1fbe700 1 -- 172.21.15.163:0/2196012618 --> [v2:172.21.15.163:6800/4143026534,v1:172.21.15.163:6801/4143026534] -- mgr_command(tid 0: {"prefix": "orch apply", "service_type": "node-exporter", "target": ["mon-mgr", ""]}) v1 -- 0x7f54dc108d70 con 0x7f54c4038400
2024-02-20T07:49:21.598 INFO:teuthology.orchestra.run.smithi163.stdout:/usr/bin/ceph: stderr
2024-02-20T07:49:21.027+0000 7f54d8ff9700 1 -- 172.21.15.163:0/2196012618 <== mgr.14118 v2:172.21.15.163:6800/4143026534 1 ==== mgr_command_reply(tid 0: 0 ) v1 ==== 8+0+34 (secure 0 0 0) 0x7f54dc108d70 con 0x7f54c4038400
2024-02-20T07:49:21.598 INFO:teuthology.orchestra.run.smithi163.stdout:/usr/bin/ceph: stderr
2024-02-20T07:49:21.029+0000 7f54e1fbe700 1 -- 172.21.15.163:0/2196012618 >> [v2:172.21.15.163:6800/4143026534,v1:172.21.15.163:6801/4143026534] conn(0x7f54c4038400 msgr2=0x7f54c403a8b0 secure :-1 s=STATE_CONNECTION_ESTABLISHED l=1).mark_down
2024-02-20T07:49:21.598 INFO:teuthology.orchestra.run.smithi163.stdout:/usr/bin/ceph: stderr
2024-02-20T07:49:21.029+0000 7f54e1fbe700 1 --2- 172.21.15.163:0/2196012618 >> [v2:172.21.15.163:6800/4143026534,v1:172.21.15.163:6801/4143026534] conn(0x7f54c4038400 0x7f54c403a8b0 secure :-1 s=READY pgs=18 cs=0 l=1 rev1=1 crypto rx=0x7f54cc006fd0 tx=0x7f54cc006e40 comp rx=0 tx=0).stop
2024-02-20T07:49:21.598 INFO:teuthology.orchestra.run.smithi163.stdout:/usr/bin/ceph: stderr
2024-02-20T07:49:21.029+0000 7f54e1fbe700 1 -- 172.21.15.163:0/2196012618 >> [v2:172.21.15.163:3300/0,v1:172.21.15.163:6789/0] conn(0x7f54dc18faf0 msgr2=0x7f54dc18e180 secure :-1 s=STATE_CONNECTION_ESTABLISHED l=1).mark_down
2024-02-20T07:49:21.598 INFO:teuthology.orchestra.run.smithi163.stdout:/usr/bin/ceph: stderr
2024-02-20T07:49:21.029+0000 7f54e1fbe700 1 --2- 172.21.15.163:0/2196012618 >> [v2:172.21.15.163:3300/0,v1:172.21.15.163:6789/0] conn(0x7f54dc18faf0 0x7f54dc18e180 secure :-1 s=READY pgs=58 cs=0 l=1 rev1=1 crypto rx=0x7f54d0011670 tx=0x7f54d0011870 comp rx=0 tx=0).stop
2024-02-20T07:49:21.598 INFO:teuthology.orchestra.run.smithi163.stdout:/usr/bin/ceph: stderr
2024-02-20T07:49:21.029+0000 7f54e1fbe700 1 -- 172.21.15.163:0/2196012618 shutdown_connections
2024-02-20T07:49:21.599 INFO:teuthology.orchestra.run.smithi163.stdout:/usr/bin/ceph: stderr
2024-02-20T07:49:21.029+0000 7f54e1fbe700 1 --2- 172.21.15.163:0/2196012618 >> [v2:172.21.15.163:6800/4143026534,v1:172.21.15.163:6801/4143026534] conn(0x7f54c4038400 0x7f54c403a8b0 unknown :-1 s=CLOSED pgs=18 cs=0 l=1 rev1=1 crypto rx=0 tx=0 comp rx=0 tx=0).stop
2024-02-20T07:49:21.599 INFO:teuthology.orchestra.run.smithi163.stdout:/usr/bin/ceph: stderr
2024-02-20T07:49:21.029+0000 7f54e1fbe700 1 --2- 172.21.15.163:0/2196012618 >> [v2:172.21.15.163:3300/0,v1:172.21.15.163:6789/0] conn(0x7f54dc18faf0 0x7f54dc18e180 unknown :-1 s=CLOSED pgs=58 cs=0 l=1 rev1=1 crypto rx=0 tx=0 comp rx=0 tx=0).stop
2024-02-20T07:49:21.599 INFO:teuthology.orchestra.run.smithi163.stdout:/usr/bin/ceph: stderr
2024-02-20T07:49:21.029+0000 7f54e1fbe700 1 -- 172.21.15.163:0/2196012618 >> 172.21.15.163:0/2196012618 conn(0x7f54dc0fff00 msgr2=0x7f54dc079870 unknown :-1 s=STATE_NONE l=0).mark_down
2024-02-20T07:49:21.599 INFO:teuthology.orchestra.run.smithi163.stdout:/usr/bin/ceph: stderr
2024-02-20T07:49:21.030+0000 7f54e1fbe700 1 -- 172.21.15.163:0/2196012618 shutdown_connections
2024-02-20T07:49:21.599 INFO:teuthology.orchestra.run.smithi163.stdout:/usr/bin/ceph: stderr
2024-02-20T07:49:21.030+0000 7f54e1fbe700 1 -- 172.21.15.163:0/2196012618 wait complete.
2024-02-20T07:49:21.599 INFO:teuthology.orchestra.run.smithi163.stdout:Deploying alertmanager service with default placement...
2024-02-20T07:49:21.923 INFO:journalctl@ceph.mon.smithi163.smithi163.stdout:Feb 20 07:49:21 smithi163 ceph-mon[28920]: pgmap v3: 0 pgs: ; 0 B data, 0 B used, 0 B / 0 B avail
2024-02-20T07:49:21.923 INFO:journalctl@ceph.mon.smithi163.smithi163.stdout:Feb 20 07:49:21 smithi163 ceph-mon[28920]: from='mgr.14118 172.21.15.163:0/718177389' entity='mgr.smithi163.ivrzmk'
2024-02-20T07:49:22.845 INFO:teuthology.orchestra.run.smithi163.stdout:/usr/bin/ceph: stdout Scheduled alertmanager update...
2024-02-20T07:49:22.845 INFO:teuthology.orchestra.run.smithi163.stdout:/usr/bin/ceph: stderr
2024-02-20T07:49:22.020+0000 7fbd2ae29700 1 Processor -- start
2024-02-20T07:49:22.845 INFO:teuthology.orchestra.run.smithi163.stdout:/usr/bin/ceph: stderr
2024-02-20T07:49:22.020+0000 7fbd2ae29700 1 -- start start
2024-02-20T07:49:22.845 INFO:teuthology.orchestra.run.smithi163.stdout:/usr/bin/ceph: stderr
2024-02-20T07:49:22.020+0000 7fbd2ae29700 1 --2- >> [v2:172.21.15.163:3300/0,v1:172.21.15.163:6789/0] conn(0x7fbd241059d0 0x7fbd24105de0 unknown :-1 s=NONE pgs=0 cs=0 l=0 rev1=0 crypto rx=0 tx=0 comp rx=0 tx=0).connect
2024-02-20T07:49:22.845 INFO:teuthology.orchestra.run.smithi163.stdout:/usr/bin/ceph: stderr
2024-02-20T07:49:22.020+0000 7fbd2ae29700 1 -- --> [v2:172.21.15.163:3300/0,v1:172.21.15.163:6789/0] -- mon_getmap magic: 0 v1 -- 0x7fbd24106320 con 0x7fbd241059d0
2024-02-20T07:49:22.845 INFO:teuthology.orchestra.run.smithi163.stdout:/usr/bin/ceph: stderr
2024-02-20T07:49:22.020+0000 7fbd28bc5700 1 --2- >> [v2:172.21.15.163:3300/0,v1:172.21.15.163:6789/0] conn(0x7fbd241059d0 0x7fbd24105de0 unknown :-1 s=BANNER_CONNECTING pgs=0 cs=0 l=0 rev1=0 crypto rx=0 tx=0 comp rx=0 tx=0)._handle_peer_banner_payload supported=3 required=0
2024-02-20T07:49:22.846 INFO:teuthology.orchestra.run.smithi163.stdout:/usr/bin/ceph: stderr
2024-02-20T07:49:22.020+0000 7fbd28bc5700 1 --2- >> [v2:172.21.15.163:3300/0,v1:172.21.15.163:6789/0] conn(0x7fbd241059d0 0x7fbd24105de0 unknown :-1 s=HELLO_CONNECTING pgs=0 cs=0 l=0 rev1=1 crypto rx=0 tx=0 comp rx=0 tx=0).handle_hello peer v2:172.21.15.163:3300/0 says I am v2:172.21.15.163:44054/0 (socket says 172.21.15.163:44054)
2024-02-20T07:49:22.846 INFO:teuthology.orchestra.run.smithi163.stdout:/usr/bin/ceph: stderr
2024-02-20T07:49:22.020+0000 7fbd28bc5700 1 -- 172.21.15.163:0/1296084322 learned_addr learned my addr 172.21.15.163:0/1296084322 (peer_addr_for_me v2:172.21.15.163:0/0)
2024-02-20T07:49:22.846 INFO:teuthology.orchestra.run.smithi163.stdout:/usr/bin/ceph: stderr
2024-02-20T07:49:22.020+0000 7fbd28bc5700 1 -- 172.21.15.163:0/1296084322 --> [v2:172.21.15.163:3300/0,v1:172.21.15.163:6789/0] -- mon_subscribe({config=0+,monmap=0+}) v3 -- 0x7fbd24106460 con 0x7fbd241059d0
2024-02-20T07:49:22.846 INFO:teuthology.orchestra.run.smithi163.stdout:/usr/bin/ceph: stderr
2024-02-20T07:49:22.020+0000 7fbd28bc5700 1 --2- 172.21.15.163:0/1296084322 >> [v2:172.21.15.163:3300/0,v1:172.21.15.163:6789/0] conn(0x7fbd241059d0 0x7fbd24105de0 secure :-1 s=READY pgs=59 cs=0 l=1 rev1=1 crypto rx=0x7fbd18009870 tx=0x7fbd18009b80 comp rx=0 tx=0).ready entity=mon.0 client_cookie=e8d676f38ce0bddb server_cookie=0 in_seq=0 out_seq=0
2024-02-20T07:49:22.846 INFO:teuthology.orchestra.run.smithi163.stdout:/usr/bin/ceph: stderr
2024-02-20T07:49:22.020+0000 7fbd237fe700 1 -- 172.21.15.163:0/1296084322 <== mon.0 v2:172.21.15.163:3300/0 1 ==== mon_map magic: 0 v1 ==== 229+0+0 (secure 0 0 0) 0x7fbd18005c30 con 0x7fbd241059d0
2024-02-20T07:49:22.846 INFO:teuthology.orchestra.run.smithi163.stdout:/usr/bin/ceph: stderr
2024-02-20T07:49:22.021+0000 7fbd237fe700 1 -- 172.21.15.163:0/1296084322 <== mon.0 v2:172.21.15.163:3300/0 2 ==== config(27 keys) v1 ==== 1101+0+0 (secure 0 0 0) 0x7fbd180044e0 con 0x7fbd241059d0
2024-02-20T07:49:22.846 INFO:teuthology.orchestra.run.smithi163.stdout:/usr/bin/ceph: stderr
2024-02-20T07:49:22.021+0000 7fbd237fe700 1 -- 172.21.15.163:0/1296084322 <== mon.0 v2:172.21.15.163:3300/0 3 ==== mon_map magic: 0 v1 ==== 229+0+0 (secure 0 0 0) 0x7fbd18006030 con 0x7fbd241059d0
2024-02-20T07:49:22.846 INFO:teuthology.orchestra.run.smithi163.stdout:/usr/bin/ceph: stderr
2024-02-20T07:49:22.021+0000 7fbd2ae29700 1 -- 172.21.15.163:0/1296084322 >> [v2:172.21.15.163:3300/0,v1:172.21.15.163:6789/0] conn(0x7fbd241059d0 msgr2=0x7fbd24105de0 secure :-1 s=STATE_CONNECTION_ESTABLISHED l=1).mark_down
2024-02-20T07:49:22.846 INFO:teuthology.orchestra.run.smithi163.stdout:/usr/bin/ceph: stderr
2024-02-20T07:49:22.021+0000 7fbd2ae29700 1 --2- 172.21.15.163:0/1296084322 >> [v2:172.21.15.163:3300/0,v1:172.21.15.163:6789/0] conn(0x7fbd241059d0 0x7fbd24105de0 secure :-1 s=READY pgs=59 cs=0 l=1 rev1=1 crypto rx=0x7fbd18009870 tx=0x7fbd18009b80 comp rx=0 tx=0).stop
2024-02-20T07:49:22.846 INFO:teuthology.orchestra.run.smithi163.stdout:/usr/bin/ceph: stderr
2024-02-20T07:49:22.021+0000 7fbd2ae29700 1 -- 172.21.15.163:0/1296084322 shutdown_connections
2024-02-20T07:49:22.846 INFO:teuthology.orchestra.run.smithi163.stdout:/usr/bin/ceph: stderr
2024-02-20T07:49:22.021+0000 7fbd2ae29700 1 --2- 172.21.15.163:0/1296084322 >> [v2:172.21.15.163:3300/0,v1:172.21.15.163:6789/0] conn(0x7fbd241059d0 0x7fbd24105de0 unknown :-1 s=CLOSED pgs=59 cs=0 l=1 rev1=1 crypto rx=0 tx=0 comp rx=0 tx=0).stop
2024-02-20T07:49:22.846 INFO:teuthology.orchestra.run.smithi163.stdout:/usr/bin/ceph: stderr
2024-02-20T07:49:22.021+0000 7fbd2ae29700 1 -- 172.21.15.163:0/1296084322 >> 172.21.15.163:0/1296084322 conn(0x7fbd24101020 msgr2=0x7fbd24103450 unknown :-1 s=STATE_NONE l=0).mark_down
2024-02-20T07:49:22.846 INFO:teuthology.orchestra.run.smithi163.stdout:/usr/bin/ceph: stderr
2024-02-20T07:49:22.021+0000 7fbd2ae29700 1 -- 172.21.15.163:0/1296084322 shutdown_connections
2024-02-20T07:49:22.846 INFO:teuthology.orchestra.run.smithi163.stdout:/usr/bin/ceph: stderr
2024-02-20T07:49:22.021+0000 7fbd2ae29700 1 -- 172.21.15.163:0/1296084322 wait complete.
2024-02-20T07:49:22.847 INFO:teuthology.orchestra.run.smithi163.stdout:/usr/bin/ceph: stderr
2024-02-20T07:49:22.022+0000 7fbd2ae29700 1 Processor -- start
2024-02-20T07:49:22.847 INFO:teuthology.orchestra.run.smithi163.stdout:/usr/bin/ceph: stderr
2024-02-20T07:49:22.022+0000 7fbd2ae29700 1 -- start start
2024-02-20T07:49:22.847 INFO:teuthology.orchestra.run.smithi163.stdout:/usr/bin/ceph: stderr
2024-02-20T07:49:22.022+0000 7fbd2ae29700 1 --2- >> [v2:172.21.15.163:3300/0,v1:172.21.15.163:6789/0] conn(0x7fbd241059d0 0x7fbd2407bc20 unknown :-1 s=NONE pgs=0 cs=0 l=1 rev1=0 crypto rx=0 tx=0 comp rx=0 tx=0).connect
2024-02-20T07:49:22.847 INFO:teuthology.orchestra.run.smithi163.stdout:/usr/bin/ceph: stderr
2024-02-20T07:49:22.022+0000 7fbd2ae29700 1 -- --> [v2:172.21.15.163:3300/0,v1:172.21.15.163:6789/0] -- mon_getmap magic: 0 v1 -- 0x7fbd2407c160 con 0x7fbd241059d0
2024-02-20T07:49:22.847 INFO:teuthology.orchestra.run.smithi163.stdout:/usr/bin/ceph: stderr
2024-02-20T07:49:22.022+0000 7fbd28bc5700 1 --2- >> [v2:172.21.15.163:3300/0,v1:172.21.15.163:6789/0] conn(0x7fbd241059d0 0x7fbd2407bc20 unknown :-1 s=BANNER_CONNECTING pgs=0 cs=0 l=1 rev1=0 crypto rx=0 tx=0 comp rx=0 tx=0)._handle_peer_banner_payload supported=3 required=0
2024-02-20T07:49:22.847 INFO:teuthology.orchestra.run.smithi163.stdout:/usr/bin/ceph: stderr
2024-02-20T07:49:22.022+0000 7fbd28bc5700 1 --2- >> [v2:172.21.15.163:3300/0,v1:172.21.15.163:6789/0] conn(0x7fbd241059d0 0x7fbd2407bc20 unknown :-1 s=HELLO_CONNECTING pgs=0 cs=0 l=1 rev1=1 crypto rx=0 tx=0 comp rx=0 tx=0).handle_hello peer v2:172.21.15.163:3300/0 says I am v2:172.21.15.163:44058/0 (socket says 172.21.15.163:44058)
2024-02-20T07:49:22.847 INFO:teuthology.orchestra.run.smithi163.stdout:/usr/bin/ceph: stderr
2024-02-20T07:49:22.022+0000 7fbd28bc5700 1 -- 172.21.15.163:0/2540707801 learned_addr learned my addr 172.21.15.163:0/2540707801 (peer_addr_for_me v2:172.21.15.163:0/0)
2024-02-20T07:49:22.847 INFO:teuthology.orchestra.run.smithi163.stdout:/usr/bin/ceph: stderr
