2024-02-20T07:49:02.670+0000 7f38eaffd700 1 --2- >> [v2:172.21.15.163:3300/0,v1:172.21.15.163:6789/0] conn(0x7f38ec106530 0x7f38ec1996f0 unknown :-1 s=BANNER_CONNECTING pgs=0 cs=0 l=1 rev1=0 crypto rx=0 tx=0 comp rx=0 tx=0)._handle_peer_banner_payload supported=3 required=0
2024-02-20T07:49:03.452 INFO:teuthology.orchestra.run.smithi163.stdout:/usr/bin/ceph: stderr
2024-02-20T07:49:02.670+0000 7f38eaffd700 1 --2- >> [v2:172.21.15.163:3300/0,v1:172.21.15.163:6789/0] conn(0x7f38ec106530 0x7f38ec1996f0 unknown :-1 s=HELLO_CONNECTING pgs=0 cs=0 l=1 rev1=1 crypto rx=0 tx=0 comp rx=0 tx=0).handle_hello peer v2:172.21.15.163:3300/0 says I am v2:172.21.15.163:32812/0 (socket says 172.21.15.163:32812)
2024-02-20T07:49:03.452 INFO:teuthology.orchestra.run.smithi163.stdout:/usr/bin/ceph: stderr
2024-02-20T07:49:02.670+0000 7f38eaffd700 1 -- 172.21.15.163:0/924207078 learned_addr learned my addr 172.21.15.163:0/924207078 (peer_addr_for_me v2:172.21.15.163:0/0)
2024-02-20T07:49:03.453 INFO:teuthology.orchestra.run.smithi163.stdout:/usr/bin/ceph: stderr
2024-02-20T07:49:02.670+0000 7f38eaffd700 1 -- 172.21.15.163:0/924207078 --> [v2:172.21.15.163:3300/0,v1:172.21.15.163:6789/0] -- mon_subscribe({config=0+,monmap=0+}) v3 -- 0x7f38e4009550 con 0x7f38ec106530
2024-02-20T07:49:03.453 INFO:teuthology.orchestra.run.smithi163.stdout:/usr/bin/ceph: stderr
2024-02-20T07:49:02.670+0000 7f38eaffd700 1 --2- 172.21.15.163:0/924207078 >> [v2:172.21.15.163:3300/0,v1:172.21.15.163:6789/0] conn(0x7f38ec106530 0x7f38ec1996f0 secure :-1 s=READY pgs=36 cs=0 l=1 rev1=1 crypto rx=0x7f38e4003de0 tx=0x7f38e4011ab0 comp rx=0 tx=0).ready entity=mon.0 client_cookie=0 server_cookie=0 in_seq=0 out_seq=0
2024-02-20T07:49:03.453 INFO:teuthology.orchestra.run.smithi163.stdout:/usr/bin/ceph: stderr
2024-02-20T07:49:02.670+0000 7f38e3fff700 1 -- 172.21.15.163:0/924207078 <== mon.0 v2:172.21.15.163:3300/0 1 ==== mon_map magic: 0 v1 ==== 229+0+0 (secure 0 0 0) 0x7f38e4003930 con 0x7f38ec106530
2024-02-20T07:49:03.453 INFO:teuthology.orchestra.run.smithi163.stdout:/usr/bin/ceph: stderr
2024-02-20T07:49:02.670+0000 7f38f1520700 1 -- 172.21.15.163:0/924207078 --> [v2:172.21.15.163:3300/0,v1:172.21.15.163:6789/0] -- mon_subscribe({mgrmap=0+}) v3 -- 0x7f38ec199e90 con 0x7f38ec106530
2024-02-20T07:49:03.453 INFO:teuthology.orchestra.run.smithi163.stdout:/usr/bin/ceph: stderr
2024-02-20T07:49:02.670+0000 7f38e3fff700 1 -- 172.21.15.163:0/924207078 <== mon.0 v2:172.21.15.163:3300/0 2 ==== config(27 keys) v1 ==== 1037+0+0 (secure 0 0 0) 0x7f38e4003a90 con 0x7f38ec106530
2024-02-20T07:49:03.453 INFO:teuthology.orchestra.run.smithi163.stdout:/usr/bin/ceph: stderr
2024-02-20T07:49:02.671+0000 7f38e3fff700 1 -- 172.21.15.163:0/924207078 <== mon.0 v2:172.21.15.163:3300/0 3 ==== mon_map magic: 0 v1 ==== 229+0+0 (secure 0 0 0) 0x7f38e4019690 con 0x7f38ec106530
2024-02-20T07:49:03.453 INFO:teuthology.orchestra.run.smithi163.stdout:/usr/bin/ceph: stderr
2024-02-20T07:49:02.671+0000 7f38f1520700 1 -- 172.21.15.163:0/924207078 --> [v2:172.21.15.163:3300/0,v1:172.21.15.163:6789/0] -- mon_subscribe({osdmap=0}) v3 -- 0x7f38ec19cc90 con 0x7f38ec106530
2024-02-20T07:49:03.453 INFO:teuthology.orchestra.run.smithi163.stdout:/usr/bin/ceph: stderr
2024-02-20T07:49:02.671+0000 7f38e3fff700 1 -- 172.21.15.163:0/924207078 <== mon.0 v2:172.21.15.163:3300/0 4 ==== mgrmap(e 8) v1 ==== 45084+0+0 (secure 0 0 0) 0x7f38e401abc0 con 0x7f38ec106530
2024-02-20T07:49:03.453 INFO:teuthology.orchestra.run.smithi163.stdout:/usr/bin/ceph: stderr
2024-02-20T07:49:02.672+0000 7f38e3fff700 1 --2- 172.21.15.163:0/924207078 >> [v2:172.21.15.163:6800/4143026534,v1:172.21.15.163:6801/4143026534] conn(0x7f38d80383f0 0x7f38d803a8a0 unknown :-1 s=NONE pgs=0 cs=0 l=1 rev1=0 crypto rx=0 tx=0 comp rx=0 tx=0).connect
2024-02-20T07:49:03.453 INFO:teuthology.orchestra.run.smithi163.stdout:/usr/bin/ceph: stderr
2024-02-20T07:49:02.672+0000 7f38e3fff700 1 -- 172.21.15.163:0/924207078 <== mon.0 v2:172.21.15.163:3300/0 5 ==== osd_map(2..2 src has 1..2) v4 ==== 940+0+0 (secure 0 0 0) 0x7f38e404c390 con 0x7f38ec106530
2024-02-20T07:49:03.453 INFO:teuthology.orchestra.run.smithi163.stdout:/usr/bin/ceph: stderr
2024-02-20T07:49:02.672+0000 7f38f1520700 1 -- 172.21.15.163:0/924207078 --> [v2:172.21.15.163:3300/0,v1:172.21.15.163:6789/0] -- mon_command({"prefix": "get_command_descriptions"} v 0) v1 -- 0x7f38ec062380 con 0x7f38ec106530
2024-02-20T07:49:03.453 INFO:teuthology.orchestra.run.smithi163.stdout:/usr/bin/ceph: stderr
2024-02-20T07:49:02.672+0000 7f38ea7fc700 1 --2- 172.21.15.163:0/924207078 >> [v2:172.21.15.163:6800/4143026534,v1:172.21.15.163:6801/4143026534] conn(0x7f38d80383f0 0x7f38d803a8a0 unknown :-1 s=BANNER_CONNECTING pgs=0 cs=0 l=1 rev1=0 crypto rx=0 tx=0 comp rx=0 tx=0)._handle_peer_banner_payload supported=3 required=0
2024-02-20T07:49:03.453 INFO:teuthology.orchestra.run.smithi163.stdout:/usr/bin/ceph: stderr
2024-02-20T07:49:02.672+0000 7f38ea7fc700 1 --2- 172.21.15.163:0/924207078 >> [v2:172.21.15.163:6800/4143026534,v1:172.21.15.163:6801/4143026534] conn(0x7f38d80383f0 0x7f38d803a8a0 secure :-1 s=READY pgs=7 cs=0 l=1 rev1=1 crypto rx=0x7f38d4006fd0 tx=0x7f38d4006e40 comp rx=0 tx=0).ready entity=mgr.14118 client_cookie=0 server_cookie=0 in_seq=0 out_seq=0
2024-02-20T07:49:03.453 INFO:teuthology.orchestra.run.smithi163.stdout:/usr/bin/ceph: stderr
2024-02-20T07:49:02.677+0000 7f38e3fff700 1 -- 172.21.15.163:0/924207078 <== mon.0 v2:172.21.15.163:3300/0 6 ==== mon_command_ack([{"prefix": "get_command_descriptions"}]=0 v0) v1 ==== 72+0+177933 (secure 0 0 0) 0x7f38e401a430 con 0x7f38ec106530
2024-02-20T07:49:03.453 INFO:teuthology.orchestra.run.smithi163.stdout:/usr/bin/ceph: stderr
2024-02-20T07:49:02.880+0000 7f38f1520700 1 -- 172.21.15.163:0/924207078 --> [v2:172.21.15.163:6800/4143026534,v1:172.21.15.163:6801/4143026534] -- mgr_command(tid 0: {"prefix": "orch set backend", "module_name": "cephadm", "target": ["mon-mgr", ""]}) v1 -- 0x7f38ec102210 con 0x7f38d80383f0
2024-02-20T07:49:03.454 INFO:teuthology.orchestra.run.smithi163.stdout:/usr/bin/ceph: stderr
2024-02-20T07:49:02.887+0000 7f38e3fff700 1 -- 172.21.15.163:0/924207078 <== mgr.14118 v2:172.21.15.163:6800/4143026534 1 ==== mgr_command_reply(tid 0: 0 ) v1 ==== 8+0+0 (secure 0 0 0) 0x7f38ec102210 con 0x7f38d80383f0
2024-02-20T07:49:03.454 INFO:teuthology.orchestra.run.smithi163.stdout:/usr/bin/ceph: stderr
2024-02-20T07:49:02.889+0000 7f38f1520700 1 -- 172.21.15.163:0/924207078 >> [v2:172.21.15.163:6800/4143026534,v1:172.21.15.163:6801/4143026534] conn(0x7f38d80383f0 msgr2=0x7f38d803a8a0 secure :-1 s=STATE_CONNECTION_ESTABLISHED l=1).mark_down
2024-02-20T07:49:03.454 INFO:teuthology.orchestra.run.smithi163.stdout:/usr/bin/ceph: stderr
2024-02-20T07:49:02.889+0000 7f38f1520700 1 --2- 172.21.15.163:0/924207078 >> [v2:172.21.15.163:6800/4143026534,v1:172.21.15.163:6801/4143026534] conn(0x7f38d80383f0 0x7f38d803a8a0 secure :-1 s=READY pgs=7 cs=0 l=1 rev1=1 crypto rx=0x7f38d4006fd0 tx=0x7f38d4006e40 comp rx=0 tx=0).stop
2024-02-20T07:49:03.454 INFO:teuthology.orchestra.run.smithi163.stdout:/usr/bin/ceph: stderr
2024-02-20T07:49:02.889+0000 7f38f1520700 1 -- 172.21.15.163:0/924207078 >> [v2:172.21.15.163:3300/0,v1:172.21.15.163:6789/0] conn(0x7f38ec106530 msgr2=0x7f38ec1996f0 secure :-1 s=STATE_CONNECTION_ESTABLISHED l=1).mark_down
2024-02-20T07:49:03.454 INFO:teuthology.orchestra.run.smithi163.stdout:/usr/bin/ceph: stderr
2024-02-20T07:49:02.889+0000 7f38f1520700 1 --2- 172.21.15.163:0/924207078 >> [v2:172.21.15.163:3300/0,v1:172.21.15.163:6789/0] conn(0x7f38ec106530 0x7f38ec1996f0 secure :-1 s=READY pgs=36 cs=0 l=1 rev1=1 crypto rx=0x7f38e4003de0 tx=0x7f38e4011ab0 comp rx=0 tx=0).stop
2024-02-20T07:49:03.454 INFO:teuthology.orchestra.run.smithi163.stdout:/usr/bin/ceph: stderr
2024-02-20T07:49:02.889+0000 7f38f1520700 1 -- 172.21.15.163:0/924207078 shutdown_connections
2024-02-20T07:49:03.454 INFO:teuthology.orchestra.run.smithi163.stdout:/usr/bin/ceph: stderr
2024-02-20T07:49:02.889+0000 7f38f1520700 1 --2- 172.21.15.163:0/924207078 >> [v2:172.21.15.163:6800/4143026534,v1:172.21.15.163:6801/4143026534] conn(0x7f38d80383f0 0x7f38d803a8a0 unknown :-1 s=CLOSED pgs=7 cs=0 l=1 rev1=1 crypto rx=0 tx=0 comp rx=0 tx=0).stop
2024-02-20T07:49:03.454 INFO:teuthology.orchestra.run.smithi163.stdout:/usr/bin/ceph: stderr
2024-02-20T07:49:02.889+0000 7f38f1520700 1 --2- 172.21.15.163:0/924207078 >> [v2:172.21.15.163:3300/0,v1:172.21.15.163:6789/0] conn(0x7f38ec106530 0x7f38ec1996f0 unknown :-1 s=CLOSED pgs=36 cs=0 l=1 rev1=1 crypto rx=0 tx=0 comp rx=0 tx=0).stop
2024-02-20T07:49:03.454 INFO:teuthology.orchestra.run.smithi163.stdout:/usr/bin/ceph: stderr
2024-02-20T07:49:02.889+0000 7f38f1520700 1 -- 172.21.15.163:0/924207078 >> 172.21.15.163:0/924207078 conn(0x7f38ec0fff10 msgr2=0x7f38ec1015b0 unknown :-1 s=STATE_NONE l=0).mark_down
2024-02-20T07:49:03.454 INFO:teuthology.orchestra.run.smithi163.stdout:/usr/bin/ceph: stderr
2024-02-20T07:49:02.889+0000 7f38f1520700 1 -- 172.21.15.163:0/924207078 shutdown_connections
2024-02-20T07:49:03.454 INFO:teuthology.orchestra.run.smithi163.stdout:/usr/bin/ceph: stderr
2024-02-20T07:49:02.889+0000 7f38f1520700 1 -- 172.21.15.163:0/924207078 wait complete.
2024-02-20T07:49:03.745 INFO:journalctl@ceph.mon.smithi163.smithi163.stdout:Feb 20 07:49:03 smithi163 ceph-mon[28920]: mgrmap e8: smithi163.ivrzmk(active, since 2s)
2024-02-20T07:49:03.746 INFO:journalctl@ceph.mon.smithi163.smithi163.stdout:Feb 20 07:49:03 smithi163 ceph-mon[28920]: from='client.14130 -' entity='client.admin' cmd=[{"prefix": "orch set backend", "module_name": "cephadm", "target": ["mon-mgr", ""]}]: dispatch
2024-02-20T07:49:03.746 INFO:journalctl@ceph.mon.smithi163.smithi163.stdout:Feb 20 07:49:03 smithi163 ceph-mon[28920]: from='mgr.14118 172.21.15.163:0/718177389' entity='mgr.smithi163.ivrzmk'
2024-02-20T07:49:03.746 INFO:journalctl@ceph.mon.smithi163.smithi163.stdout:Feb 20 07:49:03 smithi163 ceph-mon[28920]: from='mgr.14118 172.21.15.163:0/718177389' entity='mgr.smithi163.ivrzmk' cmd=[{"prefix": "config dump", "format": "json"}]: dispatch
2024-02-20T07:49:04.649 INFO:teuthology.orchestra.run.smithi163.stdout:/usr/bin/ceph: stdout value unchanged
2024-02-20T07:49:04.649 INFO:teuthology.orchestra.run.smithi163.stdout:/usr/bin/ceph: stderr
2024-02-20T07:49:03.842+0000 7f5bd9063700 1 Processor -- start
2024-02-20T07:49:04.649 INFO:teuthology.orchestra.run.smithi163.stdout:/usr/bin/ceph: stderr
2024-02-20T07:49:03.842+0000 7f5bd9063700 1 -- start start
2024-02-20T07:49:04.649 INFO:teuthology.orchestra.run.smithi163.stdout:/usr/bin/ceph: stderr
2024-02-20T07:49:03.842+0000 7f5bd9063700 1 --2- >> [v2:172.21.15.163:3300/0,v1:172.21.15.163:6789/0] conn(0x7f5bd4104dc0 0x7f5bd41051d0 unknown :-1 s=NONE pgs=0 cs=0 l=0 rev1=0 crypto rx=0 tx=0 comp rx=0 tx=0).connect
2024-02-20T07:49:04.649 INFO:teuthology.orchestra.run.smithi163.stdout:/usr/bin/ceph: stderr
2024-02-20T07:49:03.842+0000 7f5bd9063700 1 -- --> [v2:172.21.15.163:3300/0,v1:172.21.15.163:6789/0] -- mon_getmap magic: 0 v1 -- 0x7f5bd4105710 con 0x7f5bd4104dc0
2024-02-20T07:49:04.649 INFO:teuthology.orchestra.run.smithi163.stdout:/usr/bin/ceph: stderr
2024-02-20T07:49:03.842+0000 7f5bd2d9d700 1 --2- >> [v2:172.21.15.163:3300/0,v1:172.21.15.163:6789/0] conn(0x7f5bd4104dc0 0x7f5bd41051d0 unknown :-1 s=BANNER_CONNECTING pgs=0 cs=0 l=0 rev1=0 crypto rx=0 tx=0 comp rx=0 tx=0)._handle_peer_banner_payload supported=3 required=0
2024-02-20T07:49:04.649 INFO:teuthology.orchestra.run.smithi163.stdout:/usr/bin/ceph: stderr
2024-02-20T07:49:03.842+0000 7f5bd2d9d700 1 --2- >> [v2:172.21.15.163:3300/0,v1:172.21.15.163:6789/0] conn(0x7f5bd4104dc0 0x7f5bd41051d0 unknown :-1 s=HELLO_CONNECTING pgs=0 cs=0 l=0 rev1=1 crypto rx=0 tx=0 comp rx=0 tx=0).handle_hello peer v2:172.21.15.163:3300/0 says I am v2:172.21.15.163:32816/0 (socket says 172.21.15.163:32816)
2024-02-20T07:49:04.649 INFO:teuthology.orchestra.run.smithi163.stdout:/usr/bin/ceph: stderr
2024-02-20T07:49:03.842+0000 7f5bd2d9d700 1 -- 172.21.15.163:0/335519147 learned_addr learned my addr 172.21.15.163:0/335519147 (peer_addr_for_me v2:172.21.15.163:0/0)
2024-02-20T07:49:04.650 INFO:teuthology.orchestra.run.smithi163.stdout:/usr/bin/ceph: stderr
2024-02-20T07:49:03.842+0000 7f5bd2d9d700 1 -- 172.21.15.163:0/335519147 --> [v2:172.21.15.163:3300/0,v1:172.21.15.163:6789/0] -- mon_subscribe({config=0+,monmap=0+}) v3 -- 0x7f5bd4105850 con 0x7f5bd4104dc0
2024-02-20T07:49:04.650 INFO:teuthology.orchestra.run.smithi163.stdout:/usr/bin/ceph: stderr
2024-02-20T07:49:03.842+0000 7f5bd2d9d700 1 --2- 172.21.15.163:0/335519147 >> [v2:172.21.15.163:3300/0,v1:172.21.15.163:6789/0] conn(0x7f5bd4104dc0 0x7f5bd41051d0 secure :-1 s=READY pgs=37 cs=0 l=1 rev1=1 crypto rx=0x7f5bc400bb40 tx=0x7f5bc400be50 comp rx=0 tx=0).ready entity=mon.0 client_cookie=278ba64e6478ea0e server_cookie=0 in_seq=0 out_seq=0
2024-02-20T07:49:04.650 INFO:teuthology.orchestra.run.smithi163.stdout:/usr/bin/ceph: stderr
2024-02-20T07:49:03.843+0000 7f5bd1d9b700 1 -- 172.21.15.163:0/335519147 <== mon.0 v2:172.21.15.163:3300/0 1 ==== mon_map magic: 0 v1 ==== 229+0+0 (secure 0 0 0) 0x7f5bc400dc00 con 0x7f5bd4104dc0
2024-02-20T07:49:04.650 INFO:teuthology.orchestra.run.smithi163.stdout:/usr/bin/ceph: stderr
2024-02-20T07:49:03.843+0000 7f5bd1d9b700 1 -- 172.21.15.163:0/335519147 <== mon.0 v2:172.21.15.163:3300/0 2 ==== config(27 keys) v1 ==== 1037+0+0 (secure 0 0 0) 0x7f5bc40044a0 con 0x7f5bd4104dc0
2024-02-20T07:49:04.650 INFO:teuthology.orchestra.run.smithi163.stdout:/usr/bin/ceph: stderr
2024-02-20T07:49:03.843+0000 7f5bd1d9b700 1 -- 172.21.15.163:0/335519147 <== mon.0 v2:172.21.15.163:3300/0 3 ==== mon_map magic: 0 v1 ==== 229+0+0 (secure 0 0 0) 0x7f5bc4010470 con 0x7f5bd4104dc0
2024-02-20T07:49:04.650 INFO:teuthology.orchestra.run.smithi163.stdout:/usr/bin/ceph: stderr
2024-02-20T07:49:03.843+0000 7f5bd9063700 1 -- 172.21.15.163:0/335519147 >> [v2:172.21.15.163:3300/0,v1:172.21.15.163:6789/0] conn(0x7f5bd4104dc0 msgr2=0x7f5bd41051d0 secure :-1 s=STATE_CONNECTION_ESTABLISHED l=1).mark_down
2024-02-20T07:49:04.650 INFO:teuthology.orchestra.run.smithi163.stdout:/usr/bin/ceph: stderr
2024-02-20T07:49:03.843+0000 7f5bd9063700 1 --2- 172.21.15.163:0/335519147 >> [v2:172.21.15.163:3300/0,v1:172.21.15.163:6789/0] conn(0x7f5bd4104dc0 0x7f5bd41051d0 secure :-1 s=READY pgs=37 cs=0 l=1 rev1=1 crypto rx=0x7f5bc400bb40 tx=0x7f5bc400be50 comp rx=0 tx=0).stop
2024-02-20T07:49:04.650 INFO:teuthology.orchestra.run.smithi163.stdout:/usr/bin/ceph: stderr
2024-02-20T07:49:03.843+0000 7f5bd9063700 1 -- 172.21.15.163:0/335519147 shutdown_connections
2024-02-20T07:49:04.650 INFO:teuthology.orchestra.run.smithi163.stdout:/usr/bin/ceph: stderr
2024-02-20T07:49:03.843+0000 7f5bd9063700 1 --2- 172.21.15.163:0/335519147 >> [v2:172.21.15.163:3300/0,v1:172.21.15.163:6789/0] conn(0x7f5bd4104dc0 0x7f5bd41051d0 unknown :-1 s=CLOSED pgs=37 cs=0 l=1 rev1=1 crypto rx=0 tx=0 comp rx=0 tx=0).stop
2024-02-20T07:49:04.650 INFO:teuthology.orchestra.run.smithi163.stdout:/usr/bin/ceph: stderr
2024-02-20T07:49:03.843+0000 7f5bd9063700 1 -- 172.21.15.163:0/335519147 >> 172.21.15.163:0/335519147 conn(0x7f5bd40ff670 msgr2=0x7f5bd4101ac0 unknown :-1 s=STATE_NONE l=0).mark_down
2024-02-20T07:49:04.650 INFO:teuthology.orchestra.run.smithi163.stdout:/usr/bin/ceph: stderr
2024-02-20T07:49:03.843+0000 7f5bd9063700 1 -- 172.21.15.163:0/335519147 shutdown_connections
2024-02-20T07:49:04.650 INFO:teuthology.orchestra.run.smithi163.stdout:/usr/bin/ceph: stderr
2024-02-20T07:49:03.843+0000 7f5bd9063700 1 -- 172.21.15.163:0/335519147 wait complete.
2024-02-20T07:49:04.650 INFO:teuthology.orchestra.run.smithi163.stdout:/usr/bin/ceph: stderr
2024-02-20T07:49:03.844+0000 7f5bd9063700 1 Processor -- start
2024-02-20T07:49:04.650 INFO:teuthology.orchestra.run.smithi163.stdout:/usr/bin/ceph: stderr
2024-02-20T07:49:03.844+0000 7f5bd9063700 1 -- start start
2024-02-20T07:49:04.651 INFO:teuthology.orchestra.run.smithi163.stdout:/usr/bin/ceph: stderr
2024-02-20T07:49:03.844+0000 7f5bd9063700 1 --2- >> [v2:172.21.15.163:3300/0,v1:172.21.15.163:6789/0] conn(0x7f5bd4104dc0 0x7f5bd419ab10 unknown :-1 s=NONE pgs=0 cs=0 l=1 rev1=0 crypto rx=0 tx=0 comp rx=0 tx=0).connect
2024-02-20T07:49:04.651 INFO:teuthology.orchestra.run.smithi163.stdout:/usr/bin/ceph: stderr
2024-02-20T07:49:03.844+0000 7f5bd9063700 1 -- --> [v2:172.21.15.163:3300/0,v1:172.21.15.163:6789/0] -- mon_getmap magic: 0 v1 -- 0x7f5bd419b050 con 0x7f5bd4104dc0
2024-02-20T07:49:04.651 INFO:teuthology.orchestra.run.smithi163.stdout:/usr/bin/ceph: stderr
2024-02-20T07:49:03.844+0000 7f5bd2d9d700 1 --2- >> [v2:172.21.15.163:3300/0,v1:172.21.15.163:6789/0] conn(0x7f5bd4104dc0 0x7f5bd419ab10 unknown :-1 s=BANNER_CONNECTING pgs=0 cs=0 l=1 rev1=0 crypto rx=0 tx=0 comp rx=0 tx=0)._handle_peer_banner_payload supported=3 required=0
2024-02-20T07:49:04.651 INFO:teuthology.orchestra.run.smithi163.stdout:/usr/bin/ceph: stderr
2024-02-20T07:49:03.844+0000 7f5bd2d9d700 1 --2- >> [v2:172.21.15.163:3300/0,v1:172.21.15.163:6789/0] conn(0x7f5bd4104dc0 0x7f5bd419ab10 unknown :-1 s=HELLO_CONNECTING pgs=0 cs=0 l=1 rev1=1 crypto rx=0 tx=0 comp rx=0 tx=0).handle_hello peer v2:172.21.15.163:3300/0 says I am v2:172.21.15.163:32828/0 (socket says 172.21.15.163:32828)
2024-02-20T07:49:04.651 INFO:teuthology.orchestra.run.smithi163.stdout:/usr/bin/ceph: stderr
2024-02-20T07:49:03.844+0000 7f5bd2d9d700 1 -- 172.21.15.163:0/3945910760 learned_addr learned my addr 172.21.15.163:0/3945910760 (peer_addr_for_me v2:172.21.15.163:0/0)
2024-02-20T07:49:04.651 INFO:teuthology.orchestra.run.smithi163.stdout:/usr/bin/ceph: stderr
2024-02-20T07:49:03.845+0000 7f5bd2d9d700 1 -- 172.21.15.163:0/3945910760 --> [v2:172.21.15.163:3300/0,v1:172.21.15.163:6789/0] -- mon_subscribe({config=0+,monmap=0+}) v3 -- 0x7f5bc400b7f0 con 0x7f5bd4104dc0
2024-02-20T07:49:04.651 INFO:teuthology.orchestra.run.smithi163.stdout:/usr/bin/ceph: stderr
2024-02-20T07:49:03.845+0000 7f5bd2d9d700 1 --2- 172.21.15.163:0/3945910760 >> [v2:172.21.15.163:3300/0,v1:172.21.15.163:6789/0] conn(0x7f5bd4104dc0 0x7f5bd419ab10 secure :-1 s=READY pgs=38 cs=0 l=1 rev1=1 crypto rx=0x7f5bc400d650 tx=0x7f5bc4003cc0 comp rx=0 tx=0).ready entity=mon.0 client_cookie=0 server_cookie=0 in_seq=0 out_seq=0
2024-02-20T07:49:04.651 INFO:teuthology.orchestra.run.smithi163.stdout:/usr/bin/ceph: stderr
2024-02-20T07:49:03.845+0000 7f5bbbfff700 1 -- 172.21.15.163:0/3945910760 <== mon.0 v2:172.21.15.163:3300/0 1 ==== mon_map magic: 0 v1 ==== 229+0+0 (secure 0 0 0) 0x7f5bc4004130 con 0x7f5bd4104dc0
2024-02-20T07:49:04.651 INFO:teuthology.orchestra.run.smithi163.stdout:/usr/bin/ceph: stderr
2024-02-20T07:49:03.845+0000 7f5bbbfff700 1 -- 172.21.15.163:0/3945910760 <== mon.0 v2:172.21.15.163:3300/0 2 ==== config(27 keys) v1 ==== 1037+0+0 (secure 0 0 0) 0x7f5bc4004290 con 0x7f5bd4104dc0
2024-02-20T07:49:04.651 INFO:teuthology.orchestra.run.smithi163.stdout:/usr/bin/ceph: stderr
2024-02-20T07:49:03.845+0000 7f5bbbfff700 1 -- 172.21.15.163:0/3945910760 <== mon.0 v2:172.21.15.163:3300/0 3 ==== mon_map magic: 0 v1 ==== 229+0+0 (secure 0 0 0) 0x7f5bc40219f0 con 0x7f5bd4104dc0
2024-02-20T07:49:04.651 INFO:teuthology.orchestra.run.smithi163.stdout:/usr/bin/ceph: stderr
2024-02-20T07:49:03.845+0000 7f5bd9063700 1 -- 172.21.15.163:0/3945910760 --> [v2:172.21.15.163:3300/0,v1:172.21.15.163:6789/0] -- mon_subscribe({mgrmap=0+}) v3 -- 0x7f5bd419b250 con 0x7f5bd4104dc0
2024-02-20T07:49:04.651 INFO:teuthology.orchestra.run.smithi163.stdout:/usr/bin/ceph: stderr
2024-02-20T07:49:03.845+0000 7f5bd9063700 1 -- 172.21.15.163:0/3945910760 --> [v2:172.21.15.163:3300/0,v1:172.21.15.163:6789/0] -- mon_subscribe({osdmap=0}) v3 -- 0x7f5bd41977c0 con 0x7f5bd4104dc0
2024-02-20T07:49:04.651 INFO:teuthology.orchestra.run.smithi163.stdout:/usr/bin/ceph: stderr
2024-02-20T07:49:03.846+0000 7f5bbbfff700 1 -- 172.21.15.163:0/3945910760 <== mon.0 v2:172.21.15.163:3300/0 4 ==== mgrmap(e 8) v1 ==== 45084+0+0 (secure 0 0 0) 0x7f5bc4021cb0 con 0x7f5bd4104dc0
2024-02-20T07:49:04.651 INFO:teuthology.orchestra.run.smithi163.stdout:/usr/bin/ceph: stderr
2024-02-20T07:49:03.846+0000 7f5bd9063700 1 -- 172.21.15.163:0/3945910760 --> [v2:172.21.15.163:3300/0,v1:172.21.15.163:6789/0] -- mon_command({"prefix": "get_command_descriptions"} v 0) v1 -- 0x7f5bd419b3e0 con 0x7f5bd4104dc0
2024-02-20T07:49:04.652 INFO:teuthology.orchestra.run.smithi163.stdout:/usr/bin/ceph: stderr
2024-02-20T07:49:03.846+0000 7f5bbbfff700 1 --2- 172.21.15.163:0/3945910760 >> [v2:172.21.15.163:6800/4143026534,v1:172.21.15.163:6801/4143026534] conn(0x7f5bbc0383b0 0x7f5bbc03a860 unknown :-1 s=NONE pgs=0 cs=0 l=1 rev1=0 crypto rx=0 tx=0 comp rx=0 tx=0).connect
2024-02-20T07:49:04.652 INFO:teuthology.orchestra.run.smithi163.stdout:/usr/bin/ceph: stderr
2024-02-20T07:49:03.846+0000 7f5bbbfff700 1 -- 172.21.15.163:0/3945910760 <== mon.0 v2:172.21.15.163:3300/0 5 ==== osd_map(2..2 src has 1..2) v4 ==== 940+0+0 (secure 0 0 0) 0x7f5bc404c5e0 con 0x7f5bd4104dc0
2024-02-20T07:49:04.652 INFO:teuthology.orchestra.run.smithi163.stdout:/usr/bin/ceph: stderr
2024-02-20T07:49:03.846+0000 7f5bd259c700 1 --2- 172.21.15.163:0/3945910760 >> [v2:172.21.15.163:6800/4143026534,v1:172.21.15.163:6801/4143026534] conn(0x7f5bbc0383b0 0x7f5bbc03a860 unknown :-1 s=BANNER_CONNECTING pgs=0 cs=0 l=1 rev1=0 crypto rx=0 tx=0 comp rx=0 tx=0)._handle_peer_banner_payload supported=3 required=0
2024-02-20T07:49:04.652 INFO:teuthology.orchestra.run.smithi163.stdout:/usr/bin/ceph: stderr
2024-02-20T07:49:03.846+0000 7f5bd259c700 1 --2- 172.21.15.163:0/3945910760 >> [v2:172.21.15.163:6800/4143026534,v1:172.21.15.163:6801/4143026534] conn(0x7f5bbc0383b0 0x7f5bbc03a860 secure :-1 s=READY pgs=8 cs=0 l=1 rev1=1 crypto rx=0x7f5bc8006fd0 tx=0x7f5bc8006e40 comp rx=0 tx=0).ready entity=mgr.14118 client_cookie=0 server_cookie=0 in_seq=0 out_seq=0
2024-02-20T07:49:04.652 INFO:teuthology.orchestra.run.smithi163.stdout:/usr/bin/ceph: stderr
2024-02-20T07:49:03.851+0000 7f5bbbfff700 1 -- 172.21.15.163:0/3945910760 <== mon.0 v2:172.21.15.163:3300/0 6 ==== mon_command_ack([{"prefix": "get_command_descriptions"}]=0 v0) v1 ==== 72+0+177933 (secure 0 0 0) 0x7f5bc400e770 con 0x7f5bd4104dc0
2024-02-20T07:49:04.652 INFO:teuthology.orchestra.run.smithi163.stdout:/usr/bin/ceph: stderr
2024-02-20T07:49:04.042+0000 7f5bd9063700 1 -- 172.21.15.163:0/3945910760 --> [v2:172.21.15.163:6800/4143026534,v1:172.21.15.163:6801/4143026534] -- mgr_command(tid 0: {"prefix": "cephadm set-user", "user": "root", "target": ["mon-mgr", ""]}) v1 -- 0x7f5bd4062420 con 0x7f5bbc0383b0
2024-02-20T07:49:04.652 INFO:teuthology.orchestra.run.smithi163.stdout:/usr/bin/ceph: stderr
2024-02-20T07:49:04.043+0000 7f5bbbfff700 1 -- 172.21.15.163:0/3945910760 <== mgr.14118 v2:172.21.15.163:6800/4143026534 1 ==== mgr_command_reply(tid 0: 0 ) v1 ==== 8+0+16 (secure 0 0 0) 0x7f5bd4062420 con 0x7f5bbc0383b0
2024-02-20T07:49:04.652 INFO:teuthology.orchestra.run.smithi163.stdout:/usr/bin/ceph: stderr
2024-02-20T07:49:04.045+0000 7f5bd9063700 1 -- 172.21.15.163:0/3945910760 >> [v2:172.21.15.163:6800/4143026534,v1:172.21.15.163:6801/4143026534] conn(0x7f5bbc0383b0 msgr2=0x7f5bbc03a860 secure :-1 s=STATE_CONNECTION_ESTABLISHED l=1).mark_down
2024-02-20T07:49:04.653 INFO:teuthology.orchestra.run.smithi163.stdout:/usr/bin/ceph: stderr
2024-02-20T07:49:04.045+0000 7f5bd9063700 1 --2- 172.21.15.163:0/3945910760 >> [v2:172.21.15.163:6800/4143026534,v1:172.21.15.163:6801/4143026534] conn(0x7f5bbc0383b0 0x7f5bbc03a860 secure :-1 s=READY pgs=8 cs=0 l=1 rev1=1 crypto rx=0x7f5bc8006fd0 tx=0x7f5bc8006e40 comp rx=0 tx=0).stop
2024-02-20T07:49:04.653 INFO:teuthology.orchestra.run.smithi163.stdout:/usr/bin/ceph: stderr
2024-02-20T07:49:04.045+0000 7f5bd9063700 1 -- 172.21.15.163:0/3945910760 >> [v2:172.21.15.163:3300/0,v1:172.21.15.163:6789/0] conn(0x7f5bd4104dc0 msgr2=0x7f5bd419ab10 secure :-1 s=STATE_CONNECTION_ESTABLISHED l=1).mark_down
2024-02-20T07:49:04.653 INFO:teuthology.orchestra.run.smithi163.stdout:/usr/bin/ceph: stderr
2024-02-20T07:49:04.045+0000 7f5bd9063700 1 --2- 172.21.15.163:0/3945910760 >> [v2:172.21.15.163:3300/0,v1:172.21.15.163:6789/0] conn(0x7f5bd4104dc0 0x7f5bd419ab10 secure :-1 s=READY pgs=38 cs=0 l=1 rev1=1 crypto rx=0x7f5bc400d650 tx=0x7f5bc4003cc0 comp rx=0 tx=0).stop
2024-02-20T07:49:04.653 INFO:teuthology.orchestra.run.smithi163.stdout:/usr/bin/ceph: stderr
2024-02-20T07:49:04.045+0000 7f5bd9063700 1 -- 172.21.15.163:0/3945910760 shutdown_connections
2024-02-20T07:49:04.653 INFO:teuthology.orchestra.run.smithi163.stdout:/usr/bin/ceph: stderr
2024-02-20T07:49:04.045+0000 7f5bd9063700 1 --2- 172.21.15.163:0/3945910760 >> [v2:172.21.15.163:6800/4143026534,v1:172.21.15.163:6801/4143026534] conn(0x7f5bbc0383b0 0x7f5bbc03a860 unknown :-1 s=CLOSED pgs=8 cs=0 l=1 rev1=1 crypto rx=0 tx=0 comp rx=0 tx=0).stop
2024-02-20T07:49:04.653 INFO:teuthology.orchestra.run.smithi163.stdout:/usr/bin/ceph: stderr
2024-02-20T07:49:04.045+0000 7f5bd9063700 1 --2- 172.21.15.163:0/3945910760 >> [v2:172.21.15.163:3300/0,v1:172.21.15.163:6789/0] conn(0x7f5bd4104dc0 0x7f5bd419ab10 unknown :-1 s=CLOSED pgs=38 cs=0 l=1 rev1=1 crypto rx=0 tx=0 comp rx=0 tx=0).stop
2024-02-20T07:49:04.653 INFO:teuthology.orchestra.run.smithi163.stdout:/usr/bin/ceph: stderr
2024-02-20T07:49:04.045+0000 7f5bd9063700 1 -- 172.21.15.163:0/3945910760 >> 172.21.15.163:0/3945910760 conn(0x7f5bd40ff670 msgr2=0x7f5bd418e350 unknown :-1 s=STATE_NONE l=0).mark_down
2024-02-20T07:49:04.653 INFO:teuthology.orchestra.run.smithi163.stdout:/usr/bin/ceph: stderr
2024-02-20T07:49:04.045+0000 7f5bd9063700 1 -- 172.21.15.163:0/3945910760 shutdown_connections
2024-02-20T07:49:04.653 INFO:teuthology.orchestra.run.smithi163.stdout:/usr/bin/ceph: stderr
2024-02-20T07:49:04.045+0000 7f5bd9063700 1 -- 172.21.15.163:0/3945910760 wait complete.
2024-02-20T07:49:04.653 INFO:teuthology.orchestra.run.smithi163.stdout:Generating ssh key...
2024-02-20T07:49:05.256 INFO:journalctl@ceph.mon.smithi163.smithi163.stdout:Feb 20 07:49:05 smithi163 ceph-mon[28920]: from='client.14132 -' entity='client.admin' cmd=[{"prefix": "cephadm set-user", "user": "root", "target": ["mon-mgr", ""]}]: dispatch
2024-02-20T07:49:05.963 INFO:teuthology.orchestra.run.smithi163.stdout:/usr/bin/ceph: stderr
2024-02-20T07:49:05.056+0000 7f9cfa4eb700 1 Processor -- start
2024-02-20T07:49:05.963 INFO:teuthology.orchestra.run.smithi163.stdout:/usr/bin/ceph: stderr
2024-02-20T07:49:05.056+0000 7f9cfa4eb700 1 -- start start
2024-02-20T07:49:05.963 INFO:teuthology.orchestra.run.smithi163.stdout:/usr/bin/ceph: stderr
2024-02-20T07:49:05.056+0000 7f9cfa4eb700 1 --2- >> [v2:172.21.15.163:3300/0,v1:172.21.15.163:6789/0] conn(0x7f9cf41059b0 0x7f9cf4105dc0 unknown :-1 s=NONE pgs=0 cs=0 l=0 rev1=0 crypto rx=0 tx=0 comp rx=0 tx=0).connect
2024-02-20T07:49:05.963 INFO:teuthology.orchestra.run.smithi163.stdout:/usr/bin/ceph: stderr
2024-02-20T07:49:05.057+0000 7f9cfa4eb700 1 -- --> [v2:172.21.15.163:3300/0,v1:172.21.15.163:6789/0] -- mon_getmap magic: 0 v1 -- 0x7f9cf4106300 con 0x7f9cf41059b0
2024-02-20T07:49:05.963 INFO:teuthology.orchestra.run.smithi163.stdout:/usr/bin/ceph: stderr
2024-02-20T07:49:05.057+0000 7f9cf3fff700 1 --2- >> [v2:172.21.15.163:3300/0,v1:172.21.15.163:6789/0] conn(0x7f9cf41059b0 0x7f9cf4105dc0 unknown :-1 s=BANNER_CONNECTING pgs=0 cs=0 l=0 rev1=0 crypto rx=0 tx=0 comp rx=0 tx=0)._handle_peer_banner_payload supported=3 required=0
2024-02-20T07:49:05.964 INFO:teuthology.orchestra.run.smithi163.stdout:/usr/bin/ceph: stderr
2024-02-20T07:49:05.057+0000 7f9cf3fff700 1 --2- >> [v2:172.21.15.163:3300/0,v1:172.21.15.163:6789/0] conn(0x7f9cf41059b0 0x7f9cf4105dc0 unknown :-1 s=HELLO_CONNECTING pgs=0 cs=0 l=0 rev1=1 crypto rx=0 tx=0 comp rx=0 tx=0).handle_hello peer v2:172.21.15.163:3300/0 says I am v2:172.21.15.163:32832/0 (socket says 172.21.15.163:32832)
2024-02-20T07:49:05.964 INFO:teuthology.orchestra.run.smithi163.stdout:/usr/bin/ceph: stderr
2024-02-20T07:49:05.057+0000 7f9cf3fff700 1 -- 172.21.15.163:0/3164243750 learned_addr learned my addr 172.21.15.163:0/3164243750 (peer_addr_for_me v2:172.21.15.163:0/0)
2024-02-20T07:49:05.964 INFO:teuthology.orchestra.run.smithi163.stdout:/usr/bin/ceph: stderr
2024-02-20T07:49:05.057+0000 7f9cf3fff700 1 -- 172.21.15.163:0/3164243750 --> [v2:172.21.15.163:3300/0,v1:172.21.15.163:6789/0] -- mon_subscribe({config=0+,monmap=0+}) v3 -- 0x7f9cf4106440 con 0x7f9cf41059b0
2024-02-20T07:49:05.964 INFO:teuthology.orchestra.run.smithi163.stdout:/usr/bin/ceph: stderr
2024-02-20T07:49:05.057+0000 7f9cf3fff700 1 --2- 172.21.15.163:0/3164243750 >> [v2:172.21.15.163:3300/0,v1:172.21.15.163:6789/0] conn(0x7f9cf41059b0 0x7f9cf4105dc0 secure :-1 s=READY pgs=39 cs=0 l=1 rev1=1 crypto rx=0x7f9ce40098a0 tx=0x7f9ce4009bb0 comp rx=0 tx=0).ready entity=mon.0 client_cookie=c2a5c0ee15a6e6f2 server_cookie=0 in_seq=0 out_seq=0
2024-02-20T07:49:05.964 INFO:teuthology.orchestra.run.smithi163.stdout:/usr/bin/ceph: stderr
2024-02-20T07:49:05.057+0000 7f9cf2ffd700 1 -- 172.21.15.163:0/3164243750 <== mon.0 v2:172.21.15.163:3300/0 1 ==== mon_map magic: 0 v1 ==== 229+0+0 (secure 0 0 0) 0x7f9ce4004180 con 0x7f9cf41059b0
2024-02-20T07:49:05.964 INFO:teuthology.orchestra.run.smithi163.stdout:/usr/bin/ceph: stderr
2024-02-20T07:49:05.057+0000 7f9cf2ffd700 1 -- 172.21.15.163:0/3164243750 <== mon.0 v2:172.21.15.163:3300/0 2 ==== config(27 keys) v1 ==== 1037+0+0 (secure 0 0 0) 0x7f9ce40042e0 con 0x7f9cf41059b0
2024-02-20T07:49:05.964 INFO:teuthology.orchestra.run.smithi163.stdout:/usr/bin/ceph: stderr
2024-02-20T07:49:05.057+0000 7f9cf2ffd700 1 -- 172.21.15.163:0/3164243750 <== mon.0 v2:172.21.15.163:3300/0 3 ==== mon_map magic: 0 v1 ==== 229+0+0 (secure 0 0 0) 0x7f9ce4011a50 con 0x7f9cf41059b0
2024-02-20T07:49:05.964 INFO:teuthology.orchestra.run.smithi163.stdout:/usr/bin/ceph: stderr
2024-02-20T07:49:05.058+0000 7f9cfa4eb700 1 -- 172.21.15.163:0/3164243750 >> [v2:172.21.15.163:3300/0,v1:172.21.15.163:6789/0] conn(0x7f9cf41059b0 msgr2=0x7f9cf4105dc0 secure :-1 s=STATE_CONNECTION_ESTABLISHED l=1).mark_down
2024-02-20T07:49:05.964 INFO:teuthology.orchestra.run.smithi163.stdout:/usr/bin/ceph: stderr
2024-02-20T07:49:05.058+0000 7f9cfa4eb700 1 --2- 172.21.15.163:0/3164243750 >> [v2:172.21.15.163:3300/0,v1:172.21.15.163:6789/0] conn(0x7f9cf41059b0 0x7f9cf4105dc0 secure :-1 s=READY pgs=39 cs=0 l=1 rev1=1 crypto rx=0x7f9ce40098a0 tx=0x7f9ce4009bb0 comp rx=0 tx=0).stop
2024-02-20T07:49:05.964 INFO:teuthology.orchestra.run.smithi163.stdout:/usr/bin/ceph: stderr
2024-02-20T07:49:05.058+0000 7f9cfa4eb700 1 -- 172.21.15.163:0/3164243750 shutdown_connections
2024-02-20T07:49:05.964 INFO:teuthology.orchestra.run.smithi163.stdout:/usr/bin/ceph: stderr
2024-02-20T07:49:05.058+0000 7f9cfa4eb700 1 --2- 172.21.15.163:0/3164243750 >> [v2:172.21.15.163:3300/0,v1:172.21.15.163:6789/0] conn(0x7f9cf41059b0 0x7f9cf4105dc0 unknown :-1 s=CLOSED pgs=39 cs=0 l=1 rev1=1 crypto rx=0 tx=0 comp rx=0 tx=0).stop
2024-02-20T07:49:05.964 INFO:teuthology.orchestra.run.smithi163.stdout:/usr/bin/ceph: stderr
2024-02-20T07:49:05.058+0000 7f9cfa4eb700 1 -- 172.21.15.163:0/3164243750 >> 172.21.15.163:0/3164243750 conn(0x7f9cf4101020 msgr2=0x7f9cf4103430 unknown :-1 s=STATE_NONE l=0).mark_down
2024-02-20T07:49:05.964 INFO:teuthology.orchestra.run.smithi163.stdout:/usr/bin/ceph: stderr
2024-02-20T07:49:05.058+0000 7f9cfa4eb700 1 -- 172.21.15.163:0/3164243750 shutdown_connections
2024-02-20T07:49:05.965 INFO:teuthology.orchestra.run.smithi163.stdout:/usr/bin/ceph: stderr
2024-02-20T07:49:05.058+0000 7f9cfa4eb700 1 -- 172.21.15.163:0/3164243750 wait complete.
2024-02-20T07:49:05.965 INFO:teuthology.orchestra.run.smithi163.stdout:/usr/bin/ceph: stderr
2024-02-20T07:49:05.059+0000 7f9cfa4eb700 1 Processor -- start
2024-02-20T07:49:05.965 INFO:teuthology.orchestra.run.smithi163.stdout:/usr/bin/ceph: stderr
2024-02-20T07:49:05.059+0000 7f9cfa4eb700 1 -- start start
2024-02-20T07:49:05.965 INFO:teuthology.orchestra.run.smithi163.stdout:/usr/bin/ceph: stderr
2024-02-20T07:49:05.059+0000 7f9cfa4eb700 1 --2- >> [v2:172.21.15.163:3300/0,v1:172.21.15.163:6789/0] conn(0x7f9cf41059b0 0x7f9cf407bc20 unknown :-1 s=NONE pgs=0 cs=0 l=1 rev1=0 crypto rx=0 tx=0 comp rx=0 tx=0).connect
2024-02-20T07:49:05.965 INFO:teuthology.orchestra.run.smithi163.stdout:/usr/bin/ceph: stderr
2024-02-20T07:49:05.059+0000 7f9cfa4eb700 1 -- --> [v2:172.21.15.163:3300/0,v1:172.21.15.163:6789/0] -- mon_getmap magic: 0 v1 -- 0x7f9cf407c160 con 0x7f9cf41059b0
2024-02-20T07:49:05.965 INFO:teuthology.orchestra.run.smithi163.stdout:/usr/bin/ceph: stderr
2024-02-20T07:49:05.059+0000 7f9cf3fff700 1 --2- >> [v2:172.21.15.163:3300/0,v1:172.21.15.163:6789/0] conn(0x7f9cf41059b0 0x7f9cf407bc20 unknown :-1 s=BANNER_CONNECTING pgs=0 cs=0 l=1 rev1=0 crypto rx=0 tx=0 comp rx=0 tx=0)._handle_peer_banner_payload supported=3 required=0
2024-02-20T07:49:05.965 INFO:teuthology.orchestra.run.smithi163.stdout:/usr/bin/ceph: stderr
2024-02-20T07:49:05.059+0000 7f9cf3fff700 1 --2- >> [v2:172.21.15.163:3300/0,v1:172.21.15.163:6789/0] conn(0x7f9cf41059b0 0x7f9cf407bc20 unknown :-1 s=HELLO_CONNECTING pgs=0 cs=0 l=1 rev1=1 crypto rx=0 tx=0 comp rx=0 tx=0).handle_hello peer v2:172.21.15.163:3300/0 says I am v2:172.21.15.163:32838/0 (socket says 172.21.15.163:32838)
2024-02-20T07:49:05.965 INFO:teuthology.orchestra.run.smithi163.stdout:/usr/bin/ceph: stderr
2024-02-20T07:49:05.059+0000 7f9cf3fff700 1 -- 172.21.15.163:0/4151371337 learned_addr learned my addr 172.21.15.163:0/4151371337 (peer_addr_for_me v2:172.21.15.163:0/0)
2024-02-20T07:49:05.965 INFO:teuthology.orchestra.run.smithi163.stdout:/usr/bin/ceph: stderr
2024-02-20T07:49:05.059+0000 7f9cf3fff700 1 -- 172.21.15.163:0/4151371337 --> [v2:172.21.15.163:3300/0,v1:172.21.15.163:6789/0] -- mon_subscribe({config=0+,monmap=0+}) v3 -- 0x7f9ce4009550 con 0x7f9cf41059b0
2024-02-20T07:49:05.965 INFO:teuthology.orchestra.run.smithi163.stdout:/usr/bin/ceph: stderr
2024-02-20T07:49:05.059+0000 7f9cf3fff700 1 --2- 172.21.15.163:0/4151371337 >> [v2:172.21.15.163:3300/0,v1:172.21.15.163:6789/0] conn(0x7f9cf41059b0 0x7f9cf407bc20 secure :-1 s=READY pgs=40 cs=0 l=1 rev1=1 crypto rx=0x7f9ce4000c00 tx=0x7f9ce4011ab0 comp rx=0 tx=0).ready entity=mon.0 client_cookie=0 server_cookie=0 in_seq=0 out_seq=0
2024-02-20T07:49:05.965 INFO:teuthology.orchestra.run.smithi163.stdout:/usr/bin/ceph: stderr
2024-02-20T07:49:05.060+0000 7f9cf17fa700 1 -- 172.21.15.163:0/4151371337 <== mon.0 v2:172.21.15.163:3300/0 1 ==== mon_map magic: 0 v1 ==== 229+0+0 (secure 0 0 0) 0x7f9ce4003b90 con 0x7f9cf41059b0
2024-02-20T07:49:05.965 INFO:teuthology.orchestra.run.smithi163.stdout:/usr/bin/ceph: stderr
2024-02-20T07:49:05.060+0000 7f9cf17fa700 1 -- 172.21.15.163:0/4151371337 <== mon.0 v2:172.21.15.163:3300/0 2 ==== config(27 keys) v1 ==== 1037+0+0 (secure 0 0 0) 0x7f9ce40248b0 con 0x7f9cf41059b0
2024-02-20T07:49:05.965 INFO:teuthology.orchestra.run.smithi163.stdout:/usr/bin/ceph: stderr
2024-02-20T07:49:05.060+0000 7f9cfa4eb700 1 -- 172.21.15.163:0/4151371337 --> [v2:172.21.15.163:3300/0,v1:172.21.15.163:6789/0] -- mon_subscribe({mgrmap=0+}) v3 -- 0x7f9cf407a270 con 0x7f9cf41059b0
2024-02-20T07:49:05.965 INFO:teuthology.orchestra.run.smithi163.stdout:/usr/bin/ceph: stderr
2024-02-20T07:49:05.060+0000 7f9cf17fa700 1 -- 172.21.15.163:0/4151371337 <== mon.0 v2:172.21.15.163:3300/0 3 ==== mon_map magic: 0 v1 ==== 229+0+0 (secure 0 0 0) 0x7f9ce401a8e0 con 0x7f9cf41059b0
2024-02-20T07:49:05.966 INFO:teuthology.orchestra.run.smithi163.stdout:/usr/bin/ceph: stderr
2024-02-20T07:49:05.060+0000 7f9cfa4eb700 1 -- 172.21.15.163:0/4151371337 --> [v2:172.21.15.163:3300/0,v1:172.21.15.163:6789/0] -- mon_subscribe({osdmap=0}) v3 -- 0x7f9cf407a710 con 0x7f9cf41059b0
2024-02-20T07:49:05.966 INFO:teuthology.orchestra.run.smithi163.stdout:/usr/bin/ceph: stderr
2024-02-20T07:49:05.060+0000 7f9cf17fa700 1 -- 172.21.15.163:0/4151371337 <== mon.0 v2:172.21.15.163:3300/0 4 ==== mgrmap(e 8) v1 ==== 45084+0+0 (secure 0 0 0) 0x7f9ce401ab50 con 0x7f9cf41059b0
2024-02-20T07:49:05.966 INFO:teuthology.orchestra.run.smithi163.stdout:/usr/bin/ceph: stderr
2024-02-20T07:49:05.060+0000 7f9cfa4eb700 1 -- 172.21.15.163:0/4151371337 --> [v2:172.21.15.163:3300/0,v1:172.21.15.163:6789/0] -- mon_command({"prefix": "get_command_descriptions"} v 0) v1 -- 0x7f9cf4062380 con 0x7f9cf41059b0
2024-02-20T07:49:05.966 INFO:teuthology.orchestra.run.smithi163.stdout:/usr/bin/ceph: stderr
2024-02-20T07:49:05.061+0000 7f9cf17fa700 1 --2- 172.21.15.163:0/4151371337 >> [v2:172.21.15.163:6800/4143026534,v1:172.21.15.163:6801/4143026534] conn(0x7f9cdc038440 0x7f9cdc03a8f0 unknown :-1 s=NONE pgs=0 cs=0 l=1 rev1=0 crypto rx=0 tx=0 comp rx=0 tx=0).connect
2024-02-20T07:49:05.966 INFO:teuthology.orchestra.run.smithi163.stdout:/usr/bin/ceph: stderr
2024-02-20T07:49:05.061+0000 7f9cf17fa700 1 -- 172.21.15.163:0/4151371337 <== mon.0 v2:172.21.15.163:3300/0 5 ==== osd_map(2..2 src has 1..2) v4 ==== 940+0+0 (secure 0 0 0) 0x7f9ce404c5d0 con 0x7f9cf41059b0
2024-02-20T07:49:05.966 INFO:teuthology.orchestra.run.smithi163.stdout:/usr/bin/ceph: stderr
2024-02-20T07:49:05.061+0000 7f9cf37fe700 1 --2- 172.21.15.163:0/4151371337 >> [v2:172.21.15.163:6800/4143026534,v1:172.21.15.163:6801/4143026534] conn(0x7f9cdc038440 0x7f9cdc03a8f0 unknown :-1 s=BANNER_CONNECTING pgs=0 cs=0 l=1 rev1=0 crypto rx=0 tx=0 comp rx=0 tx=0)._handle_peer_banner_payload supported=3 required=0
2024-02-20T07:49:05.966 INFO:teuthology.orchestra.run.smithi163.stdout:/usr/bin/ceph: stderr
2024-02-20T07:49:05.061+0000 7f9cf37fe700 1 --2- 172.21.15.163:0/4151371337 >> [v2:172.21.15.163:6800/4143026534,v1:172.21.15.163:6801/4143026534] conn(0x7f9cdc038440 0x7f9cdc03a8f0 secure :-1 s=READY pgs=9 cs=0 l=1 rev1=1 crypto rx=0x7f9ce8006fd0 tx=0x7f9ce8006e40 comp rx=0 tx=0).ready entity=mgr.14118 client_cookie=0 server_cookie=0 in_seq=0 out_seq=0
2024-02-20T07:49:05.966 INFO:teuthology.orchestra.run.smithi163.stdout:/usr/bin/ceph: stderr
2024-02-20T07:49:05.065+0000 7f9cf17fa700 1 -- 172.21.15.163:0/4151371337 <== mon.0 v2:172.21.15.163:3300/0 6 ==== mon_command_ack([{"prefix": "get_command_descriptions"}]=0 v0) v1 ==== 72+0+177933 (secure 0 0 0) 0x7f9ce401ae00 con 0x7f9cf41059b0
2024-02-20T07:49:05.966 INFO:teuthology.orchestra.run.smithi163.stdout:/usr/bin/ceph: stderr
2024-02-20T07:49:05.253+0000 7f9cfa4eb700 1 -- 172.21.15.163:0/4151371337 --> [v2:172.21.15.163:6800/4143026534,v1:172.21.15.163:6801/4143026534] -- mgr_command(tid 0: {"prefix": "cephadm generate-key", "target": ["mon-mgr", ""]}) v1 -- 0x7f9cf4102490 con 0x7f9cdc038440
2024-02-20T07:49:05.966 INFO:teuthology.orchestra.run.smithi163.stdout:/usr/bin/ceph: stderr
2024-02-20T07:49:05.360+0000 7f9cf17fa700 1 -- 172.21.15.163:0/4151371337 <== mgr.14118 v2:172.21.15.163:6800/4143026534 1 ==== mgr_command_reply(tid 0: 0 ) v1 ==== 8+0+0 (secure 0 0 0) 0x7f9cf4102490 con 0x7f9cdc038440
2024-02-20T07:49:05.966 INFO:teuthology.orchestra.run.smithi163.stdout:/usr/bin/ceph: stderr
2024-02-20T07:49:05.362+0000 7f9cfa4eb700 1 -- 172.21.15.163:0/4151371337 >> [v2:172.21.15.163:6800/4143026534,v1:172.21.15.163:6801/4143026534] conn(0x7f9cdc038440 msgr2=0x7f9cdc03a8f0 secure :-1 s=STATE_CONNECTION_ESTABLISHED l=1).mark_down
2024-02-20T07:49:05.966 INFO:teuthology.orchestra.run.smithi163.stdout:/usr/bin/ceph: stderr
2024-02-20T07:49:05.362+0000 7f9cfa4eb700 1 --2- 172.21.15.163:0/4151371337 >> [v2:172.21.15.163:6800/4143026534,v1:172.21.15.163:6801/4143026534] conn(0x7f9cdc038440 0x7f9cdc03a8f0 secure :-1 s=READY pgs=9 cs=0 l=1 rev1=1 crypto rx=0x7f9ce8006fd0 tx=0x7f9ce8006e40 comp rx=0 tx=0).stop
2024-02-20T07:49:05.966 INFO:teuthology.orchestra.run.smithi163.stdout:/usr/bin/ceph: stderr
2024-02-20T07:49:05.362+0000 7f9cfa4eb700 1 -- 172.21.15.163:0/4151371337 >> [v2:172.21.15.163:3300/0,v1:172.21.15.163:6789/0] conn(0x7f9cf41059b0 msgr2=0x7f9cf407bc20 secure :-1 s=STATE_CONNECTION_ESTABLISHED l=1).mark_down
2024-02-20T07:49:05.966 INFO:teuthology.orchestra.run.smithi163.stdout:/usr/bin/ceph: stderr
2024-02-20T07:49:05.362+0000 7f9cfa4eb700 1 --2- 172.21.15.163:0/4151371337 >> [v2:172.21.15.163:3300/0,v1:172.21.15.163:6789/0] conn(0x7f9cf41059b0 0x7f9cf407bc20 secure :-1 s=READY pgs=40 cs=0 l=1 rev1=1 crypto rx=0x7f9ce4000c00 tx=0x7f9ce4011ab0 comp rx=0 tx=0).stop
2024-02-20T07:49:05.967 INFO:teuthology.orchestra.run.smithi163.stdout:/usr/bin/ceph: stderr
2024-02-20T07:49:05.362+0000 7f9cfa4eb700 1 -- 172.21.15.163:0/4151371337 shutdown_connections
2024-02-20T07:49:05.967 INFO:teuthology.orchestra.run.smithi163.stdout:/usr/bin/ceph: stderr
2024-02-20T07:49:05.362+0000 7f9cfa4eb700 1 --2- 172.21.15.163:0/4151371337 >> [v2:172.21.15.163:6800/4143026534,v1:172.21.15.163:6801/4143026534] conn(0x7f9cdc038440 0x7f9cdc03a8f0 unknown :-1 s=CLOSED pgs=9 cs=0 l=1 rev1=1 crypto rx=0 tx=0 comp rx=0 tx=0).stop
2024-02-20T07:49:05.967 INFO:teuthology.orchestra.run.smithi163.stdout:/usr/bin/ceph: stderr
2024-02-20T07:49:05.362+0000 7f9cfa4eb700 1 --2- 172.21.15.163:0/4151371337 >> [v2:172.21.15.163:3300/0,v1:172.21.15.163:6789/0] conn(0x7f9cf41059b0 0x7f9cf407bc20 unknown :-1 s=CLOSED pgs=40 cs=0 l=1 rev1=1 crypto rx=0 tx=0 comp rx=0 tx=0).stop
2024-02-20T07:49:05.967 INFO:teuthology.orchestra.run.smithi163.stdout:/usr/bin/ceph: stderr
2024-02-20T07:49:05.362+0000 7f9cfa4eb700 1 -- 172.21.15.163:0/4151371337 >> 172.21.15.163:0/4151371337 conn(0x7f9cf4101020 msgr2=0x7f9cf4101d80 unknown :-1 s=STATE_NONE l=0).mark_down
2024-02-20T07:49:05.967 INFO:teuthology.orchestra.run.smithi163.stdout:/usr/bin/ceph: stderr
2024-02-20T07:49:05.362+0000 7f9cfa4eb700 1 -- 172.21.15.163:0/4151371337 shutdown_connections
2024-02-20T07:49:05.967 INFO:teuthology.orchestra.run.smithi163.stdout:/usr/bin/ceph: stderr
2024-02-20T07:49:05.362+0000 7f9cfa4eb700 1 -- 172.21.15.163:0/4151371337 wait complete.
2024-02-20T07:49:06.687 INFO:journalctl@ceph.mon.smithi163.smithi163.stdout:Feb 20 07:49:06 smithi163 ceph-mon[28920]: from='client.14134 -' entity='client.admin' cmd=[{"prefix": "cephadm generate-key", "target": ["mon-mgr", ""]}]: dispatch
2024-02-20T07:49:06.687 INFO:journalctl@ceph.mon.smithi163.smithi163.stdout:Feb 20 07:49:06 smithi163 ceph-mon[28920]: Generating ssh key...
2024-02-20T07:49:06.687 INFO:journalctl@ceph.mon.smithi163.smithi163.stdout:Feb 20 07:49:06 smithi163 ceph-mon[28920]: from='mgr.14118 172.21.15.163:0/718177389' entity='mgr.smithi163.ivrzmk'
2024-02-20T07:49:06.687 INFO:journalctl@ceph.mon.smithi163.smithi163.stdout:Feb 20 07:49:06 smithi163 ceph-mon[28920]: from='mgr.14118 172.21.15.163:0/718177389' entity='mgr.smithi163.ivrzmk'
2024-02-20T07:49:07.228 INFO:teuthology.orchestra.run.smithi163.stdout:/usr/bin/ceph: stdout ssh-rsa AAAAB3NzaC1yc2EAAAADAQABAAABgQDRq2SIHHBLIDa3amUc71xaoeq4MlqFQf0Dmq8UZpkEnRlEEGzEawo6EnE0pFuULaIcboGnRMVPLQG+Dp1xCh4u/edCfX4Q0pAKNURInqawtpe9ZdGSMIWuQg1MkcLdjewUdsjTr/QrtHJbelPw8blU3KrLCG3jbYgq0hMo71B+1cVsPbCcPm0uvD7XarwidYjOtie2PSqTKoY9i53M2MFGg3hntMlGUiddFpeHV8JIpbuODXQBB7KnJ5QK00TeB/nczBfZSH7x+ED2HDRhYVUPJgbgU0SVc61EDpIzVEPqjMAbdkSr7cwfc+AOwzjteOGsruQDEhRay5xFFGxpIRTLOhWwZNJjFEUd0FGs+3Q6ccCHlFwVHDMGP747c/V6GWE3vUBitAOT7g95jiTVe51mr2eajkdEQV6bf2c1TYUWGTuqMJ0dmp9RWPRtrZSGV3vHzx8SN8v23A7+dhQfIHoTvfCDz/r+tI8ob4mETqN5OQeJdlkpWWRJcLk9g/UBaxM= ceph-59a50540-cfc4-11ee-95bb-87774f69a715
2024-02-20T07:49:07.228 INFO:teuthology.orchestra.run.smithi163.stdout:/usr/bin/ceph: stderr
2024-02-20T07:49:06.380+0000 7f72eb8a1700 1 Processor -- start
2024-02-20T07:49:07.228 INFO:teuthology.orchestra.run.smithi163.stdout:/usr/bin/ceph: stderr
2024-02-20T07:49:06.380+0000 7f72eb8a1700 1 -- start start
2024-02-20T07:49:07.228 INFO:teuthology.orchestra.run.smithi163.stdout:/usr/bin/ceph: stderr
2024-02-20T07:49:06.380+0000 7f72eb8a1700 1 --2- >> [v2:172.21.15.163:3300/0,v1:172.21.15.163:6789/0] conn(0x7f72e41059d0 0x7f72e4105de0 unknown :-1 s=NONE pgs=0 cs=0 l=0 rev1=0 crypto rx=0 tx=0 comp rx=0 tx=0).connect
2024-02-20T07:49:07.229 INFO:teuthology.orchestra.run.smithi163.stdout:/usr/bin/ceph: stderr
2024-02-20T07:49:06.380+0000 7f72eb8a1700 1 -- --> [v2:172.21.15.163:3300/0,v1:172.21.15.163:6789/0] -- mon_getmap magic: 0 v1 -- 0x7f72e4106320 con 0x7f72e41059d0
2024-02-20T07:49:07.229 INFO:teuthology.orchestra.run.smithi163.stdout:/usr/bin/ceph: stderr
2024-02-20T07:49:06.381+0000 7f72e963d700 1 --2- >> [v2:172.21.15.163:3300/0,v1:172.21.15.163:6789/0] conn(0x7f72e41059d0 0x7f72e4105de0 unknown :-1 s=BANNER_CONNECTING pgs=0 cs=0 l=0 rev1=0 crypto rx=0 tx=0 comp rx=0 tx=0)._handle_peer_banner_payload supported=3 required=0
2024-02-20T07:49:07.229 INFO:teuthology.orchestra.run.smithi163.stdout:/usr/bin/ceph: stderr
2024-02-20T07:49:06.381+0000 7f72e963d700 1 --2- >> [v2:172.21.15.163:3300/0,v1:172.21.15.163:6789/0] conn(0x7f72e41059d0 0x7f72e4105de0 unknown :-1 s=HELLO_CONNECTING pgs=0 cs=0 l=0 rev1=1 crypto rx=0 tx=0 comp rx=0 tx=0).handle_hello peer v2:172.21.15.163:3300/0 says I am v2:172.21.15.163:32842/0 (socket says 172.21.15.163:32842)
2024-02-20T07:49:07.229 INFO:teuthology.orchestra.run.smithi163.stdout:/usr/bin/ceph: stderr
2024-02-20T07:49:06.381+0000 7f72e963d700 1 -- 172.21.15.163:0/2641661667 learned_addr learned my addr 172.21.15.163:0/2641661667 (peer_addr_for_me v2:172.21.15.163:0/0)
2024-02-20T07:49:07.229 INFO:teuthology.orchestra.run.smithi163.stdout:/usr/bin/ceph: stderr
2024-02-20T07:49:06.381+0000 7f72e963d700 1 -- 172.21.15.163:0/2641661667 --> [v2:172.21.15.163:3300/0,v1:172.21.15.163:6789/0] -- mon_subscribe({config=0+,monmap=0+}) v3 -- 0x7f72e4106460 con 0x7f72e41059d0
2024-02-20T07:49:07.229 INFO:teuthology.orchestra.run.smithi163.stdout:/usr/bin/ceph: stderr
2024-02-20T07:49:06.381+0000 7f72e963d700 1 --2- 172.21.15.163:0/2641661667 >> [v2:172.21.15.163:3300/0,v1:172.21.15.163:6789/0] conn(0x7f72e41059d0 0x7f72e4105de0 secure :-1 s=READY pgs=41 cs=0 l=1 rev1=1 crypto rx=0x7f72e0009870 tx=0x7f72e0009b80 comp rx=0 tx=0).ready entity=mon.0 client_cookie=142a037f53ef97c server_cookie=0 in_seq=0 out_seq=0
2024-02-20T07:49:07.229 INFO:teuthology.orchestra.run.smithi163.stdout:/usr/bin/ceph: stderr
2024-02-20T07:49:06.381+0000 7f72dbfff700 1 -- 172.21.15.163:0/2641661667 <== mon.0 v2:172.21.15.163:3300/0 1 ==== mon_map magic: 0 v1 ==== 229+0+0 (secure 0 0 0) 0x7f72e0005c30 con 0x7f72e41059d0
2024-02-20T07:49:07.229 INFO:teuthology.orchestra.run.smithi163.stdout:/usr/bin/ceph: stderr
2024-02-20T07:49:06.381+0000 7f72dbfff700 1 -- 172.21.15.163:0/2641661667 <== mon.0 v2:172.21.15.163:3300/0 2 ==== config(27 keys) v1 ==== 1037+0+0 (secure 0 0 0) 0x7f72e0005d90 con 0x7f72e41059d0
2024-02-20T07:49:07.229 INFO:teuthology.orchestra.run.smithi163.stdout:/usr/bin/ceph: stderr
2024-02-20T07:49:06.381+0000 7f72dbfff700 1 -- 172.21.15.163:0/2641661667 <== mon.0 v2:172.21.15.163:3300/0 3 ==== mon_map magic: 0 v1 ==== 229+0+0 (secure 0 0 0) 0x7f72e0006030 con 0x7f72e41059d0
2024-02-20T07:49:07.229 INFO:teuthology.orchestra.run.smithi163.stdout:/usr/bin/ceph: stderr
2024-02-20T07:49:06.382+0000 7f72eb8a1700 1 -- 172.21.15.163:0/2641661667 >> [v2:172.21.15.163:3300/0,v1:172.21.15.163:6789/0] conn(0x7f72e41059d0 msgr2=0x7f72e4105de0 secure :-1 s=STATE_CONNECTION_ESTABLISHED l=1).mark_down
2024-02-20T07:49:07.229 INFO:teuthology.orchestra.run.smithi163.stdout:/usr/bin/ceph: stderr
2024-02-20T07:49:06.382+0000 7f72eb8a1700 1 --2- 172.21.15.163:0/2641661667 >> [v2:172.21.15.163:3300/0,v1:172.21.15.163:6789/0] conn(0x7f72e41059d0 0x7f72e4105de0 secure :-1 s=READY pgs=41 cs=0 l=1 rev1=1 crypto rx=0x7f72e0009870 tx=0x7f72e0009b80 comp rx=0 tx=0).stop
2024-02-20T07:49:07.229 INFO:teuthology.orchestra.run.smithi163.stdout:/usr/bin/ceph: stderr
2024-02-20T07:49:06.382+0000 7f72eb8a1700 1 -- 172.21.15.163:0/2641661667 shutdown_connections
2024-02-20T07:49:07.229 INFO:teuthology.orchestra.run.smithi163.stdout:/usr/bin/ceph: stderr
2024-02-20T07:49:06.382+0000 7f72eb8a1700 1 --2- 172.21.15.163:0/2641661667 >> [v2:172.21.15.163:3300/0,v1:172.21.15.163:6789/0] conn(0x7f72e41059d0 0x7f72e4105de0 unknown :-1 s=CLOSED pgs=41 cs=0 l=1 rev1=1 crypto rx=0 tx=0 comp rx=0 tx=0).stop
2024-02-20T07:49:07.230 INFO:teuthology.orchestra.run.smithi163.stdout:/usr/bin/ceph: stderr
2024-02-20T07:49:06.382+0000 7f72eb8a1700 1 -- 172.21.15.163:0/2641661667 >> 172.21.15.163:0/2641661667 conn(0x7f72e4101020 msgr2=0x7f72e4103450 unknown :-1 s=STATE_NONE l=0).mark_down
2024-02-20T07:49:07.230 INFO:teuthology.orchestra.run.smithi163.stdout:/usr/bin/ceph: stderr
2024-02-20T07:49:06.382+0000 7f72eb8a1700 1 -- 172.21.15.163:0/2641661667 shutdown_connections
2024-02-20T07:49:07.230 INFO:teuthology.orchestra.run.smithi163.stdout:/usr/bin/ceph: stderr
2024-02-20T07:49:06.382+0000 7f72eb8a1700 1 -- 172.21.15.163:0/2641661667 wait complete.
2024-02-20T07:49:07.230 INFO:teuthology.orchestra.run.smithi163.stdout:/usr/bin/ceph: stderr
2024-02-20T07:49:06.383+0000 7f72eb8a1700 1 Processor -- start
2024-02-20T07:49:07.230 INFO:teuthology.orchestra.run.smithi163.stdout:/usr/bin/ceph: stderr
2024-02-20T07:49:06.383+0000 7f72eb8a1700 1 -- start start
2024-02-20T07:49:07.230 INFO:teuthology.orchestra.run.smithi163.stdout:/usr/bin/ceph: stderr
2024-02-20T07:49:06.383+0000 7f72eb8a1700 1 --2- >> [v2:172.21.15.163:3300/0,v1:172.21.15.163:6789/0] conn(0x7f72e41059d0 0x7f72e4199660 unknown :-1 s=NONE pgs=0 cs=0 l=1 rev1=0 crypto rx=0 tx=0 comp rx=0 tx=0).connect
2024-02-20T07:49:07.230 INFO:teuthology.orchestra.run.smithi163.stdout:/usr/bin/ceph: stderr
2024-02-20T07:49:06.383+0000 7f72eb8a1700 1 -- --> [v2:172.21.15.163:3300/0,v1:172.21.15.163:6789/0] -- mon_getmap magic: 0 v1 -- 0x7f72e4199ba0 con 0x7f72e41059d0
2024-02-20T07:49:07.230 INFO:teuthology.orchestra.run.smithi163.stdout:/usr/bin/ceph: stderr
2024-02-20T07:49:06.383+0000 7f72e963d700 1 --2- >> [v2:172.21.15.163:3300/0,v1:172.21.15.163:6789/0] conn(0x7f72e41059d0 0x7f72e4199660 unknown :-1 s=BANNER_CONNECTING pgs=0 cs=0 l=1 rev1=0 crypto rx=0 tx=0 comp rx=0 tx=0)._handle_peer_banner_payload supported=3 required=0
2024-02-20T07:49:07.230 INFO:teuthology.orchestra.run.smithi163.stdout:/usr/bin/ceph: stderr
