2024-02-20T07:49:21.827+0000 7f60e77fe700 1 -- 172.21.15.133:0/244986692 --> [v2:172.21.15.133:3300/0,v1:172.21.15.133:6789/0] -- mon_subscribe({config=0+,monmap=0+}) v3 -- 0x7f60e8104810 con 0x7f60e8103d80
2024-02-20T07:49:22.780 INFO:teuthology.orchestra.run.smithi133.stdout:/usr/bin/ceph: stderr
2024-02-20T07:49:21.827+0000 7f60e77fe700 1 --2- 172.21.15.133:0/244986692 >> [v2:172.21.15.133:3300/0,v1:172.21.15.133:6789/0] conn(0x7f60e8103d80 0x7f60e8104190 secure :-1 s=READY pgs=80 cs=0 l=1 rev1=1 crypto rx=0x7f60d80098e0 tx=0x7f60d8009250 comp rx=0 tx=0).ready entity=mon.0 client_cookie=d95c6feda202943f server_cookie=0 in_seq=0 out_seq=0
2024-02-20T07:49:22.780 INFO:teuthology.orchestra.run.smithi133.stdout:/usr/bin/ceph: stderr
2024-02-20T07:49:21.827+0000 7f60e6ffd700 1 -- 172.21.15.133:0/244986692 <== mon.0 v2:172.21.15.133:3300/0 1 ==== mon_map magic: 0 v1 ==== 229+0+0 (secure 0 0 0) 0x7f60d800b860 con 0x7f60e8103d80
2024-02-20T07:49:22.780 INFO:teuthology.orchestra.run.smithi133.stdout:/usr/bin/ceph: stderr
2024-02-20T07:49:21.827+0000 7f60e6ffd700 1 -- 172.21.15.133:0/244986692 <== mon.0 v2:172.21.15.133:3300/0 2 ==== config(27 keys) v1 ==== 1109+0+0 (secure 0 0 0) 0x7f60d800be90 con 0x7f60e8103d80
2024-02-20T07:49:22.780 INFO:teuthology.orchestra.run.smithi133.stdout:/usr/bin/ceph: stderr
2024-02-20T07:49:21.827+0000 7f60e6ffd700 1 -- 172.21.15.133:0/244986692 <== mon.0 v2:172.21.15.133:3300/0 3 ==== mon_map magic: 0 v1 ==== 229+0+0 (secure 0 0 0) 0x7f60d80103c0 con 0x7f60e8103d80
2024-02-20T07:49:22.780 INFO:teuthology.orchestra.run.smithi133.stdout:/usr/bin/ceph: stderr
2024-02-20T07:49:21.827+0000 7f60ee03c700 1 -- 172.21.15.133:0/244986692 >> [v2:172.21.15.133:3300/0,v1:172.21.15.133:6789/0] conn(0x7f60e8103d80 msgr2=0x7f60e8104190 secure :-1 s=STATE_CONNECTION_ESTABLISHED l=1).mark_down
2024-02-20T07:49:22.780 INFO:teuthology.orchestra.run.smithi133.stdout:/usr/bin/ceph: stderr
2024-02-20T07:49:21.827+0000 7f60ee03c700 1 --2- 172.21.15.133:0/244986692 >> [v2:172.21.15.133:3300/0,v1:172.21.15.133:6789/0] conn(0x7f60e8103d80 0x7f60e8104190 secure :-1 s=READY pgs=80 cs=0 l=1 rev1=1 crypto rx=0x7f60d80098e0 tx=0x7f60d8009250 comp rx=0 tx=0).stop
2024-02-20T07:49:22.780 INFO:teuthology.orchestra.run.smithi133.stdout:/usr/bin/ceph: stderr
2024-02-20T07:49:21.828+0000 7f60ee03c700 1 -- 172.21.15.133:0/244986692 shutdown_connections
2024-02-20T07:49:22.780 INFO:teuthology.orchestra.run.smithi133.stdout:/usr/bin/ceph: stderr
2024-02-20T07:49:21.828+0000 7f60ee03c700 1 --2- 172.21.15.133:0/244986692 >> [v2:172.21.15.133:3300/0,v1:172.21.15.133:6789/0] conn(0x7f60e8103d80 0x7f60e8104190 unknown :-1 s=CLOSED pgs=80 cs=0 l=1 rev1=1 crypto rx=0 tx=0 comp rx=0 tx=0).stop
2024-02-20T07:49:22.780 INFO:teuthology.orchestra.run.smithi133.stdout:/usr/bin/ceph: stderr
2024-02-20T07:49:21.828+0000 7f60ee03c700 1 -- 172.21.15.133:0/244986692 >> 172.21.15.133:0/244986692 conn(0x7f60e80fc580 msgr2=0x7f60e80fe990 unknown :-1 s=STATE_NONE l=0).mark_down
2024-02-20T07:49:22.780 INFO:teuthology.orchestra.run.smithi133.stdout:/usr/bin/ceph: stderr
2024-02-20T07:49:21.828+0000 7f60ee03c700 1 -- 172.21.15.133:0/244986692 shutdown_connections
2024-02-20T07:49:22.780 INFO:teuthology.orchestra.run.smithi133.stdout:/usr/bin/ceph: stderr
2024-02-20T07:49:21.828+0000 7f60ee03c700 1 -- 172.21.15.133:0/244986692 wait complete.
2024-02-20T07:49:22.780 INFO:teuthology.orchestra.run.smithi133.stdout:/usr/bin/ceph: stderr
2024-02-20T07:49:21.828+0000 7f60ee03c700 1 Processor -- start
2024-02-20T07:49:22.780 INFO:teuthology.orchestra.run.smithi133.stdout:/usr/bin/ceph: stderr
2024-02-20T07:49:21.828+0000 7f60ee03c700 1 -- start start
2024-02-20T07:49:22.781 INFO:teuthology.orchestra.run.smithi133.stdout:/usr/bin/ceph: stderr
2024-02-20T07:49:21.829+0000 7f60ee03c700 1 --2- >> [v2:172.21.15.133:3300/0,v1:172.21.15.133:6789/0] conn(0x7f60e8103d80 0x7f60e8111870 unknown :-1 s=NONE pgs=0 cs=0 l=1 rev1=0 crypto rx=0 tx=0 comp rx=0 tx=0).connect
2024-02-20T07:49:22.781 INFO:teuthology.orchestra.run.smithi133.stdout:/usr/bin/ceph: stderr
2024-02-20T07:49:21.829+0000 7f60ee03c700 1 -- --> [v2:172.21.15.133:3300/0,v1:172.21.15.133:6789/0] -- mon_getmap magic: 0 v1 -- 0x7f60e8111db0 con 0x7f60e8103d80
2024-02-20T07:49:22.781 INFO:teuthology.orchestra.run.smithi133.stdout:/usr/bin/ceph: stderr
2024-02-20T07:49:21.829+0000 7f60e77fe700 1 --2- >> [v2:172.21.15.133:3300/0,v1:172.21.15.133:6789/0] conn(0x7f60e8103d80 0x7f60e8111870 unknown :-1 s=BANNER_CONNECTING pgs=0 cs=0 l=1 rev1=0 crypto rx=0 tx=0 comp rx=0 tx=0)._handle_peer_banner_payload supported=3 required=0
2024-02-20T07:49:22.781 INFO:teuthology.orchestra.run.smithi133.stdout:/usr/bin/ceph: stderr
2024-02-20T07:49:21.829+0000 7f60e77fe700 1 --2- >> [v2:172.21.15.133:3300/0,v1:172.21.15.133:6789/0] conn(0x7f60e8103d80 0x7f60e8111870 unknown :-1 s=HELLO_CONNECTING pgs=0 cs=0 l=1 rev1=1 crypto rx=0 tx=0 comp rx=0 tx=0).handle_hello peer v2:172.21.15.133:3300/0 says I am v2:172.21.15.133:49744/0 (socket says 172.21.15.133:49744)
2024-02-20T07:49:22.781 INFO:teuthology.orchestra.run.smithi133.stdout:/usr/bin/ceph: stderr
2024-02-20T07:49:21.829+0000 7f60e77fe700 1 -- 172.21.15.133:0/654297129 learned_addr learned my addr 172.21.15.133:0/654297129 (peer_addr_for_me v2:172.21.15.133:0/0)
2024-02-20T07:49:22.781 INFO:teuthology.orchestra.run.smithi133.stdout:/usr/bin/ceph: stderr
2024-02-20T07:49:21.829+0000 7f60e77fe700 1 -- 172.21.15.133:0/654297129 --> [v2:172.21.15.133:3300/0,v1:172.21.15.133:6789/0] -- mon_subscribe({config=0+,monmap=0+}) v3 -- 0x7f60d80094f0 con 0x7f60e8103d80
2024-02-20T07:49:22.781 INFO:teuthology.orchestra.run.smithi133.stdout:/usr/bin/ceph: stderr
2024-02-20T07:49:21.829+0000 7f60e77fe700 1 --2- 172.21.15.133:0/654297129 >> [v2:172.21.15.133:3300/0,v1:172.21.15.133:6789/0] conn(0x7f60e8103d80 0x7f60e8111870 secure :-1 s=READY pgs=81 cs=0 l=1 rev1=1 crypto rx=0x7f60d8006b00 tx=0x7f60d8009250 comp rx=0 tx=0).ready entity=mon.0 client_cookie=0 server_cookie=0 in_seq=0 out_seq=0
2024-02-20T07:49:22.781 INFO:teuthology.orchestra.run.smithi133.stdout:/usr/bin/ceph: stderr
2024-02-20T07:49:21.829+0000 7f60e4ff9700 1 -- 172.21.15.133:0/654297129 <== mon.0 v2:172.21.15.133:3300/0 1 ==== mon_map magic: 0 v1 ==== 229+0+0 (secure 0 0 0) 0x7f60d80109a0 con 0x7f60e8103d80
2024-02-20T07:49:22.782 INFO:teuthology.orchestra.run.smithi133.stdout:/usr/bin/ceph: stderr
2024-02-20T07:49:21.829+0000 7f60ee03c700 1 -- 172.21.15.133:0/654297129 --> [v2:172.21.15.133:3300/0,v1:172.21.15.133:6789/0] -- mon_subscribe({mgrmap=0+}) v3 -- 0x7f60e8111fb0 con 0x7f60e8103d80
2024-02-20T07:49:22.782 INFO:teuthology.orchestra.run.smithi133.stdout:/usr/bin/ceph: stderr
2024-02-20T07:49:21.829+0000 7f60e4ff9700 1 -- 172.21.15.133:0/654297129 <== mon.0 v2:172.21.15.133:3300/0 2 ==== config(27 keys) v1 ==== 1109+0+0 (secure 0 0 0) 0x7f60d801a430 con 0x7f60e8103d80
2024-02-20T07:49:22.782 INFO:teuthology.orchestra.run.smithi133.stdout:/usr/bin/ceph: stderr
2024-02-20T07:49:21.829+0000 7f60e4ff9700 1 -- 172.21.15.133:0/654297129 <== mon.0 v2:172.21.15.133:3300/0 3 ==== mon_map magic: 0 v1 ==== 229+0+0 (secure 0 0 0) 0x7f60d80245b0 con 0x7f60e8103d80
2024-02-20T07:49:22.782 INFO:teuthology.orchestra.run.smithi133.stdout:/usr/bin/ceph: stderr
2024-02-20T07:49:21.829+0000 7f60ee03c700 1 -- 172.21.15.133:0/654297129 --> [v2:172.21.15.133:3300/0,v1:172.21.15.133:6789/0] -- mon_subscribe({osdmap=0}) v3 -- 0x7f60e8112c50 con 0x7f60e8103d80
2024-02-20T07:49:22.782 INFO:teuthology.orchestra.run.smithi133.stdout:/usr/bin/ceph: stderr
2024-02-20T07:49:21.830+0000 7f60e4ff9700 1 -- 172.21.15.133:0/654297129 <== mon.0 v2:172.21.15.133:3300/0 4 ==== mgrmap(e 11) v1 ==== 43275+0+0 (secure 0 0 0) 0x7f60d8024830 con 0x7f60e8103d80
2024-02-20T07:49:22.782 INFO:teuthology.orchestra.run.smithi133.stdout:/usr/bin/ceph: stderr
2024-02-20T07:49:21.830+0000 7f60e4ff9700 1 --2- 172.21.15.133:0/654297129 >> [v2:172.21.15.133:6800/3944459195,v1:172.21.15.133:6801/3944459195] conn(0x7f60d40366b0 0x7f60d4038b60 unknown :-1 s=NONE pgs=0 cs=0 l=1 rev1=0 crypto rx=0 tx=0 comp rx=0 tx=0).connect
2024-02-20T07:49:22.782 INFO:teuthology.orchestra.run.smithi133.stdout:/usr/bin/ceph: stderr
2024-02-20T07:49:21.830+0000 7f60ee03c700 1 -- 172.21.15.133:0/654297129 --> [v2:172.21.15.133:3300/0,v1:172.21.15.133:6789/0] -- mon_command({"prefix": "get_command_descriptions"} v 0) v1 -- 0x7f60e805f5c0 con 0x7f60e8103d80
2024-02-20T07:49:22.782 INFO:teuthology.orchestra.run.smithi133.stdout:/usr/bin/ceph: stderr
2024-02-20T07:49:21.830+0000 7f60e4ff9700 1 -- 172.21.15.133:0/654297129 <== mon.0 v2:172.21.15.133:3300/0 5 ==== osd_map(3..3 src has 1..3) v4 ==== 1151+0+0 (secure 0 0 0) 0x7f60d804a650 con 0x7f60e8103d80
2024-02-20T07:49:22.782 INFO:teuthology.orchestra.run.smithi133.stdout:/usr/bin/ceph: stderr
2024-02-20T07:49:21.830+0000 7f60deffd700 1 --2- 172.21.15.133:0/654297129 >> [v2:172.21.15.133:6800/3944459195,v1:172.21.15.133:6801/3944459195] conn(0x7f60d40366b0 0x7f60d4038b60 unknown :-1 s=BANNER_CONNECTING pgs=0 cs=0 l=1 rev1=0 crypto rx=0 tx=0 comp rx=0 tx=0)._handle_peer_banner_payload supported=3 required=0
2024-02-20T07:49:22.782 INFO:teuthology.orchestra.run.smithi133.stdout:/usr/bin/ceph: stderr
2024-02-20T07:49:21.831+0000 7f60deffd700 1 --2- 172.21.15.133:0/654297129 >> [v2:172.21.15.133:6800/3944459195,v1:172.21.15.133:6801/3944459195] conn(0x7f60d40366b0 0x7f60d4038b60 secure :-1 s=READY pgs=7 cs=0 l=1 rev1=1 crypto rx=0x7f60d0009990 tx=0x7f60d0006e40 comp rx=0 tx=0).ready entity=mgr.14162 client_cookie=0 server_cookie=0 in_seq=0 out_seq=0
2024-02-20T07:49:22.782 INFO:teuthology.orchestra.run.smithi133.stdout:/usr/bin/ceph: stderr
2024-02-20T07:49:21.835+0000 7f60e4ff9700 1 -- 172.21.15.133:0/654297129 <== mon.0 v2:172.21.15.133:3300/0 6 ==== mon_command_ack([{"prefix": "get_command_descriptions"}]=0 v0) v1 ==== 72+0+175031 (secure 0 0 0) 0x7f60d80189a0 con 0x7f60e8103d80
2024-02-20T07:49:22.782 INFO:teuthology.orchestra.run.smithi133.stdout:/usr/bin/ceph: stderr
2024-02-20T07:49:22.081+0000 7f60ee03c700 1 -- 172.21.15.133:0/654297129 --> [v2:172.21.15.133:6800/3944459195,v1:172.21.15.133:6801/3944459195] -- mgr_command(tid 0: {"prefix": "dashboard create-self-signed-cert", "target": ["mon-mgr", ""]}) v1 -- 0x7f60e8101400 con 0x7f60d40366b0
2024-02-20T07:49:22.782 INFO:teuthology.orchestra.run.smithi133.stdout:/usr/bin/ceph: stderr
2024-02-20T07:49:22.150+0000 7f60e4ff9700 1 -- 172.21.15.133:0/654297129 <== mgr.14162 v2:172.21.15.133:6800/3944459195 1 ==== mgr_command_reply(tid 0: 0 ) v1 ==== 8+0+32 (secure 0 0 0) 0x7f60e8101400 con 0x7f60d40366b0
2024-02-20T07:49:22.782 INFO:teuthology.orchestra.run.smithi133.stdout:/usr/bin/ceph: stderr
2024-02-20T07:49:22.153+0000 7f60ee03c700 1 -- 172.21.15.133:0/654297129 >> [v2:172.21.15.133:6800/3944459195,v1:172.21.15.133:6801/3944459195] conn(0x7f60d40366b0 msgr2=0x7f60d4038b60 secure :-1 s=STATE_CONNECTION_ESTABLISHED l=1).mark_down
2024-02-20T07:49:22.782 INFO:teuthology.orchestra.run.smithi133.stdout:/usr/bin/ceph: stderr
2024-02-20T07:49:22.153+0000 7f60ee03c700 1 --2- 172.21.15.133:0/654297129 >> [v2:172.21.15.133:6800/3944459195,v1:172.21.15.133:6801/3944459195] conn(0x7f60d40366b0 0x7f60d4038b60 secure :-1 s=READY pgs=7 cs=0 l=1 rev1=1 crypto rx=0x7f60d0009990 tx=0x7f60d0006e40 comp rx=0 tx=0).stop
2024-02-20T07:49:22.783 INFO:teuthology.orchestra.run.smithi133.stdout:/usr/bin/ceph: stderr
2024-02-20T07:49:22.153+0000 7f60ee03c700 1 -- 172.21.15.133:0/654297129 >> [v2:172.21.15.133:3300/0,v1:172.21.15.133:6789/0] conn(0x7f60e8103d80 msgr2=0x7f60e8111870 secure :-1 s=STATE_CONNECTION_ESTABLISHED l=1).mark_down
2024-02-20T07:49:22.783 INFO:teuthology.orchestra.run.smithi133.stdout:/usr/bin/ceph: stderr
2024-02-20T07:49:22.153+0000 7f60ee03c700 1 --2- 172.21.15.133:0/654297129 >> [v2:172.21.15.133:3300/0,v1:172.21.15.133:6789/0] conn(0x7f60e8103d80 0x7f60e8111870 secure :-1 s=READY pgs=81 cs=0 l=1 rev1=1 crypto rx=0x7f60d8006b00 tx=0x7f60d8009250 comp rx=0 tx=0).stop
2024-02-20T07:49:22.783 INFO:teuthology.orchestra.run.smithi133.stdout:/usr/bin/ceph: stderr
2024-02-20T07:49:22.153+0000 7f60ee03c700 1 -- 172.21.15.133:0/654297129 shutdown_connections
2024-02-20T07:49:22.783 INFO:teuthology.orchestra.run.smithi133.stdout:/usr/bin/ceph: stderr
2024-02-20T07:49:22.153+0000 7f60ee03c700 1 --2- 172.21.15.133:0/654297129 >> [v2:172.21.15.133:6800/3944459195,v1:172.21.15.133:6801/3944459195] conn(0x7f60d40366b0 0x7f60d4038b60 unknown :-1 s=CLOSED pgs=7 cs=0 l=1 rev1=1 crypto rx=0 tx=0 comp rx=0 tx=0).stop
2024-02-20T07:49:22.783 INFO:teuthology.orchestra.run.smithi133.stdout:/usr/bin/ceph: stderr
2024-02-20T07:49:22.153+0000 7f60ee03c700 1 --2- 172.21.15.133:0/654297129 >> [v2:172.21.15.133:3300/0,v1:172.21.15.133:6789/0] conn(0x7f60e8103d80 0x7f60e8111870 unknown :-1 s=CLOSED pgs=81 cs=0 l=1 rev1=1 crypto rx=0 tx=0 comp rx=0 tx=0).stop
2024-02-20T07:49:22.783 INFO:teuthology.orchestra.run.smithi133.stdout:/usr/bin/ceph: stderr
2024-02-20T07:49:22.153+0000 7f60ee03c700 1 -- 172.21.15.133:0/654297129 >> 172.21.15.133:0/654297129 conn(0x7f60e80fc580 msgr2=0x7f60e80fd4c0 unknown :-1 s=STATE_NONE l=0).mark_down
2024-02-20T07:49:22.783 INFO:teuthology.orchestra.run.smithi133.stdout:/usr/bin/ceph: stderr
2024-02-20T07:49:22.153+0000 7f60ee03c700 1 -- 172.21.15.133:0/654297129 shutdown_connections
2024-02-20T07:49:22.783 INFO:teuthology.orchestra.run.smithi133.stdout:/usr/bin/ceph: stderr
2024-02-20T07:49:22.153+0000 7f60ee03c700 1 -- 172.21.15.133:0/654297129 wait complete.
2024-02-20T07:49:22.783 INFO:teuthology.orchestra.run.smithi133.stdout:Creating initial admin user...
2024-02-20T07:49:23.413 INFO:journalctl@ceph.mon.smithi133.smithi133.stdout:Feb 20 07:49:23 smithi133 ceph-mon[29117]: from='client.14174 -' entity='client.admin' cmd=[{"prefix": "dashboard create-self-signed-cert", "target": ["mon-mgr", ""]}]: dispatch
2024-02-20T07:49:23.413 INFO:journalctl@ceph.mon.smithi133.smithi133.stdout:Feb 20 07:49:23 smithi133 ceph-mon[29117]: from='mgr.14162 172.21.15.133:0/3642562278' entity='mgr.smithi133.mrvcbp'
2024-02-20T07:49:23.413 INFO:journalctl@ceph.mon.smithi133.smithi133.stdout:Feb 20 07:49:23 smithi133 ceph-mon[29117]: from='mgr.14162 172.21.15.133:0/3642562278' entity='mgr.smithi133.mrvcbp'
2024-02-20T07:49:23.414 INFO:journalctl@ceph.mon.smithi133.smithi133.stdout:Feb 20 07:49:23 smithi133 ceph-mon[29117]: from='mgr.14162 172.21.15.133:0/3642562278' entity='mgr.smithi133.mrvcbp'
2024-02-20T07:49:23.414 INFO:journalctl@ceph.mon.smithi133.smithi133.stdout:Feb 20 07:49:23 smithi133 ceph-mon[29117]: mgrmap e12: smithi133.mrvcbp(active, since 2s)
2024-02-20T07:49:24.667 INFO:journalctl@ceph.mon.smithi133.smithi133.stdout:Feb 20 07:49:24 smithi133 ceph-mon[29117]: from='client.14176 -' entity='client.admin' cmd=[{"prefix": "dashboard ac-user-create", "username": "admin", "rolename": "administrator", "force_password": true, "pwd_update_required": true, "target": ["mon-mgr", ""]}]: dispatch
2024-02-20T07:49:24.667 INFO:journalctl@ceph.mon.smithi133.smithi133.stdout:Feb 20 07:49:24 smithi133 ceph-mon[29117]: from='mgr.14162 172.21.15.133:0/3642562278' entity='mgr.smithi133.mrvcbp'
2024-02-20T07:49:24.675 INFO:teuthology.orchestra.run.smithi133.stdout:/usr/bin/ceph: stdout {"username": "admin", "password": "$2b$12$2gLIxuROJpnWw36DnMCYO.BAcPVtgeAl3kLKN.8duBWiaOKgD.F7m", "roles": ["administrator"], "name": null, "email": null, "lastUpdate": 1708415363, "enabled": true, "pwdExpirationDate": null, "pwdUpdateRequired": true}
2024-02-20T07:49:24.675 INFO:teuthology.orchestra.run.smithi133.stdout:/usr/bin/ceph: stderr
2024-02-20T07:49:23.201+0000 7f90da0bc700 1 Processor -- start
2024-02-20T07:49:24.675 INFO:teuthology.orchestra.run.smithi133.stdout:/usr/bin/ceph: stderr
2024-02-20T07:49:23.201+0000 7f90da0bc700 1 -- start start
2024-02-20T07:49:24.675 INFO:teuthology.orchestra.run.smithi133.stdout:/usr/bin/ceph: stderr
2024-02-20T07:49:23.201+0000 7f90da0bc700 1 --2- >> [v2:172.21.15.133:3300/0,v1:172.21.15.133:6789/0] conn(0x7f90d4101670 0x7f90d4101a80 unknown :-1 s=NONE pgs=0 cs=0 l=0 rev1=0 crypto rx=0 tx=0 comp rx=0 tx=0).connect
2024-02-20T07:49:24.675 INFO:teuthology.orchestra.run.smithi133.stdout:/usr/bin/ceph: stderr
2024-02-20T07:49:23.201+0000 7f90da0bc700 1 -- --> [v2:172.21.15.133:3300/0,v1:172.21.15.133:6789/0] -- mon_getmap magic: 0 v1 -- 0x7f90d4101fc0 con 0x7f90d4101670
2024-02-20T07:49:24.675 INFO:teuthology.orchestra.run.smithi133.stdout:/usr/bin/ceph: stderr
2024-02-20T07:49:23.202+0000 7f90d37fe700 1 --2- >> [v2:172.21.15.133:3300/0,v1:172.21.15.133:6789/0] conn(0x7f90d4101670 0x7f90d4101a80 unknown :-1 s=BANNER_CONNECTING pgs=0 cs=0 l=0 rev1=0 crypto rx=0 tx=0 comp rx=0 tx=0)._handle_peer_banner_payload supported=3 required=0
2024-02-20T07:49:24.675 INFO:teuthology.orchestra.run.smithi133.stdout:/usr/bin/ceph: stderr
2024-02-20T07:49:23.202+0000 7f90d37fe700 1 --2- >> [v2:172.21.15.133:3300/0,v1:172.21.15.133:6789/0] conn(0x7f90d4101670 0x7f90d4101a80 unknown :-1 s=HELLO_CONNECTING pgs=0 cs=0 l=0 rev1=1 crypto rx=0 tx=0 comp rx=0 tx=0).handle_hello peer v2:172.21.15.133:3300/0 says I am v2:172.21.15.133:49758/0 (socket says 172.21.15.133:49758)
2024-02-20T07:49:24.675 INFO:teuthology.orchestra.run.smithi133.stdout:/usr/bin/ceph: stderr
2024-02-20T07:49:23.202+0000 7f90d37fe700 1 -- 172.21.15.133:0/730994846 learned_addr learned my addr 172.21.15.133:0/730994846 (peer_addr_for_me v2:172.21.15.133:0/0)
2024-02-20T07:49:24.676 INFO:teuthology.orchestra.run.smithi133.stdout:/usr/bin/ceph: stderr
2024-02-20T07:49:23.202+0000 7f90d37fe700 1 -- 172.21.15.133:0/730994846 --> [v2:172.21.15.133:3300/0,v1:172.21.15.133:6789/0] -- mon_subscribe({config=0+,monmap=0+}) v3 -- 0x7f90d4102100 con 0x7f90d4101670
2024-02-20T07:49:24.676 INFO:teuthology.orchestra.run.smithi133.stdout:/usr/bin/ceph: stderr
2024-02-20T07:49:23.202+0000 7f90d37fe700 1 --2- 172.21.15.133:0/730994846 >> [v2:172.21.15.133:3300/0,v1:172.21.15.133:6789/0] conn(0x7f90d4101670 0x7f90d4101a80 secure :-1 s=READY pgs=82 cs=0 l=1 rev1=1 crypto rx=0x7f90cc009e50 tx=0x7f90cc009840 comp rx=0 tx=0).ready entity=mon.0 client_cookie=b3266c5d7291f07b server_cookie=0 in_seq=0 out_seq=0
2024-02-20T07:49:24.676 INFO:teuthology.orchestra.run.smithi133.stdout:/usr/bin/ceph: stderr
2024-02-20T07:49:23.202+0000 7f90d27fc700 1 -- 172.21.15.133:0/730994846 <== mon.0 v2:172.21.15.133:3300/0 1 ==== mon_map magic: 0 v1 ==== 229+0+0 (secure 0 0 0) 0x7f90cc0092e0 con 0x7f90d4101670
2024-02-20T07:49:24.676 INFO:teuthology.orchestra.run.smithi133.stdout:/usr/bin/ceph: stderr
2024-02-20T07:49:23.202+0000 7f90d27fc700 1 -- 172.21.15.133:0/730994846 <== mon.0 v2:172.21.15.133:3300/0 2 ==== config(27 keys) v1 ==== 1109+0+0 (secure 0 0 0) 0x7f90cc012430 con 0x7f90d4101670
2024-02-20T07:49:24.676 INFO:teuthology.orchestra.run.smithi133.stdout:/usr/bin/ceph: stderr
2024-02-20T07:49:23.202+0000 7f90d27fc700 1 -- 172.21.15.133:0/730994846 <== mon.0 v2:172.21.15.133:3300/0 3 ==== mon_map magic: 0 v1 ==== 229+0+0 (secure 0 0 0) 0x7f90cc0075a0 con 0x7f90d4101670
2024-02-20T07:49:24.676 INFO:teuthology.orchestra.run.smithi133.stdout:/usr/bin/ceph: stderr
2024-02-20T07:49:23.203+0000 7f90da0bc700 1 -- 172.21.15.133:0/730994846 >> [v2:172.21.15.133:3300/0,v1:172.21.15.133:6789/0] conn(0x7f90d4101670 msgr2=0x7f90d4101a80 secure :-1 s=STATE_CONNECTION_ESTABLISHED l=1).mark_down
2024-02-20T07:49:24.676 INFO:teuthology.orchestra.run.smithi133.stdout:/usr/bin/ceph: stderr
2024-02-20T07:49:23.203+0000 7f90da0bc700 1 --2- 172.21.15.133:0/730994846 >> [v2:172.21.15.133:3300/0,v1:172.21.15.133:6789/0] conn(0x7f90d4101670 0x7f90d4101a80 secure :-1 s=READY pgs=82 cs=0 l=1 rev1=1 crypto rx=0x7f90cc009e50 tx=0x7f90cc009840 comp rx=0 tx=0).stop
2024-02-20T07:49:24.676 INFO:teuthology.orchestra.run.smithi133.stdout:/usr/bin/ceph: stderr
2024-02-20T07:49:23.203+0000 7f90da0bc700 1 -- 172.21.15.133:0/730994846 shutdown_connections
2024-02-20T07:49:24.676 INFO:teuthology.orchestra.run.smithi133.stdout:/usr/bin/ceph: stderr
2024-02-20T07:49:23.203+0000 7f90da0bc700 1 --2- 172.21.15.133:0/730994846 >> [v2:172.21.15.133:3300/0,v1:172.21.15.133:6789/0] conn(0x7f90d4101670 0x7f90d4101a80 unknown :-1 s=CLOSED pgs=82 cs=0 l=1 rev1=1 crypto rx=0 tx=0 comp rx=0 tx=0).stop
2024-02-20T07:49:24.676 INFO:teuthology.orchestra.run.smithi133.stdout:/usr/bin/ceph: stderr
2024-02-20T07:49:23.203+0000 7f90da0bc700 1 -- 172.21.15.133:0/730994846 >> 172.21.15.133:0/730994846 conn(0x7f90d40fcdd0 msgr2=0x7f90d40ff200 unknown :-1 s=STATE_NONE l=0).mark_down
2024-02-20T07:49:24.676 INFO:teuthology.orchestra.run.smithi133.stdout:/usr/bin/ceph: stderr
2024-02-20T07:49:23.203+0000 7f90da0bc700 1 -- 172.21.15.133:0/730994846 shutdown_connections
2024-02-20T07:49:24.676 INFO:teuthology.orchestra.run.smithi133.stdout:/usr/bin/ceph: stderr
2024-02-20T07:49:23.203+0000 7f90da0bc700 1 -- 172.21.15.133:0/730994846 wait complete.
2024-02-20T07:49:24.676 INFO:teuthology.orchestra.run.smithi133.stdout:/usr/bin/ceph: stderr
2024-02-20T07:49:23.204+0000 7f90da0bc700 1 Processor -- start
2024-02-20T07:49:24.676 INFO:teuthology.orchestra.run.smithi133.stdout:/usr/bin/ceph: stderr
2024-02-20T07:49:23.204+0000 7f90da0bc700 1 -- start start
2024-02-20T07:49:24.677 INFO:teuthology.orchestra.run.smithi133.stdout:/usr/bin/ceph: stderr
2024-02-20T07:49:23.204+0000 7f90da0bc700 1 --2- >> [v2:172.21.15.133:3300/0,v1:172.21.15.133:6789/0] conn(0x7f90d4101670 0x7f90d41104f0 unknown :-1 s=NONE pgs=0 cs=0 l=1 rev1=0 crypto rx=0 tx=0 comp rx=0 tx=0).connect
2024-02-20T07:49:24.677 INFO:teuthology.orchestra.run.smithi133.stdout:/usr/bin/ceph: stderr
2024-02-20T07:49:23.204+0000 7f90da0bc700 1 -- --> [v2:172.21.15.133:3300/0,v1:172.21.15.133:6789/0] -- mon_getmap magic: 0 v1 -- 0x7f90d4110a30 con 0x7f90d4101670
2024-02-20T07:49:24.677 INFO:teuthology.orchestra.run.smithi133.stdout:/usr/bin/ceph: stderr
2024-02-20T07:49:23.205+0000 7f90d37fe700 1 --2- >> [v2:172.21.15.133:3300/0,v1:172.21.15.133:6789/0] conn(0x7f90d4101670 0x7f90d41104f0 unknown :-1 s=BANNER_CONNECTING pgs=0 cs=0 l=1 rev1=0 crypto rx=0 tx=0 comp rx=0 tx=0)._handle_peer_banner_payload supported=3 required=0
2024-02-20T07:49:24.677 INFO:teuthology.orchestra.run.smithi133.stdout:/usr/bin/ceph: stderr
2024-02-20T07:49:23.205+0000 7f90d37fe700 1 --2- >> [v2:172.21.15.133:3300/0,v1:172.21.15.133:6789/0] conn(0x7f90d4101670 0x7f90d41104f0 unknown :-1 s=HELLO_CONNECTING pgs=0 cs=0 l=1 rev1=1 crypto rx=0 tx=0 comp rx=0 tx=0).handle_hello peer v2:172.21.15.133:3300/0 says I am v2:172.21.15.133:49770/0 (socket says 172.21.15.133:49770)
2024-02-20T07:49:24.677 INFO:teuthology.orchestra.run.smithi133.stdout:/usr/bin/ceph: stderr
2024-02-20T07:49:23.205+0000 7f90d37fe700 1 -- 172.21.15.133:0/3155406502 learned_addr learned my addr 172.21.15.133:0/3155406502 (peer_addr_for_me v2:172.21.15.133:0/0)
2024-02-20T07:49:24.677 INFO:teuthology.orchestra.run.smithi133.stdout:/usr/bin/ceph: stderr
2024-02-20T07:49:23.205+0000 7f90d37fe700 1 -- 172.21.15.133:0/3155406502 --> [v2:172.21.15.133:3300/0,v1:172.21.15.133:6789/0] -- mon_subscribe({config=0+,monmap=0+}) v3 -- 0x7f90cc009ae0 con 0x7f90d4101670
2024-02-20T07:49:24.677 INFO:teuthology.orchestra.run.smithi133.stdout:/usr/bin/ceph: stderr
2024-02-20T07:49:23.205+0000 7f90d37fe700 1 --2- 172.21.15.133:0/3155406502 >> [v2:172.21.15.133:3300/0,v1:172.21.15.133:6789/0] conn(0x7f90d4101670 0x7f90d41104f0 secure :-1 s=READY pgs=83 cs=0 l=1 rev1=1 crypto rx=0x7f90cc0127d0 tx=0x7f90cc009840 comp rx=0 tx=0).ready entity=mon.0 client_cookie=0 server_cookie=0 in_seq=0 out_seq=0
2024-02-20T07:49:24.677 INFO:teuthology.orchestra.run.smithi133.stdout:/usr/bin/ceph: stderr
2024-02-20T07:49:23.205+0000 7f90bbfff700 1 -- 172.21.15.133:0/3155406502 <== mon.0 v2:172.21.15.133:3300/0 1 ==== mon_map magic: 0 v1 ==== 229+0+0 (secure 0 0 0) 0x7f90cc0092e0 con 0x7f90d4101670
2024-02-20T07:49:24.677 INFO:teuthology.orchestra.run.smithi133.stdout:/usr/bin/ceph: stderr
2024-02-20T07:49:23.205+0000 7f90da0bc700 1 -- 172.21.15.133:0/3155406502 --> [v2:172.21.15.133:3300/0,v1:172.21.15.133:6789/0] -- mon_subscribe({mgrmap=0+}) v3 -- 0x7f90d4110c30 con 0x7f90d4101670
2024-02-20T07:49:24.677 INFO:teuthology.orchestra.run.smithi133.stdout:/usr/bin/ceph: stderr
2024-02-20T07:49:23.205+0000 7f90bbfff700 1 -- 172.21.15.133:0/3155406502 <== mon.0 v2:172.21.15.133:3300/0 2 ==== config(27 keys) v1 ==== 1109+0+0 (secure 0 0 0) 0x7f90cc007d30 con 0x7f90d4101670
2024-02-20T07:49:24.677 INFO:teuthology.orchestra.run.smithi133.stdout:/usr/bin/ceph: stderr
2024-02-20T07:49:23.205+0000 7f90bbfff700 1 -- 172.21.15.133:0/3155406502 <== mon.0 v2:172.21.15.133:3300/0 3 ==== mon_map magic: 0 v1 ==== 229+0+0 (secure 0 0 0) 0x7f90cc025960 con 0x7f90d4101670
2024-02-20T07:49:24.677 INFO:teuthology.orchestra.run.smithi133.stdout:/usr/bin/ceph: stderr
2024-02-20T07:49:23.205+0000 7f90da0bc700 1 -- 172.21.15.133:0/3155406502 --> [v2:172.21.15.133:3300/0,v1:172.21.15.133:6789/0] -- mon_subscribe({osdmap=0}) v3 -- 0x7f90d41118d0 con 0x7f90d4101670
2024-02-20T07:49:24.677 INFO:teuthology.orchestra.run.smithi133.stdout:/usr/bin/ceph: stderr
2024-02-20T07:49:23.206+0000 7f90bbfff700 1 -- 172.21.15.133:0/3155406502 <== mon.0 v2:172.21.15.133:3300/0 4 ==== mgrmap(e 12) v1 ==== 43381+0+0 (secure 0 0 0) 0x7f90cc019050 con 0x7f90d4101670
2024-02-20T07:49:24.677 INFO:teuthology.orchestra.run.smithi133.stdout:/usr/bin/ceph: stderr
2024-02-20T07:49:23.206+0000 7f90da0bc700 1 -- 172.21.15.133:0/3155406502 --> [v2:172.21.15.133:3300/0,v1:172.21.15.133:6789/0] -- mon_command({"prefix": "get_command_descriptions"} v 0) v1 -- 0x7f90d405f5c0 con 0x7f90d4101670
2024-02-20T07:49:24.677 INFO:teuthology.orchestra.run.smithi133.stdout:/usr/bin/ceph: stderr
2024-02-20T07:49:23.206+0000 7f90bbfff700 1 --2- 172.21.15.133:0/3155406502 >> [v2:172.21.15.133:6800/3944459195,v1:172.21.15.133:6801/3944459195] conn(0x7f90bc0367e0 0x7f90bc038c90 unknown :-1 s=NONE pgs=0 cs=0 l=1 rev1=0 crypto rx=0 tx=0 comp rx=0 tx=0).connect
2024-02-20T07:49:24.677 INFO:teuthology.orchestra.run.smithi133.stdout:/usr/bin/ceph: stderr
2024-02-20T07:49:23.207+0000 7f90bbfff700 1 -- 172.21.15.133:0/3155406502 <== mon.0 v2:172.21.15.133:3300/0 5 ==== osd_map(3..3 src has 1..3) v4 ==== 1151+0+0 (secure 0 0 0) 0x7f90cc04a220 con 0x7f90d4101670
2024-02-20T07:49:24.678 INFO:teuthology.orchestra.run.smithi133.stdout:/usr/bin/ceph: stderr
2024-02-20T07:49:23.207+0000 7f90d2ffd700 1 --2- 172.21.15.133:0/3155406502 >> [v2:172.21.15.133:6800/3944459195,v1:172.21.15.133:6801/3944459195] conn(0x7f90bc0367e0 0x7f90bc038c90 unknown :-1 s=BANNER_CONNECTING pgs=0 cs=0 l=1 rev1=0 crypto rx=0 tx=0 comp rx=0 tx=0)._handle_peer_banner_payload supported=3 required=0
2024-02-20T07:49:24.678 INFO:teuthology.orchestra.run.smithi133.stdout:/usr/bin/ceph: stderr
2024-02-20T07:49:23.207+0000 7f90d2ffd700 1 --2- 172.21.15.133:0/3155406502 >> [v2:172.21.15.133:6800/3944459195,v1:172.21.15.133:6801/3944459195] conn(0x7f90bc0367e0 0x7f90bc038c90 secure :-1 s=READY pgs=8 cs=0 l=1 rev1=1 crypto rx=0x7f90c8009990 tx=0x7f90c8006e40 comp rx=0 tx=0).ready entity=mgr.14162 client_cookie=0 server_cookie=0 in_seq=0 out_seq=0
2024-02-20T07:49:24.678 INFO:teuthology.orchestra.run.smithi133.stdout:/usr/bin/ceph: stderr
2024-02-20T07:49:23.211+0000 7f90bbfff700 1 -- 172.21.15.133:0/3155406502 <== mon.0 v2:172.21.15.133:3300/0 6 ==== mon_command_ack([{"prefix": "get_command_descriptions"}]=0 v0) v1 ==== 72+0+175031 (secure 0 0 0) 0x7f90cc02d9a0 con 0x7f90d4101670
2024-02-20T07:49:24.678 INFO:teuthology.orchestra.run.smithi133.stdout:/usr/bin/ceph: stderr
2024-02-20T07:49:23.430+0000 7f90da0bc700 1 -- 172.21.15.133:0/3155406502 --> [v2:172.21.15.133:6800/3944459195,v1:172.21.15.133:6801/3944459195] -- mgr_command(tid 0: {"prefix": "dashboard ac-user-create", "username": "admin", "rolename": "administrator", "force_password": true, "pwd_update_required": true, "target": ["mon-mgr", ""]}) v1 -- 0x7f90d405f3e0 con 0x7f90bc0367e0
2024-02-20T07:49:24.678 INFO:teuthology.orchestra.run.smithi133.stdout:/usr/bin/ceph: stderr
2024-02-20T07:49:23.652+0000 7f90bbfff700 1 -- 172.21.15.133:0/3155406502 <== mgr.14162 v2:172.21.15.133:6800/3944459195 1 ==== mgr_command_reply(tid 0: 0 ) v1 ==== 8+0+252 (secure 0 0 0) 0x7f90d405f3e0 con 0x7f90bc0367e0
2024-02-20T07:49:24.678 INFO:teuthology.orchestra.run.smithi133.stdout:/usr/bin/ceph: stderr
2024-02-20T07:49:23.654+0000 7f90da0bc700 1 -- 172.21.15.133:0/3155406502 >> [v2:172.21.15.133:6800/3944459195,v1:172.21.15.133:6801/3944459195] conn(0x7f90bc0367e0 msgr2=0x7f90bc038c90 secure :-1 s=STATE_CONNECTION_ESTABLISHED l=1).mark_down
2024-02-20T07:49:24.678 INFO:teuthology.orchestra.run.smithi133.stdout:/usr/bin/ceph: stderr
2024-02-20T07:49:23.654+0000 7f90da0bc700 1 --2- 172.21.15.133:0/3155406502 >> [v2:172.21.15.133:6800/3944459195,v1:172.21.15.133:6801/3944459195] conn(0x7f90bc0367e0 0x7f90bc038c90 secure :-1 s=READY pgs=8 cs=0 l=1 rev1=1 crypto rx=0x7f90c8009990 tx=0x7f90c8006e40 comp rx=0 tx=0).stop
2024-02-20T07:49:24.678 INFO:teuthology.orchestra.run.smithi133.stdout:/usr/bin/ceph: stderr
2024-02-20T07:49:23.654+0000 7f90da0bc700 1 -- 172.21.15.133:0/3155406502 >> [v2:172.21.15.133:3300/0,v1:172.21.15.133:6789/0] conn(0x7f90d4101670 msgr2=0x7f90d41104f0 secure :-1 s=STATE_CONNECTION_ESTABLISHED l=1).mark_down
2024-02-20T07:49:24.678 INFO:teuthology.orchestra.run.smithi133.stdout:/usr/bin/ceph: stderr
2024-02-20T07:49:23.654+0000 7f90da0bc700 1 --2- 172.21.15.133:0/3155406502 >> [v2:172.21.15.133:3300/0,v1:172.21.15.133:6789/0] conn(0x7f90d4101670 0x7f90d41104f0 secure :-1 s=READY pgs=83 cs=0 l=1 rev1=1 crypto rx=0x7f90cc0127d0 tx=0x7f90cc009840 comp rx=0 tx=0).stop
2024-02-20T07:49:24.678 INFO:teuthology.orchestra.run.smithi133.stdout:/usr/bin/ceph: stderr
2024-02-20T07:49:23.655+0000 7f90da0bc700 1 -- 172.21.15.133:0/3155406502 shutdown_connections
2024-02-20T07:49:24.678 INFO:teuthology.orchestra.run.smithi133.stdout:/usr/bin/ceph: stderr
2024-02-20T07:49:23.655+0000 7f90da0bc700 1 --2- 172.21.15.133:0/3155406502 >> [v2:172.21.15.133:6800/3944459195,v1:172.21.15.133:6801/3944459195] conn(0x7f90bc0367e0 0x7f90bc038c90 unknown :-1 s=CLOSED pgs=8 cs=0 l=1 rev1=1 crypto rx=0 tx=0 comp rx=0 tx=0).stop
2024-02-20T07:49:24.678 INFO:teuthology.orchestra.run.smithi133.stdout:/usr/bin/ceph: stderr
2024-02-20T07:49:23.655+0000 7f90da0bc700 1 --2- 172.21.15.133:0/3155406502 >> [v2:172.21.15.133:3300/0,v1:172.21.15.133:6789/0] conn(0x7f90d4101670 0x7f90d41104f0 unknown :-1 s=CLOSED pgs=83 cs=0 l=1 rev1=1 crypto rx=0 tx=0 comp rx=0 tx=0).stop
2024-02-20T07:49:24.678 INFO:teuthology.orchestra.run.smithi133.stdout:/usr/bin/ceph: stderr
2024-02-20T07:49:23.655+0000 7f90da0bc700 1 -- 172.21.15.133:0/3155406502 >> 172.21.15.133:0/3155406502 conn(0x7f90d40fcdd0 msgr2=0x7f90d40fe4d0 unknown :-1 s=STATE_NONE l=0).mark_down
2024-02-20T07:49:24.678 INFO:teuthology.orchestra.run.smithi133.stdout:/usr/bin/ceph: stderr
2024-02-20T07:49:23.655+0000 7f90da0bc700 1 -- 172.21.15.133:0/3155406502 shutdown_connections
2024-02-20T07:49:24.678 INFO:teuthology.orchestra.run.smithi133.stdout:/usr/bin/ceph: stderr
2024-02-20T07:49:23.655+0000 7f90da0bc700 1 -- 172.21.15.133:0/3155406502 wait complete.
2024-02-20T07:49:24.679 INFO:teuthology.orchestra.run.smithi133.stdout:Fetching dashboard port number...
2024-02-20T07:49:25.883 INFO:teuthology.orchestra.run.smithi133.stdout:/usr/bin/ceph: stdout 8443
2024-02-20T07:49:25.883 INFO:teuthology.orchestra.run.smithi133.stdout:/usr/bin/ceph: stderr
2024-02-20T07:49:25.115+0000 7f4d3fdc0700 1 Processor -- start
2024-02-20T07:49:25.883 INFO:teuthology.orchestra.run.smithi133.stdout:/usr/bin/ceph: stderr
2024-02-20T07:49:25.115+0000 7f4d3fdc0700 1 -- start start
2024-02-20T07:49:25.883 INFO:teuthology.orchestra.run.smithi133.stdout:/usr/bin/ceph: stderr
2024-02-20T07:49:25.115+0000 7f4d3fdc0700 1 --2- >> [v2:172.21.15.133:3300/0,v1:172.21.15.133:6789/0] conn(0x7f4d38102770 0x7f4d38102b80 unknown :-1 s=NONE pgs=0 cs=0 l=0 rev1=0 crypto rx=0 tx=0 comp rx=0 tx=0).connect
2024-02-20T07:49:25.883 INFO:teuthology.orchestra.run.smithi133.stdout:/usr/bin/ceph: stderr
2024-02-20T07:49:25.115+0000 7f4d3fdc0700 1 -- --> [v2:172.21.15.133:3300/0,v1:172.21.15.133:6789/0] -- mon_getmap magic: 0 v1 -- 0x7f4d381030c0 con 0x7f4d38102770
2024-02-20T07:49:25.883 INFO:teuthology.orchestra.run.smithi133.stdout:/usr/bin/ceph: stderr
2024-02-20T07:49:25.115+0000 7f4d3db5c700 1 --2- >> [v2:172.21.15.133:3300/0,v1:172.21.15.133:6789/0] conn(0x7f4d38102770 0x7f4d38102b80 unknown :-1 s=BANNER_CONNECTING pgs=0 cs=0 l=0 rev1=0 crypto rx=0 tx=0 comp rx=0 tx=0)._handle_peer_banner_payload supported=3 required=0
2024-02-20T07:49:25.883 INFO:teuthology.orchestra.run.smithi133.stdout:/usr/bin/ceph: stderr
2024-02-20T07:49:25.115+0000 7f4d3db5c700 1 --2- >> [v2:172.21.15.133:3300/0,v1:172.21.15.133:6789/0] conn(0x7f4d38102770 0x7f4d38102b80 unknown :-1 s=HELLO_CONNECTING pgs=0 cs=0 l=0 rev1=1 crypto rx=0 tx=0 comp rx=0 tx=0).handle_hello peer v2:172.21.15.133:3300/0 says I am v2:172.21.15.133:49778/0 (socket says 172.21.15.133:49778)
2024-02-20T07:49:25.883 INFO:teuthology.orchestra.run.smithi133.stdout:/usr/bin/ceph: stderr
2024-02-20T07:49:25.115+0000 7f4d3db5c700 1 -- 172.21.15.133:0/2554897741 learned_addr learned my addr 172.21.15.133:0/2554897741 (peer_addr_for_me v2:172.21.15.133:0/0)
2024-02-20T07:49:25.883 INFO:teuthology.orchestra.run.smithi133.stdout:/usr/bin/ceph: stderr
2024-02-20T07:49:25.115+0000 7f4d3db5c700 1 -- 172.21.15.133:0/2554897741 --> [v2:172.21.15.133:3300/0,v1:172.21.15.133:6789/0] -- mon_subscribe({config=0+,monmap=0+}) v3 -- 0x7f4d38103200 con 0x7f4d38102770
2024-02-20T07:49:25.883 INFO:teuthology.orchestra.run.smithi133.stdout:/usr/bin/ceph: stderr
2024-02-20T07:49:25.116+0000 7f4d3db5c700 1 --2- 172.21.15.133:0/2554897741 >> [v2:172.21.15.133:3300/0,v1:172.21.15.133:6789/0] conn(0x7f4d38102770 0x7f4d38102b80 secure :-1 s=READY pgs=84 cs=0 l=1 rev1=1 crypto rx=0x7f4d280098e0 tx=0x7f4d28009250 comp rx=0 tx=0).ready entity=mon.0 client_cookie=362bc1760ca608f9 server_cookie=0 in_seq=0 out_seq=0
2024-02-20T07:49:25.884 INFO:teuthology.orchestra.run.smithi133.stdout:/usr/bin/ceph: stderr
2024-02-20T07:49:25.116+0000 7f4d3cb5a700 1 -- 172.21.15.133:0/2554897741 <== mon.0 v2:172.21.15.133:3300/0 1 ==== mon_map magic: 0 v1 ==== 229+0+0 (secure 0 0 0) 0x7f4d2800b860 con 0x7f4d38102770
2024-02-20T07:49:25.884 INFO:teuthology.orchestra.run.smithi133.stdout:/usr/bin/ceph: stderr
2024-02-20T07:49:25.116+0000 7f4d3cb5a700 1 -- 172.21.15.133:0/2554897741 <== mon.0 v2:172.21.15.133:3300/0 2 ==== config(27 keys) v1 ==== 1109+0+0 (secure 0 0 0) 0x7f4d2800be90 con 0x7f4d38102770
2024-02-20T07:49:25.884 INFO:teuthology.orchestra.run.smithi133.stdout:/usr/bin/ceph: stderr
2024-02-20T07:49:25.116+0000 7f4d3cb5a700 1 -- 172.21.15.133:0/2554897741 <== mon.0 v2:172.21.15.133:3300/0 3 ==== mon_map magic: 0 v1 ==== 229+0+0 (secure 0 0 0) 0x7f4d280103c0 con 0x7f4d38102770
2024-02-20T07:49:25.884 INFO:teuthology.orchestra.run.smithi133.stdout:/usr/bin/ceph: stderr
2024-02-20T07:49:25.116+0000 7f4d3fdc0700 1 -- 172.21.15.133:0/2554897741 >> [v2:172.21.15.133:3300/0,v1:172.21.15.133:6789/0] conn(0x7f4d38102770 msgr2=0x7f4d38102b80 secure :-1 s=STATE_CONNECTION_ESTABLISHED l=1).mark_down
2024-02-20T07:49:25.884 INFO:teuthology.orchestra.run.smithi133.stdout:/usr/bin/ceph: stderr
2024-02-20T07:49:25.116+0000 7f4d3fdc0700 1 --2- 172.21.15.133:0/2554897741 >> [v2:172.21.15.133:3300/0,v1:172.21.15.133:6789/0] conn(0x7f4d38102770 0x7f4d38102b80 secure :-1 s=READY pgs=84 cs=0 l=1 rev1=1 crypto rx=0x7f4d280098e0 tx=0x7f4d28009250 comp rx=0 tx=0).stop
2024-02-20T07:49:25.884 INFO:teuthology.orchestra.run.smithi133.stdout:/usr/bin/ceph: stderr
2024-02-20T07:49:25.116+0000 7f4d3fdc0700 1 -- 172.21.15.133:0/2554897741 shutdown_connections
2024-02-20T07:49:25.884 INFO:teuthology.orchestra.run.smithi133.stdout:/usr/bin/ceph: stderr
2024-02-20T07:49:25.116+0000 7f4d3fdc0700 1 --2- 172.21.15.133:0/2554897741 >> [v2:172.21.15.133:3300/0,v1:172.21.15.133:6789/0] conn(0x7f4d38102770 0x7f4d38102b80 unknown :-1 s=CLOSED pgs=84 cs=0 l=1 rev1=1 crypto rx=0 tx=0 comp rx=0 tx=0).stop
2024-02-20T07:49:25.884 INFO:teuthology.orchestra.run.smithi133.stdout:/usr/bin/ceph: stderr
2024-02-20T07:49:25.116+0000 7f4d3fdc0700 1 -- 172.21.15.133:0/2554897741 >> 172.21.15.133:0/2554897741 conn(0x7f4d380fded0 msgr2=0x7f4d38100300 unknown :-1 s=STATE_NONE l=0).mark_down
2024-02-20T07:49:25.884 INFO:teuthology.orchestra.run.smithi133.stdout:/usr/bin/ceph: stderr
2024-02-20T07:49:25.116+0000 7f4d3fdc0700 1 -- 172.21.15.133:0/2554897741 shutdown_connections
2024-02-20T07:49:25.884 INFO:teuthology.orchestra.run.smithi133.stdout:/usr/bin/ceph: stderr
2024-02-20T07:49:25.117+0000 7f4d3fdc0700 1 -- 172.21.15.133:0/2554897741 wait complete.
2024-02-20T07:49:25.884 INFO:teuthology.orchestra.run.smithi133.stdout:/usr/bin/ceph: stderr
2024-02-20T07:49:25.117+0000 7f4d3fdc0700 1 Processor -- start
2024-02-20T07:49:25.884 INFO:teuthology.orchestra.run.smithi133.stdout:/usr/bin/ceph: stderr
2024-02-20T07:49:25.117+0000 7f4d3fdc0700 1 -- start start
2024-02-20T07:49:25.884 INFO:teuthology.orchestra.run.smithi133.stdout:/usr/bin/ceph: stderr
2024-02-20T07:49:25.117+0000 7f4d3fdc0700 1 --2- >> [v2:172.21.15.133:3300/0,v1:172.21.15.133:6789/0] conn(0x7f4d38102770 0x7f4d381115c0 unknown :-1 s=NONE pgs=0 cs=0 l=1 rev1=0 crypto rx=0 tx=0 comp rx=0 tx=0).connect
2024-02-20T07:49:25.885 INFO:teuthology.orchestra.run.smithi133.stdout:/usr/bin/ceph: stderr
2024-02-20T07:49:25.117+0000 7f4d3fdc0700 1 -- --> [v2:172.21.15.133:3300/0,v1:172.21.15.133:6789/0] -- mon_getmap magic: 0 v1 -- 0x7f4d38111b00 con 0x7f4d38102770
2024-02-20T07:49:25.885 INFO:teuthology.orchestra.run.smithi133.stdout:/usr/bin/ceph: stderr
2024-02-20T07:49:25.117+0000 7f4d3db5c700 1 --2- >> [v2:172.21.15.133:3300/0,v1:172.21.15.133:6789/0] conn(0x7f4d38102770 0x7f4d381115c0 unknown :-1 s=BANNER_CONNECTING pgs=0 cs=0 l=1 rev1=0 crypto rx=0 tx=0 comp rx=0 tx=0)._handle_peer_banner_payload supported=3 required=0
2024-02-20T07:49:25.885 INFO:teuthology.orchestra.run.smithi133.stdout:/usr/bin/ceph: stderr
2024-02-20T07:49:25.117+0000 7f4d3db5c700 1 --2- >> [v2:172.21.15.133:3300/0,v1:172.21.15.133:6789/0] conn(0x7f4d38102770 0x7f4d381115c0 unknown :-1 s=HELLO_CONNECTING pgs=0 cs=0 l=1 rev1=1 crypto rx=0 tx=0 comp rx=0 tx=0).handle_hello peer v2:172.21.15.133:3300/0 says I am v2:172.21.15.133:49780/0 (socket says 172.21.15.133:49780)
2024-02-20T07:49:25.885 INFO:teuthology.orchestra.run.smithi133.stdout:/usr/bin/ceph: stderr
2024-02-20T07:49:25.117+0000 7f4d3db5c700 1 -- 172.21.15.133:0/1066980668 learned_addr learned my addr 172.21.15.133:0/1066980668 (peer_addr_for_me v2:172.21.15.133:0/0)
2024-02-20T07:49:25.885 INFO:teuthology.orchestra.run.smithi133.stdout:/usr/bin/ceph: stderr
2024-02-20T07:49:25.117+0000 7f4d3db5c700 1 -- 172.21.15.133:0/1066980668 --> [v2:172.21.15.133:3300/0,v1:172.21.15.133:6789/0] -- mon_subscribe({config=0+,monmap=0+}) v3 -- 0x7f4d280094f0 con 0x7f4d38102770
2024-02-20T07:49:25.885 INFO:teuthology.orchestra.run.smithi133.stdout:/usr/bin/ceph: stderr
2024-02-20T07:49:25.118+0000 7f4d3db5c700 1 --2- 172.21.15.133:0/1066980668 >> [v2:172.21.15.133:3300/0,v1:172.21.15.133:6789/0] conn(0x7f4d38102770 0x7f4d381115c0 secure :-1 s=READY pgs=85 cs=0 l=1 rev1=1 crypto rx=0x7f4d28011680 tx=0x7f4d28009250 comp rx=0 tx=0).ready entity=mon.0 client_cookie=0 server_cookie=0 in_seq=0 out_seq=0
2024-02-20T07:49:25.885 INFO:teuthology.orchestra.run.smithi133.stdout:/usr/bin/ceph: stderr
2024-02-20T07:49:25.118+0000 7f4d2e7fc700 1 -- 172.21.15.133:0/1066980668 <== mon.0 v2:172.21.15.133:3300/0 1 ==== mon_map magic: 0 v1 ==== 229+0+0 (secure 0 0 0) 0x7f4d28010890 con 0x7f4d38102770
2024-02-20T07:49:25.885 INFO:teuthology.orchestra.run.smithi133.stdout:/usr/bin/ceph: stderr
2024-02-20T07:49:25.118+0000 7f4d2e7fc700 1 -- 172.21.15.133:0/1066980668 <== mon.0 v2:172.21.15.133:3300/0 2 ==== config(27 keys) v1 ==== 1109+0+0 (secure 0 0 0) 0x7f4d28010ec0 con 0x7f4d38102770
2024-02-20T07:49:25.885 INFO:teuthology.orchestra.run.smithi133.stdout:/usr/bin/ceph: stderr
2024-02-20T07:49:25.118+0000 7f4d3fdc0700 1 -- 172.21.15.133:0/1066980668 --> [v2:172.21.15.133:3300/0,v1:172.21.15.133:6789/0] -- mon_subscribe({mgrmap=0+}) v3 -- 0x7f4d38111d00 con 0x7f4d38102770
2024-02-20T07:49:25.886 INFO:teuthology.orchestra.run.smithi133.stdout:/usr/bin/ceph: stderr
2024-02-20T07:49:25.118+0000 7f4d2e7fc700 1 -- 172.21.15.133:0/1066980668 <== mon.0 v2:172.21.15.133:3300/0 3 ==== mon_map magic: 0 v1 ==== 229+0+0 (secure 0 0 0) 0x7f4d280243f0 con 0x7f4d38102770
2024-02-20T07:49:25.886 INFO:teuthology.orchestra.run.smithi133.stdout:/usr/bin/ceph: stderr
2024-02-20T07:49:25.118+0000 7f4d3fdc0700 1 -- 172.21.15.133:0/1066980668 --> [v2:172.21.15.133:3300/0,v1:172.21.15.133:6789/0] -- mon_subscribe({osdmap=0}) v3 -- 0x7f4d381129a0 con 0x7f4d38102770
2024-02-20T07:49:25.886 INFO:teuthology.orchestra.run.smithi133.stdout:/usr/bin/ceph: stderr
2024-02-20T07:49:25.118+0000 7f4d2e7fc700 1 -- 172.21.15.133:0/1066980668 <== mon.0 v2:172.21.15.133:3300/0 4 ==== mgrmap(e 12) v1 ==== 43381+0+0 (secure 0 0 0) 0x7f4d2802d3f0 con 0x7f4d38102770
2024-02-20T07:49:25.886 INFO:teuthology.orchestra.run.smithi133.stdout:/usr/bin/ceph: stderr
2024-02-20T07:49:25.119+0000 7f4d2e7fc700 1 --2- 172.21.15.133:0/1066980668 >> [v2:172.21.15.133:6800/3944459195,v1:172.21.15.133:6801/3944459195] conn(0x7f4d240367e0 0x7f4d24038c90 unknown :-1 s=NONE pgs=0 cs=0 l=1 rev1=0 crypto rx=0 tx=0 comp rx=0 tx=0).connect
2024-02-20T07:49:25.886 INFO:teuthology.orchestra.run.smithi133.stdout:/usr/bin/ceph: stderr
2024-02-20T07:49:25.119+0000 7f4d2e7fc700 1 -- 172.21.15.133:0/1066980668 <== mon.0 v2:172.21.15.133:3300/0 5 ==== osd_map(3..3 src has 1..3) v4 ==== 1151+0+0 (secure 0 0 0) 0x7f4d2804b5a0 con 0x7f4d38102770
2024-02-20T07:49:25.886 INFO:teuthology.orchestra.run.smithi133.stdout:/usr/bin/ceph: stderr
2024-02-20T07:49:25.119+0000 7f4d3d35b700 1 --2- 172.21.15.133:0/1066980668 >> [v2:172.21.15.133:6800/3944459195,v1:172.21.15.133:6801/3944459195] conn(0x7f4d240367e0 0x7f4d24038c90 unknown :-1 s=BANNER_CONNECTING pgs=0 cs=0 l=1 rev1=0 crypto rx=0 tx=0 comp rx=0 tx=0)._handle_peer_banner_payload supported=3 required=0
2024-02-20T07:49:25.886 INFO:teuthology.orchestra.run.smithi133.stdout:/usr/bin/ceph: stderr
2024-02-20T07:49:25.119+0000 7f4d3fdc0700 1 -- 172.21.15.133:0/1066980668 --> [v2:172.21.15.133:3300/0,v1:172.21.15.133:6789/0] -- mon_command({"prefix": "get_command_descriptions"} v 0) v1 -- 0x7f4d38112190 con 0x7f4d38102770
2024-02-20T07:49:25.886 INFO:teuthology.orchestra.run.smithi133.stdout:/usr/bin/ceph: stderr
2024-02-20T07:49:25.119+0000 7f4d3d35b700 1 --2- 172.21.15.133:0/1066980668 >> [v2:172.21.15.133:6800/3944459195,v1:172.21.15.133:6801/3944459195] conn(0x7f4d240367e0 0x7f4d24038c90 secure :-1 s=READY pgs=9 cs=0 l=1 rev1=1 crypto rx=0x7f4d34009990 tx=0x7f4d34006e40 comp rx=0 tx=0).ready entity=mgr.14162 client_cookie=0 server_cookie=0 in_seq=0 out_seq=0
2024-02-20T07:49:25.886 INFO:teuthology.orchestra.run.smithi133.stdout:/usr/bin/ceph: stderr
2024-02-20T07:49:25.123+0000 7f4d2e7fc700 1 -- 172.21.15.133:0/1066980668 <== mon.0 v2:172.21.15.133:3300/0 6 ==== mon_command_ack([{"prefix": "get_command_descriptions"}]=0 v0) v1 ==== 72+0+175031 (secure 0 0 0) 0x7f4d2802b8e0 con 0x7f4d38102770
2024-02-20T07:49:25.887 INFO:teuthology.orchestra.run.smithi133.stdout:/usr/bin/ceph: stderr
2024-02-20T07:49:25.305+0000 7f4d3fdc0700 1 -- 172.21.15.133:0/1066980668 --> [v2:172.21.15.133:3300/0,v1:172.21.15.133:6789/0] -- mon_command({"prefix": "config get", "who": "mgr", "key": "mgr/dashboard/ssl_server_port"} v 0) v1 -- 0x7f4d381045e0 con 0x7f4d38102770
2024-02-20T07:49:25.887 INFO:teuthology.orchestra.run.smithi133.stdout:/usr/bin/ceph: stderr
2024-02-20T07:49:25.306+0000 7f4d2e7fc700 1 -- 172.21.15.133:0/1066980668 <== mon.0 v2:172.21.15.133:3300/0 7 ==== mon_command_ack([{"prefix": "config get", "who": "mgr", "key": "mgr/dashboard/ssl_server_port"}]=0 v8) v1 ==== 112+0+5 (secure 0 0 0) 0x7f4d2802b2f0 con 0x7f4d38102770
2024-02-20T07:49:25.887 INFO:teuthology.orchestra.run.smithi133.stdout:/usr/bin/ceph: stderr
2024-02-20T07:49:25.308+0000 7f4d3fdc0700 1 -- 172.21.15.133:0/1066980668 >> [v2:172.21.15.133:6800/3944459195,v1:172.21.15.133:6801/3944459195] conn(0x7f4d240367e0 msgr2=0x7f4d24038c90 secure :-1 s=STATE_CONNECTION_ESTABLISHED l=1).mark_down
2024-02-20T07:49:25.887 INFO:teuthology.orchestra.run.smithi133.stdout:/usr/bin/ceph: stderr
2024-02-20T07:49:25.308+0000 7f4d3fdc0700 1 --2- 172.21.15.133:0/1066980668 >> [v2:172.21.15.133:6800/3944459195,v1:172.21.15.133:6801/3944459195] conn(0x7f4d240367e0 0x7f4d24038c90 secure :-1 s=READY pgs=9 cs=0 l=1 rev1=1 crypto rx=0x7f4d34009990 tx=0x7f4d34006e40 comp rx=0 tx=0).stop
2024-02-20T07:49:25.887 INFO:teuthology.orchestra.run.smithi133.stdout:/usr/bin/ceph: stderr
2024-02-20T07:49:25.308+0000 7f4d3fdc0700 1 -- 172.21.15.133:0/1066980668 >> [v2:172.21.15.133:3300/0,v1:172.21.15.133:6789/0] conn(0x7f4d38102770 msgr2=0x7f4d381115c0 secure :-1 s=STATE_CONNECTION_ESTABLISHED l=1).mark_down
2024-02-20T07:49:25.887 INFO:teuthology.orchestra.run.smithi133.stdout:/usr/bin/ceph: stderr
2024-02-20T07:49:25.308+0000 7f4d3fdc0700 1 --2- 172.21.15.133:0/1066980668 >> [v2:172.21.15.133:3300/0,v1:172.21.15.133:6789/0] conn(0x7f4d38102770 0x7f4d381115c0 secure :-1 s=READY pgs=85 cs=0 l=1 rev1=1 crypto rx=0x7f4d28011680 tx=0x7f4d28009250 comp rx=0 tx=0).stop
2024-02-20T07:49:25.887 INFO:teuthology.orchestra.run.smithi133.stdout:/usr/bin/ceph: stderr
2024-02-20T07:49:25.308+0000 7f4d3fdc0700 1 -- 172.21.15.133:0/1066980668 shutdown_connections
2024-02-20T07:49:25.887 INFO:teuthology.orchestra.run.smithi133.stdout:/usr/bin/ceph: stderr
2024-02-20T07:49:25.308+0000 7f4d3fdc0700 1 --2- 172.21.15.133:0/1066980668 >> [v2:172.21.15.133:6800/3944459195,v1:172.21.15.133:6801/3944459195] conn(0x7f4d240367e0 0x7f4d24038c90 unknown :-1 s=CLOSED pgs=9 cs=0 l=1 rev1=1 crypto rx=0 tx=0 comp rx=0 tx=0).stop
2024-02-20T07:49:25.887 INFO:teuthology.orchestra.run.smithi133.stdout:/usr/bin/ceph: stderr
2024-02-20T07:49:25.308+0000 7f4d3fdc0700 1 --2- 172.21.15.133:0/1066980668 >> [v2:172.21.15.133:3300/0,v1:172.21.15.133:6789/0] conn(0x7f4d38102770 0x7f4d381115c0 unknown :-1 s=CLOSED pgs=85 cs=0 l=1 rev1=1 crypto rx=0 tx=0 comp rx=0 tx=0).stop
2024-02-20T07:49:25.887 INFO:teuthology.orchestra.run.smithi133.stdout:/usr/bin/ceph: stderr
2024-02-20T07:49:25.308+0000 7f4d3fdc0700 1 -- 172.21.15.133:0/1066980668 >> 172.21.15.133:0/1066980668 conn(0x7f4d380fded0 msgr2=0x7f4d380ff5b0 unknown :-1 s=STATE_NONE l=0).mark_down
2024-02-20T07:49:25.888 INFO:teuthology.orchestra.run.smithi133.stdout:/usr/bin/ceph: stderr
2024-02-20T07:49:25.308+0000 7f4d3fdc0700 1 -- 172.21.15.133:0/1066980668 shutdown_connections
2024-02-20T07:49:25.888 INFO:teuthology.orchestra.run.smithi133.stdout:/usr/bin/ceph: stderr
2024-02-20T07:49:25.308+0000 7f4d3fdc0700 1 -- 172.21.15.133:0/1066980668 wait complete.
2024-02-20T07:49:25.888 INFO:teuthology.orchestra.run.smithi133.stdout:Non-zero exit code 1 from systemctl is-enabled firewalld.service
2024-02-20T07:49:25.888 INFO:teuthology.orchestra.run.smithi133.stdout:systemctl: stdout disabled
2024-02-20T07:49:25.895 INFO:teuthology.orchestra.run.smithi133.stdout:Non-zero exit code 3 from systemctl is-active firewalld.service
2024-02-20T07:49:25.895 INFO:teuthology.orchestra.run.smithi133.stdout:systemctl: stdout inactive
2024-02-20T07:49:25.895 INFO:teuthology.orchestra.run.smithi133.stdout:firewalld.service is not enabled
2024-02-20T07:49:25.895 INFO:teuthology.orchestra.run.smithi133.stdout:Not possible to open ports <[8443]>. firewalld.service is not available
2024-02-20T07:49:25.897 INFO:teuthology.orchestra.run.smithi133.stdout:Ceph Dashboard is now available at:
2024-02-20T07:49:25.897 INFO:teuthology.orchestra.run.smithi133.stdout:
2024-02-20T07:49:25.897 INFO:teuthology.orchestra.run.smithi133.stdout: URL: https://smithi133.front.sepia.ceph.com:8443/
2024-02-20T07:49:25.897 INFO:teuthology.orchestra.run.smithi133.stdout: User: admin
2024-02-20T07:49:25.897 INFO:teuthology.orchestra.run.smithi133.stdout: Password: b5pa2skgz1
2024-02-20T07:49:25.897 INFO:teuthology.orchestra.run.smithi133.stdout:
2024-02-20T07:49:25.897 INFO:teuthology.orchestra.run.smithi133.stdout:Saving cluster configuration to /var/lib/ceph/4537327c-cfc4-11ee-95bb-87774f69a715/config directory
2024-02-20T07:49:25.898 INFO:teuthology.orchestra.run.smithi133.stdout:Enabling autotune for osd_memory_target
2024-02-20T07:49:25.992 INFO:journalctl@ceph.mon.smithi133.smithi133.stdout:Feb 20 07:49:25 smithi133 ceph-mon[29117]: from='client.? 172.21.15.133:0/1066980668' entity='client.admin' cmd=[{"prefix": "config get", "who": "mgr", "key": "mgr/dashboard/ssl_server_port"}]: dispatch
2024-02-20T07:49:27.121 INFO:teuthology.orchestra.run.smithi133.stdout:/usr/bin/ceph: stderr
2024-02-20T07:49:26.305+0000 7f4845b8b700 1 Processor -- start
2024-02-20T07:49:27.122 INFO:teuthology.orchestra.run.smithi133.stdout:/usr/bin/ceph: stderr
2024-02-20T07:49:26.305+0000 7f4845b8b700 1 -- start start
2024-02-20T07:49:27.122 INFO:teuthology.orchestra.run.smithi133.stdout:/usr/bin/ceph: stderr
2024-02-20T07:49:26.306+0000 7f4845b8b700 1 --2- >> [v2:172.21.15.133:3300/0,v1:172.21.15.133:6789/0] conn(0x7f4840102c60 0x7f4840103070 unknown :-1 s=NONE pgs=0 cs=0 l=0 rev1=0 crypto rx=0 tx=0 comp rx=0 tx=0).connect
2024-02-20T07:49:27.122 INFO:teuthology.orchestra.run.smithi133.stdout:/usr/bin/ceph: stderr
2024-02-20T07:49:26.306+0000 7f4845b8b700 1 -- --> [v2:172.21.15.133:3300/0,v1:172.21.15.133:6789/0] -- mon_getmap magic: 0 v1 -- 0x7f48401035b0 con 0x7f4840102c60
2024-02-20T07:49:27.122 INFO:teuthology.orchestra.run.smithi133.stdout:/usr/bin/ceph: stderr
