2024-02-20T07:49:08.668+0000 7fcd69a81700 1 --2- 172.21.15.133:0/1217485863 >> [v2:172.21.15.133:6800/1670376163,v1:172.21.15.133:6801/1670376163] conn(0x7fcd50036790 0x7fcd50038c40 secure :-1 s=READY pgs=18 cs=0 l=1 rev1=1 crypto rx=0x7fcd54009990 tx=0x7fcd54006e40 comp rx=0 tx=0).ready entity=mgr.14120 client_cookie=0 server_cookie=0 in_seq=0 out_seq=0
2024-02-20T07:49:09.449 INFO:teuthology.orchestra.run.smithi133.stdout:/usr/bin/ceph: stderr
2024-02-20T07:49:08.672+0000 7fcd5affd700 1 -- 172.21.15.133:0/1217485863 <== mon.0 v2:172.21.15.133:3300/0 6 ==== mon_command_ack([{"prefix": "get_command_descriptions"}]=0 v0) v1 ==== 72+0+175031 (secure 0 0 0) 0x7fcd6002b8e0 con 0x7fcd64076c00
2024-02-20T07:49:09.449 INFO:teuthology.orchestra.run.smithi133.stdout:/usr/bin/ceph: stderr
2024-02-20T07:49:08.863+0000 7fcd6c4e6700 1 -- 172.21.15.133:0/1217485863 --> [v2:172.21.15.133:6800/1670376163,v1:172.21.15.133:6801/1670376163] -- mgr_command(tid 0: {"prefix": "orch apply", "service_type": "alertmanager", "target": ["mon-mgr", ""]}) v1 -- 0x7fcd64108b70 con 0x7fcd50036790
2024-02-20T07:49:09.449 INFO:teuthology.orchestra.run.smithi133.stdout:/usr/bin/ceph: stderr
2024-02-20T07:49:08.868+0000 7fcd5affd700 1 -- 172.21.15.133:0/1217485863 <== mgr.14120 v2:172.21.15.133:6800/1670376163 1 ==== mgr_command_reply(tid 0: 0 ) v1 ==== 8+0+33 (secure 0 0 0) 0x7fcd64108b70 con 0x7fcd50036790
2024-02-20T07:49:09.449 INFO:teuthology.orchestra.run.smithi133.stdout:/usr/bin/ceph: stderr
2024-02-20T07:49:08.870+0000 7fcd6c4e6700 1 -- 172.21.15.133:0/1217485863 >> [v2:172.21.15.133:6800/1670376163,v1:172.21.15.133:6801/1670376163] conn(0x7fcd50036790 msgr2=0x7fcd50038c40 secure :-1 s=STATE_CONNECTION_ESTABLISHED l=1).mark_down
2024-02-20T07:49:09.449 INFO:teuthology.orchestra.run.smithi133.stdout:/usr/bin/ceph: stderr
2024-02-20T07:49:08.870+0000 7fcd6c4e6700 1 --2- 172.21.15.133:0/1217485863 >> [v2:172.21.15.133:6800/1670376163,v1:172.21.15.133:6801/1670376163] conn(0x7fcd50036790 0x7fcd50038c40 secure :-1 s=READY pgs=18 cs=0 l=1 rev1=1 crypto rx=0x7fcd54009990 tx=0x7fcd54006e40 comp rx=0 tx=0).stop
2024-02-20T07:49:09.449 INFO:teuthology.orchestra.run.smithi133.stdout:/usr/bin/ceph: stderr
2024-02-20T07:49:08.870+0000 7fcd6c4e6700 1 -- 172.21.15.133:0/1217485863 >> [v2:172.21.15.133:3300/0,v1:172.21.15.133:6789/0] conn(0x7fcd64076c00 msgr2=0x7fcd64113a70 secure :-1 s=STATE_CONNECTION_ESTABLISHED l=1).mark_down
2024-02-20T07:49:09.449 INFO:teuthology.orchestra.run.smithi133.stdout:/usr/bin/ceph: stderr
2024-02-20T07:49:08.870+0000 7fcd6c4e6700 1 --2- 172.21.15.133:0/1217485863 >> [v2:172.21.15.133:3300/0,v1:172.21.15.133:6789/0] conn(0x7fcd64076c00 0x7fcd64113a70 secure :-1 s=READY pgs=60 cs=0 l=1 rev1=1 crypto rx=0x7fcd60003080 tx=0x7fcd60009250 comp rx=0 tx=0).stop
2024-02-20T07:49:09.449 INFO:teuthology.orchestra.run.smithi133.stdout:/usr/bin/ceph: stderr
2024-02-20T07:49:08.870+0000 7fcd6c4e6700 1 -- 172.21.15.133:0/1217485863 shutdown_connections
2024-02-20T07:49:09.449 INFO:teuthology.orchestra.run.smithi133.stdout:/usr/bin/ceph: stderr
2024-02-20T07:49:08.870+0000 7fcd6c4e6700 1 --2- 172.21.15.133:0/1217485863 >> [v2:172.21.15.133:6800/1670376163,v1:172.21.15.133:6801/1670376163] conn(0x7fcd50036790 0x7fcd50038c40 unknown :-1 s=CLOSED pgs=18 cs=0 l=1 rev1=1 crypto rx=0 tx=0 comp rx=0 tx=0).stop
2024-02-20T07:49:09.449 INFO:teuthology.orchestra.run.smithi133.stdout:/usr/bin/ceph: stderr
2024-02-20T07:49:08.870+0000 7fcd6c4e6700 1 --2- 172.21.15.133:0/1217485863 >> [v2:172.21.15.133:3300/0,v1:172.21.15.133:6789/0] conn(0x7fcd64076c00 0x7fcd64113a70 unknown :-1 s=CLOSED pgs=60 cs=0 l=1 rev1=1 crypto rx=0 tx=0 comp rx=0 tx=0).stop
2024-02-20T07:49:09.449 INFO:teuthology.orchestra.run.smithi133.stdout:/usr/bin/ceph: stderr
2024-02-20T07:49:08.870+0000 7fcd6c4e6700 1 -- 172.21.15.133:0/1217485863 >> 172.21.15.133:0/1217485863 conn(0x7fcd640fcdd0 msgr2=0x7fcd640fdd80 unknown :-1 s=STATE_NONE l=0).mark_down
2024-02-20T07:49:09.449 INFO:teuthology.orchestra.run.smithi133.stdout:/usr/bin/ceph: stderr
2024-02-20T07:49:08.871+0000 7fcd6c4e6700 1 -- 172.21.15.133:0/1217485863 shutdown_connections
2024-02-20T07:49:09.449 INFO:teuthology.orchestra.run.smithi133.stdout:/usr/bin/ceph: stderr
2024-02-20T07:49:08.871+0000 7fcd6c4e6700 1 -- 172.21.15.133:0/1217485863 wait complete.
2024-02-20T07:49:09.992 INFO:journalctl@ceph.mon.smithi133.smithi133.stdout:Feb 20 07:49:09 smithi133 ceph-mon[29117]: from='client.14154 -' entity='client.admin' cmd=[{"prefix": "orch apply", "service_type": "alertmanager", "target": ["mon-mgr", ""]}]: dispatch
2024-02-20T07:49:09.992 INFO:journalctl@ceph.mon.smithi133.smithi133.stdout:Feb 20 07:49:09 smithi133 ceph-mon[29117]: Saving service alertmanager spec with placement count:1
2024-02-20T07:49:09.992 INFO:journalctl@ceph.mon.smithi133.smithi133.stdout:Feb 20 07:49:09 smithi133 ceph-mon[29117]: from='mgr.14120 172.21.15.133:0/2965705206' entity='mgr.smithi133.mrvcbp'
2024-02-20T07:49:09.992 INFO:journalctl@ceph.mon.smithi133.smithi133.stdout:Feb 20 07:49:09 smithi133 ceph-mon[29117]: pgmap v3: 0 pgs: ; 0 B data, 0 B used, 0 B / 0 B avail
2024-02-20T07:49:10.551 INFO:teuthology.orchestra.run.smithi133.stdout:/usr/bin/ceph: stderr
2024-02-20T07:49:09.813+0000 7f6dc24c2700 1 Processor -- start
2024-02-20T07:49:10.551 INFO:teuthology.orchestra.run.smithi133.stdout:/usr/bin/ceph: stderr
2024-02-20T07:49:09.813+0000 7f6dc24c2700 1 -- start start
2024-02-20T07:49:10.551 INFO:teuthology.orchestra.run.smithi133.stdout:/usr/bin/ceph: stderr
2024-02-20T07:49:09.813+0000 7f6dc24c2700 1 --2- >> [v2:172.21.15.133:3300/0,v1:172.21.15.133:6789/0] conn(0x7f6dbc076c20 0x7f6dbc105380 unknown :-1 s=NONE pgs=0 cs=0 l=0 rev1=0 crypto rx=0 tx=0 comp rx=0 tx=0).connect
2024-02-20T07:49:10.552 INFO:teuthology.orchestra.run.smithi133.stdout:/usr/bin/ceph: stderr
2024-02-20T07:49:09.813+0000 7f6dc24c2700 1 -- --> [v2:172.21.15.133:3300/0,v1:172.21.15.133:6789/0] -- mon_getmap magic: 0 v1 -- 0x7f6dbc1058c0 con 0x7f6dbc076c20
2024-02-20T07:49:10.552 INFO:teuthology.orchestra.run.smithi133.stdout:/usr/bin/ceph: stderr
2024-02-20T07:49:09.813+0000 7f6dbbfff700 1 --2- >> [v2:172.21.15.133:3300/0,v1:172.21.15.133:6789/0] conn(0x7f6dbc076c20 0x7f6dbc105380 unknown :-1 s=BANNER_CONNECTING pgs=0 cs=0 l=0 rev1=0 crypto rx=0 tx=0 comp rx=0 tx=0)._handle_peer_banner_payload supported=3 required=0
2024-02-20T07:49:10.552 INFO:teuthology.orchestra.run.smithi133.stdout:/usr/bin/ceph: stderr
2024-02-20T07:49:09.813+0000 7f6dbbfff700 1 --2- >> [v2:172.21.15.133:3300/0,v1:172.21.15.133:6789/0] conn(0x7f6dbc076c20 0x7f6dbc105380 unknown :-1 s=HELLO_CONNECTING pgs=0 cs=0 l=0 rev1=1 crypto rx=0 tx=0 comp rx=0 tx=0).handle_hello peer v2:172.21.15.133:3300/0 says I am v2:172.21.15.133:43448/0 (socket says 172.21.15.133:43448)
2024-02-20T07:49:10.552 INFO:teuthology.orchestra.run.smithi133.stdout:/usr/bin/ceph: stderr
2024-02-20T07:49:09.813+0000 7f6dbbfff700 1 -- 172.21.15.133:0/813704813 learned_addr learned my addr 172.21.15.133:0/813704813 (peer_addr_for_me v2:172.21.15.133:0/0)
2024-02-20T07:49:10.552 INFO:teuthology.orchestra.run.smithi133.stdout:/usr/bin/ceph: stderr
2024-02-20T07:49:09.814+0000 7f6dbbfff700 1 -- 172.21.15.133:0/813704813 --> [v2:172.21.15.133:3300/0,v1:172.21.15.133:6789/0] -- mon_subscribe({config=0+,monmap=0+}) v3 -- 0x7f6dbc105a00 con 0x7f6dbc076c20
2024-02-20T07:49:10.552 INFO:teuthology.orchestra.run.smithi133.stdout:/usr/bin/ceph: stderr
2024-02-20T07:49:09.814+0000 7f6dbbfff700 1 --2- 172.21.15.133:0/813704813 >> [v2:172.21.15.133:3300/0,v1:172.21.15.133:6789/0] conn(0x7f6dbc076c20 0x7f6dbc105380 secure :-1 s=READY pgs=61 cs=0 l=1 rev1=1 crypto rx=0x7f6dac0098e0 tx=0x7f6dac009250 comp rx=0 tx=0).ready entity=mon.0 client_cookie=9f92b4fb3307726d server_cookie=0 in_seq=0 out_seq=0
2024-02-20T07:49:10.552 INFO:teuthology.orchestra.run.smithi133.stdout:/usr/bin/ceph: stderr
2024-02-20T07:49:09.814+0000 7f6dbaffd700 1 -- 172.21.15.133:0/813704813 <== mon.0 v2:172.21.15.133:3300/0 1 ==== mon_map magic: 0 v1 ==== 229+0+0 (secure 0 0 0) 0x7f6dac00b860 con 0x7f6dbc076c20
2024-02-20T07:49:10.552 INFO:teuthology.orchestra.run.smithi133.stdout:/usr/bin/ceph: stderr
2024-02-20T07:49:09.814+0000 7f6dbaffd700 1 -- 172.21.15.133:0/813704813 <== mon.0 v2:172.21.15.133:3300/0 2 ==== config(27 keys) v1 ==== 1109+0+0 (secure 0 0 0) 0x7f6dac00be90 con 0x7f6dbc076c20
2024-02-20T07:49:10.552 INFO:teuthology.orchestra.run.smithi133.stdout:/usr/bin/ceph: stderr
2024-02-20T07:49:09.814+0000 7f6dbaffd700 1 -- 172.21.15.133:0/813704813 <== mon.0 v2:172.21.15.133:3300/0 3 ==== mon_map magic: 0 v1 ==== 229+0+0 (secure 0 0 0) 0x7f6dac0103c0 con 0x7f6dbc076c20
2024-02-20T07:49:10.552 INFO:teuthology.orchestra.run.smithi133.stdout:/usr/bin/ceph: stderr
2024-02-20T07:49:09.814+0000 7f6dc24c2700 1 -- 172.21.15.133:0/813704813 >> [v2:172.21.15.133:3300/0,v1:172.21.15.133:6789/0] conn(0x7f6dbc076c20 msgr2=0x7f6dbc105380 secure :-1 s=STATE_CONNECTION_ESTABLISHED l=1).mark_down
2024-02-20T07:49:10.552 INFO:teuthology.orchestra.run.smithi133.stdout:/usr/bin/ceph: stderr
2024-02-20T07:49:09.814+0000 7f6dc24c2700 1 --2- 172.21.15.133:0/813704813 >> [v2:172.21.15.133:3300/0,v1:172.21.15.133:6789/0] conn(0x7f6dbc076c20 0x7f6dbc105380 secure :-1 s=READY pgs=61 cs=0 l=1 rev1=1 crypto rx=0x7f6dac0098e0 tx=0x7f6dac009250 comp rx=0 tx=0).stop
2024-02-20T07:49:10.552 INFO:teuthology.orchestra.run.smithi133.stdout:/usr/bin/ceph: stderr
2024-02-20T07:49:09.814+0000 7f6dc24c2700 1 -- 172.21.15.133:0/813704813 shutdown_connections
2024-02-20T07:49:10.552 INFO:teuthology.orchestra.run.smithi133.stdout:/usr/bin/ceph: stderr
2024-02-20T07:49:09.814+0000 7f6dc24c2700 1 --2- 172.21.15.133:0/813704813 >> [v2:172.21.15.133:3300/0,v1:172.21.15.133:6789/0] conn(0x7f6dbc076c20 0x7f6dbc105380 unknown :-1 s=CLOSED pgs=61 cs=0 l=1 rev1=1 crypto rx=0 tx=0 comp rx=0 tx=0).stop
2024-02-20T07:49:10.552 INFO:teuthology.orchestra.run.smithi133.stdout:/usr/bin/ceph: stderr
2024-02-20T07:49:09.814+0000 7f6dc24c2700 1 -- 172.21.15.133:0/813704813 >> 172.21.15.133:0/813704813 conn(0x7f6dbc0fcdd0 msgr2=0x7f6dbc0ff200 unknown :-1 s=STATE_NONE l=0).mark_down
2024-02-20T07:49:10.553 INFO:teuthology.orchestra.run.smithi133.stdout:/usr/bin/ceph: stderr
2024-02-20T07:49:09.815+0000 7f6dc24c2700 1 -- 172.21.15.133:0/813704813 shutdown_connections
2024-02-20T07:49:10.553 INFO:teuthology.orchestra.run.smithi133.stdout:/usr/bin/ceph: stderr
2024-02-20T07:49:09.815+0000 7f6dc24c2700 1 -- 172.21.15.133:0/813704813 wait complete.
2024-02-20T07:49:10.553 INFO:teuthology.orchestra.run.smithi133.stdout:/usr/bin/ceph: stderr
2024-02-20T07:49:09.815+0000 7f6dc24c2700 1 Processor -- start
2024-02-20T07:49:10.553 INFO:teuthology.orchestra.run.smithi133.stdout:/usr/bin/ceph: stderr
2024-02-20T07:49:09.815+0000 7f6dc24c2700 1 -- start start
2024-02-20T07:49:10.553 INFO:teuthology.orchestra.run.smithi133.stdout:/usr/bin/ceph: stderr
2024-02-20T07:49:09.815+0000 7f6dc24c2700 1 --2- >> [v2:172.21.15.133:3300/0,v1:172.21.15.133:6789/0] conn(0x7f6dbc076c20 0x7f6dbc111870 unknown :-1 s=NONE pgs=0 cs=0 l=1 rev1=0 crypto rx=0 tx=0 comp rx=0 tx=0).connect
2024-02-20T07:49:10.553 INFO:teuthology.orchestra.run.smithi133.stdout:/usr/bin/ceph: stderr
2024-02-20T07:49:09.815+0000 7f6dc24c2700 1 -- --> [v2:172.21.15.133:3300/0,v1:172.21.15.133:6789/0] -- mon_getmap magic: 0 v1 -- 0x7f6dbc111db0 con 0x7f6dbc076c20
2024-02-20T07:49:10.553 INFO:teuthology.orchestra.run.smithi133.stdout:/usr/bin/ceph: stderr
2024-02-20T07:49:09.815+0000 7f6dbbfff700 1 --2- >> [v2:172.21.15.133:3300/0,v1:172.21.15.133:6789/0] conn(0x7f6dbc076c20 0x7f6dbc111870 unknown :-1 s=BANNER_CONNECTING pgs=0 cs=0 l=1 rev1=0 crypto rx=0 tx=0 comp rx=0 tx=0)._handle_peer_banner_payload supported=3 required=0
2024-02-20T07:49:10.553 INFO:teuthology.orchestra.run.smithi133.stdout:/usr/bin/ceph: stderr
2024-02-20T07:49:09.815+0000 7f6dbbfff700 1 --2- >> [v2:172.21.15.133:3300/0,v1:172.21.15.133:6789/0] conn(0x7f6dbc076c20 0x7f6dbc111870 unknown :-1 s=HELLO_CONNECTING pgs=0 cs=0 l=1 rev1=1 crypto rx=0 tx=0 comp rx=0 tx=0).handle_hello peer v2:172.21.15.133:3300/0 says I am v2:172.21.15.133:43464/0 (socket says 172.21.15.133:43464)
2024-02-20T07:49:10.553 INFO:teuthology.orchestra.run.smithi133.stdout:/usr/bin/ceph: stderr
2024-02-20T07:49:09.815+0000 7f6dbbfff700 1 -- 172.21.15.133:0/4052953670 learned_addr learned my addr 172.21.15.133:0/4052953670 (peer_addr_for_me v2:172.21.15.133:0/0)
2024-02-20T07:49:10.553 INFO:teuthology.orchestra.run.smithi133.stdout:/usr/bin/ceph: stderr
2024-02-20T07:49:09.816+0000 7f6dbbfff700 1 -- 172.21.15.133:0/4052953670 --> [v2:172.21.15.133:3300/0,v1:172.21.15.133:6789/0] -- mon_subscribe({config=0+,monmap=0+}) v3 -- 0x7f6dac0094f0 con 0x7f6dbc076c20
2024-02-20T07:49:10.553 INFO:teuthology.orchestra.run.smithi133.stdout:/usr/bin/ceph: stderr
2024-02-20T07:49:09.816+0000 7f6dbbfff700 1 --2- 172.21.15.133:0/4052953670 >> [v2:172.21.15.133:3300/0,v1:172.21.15.133:6789/0] conn(0x7f6dbc076c20 0x7f6dbc111870 secure :-1 s=READY pgs=62 cs=0 l=1 rev1=1 crypto rx=0x7f6dac003080 tx=0x7f6dac009250 comp rx=0 tx=0).ready entity=mon.0 client_cookie=0 server_cookie=0 in_seq=0 out_seq=0
2024-02-20T07:49:10.553 INFO:teuthology.orchestra.run.smithi133.stdout:/usr/bin/ceph: stderr
2024-02-20T07:49:09.816+0000 7f6db8ff9700 1 -- 172.21.15.133:0/4052953670 <== mon.0 v2:172.21.15.133:3300/0 1 ==== mon_map magic: 0 v1 ==== 229+0+0 (secure 0 0 0) 0x7f6dac011920 con 0x7f6dbc076c20
2024-02-20T07:49:10.553 INFO:teuthology.orchestra.run.smithi133.stdout:/usr/bin/ceph: stderr
2024-02-20T07:49:09.816+0000 7f6db8ff9700 1 -- 172.21.15.133:0/4052953670 <== mon.0 v2:172.21.15.133:3300/0 2 ==== config(27 keys) v1 ==== 1109+0+0 (secure 0 0 0) 0x7f6dac010d60 con 0x7f6dbc076c20
2024-02-20T07:49:10.553 INFO:teuthology.orchestra.run.smithi133.stdout:/usr/bin/ceph: stderr
2024-02-20T07:49:09.816+0000 7f6dc24c2700 1 -- 172.21.15.133:0/4052953670 --> [v2:172.21.15.133:3300/0,v1:172.21.15.133:6789/0] -- mon_subscribe({mgrmap=0+}) v3 -- 0x7f6dbc111fb0 con 0x7f6dbc076c20
2024-02-20T07:49:10.553 INFO:teuthology.orchestra.run.smithi133.stdout:/usr/bin/ceph: stderr
2024-02-20T07:49:09.816+0000 7f6db8ff9700 1 -- 172.21.15.133:0/4052953670 <== mon.0 v2:172.21.15.133:3300/0 3 ==== mon_map magic: 0 v1 ==== 229+0+0 (secure 0 0 0) 0x7f6dac0243f0 con 0x7f6dbc076c20
2024-02-20T07:49:10.553 INFO:teuthology.orchestra.run.smithi133.stdout:/usr/bin/ceph: stderr
2024-02-20T07:49:09.816+0000 7f6dc24c2700 1 -- 172.21.15.133:0/4052953670 --> [v2:172.21.15.133:3300/0,v1:172.21.15.133:6789/0] -- mon_subscribe({osdmap=0}) v3 -- 0x7f6dbc112c50 con 0x7f6dbc076c20
2024-02-20T07:49:10.554 INFO:teuthology.orchestra.run.smithi133.stdout:/usr/bin/ceph: stderr
2024-02-20T07:49:09.817+0000 7f6db8ff9700 1 -- 172.21.15.133:0/4052953670 <== mon.0 v2:172.21.15.133:3300/0 4 ==== mgrmap(e 8) v1 ==== 43368+0+0 (secure 0 0 0) 0x7f6dac02d3f0 con 0x7f6dbc076c20
2024-02-20T07:49:10.554 INFO:teuthology.orchestra.run.smithi133.stdout:/usr/bin/ceph: stderr
2024-02-20T07:49:09.817+0000 7f6dc24c2700 1 -- 172.21.15.133:0/4052953670 --> [v2:172.21.15.133:3300/0,v1:172.21.15.133:6789/0] -- mon_command({"prefix": "get_command_descriptions"} v 0) v1 -- 0x7f6dbc05f5c0 con 0x7f6dbc076c20
2024-02-20T07:49:10.554 INFO:teuthology.orchestra.run.smithi133.stdout:/usr/bin/ceph: stderr
2024-02-20T07:49:09.817+0000 7f6db8ff9700 1 --2- 172.21.15.133:0/4052953670 >> [v2:172.21.15.133:6800/1670376163,v1:172.21.15.133:6801/1670376163] conn(0x7f6da4036790 0x7f6da4038c40 unknown :-1 s=NONE pgs=0 cs=0 l=1 rev1=0 crypto rx=0 tx=0 comp rx=0 tx=0).connect
2024-02-20T07:49:10.554 INFO:teuthology.orchestra.run.smithi133.stdout:/usr/bin/ceph: stderr
2024-02-20T07:49:09.817+0000 7f6db8ff9700 1 -- 172.21.15.133:0/4052953670 <== mon.0 v2:172.21.15.133:3300/0 5 ==== osd_map(2..2 src has 1..2) v4 ==== 936+0+0 (secure 0 0 0) 0x7f6dac04a5f0 con 0x7f6dbc076c20
2024-02-20T07:49:10.554 INFO:teuthology.orchestra.run.smithi133.stdout:/usr/bin/ceph: stderr
2024-02-20T07:49:09.817+0000 7f6dbb7fe700 1 --2- 172.21.15.133:0/4052953670 >> [v2:172.21.15.133:6800/1670376163,v1:172.21.15.133:6801/1670376163] conn(0x7f6da4036790 0x7f6da4038c40 unknown :-1 s=BANNER_CONNECTING pgs=0 cs=0 l=1 rev1=0 crypto rx=0 tx=0 comp rx=0 tx=0)._handle_peer_banner_payload supported=3 required=0
2024-02-20T07:49:10.554 INFO:teuthology.orchestra.run.smithi133.stdout:/usr/bin/ceph: stderr
2024-02-20T07:49:09.818+0000 7f6dbb7fe700 1 --2- 172.21.15.133:0/4052953670 >> [v2:172.21.15.133:6800/1670376163,v1:172.21.15.133:6801/1670376163] conn(0x7f6da4036790 0x7f6da4038c40 secure :-1 s=READY pgs=19 cs=0 l=1 rev1=1 crypto rx=0x7f6db0009990 tx=0x7f6db0006e40 comp rx=0 tx=0).ready entity=mgr.14120 client_cookie=0 server_cookie=0 in_seq=0 out_seq=0
2024-02-20T07:49:10.554 INFO:teuthology.orchestra.run.smithi133.stdout:/usr/bin/ceph: stderr
2024-02-20T07:49:09.822+0000 7f6db8ff9700 1 -- 172.21.15.133:0/4052953670 <== mon.0 v2:172.21.15.133:3300/0 6 ==== mon_command_ack([{"prefix": "get_command_descriptions"}]=0 v0) v1 ==== 72+0+175031 (secure 0 0 0) 0x7f6dac02b8e0 con 0x7f6dbc076c20
2024-02-20T07:49:10.554 INFO:teuthology.orchestra.run.smithi133.stdout:/usr/bin/ceph: stderr
2024-02-20T07:49:10.009+0000 7f6dc24c2700 1 -- 172.21.15.133:0/4052953670 --> [v2:172.21.15.133:3300/0,v1:172.21.15.133:6789/0] -- mon_command([{prefix=config set, name=mgr/cephadm/container_init}] v 0) v1 -- 0x7f6dbc1068e0 con 0x7f6dbc076c20
2024-02-20T07:49:10.554 INFO:teuthology.orchestra.run.smithi133.stdout:/usr/bin/ceph: stderr
2024-02-20T07:49:10.013+0000 7f6db8ff9700 1 -- 172.21.15.133:0/4052953670 <== mon.0 v2:172.21.15.133:3300/0 7 ==== mon_command_ack([{prefix=config set, name=mgr/cephadm/container_init}]=0 v7)=0 v7) v1 ==== 142+0+0 (secure 0 0 0) 0x7f6dac009350 con 0x7f6dbc076c20
2024-02-20T07:49:10.554 INFO:teuthology.orchestra.run.smithi133.stdout:/usr/bin/ceph: stderr
2024-02-20T07:49:10.015+0000 7f6dc24c2700 1 -- 172.21.15.133:0/4052953670 >> [v2:172.21.15.133:6800/1670376163,v1:172.21.15.133:6801/1670376163] conn(0x7f6da4036790 msgr2=0x7f6da4038c40 secure :-1 s=STATE_CONNECTION_ESTABLISHED l=1).mark_down
2024-02-20T07:49:10.554 INFO:teuthology.orchestra.run.smithi133.stdout:/usr/bin/ceph: stderr
2024-02-20T07:49:10.015+0000 7f6dc24c2700 1 --2- 172.21.15.133:0/4052953670 >> [v2:172.21.15.133:6800/1670376163,v1:172.21.15.133:6801/1670376163] conn(0x7f6da4036790 0x7f6da4038c40 secure :-1 s=READY pgs=19 cs=0 l=1 rev1=1 crypto rx=0x7f6db0009990 tx=0x7f6db0006e40 comp rx=0 tx=0).stop
2024-02-20T07:49:10.554 INFO:teuthology.orchestra.run.smithi133.stdout:/usr/bin/ceph: stderr
2024-02-20T07:49:10.015+0000 7f6dc24c2700 1 -- 172.21.15.133:0/4052953670 >> [v2:172.21.15.133:3300/0,v1:172.21.15.133:6789/0] conn(0x7f6dbc076c20 msgr2=0x7f6dbc111870 secure :-1 s=STATE_CONNECTION_ESTABLISHED l=1).mark_down
2024-02-20T07:49:10.554 INFO:teuthology.orchestra.run.smithi133.stdout:/usr/bin/ceph: stderr
2024-02-20T07:49:10.015+0000 7f6dc24c2700 1 --2- 172.21.15.133:0/4052953670 >> [v2:172.21.15.133:3300/0,v1:172.21.15.133:6789/0] conn(0x7f6dbc076c20 0x7f6dbc111870 secure :-1 s=READY pgs=62 cs=0 l=1 rev1=1 crypto rx=0x7f6dac003080 tx=0x7f6dac009250 comp rx=0 tx=0).stop
2024-02-20T07:49:10.554 INFO:teuthology.orchestra.run.smithi133.stdout:/usr/bin/ceph: stderr
2024-02-20T07:49:10.015+0000 7f6dc24c2700 1 -- 172.21.15.133:0/4052953670 shutdown_connections
2024-02-20T07:49:10.555 INFO:teuthology.orchestra.run.smithi133.stdout:/usr/bin/ceph: stderr
2024-02-20T07:49:10.015+0000 7f6dc24c2700 1 --2- 172.21.15.133:0/4052953670 >> [v2:172.21.15.133:6800/1670376163,v1:172.21.15.133:6801/1670376163] conn(0x7f6da4036790 0x7f6da4038c40 unknown :-1 s=CLOSED pgs=19 cs=0 l=1 rev1=1 crypto rx=0 tx=0 comp rx=0 tx=0).stop
2024-02-20T07:49:10.555 INFO:teuthology.orchestra.run.smithi133.stdout:/usr/bin/ceph: stderr
2024-02-20T07:49:10.015+0000 7f6dc24c2700 1 --2- 172.21.15.133:0/4052953670 >> [v2:172.21.15.133:3300/0,v1:172.21.15.133:6789/0] conn(0x7f6dbc076c20 0x7f6dbc111870 unknown :-1 s=CLOSED pgs=62 cs=0 l=1 rev1=1 crypto rx=0 tx=0 comp rx=0 tx=0).stop
2024-02-20T07:49:10.555 INFO:teuthology.orchestra.run.smithi133.stdout:/usr/bin/ceph: stderr
2024-02-20T07:49:10.015+0000 7f6dc24c2700 1 -- 172.21.15.133:0/4052953670 >> 172.21.15.133:0/4052953670 conn(0x7f6dbc0fcdd0 msgr2=0x7f6dbc0fdd90 unknown :-1 s=STATE_NONE l=0).mark_down
2024-02-20T07:49:10.555 INFO:teuthology.orchestra.run.smithi133.stdout:/usr/bin/ceph: stderr
2024-02-20T07:49:10.015+0000 7f6dc24c2700 1 -- 172.21.15.133:0/4052953670 shutdown_connections
2024-02-20T07:49:10.555 INFO:teuthology.orchestra.run.smithi133.stdout:/usr/bin/ceph: stderr
2024-02-20T07:49:10.015+0000 7f6dc24c2700 1 -- 172.21.15.133:0/4052953670 wait complete.
2024-02-20T07:49:11.135 INFO:journalctl@ceph.mon.smithi133.smithi133.stdout:Feb 20 07:49:11 smithi133 ceph-mon[29117]: from='client.? 172.21.15.133:0/4052953670' entity='client.admin'
2024-02-20T07:49:11.716 INFO:teuthology.orchestra.run.smithi133.stdout:/usr/bin/ceph: stderr
2024-02-20T07:49:10.944+0000 7feaa5d91700 1 Processor -- start
2024-02-20T07:49:11.716 INFO:teuthology.orchestra.run.smithi133.stdout:/usr/bin/ceph: stderr
2024-02-20T07:49:10.944+0000 7feaa5d91700 1 -- start start
2024-02-20T07:49:11.716 INFO:teuthology.orchestra.run.smithi133.stdout:/usr/bin/ceph: stderr
2024-02-20T07:49:10.944+0000 7feaa5d91700 1 --2- >> [v2:172.21.15.133:3300/0,v1:172.21.15.133:6789/0] conn(0x7feaa0102770 0x7feaa0102b80 unknown :-1 s=NONE pgs=0 cs=0 l=0 rev1=0 crypto rx=0 tx=0 comp rx=0 tx=0).connect
2024-02-20T07:49:11.716 INFO:teuthology.orchestra.run.smithi133.stdout:/usr/bin/ceph: stderr
2024-02-20T07:49:10.944+0000 7feaa5d91700 1 -- --> [v2:172.21.15.133:3300/0,v1:172.21.15.133:6789/0] -- mon_getmap magic: 0 v1 -- 0x7feaa01030c0 con 0x7feaa0102770
2024-02-20T07:49:11.716 INFO:teuthology.orchestra.run.smithi133.stdout:/usr/bin/ceph: stderr
2024-02-20T07:49:10.944+0000 7fea9f7fe700 1 --2- >> [v2:172.21.15.133:3300/0,v1:172.21.15.133:6789/0] conn(0x7feaa0102770 0x7feaa0102b80 unknown :-1 s=BANNER_CONNECTING pgs=0 cs=0 l=0 rev1=0 crypto rx=0 tx=0 comp rx=0 tx=0)._handle_peer_banner_payload supported=3 required=0
2024-02-20T07:49:11.716 INFO:teuthology.orchestra.run.smithi133.stdout:/usr/bin/ceph: stderr
2024-02-20T07:49:10.944+0000 7fea9f7fe700 1 --2- >> [v2:172.21.15.133:3300/0,v1:172.21.15.133:6789/0] conn(0x7feaa0102770 0x7feaa0102b80 unknown :-1 s=HELLO_CONNECTING pgs=0 cs=0 l=0 rev1=1 crypto rx=0 tx=0 comp rx=0 tx=0).handle_hello peer v2:172.21.15.133:3300/0 says I am v2:172.21.15.133:43468/0 (socket says 172.21.15.133:43468)
2024-02-20T07:49:11.716 INFO:teuthology.orchestra.run.smithi133.stdout:/usr/bin/ceph: stderr
2024-02-20T07:49:10.944+0000 7fea9f7fe700 1 -- 172.21.15.133:0/173477818 learned_addr learned my addr 172.21.15.133:0/173477818 (peer_addr_for_me v2:172.21.15.133:0/0)
2024-02-20T07:49:11.716 INFO:teuthology.orchestra.run.smithi133.stdout:/usr/bin/ceph: stderr
2024-02-20T07:49:10.945+0000 7fea9f7fe700 1 -- 172.21.15.133:0/173477818 --> [v2:172.21.15.133:3300/0,v1:172.21.15.133:6789/0] -- mon_subscribe({config=0+,monmap=0+}) v3 -- 0x7feaa0103200 con 0x7feaa0102770
2024-02-20T07:49:11.716 INFO:teuthology.orchestra.run.smithi133.stdout:/usr/bin/ceph: stderr
2024-02-20T07:49:10.945+0000 7fea9f7fe700 1 --2- 172.21.15.133:0/173477818 >> [v2:172.21.15.133:3300/0,v1:172.21.15.133:6789/0] conn(0x7feaa0102770 0x7feaa0102b80 secure :-1 s=READY pgs=63 cs=0 l=1 rev1=1 crypto rx=0x7fea900098e0 tx=0x7fea90009250 comp rx=0 tx=0).ready entity=mon.0 client_cookie=f478b3006e81d33 server_cookie=0 in_seq=0 out_seq=0
2024-02-20T07:49:11.717 INFO:teuthology.orchestra.run.smithi133.stdout:/usr/bin/ceph: stderr
2024-02-20T07:49:10.945+0000 7fea9effd700 1 -- 172.21.15.133:0/173477818 <== mon.0 v2:172.21.15.133:3300/0 1 ==== mon_map magic: 0 v1 ==== 229+0+0 (secure 0 0 0) 0x7fea9000b860 con 0x7feaa0102770
2024-02-20T07:49:11.717 INFO:teuthology.orchestra.run.smithi133.stdout:/usr/bin/ceph: stderr
2024-02-20T07:49:10.945+0000 7fea9effd700 1 -- 172.21.15.133:0/173477818 <== mon.0 v2:172.21.15.133:3300/0 2 ==== config(27 keys) v1 ==== 1109+0+0 (secure 0 0 0) 0x7fea9000be90 con 0x7feaa0102770
2024-02-20T07:49:11.717 INFO:teuthology.orchestra.run.smithi133.stdout:/usr/bin/ceph: stderr
2024-02-20T07:49:10.945+0000 7fea9effd700 1 -- 172.21.15.133:0/173477818 <== mon.0 v2:172.21.15.133:3300/0 3 ==== mon_map magic: 0 v1 ==== 229+0+0 (secure 0 0 0) 0x7fea900103c0 con 0x7feaa0102770
2024-02-20T07:49:11.717 INFO:teuthology.orchestra.run.smithi133.stdout:/usr/bin/ceph: stderr
2024-02-20T07:49:10.945+0000 7feaa5d91700 1 -- 172.21.15.133:0/173477818 >> [v2:172.21.15.133:3300/0,v1:172.21.15.133:6789/0] conn(0x7feaa0102770 msgr2=0x7feaa0102b80 secure :-1 s=STATE_CONNECTION_ESTABLISHED l=1).mark_down
2024-02-20T07:49:11.717 INFO:teuthology.orchestra.run.smithi133.stdout:/usr/bin/ceph: stderr
2024-02-20T07:49:10.945+0000 7feaa5d91700 1 --2- 172.21.15.133:0/173477818 >> [v2:172.21.15.133:3300/0,v1:172.21.15.133:6789/0] conn(0x7feaa0102770 0x7feaa0102b80 secure :-1 s=READY pgs=63 cs=0 l=1 rev1=1 crypto rx=0x7fea900098e0 tx=0x7fea90009250 comp rx=0 tx=0).stop
2024-02-20T07:49:11.717 INFO:teuthology.orchestra.run.smithi133.stdout:/usr/bin/ceph: stderr
2024-02-20T07:49:10.945+0000 7feaa5d91700 1 -- 172.21.15.133:0/173477818 shutdown_connections
2024-02-20T07:49:11.717 INFO:teuthology.orchestra.run.smithi133.stdout:/usr/bin/ceph: stderr
2024-02-20T07:49:10.945+0000 7feaa5d91700 1 --2- 172.21.15.133:0/173477818 >> [v2:172.21.15.133:3300/0,v1:172.21.15.133:6789/0] conn(0x7feaa0102770 0x7feaa0102b80 unknown :-1 s=CLOSED pgs=63 cs=0 l=1 rev1=1 crypto rx=0 tx=0 comp rx=0 tx=0).stop
2024-02-20T07:49:11.717 INFO:teuthology.orchestra.run.smithi133.stdout:/usr/bin/ceph: stderr
2024-02-20T07:49:10.945+0000 7feaa5d91700 1 -- 172.21.15.133:0/173477818 >> 172.21.15.133:0/173477818 conn(0x7feaa00fded0 msgr2=0x7feaa0100300 unknown :-1 s=STATE_NONE l=0).mark_down
2024-02-20T07:49:11.717 INFO:teuthology.orchestra.run.smithi133.stdout:/usr/bin/ceph: stderr
2024-02-20T07:49:10.946+0000 7feaa5d91700 1 -- 172.21.15.133:0/173477818 shutdown_connections
2024-02-20T07:49:11.717 INFO:teuthology.orchestra.run.smithi133.stdout:/usr/bin/ceph: stderr
2024-02-20T07:49:10.946+0000 7feaa5d91700 1 -- 172.21.15.133:0/173477818 wait complete.
2024-02-20T07:49:11.717 INFO:teuthology.orchestra.run.smithi133.stdout:/usr/bin/ceph: stderr
2024-02-20T07:49:10.946+0000 7feaa5d91700 1 Processor -- start
2024-02-20T07:49:11.717 INFO:teuthology.orchestra.run.smithi133.stdout:/usr/bin/ceph: stderr
2024-02-20T07:49:10.946+0000 7feaa5d91700 1 -- start start
2024-02-20T07:49:11.717 INFO:teuthology.orchestra.run.smithi133.stdout:/usr/bin/ceph: stderr
2024-02-20T07:49:10.946+0000 7feaa5d91700 1 --2- >> [v2:172.21.15.133:3300/0,v1:172.21.15.133:6789/0] conn(0x7feaa0102770 0x7feaa01115c0 unknown :-1 s=NONE pgs=0 cs=0 l=1 rev1=0 crypto rx=0 tx=0 comp rx=0 tx=0).connect
2024-02-20T07:49:11.717 INFO:teuthology.orchestra.run.smithi133.stdout:/usr/bin/ceph: stderr
2024-02-20T07:49:10.946+0000 7feaa5d91700 1 -- --> [v2:172.21.15.133:3300/0,v1:172.21.15.133:6789/0] -- mon_getmap magic: 0 v1 -- 0x7feaa0111b00 con 0x7feaa0102770
2024-02-20T07:49:11.717 INFO:teuthology.orchestra.run.smithi133.stdout:/usr/bin/ceph: stderr
2024-02-20T07:49:10.946+0000 7fea9f7fe700 1 --2- >> [v2:172.21.15.133:3300/0,v1:172.21.15.133:6789/0] conn(0x7feaa0102770 0x7feaa01115c0 unknown :-1 s=BANNER_CONNECTING pgs=0 cs=0 l=1 rev1=0 crypto rx=0 tx=0 comp rx=0 tx=0)._handle_peer_banner_payload supported=3 required=0
2024-02-20T07:49:11.718 INFO:teuthology.orchestra.run.smithi133.stdout:/usr/bin/ceph: stderr
2024-02-20T07:49:10.946+0000 7fea9f7fe700 1 --2- >> [v2:172.21.15.133:3300/0,v1:172.21.15.133:6789/0] conn(0x7feaa0102770 0x7feaa01115c0 unknown :-1 s=HELLO_CONNECTING pgs=0 cs=0 l=1 rev1=1 crypto rx=0 tx=0 comp rx=0 tx=0).handle_hello peer v2:172.21.15.133:3300/0 says I am v2:172.21.15.133:43470/0 (socket says 172.21.15.133:43470)
2024-02-20T07:49:11.718 INFO:teuthology.orchestra.run.smithi133.stdout:/usr/bin/ceph: stderr
2024-02-20T07:49:10.946+0000 7fea9f7fe700 1 -- 172.21.15.133:0/2163650153 learned_addr learned my addr 172.21.15.133:0/2163650153 (peer_addr_for_me v2:172.21.15.133:0/0)
2024-02-20T07:49:11.718 INFO:teuthology.orchestra.run.smithi133.stdout:/usr/bin/ceph: stderr
2024-02-20T07:49:10.946+0000 7fea9f7fe700 1 -- 172.21.15.133:0/2163650153 --> [v2:172.21.15.133:3300/0,v1:172.21.15.133:6789/0] -- mon_subscribe({config=0+,monmap=0+}) v3 -- 0x7fea900094f0 con 0x7feaa0102770
2024-02-20T07:49:11.718 INFO:teuthology.orchestra.run.smithi133.stdout:/usr/bin/ceph: stderr
2024-02-20T07:49:10.947+0000 7fea9f7fe700 1 --2- 172.21.15.133:0/2163650153 >> [v2:172.21.15.133:3300/0,v1:172.21.15.133:6789/0] conn(0x7feaa0102770 0x7feaa01115c0 secure :-1 s=READY pgs=64 cs=0 l=1 rev1=1 crypto rx=0x7fea900090b0 tx=0x7fea90009250 comp rx=0 tx=0).ready entity=mon.0 client_cookie=0 server_cookie=0 in_seq=0 out_seq=0
2024-02-20T07:49:11.718 INFO:teuthology.orchestra.run.smithi133.stdout:/usr/bin/ceph: stderr
2024-02-20T07:49:10.947+0000 7fea9cff9700 1 -- 172.21.15.133:0/2163650153 <== mon.0 v2:172.21.15.133:3300/0 1 ==== mon_map magic: 0 v1 ==== 229+0+0 (secure 0 0 0) 0x7fea90010840 con 0x7feaa0102770
2024-02-20T07:49:11.718 INFO:teuthology.orchestra.run.smithi133.stdout:/usr/bin/ceph: stderr
2024-02-20T07:49:10.947+0000 7fea9cff9700 1 -- 172.21.15.133:0/2163650153 <== mon.0 v2:172.21.15.133:3300/0 2 ==== config(27 keys) v1 ==== 1109+0+0 (secure 0 0 0) 0x7fea90010e70 con 0x7feaa0102770
2024-02-20T07:49:11.718 INFO:teuthology.orchestra.run.smithi133.stdout:/usr/bin/ceph: stderr
2024-02-20T07:49:10.947+0000 7feaa5d91700 1 -- 172.21.15.133:0/2163650153 --> [v2:172.21.15.133:3300/0,v1:172.21.15.133:6789/0] -- mon_subscribe({mgrmap=0+}) v3 -- 0x7feaa0111d00 con 0x7feaa0102770
2024-02-20T07:49:11.718 INFO:teuthology.orchestra.run.smithi133.stdout:/usr/bin/ceph: stderr
2024-02-20T07:49:10.947+0000 7fea9cff9700 1 -- 172.21.15.133:0/2163650153 <== mon.0 v2:172.21.15.133:3300/0 3 ==== mon_map magic: 0 v1 ==== 229+0+0 (secure 0 0 0) 0x7fea90024e90 con 0x7feaa0102770
2024-02-20T07:49:11.718 INFO:teuthology.orchestra.run.smithi133.stdout:/usr/bin/ceph: stderr
2024-02-20T07:49:10.947+0000 7feaa5d91700 1 -- 172.21.15.133:0/2163650153 --> [v2:172.21.15.133:3300/0,v1:172.21.15.133:6789/0] -- mon_subscribe({osdmap=0}) v3 -- 0x7feaa01129a0 con 0x7feaa0102770
2024-02-20T07:49:11.718 INFO:teuthology.orchestra.run.smithi133.stdout:/usr/bin/ceph: stderr
2024-02-20T07:49:10.948+0000 7feaa5d91700 1 -- 172.21.15.133:0/2163650153 --> [v2:172.21.15.133:3300/0,v1:172.21.15.133:6789/0] -- mon_command({"prefix": "get_command_descriptions"} v 0) v1 -- 0x7feaa005f5c0 con 0x7feaa0102770
2024-02-20T07:49:11.719 INFO:teuthology.orchestra.run.smithi133.stdout:/usr/bin/ceph: stderr
2024-02-20T07:49:10.948+0000 7fea9cff9700 1 -- 172.21.15.133:0/2163650153 <== mon.0 v2:172.21.15.133:3300/0 4 ==== mgrmap(e 8) v1 ==== 43368+0+0 (secure 0 0 0) 0x7fea900109a0 con 0x7feaa0102770
2024-02-20T07:49:11.719 INFO:teuthology.orchestra.run.smithi133.stdout:/usr/bin/ceph: stderr
2024-02-20T07:49:10.948+0000 7fea9cff9700 1 --2- 172.21.15.133:0/2163650153 >> [v2:172.21.15.133:6800/1670376163,v1:172.21.15.133:6801/1670376163] conn(0x7fea8c036740 0x7fea8c038bf0 unknown :-1 s=NONE pgs=0 cs=0 l=1 rev1=0 crypto rx=0 tx=0 comp rx=0 tx=0).connect
2024-02-20T07:49:11.719 INFO:teuthology.orchestra.run.smithi133.stdout:/usr/bin/ceph: stderr
2024-02-20T07:49:10.948+0000 7fea9cff9700 1 -- 172.21.15.133:0/2163650153 <== mon.0 v2:172.21.15.133:3300/0 5 ==== osd_map(2..2 src has 1..2) v4 ==== 936+0+0 (secure 0 0 0) 0x7fea9004a7c0 con 0x7feaa0102770
2024-02-20T07:49:11.719 INFO:teuthology.orchestra.run.smithi133.stdout:/usr/bin/ceph: stderr
2024-02-20T07:49:10.948+0000 7fea97fff700 1 --2- 172.21.15.133:0/2163650153 >> [v2:172.21.15.133:6800/1670376163,v1:172.21.15.133:6801/1670376163] conn(0x7fea8c036740 0x7fea8c038bf0 unknown :-1 s=BANNER_CONNECTING pgs=0 cs=0 l=1 rev1=0 crypto rx=0 tx=0 comp rx=0 tx=0)._handle_peer_banner_payload supported=3 required=0
2024-02-20T07:49:11.719 INFO:teuthology.orchestra.run.smithi133.stdout:/usr/bin/ceph: stderr
2024-02-20T07:49:10.948+0000 7fea97fff700 1 --2- 172.21.15.133:0/2163650153 >> [v2:172.21.15.133:6800/1670376163,v1:172.21.15.133:6801/1670376163] conn(0x7fea8c036740 0x7fea8c038bf0 secure :-1 s=READY pgs=20 cs=0 l=1 rev1=1 crypto rx=0x7fea88009990 tx=0x7fea88006e40 comp rx=0 tx=0).ready entity=mgr.14120 client_cookie=0 server_cookie=0 in_seq=0 out_seq=0
2024-02-20T07:49:11.719 INFO:teuthology.orchestra.run.smithi133.stdout:/usr/bin/ceph: stderr
2024-02-20T07:49:10.952+0000 7fea9cff9700 1 -- 172.21.15.133:0/2163650153 <== mon.0 v2:172.21.15.133:3300/0 6 ==== mon_command_ack([{"prefix": "get_command_descriptions"}]=0 v0) v1 ==== 72+0+175031 (secure 0 0 0) 0x7fea9002c990 con 0x7feaa0102770
2024-02-20T07:49:11.719 INFO:teuthology.orchestra.run.smithi133.stdout:/usr/bin/ceph: stderr
2024-02-20T07:49:11.134+0000 7feaa5d91700 1 -- 172.21.15.133:0/2163650153 --> [v2:172.21.15.133:3300/0,v1:172.21.15.133:6789/0] -- mon_command([{prefix=config set, name=mgr/dashboard/ssl_server_port}] v 0) v1 -- 0x7feaa004bed0 con 0x7feaa0102770
2024-02-20T07:49:11.719 INFO:teuthology.orchestra.run.smithi133.stdout:/usr/bin/ceph: stderr
2024-02-20T07:49:11.137+0000 7fea9cff9700 1 -- 172.21.15.133:0/2163650153 <== mon.0 v2:172.21.15.133:3300/0 7 ==== mon_command_ack([{prefix=config set, name=mgr/dashboard/ssl_server_port}]=0 v8)=0 v8) v1 ==== 130+0+0 (secure 0 0 0) 0x7fea9002c7b0 con 0x7feaa0102770
2024-02-20T07:49:11.719 INFO:teuthology.orchestra.run.smithi133.stdout:/usr/bin/ceph: stderr
2024-02-20T07:49:11.139+0000 7feaa5d91700 1 -- 172.21.15.133:0/2163650153 >> [v2:172.21.15.133:6800/1670376163,v1:172.21.15.133:6801/1670376163] conn(0x7fea8c036740 msgr2=0x7fea8c038bf0 secure :-1 s=STATE_CONNECTION_ESTABLISHED l=1).mark_down
2024-02-20T07:49:11.719 INFO:teuthology.orchestra.run.smithi133.stdout:/usr/bin/ceph: stderr
2024-02-20T07:49:11.139+0000 7feaa5d91700 1 --2- 172.21.15.133:0/2163650153 >> [v2:172.21.15.133:6800/1670376163,v1:172.21.15.133:6801/1670376163] conn(0x7fea8c036740 0x7fea8c038bf0 secure :-1 s=READY pgs=20 cs=0 l=1 rev1=1 crypto rx=0x7fea88009990 tx=0x7fea88006e40 comp rx=0 tx=0).stop
2024-02-20T07:49:11.719 INFO:teuthology.orchestra.run.smithi133.stdout:/usr/bin/ceph: stderr
2024-02-20T07:49:11.139+0000 7feaa5d91700 1 -- 172.21.15.133:0/2163650153 >> [v2:172.21.15.133:3300/0,v1:172.21.15.133:6789/0] conn(0x7feaa0102770 msgr2=0x7feaa01115c0 secure :-1 s=STATE_CONNECTION_ESTABLISHED l=1).mark_down
2024-02-20T07:49:11.719 INFO:teuthology.orchestra.run.smithi133.stdout:/usr/bin/ceph: stderr
2024-02-20T07:49:11.139+0000 7feaa5d91700 1 --2- 172.21.15.133:0/2163650153 >> [v2:172.21.15.133:3300/0,v1:172.21.15.133:6789/0] conn(0x7feaa0102770 0x7feaa01115c0 secure :-1 s=READY pgs=64 cs=0 l=1 rev1=1 crypto rx=0x7fea900090b0 tx=0x7fea90009250 comp rx=0 tx=0).stop
2024-02-20T07:49:11.719 INFO:teuthology.orchestra.run.smithi133.stdout:/usr/bin/ceph: stderr
2024-02-20T07:49:11.139+0000 7feaa5d91700 1 -- 172.21.15.133:0/2163650153 shutdown_connections
2024-02-20T07:49:11.719 INFO:teuthology.orchestra.run.smithi133.stdout:/usr/bin/ceph: stderr
2024-02-20T07:49:11.139+0000 7feaa5d91700 1 --2- 172.21.15.133:0/2163650153 >> [v2:172.21.15.133:6800/1670376163,v1:172.21.15.133:6801/1670376163] conn(0x7fea8c036740 0x7fea8c038bf0 unknown :-1 s=CLOSED pgs=20 cs=0 l=1 rev1=1 crypto rx=0 tx=0 comp rx=0 tx=0).stop
2024-02-20T07:49:11.719 INFO:teuthology.orchestra.run.smithi133.stdout:/usr/bin/ceph: stderr
2024-02-20T07:49:11.139+0000 7feaa5d91700 1 --2- 172.21.15.133:0/2163650153 >> [v2:172.21.15.133:3300/0,v1:172.21.15.133:6789/0] conn(0x7feaa0102770 0x7feaa01115c0 unknown :-1 s=CLOSED pgs=64 cs=0 l=1 rev1=1 crypto rx=0 tx=0 comp rx=0 tx=0).stop
2024-02-20T07:49:11.720 INFO:teuthology.orchestra.run.smithi133.stdout:/usr/bin/ceph: stderr
2024-02-20T07:49:11.139+0000 7feaa5d91700 1 -- 172.21.15.133:0/2163650153 >> 172.21.15.133:0/2163650153 conn(0x7feaa00fded0 msgr2=0x7feaa00ff5b0 unknown :-1 s=STATE_NONE l=0).mark_down
2024-02-20T07:49:11.720 INFO:teuthology.orchestra.run.smithi133.stdout:/usr/bin/ceph: stderr
2024-02-20T07:49:11.139+0000 7feaa5d91700 1 -- 172.21.15.133:0/2163650153 shutdown_connections
2024-02-20T07:49:11.720 INFO:teuthology.orchestra.run.smithi133.stdout:/usr/bin/ceph: stderr
2024-02-20T07:49:11.139+0000 7feaa5d91700 1 -- 172.21.15.133:0/2163650153 wait complete.
2024-02-20T07:49:11.720 INFO:teuthology.orchestra.run.smithi133.stdout:Enabling the dashboard module...
2024-02-20T07:49:12.346 INFO:journalctl@ceph.mon.smithi133.smithi133.stdout:Feb 20 07:49:12 smithi133 ceph-mon[29117]: from='client.? 172.21.15.133:0/2163650153' entity='client.admin'
2024-02-20T07:49:12.346 INFO:journalctl@ceph.mon.smithi133.smithi133.stdout:Feb 20 07:49:12 smithi133 ceph-mon[29117]: pgmap v4: 0 pgs: ; 0 B data, 0 B used, 0 B / 0 B avail
2024-02-20T07:49:13.456 INFO:journalctl@ceph.mon.smithi133.smithi133.stdout:Feb 20 07:49:13 smithi133 ceph-mon[29117]: from='client.? 172.21.15.133:0/2520995199' entity='client.admin' cmd=[{"prefix": "mgr module enable", "module": "dashboard"}]: dispatch
2024-02-20T07:49:13.707 INFO:teuthology.orchestra.run.smithi133.stdout:/usr/bin/ceph: stderr
2024-02-20T07:49:12.099+0000 7fd1b2e4a700 1 Processor -- start
2024-02-20T07:49:13.707 INFO:teuthology.orchestra.run.smithi133.stdout:/usr/bin/ceph: stderr
2024-02-20T07:49:12.099+0000 7fd1b2e4a700 1 -- start start
2024-02-20T07:49:13.707 INFO:teuthology.orchestra.run.smithi133.stdout:/usr/bin/ceph: stderr
2024-02-20T07:49:12.099+0000 7fd1b2e4a700 1 --2- >> [v2:172.21.15.133:3300/0,v1:172.21.15.133:6789/0] conn(0x7fd1ac076be0 0x7fd1ac1053c0 unknown :-1 s=NONE pgs=0 cs=0 l=0 rev1=0 crypto rx=0 tx=0 comp rx=0 tx=0).connect
2024-02-20T07:49:13.707 INFO:teuthology.orchestra.run.smithi133.stdout:/usr/bin/ceph: stderr
2024-02-20T07:49:12.099+0000 7fd1b2e4a700 1 -- --> [v2:172.21.15.133:3300/0,v1:172.21.15.133:6789/0] -- mon_getmap magic: 0 v1 -- 0x7fd1ac105900 con 0x7fd1ac076be0
2024-02-20T07:49:13.707 INFO:teuthology.orchestra.run.smithi133.stdout:/usr/bin/ceph: stderr
2024-02-20T07:49:12.100+0000 7fd1b0be6700 1 --2- >> [v2:172.21.15.133:3300/0,v1:172.21.15.133:6789/0] conn(0x7fd1ac076be0 0x7fd1ac1053c0 unknown :-1 s=BANNER_CONNECTING pgs=0 cs=0 l=0 rev1=0 crypto rx=0 tx=0 comp rx=0 tx=0)._handle_peer_banner_payload supported=3 required=0
2024-02-20T07:49:13.707 INFO:teuthology.orchestra.run.smithi133.stdout:/usr/bin/ceph: stderr
2024-02-20T07:49:12.100+0000 7fd1b0be6700 1 --2- >> [v2:172.21.15.133:3300/0,v1:172.21.15.133:6789/0] conn(0x7fd1ac076be0 0x7fd1ac1053c0 unknown :-1 s=HELLO_CONNECTING pgs=0 cs=0 l=0 rev1=1 crypto rx=0 tx=0 comp rx=0 tx=0).handle_hello peer v2:172.21.15.133:3300/0 says I am v2:172.21.15.133:43472/0 (socket says 172.21.15.133:43472)
2024-02-20T07:49:13.707 INFO:teuthology.orchestra.run.smithi133.stdout:/usr/bin/ceph: stderr
2024-02-20T07:49:12.100+0000 7fd1b0be6700 1 -- 172.21.15.133:0/1907357078 learned_addr learned my addr 172.21.15.133:0/1907357078 (peer_addr_for_me v2:172.21.15.133:0/0)
2024-02-20T07:49:13.707 INFO:teuthology.orchestra.run.smithi133.stdout:/usr/bin/ceph: stderr
2024-02-20T07:49:12.100+0000 7fd1b0be6700 1 -- 172.21.15.133:0/1907357078 --> [v2:172.21.15.133:3300/0,v1:172.21.15.133:6789/0] -- mon_subscribe({config=0+,monmap=0+}) v3 -- 0x7fd1ac105a40 con 0x7fd1ac076be0
2024-02-20T07:49:13.707 INFO:teuthology.orchestra.run.smithi133.stdout:/usr/bin/ceph: stderr
2024-02-20T07:49:12.100+0000 7fd1b0be6700 1 --2- 172.21.15.133:0/1907357078 >> [v2:172.21.15.133:3300/0,v1:172.21.15.133:6789/0] conn(0x7fd1ac076be0 0x7fd1ac1053c0 secure :-1 s=READY pgs=65 cs=0 l=1 rev1=1 crypto rx=0x7fd19c009e50 tx=0x7fd19c009840 comp rx=0 tx=0).ready entity=mon.0 client_cookie=229a3050e74bcf8f server_cookie=0 in_seq=0 out_seq=0
2024-02-20T07:49:13.708 INFO:teuthology.orchestra.run.smithi133.stdout:/usr/bin/ceph: stderr
2024-02-20T07:49:12.100+0000 7fd1ab7fe700 1 -- 172.21.15.133:0/1907357078 <== mon.0 v2:172.21.15.133:3300/0 1 ==== mon_map magic: 0 v1 ==== 229+0+0 (secure 0 0 0) 0x7fd19c0092e0 con 0x7fd1ac076be0
2024-02-20T07:49:13.708 INFO:teuthology.orchestra.run.smithi133.stdout:/usr/bin/ceph: stderr
2024-02-20T07:49:12.100+0000 7fd1ab7fe700 1 -- 172.21.15.133:0/1907357078 <== mon.0 v2:172.21.15.133:3300/0 2 ==== config(27 keys) v1 ==== 1109+0+0 (secure 0 0 0) 0x7fd19c012430 con 0x7fd1ac076be0
2024-02-20T07:49:13.708 INFO:teuthology.orchestra.run.smithi133.stdout:/usr/bin/ceph: stderr
2024-02-20T07:49:12.100+0000 7fd1ab7fe700 1 -- 172.21.15.133:0/1907357078 <== mon.0 v2:172.21.15.133:3300/0 3 ==== mon_map magic: 0 v1 ==== 229+0+0 (secure 0 0 0) 0x7fd19c0075a0 con 0x7fd1ac076be0
2024-02-20T07:49:13.708 INFO:teuthology.orchestra.run.smithi133.stdout:/usr/bin/ceph: stderr
2024-02-20T07:49:12.101+0000 7fd1b2e4a700 1 -- 172.21.15.133:0/1907357078 >> [v2:172.21.15.133:3300/0,v1:172.21.15.133:6789/0] conn(0x7fd1ac076be0 msgr2=0x7fd1ac1053c0 secure :-1 s=STATE_CONNECTION_ESTABLISHED l=1).mark_down
2024-02-20T07:49:13.708 INFO:teuthology.orchestra.run.smithi133.stdout:/usr/bin/ceph: stderr
2024-02-20T07:49:12.101+0000 7fd1b2e4a700 1 --2- 172.21.15.133:0/1907357078 >> [v2:172.21.15.133:3300/0,v1:172.21.15.133:6789/0] conn(0x7fd1ac076be0 0x7fd1ac1053c0 secure :-1 s=READY pgs=65 cs=0 l=1 rev1=1 crypto rx=0x7fd19c009e50 tx=0x7fd19c009840 comp rx=0 tx=0).stop
2024-02-20T07:49:13.708 INFO:teuthology.orchestra.run.smithi133.stdout:/usr/bin/ceph: stderr
2024-02-20T07:49:12.101+0000 7fd1b2e4a700 1 -- 172.21.15.133:0/1907357078 shutdown_connections
2024-02-20T07:49:13.708 INFO:teuthology.orchestra.run.smithi133.stdout:/usr/bin/ceph: stderr
2024-02-20T07:49:12.101+0000 7fd1b2e4a700 1 --2- 172.21.15.133:0/1907357078 >> [v2:172.21.15.133:3300/0,v1:172.21.15.133:6789/0] conn(0x7fd1ac076be0 0x7fd1ac1053c0 unknown :-1 s=CLOSED pgs=65 cs=0 l=1 rev1=1 crypto rx=0 tx=0 comp rx=0 tx=0).stop
2024-02-20T07:49:13.708 INFO:teuthology.orchestra.run.smithi133.stdout:/usr/bin/ceph: stderr
2024-02-20T07:49:12.101+0000 7fd1b2e4a700 1 -- 172.21.15.133:0/1907357078 >> 172.21.15.133:0/1907357078 conn(0x7fd1ac0fcdd0 msgr2=0x7fd1ac0ff200 unknown :-1 s=STATE_NONE l=0).mark_down
2024-02-20T07:49:13.708 INFO:teuthology.orchestra.run.smithi133.stdout:/usr/bin/ceph: stderr
2024-02-20T07:49:12.101+0000 7fd1b2e4a700 1 -- 172.21.15.133:0/1907357078 shutdown_connections
2024-02-20T07:49:13.708 INFO:teuthology.orchestra.run.smithi133.stdout:/usr/bin/ceph: stderr
2024-02-20T07:49:12.101+0000 7fd1b2e4a700 1 -- 172.21.15.133:0/1907357078 wait complete.
2024-02-20T07:49:13.708 INFO:teuthology.orchestra.run.smithi133.stdout:/usr/bin/ceph: stderr
2024-02-20T07:49:12.101+0000 7fd1b2e4a700 1 Processor -- start
2024-02-20T07:49:13.708 INFO:teuthology.orchestra.run.smithi133.stdout:/usr/bin/ceph: stderr
2024-02-20T07:49:12.101+0000 7fd1b2e4a700 1 -- start start
2024-02-20T07:49:13.708 INFO:teuthology.orchestra.run.smithi133.stdout:/usr/bin/ceph: stderr
2024-02-20T07:49:12.102+0000 7fd1b2e4a700 1 --2- >> [v2:172.21.15.133:3300/0,v1:172.21.15.133:6789/0] conn(0x7fd1ac076be0 0x7fd1ac1115f0 unknown :-1 s=NONE pgs=0 cs=0 l=1 rev1=0 crypto rx=0 tx=0 comp rx=0 tx=0).connect
2024-02-20T07:49:13.708 INFO:teuthology.orchestra.run.smithi133.stdout:/usr/bin/ceph: stderr
2024-02-20T07:49:12.102+0000 7fd1b2e4a700 1 -- --> [v2:172.21.15.133:3300/0,v1:172.21.15.133:6789/0] -- mon_getmap magic: 0 v1 -- 0x7fd1ac111b30 con 0x7fd1ac076be0
2024-02-20T07:49:13.709 INFO:teuthology.orchestra.run.smithi133.stdout:/usr/bin/ceph: stderr
2024-02-20T07:49:12.102+0000 7fd1b0be6700 1 --2- >> [v2:172.21.15.133:3300/0,v1:172.21.15.133:6789/0] conn(0x7fd1ac076be0 0x7fd1ac1115f0 unknown :-1 s=BANNER_CONNECTING pgs=0 cs=0 l=1 rev1=0 crypto rx=0 tx=0 comp rx=0 tx=0)._handle_peer_banner_payload supported=3 required=0
2024-02-20T07:49:13.709 INFO:teuthology.orchestra.run.smithi133.stdout:/usr/bin/ceph: stderr
2024-02-20T07:49:12.102+0000 7fd1b0be6700 1 --2- >> [v2:172.21.15.133:3300/0,v1:172.21.15.133:6789/0] conn(0x7fd1ac076be0 0x7fd1ac1115f0 unknown :-1 s=HELLO_CONNECTING pgs=0 cs=0 l=1 rev1=1 crypto rx=0 tx=0 comp rx=0 tx=0).handle_hello peer v2:172.21.15.133:3300/0 says I am v2:172.21.15.133:43474/0 (socket says 172.21.15.133:43474)
2024-02-20T07:49:13.709 INFO:teuthology.orchestra.run.smithi133.stdout:/usr/bin/ceph: stderr
2024-02-20T07:49:12.102+0000 7fd1b0be6700 1 -- 172.21.15.133:0/2520995199 learned_addr learned my addr 172.21.15.133:0/2520995199 (peer_addr_for_me v2:172.21.15.133:0/0)
2024-02-20T07:49:13.709 INFO:teuthology.orchestra.run.smithi133.stdout:/usr/bin/ceph: stderr
2024-02-20T07:49:12.102+0000 7fd1b0be6700 1 -- 172.21.15.133:0/2520995199 --> [v2:172.21.15.133:3300/0,v1:172.21.15.133:6789/0] -- mon_subscribe({config=0+,monmap=0+}) v3 -- 0x7fd19c009ae0 con 0x7fd1ac076be0
2024-02-20T07:49:13.709 INFO:teuthology.orchestra.run.smithi133.stdout:/usr/bin/ceph: stderr
2024-02-20T07:49:12.102+0000 7fd1b0be6700 1 --2- 172.21.15.133:0/2520995199 >> [v2:172.21.15.133:3300/0,v1:172.21.15.133:6789/0] conn(0x7fd1ac076be0 0x7fd1ac1115f0 secure :-1 s=READY pgs=66 cs=0 l=1 rev1=1 crypto rx=0x7fd19c012de0 tx=0x7fd19c009840 comp rx=0 tx=0).ready entity=mon.0 client_cookie=0 server_cookie=0 in_seq=0 out_seq=0
2024-02-20T07:49:13.709 INFO:teuthology.orchestra.run.smithi133.stdout:/usr/bin/ceph: stderr
2024-02-20T07:49:12.102+0000 7fd1a97fa700 1 -- 172.21.15.133:0/2520995199 <== mon.0 v2:172.21.15.133:3300/0 1 ==== mon_map magic: 0 v1 ==== 229+0+0 (secure 0 0 0) 0x7fd19c0092e0 con 0x7fd1ac076be0
2024-02-20T07:49:13.709 INFO:teuthology.orchestra.run.smithi133.stdout:/usr/bin/ceph: stderr
2024-02-20T07:49:12.102+0000 7fd1a97fa700 1 -- 172.21.15.133:0/2520995199 <== mon.0 v2:172.21.15.133:3300/0 2 ==== config(27 keys) v1 ==== 1109+0+0 (secure 0 0 0) 0x7fd19c007d30 con 0x7fd1ac076be0
2024-02-20T07:49:13.709 INFO:teuthology.orchestra.run.smithi133.stdout:/usr/bin/ceph: stderr
2024-02-20T07:49:12.102+0000 7fd1a97fa700 1 -- 172.21.15.133:0/2520995199 <== mon.0 v2:172.21.15.133:3300/0 3 ==== mon_map magic: 0 v1 ==== 229+0+0 (secure 0 0 0) 0x7fd19c025a00 con 0x7fd1ac076be0
2024-02-20T07:49:13.709 INFO:teuthology.orchestra.run.smithi133.stdout:/usr/bin/ceph: stderr
2024-02-20T07:49:12.102+0000 7fd1b2e4a700 1 -- 172.21.15.133:0/2520995199 --> [v2:172.21.15.133:3300/0,v1:172.21.15.133:6789/0] -- mon_subscribe({mgrmap=0+}) v3 -- 0x7fd1ac111d30 con 0x7fd1ac076be0
2024-02-20T07:49:13.709 INFO:teuthology.orchestra.run.smithi133.stdout:/usr/bin/ceph: stderr
2024-02-20T07:49:12.102+0000 7fd1b2e4a700 1 -- 172.21.15.133:0/2520995199 --> [v2:172.21.15.133:3300/0,v1:172.21.15.133:6789/0] -- mon_subscribe({osdmap=0}) v3 -- 0x7fd1ac1129d0 con 0x7fd1ac076be0
2024-02-20T07:49:13.709 INFO:teuthology.orchestra.run.smithi133.stdout:/usr/bin/ceph: stderr
2024-02-20T07:49:12.103+0000 7fd1a97fa700 1 -- 172.21.15.133:0/2520995199 <== mon.0 v2:172.21.15.133:3300/0 4 ==== mgrmap(e 8) v1 ==== 43368+0+0 (secure 0 0 0) 0x7fd19c019050 con 0x7fd1ac076be0
2024-02-20T07:49:13.709 INFO:teuthology.orchestra.run.smithi133.stdout:/usr/bin/ceph: stderr
2024-02-20T07:49:12.103+0000 7fd1b2e4a700 1 -- 172.21.15.133:0/2520995199 --> [v2:172.21.15.133:3300/0,v1:172.21.15.133:6789/0] -- mon_command({"prefix": "get_command_descriptions"} v 0) v1 -- 0x7fd1ac05f5c0 con 0x7fd1ac076be0
2024-02-20T07:49:13.709 INFO:teuthology.orchestra.run.smithi133.stdout:/usr/bin/ceph: stderr
2024-02-20T07:49:12.103+0000 7fd1a97fa700 1 --2- 172.21.15.133:0/2520995199 >> [v2:172.21.15.133:6800/1670376163,v1:172.21.15.133:6801/1670376163] conn(0x7fd1980367e0 0x7fd198038c90 unknown :-1 s=NONE pgs=0 cs=0 l=1 rev1=0 crypto rx=0 tx=0 comp rx=0 tx=0).connect
2024-02-20T07:49:13.709 INFO:teuthology.orchestra.run.smithi133.stdout:/usr/bin/ceph: stderr
2024-02-20T07:49:12.103+0000 7fd1a97fa700 1 -- 172.21.15.133:0/2520995199 <== mon.0 v2:172.21.15.133:3300/0 5 ==== osd_map(2..2 src has 1..2) v4 ==== 936+0+0 (secure 0 0 0) 0x7fd19c049ff0 con 0x7fd1ac076be0
2024-02-20T07:49:13.709 INFO:teuthology.orchestra.run.smithi133.stdout:/usr/bin/ceph: stderr
2024-02-20T07:49:12.104+0000 7fd1abfff700 1 --2- 172.21.15.133:0/2520995199 >> [v2:172.21.15.133:6800/1670376163,v1:172.21.15.133:6801/1670376163] conn(0x7fd1980367e0 0x7fd198038c90 unknown :-1 s=BANNER_CONNECTING pgs=0 cs=0 l=1 rev1=0 crypto rx=0 tx=0 comp rx=0 tx=0)._handle_peer_banner_payload supported=3 required=0
2024-02-20T07:49:13.710 INFO:teuthology.orchestra.run.smithi133.stdout:/usr/bin/ceph: stderr
2024-02-20T07:49:12.104+0000 7fd1abfff700 1 --2- 172.21.15.133:0/2520995199 >> [v2:172.21.15.133:6800/1670376163,v1:172.21.15.133:6801/1670376163] conn(0x7fd1980367e0 0x7fd198038c90 secure :-1 s=READY pgs=21 cs=0 l=1 rev1=1 crypto rx=0x7fd194009990 tx=0x7fd194006e40 comp rx=0 tx=0).ready entity=mgr.14120 client_cookie=0 server_cookie=0 in_seq=0 out_seq=0
2024-02-20T07:49:13.710 INFO:teuthology.orchestra.run.smithi133.stdout:/usr/bin/ceph: stderr
2024-02-20T07:49:12.108+0000 7fd1a97fa700 1 -- 172.21.15.133:0/2520995199 <== mon.0 v2:172.21.15.133:3300/0 6 ==== mon_command_ack([{"prefix": "get_command_descriptions"}]=0 v0) v1 ==== 72+0+175031 (secure 0 0 0) 0x7fd19c02d9a0 con 0x7fd1ac076be0
2024-02-20T07:49:13.710 INFO:teuthology.orchestra.run.smithi133.stdout:/usr/bin/ceph: stderr
2024-02-20T07:49:12.344+0000 7fd1b2e4a700 1 -- 172.21.15.133:0/2520995199 --> [v2:172.21.15.133:3300/0,v1:172.21.15.133:6789/0] -- mon_command({"prefix": "mgr module enable", "module": "dashboard"} v 0) v1 -- 0x7fd1ac04bed0 con 0x7fd1ac076be0
2024-02-20T07:49:13.710 INFO:teuthology.orchestra.run.smithi133.stdout:/usr/bin/ceph: stderr
2024-02-20T07:49:13.142+0000 7fd1a97fa700 1 -- 172.21.15.133:0/2520995199 <== mon.0 v2:172.21.15.133:3300/0 7 ==== mgrmap(e 9) v1 ==== 43381+0+0 (secure 0 0 0) 0x7fd19c01c550 con 0x7fd1ac076be0
2024-02-20T07:49:13.710 INFO:teuthology.orchestra.run.smithi133.stdout:/usr/bin/ceph: stderr
