2024-02-20T07:48:54.330 INFO:teuthology.orchestra.run.smithi133.stdout:/usr/bin/ceph: stderr
2024-02-20T07:48:53.544+0000 7fe9b6ffd700 1 -- 172.21.15.133:0/190195475 <== mon.0 v2:172.21.15.133:3300/0 6 ==== mon_command_ack([{"prefix": "get_command_descriptions"}]=0 v0) v1 ==== 72+0+175031 (secure 0 0 0) 0x7fe9bc0196c0 con 0x7fe9c8102770
2024-02-20T07:48:54.330 INFO:teuthology.orchestra.run.smithi133.stdout:/usr/bin/ceph: stderr
2024-02-20T07:48:53.728+0000 7fe9cc8b0700 1 -- 172.21.15.133:0/190195475 --> [v2:172.21.15.133:6800/1670376163,v1:172.21.15.133:6801/1670376163] -- mgr_command(tid 0: {"prefix": "cephadm generate-key", "target": ["mon-mgr", ""]}) v1 -- 0x7fe9c8100190 con 0x7fe9b0036790
2024-02-20T07:48:54.330 INFO:teuthology.orchestra.run.smithi133.stdout:/usr/bin/ceph: stderr
2024-02-20T07:48:53.788+0000 7fe9b6ffd700 1 -- 172.21.15.133:0/190195475 <== mgr.14120 v2:172.21.15.133:6800/1670376163 1 ==== mgr_command_reply(tid 0: 0 ) v1 ==== 8+0+0 (secure 0 0 0) 0x7fe9c8100190 con 0x7fe9b0036790
2024-02-20T07:48:54.330 INFO:teuthology.orchestra.run.smithi133.stdout:/usr/bin/ceph: stderr
2024-02-20T07:48:53.790+0000 7fe9cc8b0700 1 -- 172.21.15.133:0/190195475 >> [v2:172.21.15.133:6800/1670376163,v1:172.21.15.133:6801/1670376163] conn(0x7fe9b0036790 msgr2=0x7fe9b0038c40 secure :-1 s=STATE_CONNECTION_ESTABLISHED l=1).mark_down
2024-02-20T07:48:54.330 INFO:teuthology.orchestra.run.smithi133.stdout:/usr/bin/ceph: stderr
2024-02-20T07:48:53.790+0000 7fe9cc8b0700 1 --2- 172.21.15.133:0/190195475 >> [v2:172.21.15.133:6800/1670376163,v1:172.21.15.133:6801/1670376163] conn(0x7fe9b0036790 0x7fe9b0038c40 secure :-1 s=READY pgs=9 cs=0 l=1 rev1=1 crypto rx=0x7fe9b8009990 tx=0x7fe9b8006e40 comp rx=0 tx=0).stop
2024-02-20T07:48:54.331 INFO:teuthology.orchestra.run.smithi133.stdout:/usr/bin/ceph: stderr
2024-02-20T07:48:53.790+0000 7fe9cc8b0700 1 -- 172.21.15.133:0/190195475 >> [v2:172.21.15.133:3300/0,v1:172.21.15.133:6789/0] conn(0x7fe9c8102770 msgr2=0x7fe9c8111560 secure :-1 s=STATE_CONNECTION_ESTABLISHED l=1).mark_down
2024-02-20T07:48:54.331 INFO:teuthology.orchestra.run.smithi133.stdout:/usr/bin/ceph: stderr
2024-02-20T07:48:53.790+0000 7fe9cc8b0700 1 --2- 172.21.15.133:0/190195475 >> [v2:172.21.15.133:3300/0,v1:172.21.15.133:6789/0] conn(0x7fe9c8102770 0x7fe9c8111560 secure :-1 s=READY pgs=42 cs=0 l=1 rev1=1 crypto rx=0x7fe9bc000c00 tx=0x7fe9bc009250 comp rx=0 tx=0).stop
2024-02-20T07:48:54.331 INFO:teuthology.orchestra.run.smithi133.stdout:/usr/bin/ceph: stderr
2024-02-20T07:48:53.790+0000 7fe9cc8b0700 1 -- 172.21.15.133:0/190195475 shutdown_connections
2024-02-20T07:48:54.331 INFO:teuthology.orchestra.run.smithi133.stdout:/usr/bin/ceph: stderr
2024-02-20T07:48:53.790+0000 7fe9cc8b0700 1 --2- 172.21.15.133:0/190195475 >> [v2:172.21.15.133:6800/1670376163,v1:172.21.15.133:6801/1670376163] conn(0x7fe9b0036790 0x7fe9b0038c40 unknown :-1 s=CLOSED pgs=9 cs=0 l=1 rev1=1 crypto rx=0 tx=0 comp rx=0 tx=0).stop
2024-02-20T07:48:54.332 INFO:teuthology.orchestra.run.smithi133.stdout:/usr/bin/ceph: stderr
2024-02-20T07:48:53.790+0000 7fe9cc8b0700 1 --2- 172.21.15.133:0/190195475 >> [v2:172.21.15.133:3300/0,v1:172.21.15.133:6789/0] conn(0x7fe9c8102770 0x7fe9c8111560 unknown :-1 s=CLOSED pgs=42 cs=0 l=1 rev1=1 crypto rx=0 tx=0 comp rx=0 tx=0).stop
2024-02-20T07:48:54.332 INFO:teuthology.orchestra.run.smithi133.stdout:/usr/bin/ceph: stderr
2024-02-20T07:48:53.790+0000 7fe9cc8b0700 1 -- 172.21.15.133:0/190195475 >> 172.21.15.133:0/190195475 conn(0x7fe9c80fded0 msgr2=0x7fe9c80ff570 unknown :-1 s=STATE_NONE l=0).mark_down
2024-02-20T07:48:54.332 INFO:teuthology.orchestra.run.smithi133.stdout:/usr/bin/ceph: stderr
2024-02-20T07:48:53.790+0000 7fe9cc8b0700 1 -- 172.21.15.133:0/190195475 shutdown_connections
2024-02-20T07:48:54.332 INFO:teuthology.orchestra.run.smithi133.stdout:/usr/bin/ceph: stderr
2024-02-20T07:48:53.790+0000 7fe9cc8b0700 1 -- 172.21.15.133:0/190195475 wait complete.
2024-02-20T07:48:54.898 INFO:journalctl@ceph.mon.smithi133.smithi133.stdout:Feb 20 07:48:54 smithi133 ceph-mon[29117]: from='client.14136 -' entity='client.admin' cmd=[{"prefix": "cephadm generate-key", "target": ["mon-mgr", ""]}]: dispatch
2024-02-20T07:48:54.899 INFO:journalctl@ceph.mon.smithi133.smithi133.stdout:Feb 20 07:48:54 smithi133 ceph-mon[29117]: Generating ssh key...
2024-02-20T07:48:54.899 INFO:journalctl@ceph.mon.smithi133.smithi133.stdout:Feb 20 07:48:54 smithi133 ceph-mon[29117]: from='mgr.14120 172.21.15.133:0/2965705206' entity='mgr.smithi133.mrvcbp'
2024-02-20T07:48:54.899 INFO:journalctl@ceph.mon.smithi133.smithi133.stdout:Feb 20 07:48:54 smithi133 ceph-mon[29117]: from='mgr.14120 172.21.15.133:0/2965705206' entity='mgr.smithi133.mrvcbp'
2024-02-20T07:48:55.489 INFO:teuthology.orchestra.run.smithi133.stdout:/usr/bin/ceph: stdout ssh-rsa AAAAB3NzaC1yc2EAAAADAQABAAABgQDGmLCWNF8ryxVrFc1CLvy0ci3t3+CkHbdSl8viWPRc0u2fVKDkEI+fNpGs/CWbzWvods5a6sfpm+MXyeD8CkoBM0fuTuHTNQzWkGwy5ecGhSh9i30t5SRD3j/eumX1NQnr8SjLzoMx+exUJHnSB+q5ySlqJ4C+b+yBKYxGez/Mjc8R9Ep9C/RBVclIH7Mt2DBoprCFzz0hA2WdGN0oBRpad2bHHLB0yvFmUfP5h/ese1ftQ7QIjQ6T6dd61TJuBZUAQlwKMQNI3zejD/ibG/mybeh9QOt1Z554nyjKKhLHsKh/eyTEJjhehXDu3oiAl1vwI1b9s95+56/FDre98WQDcQjfTd23eLO5QcaSk1hfJjdyzRUHt1PlitxnzXDzbuptyFabAv2DN4CQoI/j4qUFRvkuDm7JX/p7933w5y5lhw/Y6fhVlcvSYMRZbNjC7Y96Zt7hLHQRzHGdyIZNHpKzock607TCJwMWBDE5xky6b9MrgwZsaSaZnmgA7CJctwk= ceph-4537327c-cfc4-11ee-95bb-87774f69a715
2024-02-20T07:48:55.489 INFO:teuthology.orchestra.run.smithi133.stdout:/usr/bin/ceph: stderr
2024-02-20T07:48:54.705+0000 7f3d92f86700 1 Processor -- start
2024-02-20T07:48:55.490 INFO:teuthology.orchestra.run.smithi133.stdout:/usr/bin/ceph: stderr
2024-02-20T07:48:54.705+0000 7f3d92f86700 1 -- start start
2024-02-20T07:48:55.490 INFO:teuthology.orchestra.run.smithi133.stdout:/usr/bin/ceph: stderr
2024-02-20T07:48:54.705+0000 7f3d92f86700 1 --2- >> [v2:172.21.15.133:3300/0,v1:172.21.15.133:6789/0] conn(0x7f3d8c078cc0 0x7f3d8c0771d0 unknown :-1 s=NONE pgs=0 cs=0 l=0 rev1=0 crypto rx=0 tx=0 comp rx=0 tx=0).connect
2024-02-20T07:48:55.490 INFO:teuthology.orchestra.run.smithi133.stdout:/usr/bin/ceph: stderr
2024-02-20T07:48:54.705+0000 7f3d92f86700 1 -- --> [v2:172.21.15.133:3300/0,v1:172.21.15.133:6789/0] -- mon_getmap magic: 0 v1 -- 0x7f3d8c0790d0 con 0x7f3d8c078cc0
2024-02-20T07:48:55.490 INFO:teuthology.orchestra.run.smithi133.stdout:/usr/bin/ceph: stderr
2024-02-20T07:48:54.705+0000 7f3d90d22700 1 --2- >> [v2:172.21.15.133:3300/0,v1:172.21.15.133:6789/0] conn(0x7f3d8c078cc0 0x7f3d8c0771d0 unknown :-1 s=BANNER_CONNECTING pgs=0 cs=0 l=0 rev1=0 crypto rx=0 tx=0 comp rx=0 tx=0)._handle_peer_banner_payload supported=3 required=0
2024-02-20T07:48:55.490 INFO:teuthology.orchestra.run.smithi133.stdout:/usr/bin/ceph: stderr
2024-02-20T07:48:54.705+0000 7f3d90d22700 1 --2- >> [v2:172.21.15.133:3300/0,v1:172.21.15.133:6789/0] conn(0x7f3d8c078cc0 0x7f3d8c0771d0 unknown :-1 s=HELLO_CONNECTING pgs=0 cs=0 l=0 rev1=1 crypto rx=0 tx=0 comp rx=0 tx=0).handle_hello peer v2:172.21.15.133:3300/0 says I am v2:172.21.15.133:55500/0 (socket says 172.21.15.133:55500)
2024-02-20T07:48:55.490 INFO:teuthology.orchestra.run.smithi133.stdout:/usr/bin/ceph: stderr
2024-02-20T07:48:54.705+0000 7f3d90d22700 1 -- 172.21.15.133:0/1060065218 learned_addr learned my addr 172.21.15.133:0/1060065218 (peer_addr_for_me v2:172.21.15.133:0/0)
2024-02-20T07:48:55.490 INFO:teuthology.orchestra.run.smithi133.stdout:/usr/bin/ceph: stderr
2024-02-20T07:48:54.706+0000 7f3d90d22700 1 -- 172.21.15.133:0/1060065218 --> [v2:172.21.15.133:3300/0,v1:172.21.15.133:6789/0] -- mon_subscribe({config=0+,monmap=0+}) v3 -- 0x7f3d8c077710 con 0x7f3d8c078cc0
2024-02-20T07:48:55.490 INFO:teuthology.orchestra.run.smithi133.stdout:/usr/bin/ceph: stderr
2024-02-20T07:48:54.706+0000 7f3d90d22700 1 --2- 172.21.15.133:0/1060065218 >> [v2:172.21.15.133:3300/0,v1:172.21.15.133:6789/0] conn(0x7f3d8c078cc0 0x7f3d8c0771d0 secure :-1 s=READY pgs=43 cs=0 l=1 rev1=1 crypto rx=0x7f3d800098e0 tx=0x7f3d80009250 comp rx=0 tx=0).ready entity=mon.0 client_cookie=e5eb6c49ee7b2b1 server_cookie=0 in_seq=0 out_seq=0
2024-02-20T07:48:55.490 INFO:teuthology.orchestra.run.smithi133.stdout:/usr/bin/ceph: stderr
2024-02-20T07:48:54.706+0000 7f3d8b7fe700 1 -- 172.21.15.133:0/1060065218 <== mon.0 v2:172.21.15.133:3300/0 1 ==== mon_map magic: 0 v1 ==== 229+0+0 (secure 0 0 0) 0x7f3d8000b860 con 0x7f3d8c078cc0
2024-02-20T07:48:55.490 INFO:teuthology.orchestra.run.smithi133.stdout:/usr/bin/ceph: stderr
2024-02-20T07:48:54.706+0000 7f3d8b7fe700 1 -- 172.21.15.133:0/1060065218 <== mon.0 v2:172.21.15.133:3300/0 2 ==== config(27 keys) v1 ==== 1044+0+0 (secure 0 0 0) 0x7f3d8000be50 con 0x7f3d8c078cc0
2024-02-20T07:48:55.490 INFO:teuthology.orchestra.run.smithi133.stdout:/usr/bin/ceph: stderr
2024-02-20T07:48:54.706+0000 7f3d8b7fe700 1 -- 172.21.15.133:0/1060065218 <== mon.0 v2:172.21.15.133:3300/0 3 ==== mon_map magic: 0 v1 ==== 229+0+0 (secure 0 0 0) 0x7f3d80010380 con 0x7f3d8c078cc0
2024-02-20T07:48:55.490 INFO:teuthology.orchestra.run.smithi133.stdout:/usr/bin/ceph: stderr
2024-02-20T07:48:54.706+0000 7f3d92f86700 1 -- 172.21.15.133:0/1060065218 >> [v2:172.21.15.133:3300/0,v1:172.21.15.133:6789/0] conn(0x7f3d8c078cc0 msgr2=0x7f3d8c0771d0 secure :-1 s=STATE_CONNECTION_ESTABLISHED l=1).mark_down
2024-02-20T07:48:55.490 INFO:teuthology.orchestra.run.smithi133.stdout:/usr/bin/ceph: stderr
2024-02-20T07:48:54.706+0000 7f3d92f86700 1 --2- 172.21.15.133:0/1060065218 >> [v2:172.21.15.133:3300/0,v1:172.21.15.133:6789/0] conn(0x7f3d8c078cc0 0x7f3d8c0771d0 secure :-1 s=READY pgs=43 cs=0 l=1 rev1=1 crypto rx=0x7f3d800098e0 tx=0x7f3d80009250 comp rx=0 tx=0).stop
2024-02-20T07:48:55.491 INFO:teuthology.orchestra.run.smithi133.stdout:/usr/bin/ceph: stderr
2024-02-20T07:48:54.707+0000 7f3d92f86700 1 -- 172.21.15.133:0/1060065218 shutdown_connections
2024-02-20T07:48:55.491 INFO:teuthology.orchestra.run.smithi133.stdout:/usr/bin/ceph: stderr
2024-02-20T07:48:54.707+0000 7f3d92f86700 1 --2- 172.21.15.133:0/1060065218 >> [v2:172.21.15.133:3300/0,v1:172.21.15.133:6789/0] conn(0x7f3d8c078cc0 0x7f3d8c0771d0 unknown :-1 s=CLOSED pgs=43 cs=0 l=1 rev1=1 crypto rx=0 tx=0 comp rx=0 tx=0).stop
2024-02-20T07:48:55.491 INFO:teuthology.orchestra.run.smithi133.stdout:/usr/bin/ceph: stderr
2024-02-20T07:48:54.707+0000 7f3d92f86700 1 -- 172.21.15.133:0/1060065218 >> 172.21.15.133:0/1060065218 conn(0x7f3d8c0fded0 msgr2=0x7f3d8c100300 unknown :-1 s=STATE_NONE l=0).mark_down
2024-02-20T07:48:55.491 INFO:teuthology.orchestra.run.smithi133.stdout:/usr/bin/ceph: stderr
2024-02-20T07:48:54.707+0000 7f3d92f86700 1 -- 172.21.15.133:0/1060065218 shutdown_connections
2024-02-20T07:48:55.491 INFO:teuthology.orchestra.run.smithi133.stdout:/usr/bin/ceph: stderr
2024-02-20T07:48:54.707+0000 7f3d92f86700 1 -- 172.21.15.133:0/1060065218 wait complete.
2024-02-20T07:48:55.491 INFO:teuthology.orchestra.run.smithi133.stdout:/usr/bin/ceph: stderr
2024-02-20T07:48:54.707+0000 7f3d92f86700 1 Processor -- start
2024-02-20T07:48:55.491 INFO:teuthology.orchestra.run.smithi133.stdout:/usr/bin/ceph: stderr
2024-02-20T07:48:54.707+0000 7f3d92f86700 1 -- start start
2024-02-20T07:48:55.491 INFO:teuthology.orchestra.run.smithi133.stdout:/usr/bin/ceph: stderr
2024-02-20T07:48:54.707+0000 7f3d92f86700 1 --2- >> [v2:172.21.15.133:3300/0,v1:172.21.15.133:6789/0] conn(0x7f3d8c078cc0 0x7f3d8c113810 unknown :-1 s=NONE pgs=0 cs=0 l=1 rev1=0 crypto rx=0 tx=0 comp rx=0 tx=0).connect
2024-02-20T07:48:55.491 INFO:teuthology.orchestra.run.smithi133.stdout:/usr/bin/ceph: stderr
2024-02-20T07:48:54.707+0000 7f3d92f86700 1 -- --> [v2:172.21.15.133:3300/0,v1:172.21.15.133:6789/0] -- mon_getmap magic: 0 v1 -- 0x7f3d8c113d50 con 0x7f3d8c078cc0
2024-02-20T07:48:55.491 INFO:teuthology.orchestra.run.smithi133.stdout:/usr/bin/ceph: stderr
2024-02-20T07:48:54.707+0000 7f3d90d22700 1 --2- >> [v2:172.21.15.133:3300/0,v1:172.21.15.133:6789/0] conn(0x7f3d8c078cc0 0x7f3d8c113810 unknown :-1 s=BANNER_CONNECTING pgs=0 cs=0 l=1 rev1=0 crypto rx=0 tx=0 comp rx=0 tx=0)._handle_peer_banner_payload supported=3 required=0
2024-02-20T07:48:55.491 INFO:teuthology.orchestra.run.smithi133.stdout:/usr/bin/ceph: stderr
2024-02-20T07:48:54.707+0000 7f3d90d22700 1 --2- >> [v2:172.21.15.133:3300/0,v1:172.21.15.133:6789/0] conn(0x7f3d8c078cc0 0x7f3d8c113810 unknown :-1 s=HELLO_CONNECTING pgs=0 cs=0 l=1 rev1=1 crypto rx=0 tx=0 comp rx=0 tx=0).handle_hello peer v2:172.21.15.133:3300/0 says I am v2:172.21.15.133:55506/0 (socket says 172.21.15.133:55506)
2024-02-20T07:48:55.491 INFO:teuthology.orchestra.run.smithi133.stdout:/usr/bin/ceph: stderr
2024-02-20T07:48:54.707+0000 7f3d90d22700 1 -- 172.21.15.133:0/295969821 learned_addr learned my addr 172.21.15.133:0/295969821 (peer_addr_for_me v2:172.21.15.133:0/0)
2024-02-20T07:48:55.492 INFO:teuthology.orchestra.run.smithi133.stdout:/usr/bin/ceph: stderr
2024-02-20T07:48:54.708+0000 7f3d90d22700 1 -- 172.21.15.133:0/295969821 --> [v2:172.21.15.133:3300/0,v1:172.21.15.133:6789/0] -- mon_subscribe({config=0+,monmap=0+}) v3 -- 0x7f3d800094f0 con 0x7f3d8c078cc0
2024-02-20T07:48:55.492 INFO:teuthology.orchestra.run.smithi133.stdout:/usr/bin/ceph: stderr
2024-02-20T07:48:54.708+0000 7f3d90d22700 1 --2- 172.21.15.133:0/295969821 >> [v2:172.21.15.133:3300/0,v1:172.21.15.133:6789/0] conn(0x7f3d8c078cc0 0x7f3d8c113810 secure :-1 s=READY pgs=44 cs=0 l=1 rev1=1 crypto rx=0x7f3d80006fd0 tx=0x7f3d80009250 comp rx=0 tx=0).ready entity=mon.0 client_cookie=0 server_cookie=0 in_seq=0 out_seq=0
2024-02-20T07:48:55.492 INFO:teuthology.orchestra.run.smithi133.stdout:/usr/bin/ceph: stderr
2024-02-20T07:48:54.708+0000 7f3d897fa700 1 -- 172.21.15.133:0/295969821 <== mon.0 v2:172.21.15.133:3300/0 1 ==== mon_map magic: 0 v1 ==== 229+0+0 (secure 0 0 0) 0x7f3d800107c0 con 0x7f3d8c078cc0
2024-02-20T07:48:55.492 INFO:teuthology.orchestra.run.smithi133.stdout:/usr/bin/ceph: stderr
2024-02-20T07:48:54.708+0000 7f3d897fa700 1 -- 172.21.15.133:0/295969821 <== mon.0 v2:172.21.15.133:3300/0 2 ==== config(27 keys) v1 ==== 1044+0+0 (secure 0 0 0) 0x7f3d80010db0 con 0x7f3d8c078cc0
2024-02-20T07:48:55.492 INFO:teuthology.orchestra.run.smithi133.stdout:/usr/bin/ceph: stderr
2024-02-20T07:48:54.708+0000 7f3d92f86700 1 -- 172.21.15.133:0/295969821 --> [v2:172.21.15.133:3300/0,v1:172.21.15.133:6789/0] -- mon_subscribe({mgrmap=0+}) v3 -- 0x7f3d8c113f50 con 0x7f3d8c078cc0
2024-02-20T07:48:55.492 INFO:teuthology.orchestra.run.smithi133.stdout:/usr/bin/ceph: stderr
2024-02-20T07:48:54.708+0000 7f3d897fa700 1 -- 172.21.15.133:0/295969821 <== mon.0 v2:172.21.15.133:3300/0 3 ==== mon_map magic: 0 v1 ==== 229+0+0 (secure 0 0 0) 0x7f3d8001ada0 con 0x7f3d8c078cc0
2024-02-20T07:48:55.492 INFO:teuthology.orchestra.run.smithi133.stdout:/usr/bin/ceph: stderr
2024-02-20T07:48:54.708+0000 7f3d92f86700 1 -- 172.21.15.133:0/295969821 --> [v2:172.21.15.133:3300/0,v1:172.21.15.133:6789/0] -- mon_subscribe({osdmap=0}) v3 -- 0x7f3d8c114bf0 con 0x7f3d8c078cc0
2024-02-20T07:48:55.492 INFO:teuthology.orchestra.run.smithi133.stdout:/usr/bin/ceph: stderr
2024-02-20T07:48:54.709+0000 7f3d897fa700 1 -- 172.21.15.133:0/295969821 <== mon.0 v2:172.21.15.133:3300/0 4 ==== mgrmap(e 8) v1 ==== 43368+0+0 (secure 0 0 0) 0x7f3d80019410 con 0x7f3d8c078cc0
2024-02-20T07:48:55.492 INFO:teuthology.orchestra.run.smithi133.stdout:/usr/bin/ceph: stderr
2024-02-20T07:48:54.709+0000 7f3d92f86700 1 -- 172.21.15.133:0/295969821 --> [v2:172.21.15.133:3300/0,v1:172.21.15.133:6789/0] -- mon_command({"prefix": "get_command_descriptions"} v 0) v1 -- 0x7f3d8c05f5c0 con 0x7f3d8c078cc0
2024-02-20T07:48:55.492 INFO:teuthology.orchestra.run.smithi133.stdout:/usr/bin/ceph: stderr
2024-02-20T07:48:54.709+0000 7f3d897fa700 1 --2- 172.21.15.133:0/295969821 >> [v2:172.21.15.133:6800/1670376163,v1:172.21.15.133:6801/1670376163] conn(0x7f3d7c0367e0 0x7f3d7c038c90 unknown :-1 s=NONE pgs=0 cs=0 l=1 rev1=0 crypto rx=0 tx=0 comp rx=0 tx=0).connect
2024-02-20T07:48:55.492 INFO:teuthology.orchestra.run.smithi133.stdout:/usr/bin/ceph: stderr
2024-02-20T07:48:54.709+0000 7f3d897fa700 1 -- 172.21.15.133:0/295969821 <== mon.0 v2:172.21.15.133:3300/0 5 ==== osd_map(2..2 src has 1..2) v4 ==== 936+0+0 (secure 0 0 0) 0x7f3d80049e30 con 0x7f3d8c078cc0
2024-02-20T07:48:55.492 INFO:teuthology.orchestra.run.smithi133.stdout:/usr/bin/ceph: stderr
2024-02-20T07:48:54.709+0000 7f3d8bfff700 1 --2- 172.21.15.133:0/295969821 >> [v2:172.21.15.133:6800/1670376163,v1:172.21.15.133:6801/1670376163] conn(0x7f3d7c0367e0 0x7f3d7c038c90 unknown :-1 s=BANNER_CONNECTING pgs=0 cs=0 l=1 rev1=0 crypto rx=0 tx=0 comp rx=0 tx=0)._handle_peer_banner_payload supported=3 required=0
2024-02-20T07:48:55.492 INFO:teuthology.orchestra.run.smithi133.stdout:/usr/bin/ceph: stderr
2024-02-20T07:48:54.710+0000 7f3d8bfff700 1 --2- 172.21.15.133:0/295969821 >> [v2:172.21.15.133:6800/1670376163,v1:172.21.15.133:6801/1670376163] conn(0x7f3d7c0367e0 0x7f3d7c038c90 secure :-1 s=READY pgs=10 cs=0 l=1 rev1=1 crypto rx=0x7f3d78009990 tx=0x7f3d78006e40 comp rx=0 tx=0).ready entity=mgr.14120 client_cookie=0 server_cookie=0 in_seq=0 out_seq=0
2024-02-20T07:48:55.493 INFO:teuthology.orchestra.run.smithi133.stdout:/usr/bin/ceph: stderr
2024-02-20T07:48:54.714+0000 7f3d897fa700 1 -- 172.21.15.133:0/295969821 <== mon.0 v2:172.21.15.133:3300/0 6 ==== mon_command_ack([{"prefix": "get_command_descriptions"}]=0 v0) v1 ==== 72+0+175031 (secure 0 0 0) 0x7f3d80023cf0 con 0x7f3d8c078cc0
2024-02-20T07:48:55.493 INFO:teuthology.orchestra.run.smithi133.stdout:/usr/bin/ceph: stderr
2024-02-20T07:48:54.897+0000 7f3d92f86700 1 -- 172.21.15.133:0/295969821 --> [v2:172.21.15.133:6800/1670376163,v1:172.21.15.133:6801/1670376163] -- mgr_command(tid 0: {"prefix": "cephadm get-pub-key", "target": ["mon-mgr", ""]}) v1 -- 0x7f3d8c100210 con 0x7f3d7c0367e0
2024-02-20T07:48:55.493 INFO:teuthology.orchestra.run.smithi133.stdout:/usr/bin/ceph: stderr
2024-02-20T07:48:54.898+0000 7f3d897fa700 1 -- 172.21.15.133:0/295969821 <== mgr.14120 v2:172.21.15.133:6800/1670376163 1 ==== mgr_command_reply(tid 0: 0 ) v1 ==== 8+0+595 (secure 0 0 0) 0x7f3d8c100210 con 0x7f3d7c0367e0
2024-02-20T07:48:55.493 INFO:teuthology.orchestra.run.smithi133.stdout:/usr/bin/ceph: stderr
2024-02-20T07:48:54.900+0000 7f3d92f86700 1 -- 172.21.15.133:0/295969821 >> [v2:172.21.15.133:6800/1670376163,v1:172.21.15.133:6801/1670376163] conn(0x7f3d7c0367e0 msgr2=0x7f3d7c038c90 secure :-1 s=STATE_CONNECTION_ESTABLISHED l=1).mark_down
2024-02-20T07:48:55.493 INFO:teuthology.orchestra.run.smithi133.stdout:/usr/bin/ceph: stderr
2024-02-20T07:48:54.900+0000 7f3d92f86700 1 --2- 172.21.15.133:0/295969821 >> [v2:172.21.15.133:6800/1670376163,v1:172.21.15.133:6801/1670376163] conn(0x7f3d7c0367e0 0x7f3d7c038c90 secure :-1 s=READY pgs=10 cs=0 l=1 rev1=1 crypto rx=0x7f3d78009990 tx=0x7f3d78006e40 comp rx=0 tx=0).stop
2024-02-20T07:48:55.493 INFO:teuthology.orchestra.run.smithi133.stdout:/usr/bin/ceph: stderr
2024-02-20T07:48:54.900+0000 7f3d92f86700 1 -- 172.21.15.133:0/295969821 >> [v2:172.21.15.133:3300/0,v1:172.21.15.133:6789/0] conn(0x7f3d8c078cc0 msgr2=0x7f3d8c113810 secure :-1 s=STATE_CONNECTION_ESTABLISHED l=1).mark_down
2024-02-20T07:48:55.493 INFO:teuthology.orchestra.run.smithi133.stdout:/usr/bin/ceph: stderr
2024-02-20T07:48:54.900+0000 7f3d92f86700 1 --2- 172.21.15.133:0/295969821 >> [v2:172.21.15.133:3300/0,v1:172.21.15.133:6789/0] conn(0x7f3d8c078cc0 0x7f3d8c113810 secure :-1 s=READY pgs=44 cs=0 l=1 rev1=1 crypto rx=0x7f3d80006fd0 tx=0x7f3d80009250 comp rx=0 tx=0).stop
2024-02-20T07:48:55.493 INFO:teuthology.orchestra.run.smithi133.stdout:/usr/bin/ceph: stderr
2024-02-20T07:48:54.900+0000 7f3d92f86700 1 -- 172.21.15.133:0/295969821 shutdown_connections
2024-02-20T07:48:55.493 INFO:teuthology.orchestra.run.smithi133.stdout:/usr/bin/ceph: stderr
2024-02-20T07:48:54.900+0000 7f3d92f86700 1 --2- 172.21.15.133:0/295969821 >> [v2:172.21.15.133:6800/1670376163,v1:172.21.15.133:6801/1670376163] conn(0x7f3d7c0367e0 0x7f3d7c038c90 unknown :-1 s=CLOSED pgs=10 cs=0 l=1 rev1=1 crypto rx=0 tx=0 comp rx=0 tx=0).stop
2024-02-20T07:48:55.493 INFO:teuthology.orchestra.run.smithi133.stdout:/usr/bin/ceph: stderr
2024-02-20T07:48:54.900+0000 7f3d92f86700 1 --2- 172.21.15.133:0/295969821 >> [v2:172.21.15.133:3300/0,v1:172.21.15.133:6789/0] conn(0x7f3d8c078cc0 0x7f3d8c113810 unknown :-1 s=CLOSED pgs=44 cs=0 l=1 rev1=1 crypto rx=0 tx=0 comp rx=0 tx=0).stop
2024-02-20T07:48:55.493 INFO:teuthology.orchestra.run.smithi133.stdout:/usr/bin/ceph: stderr
2024-02-20T07:48:54.900+0000 7f3d92f86700 1 -- 172.21.15.133:0/295969821 >> 172.21.15.133:0/295969821 conn(0x7f3d8c0fded0 msgr2=0x7f3d8c0ff5f0 unknown :-1 s=STATE_NONE l=0).mark_down
2024-02-20T07:48:55.493 INFO:teuthology.orchestra.run.smithi133.stdout:/usr/bin/ceph: stderr
2024-02-20T07:48:54.900+0000 7f3d92f86700 1 -- 172.21.15.133:0/295969821 shutdown_connections
2024-02-20T07:48:55.494 INFO:teuthology.orchestra.run.smithi133.stdout:/usr/bin/ceph: stderr
2024-02-20T07:48:54.900+0000 7f3d92f86700 1 -- 172.21.15.133:0/295969821 wait complete.
2024-02-20T07:48:55.494 INFO:teuthology.orchestra.run.smithi133.stdout:Wrote public SSH key to /home/ubuntu/cephtest/ceph.pub
2024-02-20T07:48:55.494 INFO:teuthology.orchestra.run.smithi133.stdout:Adding key to root@localhost authorized_keys...
2024-02-20T07:48:55.494 INFO:teuthology.orchestra.run.smithi133.stdout:Adding host smithi133...
2024-02-20T07:48:56.086 INFO:journalctl@ceph.mon.smithi133.smithi133.stdout:Feb 20 07:48:55 smithi133 ceph-mon[29117]: from='client.14138 -' entity='client.admin' cmd=[{"prefix": "cephadm get-pub-key", "target": ["mon-mgr", ""]}]: dispatch
2024-02-20T07:48:57.992 INFO:journalctl@ceph.mon.smithi133.smithi133.stdout:Feb 20 07:48:57 smithi133 ceph-mon[29117]: from='client.14140 -' entity='client.admin' cmd=[{"prefix": "orch host add", "hostname": "smithi133", "addr": "172.21.15.133", "target": ["mon-mgr", ""]}]: dispatch
2024-02-20T07:48:58.690 INFO:journalctl@ceph.mon.smithi133.smithi133.stdout:Feb 20 07:48:58 smithi133 ceph-mon[29117]: Deploying cephadm binary to smithi133
2024-02-20T07:48:58.690 INFO:journalctl@ceph.mon.smithi133.smithi133.stdout:Feb 20 07:48:58 smithi133 ceph-mon[29117]: from='mgr.14120 172.21.15.133:0/2965705206' entity='mgr.smithi133.mrvcbp'
2024-02-20T07:48:58.690 INFO:journalctl@ceph.mon.smithi133.smithi133.stdout:Feb 20 07:48:58 smithi133 ceph-mon[29117]: from='mgr.14120 172.21.15.133:0/2965705206' entity='mgr.smithi133.mrvcbp' cmd=[{"prefix": "config dump", "format": "json"}]: dispatch
2024-02-20T07:48:58.698 INFO:teuthology.orchestra.run.smithi133.stdout:/usr/bin/ceph: stdout Added host 'smithi133' with addr '172.21.15.133'
2024-02-20T07:48:58.698 INFO:teuthology.orchestra.run.smithi133.stdout:/usr/bin/ceph: stderr
2024-02-20T07:48:55.888+0000 7f2a8c785700 1 Processor -- start
2024-02-20T07:48:58.698 INFO:teuthology.orchestra.run.smithi133.stdout:/usr/bin/ceph: stderr
2024-02-20T07:48:55.888+0000 7f2a8c785700 1 -- start start
2024-02-20T07:48:58.698 INFO:teuthology.orchestra.run.smithi133.stdout:/usr/bin/ceph: stderr
2024-02-20T07:48:55.888+0000 7f2a8c785700 1 --2- >> [v2:172.21.15.133:3300/0,v1:172.21.15.133:6789/0] conn(0x7f2a84103e00 0x7f2a84104210 unknown :-1 s=NONE pgs=0 cs=0 l=0 rev1=0 crypto rx=0 tx=0 comp rx=0 tx=0).connect
2024-02-20T07:48:58.698 INFO:teuthology.orchestra.run.smithi133.stdout:/usr/bin/ceph: stderr
2024-02-20T07:48:55.888+0000 7f2a8c785700 1 -- --> [v2:172.21.15.133:3300/0,v1:172.21.15.133:6789/0] -- mon_getmap magic: 0 v1 -- 0x7f2a84104750 con 0x7f2a84103e00
2024-02-20T07:48:58.698 INFO:teuthology.orchestra.run.smithi133.stdout:/usr/bin/ceph: stderr
2024-02-20T07:48:55.888+0000 7f2a8a521700 1 --2- >> [v2:172.21.15.133:3300/0,v1:172.21.15.133:6789/0] conn(0x7f2a84103e00 0x7f2a84104210 unknown :-1 s=BANNER_CONNECTING pgs=0 cs=0 l=0 rev1=0 crypto rx=0 tx=0 comp rx=0 tx=0)._handle_peer_banner_payload supported=3 required=0
2024-02-20T07:48:58.698 INFO:teuthology.orchestra.run.smithi133.stdout:/usr/bin/ceph: stderr
2024-02-20T07:48:55.888+0000 7f2a8a521700 1 --2- >> [v2:172.21.15.133:3300/0,v1:172.21.15.133:6789/0] conn(0x7f2a84103e00 0x7f2a84104210 unknown :-1 s=HELLO_CONNECTING pgs=0 cs=0 l=0 rev1=1 crypto rx=0 tx=0 comp rx=0 tx=0).handle_hello peer v2:172.21.15.133:3300/0 says I am v2:172.21.15.133:55510/0 (socket says 172.21.15.133:55510)
2024-02-20T07:48:58.698 INFO:teuthology.orchestra.run.smithi133.stdout:/usr/bin/ceph: stderr
2024-02-20T07:48:55.888+0000 7f2a8a521700 1 -- 172.21.15.133:0/3603370380 learned_addr learned my addr 172.21.15.133:0/3603370380 (peer_addr_for_me v2:172.21.15.133:0/0)
2024-02-20T07:48:58.699 INFO:teuthology.orchestra.run.smithi133.stdout:/usr/bin/ceph: stderr
2024-02-20T07:48:55.888+0000 7f2a8a521700 1 -- 172.21.15.133:0/3603370380 --> [v2:172.21.15.133:3300/0,v1:172.21.15.133:6789/0] -- mon_subscribe({config=0+,monmap=0+}) v3 -- 0x7f2a84104890 con 0x7f2a84103e00
2024-02-20T07:48:58.699 INFO:teuthology.orchestra.run.smithi133.stdout:/usr/bin/ceph: stderr
2024-02-20T07:48:55.888+0000 7f2a8a521700 1 --2- 172.21.15.133:0/3603370380 >> [v2:172.21.15.133:3300/0,v1:172.21.15.133:6789/0] conn(0x7f2a84103e00 0x7f2a84104210 secure :-1 s=READY pgs=45 cs=0 l=1 rev1=1 crypto rx=0x7f2a800098e0 tx=0x7f2a80009250 comp rx=0 tx=0).ready entity=mon.0 client_cookie=8e0e2eb35201b7a5 server_cookie=0 in_seq=0 out_seq=0
2024-02-20T07:48:58.699 INFO:teuthology.orchestra.run.smithi133.stdout:/usr/bin/ceph: stderr
2024-02-20T07:48:55.889+0000 7f2a8951f700 1 -- 172.21.15.133:0/3603370380 <== mon.0 v2:172.21.15.133:3300/0 1 ==== mon_map magic: 0 v1 ==== 229+0+0 (secure 0 0 0) 0x7f2a8000b860 con 0x7f2a84103e00
2024-02-20T07:48:58.699 INFO:teuthology.orchestra.run.smithi133.stdout:/usr/bin/ceph: stderr
2024-02-20T07:48:55.889+0000 7f2a8951f700 1 -- 172.21.15.133:0/3603370380 <== mon.0 v2:172.21.15.133:3300/0 2 ==== config(27 keys) v1 ==== 1044+0+0 (secure 0 0 0) 0x7f2a8000be50 con 0x7f2a84103e00
2024-02-20T07:48:58.699 INFO:teuthology.orchestra.run.smithi133.stdout:/usr/bin/ceph: stderr
2024-02-20T07:48:55.889+0000 7f2a8951f700 1 -- 172.21.15.133:0/3603370380 <== mon.0 v2:172.21.15.133:3300/0 3 ==== mon_map magic: 0 v1 ==== 229+0+0 (secure 0 0 0) 0x7f2a80010380 con 0x7f2a84103e00
2024-02-20T07:48:58.699 INFO:teuthology.orchestra.run.smithi133.stdout:/usr/bin/ceph: stderr
2024-02-20T07:48:55.889+0000 7f2a8c785700 1 -- 172.21.15.133:0/3603370380 >> [v2:172.21.15.133:3300/0,v1:172.21.15.133:6789/0] conn(0x7f2a84103e00 msgr2=0x7f2a84104210 secure :-1 s=STATE_CONNECTION_ESTABLISHED l=1).mark_down
2024-02-20T07:48:58.699 INFO:teuthology.orchestra.run.smithi133.stdout:/usr/bin/ceph: stderr
2024-02-20T07:48:55.889+0000 7f2a8c785700 1 --2- 172.21.15.133:0/3603370380 >> [v2:172.21.15.133:3300/0,v1:172.21.15.133:6789/0] conn(0x7f2a84103e00 0x7f2a84104210 secure :-1 s=READY pgs=45 cs=0 l=1 rev1=1 crypto rx=0x7f2a800098e0 tx=0x7f2a80009250 comp rx=0 tx=0).stop
2024-02-20T07:48:58.699 INFO:teuthology.orchestra.run.smithi133.stdout:/usr/bin/ceph: stderr
2024-02-20T07:48:55.889+0000 7f2a8c785700 1 -- 172.21.15.133:0/3603370380 shutdown_connections
2024-02-20T07:48:58.699 INFO:teuthology.orchestra.run.smithi133.stdout:/usr/bin/ceph: stderr
2024-02-20T07:48:55.889+0000 7f2a8c785700 1 --2- 172.21.15.133:0/3603370380 >> [v2:172.21.15.133:3300/0,v1:172.21.15.133:6789/0] conn(0x7f2a84103e00 0x7f2a84104210 unknown :-1 s=CLOSED pgs=45 cs=0 l=1 rev1=1 crypto rx=0 tx=0 comp rx=0 tx=0).stop
2024-02-20T07:48:58.699 INFO:teuthology.orchestra.run.smithi133.stdout:/usr/bin/ceph: stderr
2024-02-20T07:48:55.889+0000 7f2a8c785700 1 -- 172.21.15.133:0/3603370380 >> 172.21.15.133:0/3603370380 conn(0x7f2a840fc580 msgr2=0x7f2a840fe990 unknown :-1 s=STATE_NONE l=0).mark_down
2024-02-20T07:48:58.699 INFO:teuthology.orchestra.run.smithi133.stdout:/usr/bin/ceph: stderr
2024-02-20T07:48:55.889+0000 7f2a8c785700 1 -- 172.21.15.133:0/3603370380 shutdown_connections
2024-02-20T07:48:58.699 INFO:teuthology.orchestra.run.smithi133.stdout:/usr/bin/ceph: stderr
2024-02-20T07:48:55.889+0000 7f2a8c785700 1 -- 172.21.15.133:0/3603370380 wait complete.
2024-02-20T07:48:58.699 INFO:teuthology.orchestra.run.smithi133.stdout:/usr/bin/ceph: stderr
2024-02-20T07:48:55.890+0000 7f2a8c785700 1 Processor -- start
2024-02-20T07:48:58.699 INFO:teuthology.orchestra.run.smithi133.stdout:/usr/bin/ceph: stderr
2024-02-20T07:48:55.890+0000 7f2a8c785700 1 -- start start
2024-02-20T07:48:58.699 INFO:teuthology.orchestra.run.smithi133.stdout:/usr/bin/ceph: stderr
2024-02-20T07:48:55.890+0000 7f2a8c785700 1 --2- >> [v2:172.21.15.133:3300/0,v1:172.21.15.133:6789/0] conn(0x7f2a84103e00 0x7f2a84111820 unknown :-1 s=NONE pgs=0 cs=0 l=1 rev1=0 crypto rx=0 tx=0 comp rx=0 tx=0).connect
2024-02-20T07:48:58.699 INFO:teuthology.orchestra.run.smithi133.stdout:/usr/bin/ceph: stderr
2024-02-20T07:48:55.890+0000 7f2a8c785700 1 -- --> [v2:172.21.15.133:3300/0,v1:172.21.15.133:6789/0] -- mon_getmap magic: 0 v1 -- 0x7f2a84111d60 con 0x7f2a84103e00
2024-02-20T07:48:58.700 INFO:teuthology.orchestra.run.smithi133.stdout:/usr/bin/ceph: stderr
2024-02-20T07:48:55.890+0000 7f2a8a521700 1 --2- >> [v2:172.21.15.133:3300/0,v1:172.21.15.133:6789/0] conn(0x7f2a84103e00 0x7f2a84111820 unknown :-1 s=BANNER_CONNECTING pgs=0 cs=0 l=1 rev1=0 crypto rx=0 tx=0 comp rx=0 tx=0)._handle_peer_banner_payload supported=3 required=0
2024-02-20T07:48:58.700 INFO:teuthology.orchestra.run.smithi133.stdout:/usr/bin/ceph: stderr
2024-02-20T07:48:55.890+0000 7f2a8a521700 1 --2- >> [v2:172.21.15.133:3300/0,v1:172.21.15.133:6789/0] conn(0x7f2a84103e00 0x7f2a84111820 unknown :-1 s=HELLO_CONNECTING pgs=0 cs=0 l=1 rev1=1 crypto rx=0 tx=0 comp rx=0 tx=0).handle_hello peer v2:172.21.15.133:3300/0 says I am v2:172.21.15.133:55512/0 (socket says 172.21.15.133:55512)
2024-02-20T07:48:58.700 INFO:teuthology.orchestra.run.smithi133.stdout:/usr/bin/ceph: stderr
2024-02-20T07:48:55.890+0000 7f2a8a521700 1 -- 172.21.15.133:0/3604985221 learned_addr learned my addr 172.21.15.133:0/3604985221 (peer_addr_for_me v2:172.21.15.133:0/0)
2024-02-20T07:48:58.700 INFO:teuthology.orchestra.run.smithi133.stdout:/usr/bin/ceph: stderr
2024-02-20T07:48:55.890+0000 7f2a8a521700 1 -- 172.21.15.133:0/3604985221 --> [v2:172.21.15.133:3300/0,v1:172.21.15.133:6789/0] -- mon_subscribe({config=0+,monmap=0+}) v3 -- 0x7f2a800094f0 con 0x7f2a84103e00
2024-02-20T07:48:58.700 INFO:teuthology.orchestra.run.smithi133.stdout:/usr/bin/ceph: stderr
2024-02-20T07:48:55.891+0000 7f2a8a521700 1 --2- 172.21.15.133:0/3604985221 >> [v2:172.21.15.133:3300/0,v1:172.21.15.133:6789/0] conn(0x7f2a84103e00 0x7f2a84111820 secure :-1 s=READY pgs=46 cs=0 l=1 rev1=1 crypto rx=0x7f2a8000b440 tx=0x7f2a80009250 comp rx=0 tx=0).ready entity=mon.0 client_cookie=0 server_cookie=0 in_seq=0 out_seq=0
2024-02-20T07:48:58.700 INFO:teuthology.orchestra.run.smithi133.stdout:/usr/bin/ceph: stderr
2024-02-20T07:48:55.891+0000 7f2a7affd700 1 -- 172.21.15.133:0/3604985221 <== mon.0 v2:172.21.15.133:3300/0 1 ==== mon_map magic: 0 v1 ==== 229+0+0 (secure 0 0 0) 0x7f2a80010760 con 0x7f2a84103e00
2024-02-20T07:48:58.700 INFO:teuthology.orchestra.run.smithi133.stdout:/usr/bin/ceph: stderr
2024-02-20T07:48:55.891+0000 7f2a7affd700 1 -- 172.21.15.133:0/3604985221 <== mon.0 v2:172.21.15.133:3300/0 2 ==== config(27 keys) v1 ==== 1044+0+0 (secure 0 0 0) 0x7f2a80010d50 con 0x7f2a84103e00
2024-02-20T07:48:58.700 INFO:teuthology.orchestra.run.smithi133.stdout:/usr/bin/ceph: stderr
2024-02-20T07:48:55.891+0000 7f2a8c785700 1 -- 172.21.15.133:0/3604985221 --> [v2:172.21.15.133:3300/0,v1:172.21.15.133:6789/0] -- mon_subscribe({mgrmap=0+}) v3 -- 0x7f2a84111f60 con 0x7f2a84103e00
2024-02-20T07:48:58.700 INFO:teuthology.orchestra.run.smithi133.stdout:/usr/bin/ceph: stderr
2024-02-20T07:48:55.891+0000 7f2a7affd700 1 -- 172.21.15.133:0/3604985221 <== mon.0 v2:172.21.15.133:3300/0 3 ==== mon_map magic: 0 v1 ==== 229+0+0 (secure 0 0 0) 0x7f2a80024d80 con 0x7f2a84103e00
2024-02-20T07:48:58.700 INFO:teuthology.orchestra.run.smithi133.stdout:/usr/bin/ceph: stderr
2024-02-20T07:48:55.891+0000 7f2a8c785700 1 -- 172.21.15.133:0/3604985221 --> [v2:172.21.15.133:3300/0,v1:172.21.15.133:6789/0] -- mon_subscribe({osdmap=0}) v3 -- 0x7f2a84112c00 con 0x7f2a84103e00
2024-02-20T07:48:58.700 INFO:teuthology.orchestra.run.smithi133.stdout:/usr/bin/ceph: stderr
2024-02-20T07:48:55.891+0000 7f2a7affd700 1 -- 172.21.15.133:0/3604985221 <== mon.0 v2:172.21.15.133:3300/0 4 ==== mgrmap(e 8) v1 ==== 43368+0+0 (secure 0 0 0) 0x7f2a8001a430 con 0x7f2a84103e00
2024-02-20T07:48:58.700 INFO:teuthology.orchestra.run.smithi133.stdout:/usr/bin/ceph: stderr
2024-02-20T07:48:55.892+0000 7f2a7affd700 1 --2- 172.21.15.133:0/3604985221 >> [v2:172.21.15.133:6800/1670376163,v1:172.21.15.133:6801/1670376163] conn(0x7f2a700367e0 0x7f2a70038c90 unknown :-1 s=NONE pgs=0 cs=0 l=1 rev1=0 crypto rx=0 tx=0 comp rx=0 tx=0).connect
2024-02-20T07:48:58.700 INFO:teuthology.orchestra.run.smithi133.stdout:/usr/bin/ceph: stderr
2024-02-20T07:48:55.892+0000 7f2a8c785700 1 -- 172.21.15.133:0/3604985221 --> [v2:172.21.15.133:3300/0,v1:172.21.15.133:6789/0] -- mon_command({"prefix": "get_command_descriptions"} v 0) v1 -- 0x7f2a8405f5c0 con 0x7f2a84103e00
2024-02-20T07:48:58.700 INFO:teuthology.orchestra.run.smithi133.stdout:/usr/bin/ceph: stderr
2024-02-20T07:48:55.892+0000 7f2a7affd700 1 -- 172.21.15.133:0/3604985221 <== mon.0 v2:172.21.15.133:3300/0 5 ==== osd_map(2..2 src has 1..2) v4 ==== 936+0+0 (secure 0 0 0) 0x7f2a8004a5c0 con 0x7f2a84103e00
2024-02-20T07:48:58.701 INFO:teuthology.orchestra.run.smithi133.stdout:/usr/bin/ceph: stderr
2024-02-20T07:48:55.892+0000 7f2a89d20700 1 --2- 172.21.15.133:0/3604985221 >> [v2:172.21.15.133:6800/1670376163,v1:172.21.15.133:6801/1670376163] conn(0x7f2a700367e0 0x7f2a70038c90 unknown :-1 s=BANNER_CONNECTING pgs=0 cs=0 l=1 rev1=0 crypto rx=0 tx=0 comp rx=0 tx=0)._handle_peer_banner_payload supported=3 required=0
2024-02-20T07:48:58.701 INFO:teuthology.orchestra.run.smithi133.stdout:/usr/bin/ceph: stderr
2024-02-20T07:48:55.892+0000 7f2a89d20700 1 --2- 172.21.15.133:0/3604985221 >> [v2:172.21.15.133:6800/1670376163,v1:172.21.15.133:6801/1670376163] conn(0x7f2a700367e0 0x7f2a70038c90 secure :-1 s=READY pgs=11 cs=0 l=1 rev1=1 crypto rx=0x7f2a74009990 tx=0x7f2a74006e40 comp rx=0 tx=0).ready entity=mgr.14120 client_cookie=0 server_cookie=0 in_seq=0 out_seq=0
2024-02-20T07:48:58.701 INFO:teuthology.orchestra.run.smithi133.stdout:/usr/bin/ceph: stderr
2024-02-20T07:48:55.896+0000 7f2a7affd700 1 -- 172.21.15.133:0/3604985221 <== mon.0 v2:172.21.15.133:3300/0 6 ==== mon_command_ack([{"prefix": "get_command_descriptions"}]=0 v0) v1 ==== 72+0+175031 (secure 0 0 0) 0x7f2a80018940 con 0x7f2a84103e00
2024-02-20T07:48:58.701 INFO:teuthology.orchestra.run.smithi133.stdout:/usr/bin/ceph: stderr
2024-02-20T07:48:56.084+0000 7f2a8c785700 1 -- 172.21.15.133:0/3604985221 --> [v2:172.21.15.133:6800/1670376163,v1:172.21.15.133:6801/1670376163] -- mgr_command(tid 0: {"prefix": "orch host add", "hostname": "smithi133", "addr": "172.21.15.133", "target": ["mon-mgr", ""]}) v1 -- 0x7f2a84101470 con 0x7f2a700367e0
2024-02-20T07:48:58.701 INFO:teuthology.orchestra.run.smithi133.stdout:/usr/bin/ceph: stderr
2024-02-20T07:48:58.069+0000 7f2a7affd700 1 -- 172.21.15.133:0/3604985221 <== mgr.14120 v2:172.21.15.133:6800/1670376163 1 ==== mgr_command_reply(tid 0: 0 ) v1 ==== 8+0+49 (secure 0 0 0) 0x7f2a84101470 con 0x7f2a700367e0
2024-02-20T07:48:58.701 INFO:teuthology.orchestra.run.smithi133.stdout:/usr/bin/ceph: stderr
2024-02-20T07:48:58.071+0000 7f2a8c785700 1 -- 172.21.15.133:0/3604985221 >> [v2:172.21.15.133:6800/1670376163,v1:172.21.15.133:6801/1670376163] conn(0x7f2a700367e0 msgr2=0x7f2a70038c90 secure :-1 s=STATE_CONNECTION_ESTABLISHED l=1).mark_down
2024-02-20T07:48:58.701 INFO:teuthology.orchestra.run.smithi133.stdout:/usr/bin/ceph: stderr
2024-02-20T07:48:58.071+0000 7f2a8c785700 1 --2- 172.21.15.133:0/3604985221 >> [v2:172.21.15.133:6800/1670376163,v1:172.21.15.133:6801/1670376163] conn(0x7f2a700367e0 0x7f2a70038c90 secure :-1 s=READY pgs=11 cs=0 l=1 rev1=1 crypto rx=0x7f2a74009990 tx=0x7f2a74006e40 comp rx=0 tx=0).stop
2024-02-20T07:48:58.701 INFO:teuthology.orchestra.run.smithi133.stdout:/usr/bin/ceph: stderr
2024-02-20T07:48:58.071+0000 7f2a8c785700 1 -- 172.21.15.133:0/3604985221 >> [v2:172.21.15.133:3300/0,v1:172.21.15.133:6789/0] conn(0x7f2a84103e00 msgr2=0x7f2a84111820 secure :-1 s=STATE_CONNECTION_ESTABLISHED l=1).mark_down
2024-02-20T07:48:58.701 INFO:teuthology.orchestra.run.smithi133.stdout:/usr/bin/ceph: stderr
2024-02-20T07:48:58.071+0000 7f2a8c785700 1 --2- 172.21.15.133:0/3604985221 >> [v2:172.21.15.133:3300/0,v1:172.21.15.133:6789/0] conn(0x7f2a84103e00 0x7f2a84111820 secure :-1 s=READY pgs=46 cs=0 l=1 rev1=1 crypto rx=0x7f2a8000b440 tx=0x7f2a80009250 comp rx=0 tx=0).stop
2024-02-20T07:48:58.701 INFO:teuthology.orchestra.run.smithi133.stdout:/usr/bin/ceph: stderr
2024-02-20T07:48:58.071+0000 7f2a8c785700 1 -- 172.21.15.133:0/3604985221 shutdown_connections
2024-02-20T07:48:58.701 INFO:teuthology.orchestra.run.smithi133.stdout:/usr/bin/ceph: stderr
2024-02-20T07:48:58.071+0000 7f2a8c785700 1 --2- 172.21.15.133:0/3604985221 >> [v2:172.21.15.133:6800/1670376163,v1:172.21.15.133:6801/1670376163] conn(0x7f2a700367e0 0x7f2a70038c90 unknown :-1 s=CLOSED pgs=11 cs=0 l=1 rev1=1 crypto rx=0 tx=0 comp rx=0 tx=0).stop
2024-02-20T07:48:58.702 INFO:teuthology.orchestra.run.smithi133.stdout:/usr/bin/ceph: stderr
2024-02-20T07:48:58.071+0000 7f2a8c785700 1 --2- 172.21.15.133:0/3604985221 >> [v2:172.21.15.133:3300/0,v1:172.21.15.133:6789/0] conn(0x7f2a84103e00 0x7f2a84111820 unknown :-1 s=CLOSED pgs=46 cs=0 l=1 rev1=1 crypto rx=0 tx=0 comp rx=0 tx=0).stop
2024-02-20T07:48:58.702 INFO:teuthology.orchestra.run.smithi133.stdout:/usr/bin/ceph: stderr
2024-02-20T07:48:58.071+0000 7f2a8c785700 1 -- 172.21.15.133:0/3604985221 >> 172.21.15.133:0/3604985221 conn(0x7f2a840fc580 msgr2=0x7f2a840fd400 unknown :-1 s=STATE_NONE l=0).mark_down
2024-02-20T07:48:58.702 INFO:teuthology.orchestra.run.smithi133.stdout:/usr/bin/ceph: stderr
2024-02-20T07:48:58.072+0000 7f2a8c785700 1 -- 172.21.15.133:0/3604985221 shutdown_connections
2024-02-20T07:48:58.702 INFO:teuthology.orchestra.run.smithi133.stdout:/usr/bin/ceph: stderr
2024-02-20T07:48:58.072+0000 7f2a8c785700 1 -- 172.21.15.133:0/3604985221 wait complete.
2024-02-20T07:48:58.702 INFO:teuthology.orchestra.run.smithi133.stdout:Deploying mon service with default placement...
2024-02-20T07:48:59.860 INFO:journalctl@ceph.mon.smithi133.smithi133.stdout:Feb 20 07:48:59 smithi133 ceph-mon[29117]: Added host smithi133
2024-02-20T07:48:59.861 INFO:journalctl@ceph.mon.smithi133.smithi133.stdout:Feb 20 07:48:59 smithi133 ceph-mon[29117]: from='mgr.14120 172.21.15.133:0/2965705206' entity='mgr.smithi133.mrvcbp'
2024-02-20T07:49:00.040 INFO:teuthology.orchestra.run.smithi133.stdout:/usr/bin/ceph: stdout Scheduled mon update...
2024-02-20T07:49:00.041 INFO:teuthology.orchestra.run.smithi133.stdout:/usr/bin/ceph: stderr
2024-02-20T07:48:59.089+0000 7f707649d700 1 Processor -- start
2024-02-20T07:49:00.041 INFO:teuthology.orchestra.run.smithi133.stdout:/usr/bin/ceph: stderr
2024-02-20T07:48:59.089+0000 7f707649d700 1 -- start start
2024-02-20T07:49:00.041 INFO:teuthology.orchestra.run.smithi133.stdout:/usr/bin/ceph: stderr
2024-02-20T07:48:59.089+0000 7f707649d700 1 --2- >> [v2:172.21.15.133:3300/0,v1:172.21.15.133:6789/0] conn(0x7f7070102c60 0x7f7070103070 unknown :-1 s=NONE pgs=0 cs=0 l=0 rev1=0 crypto rx=0 tx=0 comp rx=0 tx=0).connect
2024-02-20T07:49:00.041 INFO:teuthology.orchestra.run.smithi133.stdout:/usr/bin/ceph: stderr
2024-02-20T07:48:59.089+0000 7f707649d700 1 -- --> [v2:172.21.15.133:3300/0,v1:172.21.15.133:6789/0] -- mon_getmap magic: 0 v1 -- 0x7f70701035b0 con 0x7f7070102c60
2024-02-20T07:49:00.041 INFO:teuthology.orchestra.run.smithi133.stdout:/usr/bin/ceph: stderr
2024-02-20T07:48:59.090+0000 7f706ffff700 1 --2- >> [v2:172.21.15.133:3300/0,v1:172.21.15.133:6789/0] conn(0x7f7070102c60 0x7f7070103070 unknown :-1 s=BANNER_CONNECTING pgs=0 cs=0 l=0 rev1=0 crypto rx=0 tx=0 comp rx=0 tx=0)._handle_peer_banner_payload supported=3 required=0
2024-02-20T07:49:00.041 INFO:teuthology.orchestra.run.smithi133.stdout:/usr/bin/ceph: stderr
2024-02-20T07:48:59.090+0000 7f706ffff700 1 --2- >> [v2:172.21.15.133:3300/0,v1:172.21.15.133:6789/0] conn(0x7f7070102c60 0x7f7070103070 unknown :-1 s=HELLO_CONNECTING pgs=0 cs=0 l=0 rev1=1 crypto rx=0 tx=0 comp rx=0 tx=0).handle_hello peer v2:172.21.15.133:3300/0 says I am v2:172.21.15.133:49924/0 (socket says 172.21.15.133:49924)
2024-02-20T07:49:00.041 INFO:teuthology.orchestra.run.smithi133.stdout:/usr/bin/ceph: stderr
2024-02-20T07:48:59.090+0000 7f706ffff700 1 -- 172.21.15.133:0/1160124616 learned_addr learned my addr 172.21.15.133:0/1160124616 (peer_addr_for_me v2:172.21.15.133:0/0)
2024-02-20T07:49:00.042 INFO:teuthology.orchestra.run.smithi133.stdout:/usr/bin/ceph: stderr
2024-02-20T07:48:59.090+0000 7f706ffff700 1 -- 172.21.15.133:0/1160124616 --> [v2:172.21.15.133:3300/0,v1:172.21.15.133:6789/0] -- mon_subscribe({config=0+,monmap=0+}) v3 -- 0x7f70701036f0 con 0x7f7070102c60
2024-02-20T07:49:00.042 INFO:teuthology.orchestra.run.smithi133.stdout:/usr/bin/ceph: stderr
2024-02-20T07:48:59.090+0000 7f706ffff700 1 --2- 172.21.15.133:0/1160124616 >> [v2:172.21.15.133:3300/0,v1:172.21.15.133:6789/0] conn(0x7f7070102c60 0x7f7070103070 secure :-1 s=READY pgs=47 cs=0 l=1 rev1=1 crypto rx=0x7f706400bb80 tx=0x7f706400b4f0 comp rx=0 tx=0).ready entity=mon.0 client_cookie=9fa612e521af5625 server_cookie=0 in_seq=0 out_seq=0
2024-02-20T07:49:00.042 INFO:teuthology.orchestra.run.smithi133.stdout:/usr/bin/ceph: stderr
2024-02-20T07:48:59.090+0000 7f706effd700 1 -- 172.21.15.133:0/1160124616 <== mon.0 v2:172.21.15.133:3300/0 1 ==== mon_map magic: 0 v1 ==== 229+0+0 (secure 0 0 0) 0x7f706400dd00 con 0x7f7070102c60
2024-02-20T07:49:00.042 INFO:teuthology.orchestra.run.smithi133.stdout:/usr/bin/ceph: stderr
2024-02-20T07:48:59.090+0000 7f706effd700 1 -- 172.21.15.133:0/1160124616 <== mon.0 v2:172.21.15.133:3300/0 2 ==== config(27 keys) v1 ==== 1044+0+0 (secure 0 0 0) 0x7f706400de60 con 0x7f7070102c60
2024-02-20T07:49:00.042 INFO:teuthology.orchestra.run.smithi133.stdout:/usr/bin/ceph: stderr
2024-02-20T07:48:59.090+0000 7f706effd700 1 -- 172.21.15.133:0/1160124616 <== mon.0 v2:172.21.15.133:3300/0 3 ==== mon_map magic: 0 v1 ==== 229+0+0 (secure 0 0 0) 0x7f70640188a0 con 0x7f7070102c60
2024-02-20T07:49:00.042 INFO:teuthology.orchestra.run.smithi133.stdout:/usr/bin/ceph: stderr
2024-02-20T07:48:59.091+0000 7f707649d700 1 -- 172.21.15.133:0/1160124616 >> [v2:172.21.15.133:3300/0,v1:172.21.15.133:6789/0] conn(0x7f7070102c60 msgr2=0x7f7070103070 secure :-1 s=STATE_CONNECTION_ESTABLISHED l=1).mark_down
2024-02-20T07:49:00.042 INFO:teuthology.orchestra.run.smithi133.stdout:/usr/bin/ceph: stderr
2024-02-20T07:48:59.091+0000 7f707649d700 1 --2- 172.21.15.133:0/1160124616 >> [v2:172.21.15.133:3300/0,v1:172.21.15.133:6789/0] conn(0x7f7070102c60 0x7f7070103070 secure :-1 s=READY pgs=47 cs=0 l=1 rev1=1 crypto rx=0x7f706400bb80 tx=0x7f706400b4f0 comp rx=0 tx=0).stop
2024-02-20T07:49:00.042 INFO:teuthology.orchestra.run.smithi133.stdout:/usr/bin/ceph: stderr
2024-02-20T07:48:59.091+0000 7f707649d700 1 -- 172.21.15.133:0/1160124616 shutdown_connections
2024-02-20T07:49:00.042 INFO:teuthology.orchestra.run.smithi133.stdout:/usr/bin/ceph: stderr
2024-02-20T07:48:59.091+0000 7f707649d700 1 --2- 172.21.15.133:0/1160124616 >> [v2:172.21.15.133:3300/0,v1:172.21.15.133:6789/0] conn(0x7f7070102c60 0x7f7070103070 unknown :-1 s=CLOSED pgs=47 cs=0 l=1 rev1=1 crypto rx=0 tx=0 comp rx=0 tx=0).stop
2024-02-20T07:49:00.042 INFO:teuthology.orchestra.run.smithi133.stdout:/usr/bin/ceph: stderr
2024-02-20T07:48:59.091+0000 7f707649d700 1 -- 172.21.15.133:0/1160124616 >> 172.21.15.133:0/1160124616 conn(0x7f70700fc580 msgr2=0x7f70700fe990 unknown :-1 s=STATE_NONE l=0).mark_down
2024-02-20T07:49:00.042 INFO:teuthology.orchestra.run.smithi133.stdout:/usr/bin/ceph: stderr
2024-02-20T07:48:59.091+0000 7f707649d700 1 -- 172.21.15.133:0/1160124616 shutdown_connections
2024-02-20T07:49:00.043 INFO:teuthology.orchestra.run.smithi133.stdout:/usr/bin/ceph: stderr
2024-02-20T07:48:59.091+0000 7f707649d700 1 -- 172.21.15.133:0/1160124616 wait complete.
2024-02-20T07:49:00.043 INFO:teuthology.orchestra.run.smithi133.stdout:/usr/bin/ceph: stderr
2024-02-20T07:48:59.091+0000 7f707649d700 1 Processor -- start
2024-02-20T07:49:00.043 INFO:teuthology.orchestra.run.smithi133.stdout:/usr/bin/ceph: stderr
2024-02-20T07:48:59.092+0000 7f707649d700 1 -- start start
2024-02-20T07:49:00.043 INFO:teuthology.orchestra.run.smithi133.stdout:/usr/bin/ceph: stderr
2024-02-20T07:48:59.092+0000 7f707649d700 1 --2- >> [v2:172.21.15.133:3300/0,v1:172.21.15.133:6789/0] conn(0x7f7070102c60 0x7f707010f570 unknown :-1 s=NONE pgs=0 cs=0 l=1 rev1=0 crypto rx=0 tx=0 comp rx=0 tx=0).connect
2024-02-20T07:49:00.043 INFO:teuthology.orchestra.run.smithi133.stdout:/usr/bin/ceph: stderr
2024-02-20T07:48:59.092+0000 7f707649d700 1 -- --> [v2:172.21.15.133:3300/0,v1:172.21.15.133:6789/0] -- mon_getmap magic: 0 v1 -- 0x7f707010fab0 con 0x7f7070102c60
2024-02-20T07:49:00.043 INFO:teuthology.orchestra.run.smithi133.stdout:/usr/bin/ceph: stderr
2024-02-20T07:48:59.092+0000 7f706ffff700 1 --2- >> [v2:172.21.15.133:3300/0,v1:172.21.15.133:6789/0] conn(0x7f7070102c60 0x7f707010f570 unknown :-1 s=BANNER_CONNECTING pgs=0 cs=0 l=1 rev1=0 crypto rx=0 tx=0 comp rx=0 tx=0)._handle_peer_banner_payload supported=3 required=0
2024-02-20T07:49:00.043 INFO:teuthology.orchestra.run.smithi133.stdout:/usr/bin/ceph: stderr
2024-02-20T07:48:59.092+0000 7f706ffff700 1 --2- >> [v2:172.21.15.133:3300/0,v1:172.21.15.133:6789/0] conn(0x7f7070102c60 0x7f707010f570 unknown :-1 s=HELLO_CONNECTING pgs=0 cs=0 l=1 rev1=1 crypto rx=0 tx=0 comp rx=0 tx=0).handle_hello peer v2:172.21.15.133:3300/0 says I am v2:172.21.15.133:49938/0 (socket says 172.21.15.133:49938)
2024-02-20T07:49:00.043 INFO:teuthology.orchestra.run.smithi133.stdout:/usr/bin/ceph: stderr
2024-02-20T07:48:59.092+0000 7f706ffff700 1 -- 172.21.15.133:0/2082698256 learned_addr learned my addr 172.21.15.133:0/2082698256 (peer_addr_for_me v2:172.21.15.133:0/0)
2024-02-20T07:49:00.043 INFO:teuthology.orchestra.run.smithi133.stdout:/usr/bin/ceph: stderr
2024-02-20T07:48:59.092+0000 7f706ffff700 1 -- 172.21.15.133:0/2082698256 --> [v2:172.21.15.133:3300/0,v1:172.21.15.133:6789/0] -- mon_subscribe({config=0+,monmap=0+}) v3 -- 0x7f706400b790 con 0x7f7070102c60
2024-02-20T07:49:00.044 INFO:teuthology.orchestra.run.smithi133.stdout:/usr/bin/ceph: stderr
2024-02-20T07:48:59.092+0000 7f706ffff700 1 --2- 172.21.15.133:0/2082698256 >> [v2:172.21.15.133:3300/0,v1:172.21.15.133:6789/0] conn(0x7f7070102c60 0x7f707010f570 secure :-1 s=READY pgs=48 cs=0 l=1 rev1=1 crypto rx=0x7f7064010fa0 tx=0x7f706400b4f0 comp rx=0 tx=0).ready entity=mon.0 client_cookie=0 server_cookie=0 in_seq=0 out_seq=0
2024-02-20T07:49:00.044 INFO:teuthology.orchestra.run.smithi133.stdout:/usr/bin/ceph: stderr
2024-02-20T07:48:59.092+0000 7f706cff9700 1 -- 172.21.15.133:0/2082698256 <== mon.0 v2:172.21.15.133:3300/0 1 ==== mon_map magic: 0 v1 ==== 229+0+0 (secure 0 0 0) 0x7f7064010b90 con 0x7f7070102c60
2024-02-20T07:49:00.044 INFO:teuthology.orchestra.run.smithi133.stdout:/usr/bin/ceph: stderr
2024-02-20T07:48:59.092+0000 7f706cff9700 1 -- 172.21.15.133:0/2082698256 <== mon.0 v2:172.21.15.133:3300/0 2 ==== config(27 keys) v1 ==== 1044+0+0 (secure 0 0 0) 0x7f706401d050 con 0x7f7070102c60
2024-02-20T07:49:00.044 INFO:teuthology.orchestra.run.smithi133.stdout:/usr/bin/ceph: stderr
2024-02-20T07:48:59.092+0000 7f707649d700 1 -- 172.21.15.133:0/2082698256 --> [v2:172.21.15.133:3300/0,v1:172.21.15.133:6789/0] -- mon_subscribe({mgrmap=0+}) v3 -- 0x7f707010fcb0 con 0x7f7070102c60
2024-02-20T07:49:00.044 INFO:teuthology.orchestra.run.smithi133.stdout:/usr/bin/ceph: stderr
2024-02-20T07:48:59.092+0000 7f706cff9700 1 -- 172.21.15.133:0/2082698256 <== mon.0 v2:172.21.15.133:3300/0 3 ==== mon_map magic: 0 v1 ==== 229+0+0 (secure 0 0 0) 0x7f7064022590 con 0x7f7070102c60
2024-02-20T07:49:00.044 INFO:teuthology.orchestra.run.smithi133.stdout:/usr/bin/ceph: stderr
2024-02-20T07:48:59.092+0000 7f707649d700 1 -- 172.21.15.133:0/2082698256 --> [v2:172.21.15.133:3300/0,v1:172.21.15.133:6789/0] -- mon_subscribe({osdmap=0}) v3 -- 0x7f7070110950 con 0x7f7070102c60
2024-02-20T07:49:00.044 INFO:teuthology.orchestra.run.smithi133.stdout:/usr/bin/ceph: stderr
2024-02-20T07:48:59.093+0000 7f706cff9700 1 -- 172.21.15.133:0/2082698256 <== mon.0 v2:172.21.15.133:3300/0 4 ==== mgrmap(e 8) v1 ==== 43368+0+0 (secure 0 0 0) 0x7f7064022740 con 0x7f7070102c60
2024-02-20T07:49:00.044 INFO:teuthology.orchestra.run.smithi133.stdout:/usr/bin/ceph: stderr
2024-02-20T07:48:59.093+0000 7f706cff9700 1 --2- 172.21.15.133:0/2082698256 >> [v2:172.21.15.133:6800/1670376163,v1:172.21.15.133:6801/1670376163] conn(0x7f70580367e0 0x7f7058038c90 unknown :-1 s=NONE pgs=0 cs=0 l=1 rev1=0 crypto rx=0 tx=0 comp rx=0 tx=0).connect
2024-02-20T07:49:00.044 INFO:teuthology.orchestra.run.smithi133.stdout:/usr/bin/ceph: stderr
2024-02-20T07:48:59.093+0000 7f707649d700 1 -- 172.21.15.133:0/2082698256 --> [v2:172.21.15.133:3300/0,v1:172.21.15.133:6789/0] -- mon_command({"prefix": "get_command_descriptions"} v 0) v1 -- 0x7f707005f5c0 con 0x7f7070102c60
2024-02-20T07:49:00.044 INFO:teuthology.orchestra.run.smithi133.stdout:/usr/bin/ceph: stderr
2024-02-20T07:48:59.093+0000 7f706cff9700 1 -- 172.21.15.133:0/2082698256 <== mon.0 v2:172.21.15.133:3300/0 5 ==== osd_map(2..2 src has 1..2) v4 ==== 936+0+0 (secure 0 0 0) 0x7f7064014070 con 0x7f7070102c60
2024-02-20T07:49:00.044 INFO:teuthology.orchestra.run.smithi133.stdout:/usr/bin/ceph: stderr
2024-02-20T07:48:59.093+0000 7f706f7fe700 1 --2- 172.21.15.133:0/2082698256 >> [v2:172.21.15.133:6800/1670376163,v1:172.21.15.133:6801/1670376163] conn(0x7f70580367e0 0x7f7058038c90 unknown :-1 s=BANNER_CONNECTING pgs=0 cs=0 l=1 rev1=0 crypto rx=0 tx=0 comp rx=0 tx=0)._handle_peer_banner_payload supported=3 required=0
