2024-02-20T07:51:16.468 INFO:teuthology.orchestra.run.smithi055.stdout:/usr/bin/ceph: stderr
2024-02-20T07:51:15.664+0000 7fc5578c5700 1 --2- >> [v2:172.21.15.55:3300/0,v1:172.21.15.55:6789/0] conn(0x7fc550102770 0x7fc550102b80 unknown :-1 s=NONE pgs=0 cs=0 l=0 rev1=0 crypto rx=0 tx=0 comp rx=0 tx=0).connect
2024-02-20T07:51:16.468 INFO:teuthology.orchestra.run.smithi055.stdout:/usr/bin/ceph: stderr
2024-02-20T07:51:15.664+0000 7fc5578c5700 1 -- --> [v2:172.21.15.55:3300/0,v1:172.21.15.55:6789/0] -- mon_getmap magic: 0 v1 -- 0x7fc5501030c0 con 0x7fc550102770
2024-02-20T07:51:16.469 INFO:teuthology.orchestra.run.smithi055.stdout:/usr/bin/ceph: stderr
2024-02-20T07:51:15.664+0000 7fc555661700 1 --2- >> [v2:172.21.15.55:3300/0,v1:172.21.15.55:6789/0] conn(0x7fc550102770 0x7fc550102b80 unknown :-1 s=BANNER_CONNECTING pgs=0 cs=0 l=0 rev1=0 crypto rx=0 tx=0 comp rx=0 tx=0)._handle_peer_banner_payload supported=3 required=0
2024-02-20T07:51:16.469 INFO:teuthology.orchestra.run.smithi055.stdout:/usr/bin/ceph: stderr
2024-02-20T07:51:15.664+0000 7fc555661700 1 --2- >> [v2:172.21.15.55:3300/0,v1:172.21.15.55:6789/0] conn(0x7fc550102770 0x7fc550102b80 unknown :-1 s=HELLO_CONNECTING pgs=0 cs=0 l=0 rev1=1 crypto rx=0 tx=0 comp rx=0 tx=0).handle_hello peer v2:172.21.15.55:3300/0 says I am v2:172.21.15.55:50696/0 (socket says 172.21.15.55:50696)
2024-02-20T07:51:16.469 INFO:teuthology.orchestra.run.smithi055.stdout:/usr/bin/ceph: stderr
2024-02-20T07:51:15.664+0000 7fc555661700 1 -- 172.21.15.55:0/1249537228 learned_addr learned my addr 172.21.15.55:0/1249537228 (peer_addr_for_me v2:172.21.15.55:0/0)
2024-02-20T07:51:16.469 INFO:teuthology.orchestra.run.smithi055.stdout:/usr/bin/ceph: stderr
2024-02-20T07:51:15.664+0000 7fc555661700 1 -- 172.21.15.55:0/1249537228 --> [v2:172.21.15.55:3300/0,v1:172.21.15.55:6789/0] -- mon_subscribe({config=0+,monmap=0+}) v3 -- 0x7fc550103200 con 0x7fc550102770
2024-02-20T07:51:16.469 INFO:teuthology.orchestra.run.smithi055.stdout:/usr/bin/ceph: stderr
2024-02-20T07:51:15.664+0000 7fc555661700 1 --2- 172.21.15.55:0/1249537228 >> [v2:172.21.15.55:3300/0,v1:172.21.15.55:6789/0] conn(0x7fc550102770 0x7fc550102b80 secure :-1 s=READY pgs=61 cs=0 l=1 rev1=1 crypto rx=0x7fc54c0098e0 tx=0x7fc54c009250 comp rx=0 tx=0).ready entity=mon.0 client_cookie=964af1684b34a76a server_cookie=0 in_seq=0 out_seq=0
2024-02-20T07:51:16.469 INFO:teuthology.orchestra.run.smithi055.stdout:/usr/bin/ceph: stderr
2024-02-20T07:51:15.665+0000 7fc547fff700 1 -- 172.21.15.55:0/1249537228 <== mon.0 v2:172.21.15.55:3300/0 1 ==== mon_map magic: 0 v1 ==== 229+0+0 (secure 0 0 0) 0x7fc54c00b860 con 0x7fc550102770
2024-02-20T07:51:16.469 INFO:teuthology.orchestra.run.smithi055.stdout:/usr/bin/ceph: stderr
2024-02-20T07:51:15.665+0000 7fc547fff700 1 -- 172.21.15.55:0/1249537228 <== mon.0 v2:172.21.15.55:3300/0 2 ==== config(27 keys) v1 ==== 1109+0+0 (secure 0 0 0) 0x7fc54c00be90 con 0x7fc550102770
2024-02-20T07:51:16.469 INFO:teuthology.orchestra.run.smithi055.stdout:/usr/bin/ceph: stderr
2024-02-20T07:51:15.665+0000 7fc547fff700 1 -- 172.21.15.55:0/1249537228 <== mon.0 v2:172.21.15.55:3300/0 3 ==== mon_map magic: 0 v1 ==== 229+0+0 (secure 0 0 0) 0x7fc54c0103c0 con 0x7fc550102770
2024-02-20T07:51:16.470 INFO:teuthology.orchestra.run.smithi055.stdout:/usr/bin/ceph: stderr
2024-02-20T07:51:15.665+0000 7fc5578c5700 1 -- 172.21.15.55:0/1249537228 >> [v2:172.21.15.55:3300/0,v1:172.21.15.55:6789/0] conn(0x7fc550102770 msgr2=0x7fc550102b80 secure :-1 s=STATE_CONNECTION_ESTABLISHED l=1).mark_down
2024-02-20T07:51:16.470 INFO:teuthology.orchestra.run.smithi055.stdout:/usr/bin/ceph: stderr
2024-02-20T07:51:15.665+0000 7fc5578c5700 1 --2- 172.21.15.55:0/1249537228 >> [v2:172.21.15.55:3300/0,v1:172.21.15.55:6789/0] conn(0x7fc550102770 0x7fc550102b80 secure :-1 s=READY pgs=61 cs=0 l=1 rev1=1 crypto rx=0x7fc54c0098e0 tx=0x7fc54c009250 comp rx=0 tx=0).stop
2024-02-20T07:51:16.470 INFO:teuthology.orchestra.run.smithi055.stdout:/usr/bin/ceph: stderr
2024-02-20T07:51:15.665+0000 7fc5578c5700 1 -- 172.21.15.55:0/1249537228 shutdown_connections
2024-02-20T07:51:16.470 INFO:teuthology.orchestra.run.smithi055.stdout:/usr/bin/ceph: stderr
2024-02-20T07:51:15.665+0000 7fc5578c5700 1 --2- 172.21.15.55:0/1249537228 >> [v2:172.21.15.55:3300/0,v1:172.21.15.55:6789/0] conn(0x7fc550102770 0x7fc550102b80 unknown :-1 s=CLOSED pgs=61 cs=0 l=1 rev1=1 crypto rx=0 tx=0 comp rx=0 tx=0).stop
2024-02-20T07:51:16.470 INFO:teuthology.orchestra.run.smithi055.stdout:/usr/bin/ceph: stderr
2024-02-20T07:51:15.665+0000 7fc5578c5700 1 -- 172.21.15.55:0/1249537228 >> 172.21.15.55:0/1249537228 conn(0x7fc5500fded0 msgr2=0x7fc550100300 unknown :-1 s=STATE_NONE l=0).mark_down
2024-02-20T07:51:16.470 INFO:teuthology.orchestra.run.smithi055.stdout:/usr/bin/ceph: stderr
2024-02-20T07:51:15.665+0000 7fc5578c5700 1 -- 172.21.15.55:0/1249537228 shutdown_connections
2024-02-20T07:51:16.470 INFO:teuthology.orchestra.run.smithi055.stdout:/usr/bin/ceph: stderr
2024-02-20T07:51:15.665+0000 7fc5578c5700 1 -- 172.21.15.55:0/1249537228 wait complete.
2024-02-20T07:51:16.470 INFO:teuthology.orchestra.run.smithi055.stdout:/usr/bin/ceph: stderr
2024-02-20T07:51:15.666+0000 7fc5578c5700 1 Processor -- start
2024-02-20T07:51:16.470 INFO:teuthology.orchestra.run.smithi055.stdout:/usr/bin/ceph: stderr
2024-02-20T07:51:15.666+0000 7fc5578c5700 1 -- start start
2024-02-20T07:51:16.470 INFO:teuthology.orchestra.run.smithi055.stdout:/usr/bin/ceph: stderr
2024-02-20T07:51:15.666+0000 7fc5578c5700 1 --2- >> [v2:172.21.15.55:3300/0,v1:172.21.15.55:6789/0] conn(0x7fc550102770 0x7fc550078d10 unknown :-1 s=NONE pgs=0 cs=0 l=1 rev1=0 crypto rx=0 tx=0 comp rx=0 tx=0).connect
2024-02-20T07:51:16.470 INFO:teuthology.orchestra.run.smithi055.stdout:/usr/bin/ceph: stderr
2024-02-20T07:51:15.666+0000 7fc5578c5700 1 -- --> [v2:172.21.15.55:3300/0,v1:172.21.15.55:6789/0] -- mon_getmap magic: 0 v1 -- 0x7fc550077190 con 0x7fc550102770
2024-02-20T07:51:16.470 INFO:teuthology.orchestra.run.smithi055.stdout:/usr/bin/ceph: stderr
2024-02-20T07:51:15.666+0000 7fc555661700 1 --2- >> [v2:172.21.15.55:3300/0,v1:172.21.15.55:6789/0] conn(0x7fc550102770 0x7fc550078d10 unknown :-1 s=BANNER_CONNECTING pgs=0 cs=0 l=1 rev1=0 crypto rx=0 tx=0 comp rx=0 tx=0)._handle_peer_banner_payload supported=3 required=0
2024-02-20T07:51:16.470 INFO:teuthology.orchestra.run.smithi055.stdout:/usr/bin/ceph: stderr
2024-02-20T07:51:15.666+0000 7fc555661700 1 --2- >> [v2:172.21.15.55:3300/0,v1:172.21.15.55:6789/0] conn(0x7fc550102770 0x7fc550078d10 unknown :-1 s=HELLO_CONNECTING pgs=0 cs=0 l=1 rev1=1 crypto rx=0 tx=0 comp rx=0 tx=0).handle_hello peer v2:172.21.15.55:3300/0 says I am v2:172.21.15.55:50698/0 (socket says 172.21.15.55:50698)
2024-02-20T07:51:16.470 INFO:teuthology.orchestra.run.smithi055.stdout:/usr/bin/ceph: stderr
2024-02-20T07:51:15.666+0000 7fc555661700 1 -- 172.21.15.55:0/2532214336 learned_addr learned my addr 172.21.15.55:0/2532214336 (peer_addr_for_me v2:172.21.15.55:0/0)
2024-02-20T07:51:16.471 INFO:teuthology.orchestra.run.smithi055.stdout:/usr/bin/ceph: stderr
2024-02-20T07:51:15.666+0000 7fc555661700 1 -- 172.21.15.55:0/2532214336 --> [v2:172.21.15.55:3300/0,v1:172.21.15.55:6789/0] -- mon_subscribe({config=0+,monmap=0+}) v3 -- 0x7fc54c0094f0 con 0x7fc550102770
2024-02-20T07:51:16.471 INFO:teuthology.orchestra.run.smithi055.stdout:/usr/bin/ceph: stderr
2024-02-20T07:51:15.666+0000 7fc555661700 1 --2- 172.21.15.55:0/2532214336 >> [v2:172.21.15.55:3300/0,v1:172.21.15.55:6789/0] conn(0x7fc550102770 0x7fc550078d10 secure :-1 s=READY pgs=62 cs=0 l=1 rev1=1 crypto rx=0x7fc54c0090b0 tx=0x7fc54c009250 comp rx=0 tx=0).ready entity=mon.0 client_cookie=0 server_cookie=0 in_seq=0 out_seq=0
2024-02-20T07:51:16.471 INFO:teuthology.orchestra.run.smithi055.stdout:/usr/bin/ceph: stderr
2024-02-20T07:51:15.667+0000 7fc545ffb700 1 -- 172.21.15.55:0/2532214336 <== mon.0 v2:172.21.15.55:3300/0 1 ==== mon_map magic: 0 v1 ==== 229+0+0 (secure 0 0 0) 0x7fc54c010840 con 0x7fc550102770
2024-02-20T07:51:16.471 INFO:teuthology.orchestra.run.smithi055.stdout:/usr/bin/ceph: stderr
2024-02-20T07:51:15.667+0000 7fc545ffb700 1 -- 172.21.15.55:0/2532214336 <== mon.0 v2:172.21.15.55:3300/0 2 ==== config(27 keys) v1 ==== 1109+0+0 (secure 0 0 0) 0x7fc54c010e70 con 0x7fc550102770
2024-02-20T07:51:16.471 INFO:teuthology.orchestra.run.smithi055.stdout:/usr/bin/ceph: stderr
2024-02-20T07:51:15.667+0000 7fc5578c5700 1 -- 172.21.15.55:0/2532214336 --> [v2:172.21.15.55:3300/0,v1:172.21.15.55:6789/0] -- mon_subscribe({mgrmap=0+}) v3 -- 0x7fc550077390 con 0x7fc550102770
2024-02-20T07:51:16.471 INFO:teuthology.orchestra.run.smithi055.stdout:/usr/bin/ceph: stderr
2024-02-20T07:51:15.667+0000 7fc545ffb700 1 -- 172.21.15.55:0/2532214336 <== mon.0 v2:172.21.15.55:3300/0 3 ==== mon_map magic: 0 v1 ==== 229+0+0 (secure 0 0 0) 0x7fc54c024e40 con 0x7fc550102770
2024-02-20T07:51:16.471 INFO:teuthology.orchestra.run.smithi055.stdout:/usr/bin/ceph: stderr
2024-02-20T07:51:15.667+0000 7fc5578c5700 1 -- 172.21.15.55:0/2532214336 --> [v2:172.21.15.55:3300/0,v1:172.21.15.55:6789/0] -- mon_subscribe({osdmap=0}) v3 -- 0x7fc550077820 con 0x7fc550102770
2024-02-20T07:51:16.471 INFO:teuthology.orchestra.run.smithi055.stdout:/usr/bin/ceph: stderr
2024-02-20T07:51:15.668+0000 7fc545ffb700 1 -- 172.21.15.55:0/2532214336 <== mon.0 v2:172.21.15.55:3300/0 4 ==== mgrmap(e 8) v1 ==== 43368+0+0 (secure 0 0 0) 0x7fc54c01a4e0 con 0x7fc550102770
2024-02-20T07:51:16.471 INFO:teuthology.orchestra.run.smithi055.stdout:/usr/bin/ceph: stderr
2024-02-20T07:51:15.668+0000 7fc5578c5700 1 -- 172.21.15.55:0/2532214336 --> [v2:172.21.15.55:3300/0,v1:172.21.15.55:6789/0] -- mon_command({"prefix": "get_command_descriptions"} v 0) v1 -- 0x7fc55004bed0 con 0x7fc550102770
2024-02-20T07:51:16.471 INFO:teuthology.orchestra.run.smithi055.stdout:/usr/bin/ceph: stderr
2024-02-20T07:51:15.668+0000 7fc545ffb700 1 --2- 172.21.15.55:0/2532214336 >> [v2:172.21.15.55:6800/4027903862,v1:172.21.15.55:6801/4027903862] conn(0x7fc53c036790 0x7fc53c038c40 unknown :-1 s=NONE pgs=0 cs=0 l=1 rev1=0 crypto rx=0 tx=0 comp rx=0 tx=0).connect
2024-02-20T07:51:16.471 INFO:teuthology.orchestra.run.smithi055.stdout:/usr/bin/ceph: stderr
2024-02-20T07:51:15.668+0000 7fc545ffb700 1 -- 172.21.15.55:0/2532214336 <== mon.0 v2:172.21.15.55:3300/0 5 ==== osd_map(2..2 src has 1..2) v4 ==== 936+0+0 (secure 0 0 0) 0x7fc54c04a8a0 con 0x7fc550102770
2024-02-20T07:51:16.471 INFO:teuthology.orchestra.run.smithi055.stdout:/usr/bin/ceph: stderr
2024-02-20T07:51:15.668+0000 7fc554e60700 1 --2- 172.21.15.55:0/2532214336 >> [v2:172.21.15.55:6800/4027903862,v1:172.21.15.55:6801/4027903862] conn(0x7fc53c036790 0x7fc53c038c40 unknown :-1 s=BANNER_CONNECTING pgs=0 cs=0 l=1 rev1=0 crypto rx=0 tx=0 comp rx=0 tx=0)._handle_peer_banner_payload supported=3 required=0
2024-02-20T07:51:16.471 INFO:teuthology.orchestra.run.smithi055.stdout:/usr/bin/ceph: stderr
2024-02-20T07:51:15.668+0000 7fc554e60700 1 --2- 172.21.15.55:0/2532214336 >> [v2:172.21.15.55:6800/4027903862,v1:172.21.15.55:6801/4027903862] conn(0x7fc53c036790 0x7fc53c038c40 secure :-1 s=READY pgs=20 cs=0 l=1 rev1=1 crypto rx=0x7fc540009990 tx=0x7fc540006e40 comp rx=0 tx=0).ready entity=mgr.14118 client_cookie=0 server_cookie=0 in_seq=0 out_seq=0
2024-02-20T07:51:16.471 INFO:teuthology.orchestra.run.smithi055.stdout:/usr/bin/ceph: stderr
2024-02-20T07:51:15.672+0000 7fc545ffb700 1 -- 172.21.15.55:0/2532214336 <== mon.0 v2:172.21.15.55:3300/0 6 ==== mon_command_ack([{"prefix": "get_command_descriptions"}]=0 v0) v1 ==== 72+0+175031 (secure 0 0 0) 0x7fc54c0109a0 con 0x7fc550102770
2024-02-20T07:51:16.472 INFO:teuthology.orchestra.run.smithi055.stdout:/usr/bin/ceph: stderr
2024-02-20T07:51:15.864+0000 7fc5578c5700 1 -- 172.21.15.55:0/2532214336 --> [v2:172.21.15.55:3300/0,v1:172.21.15.55:6789/0] -- mon_command([{prefix=config set, name=mgr/dashboard/ssl_server_port}] v 0) v1 -- 0x7fc550077d60 con 0x7fc550102770
2024-02-20T07:51:16.472 INFO:teuthology.orchestra.run.smithi055.stdout:/usr/bin/ceph: stderr
2024-02-20T07:51:15.869+0000 7fc545ffb700 1 -- 172.21.15.55:0/2532214336 <== mon.0 v2:172.21.15.55:3300/0 7 ==== mon_command_ack([{prefix=config set, name=mgr/dashboard/ssl_server_port}]=0 v8)=0 v8) v1 ==== 130+0+0 (secure 0 0 0) 0x7fc54c018350 con 0x7fc550102770
2024-02-20T07:51:16.472 INFO:teuthology.orchestra.run.smithi055.stdout:/usr/bin/ceph: stderr
2024-02-20T07:51:15.871+0000 7fc5578c5700 1 -- 172.21.15.55:0/2532214336 >> [v2:172.21.15.55:6800/4027903862,v1:172.21.15.55:6801/4027903862] conn(0x7fc53c036790 msgr2=0x7fc53c038c40 secure :-1 s=STATE_CONNECTION_ESTABLISHED l=1).mark_down
2024-02-20T07:51:16.472 INFO:teuthology.orchestra.run.smithi055.stdout:/usr/bin/ceph: stderr
2024-02-20T07:51:15.871+0000 7fc5578c5700 1 --2- 172.21.15.55:0/2532214336 >> [v2:172.21.15.55:6800/4027903862,v1:172.21.15.55:6801/4027903862] conn(0x7fc53c036790 0x7fc53c038c40 secure :-1 s=READY pgs=20 cs=0 l=1 rev1=1 crypto rx=0x7fc540009990 tx=0x7fc540006e40 comp rx=0 tx=0).stop
2024-02-20T07:51:16.472 INFO:teuthology.orchestra.run.smithi055.stdout:/usr/bin/ceph: stderr
2024-02-20T07:51:15.871+0000 7fc5578c5700 1 -- 172.21.15.55:0/2532214336 >> [v2:172.21.15.55:3300/0,v1:172.21.15.55:6789/0] conn(0x7fc550102770 msgr2=0x7fc550078d10 secure :-1 s=STATE_CONNECTION_ESTABLISHED l=1).mark_down
2024-02-20T07:51:16.472 INFO:teuthology.orchestra.run.smithi055.stdout:/usr/bin/ceph: stderr
2024-02-20T07:51:15.871+0000 7fc5578c5700 1 --2- 172.21.15.55:0/2532214336 >> [v2:172.21.15.55:3300/0,v1:172.21.15.55:6789/0] conn(0x7fc550102770 0x7fc550078d10 secure :-1 s=READY pgs=62 cs=0 l=1 rev1=1 crypto rx=0x7fc54c0090b0 tx=0x7fc54c009250 comp rx=0 tx=0).stop
2024-02-20T07:51:16.472 INFO:teuthology.orchestra.run.smithi055.stdout:/usr/bin/ceph: stderr
2024-02-20T07:51:15.871+0000 7fc5578c5700 1 -- 172.21.15.55:0/2532214336 shutdown_connections
2024-02-20T07:51:16.472 INFO:teuthology.orchestra.run.smithi055.stdout:/usr/bin/ceph: stderr
2024-02-20T07:51:15.871+0000 7fc5578c5700 1 --2- 172.21.15.55:0/2532214336 >> [v2:172.21.15.55:6800/4027903862,v1:172.21.15.55:6801/4027903862] conn(0x7fc53c036790 0x7fc53c038c40 unknown :-1 s=CLOSED pgs=20 cs=0 l=1 rev1=1 crypto rx=0 tx=0 comp rx=0 tx=0).stop
2024-02-20T07:51:16.472 INFO:teuthology.orchestra.run.smithi055.stdout:/usr/bin/ceph: stderr
2024-02-20T07:51:15.871+0000 7fc5578c5700 1 --2- 172.21.15.55:0/2532214336 >> [v2:172.21.15.55:3300/0,v1:172.21.15.55:6789/0] conn(0x7fc550102770 0x7fc550078d10 unknown :-1 s=CLOSED pgs=62 cs=0 l=1 rev1=1 crypto rx=0 tx=0 comp rx=0 tx=0).stop
2024-02-20T07:51:16.472 INFO:teuthology.orchestra.run.smithi055.stdout:/usr/bin/ceph: stderr
2024-02-20T07:51:15.871+0000 7fc5578c5700 1 -- 172.21.15.55:0/2532214336 >> 172.21.15.55:0/2532214336 conn(0x7fc5500fded0 msgr2=0x7fc5500ff5b0 unknown :-1 s=STATE_NONE l=0).mark_down
2024-02-20T07:51:16.472 INFO:teuthology.orchestra.run.smithi055.stdout:/usr/bin/ceph: stderr
2024-02-20T07:51:15.871+0000 7fc5578c5700 1 -- 172.21.15.55:0/2532214336 shutdown_connections
2024-02-20T07:51:16.472 INFO:teuthology.orchestra.run.smithi055.stdout:/usr/bin/ceph: stderr
2024-02-20T07:51:15.871+0000 7fc5578c5700 1 -- 172.21.15.55:0/2532214336 wait complete.
2024-02-20T07:51:16.472 INFO:teuthology.orchestra.run.smithi055.stdout:Enabling the dashboard module...
2024-02-20T07:51:17.124 INFO:journalctl@ceph.mon.smithi055.smithi055.stdout:Feb 20 07:51:16 smithi055 ceph-mon[29254]: pgmap v4: 0 pgs: ; 0 B data, 0 B used, 0 B / 0 B avail
2024-02-20T07:51:17.125 INFO:journalctl@ceph.mon.smithi055.smithi055.stdout:Feb 20 07:51:16 smithi055 ceph-mon[29254]: from='client.? 172.21.15.55:0/2532214336' entity='client.admin'
2024-02-20T07:51:18.203 INFO:journalctl@ceph.mon.smithi055.smithi055.stdout:Feb 20 07:51:17 smithi055 ceph-mon[29254]: from='client.? 172.21.15.55:0/2539372634' entity='client.admin' cmd=[{"prefix": "mgr module enable", "module": "dashboard"}]: dispatch
2024-02-20T07:51:18.467 INFO:teuthology.orchestra.run.smithi055.stdout:/usr/bin/ceph: stderr
2024-02-20T07:51:16.867+0000 7fb77d52b700 1 Processor -- start
2024-02-20T07:51:18.467 INFO:teuthology.orchestra.run.smithi055.stdout:/usr/bin/ceph: stderr
2024-02-20T07:51:16.867+0000 7fb77d52b700 1 -- start start
2024-02-20T07:51:18.467 INFO:teuthology.orchestra.run.smithi055.stdout:/usr/bin/ceph: stderr
2024-02-20T07:51:16.867+0000 7fb77d52b700 1 --2- >> [v2:172.21.15.55:3300/0,v1:172.21.15.55:6789/0] conn(0x7fb778102770 0x7fb778102b80 unknown :-1 s=NONE pgs=0 cs=0 l=0 rev1=0 crypto rx=0 tx=0 comp rx=0 tx=0).connect
2024-02-20T07:51:18.467 INFO:teuthology.orchestra.run.smithi055.stdout:/usr/bin/ceph: stderr
2024-02-20T07:51:16.867+0000 7fb77d52b700 1 -- --> [v2:172.21.15.55:3300/0,v1:172.21.15.55:6789/0] -- mon_getmap magic: 0 v1 -- 0x7fb7781030c0 con 0x7fb778102770
2024-02-20T07:51:18.467 INFO:teuthology.orchestra.run.smithi055.stdout:/usr/bin/ceph: stderr
2024-02-20T07:51:16.867+0000 7fb776ffd700 1 --2- >> [v2:172.21.15.55:3300/0,v1:172.21.15.55:6789/0] conn(0x7fb778102770 0x7fb778102b80 unknown :-1 s=BANNER_CONNECTING pgs=0 cs=0 l=0 rev1=0 crypto rx=0 tx=0 comp rx=0 tx=0)._handle_peer_banner_payload supported=3 required=0
2024-02-20T07:51:18.467 INFO:teuthology.orchestra.run.smithi055.stdout:/usr/bin/ceph: stderr
2024-02-20T07:51:16.867+0000 7fb776ffd700 1 --2- >> [v2:172.21.15.55:3300/0,v1:172.21.15.55:6789/0] conn(0x7fb778102770 0x7fb778102b80 unknown :-1 s=HELLO_CONNECTING pgs=0 cs=0 l=0 rev1=1 crypto rx=0 tx=0 comp rx=0 tx=0).handle_hello peer v2:172.21.15.55:3300/0 says I am v2:172.21.15.55:50708/0 (socket says 172.21.15.55:50708)
2024-02-20T07:51:18.467 INFO:teuthology.orchestra.run.smithi055.stdout:/usr/bin/ceph: stderr
2024-02-20T07:51:16.867+0000 7fb776ffd700 1 -- 172.21.15.55:0/3177419395 learned_addr learned my addr 172.21.15.55:0/3177419395 (peer_addr_for_me v2:172.21.15.55:0/0)
2024-02-20T07:51:18.467 INFO:teuthology.orchestra.run.smithi055.stdout:/usr/bin/ceph: stderr
2024-02-20T07:51:16.867+0000 7fb776ffd700 1 -- 172.21.15.55:0/3177419395 --> [v2:172.21.15.55:3300/0,v1:172.21.15.55:6789/0] -- mon_subscribe({config=0+,monmap=0+}) v3 -- 0x7fb778103200 con 0x7fb778102770
2024-02-20T07:51:18.467 INFO:teuthology.orchestra.run.smithi055.stdout:/usr/bin/ceph: stderr
2024-02-20T07:51:16.868+0000 7fb776ffd700 1 --2- 172.21.15.55:0/3177419395 >> [v2:172.21.15.55:3300/0,v1:172.21.15.55:6789/0] conn(0x7fb778102770 0x7fb778102b80 secure :-1 s=READY pgs=63 cs=0 l=1 rev1=1 crypto rx=0x7fb7680098e0 tx=0x7fb768009250 comp rx=0 tx=0).ready entity=mon.0 client_cookie=b0b9acbf9914b052 server_cookie=0 in_seq=0 out_seq=0
2024-02-20T07:51:18.467 INFO:teuthology.orchestra.run.smithi055.stdout:/usr/bin/ceph: stderr
2024-02-20T07:51:16.868+0000 7fb775ffb700 1 -- 172.21.15.55:0/3177419395 <== mon.0 v2:172.21.15.55:3300/0 1 ==== mon_map magic: 0 v1 ==== 229+0+0 (secure 0 0 0) 0x7fb76800b860 con 0x7fb778102770
2024-02-20T07:51:18.467 INFO:teuthology.orchestra.run.smithi055.stdout:/usr/bin/ceph: stderr
2024-02-20T07:51:16.868+0000 7fb775ffb700 1 -- 172.21.15.55:0/3177419395 <== mon.0 v2:172.21.15.55:3300/0 2 ==== config(27 keys) v1 ==== 1109+0+0 (secure 0 0 0) 0x7fb76800be90 con 0x7fb778102770
2024-02-20T07:51:18.467 INFO:teuthology.orchestra.run.smithi055.stdout:/usr/bin/ceph: stderr
2024-02-20T07:51:16.868+0000 7fb775ffb700 1 -- 172.21.15.55:0/3177419395 <== mon.0 v2:172.21.15.55:3300/0 3 ==== mon_map magic: 0 v1 ==== 229+0+0 (secure 0 0 0) 0x7fb7680103c0 con 0x7fb778102770
2024-02-20T07:51:18.468 INFO:teuthology.orchestra.run.smithi055.stdout:/usr/bin/ceph: stderr
2024-02-20T07:51:16.868+0000 7fb77d52b700 1 -- 172.21.15.55:0/3177419395 >> [v2:172.21.15.55:3300/0,v1:172.21.15.55:6789/0] conn(0x7fb778102770 msgr2=0x7fb778102b80 secure :-1 s=STATE_CONNECTION_ESTABLISHED l=1).mark_down
2024-02-20T07:51:18.468 INFO:teuthology.orchestra.run.smithi055.stdout:/usr/bin/ceph: stderr
2024-02-20T07:51:16.868+0000 7fb77d52b700 1 --2- 172.21.15.55:0/3177419395 >> [v2:172.21.15.55:3300/0,v1:172.21.15.55:6789/0] conn(0x7fb778102770 0x7fb778102b80 secure :-1 s=READY pgs=63 cs=0 l=1 rev1=1 crypto rx=0x7fb7680098e0 tx=0x7fb768009250 comp rx=0 tx=0).stop
2024-02-20T07:51:18.468 INFO:teuthology.orchestra.run.smithi055.stdout:/usr/bin/ceph: stderr
2024-02-20T07:51:16.868+0000 7fb77d52b700 1 -- 172.21.15.55:0/3177419395 shutdown_connections
2024-02-20T07:51:18.468 INFO:teuthology.orchestra.run.smithi055.stdout:/usr/bin/ceph: stderr
2024-02-20T07:51:16.868+0000 7fb77d52b700 1 --2- 172.21.15.55:0/3177419395 >> [v2:172.21.15.55:3300/0,v1:172.21.15.55:6789/0] conn(0x7fb778102770 0x7fb778102b80 unknown :-1 s=CLOSED pgs=63 cs=0 l=1 rev1=1 crypto rx=0 tx=0 comp rx=0 tx=0).stop
2024-02-20T07:51:18.468 INFO:teuthology.orchestra.run.smithi055.stdout:/usr/bin/ceph: stderr
2024-02-20T07:51:16.868+0000 7fb77d52b700 1 -- 172.21.15.55:0/3177419395 >> 172.21.15.55:0/3177419395 conn(0x7fb7780fded0 msgr2=0x7fb778100300 unknown :-1 s=STATE_NONE l=0).mark_down
2024-02-20T07:51:18.468 INFO:teuthology.orchestra.run.smithi055.stdout:/usr/bin/ceph: stderr
2024-02-20T07:51:16.869+0000 7fb77d52b700 1 -- 172.21.15.55:0/3177419395 shutdown_connections
2024-02-20T07:51:18.468 INFO:teuthology.orchestra.run.smithi055.stdout:/usr/bin/ceph: stderr
2024-02-20T07:51:16.869+0000 7fb77d52b700 1 -- 172.21.15.55:0/3177419395 wait complete.
2024-02-20T07:51:18.468 INFO:teuthology.orchestra.run.smithi055.stdout:/usr/bin/ceph: stderr
2024-02-20T07:51:16.869+0000 7fb77d52b700 1 Processor -- start
2024-02-20T07:51:18.468 INFO:teuthology.orchestra.run.smithi055.stdout:/usr/bin/ceph: stderr
2024-02-20T07:51:16.869+0000 7fb77d52b700 1 -- start start
2024-02-20T07:51:18.468 INFO:teuthology.orchestra.run.smithi055.stdout:/usr/bin/ceph: stderr
2024-02-20T07:51:16.869+0000 7fb77d52b700 1 --2- >> [v2:172.21.15.55:3300/0,v1:172.21.15.55:6789/0] conn(0x7fb778102770 0x7fb7781115c0 unknown :-1 s=NONE pgs=0 cs=0 l=1 rev1=0 crypto rx=0 tx=0 comp rx=0 tx=0).connect
2024-02-20T07:51:18.468 INFO:teuthology.orchestra.run.smithi055.stdout:/usr/bin/ceph: stderr
2024-02-20T07:51:16.869+0000 7fb77d52b700 1 -- --> [v2:172.21.15.55:3300/0,v1:172.21.15.55:6789/0] -- mon_getmap magic: 0 v1 -- 0x7fb778111b00 con 0x7fb778102770
2024-02-20T07:51:18.468 INFO:teuthology.orchestra.run.smithi055.stdout:/usr/bin/ceph: stderr
2024-02-20T07:51:16.870+0000 7fb776ffd700 1 --2- >> [v2:172.21.15.55:3300/0,v1:172.21.15.55:6789/0] conn(0x7fb778102770 0x7fb7781115c0 unknown :-1 s=BANNER_CONNECTING pgs=0 cs=0 l=1 rev1=0 crypto rx=0 tx=0 comp rx=0 tx=0)._handle_peer_banner_payload supported=3 required=0
2024-02-20T07:51:18.468 INFO:teuthology.orchestra.run.smithi055.stdout:/usr/bin/ceph: stderr
2024-02-20T07:51:16.870+0000 7fb776ffd700 1 --2- >> [v2:172.21.15.55:3300/0,v1:172.21.15.55:6789/0] conn(0x7fb778102770 0x7fb7781115c0 unknown :-1 s=HELLO_CONNECTING pgs=0 cs=0 l=1 rev1=1 crypto rx=0 tx=0 comp rx=0 tx=0).handle_hello peer v2:172.21.15.55:3300/0 says I am v2:172.21.15.55:50718/0 (socket says 172.21.15.55:50718)
2024-02-20T07:51:18.469 INFO:teuthology.orchestra.run.smithi055.stdout:/usr/bin/ceph: stderr
2024-02-20T07:51:16.870+0000 7fb776ffd700 1 -- 172.21.15.55:0/2539372634 learned_addr learned my addr 172.21.15.55:0/2539372634 (peer_addr_for_me v2:172.21.15.55:0/0)
2024-02-20T07:51:18.469 INFO:teuthology.orchestra.run.smithi055.stdout:/usr/bin/ceph: stderr
2024-02-20T07:51:16.870+0000 7fb776ffd700 1 -- 172.21.15.55:0/2539372634 --> [v2:172.21.15.55:3300/0,v1:172.21.15.55:6789/0] -- mon_subscribe({config=0+,monmap=0+}) v3 -- 0x7fb7680094f0 con 0x7fb778102770
2024-02-20T07:51:18.469 INFO:teuthology.orchestra.run.smithi055.stdout:/usr/bin/ceph: stderr
2024-02-20T07:51:16.870+0000 7fb776ffd700 1 --2- 172.21.15.55:0/2539372634 >> [v2:172.21.15.55:3300/0,v1:172.21.15.55:6789/0] conn(0x7fb778102770 0x7fb7781115c0 secure :-1 s=READY pgs=64 cs=0 l=1 rev1=1 crypto rx=0x7fb7680090b0 tx=0x7fb768009250 comp rx=0 tx=0).ready entity=mon.0 client_cookie=0 server_cookie=0 in_seq=0 out_seq=0
2024-02-20T07:51:18.469 INFO:teuthology.orchestra.run.smithi055.stdout:/usr/bin/ceph: stderr
2024-02-20T07:51:16.871+0000 7fb75f7fe700 1 -- 172.21.15.55:0/2539372634 <== mon.0 v2:172.21.15.55:3300/0 1 ==== mon_map magic: 0 v1 ==== 229+0+0 (secure 0 0 0) 0x7fb768010840 con 0x7fb778102770
2024-02-20T07:51:18.469 INFO:teuthology.orchestra.run.smithi055.stdout:/usr/bin/ceph: stderr
2024-02-20T07:51:16.871+0000 7fb77d52b700 1 -- 172.21.15.55:0/2539372634 --> [v2:172.21.15.55:3300/0,v1:172.21.15.55:6789/0] -- mon_subscribe({mgrmap=0+}) v3 -- 0x7fb778111d00 con 0x7fb778102770
2024-02-20T07:51:18.469 INFO:teuthology.orchestra.run.smithi055.stdout:/usr/bin/ceph: stderr
2024-02-20T07:51:16.871+0000 7fb75f7fe700 1 -- 172.21.15.55:0/2539372634 <== mon.0 v2:172.21.15.55:3300/0 2 ==== config(27 keys) v1 ==== 1109+0+0 (secure 0 0 0) 0x7fb768010e70 con 0x7fb778102770
2024-02-20T07:51:18.469 INFO:teuthology.orchestra.run.smithi055.stdout:/usr/bin/ceph: stderr
2024-02-20T07:51:16.871+0000 7fb75f7fe700 1 -- 172.21.15.55:0/2539372634 <== mon.0 v2:172.21.15.55:3300/0 3 ==== mon_map magic: 0 v1 ==== 229+0+0 (secure 0 0 0) 0x7fb768024e40 con 0x7fb778102770
2024-02-20T07:51:18.469 INFO:teuthology.orchestra.run.smithi055.stdout:/usr/bin/ceph: stderr
2024-02-20T07:51:16.871+0000 7fb77d52b700 1 -- 172.21.15.55:0/2539372634 --> [v2:172.21.15.55:3300/0,v1:172.21.15.55:6789/0] -- mon_subscribe({osdmap=0}) v3 -- 0x7fb7781129a0 con 0x7fb778102770
2024-02-20T07:51:18.469 INFO:teuthology.orchestra.run.smithi055.stdout:/usr/bin/ceph: stderr
2024-02-20T07:51:16.872+0000 7fb75f7fe700 1 -- 172.21.15.55:0/2539372634 <== mon.0 v2:172.21.15.55:3300/0 4 ==== mgrmap(e 8) v1 ==== 43368+0+0 (secure 0 0 0) 0x7fb76801a510 con 0x7fb778102770
2024-02-20T07:51:18.469 INFO:teuthology.orchestra.run.smithi055.stdout:/usr/bin/ceph: stderr
2024-02-20T07:51:16.872+0000 7fb75f7fe700 1 --2- 172.21.15.55:0/2539372634 >> [v2:172.21.15.55:6800/4027903862,v1:172.21.15.55:6801/4027903862] conn(0x7fb760036740 0x7fb760038bf0 unknown :-1 s=NONE pgs=0 cs=0 l=1 rev1=0 crypto rx=0 tx=0 comp rx=0 tx=0).connect
2024-02-20T07:51:18.469 INFO:teuthology.orchestra.run.smithi055.stdout:/usr/bin/ceph: stderr
2024-02-20T07:51:16.872+0000 7fb77d52b700 1 -- 172.21.15.55:0/2539372634 --> [v2:172.21.15.55:3300/0,v1:172.21.15.55:6789/0] -- mon_command({"prefix": "get_command_descriptions"} v 0) v1 -- 0x7fb77805f5c0 con 0x7fb778102770
2024-02-20T07:51:18.470 INFO:teuthology.orchestra.run.smithi055.stdout:/usr/bin/ceph: stderr
2024-02-20T07:51:16.872+0000 7fb75f7fe700 1 -- 172.21.15.55:0/2539372634 <== mon.0 v2:172.21.15.55:3300/0 5 ==== osd_map(2..2 src has 1..2) v4 ==== 936+0+0 (secure 0 0 0) 0x7fb76804a7e0 con 0x7fb778102770
2024-02-20T07:51:18.470 INFO:teuthology.orchestra.run.smithi055.stdout:/usr/bin/ceph: stderr
2024-02-20T07:51:16.872+0000 7fb7767fc700 1 --2- 172.21.15.55:0/2539372634 >> [v2:172.21.15.55:6800/4027903862,v1:172.21.15.55:6801/4027903862] conn(0x7fb760036740 0x7fb760038bf0 unknown :-1 s=BANNER_CONNECTING pgs=0 cs=0 l=1 rev1=0 crypto rx=0 tx=0 comp rx=0 tx=0)._handle_peer_banner_payload supported=3 required=0
2024-02-20T07:51:18.470 INFO:teuthology.orchestra.run.smithi055.stdout:/usr/bin/ceph: stderr
2024-02-20T07:51:16.872+0000 7fb7767fc700 1 --2- 172.21.15.55:0/2539372634 >> [v2:172.21.15.55:6800/4027903862,v1:172.21.15.55:6801/4027903862] conn(0x7fb760036740 0x7fb760038bf0 secure :-1 s=READY pgs=21 cs=0 l=1 rev1=1 crypto rx=0x7fb76c009990 tx=0x7fb76c006e40 comp rx=0 tx=0).ready entity=mgr.14118 client_cookie=0 server_cookie=0 in_seq=0 out_seq=0
2024-02-20T07:51:18.470 INFO:teuthology.orchestra.run.smithi055.stdout:/usr/bin/ceph: stderr
2024-02-20T07:51:16.877+0000 7fb75f7fe700 1 -- 172.21.15.55:0/2539372634 <== mon.0 v2:172.21.15.55:3300/0 6 ==== mon_command_ack([{"prefix": "get_command_descriptions"}]=0 v0) v1 ==== 72+0+175031 (secure 0 0 0) 0x7fb76802e440 con 0x7fb778102770
2024-02-20T07:51:18.470 INFO:teuthology.orchestra.run.smithi055.stdout:/usr/bin/ceph: stderr
2024-02-20T07:51:17.123+0000 7fb77d52b700 1 -- 172.21.15.55:0/2539372634 --> [v2:172.21.15.55:3300/0,v1:172.21.15.55:6789/0] -- mon_command({"prefix": "mgr module enable", "module": "dashboard"} v 0) v1 -- 0x7fb77804bed0 con 0x7fb778102770
2024-02-20T07:51:18.470 INFO:teuthology.orchestra.run.smithi055.stdout:/usr/bin/ceph: stderr
2024-02-20T07:51:17.878+0000 7fb75f7fe700 1 -- 172.21.15.55:0/2539372634 <== mon.0 v2:172.21.15.55:3300/0 7 ==== mgrmap(e 9) v1 ==== 43381+0+0 (secure 0 0 0) 0x7fb768024430 con 0x7fb778102770
2024-02-20T07:51:18.470 INFO:teuthology.orchestra.run.smithi055.stdout:/usr/bin/ceph: stderr
2024-02-20T07:51:17.879+0000 7fb75f7fe700 1 -- 172.21.15.55:0/2539372634 <== mon.0 v2:172.21.15.55:3300/0 8 ==== mon_command_ack([{"prefix": "mgr module enable", "module": "dashboard"}]=0 v9) v1 ==== 88+0+0 (secure 0 0 0) 0x7fb768018350 con 0x7fb778102770
2024-02-20T07:51:18.470 INFO:teuthology.orchestra.run.smithi055.stdout:/usr/bin/ceph: stderr
2024-02-20T07:51:17.882+0000 7fb77d52b700 1 -- 172.21.15.55:0/2539372634 >> [v2:172.21.15.55:6800/4027903862,v1:172.21.15.55:6801/4027903862] conn(0x7fb760036740 msgr2=0x7fb760038bf0 secure :-1 s=STATE_CONNECTION_ESTABLISHED l=1).mark_down
2024-02-20T07:51:18.470 INFO:teuthology.orchestra.run.smithi055.stdout:/usr/bin/ceph: stderr
2024-02-20T07:51:17.882+0000 7fb77d52b700 1 --2- 172.21.15.55:0/2539372634 >> [v2:172.21.15.55:6800/4027903862,v1:172.21.15.55:6801/4027903862] conn(0x7fb760036740 0x7fb760038bf0 secure :-1 s=READY pgs=21 cs=0 l=1 rev1=1 crypto rx=0x7fb76c009990 tx=0x7fb76c006e40 comp rx=0 tx=0).stop
2024-02-20T07:51:18.470 INFO:teuthology.orchestra.run.smithi055.stdout:/usr/bin/ceph: stderr
2024-02-20T07:51:17.882+0000 7fb77d52b700 1 -- 172.21.15.55:0/2539372634 >> [v2:172.21.15.55:3300/0,v1:172.21.15.55:6789/0] conn(0x7fb778102770 msgr2=0x7fb7781115c0 secure :-1 s=STATE_CONNECTION_ESTABLISHED l=1).mark_down
2024-02-20T07:51:18.470 INFO:teuthology.orchestra.run.smithi055.stdout:/usr/bin/ceph: stderr
2024-02-20T07:51:17.882+0000 7fb77d52b700 1 --2- 172.21.15.55:0/2539372634 >> [v2:172.21.15.55:3300/0,v1:172.21.15.55:6789/0] conn(0x7fb778102770 0x7fb7781115c0 secure :-1 s=READY pgs=64 cs=0 l=1 rev1=1 crypto rx=0x7fb7680090b0 tx=0x7fb768009250 comp rx=0 tx=0).stop
2024-02-20T07:51:18.470 INFO:teuthology.orchestra.run.smithi055.stdout:/usr/bin/ceph: stderr
2024-02-20T07:51:17.882+0000 7fb77d52b700 1 -- 172.21.15.55:0/2539372634 shutdown_connections
2024-02-20T07:51:18.470 INFO:teuthology.orchestra.run.smithi055.stdout:/usr/bin/ceph: stderr
2024-02-20T07:51:17.882+0000 7fb77d52b700 1 --2- 172.21.15.55:0/2539372634 >> [v2:172.21.15.55:6800/4027903862,v1:172.21.15.55:6801/4027903862] conn(0x7fb760036740 0x7fb760038bf0 unknown :-1 s=CLOSED pgs=21 cs=0 l=1 rev1=1 crypto rx=0 tx=0 comp rx=0 tx=0).stop
2024-02-20T07:51:18.471 INFO:teuthology.orchestra.run.smithi055.stdout:/usr/bin/ceph: stderr
2024-02-20T07:51:17.882+0000 7fb77d52b700 1 --2- 172.21.15.55:0/2539372634 >> [v2:172.21.15.55:3300/0,v1:172.21.15.55:6789/0] conn(0x7fb778102770 0x7fb7781115c0 unknown :-1 s=CLOSED pgs=64 cs=0 l=1 rev1=1 crypto rx=0 tx=0 comp rx=0 tx=0).stop
2024-02-20T07:51:18.471 INFO:teuthology.orchestra.run.smithi055.stdout:/usr/bin/ceph: stderr
2024-02-20T07:51:17.882+0000 7fb77d52b700 1 -- 172.21.15.55:0/2539372634 >> 172.21.15.55:0/2539372634 conn(0x7fb7780fded0 msgr2=0x7fb7780ff5b0 unknown :-1 s=STATE_NONE l=0).mark_down
2024-02-20T07:51:18.471 INFO:teuthology.orchestra.run.smithi055.stdout:/usr/bin/ceph: stderr
2024-02-20T07:51:17.882+0000 7fb77d52b700 1 -- 172.21.15.55:0/2539372634 shutdown_connections
2024-02-20T07:51:18.471 INFO:teuthology.orchestra.run.smithi055.stdout:/usr/bin/ceph: stderr
2024-02-20T07:51:17.882+0000 7fb77d52b700 1 -- 172.21.15.55:0/2539372634 wait complete.
2024-02-20T07:51:19.124 INFO:journalctl@ceph.mon.smithi055.smithi055.stdout:Feb 20 07:51:18 smithi055 ceph-mon[29254]: from='client.? 172.21.15.55:0/2539372634' entity='client.admin' cmd='[{"prefix": "mgr module enable", "module": "dashboard"}]': finished
2024-02-20T07:51:19.125 INFO:journalctl@ceph.mon.smithi055.smithi055.stdout:Feb 20 07:51:18 smithi055 ceph-mon[29254]: mgrmap e9: smithi055.stjper(active, since 24s)
2024-02-20T07:51:19.784 INFO:teuthology.orchestra.run.smithi055.stdout:/usr/bin/ceph: stdout {
2024-02-20T07:51:19.784 INFO:teuthology.orchestra.run.smithi055.stdout:/usr/bin/ceph: stdout "epoch": 9,
2024-02-20T07:51:19.784 INFO:teuthology.orchestra.run.smithi055.stdout:/usr/bin/ceph: stdout "available": true,
2024-02-20T07:51:19.784 INFO:teuthology.orchestra.run.smithi055.stdout:/usr/bin/ceph: stdout "active_name": "smithi055.stjper",
2024-02-20T07:51:19.785 INFO:teuthology.orchestra.run.smithi055.stdout:/usr/bin/ceph: stdout "num_standby": 0
2024-02-20T07:51:19.785 INFO:teuthology.orchestra.run.smithi055.stdout:/usr/bin/ceph: stdout }
2024-02-20T07:51:19.785 INFO:teuthology.orchestra.run.smithi055.stdout:/usr/bin/ceph: stderr
2024-02-20T07:51:18.917+0000 7fa2faad7700 1 Processor -- start
2024-02-20T07:51:19.785 INFO:teuthology.orchestra.run.smithi055.stdout:/usr/bin/ceph: stderr
2024-02-20T07:51:18.917+0000 7fa2faad7700 1 -- start start
2024-02-20T07:51:19.785 INFO:teuthology.orchestra.run.smithi055.stdout:/usr/bin/ceph: stderr
2024-02-20T07:51:18.918+0000 7fa2faad7700 1 --2- >> [v2:172.21.15.55:3300/0,v1:172.21.15.55:6789/0] conn(0x7fa2f4102770 0x7fa2f4102b80 unknown :-1 s=NONE pgs=0 cs=0 l=0 rev1=0 crypto rx=0 tx=0 comp rx=0 tx=0).connect
2024-02-20T07:51:19.785 INFO:teuthology.orchestra.run.smithi055.stdout:/usr/bin/ceph: stderr
2024-02-20T07:51:18.918+0000 7fa2faad7700 1 -- --> [v2:172.21.15.55:3300/0,v1:172.21.15.55:6789/0] -- mon_getmap magic: 0 v1 -- 0x7fa2f41030c0 con 0x7fa2f4102770
2024-02-20T07:51:19.785 INFO:teuthology.orchestra.run.smithi055.stdout:/usr/bin/ceph: stderr
2024-02-20T07:51:18.918+0000 7fa2f8873700 1 --2- >> [v2:172.21.15.55:3300/0,v1:172.21.15.55:6789/0] conn(0x7fa2f4102770 0x7fa2f4102b80 unknown :-1 s=BANNER_CONNECTING pgs=0 cs=0 l=0 rev1=0 crypto rx=0 tx=0 comp rx=0 tx=0)._handle_peer_banner_payload supported=3 required=0
2024-02-20T07:51:19.785 INFO:teuthology.orchestra.run.smithi055.stdout:/usr/bin/ceph: stderr
2024-02-20T07:51:18.918+0000 7fa2f8873700 1 --2- >> [v2:172.21.15.55:3300/0,v1:172.21.15.55:6789/0] conn(0x7fa2f4102770 0x7fa2f4102b80 unknown :-1 s=HELLO_CONNECTING pgs=0 cs=0 l=0 rev1=1 crypto rx=0 tx=0 comp rx=0 tx=0).handle_hello peer v2:172.21.15.55:3300/0 says I am v2:172.21.15.55:50744/0 (socket says 172.21.15.55:50744)
2024-02-20T07:51:19.785 INFO:teuthology.orchestra.run.smithi055.stdout:/usr/bin/ceph: stderr
2024-02-20T07:51:18.918+0000 7fa2f8873700 1 -- 172.21.15.55:0/1571347943 learned_addr learned my addr 172.21.15.55:0/1571347943 (peer_addr_for_me v2:172.21.15.55:0/0)
2024-02-20T07:51:19.785 INFO:teuthology.orchestra.run.smithi055.stdout:/usr/bin/ceph: stderr
2024-02-20T07:51:18.918+0000 7fa2f8873700 1 -- 172.21.15.55:0/1571347943 --> [v2:172.21.15.55:3300/0,v1:172.21.15.55:6789/0] -- mon_subscribe({config=0+,monmap=0+}) v3 -- 0x7fa2f4103200 con 0x7fa2f4102770
2024-02-20T07:51:19.785 INFO:teuthology.orchestra.run.smithi055.stdout:/usr/bin/ceph: stderr
2024-02-20T07:51:18.918+0000 7fa2f8873700 1 --2- 172.21.15.55:0/1571347943 >> [v2:172.21.15.55:3300/0,v1:172.21.15.55:6789/0] conn(0x7fa2f4102770 0x7fa2f4102b80 secure :-1 s=READY pgs=67 cs=0 l=1 rev1=1 crypto rx=0x7fa2e80098e0 tx=0x7fa2e8009250 comp rx=0 tx=0).ready entity=mon.0 client_cookie=66692f82edb97629 server_cookie=0 in_seq=0 out_seq=0
2024-02-20T07:51:19.785 INFO:teuthology.orchestra.run.smithi055.stdout:/usr/bin/ceph: stderr
2024-02-20T07:51:18.919+0000 7fa2f37fe700 1 -- 172.21.15.55:0/1571347943 <== mon.0 v2:172.21.15.55:3300/0 1 ==== mon_map magic: 0 v1 ==== 229+0+0 (secure 0 0 0) 0x7fa2e800b860 con 0x7fa2f4102770
2024-02-20T07:51:19.785 INFO:teuthology.orchestra.run.smithi055.stdout:/usr/bin/ceph: stderr
2024-02-20T07:51:18.919+0000 7fa2f37fe700 1 -- 172.21.15.55:0/1571347943 <== mon.0 v2:172.21.15.55:3300/0 2 ==== config(27 keys) v1 ==== 1109+0+0 (secure 0 0 0) 0x7fa2e800be90 con 0x7fa2f4102770
2024-02-20T07:51:19.785 INFO:teuthology.orchestra.run.smithi055.stdout:/usr/bin/ceph: stderr
2024-02-20T07:51:18.919+0000 7fa2f37fe700 1 -- 172.21.15.55:0/1571347943 <== mon.0 v2:172.21.15.55:3300/0 3 ==== mon_map magic: 0 v1 ==== 229+0+0 (secure 0 0 0) 0x7fa2e80103c0 con 0x7fa2f4102770
2024-02-20T07:51:19.786 INFO:teuthology.orchestra.run.smithi055.stdout:/usr/bin/ceph: stderr
2024-02-20T07:51:18.919+0000 7fa2faad7700 1 -- 172.21.15.55:0/1571347943 >> [v2:172.21.15.55:3300/0,v1:172.21.15.55:6789/0] conn(0x7fa2f4102770 msgr2=0x7fa2f4102b80 secure :-1 s=STATE_CONNECTION_ESTABLISHED l=1).mark_down
2024-02-20T07:51:19.786 INFO:teuthology.orchestra.run.smithi055.stdout:/usr/bin/ceph: stderr
2024-02-20T07:51:18.919+0000 7fa2faad7700 1 --2- 172.21.15.55:0/1571347943 >> [v2:172.21.15.55:3300/0,v1:172.21.15.55:6789/0] conn(0x7fa2f4102770 0x7fa2f4102b80 secure :-1 s=READY pgs=67 cs=0 l=1 rev1=1 crypto rx=0x7fa2e80098e0 tx=0x7fa2e8009250 comp rx=0 tx=0).stop
2024-02-20T07:51:19.786 INFO:teuthology.orchestra.run.smithi055.stdout:/usr/bin/ceph: stderr
2024-02-20T07:51:18.919+0000 7fa2faad7700 1 -- 172.21.15.55:0/1571347943 shutdown_connections
2024-02-20T07:51:19.786 INFO:teuthology.orchestra.run.smithi055.stdout:/usr/bin/ceph: stderr
2024-02-20T07:51:18.919+0000 7fa2faad7700 1 --2- 172.21.15.55:0/1571347943 >> [v2:172.21.15.55:3300/0,v1:172.21.15.55:6789/0] conn(0x7fa2f4102770 0x7fa2f4102b80 unknown :-1 s=CLOSED pgs=67 cs=0 l=1 rev1=1 crypto rx=0 tx=0 comp rx=0 tx=0).stop
2024-02-20T07:51:19.786 INFO:teuthology.orchestra.run.smithi055.stdout:/usr/bin/ceph: stderr
2024-02-20T07:51:18.919+0000 7fa2faad7700 1 -- 172.21.15.55:0/1571347943 >> 172.21.15.55:0/1571347943 conn(0x7fa2f40fded0 msgr2=0x7fa2f4100300 unknown :-1 s=STATE_NONE l=0).mark_down
2024-02-20T07:51:19.786 INFO:teuthology.orchestra.run.smithi055.stdout:/usr/bin/ceph: stderr
2024-02-20T07:51:18.919+0000 7fa2faad7700 1 -- 172.21.15.55:0/1571347943 shutdown_connections
2024-02-20T07:51:19.786 INFO:teuthology.orchestra.run.smithi055.stdout:/usr/bin/ceph: stderr
2024-02-20T07:51:18.919+0000 7fa2faad7700 1 -- 172.21.15.55:0/1571347943 wait complete.
2024-02-20T07:51:19.786 INFO:teuthology.orchestra.run.smithi055.stdout:/usr/bin/ceph: stderr
2024-02-20T07:51:18.920+0000 7fa2faad7700 1 Processor -- start
2024-02-20T07:51:19.786 INFO:teuthology.orchestra.run.smithi055.stdout:/usr/bin/ceph: stderr
2024-02-20T07:51:18.920+0000 7fa2faad7700 1 -- start start
2024-02-20T07:51:19.786 INFO:teuthology.orchestra.run.smithi055.stdout:/usr/bin/ceph: stderr
2024-02-20T07:51:18.920+0000 7fa2faad7700 1 --2- >> [v2:172.21.15.55:3300/0,v1:172.21.15.55:6789/0] conn(0x7fa2f4102770 0x7fa2f4111540 unknown :-1 s=NONE pgs=0 cs=0 l=1 rev1=0 crypto rx=0 tx=0 comp rx=0 tx=0).connect
2024-02-20T07:51:19.786 INFO:teuthology.orchestra.run.smithi055.stdout:/usr/bin/ceph: stderr
2024-02-20T07:51:18.920+0000 7fa2faad7700 1 -- --> [v2:172.21.15.55:3300/0,v1:172.21.15.55:6789/0] -- mon_getmap magic: 0 v1 -- 0x7fa2f4111a80 con 0x7fa2f4102770
2024-02-20T07:51:19.786 INFO:teuthology.orchestra.run.smithi055.stdout:/usr/bin/ceph: stderr
2024-02-20T07:51:18.920+0000 7fa2f8873700 1 --2- >> [v2:172.21.15.55:3300/0,v1:172.21.15.55:6789/0] conn(0x7fa2f4102770 0x7fa2f4111540 unknown :-1 s=BANNER_CONNECTING pgs=0 cs=0 l=1 rev1=0 crypto rx=0 tx=0 comp rx=0 tx=0)._handle_peer_banner_payload supported=3 required=0
2024-02-20T07:51:19.786 INFO:teuthology.orchestra.run.smithi055.stdout:/usr/bin/ceph: stderr
2024-02-20T07:51:18.920+0000 7fa2f8873700 1 --2- >> [v2:172.21.15.55:3300/0,v1:172.21.15.55:6789/0] conn(0x7fa2f4102770 0x7fa2f4111540 unknown :-1 s=HELLO_CONNECTING pgs=0 cs=0 l=1 rev1=1 crypto rx=0 tx=0 comp rx=0 tx=0).handle_hello peer v2:172.21.15.55:3300/0 says I am v2:172.21.15.55:50746/0 (socket says 172.21.15.55:50746)
2024-02-20T07:51:19.786 INFO:teuthology.orchestra.run.smithi055.stdout:/usr/bin/ceph: stderr
2024-02-20T07:51:18.920+0000 7fa2f8873700 1 -- 172.21.15.55:0/514981754 learned_addr learned my addr 172.21.15.55:0/514981754 (peer_addr_for_me v2:172.21.15.55:0/0)
2024-02-20T07:51:19.787 INFO:teuthology.orchestra.run.smithi055.stdout:/usr/bin/ceph: stderr
2024-02-20T07:51:18.921+0000 7fa2f8873700 1 -- 172.21.15.55:0/514981754 --> [v2:172.21.15.55:3300/0,v1:172.21.15.55:6789/0] -- mon_subscribe({config=0+,monmap=0+}) v3 -- 0x7fa2e80094f0 con 0x7fa2f4102770
2024-02-20T07:51:19.787 INFO:teuthology.orchestra.run.smithi055.stdout:/usr/bin/ceph: stderr
2024-02-20T07:51:18.921+0000 7fa2f8873700 1 --2- 172.21.15.55:0/514981754 >> [v2:172.21.15.55:3300/0,v1:172.21.15.55:6789/0] conn(0x7fa2f4102770 0x7fa2f4111540 secure :-1 s=READY pgs=68 cs=0 l=1 rev1=1 crypto rx=0x7fa2e8006b00 tx=0x7fa2e8009250 comp rx=0 tx=0).ready entity=mon.0 client_cookie=0 server_cookie=0 in_seq=0 out_seq=0
2024-02-20T07:51:19.787 INFO:teuthology.orchestra.run.smithi055.stdout:/usr/bin/ceph: stderr
2024-02-20T07:51:18.921+0000 7fa2f17fa700 1 -- 172.21.15.55:0/514981754 <== mon.0 v2:172.21.15.55:3300/0 1 ==== mon_map magic: 0 v1 ==== 229+0+0 (secure 0 0 0) 0x7fa2e80109a0 con 0x7fa2f4102770
2024-02-20T07:51:19.787 INFO:teuthology.orchestra.run.smithi055.stdout:/usr/bin/ceph: stderr
2024-02-20T07:51:18.921+0000 7fa2f17fa700 1 -- 172.21.15.55:0/514981754 <== mon.0 v2:172.21.15.55:3300/0 2 ==== config(27 keys) v1 ==== 1109+0+0 (secure 0 0 0) 0x7fa2e801a430 con 0x7fa2f4102770
2024-02-20T07:51:19.787 INFO:teuthology.orchestra.run.smithi055.stdout:/usr/bin/ceph: stderr
2024-02-20T07:51:18.921+0000 7fa2faad7700 1 -- 172.21.15.55:0/514981754 --> [v2:172.21.15.55:3300/0,v1:172.21.15.55:6789/0] -- mon_subscribe({mgrmap=0+}) v3 -- 0x7fa2f4111c80 con 0x7fa2f4102770
2024-02-20T07:51:19.787 INFO:teuthology.orchestra.run.smithi055.stdout:/usr/bin/ceph: stderr
2024-02-20T07:51:18.921+0000 7fa2f17fa700 1 -- 172.21.15.55:0/514981754 <== mon.0 v2:172.21.15.55:3300/0 3 ==== mon_map magic: 0 v1 ==== 229+0+0 (secure 0 0 0) 0x7fa2e80245b0 con 0x7fa2f4102770
2024-02-20T07:51:19.787 INFO:teuthology.orchestra.run.smithi055.stdout:/usr/bin/ceph: stderr
2024-02-20T07:51:18.921+0000 7fa2faad7700 1 -- 172.21.15.55:0/514981754 --> [v2:172.21.15.55:3300/0,v1:172.21.15.55:6789/0] -- mon_subscribe({osdmap=0}) v3 -- 0x7fa2f4112920 con 0x7fa2f4102770
2024-02-20T07:51:19.787 INFO:teuthology.orchestra.run.smithi055.stdout:/usr/bin/ceph: stderr
2024-02-20T07:51:18.922+0000 7fa2f17fa700 1 -- 172.21.15.55:0/514981754 <== mon.0 v2:172.21.15.55:3300/0 4 ==== mgrmap(e 9) v1 ==== 43381+0+0 (secure 0 0 0) 0x7fa2e80247e0 con 0x7fa2f4102770
2024-02-20T07:51:19.787 INFO:teuthology.orchestra.run.smithi055.stdout:/usr/bin/ceph: stderr
2024-02-20T07:51:18.922+0000 7fa2faad7700 1 -- 172.21.15.55:0/514981754 --> [v2:172.21.15.55:3300/0,v1:172.21.15.55:6789/0] -- mon_command({"prefix": "get_command_descriptions"} v 0) v1 -- 0x7fa2f405f5c0 con 0x7fa2f4102770
2024-02-20T07:51:19.787 INFO:teuthology.orchestra.run.smithi055.stdout:/usr/bin/ceph: stderr
2024-02-20T07:51:18.922+0000 7fa2f17fa700 1 --2- 172.21.15.55:0/514981754 >> [v2:172.21.15.55:6800/4027903862,v1:172.21.15.55:6801/4027903862] conn(0x7fa2e4036830 0x7fa2e4038ce0 unknown :-1 s=NONE pgs=0 cs=0 l=1 rev1=0 crypto rx=0 tx=0 comp rx=0 tx=0).connect
2024-02-20T07:51:19.787 INFO:teuthology.orchestra.run.smithi055.stdout:/usr/bin/ceph: stderr
2024-02-20T07:51:18.922+0000 7fa2f3fff700 1 -- 172.21.15.55:0/514981754 >> [v2:172.21.15.55:6800/4027903862,v1:172.21.15.55:6801/4027903862] conn(0x7fa2e4036830 msgr2=0x7fa2e4038ce0 unknown :-1 s=STATE_CONNECTING_RE l=1).process reconnect failed to v2:172.21.15.55:6800/4027903862
2024-02-20T07:51:19.788 INFO:teuthology.orchestra.run.smithi055.stdout:/usr/bin/ceph: stderr
2024-02-20T07:51:18.922+0000 7fa2f17fa700 1 -- 172.21.15.55:0/514981754 <== mon.0 v2:172.21.15.55:3300/0 5 ==== osd_map(2..2 src has 1..2) v4 ==== 936+0+0 (secure 0 0 0) 0x7fa2e804a910 con 0x7fa2f4102770
2024-02-20T07:51:19.788 INFO:teuthology.orchestra.run.smithi055.stdout:/usr/bin/ceph: stderr
2024-02-20T07:51:18.922+0000 7fa2f3fff700 1 --2- 172.21.15.55:0/514981754 >> [v2:172.21.15.55:6800/4027903862,v1:172.21.15.55:6801/4027903862] conn(0x7fa2e4036830 0x7fa2e4038ce0 unknown :-1 s=START_CONNECT pgs=0 cs=0 l=1 rev1=0 crypto rx=0 tx=0 comp rx=0 tx=0)._fault waiting 0.200000
2024-02-20T07:51:19.788 INFO:teuthology.orchestra.run.smithi055.stdout:/usr/bin/ceph: stderr
2024-02-20T07:51:18.927+0000 7fa2f17fa700 1 -- 172.21.15.55:0/514981754 <== mon.0 v2:172.21.15.55:3300/0 6 ==== mon_command_ack([{"prefix": "get_command_descriptions"}]=0 v0) v1 ==== 72+0+175031 (secure 0 0 0) 0x7fa2e8018530 con 0x7fa2f4102770
2024-02-20T07:51:19.788 INFO:teuthology.orchestra.run.smithi055.stdout:/usr/bin/ceph: stderr
2024-02-20T07:51:19.123+0000 7fa2f3fff700 1 -- 172.21.15.55:0/514981754 >> [v2:172.21.15.55:6800/4027903862,v1:172.21.15.55:6801/4027903862] conn(0x7fa2e4036830 msgr2=0x7fa2e4038ce0 unknown :-1 s=STATE_CONNECTING_RE l=1).process reconnect failed to v2:172.21.15.55:6800/4027903862
2024-02-20T07:51:19.788 INFO:teuthology.orchestra.run.smithi055.stdout:/usr/bin/ceph: stderr
2024-02-20T07:51:19.123+0000 7fa2f3fff700 1 --2- 172.21.15.55:0/514981754 >> [v2:172.21.15.55:6800/4027903862,v1:172.21.15.55:6801/4027903862] conn(0x7fa2e4036830 0x7fa2e4038ce0 unknown :-1 s=START_CONNECT pgs=0 cs=0 l=1 rev1=0 crypto rx=0 tx=0 comp rx=0 tx=0)._fault waiting 0.400000
2024-02-20T07:51:19.788 INFO:teuthology.orchestra.run.smithi055.stdout:/usr/bin/ceph: stderr
2024-02-20T07:51:19.177+0000 7fa2faad7700 1 -- 172.21.15.55:0/514981754 --> [v2:172.21.15.55:3300/0,v1:172.21.15.55:6789/0] -- mon_command({"prefix": "mgr stat"} v 0) v1 -- 0x7fa2f4112c60 con 0x7fa2f4102770
2024-02-20T07:51:19.788 INFO:teuthology.orchestra.run.smithi055.stdout:/usr/bin/ceph: stderr
2024-02-20T07:51:19.177+0000 7fa2f17fa700 1 -- 172.21.15.55:0/514981754 <== mon.0 v2:172.21.15.55:3300/0 7 ==== mon_command_ack([{"prefix": "mgr stat"}]=0 v9) v1 ==== 56+0+103 (secure 0 0 0) 0x7fa2e8023e40 con 0x7fa2f4102770
2024-02-20T07:51:19.788 INFO:teuthology.orchestra.run.smithi055.stdout:/usr/bin/ceph: stderr
2024-02-20T07:51:19.180+0000 7fa2faad7700 1 -- 172.21.15.55:0/514981754 >> [v2:172.21.15.55:6800/4027903862,v1:172.21.15.55:6801/4027903862] conn(0x7fa2e4036830 msgr2=0x7fa2e4038ce0 unknown :-1 s=STATE_CONNECTING l=1).mark_down
2024-02-20T07:51:19.788 INFO:teuthology.orchestra.run.smithi055.stdout:/usr/bin/ceph: stderr
2024-02-20T07:51:19.180+0000 7fa2faad7700 1 --2- 172.21.15.55:0/514981754 >> [v2:172.21.15.55:6800/4027903862,v1:172.21.15.55:6801/4027903862] conn(0x7fa2e4036830 0x7fa2e4038ce0 unknown :-1 s=START_CONNECT pgs=0 cs=0 l=1 rev1=0 crypto rx=0 tx=0 comp rx=0 tx=0).stop
2024-02-20T07:51:19.788 INFO:teuthology.orchestra.run.smithi055.stdout:/usr/bin/ceph: stderr
2024-02-20T07:51:19.180+0000 7fa2faad7700 1 -- 172.21.15.55:0/514981754 >> [v2:172.21.15.55:3300/0,v1:172.21.15.55:6789/0] conn(0x7fa2f4102770 msgr2=0x7fa2f4111540 secure :-1 s=STATE_CONNECTION_ESTABLISHED l=1).mark_down
2024-02-20T07:51:19.788 INFO:teuthology.orchestra.run.smithi055.stdout:/usr/bin/ceph: stderr
2024-02-20T07:51:19.180+0000 7fa2faad7700 1 --2- 172.21.15.55:0/514981754 >> [v2:172.21.15.55:3300/0,v1:172.21.15.55:6789/0] conn(0x7fa2f4102770 0x7fa2f4111540 secure :-1 s=READY pgs=68 cs=0 l=1 rev1=1 crypto rx=0x7fa2e8006b00 tx=0x7fa2e8009250 comp rx=0 tx=0).stop
2024-02-20T07:51:19.788 INFO:teuthology.orchestra.run.smithi055.stdout:/usr/bin/ceph: stderr
2024-02-20T07:51:19.181+0000 7fa2faad7700 1 -- 172.21.15.55:0/514981754 shutdown_connections
2024-02-20T07:51:19.788 INFO:teuthology.orchestra.run.smithi055.stdout:/usr/bin/ceph: stderr
2024-02-20T07:51:19.181+0000 7fa2faad7700 1 --2- 172.21.15.55:0/514981754 >> [v2:172.21.15.55:6800/4027903862,v1:172.21.15.55:6801/4027903862] conn(0x7fa2e4036830 0x7fa2e4038ce0 unknown :-1 s=CLOSED pgs=0 cs=0 l=1 rev1=0 crypto rx=0 tx=0 comp rx=0 tx=0).stop
2024-02-20T07:51:19.789 INFO:teuthology.orchestra.run.smithi055.stdout:/usr/bin/ceph: stderr
2024-02-20T07:51:19.181+0000 7fa2faad7700 1 --2- 172.21.15.55:0/514981754 >> [v2:172.21.15.55:3300/0,v1:172.21.15.55:6789/0] conn(0x7fa2f4102770 0x7fa2f4111540 unknown :-1 s=CLOSED pgs=68 cs=0 l=1 rev1=1 crypto rx=0 tx=0 comp rx=0 tx=0).stop
2024-02-20T07:51:19.789 INFO:teuthology.orchestra.run.smithi055.stdout:/usr/bin/ceph: stderr
2024-02-20T07:51:19.181+0000 7fa2faad7700 1 -- 172.21.15.55:0/514981754 >> 172.21.15.55:0/514981754 conn(0x7fa2f40fded0 msgr2=0x7fa2f40fec90 unknown :-1 s=STATE_NONE l=0).mark_down
2024-02-20T07:51:19.789 INFO:teuthology.orchestra.run.smithi055.stdout:/usr/bin/ceph: stderr
2024-02-20T07:51:19.181+0000 7fa2faad7700 1 -- 172.21.15.55:0/514981754 shutdown_connections
2024-02-20T07:51:19.789 INFO:teuthology.orchestra.run.smithi055.stdout:/usr/bin/ceph: stderr
2024-02-20T07:51:19.181+0000 7fa2faad7700 1 -- 172.21.15.55:0/514981754 wait complete.
2024-02-20T07:51:19.789 INFO:teuthology.orchestra.run.smithi055.stdout:Waiting for the mgr to restart...
2024-02-20T07:51:19.789 INFO:teuthology.orchestra.run.smithi055.stdout:Waiting for mgr epoch 9...
2024-02-20T07:51:20.066 INFO:journalctl@ceph.mon.smithi055.smithi055.stdout:Feb 20 07:51:19 smithi055 ceph-mon[29254]: from='client.? 172.21.15.55:0/514981754' entity='client.admin' cmd=[{"prefix": "mgr stat"}]: dispatch
2024-02-20T07:51:24.971 INFO:journalctl@ceph.mon.smithi055.smithi055.stdout:Feb 20 07:51:24 smithi055 ceph-mon[29254]: Active manager daemon smithi055.stjper restarted
2024-02-20T07:51:24.971 INFO:journalctl@ceph.mon.smithi055.smithi055.stdout:Feb 20 07:51:24 smithi055 ceph-mon[29254]: Activating manager daemon smithi055.stjper
2024-02-20T07:51:24.971 INFO:journalctl@ceph.mon.smithi055.smithi055.stdout:Feb 20 07:51:24 smithi055 ceph-mon[29254]: osdmap e3: 0 total, 0 up, 0 in
2024-02-20T07:51:24.971 INFO:journalctl@ceph.mon.smithi055.smithi055.stdout:Feb 20 07:51:24 smithi055 ceph-mon[29254]: mgrmap e10: smithi055.stjper(active, starting, since 0.00664626s)
