2024-02-20T07:51:29.471 INFO:teuthology.orchestra.run.smithi055.stdout:/usr/bin/ceph: stderr
2024-02-20T07:51:28.065+0000 7f7356ffd700 1 --2- >> [v2:172.21.15.55:3300/0,v1:172.21.15.55:6789/0] conn(0x7f7358102770 0x7f73581115b0 unknown :-1 s=HELLO_CONNECTING pgs=0 cs=0 l=1 rev1=1 crypto rx=0 tx=0 comp rx=0 tx=0).handle_hello peer v2:172.21.15.55:3300/0 says I am v2:172.21.15.55:58374/0 (socket says 172.21.15.55:58374)
2024-02-20T07:51:29.471 INFO:teuthology.orchestra.run.smithi055.stdout:/usr/bin/ceph: stderr
2024-02-20T07:51:28.065+0000 7f7356ffd700 1 -- 172.21.15.55:0/574602500 learned_addr learned my addr 172.21.15.55:0/574602500 (peer_addr_for_me v2:172.21.15.55:0/0)
2024-02-20T07:51:29.471 INFO:teuthology.orchestra.run.smithi055.stdout:/usr/bin/ceph: stderr
2024-02-20T07:51:28.065+0000 7f7356ffd700 1 -- 172.21.15.55:0/574602500 --> [v2:172.21.15.55:3300/0,v1:172.21.15.55:6789/0] -- mon_subscribe({config=0+,monmap=0+}) v3 -- 0x7f73480094f0 con 0x7f7358102770
2024-02-20T07:51:29.471 INFO:teuthology.orchestra.run.smithi055.stdout:/usr/bin/ceph: stderr
2024-02-20T07:51:28.065+0000 7f7356ffd700 1 --2- 172.21.15.55:0/574602500 >> [v2:172.21.15.55:3300/0,v1:172.21.15.55:6789/0] conn(0x7f7358102770 0x7f73581115b0 secure :-1 s=READY pgs=81 cs=0 l=1 rev1=1 crypto rx=0x7f7348011680 tx=0x7f7348009250 comp rx=0 tx=0).ready entity=mon.0 client_cookie=0 server_cookie=0 in_seq=0 out_seq=0
2024-02-20T07:51:29.471 INFO:teuthology.orchestra.run.smithi055.stdout:/usr/bin/ceph: stderr
2024-02-20T07:51:28.065+0000 7f733f7fe700 1 -- 172.21.15.55:0/574602500 <== mon.0 v2:172.21.15.55:3300/0 1 ==== mon_map magic: 0 v1 ==== 229+0+0 (secure 0 0 0) 0x7f7348010890 con 0x7f7358102770
2024-02-20T07:51:29.472 INFO:teuthology.orchestra.run.smithi055.stdout:/usr/bin/ceph: stderr
2024-02-20T07:51:28.065+0000 7f735d78c700 1 -- 172.21.15.55:0/574602500 --> [v2:172.21.15.55:3300/0,v1:172.21.15.55:6789/0] -- mon_subscribe({mgrmap=0+}) v3 -- 0x7f7358111cf0 con 0x7f7358102770
2024-02-20T07:51:29.472 INFO:teuthology.orchestra.run.smithi055.stdout:/usr/bin/ceph: stderr
2024-02-20T07:51:28.065+0000 7f733f7fe700 1 -- 172.21.15.55:0/574602500 <== mon.0 v2:172.21.15.55:3300/0 2 ==== config(27 keys) v1 ==== 1109+0+0 (secure 0 0 0) 0x7f7348010ec0 con 0x7f7358102770
2024-02-20T07:51:29.472 INFO:teuthology.orchestra.run.smithi055.stdout:/usr/bin/ceph: stderr
2024-02-20T07:51:28.065+0000 7f733f7fe700 1 -- 172.21.15.55:0/574602500 <== mon.0 v2:172.21.15.55:3300/0 3 ==== mon_map magic: 0 v1 ==== 229+0+0 (secure 0 0 0) 0x7f73480243f0 con 0x7f7358102770
2024-02-20T07:51:29.472 INFO:teuthology.orchestra.run.smithi055.stdout:/usr/bin/ceph: stderr
2024-02-20T07:51:28.065+0000 7f735d78c700 1 -- 172.21.15.55:0/574602500 --> [v2:172.21.15.55:3300/0,v1:172.21.15.55:6789/0] -- mon_subscribe({osdmap=0}) v3 -- 0x7f7358112990 con 0x7f7358102770
2024-02-20T07:51:29.472 INFO:teuthology.orchestra.run.smithi055.stdout:/usr/bin/ceph: stderr
2024-02-20T07:51:28.066+0000 7f733f7fe700 1 -- 172.21.15.55:0/574602500 <== mon.0 v2:172.21.15.55:3300/0 4 ==== mgrmap(e 12) v1 ==== 43381+0+0 (secure 0 0 0) 0x7f734802d3f0 con 0x7f7358102770
2024-02-20T07:51:29.472 INFO:teuthology.orchestra.run.smithi055.stdout:/usr/bin/ceph: stderr
2024-02-20T07:51:28.066+0000 7f733f7fe700 1 --2- 172.21.15.55:0/574602500 >> [v2:172.21.15.55:6800/2284801197,v1:172.21.15.55:6801/2284801197] conn(0x7f73400367e0 0x7f7340038c90 unknown :-1 s=NONE pgs=0 cs=0 l=1 rev1=0 crypto rx=0 tx=0 comp rx=0 tx=0).connect
2024-02-20T07:51:29.472 INFO:teuthology.orchestra.run.smithi055.stdout:/usr/bin/ceph: stderr
2024-02-20T07:51:28.066+0000 7f735d78c700 1 -- 172.21.15.55:0/574602500 --> [v2:172.21.15.55:3300/0,v1:172.21.15.55:6789/0] -- mon_command({"prefix": "get_command_descriptions"} v 0) v1 -- 0x7f735805f5c0 con 0x7f7358102770
2024-02-20T07:51:29.472 INFO:teuthology.orchestra.run.smithi055.stdout:/usr/bin/ceph: stderr
2024-02-20T07:51:28.066+0000 7f733f7fe700 1 -- 172.21.15.55:0/574602500 <== mon.0 v2:172.21.15.55:3300/0 5 ==== osd_map(3..3 src has 1..3) v4 ==== 1151+0+0 (secure 0 0 0) 0x7f734804a510 con 0x7f7358102770
2024-02-20T07:51:29.472 INFO:teuthology.orchestra.run.smithi055.stdout:/usr/bin/ceph: stderr
2024-02-20T07:51:28.066+0000 7f73567fc700 1 --2- 172.21.15.55:0/574602500 >> [v2:172.21.15.55:6800/2284801197,v1:172.21.15.55:6801/2284801197] conn(0x7f73400367e0 0x7f7340038c90 unknown :-1 s=BANNER_CONNECTING pgs=0 cs=0 l=1 rev1=0 crypto rx=0 tx=0 comp rx=0 tx=0)._handle_peer_banner_payload supported=3 required=0
2024-02-20T07:51:29.472 INFO:teuthology.orchestra.run.smithi055.stdout:/usr/bin/ceph: stderr
2024-02-20T07:51:28.067+0000 7f73567fc700 1 --2- 172.21.15.55:0/574602500 >> [v2:172.21.15.55:6800/2284801197,v1:172.21.15.55:6801/2284801197] conn(0x7f73400367e0 0x7f7340038c90 secure :-1 s=READY pgs=8 cs=0 l=1 rev1=1 crypto rx=0x7f734c009990 tx=0x7f734c006e40 comp rx=0 tx=0).ready entity=mgr.14160 client_cookie=0 server_cookie=0 in_seq=0 out_seq=0
2024-02-20T07:51:29.472 INFO:teuthology.orchestra.run.smithi055.stdout:/usr/bin/ceph: stderr
2024-02-20T07:51:28.072+0000 7f733f7fe700 1 -- 172.21.15.55:0/574602500 <== mon.0 v2:172.21.15.55:3300/0 6 ==== mon_command_ack([{"prefix": "get_command_descriptions"}]=0 v0) v1 ==== 72+0+175031 (secure 0 0 0) 0x7f734802b8e0 con 0x7f7358102770
2024-02-20T07:51:29.472 INFO:teuthology.orchestra.run.smithi055.stdout:/usr/bin/ceph: stderr
2024-02-20T07:51:28.285+0000 7f735d78c700 1 -- 172.21.15.55:0/574602500 --> [v2:172.21.15.55:6800/2284801197,v1:172.21.15.55:6801/2284801197] -- mgr_command(tid 0: {"prefix": "dashboard ac-user-create", "username": "admin", "rolename": "administrator", "force_password": true, "pwd_update_required": true, "target": ["mon-mgr", ""]}) v1 -- 0x7f735805f3e0 con 0x7f73400367e0
2024-02-20T07:51:29.472 INFO:teuthology.orchestra.run.smithi055.stdout:/usr/bin/ceph: stderr
2024-02-20T07:51:28.536+0000 7f733f7fe700 1 -- 172.21.15.55:0/574602500 <== mgr.14160 v2:172.21.15.55:6800/2284801197 1 ==== mgr_command_reply(tid 0: 0 ) v1 ==== 8+0+252 (secure 0 0 0) 0x7f735805f3e0 con 0x7f73400367e0
2024-02-20T07:51:29.473 INFO:teuthology.orchestra.run.smithi055.stdout:/usr/bin/ceph: stderr
2024-02-20T07:51:28.538+0000 7f735d78c700 1 -- 172.21.15.55:0/574602500 >> [v2:172.21.15.55:6800/2284801197,v1:172.21.15.55:6801/2284801197] conn(0x7f73400367e0 msgr2=0x7f7340038c90 secure :-1 s=STATE_CONNECTION_ESTABLISHED l=1).mark_down
2024-02-20T07:51:29.473 INFO:teuthology.orchestra.run.smithi055.stdout:/usr/bin/ceph: stderr
2024-02-20T07:51:28.538+0000 7f735d78c700 1 --2- 172.21.15.55:0/574602500 >> [v2:172.21.15.55:6800/2284801197,v1:172.21.15.55:6801/2284801197] conn(0x7f73400367e0 0x7f7340038c90 secure :-1 s=READY pgs=8 cs=0 l=1 rev1=1 crypto rx=0x7f734c009990 tx=0x7f734c006e40 comp rx=0 tx=0).stop
2024-02-20T07:51:29.473 INFO:teuthology.orchestra.run.smithi055.stdout:/usr/bin/ceph: stderr
2024-02-20T07:51:28.538+0000 7f735d78c700 1 -- 172.21.15.55:0/574602500 >> [v2:172.21.15.55:3300/0,v1:172.21.15.55:6789/0] conn(0x7f7358102770 msgr2=0x7f73581115b0 secure :-1 s=STATE_CONNECTION_ESTABLISHED l=1).mark_down
2024-02-20T07:51:29.473 INFO:teuthology.orchestra.run.smithi055.stdout:/usr/bin/ceph: stderr
2024-02-20T07:51:28.538+0000 7f735d78c700 1 --2- 172.21.15.55:0/574602500 >> [v2:172.21.15.55:3300/0,v1:172.21.15.55:6789/0] conn(0x7f7358102770 0x7f73581115b0 secure :-1 s=READY pgs=81 cs=0 l=1 rev1=1 crypto rx=0x7f7348011680 tx=0x7f7348009250 comp rx=0 tx=0).stop
2024-02-20T07:51:29.473 INFO:teuthology.orchestra.run.smithi055.stdout:/usr/bin/ceph: stderr
2024-02-20T07:51:28.538+0000 7f735d78c700 1 -- 172.21.15.55:0/574602500 shutdown_connections
2024-02-20T07:51:29.473 INFO:teuthology.orchestra.run.smithi055.stdout:/usr/bin/ceph: stderr
2024-02-20T07:51:28.538+0000 7f735d78c700 1 --2- 172.21.15.55:0/574602500 >> [v2:172.21.15.55:6800/2284801197,v1:172.21.15.55:6801/2284801197] conn(0x7f73400367e0 0x7f7340038c90 unknown :-1 s=CLOSED pgs=8 cs=0 l=1 rev1=1 crypto rx=0 tx=0 comp rx=0 tx=0).stop
2024-02-20T07:51:29.473 INFO:teuthology.orchestra.run.smithi055.stdout:/usr/bin/ceph: stderr
2024-02-20T07:51:28.538+0000 7f735d78c700 1 --2- 172.21.15.55:0/574602500 >> [v2:172.21.15.55:3300/0,v1:172.21.15.55:6789/0] conn(0x7f7358102770 0x7f73581115b0 unknown :-1 s=CLOSED pgs=81 cs=0 l=1 rev1=1 crypto rx=0 tx=0 comp rx=0 tx=0).stop
2024-02-20T07:51:29.473 INFO:teuthology.orchestra.run.smithi055.stdout:/usr/bin/ceph: stderr
2024-02-20T07:51:28.538+0000 7f735d78c700 1 -- 172.21.15.55:0/574602500 >> 172.21.15.55:0/574602500 conn(0x7f73580fded0 msgr2=0x7f73580ff5a0 unknown :-1 s=STATE_NONE l=0).mark_down
2024-02-20T07:51:29.473 INFO:teuthology.orchestra.run.smithi055.stdout:/usr/bin/ceph: stderr
2024-02-20T07:51:28.538+0000 7f735d78c700 1 -- 172.21.15.55:0/574602500 shutdown_connections
2024-02-20T07:51:29.473 INFO:teuthology.orchestra.run.smithi055.stdout:/usr/bin/ceph: stderr
2024-02-20T07:51:28.538+0000 7f735d78c700 1 -- 172.21.15.55:0/574602500 wait complete.
2024-02-20T07:51:29.473 INFO:teuthology.orchestra.run.smithi055.stdout:Fetching dashboard port number...
2024-02-20T07:51:29.971 INFO:journalctl@ceph.mon.smithi055.smithi055.stdout:Feb 20 07:51:29 smithi055 ceph-mon[29254]: from='client.14174 -' entity='client.admin' cmd=[{"prefix": "dashboard ac-user-create", "username": "admin", "rolename": "administrator", "force_password": true, "pwd_update_required": true, "target": ["mon-mgr", ""]}]: dispatch
2024-02-20T07:51:30.924 INFO:teuthology.orchestra.run.smithi055.stdout:/usr/bin/ceph: stdout 8443
2024-02-20T07:51:30.929 INFO:teuthology.orchestra.run.smithi055.stdout:/usr/bin/ceph: stderr
2024-02-20T07:51:29.929+0000 7fa03daea700 1 Processor -- start
2024-02-20T07:51:30.929 INFO:teuthology.orchestra.run.smithi055.stdout:/usr/bin/ceph: stderr
2024-02-20T07:51:29.929+0000 7fa03daea700 1 -- start start
2024-02-20T07:51:30.930 INFO:teuthology.orchestra.run.smithi055.stdout:/usr/bin/ceph: stderr
2024-02-20T07:51:29.929+0000 7fa03daea700 1 --2- >> [v2:172.21.15.55:3300/0,v1:172.21.15.55:6789/0] conn(0x7fa038102770 0x7fa038102b80 unknown :-1 s=NONE pgs=0 cs=0 l=0 rev1=0 crypto rx=0 tx=0 comp rx=0 tx=0).connect
2024-02-20T07:51:30.930 INFO:teuthology.orchestra.run.smithi055.stdout:/usr/bin/ceph: stderr
2024-02-20T07:51:29.929+0000 7fa03daea700 1 -- --> [v2:172.21.15.55:3300/0,v1:172.21.15.55:6789/0] -- mon_getmap magic: 0 v1 -- 0x7fa0381030c0 con 0x7fa038102770
2024-02-20T07:51:30.930 INFO:teuthology.orchestra.run.smithi055.stdout:/usr/bin/ceph: stderr
2024-02-20T07:51:29.930+0000 7fa0377fe700 1 --2- >> [v2:172.21.15.55:3300/0,v1:172.21.15.55:6789/0] conn(0x7fa038102770 0x7fa038102b80 unknown :-1 s=BANNER_CONNECTING pgs=0 cs=0 l=0 rev1=0 crypto rx=0 tx=0 comp rx=0 tx=0)._handle_peer_banner_payload supported=3 required=0
2024-02-20T07:51:30.930 INFO:teuthology.orchestra.run.smithi055.stdout:/usr/bin/ceph: stderr
2024-02-20T07:51:29.930+0000 7fa0377fe700 1 --2- >> [v2:172.21.15.55:3300/0,v1:172.21.15.55:6789/0] conn(0x7fa038102770 0x7fa038102b80 unknown :-1 s=HELLO_CONNECTING pgs=0 cs=0 l=0 rev1=1 crypto rx=0 tx=0 comp rx=0 tx=0).handle_hello peer v2:172.21.15.55:3300/0 says I am v2:172.21.15.55:58384/0 (socket says 172.21.15.55:58384)
2024-02-20T07:51:30.930 INFO:teuthology.orchestra.run.smithi055.stdout:/usr/bin/ceph: stderr
2024-02-20T07:51:29.930+0000 7fa0377fe700 1 -- 172.21.15.55:0/4003920683 learned_addr learned my addr 172.21.15.55:0/4003920683 (peer_addr_for_me v2:172.21.15.55:0/0)
2024-02-20T07:51:30.930 INFO:teuthology.orchestra.run.smithi055.stdout:/usr/bin/ceph: stderr
2024-02-20T07:51:29.930+0000 7fa0377fe700 1 -- 172.21.15.55:0/4003920683 --> [v2:172.21.15.55:3300/0,v1:172.21.15.55:6789/0] -- mon_subscribe({config=0+,monmap=0+}) v3 -- 0x7fa038103200 con 0x7fa038102770
2024-02-20T07:51:30.930 INFO:teuthology.orchestra.run.smithi055.stdout:/usr/bin/ceph: stderr
2024-02-20T07:51:29.930+0000 7fa0377fe700 1 --2- 172.21.15.55:0/4003920683 >> [v2:172.21.15.55:3300/0,v1:172.21.15.55:6789/0] conn(0x7fa038102770 0x7fa038102b80 secure :-1 s=READY pgs=82 cs=0 l=1 rev1=1 crypto rx=0x7fa02c0098e0 tx=0x7fa02c009250 comp rx=0 tx=0).ready entity=mon.0 client_cookie=1e2dae629971723a server_cookie=0 in_seq=0 out_seq=0
2024-02-20T07:51:30.930 INFO:teuthology.orchestra.run.smithi055.stdout:/usr/bin/ceph: stderr
2024-02-20T07:51:29.930+0000 7fa0367fc700 1 -- 172.21.15.55:0/4003920683 <== mon.0 v2:172.21.15.55:3300/0 1 ==== mon_map magic: 0 v1 ==== 229+0+0 (secure 0 0 0) 0x7fa02c00b860 con 0x7fa038102770
2024-02-20T07:51:30.930 INFO:teuthology.orchestra.run.smithi055.stdout:/usr/bin/ceph: stderr
2024-02-20T07:51:29.930+0000 7fa0367fc700 1 -- 172.21.15.55:0/4003920683 <== mon.0 v2:172.21.15.55:3300/0 2 ==== config(27 keys) v1 ==== 1109+0+0 (secure 0 0 0) 0x7fa02c00be90 con 0x7fa038102770
2024-02-20T07:51:30.930 INFO:teuthology.orchestra.run.smithi055.stdout:/usr/bin/ceph: stderr
2024-02-20T07:51:29.930+0000 7fa0367fc700 1 -- 172.21.15.55:0/4003920683 <== mon.0 v2:172.21.15.55:3300/0 3 ==== mon_map magic: 0 v1 ==== 229+0+0 (secure 0 0 0) 0x7fa02c0103c0 con 0x7fa038102770
2024-02-20T07:51:30.930 INFO:teuthology.orchestra.run.smithi055.stdout:/usr/bin/ceph: stderr
2024-02-20T07:51:29.931+0000 7fa03daea700 1 -- 172.21.15.55:0/4003920683 >> [v2:172.21.15.55:3300/0,v1:172.21.15.55:6789/0] conn(0x7fa038102770 msgr2=0x7fa038102b80 secure :-1 s=STATE_CONNECTION_ESTABLISHED l=1).mark_down
2024-02-20T07:51:30.930 INFO:teuthology.orchestra.run.smithi055.stdout:/usr/bin/ceph: stderr
2024-02-20T07:51:29.931+0000 7fa03daea700 1 --2- 172.21.15.55:0/4003920683 >> [v2:172.21.15.55:3300/0,v1:172.21.15.55:6789/0] conn(0x7fa038102770 0x7fa038102b80 secure :-1 s=READY pgs=82 cs=0 l=1 rev1=1 crypto rx=0x7fa02c0098e0 tx=0x7fa02c009250 comp rx=0 tx=0).stop
2024-02-20T07:51:30.930 INFO:teuthology.orchestra.run.smithi055.stdout:/usr/bin/ceph: stderr
2024-02-20T07:51:29.931+0000 7fa03daea700 1 -- 172.21.15.55:0/4003920683 shutdown_connections
2024-02-20T07:51:30.930 INFO:teuthology.orchestra.run.smithi055.stdout:/usr/bin/ceph: stderr
2024-02-20T07:51:29.931+0000 7fa03daea700 1 --2- 172.21.15.55:0/4003920683 >> [v2:172.21.15.55:3300/0,v1:172.21.15.55:6789/0] conn(0x7fa038102770 0x7fa038102b80 unknown :-1 s=CLOSED pgs=82 cs=0 l=1 rev1=1 crypto rx=0 tx=0 comp rx=0 tx=0).stop
2024-02-20T07:51:30.931 INFO:teuthology.orchestra.run.smithi055.stdout:/usr/bin/ceph: stderr
2024-02-20T07:51:29.931+0000 7fa03daea700 1 -- 172.21.15.55:0/4003920683 >> 172.21.15.55:0/4003920683 conn(0x7fa0380fded0 msgr2=0x7fa038100300 unknown :-1 s=STATE_NONE l=0).mark_down
2024-02-20T07:51:30.931 INFO:teuthology.orchestra.run.smithi055.stdout:/usr/bin/ceph: stderr
2024-02-20T07:51:29.931+0000 7fa03daea700 1 -- 172.21.15.55:0/4003920683 shutdown_connections
2024-02-20T07:51:30.931 INFO:teuthology.orchestra.run.smithi055.stdout:/usr/bin/ceph: stderr
2024-02-20T07:51:29.931+0000 7fa03daea700 1 -- 172.21.15.55:0/4003920683 wait complete.
2024-02-20T07:51:30.931 INFO:teuthology.orchestra.run.smithi055.stdout:/usr/bin/ceph: stderr
2024-02-20T07:51:29.931+0000 7fa03daea700 1 Processor -- start
2024-02-20T07:51:30.931 INFO:teuthology.orchestra.run.smithi055.stdout:/usr/bin/ceph: stderr
2024-02-20T07:51:29.932+0000 7fa03daea700 1 -- start start
2024-02-20T07:51:30.931 INFO:teuthology.orchestra.run.smithi055.stdout:/usr/bin/ceph: stderr
2024-02-20T07:51:29.932+0000 7fa03daea700 1 --2- >> [v2:172.21.15.55:3300/0,v1:172.21.15.55:6789/0] conn(0x7fa038102770 0x7fa0381115c0 unknown :-1 s=NONE pgs=0 cs=0 l=1 rev1=0 crypto rx=0 tx=0 comp rx=0 tx=0).connect
2024-02-20T07:51:30.931 INFO:teuthology.orchestra.run.smithi055.stdout:/usr/bin/ceph: stderr
2024-02-20T07:51:29.932+0000 7fa03daea700 1 -- --> [v2:172.21.15.55:3300/0,v1:172.21.15.55:6789/0] -- mon_getmap magic: 0 v1 -- 0x7fa038111b00 con 0x7fa038102770
2024-02-20T07:51:30.931 INFO:teuthology.orchestra.run.smithi055.stdout:/usr/bin/ceph: stderr
2024-02-20T07:51:29.932+0000 7fa0377fe700 1 --2- >> [v2:172.21.15.55:3300/0,v1:172.21.15.55:6789/0] conn(0x7fa038102770 0x7fa0381115c0 unknown :-1 s=BANNER_CONNECTING pgs=0 cs=0 l=1 rev1=0 crypto rx=0 tx=0 comp rx=0 tx=0)._handle_peer_banner_payload supported=3 required=0
2024-02-20T07:51:30.931 INFO:teuthology.orchestra.run.smithi055.stdout:/usr/bin/ceph: stderr
2024-02-20T07:51:29.932+0000 7fa0377fe700 1 --2- >> [v2:172.21.15.55:3300/0,v1:172.21.15.55:6789/0] conn(0x7fa038102770 0x7fa0381115c0 unknown :-1 s=HELLO_CONNECTING pgs=0 cs=0 l=1 rev1=1 crypto rx=0 tx=0 comp rx=0 tx=0).handle_hello peer v2:172.21.15.55:3300/0 says I am v2:172.21.15.55:58392/0 (socket says 172.21.15.55:58392)
2024-02-20T07:51:30.931 INFO:teuthology.orchestra.run.smithi055.stdout:/usr/bin/ceph: stderr
2024-02-20T07:51:29.932+0000 7fa0377fe700 1 -- 172.21.15.55:0/3945395277 learned_addr learned my addr 172.21.15.55:0/3945395277 (peer_addr_for_me v2:172.21.15.55:0/0)
2024-02-20T07:51:30.931 INFO:teuthology.orchestra.run.smithi055.stdout:/usr/bin/ceph: stderr
2024-02-20T07:51:29.932+0000 7fa0377fe700 1 -- 172.21.15.55:0/3945395277 --> [v2:172.21.15.55:3300/0,v1:172.21.15.55:6789/0] -- mon_subscribe({config=0+,monmap=0+}) v3 -- 0x7fa02c0094f0 con 0x7fa038102770
2024-02-20T07:51:30.931 INFO:teuthology.orchestra.run.smithi055.stdout:/usr/bin/ceph: stderr
2024-02-20T07:51:29.932+0000 7fa0377fe700 1 --2- 172.21.15.55:0/3945395277 >> [v2:172.21.15.55:3300/0,v1:172.21.15.55:6789/0] conn(0x7fa038102770 0x7fa0381115c0 secure :-1 s=READY pgs=83 cs=0 l=1 rev1=1 crypto rx=0x7fa02c011680 tx=0x7fa02c009250 comp rx=0 tx=0).ready entity=mon.0 client_cookie=0 server_cookie=0 in_seq=0 out_seq=0
2024-02-20T07:51:30.931 INFO:teuthology.orchestra.run.smithi055.stdout:/usr/bin/ceph: stderr
2024-02-20T07:51:29.932+0000 7fa01ffff700 1 -- 172.21.15.55:0/3945395277 <== mon.0 v2:172.21.15.55:3300/0 1 ==== mon_map magic: 0 v1 ==== 229+0+0 (secure 0 0 0) 0x7fa02c010890 con 0x7fa038102770
2024-02-20T07:51:30.931 INFO:teuthology.orchestra.run.smithi055.stdout:/usr/bin/ceph: stderr
2024-02-20T07:51:29.932+0000 7fa03daea700 1 -- 172.21.15.55:0/3945395277 --> [v2:172.21.15.55:3300/0,v1:172.21.15.55:6789/0] -- mon_subscribe({mgrmap=0+}) v3 -- 0x7fa038111d00 con 0x7fa038102770
2024-02-20T07:51:30.932 INFO:teuthology.orchestra.run.smithi055.stdout:/usr/bin/ceph: stderr
2024-02-20T07:51:29.933+0000 7fa01ffff700 1 -- 172.21.15.55:0/3945395277 <== mon.0 v2:172.21.15.55:3300/0 2 ==== config(27 keys) v1 ==== 1109+0+0 (secure 0 0 0) 0x7fa02c010ec0 con 0x7fa038102770
2024-02-20T07:51:30.932 INFO:teuthology.orchestra.run.smithi055.stdout:/usr/bin/ceph: stderr
2024-02-20T07:51:29.933+0000 7fa01ffff700 1 -- 172.21.15.55:0/3945395277 <== mon.0 v2:172.21.15.55:3300/0 3 ==== mon_map magic: 0 v1 ==== 229+0+0 (secure 0 0 0) 0x7fa02c0243f0 con 0x7fa038102770
2024-02-20T07:51:30.932 INFO:teuthology.orchestra.run.smithi055.stdout:/usr/bin/ceph: stderr
2024-02-20T07:51:29.933+0000 7fa03daea700 1 -- 172.21.15.55:0/3945395277 --> [v2:172.21.15.55:3300/0,v1:172.21.15.55:6789/0] -- mon_subscribe({osdmap=0}) v3 -- 0x7fa0381129a0 con 0x7fa038102770
2024-02-20T07:51:30.932 INFO:teuthology.orchestra.run.smithi055.stdout:/usr/bin/ceph: stderr
2024-02-20T07:51:29.934+0000 7fa01ffff700 1 -- 172.21.15.55:0/3945395277 <== mon.0 v2:172.21.15.55:3300/0 4 ==== mgrmap(e 12) v1 ==== 43381+0+0 (secure 0 0 0) 0x7fa02c01a8c0 con 0x7fa038102770
2024-02-20T07:51:30.932 INFO:teuthology.orchestra.run.smithi055.stdout:/usr/bin/ceph: stderr
2024-02-20T07:51:29.934+0000 7fa03daea700 1 -- 172.21.15.55:0/3945395277 --> [v2:172.21.15.55:3300/0,v1:172.21.15.55:6789/0] -- mon_command({"prefix": "get_command_descriptions"} v 0) v1 -- 0x7fa03805f5c0 con 0x7fa038102770
2024-02-20T07:51:30.932 INFO:teuthology.orchestra.run.smithi055.stdout:/usr/bin/ceph: stderr
2024-02-20T07:51:29.934+0000 7fa01ffff700 1 --2- 172.21.15.55:0/3945395277 >> [v2:172.21.15.55:6800/2284801197,v1:172.21.15.55:6801/2284801197] conn(0x7fa0200367e0 0x7fa020038c90 unknown :-1 s=NONE pgs=0 cs=0 l=1 rev1=0 crypto rx=0 tx=0 comp rx=0 tx=0).connect
2024-02-20T07:51:30.932 INFO:teuthology.orchestra.run.smithi055.stdout:/usr/bin/ceph: stderr
2024-02-20T07:51:29.934+0000 7fa01ffff700 1 -- 172.21.15.55:0/3945395277 <== mon.0 v2:172.21.15.55:3300/0 5 ==== osd_map(3..3 src has 1..3) v4 ==== 1151+0+0 (secure 0 0 0) 0x7fa02c04a360 con 0x7fa038102770
2024-02-20T07:51:30.932 INFO:teuthology.orchestra.run.smithi055.stdout:/usr/bin/ceph: stderr
2024-02-20T07:51:29.934+0000 7fa036ffd700 1 --2- 172.21.15.55:0/3945395277 >> [v2:172.21.15.55:6800/2284801197,v1:172.21.15.55:6801/2284801197] conn(0x7fa0200367e0 0x7fa020038c90 unknown :-1 s=BANNER_CONNECTING pgs=0 cs=0 l=1 rev1=0 crypto rx=0 tx=0 comp rx=0 tx=0)._handle_peer_banner_payload supported=3 required=0
2024-02-20T07:51:30.932 INFO:teuthology.orchestra.run.smithi055.stdout:/usr/bin/ceph: stderr
2024-02-20T07:51:29.934+0000 7fa036ffd700 1 --2- 172.21.15.55:0/3945395277 >> [v2:172.21.15.55:6800/2284801197,v1:172.21.15.55:6801/2284801197] conn(0x7fa0200367e0 0x7fa020038c90 secure :-1 s=READY pgs=9 cs=0 l=1 rev1=1 crypto rx=0x7fa028009990 tx=0x7fa028006e40 comp rx=0 tx=0).ready entity=mgr.14160 client_cookie=0 server_cookie=0 in_seq=0 out_seq=0
2024-02-20T07:51:30.932 INFO:teuthology.orchestra.run.smithi055.stdout:/usr/bin/ceph: stderr
2024-02-20T07:51:29.938+0000 7fa01ffff700 1 -- 172.21.15.55:0/3945395277 <== mon.0 v2:172.21.15.55:3300/0 6 ==== mon_command_ack([{"prefix": "get_command_descriptions"}]=0 v0) v1 ==== 72+0+175031 (secure 0 0 0) 0x7fa02c006d70 con 0x7fa038102770
2024-02-20T07:51:30.932 INFO:teuthology.orchestra.run.smithi055.stdout:/usr/bin/ceph: stderr
2024-02-20T07:51:30.134+0000 7fa03daea700 1 -- 172.21.15.55:0/3945395277 --> [v2:172.21.15.55:3300/0,v1:172.21.15.55:6789/0] -- mon_command({"prefix": "config get", "who": "mgr", "key": "mgr/dashboard/ssl_server_port"} v 0) v1 -- 0x7fa03804bed0 con 0x7fa038102770
2024-02-20T07:51:30.932 INFO:teuthology.orchestra.run.smithi055.stdout:/usr/bin/ceph: stderr
2024-02-20T07:51:30.134+0000 7fa01ffff700 1 -- 172.21.15.55:0/3945395277 <== mon.0 v2:172.21.15.55:3300/0 7 ==== mon_command_ack([{"prefix": "config get", "who": "mgr", "key": "mgr/dashboard/ssl_server_port"}]=0 v8) v1 ==== 112+0+5 (secure 0 0 0) 0x7fa02c02b2f0 con 0x7fa038102770
2024-02-20T07:51:30.932 INFO:teuthology.orchestra.run.smithi055.stdout:/usr/bin/ceph: stderr
2024-02-20T07:51:30.136+0000 7fa03daea700 1 -- 172.21.15.55:0/3945395277 >> [v2:172.21.15.55:6800/2284801197,v1:172.21.15.55:6801/2284801197] conn(0x7fa0200367e0 msgr2=0x7fa020038c90 secure :-1 s=STATE_CONNECTION_ESTABLISHED l=1).mark_down
2024-02-20T07:51:30.932 INFO:teuthology.orchestra.run.smithi055.stdout:/usr/bin/ceph: stderr
2024-02-20T07:51:30.136+0000 7fa03daea700 1 --2- 172.21.15.55:0/3945395277 >> [v2:172.21.15.55:6800/2284801197,v1:172.21.15.55:6801/2284801197] conn(0x7fa0200367e0 0x7fa020038c90 secure :-1 s=READY pgs=9 cs=0 l=1 rev1=1 crypto rx=0x7fa028009990 tx=0x7fa028006e40 comp rx=0 tx=0).stop
2024-02-20T07:51:30.933 INFO:teuthology.orchestra.run.smithi055.stdout:/usr/bin/ceph: stderr
2024-02-20T07:51:30.136+0000 7fa03daea700 1 -- 172.21.15.55:0/3945395277 >> [v2:172.21.15.55:3300/0,v1:172.21.15.55:6789/0] conn(0x7fa038102770 msgr2=0x7fa0381115c0 secure :-1 s=STATE_CONNECTION_ESTABLISHED l=1).mark_down
2024-02-20T07:51:30.933 INFO:teuthology.orchestra.run.smithi055.stdout:/usr/bin/ceph: stderr
2024-02-20T07:51:30.136+0000 7fa03daea700 1 --2- 172.21.15.55:0/3945395277 >> [v2:172.21.15.55:3300/0,v1:172.21.15.55:6789/0] conn(0x7fa038102770 0x7fa0381115c0 secure :-1 s=READY pgs=83 cs=0 l=1 rev1=1 crypto rx=0x7fa02c011680 tx=0x7fa02c009250 comp rx=0 tx=0).stop
2024-02-20T07:51:30.933 INFO:teuthology.orchestra.run.smithi055.stdout:/usr/bin/ceph: stderr
2024-02-20T07:51:30.136+0000 7fa03daea700 1 -- 172.21.15.55:0/3945395277 shutdown_connections
2024-02-20T07:51:30.933 INFO:teuthology.orchestra.run.smithi055.stdout:/usr/bin/ceph: stderr
2024-02-20T07:51:30.136+0000 7fa03daea700 1 --2- 172.21.15.55:0/3945395277 >> [v2:172.21.15.55:6800/2284801197,v1:172.21.15.55:6801/2284801197] conn(0x7fa0200367e0 0x7fa020038c90 unknown :-1 s=CLOSED pgs=9 cs=0 l=1 rev1=1 crypto rx=0 tx=0 comp rx=0 tx=0).stop
2024-02-20T07:51:30.933 INFO:teuthology.orchestra.run.smithi055.stdout:/usr/bin/ceph: stderr
2024-02-20T07:51:30.136+0000 7fa03daea700 1 --2- 172.21.15.55:0/3945395277 >> [v2:172.21.15.55:3300/0,v1:172.21.15.55:6789/0] conn(0x7fa038102770 0x7fa0381115c0 unknown :-1 s=CLOSED pgs=83 cs=0 l=1 rev1=1 crypto rx=0 tx=0 comp rx=0 tx=0).stop
2024-02-20T07:51:30.933 INFO:teuthology.orchestra.run.smithi055.stdout:/usr/bin/ceph: stderr
2024-02-20T07:51:30.136+0000 7fa03daea700 1 -- 172.21.15.55:0/3945395277 >> 172.21.15.55:0/3945395277 conn(0x7fa0380fded0 msgr2=0x7fa0380ff5b0 unknown :-1 s=STATE_NONE l=0).mark_down
2024-02-20T07:51:30.933 INFO:teuthology.orchestra.run.smithi055.stdout:/usr/bin/ceph: stderr
2024-02-20T07:51:30.137+0000 7fa03daea700 1 -- 172.21.15.55:0/3945395277 shutdown_connections
2024-02-20T07:51:30.933 INFO:teuthology.orchestra.run.smithi055.stdout:/usr/bin/ceph: stderr
2024-02-20T07:51:30.137+0000 7fa03daea700 1 -- 172.21.15.55:0/3945395277 wait complete.
2024-02-20T07:51:30.937 INFO:teuthology.orchestra.run.smithi055.stdout:Non-zero exit code 1 from systemctl is-enabled firewalld.service
2024-02-20T07:51:30.937 INFO:teuthology.orchestra.run.smithi055.stdout:systemctl: stdout disabled
2024-02-20T07:51:30.945 INFO:teuthology.orchestra.run.smithi055.stdout:Non-zero exit code 3 from systemctl is-active firewalld.service
2024-02-20T07:51:30.945 INFO:teuthology.orchestra.run.smithi055.stdout:systemctl: stdout inactive
2024-02-20T07:51:30.945 INFO:teuthology.orchestra.run.smithi055.stdout:firewalld.service is not enabled
2024-02-20T07:51:30.945 INFO:teuthology.orchestra.run.smithi055.stdout:Not possible to open ports <[8443]>. firewalld.service is not available
2024-02-20T07:51:30.947 INFO:teuthology.orchestra.run.smithi055.stdout:Ceph Dashboard is now available at:
2024-02-20T07:51:30.947 INFO:teuthology.orchestra.run.smithi055.stdout:
2024-02-20T07:51:30.947 INFO:teuthology.orchestra.run.smithi055.stdout: URL: https://smithi055.front.sepia.ceph.com:8443/
2024-02-20T07:51:30.947 INFO:teuthology.orchestra.run.smithi055.stdout: User: admin
2024-02-20T07:51:30.947 INFO:teuthology.orchestra.run.smithi055.stdout: Password: f1inx95yqj
2024-02-20T07:51:30.947 INFO:teuthology.orchestra.run.smithi055.stdout:
2024-02-20T07:51:30.947 INFO:teuthology.orchestra.run.smithi055.stdout:Saving cluster configuration to /var/lib/ceph/9a1162a4-cfc4-11ee-95bb-87774f69a715/config directory
2024-02-20T07:51:30.948 INFO:teuthology.orchestra.run.smithi055.stdout:Enabling autotune for osd_memory_target
2024-02-20T07:51:31.055 INFO:journalctl@ceph.mon.smithi055.smithi055.stdout:Feb 20 07:51:30 smithi055 ceph-mon[29254]: from='client.? 172.21.15.55:0/3945395277' entity='client.admin' cmd=[{"prefix": "config get", "who": "mgr", "key": "mgr/dashboard/ssl_server_port"}]: dispatch
2024-02-20T07:51:32.085 INFO:journalctl@ceph.mon.smithi055.smithi055.stdout:Feb 20 07:51:31 smithi055 ceph-mon[29254]: mgrmap e13: smithi055.stjper(active, since 6s)
2024-02-20T07:51:32.093 INFO:teuthology.orchestra.run.smithi055.stdout:/usr/bin/ceph: stderr
2024-02-20T07:51:31.364+0000 7f681c265700 1 Processor -- start
2024-02-20T07:51:32.093 INFO:teuthology.orchestra.run.smithi055.stdout:/usr/bin/ceph: stderr
2024-02-20T07:51:31.365+0000 7f681c265700 1 -- start start
2024-02-20T07:51:32.093 INFO:teuthology.orchestra.run.smithi055.stdout:/usr/bin/ceph: stderr
2024-02-20T07:51:31.365+0000 7f681c265700 1 --2- >> [v2:172.21.15.55:3300/0,v1:172.21.15.55:6789/0] conn(0x7f68140714a0 0x7f6814105360 unknown :-1 s=NONE pgs=0 cs=0 l=0 rev1=0 crypto rx=0 tx=0 comp rx=0 tx=0).connect
2024-02-20T07:51:32.093 INFO:teuthology.orchestra.run.smithi055.stdout:/usr/bin/ceph: stderr
2024-02-20T07:51:31.365+0000 7f681c265700 1 -- --> [v2:172.21.15.55:3300/0,v1:172.21.15.55:6789/0] -- mon_getmap magic: 0 v1 -- 0x7f68141058a0 con 0x7f68140714a0
2024-02-20T07:51:32.093 INFO:teuthology.orchestra.run.smithi055.stdout:/usr/bin/ceph: stderr
2024-02-20T07:51:31.365+0000 7f681a001700 1 --2- >> [v2:172.21.15.55:3300/0,v1:172.21.15.55:6789/0] conn(0x7f68140714a0 0x7f6814105360 unknown :-1 s=BANNER_CONNECTING pgs=0 cs=0 l=0 rev1=0 crypto rx=0 tx=0 comp rx=0 tx=0)._handle_peer_banner_payload supported=3 required=0
2024-02-20T07:51:32.093 INFO:teuthology.orchestra.run.smithi055.stdout:/usr/bin/ceph: stderr
2024-02-20T07:51:31.365+0000 7f681a001700 1 --2- >> [v2:172.21.15.55:3300/0,v1:172.21.15.55:6789/0] conn(0x7f68140714a0 0x7f6814105360 unknown :-1 s=HELLO_CONNECTING pgs=0 cs=0 l=0 rev1=1 crypto rx=0 tx=0 comp rx=0 tx=0).handle_hello peer v2:172.21.15.55:3300/0 says I am v2:172.21.15.55:58400/0 (socket says 172.21.15.55:58400)
2024-02-20T07:51:32.093 INFO:teuthology.orchestra.run.smithi055.stdout:/usr/bin/ceph: stderr
2024-02-20T07:51:31.365+0000 7f681a001700 1 -- 172.21.15.55:0/3576954560 learned_addr learned my addr 172.21.15.55:0/3576954560 (peer_addr_for_me v2:172.21.15.55:0/0)
2024-02-20T07:51:32.093 INFO:teuthology.orchestra.run.smithi055.stdout:/usr/bin/ceph: stderr
2024-02-20T07:51:31.365+0000 7f681a001700 1 -- 172.21.15.55:0/3576954560 --> [v2:172.21.15.55:3300/0,v1:172.21.15.55:6789/0] -- mon_subscribe({config=0+,monmap=0+}) v3 -- 0x7f68141059e0 con 0x7f68140714a0
2024-02-20T07:51:32.094 INFO:teuthology.orchestra.run.smithi055.stdout:/usr/bin/ceph: stderr
2024-02-20T07:51:31.366+0000 7f681a001700 1 --2- 172.21.15.55:0/3576954560 >> [v2:172.21.15.55:3300/0,v1:172.21.15.55:6789/0] conn(0x7f68140714a0 0x7f6814105360 secure :-1 s=READY pgs=84 cs=0 l=1 rev1=1 crypto rx=0x7f680c009e50 tx=0x7f680c009840 comp rx=0 tx=0).ready entity=mon.0 client_cookie=9148e3ab4b94f2a5 server_cookie=0 in_seq=0 out_seq=0
2024-02-20T07:51:32.094 INFO:teuthology.orchestra.run.smithi055.stdout:/usr/bin/ceph: stderr
2024-02-20T07:51:31.366+0000 7f6818fff700 1 -- 172.21.15.55:0/3576954560 <== mon.0 v2:172.21.15.55:3300/0 1 ==== mon_map magic: 0 v1 ==== 229+0+0 (secure 0 0 0) 0x7f680c0092e0 con 0x7f68140714a0
2024-02-20T07:51:32.094 INFO:teuthology.orchestra.run.smithi055.stdout:/usr/bin/ceph: stderr
2024-02-20T07:51:31.366+0000 7f6818fff700 1 -- 172.21.15.55:0/3576954560 <== mon.0 v2:172.21.15.55:3300/0 2 ==== config(27 keys) v1 ==== 1109+0+0 (secure 0 0 0) 0x7f680c012430 con 0x7f68140714a0
2024-02-20T07:51:32.094 INFO:teuthology.orchestra.run.smithi055.stdout:/usr/bin/ceph: stderr
2024-02-20T07:51:31.366+0000 7f6818fff700 1 -- 172.21.15.55:0/3576954560 <== mon.0 v2:172.21.15.55:3300/0 3 ==== mon_map magic: 0 v1 ==== 229+0+0 (secure 0 0 0) 0x7f680c0075a0 con 0x7f68140714a0
2024-02-20T07:51:32.094 INFO:teuthology.orchestra.run.smithi055.stdout:/usr/bin/ceph: stderr
2024-02-20T07:51:31.366+0000 7f681c265700 1 -- 172.21.15.55:0/3576954560 >> [v2:172.21.15.55:3300/0,v1:172.21.15.55:6789/0] conn(0x7f68140714a0 msgr2=0x7f6814105360 secure :-1 s=STATE_CONNECTION_ESTABLISHED l=1).mark_down
2024-02-20T07:51:32.094 INFO:teuthology.orchestra.run.smithi055.stdout:/usr/bin/ceph: stderr
2024-02-20T07:51:31.366+0000 7f681c265700 1 --2- 172.21.15.55:0/3576954560 >> [v2:172.21.15.55:3300/0,v1:172.21.15.55:6789/0] conn(0x7f68140714a0 0x7f6814105360 secure :-1 s=READY pgs=84 cs=0 l=1 rev1=1 crypto rx=0x7f680c009e50 tx=0x7f680c009840 comp rx=0 tx=0).stop
2024-02-20T07:51:32.094 INFO:teuthology.orchestra.run.smithi055.stdout:/usr/bin/ceph: stderr
2024-02-20T07:51:31.367+0000 7f681c265700 1 -- 172.21.15.55:0/3576954560 shutdown_connections
2024-02-20T07:51:32.094 INFO:teuthology.orchestra.run.smithi055.stdout:/usr/bin/ceph: stderr
2024-02-20T07:51:31.367+0000 7f681c265700 1 --2- 172.21.15.55:0/3576954560 >> [v2:172.21.15.55:3300/0,v1:172.21.15.55:6789/0] conn(0x7f68140714a0 0x7f6814105360 unknown :-1 s=CLOSED pgs=84 cs=0 l=1 rev1=1 crypto rx=0 tx=0 comp rx=0 tx=0).stop
2024-02-20T07:51:32.094 INFO:teuthology.orchestra.run.smithi055.stdout:/usr/bin/ceph: stderr
2024-02-20T07:51:31.367+0000 7f681c265700 1 -- 172.21.15.55:0/3576954560 >> 172.21.15.55:0/3576954560 conn(0x7f68140fcdd0 msgr2=0x7f68140ff200 unknown :-1 s=STATE_NONE l=0).mark_down
2024-02-20T07:51:32.094 INFO:teuthology.orchestra.run.smithi055.stdout:/usr/bin/ceph: stderr
2024-02-20T07:51:31.367+0000 7f681c265700 1 -- 172.21.15.55:0/3576954560 shutdown_connections
2024-02-20T07:51:32.094 INFO:teuthology.orchestra.run.smithi055.stdout:/usr/bin/ceph: stderr
2024-02-20T07:51:31.367+0000 7f681c265700 1 -- 172.21.15.55:0/3576954560 wait complete.
2024-02-20T07:51:32.094 INFO:teuthology.orchestra.run.smithi055.stdout:/usr/bin/ceph: stderr
2024-02-20T07:51:31.367+0000 7f681c265700 1 Processor -- start
2024-02-20T07:51:32.094 INFO:teuthology.orchestra.run.smithi055.stdout:/usr/bin/ceph: stderr
2024-02-20T07:51:31.367+0000 7f681c265700 1 -- start start
2024-02-20T07:51:32.095 INFO:teuthology.orchestra.run.smithi055.stdout:/usr/bin/ceph: stderr
2024-02-20T07:51:31.367+0000 7f681c265700 1 --2- >> [v2:172.21.15.55:3300/0,v1:172.21.15.55:6789/0] conn(0x7f68140714a0 0x7f6814102de0 unknown :-1 s=NONE pgs=0 cs=0 l=1 rev1=0 crypto rx=0 tx=0 comp rx=0 tx=0).connect
2024-02-20T07:51:32.095 INFO:teuthology.orchestra.run.smithi055.stdout:/usr/bin/ceph: stderr
2024-02-20T07:51:31.367+0000 7f681c265700 1 -- --> [v2:172.21.15.55:3300/0,v1:172.21.15.55:6789/0] -- mon_getmap magic: 0 v1 -- 0x7f6814101260 con 0x7f68140714a0
2024-02-20T07:51:32.095 INFO:teuthology.orchestra.run.smithi055.stdout:/usr/bin/ceph: stderr
2024-02-20T07:51:31.368+0000 7f681a001700 1 --2- >> [v2:172.21.15.55:3300/0,v1:172.21.15.55:6789/0] conn(0x7f68140714a0 0x7f6814102de0 unknown :-1 s=BANNER_CONNECTING pgs=0 cs=0 l=1 rev1=0 crypto rx=0 tx=0 comp rx=0 tx=0)._handle_peer_banner_payload supported=3 required=0
2024-02-20T07:51:32.095 INFO:teuthology.orchestra.run.smithi055.stdout:/usr/bin/ceph: stderr
2024-02-20T07:51:31.368+0000 7f681a001700 1 --2- >> [v2:172.21.15.55:3300/0,v1:172.21.15.55:6789/0] conn(0x7f68140714a0 0x7f6814102de0 unknown :-1 s=HELLO_CONNECTING pgs=0 cs=0 l=1 rev1=1 crypto rx=0 tx=0 comp rx=0 tx=0).handle_hello peer v2:172.21.15.55:3300/0 says I am v2:172.21.15.55:58414/0 (socket says 172.21.15.55:58414)
2024-02-20T07:51:32.095 INFO:teuthology.orchestra.run.smithi055.stdout:/usr/bin/ceph: stderr
2024-02-20T07:51:31.368+0000 7f681a001700 1 -- 172.21.15.55:0/3165680313 learned_addr learned my addr 172.21.15.55:0/3165680313 (peer_addr_for_me v2:172.21.15.55:0/0)
2024-02-20T07:51:32.095 INFO:teuthology.orchestra.run.smithi055.stdout:/usr/bin/ceph: stderr
2024-02-20T07:51:31.368+0000 7f681a001700 1 -- 172.21.15.55:0/3165680313 --> [v2:172.21.15.55:3300/0,v1:172.21.15.55:6789/0] -- mon_subscribe({config=0+,monmap=0+}) v3 -- 0x7f680c009ae0 con 0x7f68140714a0
2024-02-20T07:51:32.095 INFO:teuthology.orchestra.run.smithi055.stdout:/usr/bin/ceph: stderr
2024-02-20T07:51:31.368+0000 7f681a001700 1 --2- 172.21.15.55:0/3165680313 >> [v2:172.21.15.55:3300/0,v1:172.21.15.55:6789/0] conn(0x7f68140714a0 0x7f6814102de0 secure :-1 s=READY pgs=85 cs=0 l=1 rev1=1 crypto rx=0x7f680c012de0 tx=0x7f680c009840 comp rx=0 tx=0).ready entity=mon.0 client_cookie=0 server_cookie=0 in_seq=0 out_seq=0
2024-02-20T07:51:32.095 INFO:teuthology.orchestra.run.smithi055.stdout:/usr/bin/ceph: stderr
2024-02-20T07:51:31.368+0000 7f68127fc700 1 -- 172.21.15.55:0/3165680313 <== mon.0 v2:172.21.15.55:3300/0 1 ==== mon_map magic: 0 v1 ==== 229+0+0 (secure 0 0 0) 0x7f680c0092e0 con 0x7f68140714a0
2024-02-20T07:51:32.095 INFO:teuthology.orchestra.run.smithi055.stdout:/usr/bin/ceph: stderr
2024-02-20T07:51:31.368+0000 7f68127fc700 1 -- 172.21.15.55:0/3165680313 <== mon.0 v2:172.21.15.55:3300/0 2 ==== config(27 keys) v1 ==== 1109+0+0 (secure 0 0 0) 0x7f680c007d30 con 0x7f68140714a0
2024-02-20T07:51:32.095 INFO:teuthology.orchestra.run.smithi055.stdout:/usr/bin/ceph: stderr
2024-02-20T07:51:31.368+0000 7f681c265700 1 -- 172.21.15.55:0/3165680313 --> [v2:172.21.15.55:3300/0,v1:172.21.15.55:6789/0] -- mon_subscribe({mgrmap=0+}) v3 -- 0x7f6814101460 con 0x7f68140714a0
2024-02-20T07:51:32.095 INFO:teuthology.orchestra.run.smithi055.stdout:/usr/bin/ceph: stderr
2024-02-20T07:51:31.368+0000 7f68127fc700 1 -- 172.21.15.55:0/3165680313 <== mon.0 v2:172.21.15.55:3300/0 3 ==== mon_map magic: 0 v1 ==== 229+0+0 (secure 0 0 0) 0x7f680c025a00 con 0x7f68140714a0
2024-02-20T07:51:32.095 INFO:teuthology.orchestra.run.smithi055.stdout:/usr/bin/ceph: stderr
2024-02-20T07:51:31.368+0000 7f681c265700 1 -- 172.21.15.55:0/3165680313 --> [v2:172.21.15.55:3300/0,v1:172.21.15.55:6789/0] -- mon_subscribe({osdmap=0}) v3 -- 0x7f68141018f0 con 0x7f68140714a0
2024-02-20T07:51:32.095 INFO:teuthology.orchestra.run.smithi055.stdout:/usr/bin/ceph: stderr
2024-02-20T07:51:31.369+0000 7f68127fc700 1 -- 172.21.15.55:0/3165680313 <== mon.0 v2:172.21.15.55:3300/0 4 ==== mgrmap(e 13) v1 ==== 43424+0+0 (secure 0 0 0) 0x7f680c019050 con 0x7f68140714a0
2024-02-20T07:51:32.095 INFO:teuthology.orchestra.run.smithi055.stdout:/usr/bin/ceph: stderr
2024-02-20T07:51:31.369+0000 7f681c265700 1 -- 172.21.15.55:0/3165680313 --> [v2:172.21.15.55:3300/0,v1:172.21.15.55:6789/0] -- mon_command({"prefix": "get_command_descriptions"} v 0) v1 -- 0x7f681410b680 con 0x7f68140714a0
2024-02-20T07:51:32.096 INFO:teuthology.orchestra.run.smithi055.stdout:/usr/bin/ceph: stderr
2024-02-20T07:51:31.369+0000 7f68127fc700 1 --2- 172.21.15.55:0/3165680313 >> [v2:172.21.15.55:6800/2284801197,v1:172.21.15.55:6801/2284801197] conn(0x7f67fc036880 0x7f67fc038d30 unknown :-1 s=NONE pgs=0 cs=0 l=1 rev1=0 crypto rx=0 tx=0 comp rx=0 tx=0).connect
2024-02-20T07:51:32.096 INFO:teuthology.orchestra.run.smithi055.stdout:/usr/bin/ceph: stderr
2024-02-20T07:51:31.369+0000 7f68127fc700 1 -- 172.21.15.55:0/3165680313 <== mon.0 v2:172.21.15.55:3300/0 5 ==== osd_map(3..3 src has 1..3) v4 ==== 1151+0+0 (secure 0 0 0) 0x7f680c04a280 con 0x7f68140714a0
2024-02-20T07:51:32.096 INFO:teuthology.orchestra.run.smithi055.stdout:/usr/bin/ceph: stderr
2024-02-20T07:51:31.369+0000 7f6819800700 1 --2- 172.21.15.55:0/3165680313 >> [v2:172.21.15.55:6800/2284801197,v1:172.21.15.55:6801/2284801197] conn(0x7f67fc036880 0x7f67fc038d30 unknown :-1 s=BANNER_CONNECTING pgs=0 cs=0 l=1 rev1=0 crypto rx=0 tx=0 comp rx=0 tx=0)._handle_peer_banner_payload supported=3 required=0
2024-02-20T07:51:32.096 INFO:teuthology.orchestra.run.smithi055.stdout:/usr/bin/ceph: stderr
2024-02-20T07:51:31.370+0000 7f6819800700 1 --2- 172.21.15.55:0/3165680313 >> [v2:172.21.15.55:6800/2284801197,v1:172.21.15.55:6801/2284801197] conn(0x7f67fc036880 0x7f67fc038d30 secure :-1 s=READY pgs=10 cs=0 l=1 rev1=1 crypto rx=0x7f6808009990 tx=0x7f6808006e40 comp rx=0 tx=0).ready entity=mgr.14160 client_cookie=0 server_cookie=0 in_seq=0 out_seq=0
2024-02-20T07:51:32.096 INFO:teuthology.orchestra.run.smithi055.stdout:/usr/bin/ceph: stderr
2024-02-20T07:51:31.375+0000 7f68127fc700 1 -- 172.21.15.55:0/3165680313 <== mon.0 v2:172.21.15.55:3300/0 6 ==== mon_command_ack([{"prefix": "get_command_descriptions"}]=0 v0) v1 ==== 72+0+175031 (secure 0 0 0) 0x7f680c02d9a0 con 0x7f68140714a0
2024-02-20T07:51:32.096 INFO:teuthology.orchestra.run.smithi055.stdout:/usr/bin/ceph: stderr
2024-02-20T07:51:31.567+0000 7f681c265700 1 -- 172.21.15.55:0/3165680313 --> [v2:172.21.15.55:3300/0,v1:172.21.15.55:6789/0] -- mon_command([{prefix=config set, name=osd_memory_target_autotune}] v 0) v1 -- 0x7f68141067c0 con 0x7f68140714a0
2024-02-20T07:51:32.096 INFO:teuthology.orchestra.run.smithi055.stdout:/usr/bin/ceph: stderr
2024-02-20T07:51:31.568+0000 7f68127fc700 1 -- 172.21.15.55:0/3165680313 <== mon.0 v2:172.21.15.55:3300/0 7 ==== mon_command_ack([{prefix=config set, name=osd_memory_target_autotune}]=0 v8)=0 v8) v1 ==== 127+0+0 (secure 0 0 0) 0x7f680c017070 con 0x7f68140714a0
2024-02-20T07:51:32.096 INFO:teuthology.orchestra.run.smithi055.stdout:/usr/bin/ceph: stderr
2024-02-20T07:51:31.569+0000 7f681c265700 1 -- 172.21.15.55:0/3165680313 >> [v2:172.21.15.55:6800/2284801197,v1:172.21.15.55:6801/2284801197] conn(0x7f67fc036880 msgr2=0x7f67fc038d30 secure :-1 s=STATE_CONNECTION_ESTABLISHED l=1).mark_down
2024-02-20T07:51:32.096 INFO:teuthology.orchestra.run.smithi055.stdout:/usr/bin/ceph: stderr
2024-02-20T07:51:31.569+0000 7f681c265700 1 --2- 172.21.15.55:0/3165680313 >> [v2:172.21.15.55:6800/2284801197,v1:172.21.15.55:6801/2284801197] conn(0x7f67fc036880 0x7f67fc038d30 secure :-1 s=READY pgs=10 cs=0 l=1 rev1=1 crypto rx=0x7f6808009990 tx=0x7f6808006e40 comp rx=0 tx=0).stop
2024-02-20T07:51:32.096 INFO:teuthology.orchestra.run.smithi055.stdout:/usr/bin/ceph: stderr
2024-02-20T07:51:31.569+0000 7f681c265700 1 -- 172.21.15.55:0/3165680313 >> [v2:172.21.15.55:3300/0,v1:172.21.15.55:6789/0] conn(0x7f68140714a0 msgr2=0x7f6814102de0 secure :-1 s=STATE_CONNECTION_ESTABLISHED l=1).mark_down
2024-02-20T07:51:32.096 INFO:teuthology.orchestra.run.smithi055.stdout:/usr/bin/ceph: stderr
2024-02-20T07:51:31.569+0000 7f681c265700 1 --2- 172.21.15.55:0/3165680313 >> [v2:172.21.15.55:3300/0,v1:172.21.15.55:6789/0] conn(0x7f68140714a0 0x7f6814102de0 secure :-1 s=READY pgs=85 cs=0 l=1 rev1=1 crypto rx=0x7f680c012de0 tx=0x7f680c009840 comp rx=0 tx=0).stop
2024-02-20T07:51:32.096 INFO:teuthology.orchestra.run.smithi055.stdout:/usr/bin/ceph: stderr
2024-02-20T07:51:31.570+0000 7f681c265700 1 -- 172.21.15.55:0/3165680313 shutdown_connections
2024-02-20T07:51:32.096 INFO:teuthology.orchestra.run.smithi055.stdout:/usr/bin/ceph: stderr
2024-02-20T07:51:31.570+0000 7f681c265700 1 --2- 172.21.15.55:0/3165680313 >> [v2:172.21.15.55:6800/2284801197,v1:172.21.15.55:6801/2284801197] conn(0x7f67fc036880 0x7f67fc038d30 unknown :-1 s=CLOSED pgs=10 cs=0 l=1 rev1=1 crypto rx=0 tx=0 comp rx=0 tx=0).stop
2024-02-20T07:51:32.096 INFO:teuthology.orchestra.run.smithi055.stdout:/usr/bin/ceph: stderr
2024-02-20T07:51:31.570+0000 7f681c265700 1 --2- 172.21.15.55:0/3165680313 >> [v2:172.21.15.55:3300/0,v1:172.21.15.55:6789/0] conn(0x7f68140714a0 0x7f6814102de0 unknown :-1 s=CLOSED pgs=85 cs=0 l=1 rev1=1 crypto rx=0 tx=0 comp rx=0 tx=0).stop
2024-02-20T07:51:32.097 INFO:teuthology.orchestra.run.smithi055.stdout:/usr/bin/ceph: stderr
2024-02-20T07:51:31.570+0000 7f681c265700 1 -- 172.21.15.55:0/3165680313 >> 172.21.15.55:0/3165680313 conn(0x7f68140fcdd0 msgr2=0x7f68140fe530 unknown :-1 s=STATE_NONE l=0).mark_down
2024-02-20T07:51:32.097 INFO:teuthology.orchestra.run.smithi055.stdout:/usr/bin/ceph: stderr
2024-02-20T07:51:31.570+0000 7f681c265700 1 -- 172.21.15.55:0/3165680313 shutdown_connections
2024-02-20T07:51:32.097 INFO:teuthology.orchestra.run.smithi055.stdout:/usr/bin/ceph: stderr
2024-02-20T07:51:31.570+0000 7f681c265700 1 -- 172.21.15.55:0/3165680313 wait complete.
2024-02-20T07:51:33.359 INFO:teuthology.orchestra.run.smithi055.stdout:/usr/bin/ceph: stderr
2024-02-20T07:51:32.497+0000 7f6c5cade700 1 Processor -- start
2024-02-20T07:51:33.359 INFO:teuthology.orchestra.run.smithi055.stdout:/usr/bin/ceph: stderr
2024-02-20T07:51:32.497+0000 7f6c5cade700 1 -- start start
2024-02-20T07:51:33.359 INFO:teuthology.orchestra.run.smithi055.stdout:/usr/bin/ceph: stderr
2024-02-20T07:51:32.497+0000 7f6c5cade700 1 --2- >> [v2:172.21.15.55:3300/0,v1:172.21.15.55:6789/0] conn(0x7f6c58078d20 0x7f6c58077230 unknown :-1 s=NONE pgs=0 cs=0 l=0 rev1=0 crypto rx=0 tx=0 comp rx=0 tx=0).connect
2024-02-20T07:51:33.360 INFO:teuthology.orchestra.run.smithi055.stdout:/usr/bin/ceph: stderr
2024-02-20T07:51:32.497+0000 7f6c5cade700 1 -- --> [v2:172.21.15.55:3300/0,v1:172.21.15.55:6789/0] -- mon_getmap magic: 0 v1 -- 0x7f6c58079130 con 0x7f6c58078d20
2024-02-20T07:51:33.360 INFO:teuthology.orchestra.run.smithi055.stdout:/usr/bin/ceph: stderr
2024-02-20T07:51:32.497+0000 7f6c5659c700 1 --2- >> [v2:172.21.15.55:3300/0,v1:172.21.15.55:6789/0] conn(0x7f6c58078d20 0x7f6c58077230 unknown :-1 s=BANNER_CONNECTING pgs=0 cs=0 l=0 rev1=0 crypto rx=0 tx=0 comp rx=0 tx=0)._handle_peer_banner_payload supported=3 required=0
2024-02-20T07:51:33.360 INFO:teuthology.orchestra.run.smithi055.stdout:/usr/bin/ceph: stderr
2024-02-20T07:51:32.497+0000 7f6c5659c700 1 --2- >> [v2:172.21.15.55:3300/0,v1:172.21.15.55:6789/0] conn(0x7f6c58078d20 0x7f6c58077230 unknown :-1 s=HELLO_CONNECTING pgs=0 cs=0 l=0 rev1=1 crypto rx=0 tx=0 comp rx=0 tx=0).handle_hello peer v2:172.21.15.55:3300/0 says I am v2:172.21.15.55:54836/0 (socket says 172.21.15.55:54836)
2024-02-20T07:51:33.360 INFO:teuthology.orchestra.run.smithi055.stdout:/usr/bin/ceph: stderr
2024-02-20T07:51:32.497+0000 7f6c5659c700 1 -- 172.21.15.55:0/3656910867 learned_addr learned my addr 172.21.15.55:0/3656910867 (peer_addr_for_me v2:172.21.15.55:0/0)
2024-02-20T07:51:33.360 INFO:teuthology.orchestra.run.smithi055.stdout:/usr/bin/ceph: stderr
2024-02-20T07:51:32.498+0000 7f6c5659c700 1 -- 172.21.15.55:0/3656910867 --> [v2:172.21.15.55:3300/0,v1:172.21.15.55:6789/0] -- mon_subscribe({config=0+,monmap=0+}) v3 -- 0x7f6c58077770 con 0x7f6c58078d20
2024-02-20T07:51:33.360 INFO:teuthology.orchestra.run.smithi055.stdout:/usr/bin/ceph: stderr
2024-02-20T07:51:32.498+0000 7f6c5659c700 1 --2- 172.21.15.55:0/3656910867 >> [v2:172.21.15.55:3300/0,v1:172.21.15.55:6789/0] conn(0x7f6c58078d20 0x7f6c58077230 secure :-1 s=READY pgs=86 cs=0 l=1 rev1=1 crypto rx=0x7f6c480098e0 tx=0x7f6c48009250 comp rx=0 tx=0).ready entity=mon.0 client_cookie=2aace3e14e96b11c server_cookie=0 in_seq=0 out_seq=0
2024-02-20T07:51:33.360 INFO:teuthology.orchestra.run.smithi055.stdout:/usr/bin/ceph: stderr
2024-02-20T07:51:32.498+0000 7f6c5559a700 1 -- 172.21.15.55:0/3656910867 <== mon.0 v2:172.21.15.55:3300/0 1 ==== mon_map magic: 0 v1 ==== 229+0+0 (secure 0 0 0) 0x7f6c4800b860 con 0x7f6c58078d20
2024-02-20T07:51:33.360 INFO:teuthology.orchestra.run.smithi055.stdout:/usr/bin/ceph: stderr
2024-02-20T07:51:32.498+0000 7f6c5559a700 1 -- 172.21.15.55:0/3656910867 <== mon.0 v2:172.21.15.55:3300/0 2 ==== config(27 keys) v1 ==== 1109+0+0 (secure 0 0 0) 0x7f6c4800be90 con 0x7f6c58078d20
2024-02-20T07:51:33.360 INFO:teuthology.orchestra.run.smithi055.stdout:/usr/bin/ceph: stderr
2024-02-20T07:51:32.498+0000 7f6c5559a700 1 -- 172.21.15.55:0/3656910867 <== mon.0 v2:172.21.15.55:3300/0 3 ==== mon_map magic: 0 v1 ==== 229+0+0 (secure 0 0 0) 0x7f6c480103c0 con 0x7f6c58078d20
2024-02-20T07:51:33.360 INFO:teuthology.orchestra.run.smithi055.stdout:/usr/bin/ceph: stderr
2024-02-20T07:51:32.498+0000 7f6c5cade700 1 -- 172.21.15.55:0/3656910867 >> [v2:172.21.15.55:3300/0,v1:172.21.15.55:6789/0] conn(0x7f6c58078d20 msgr2=0x7f6c58077230 secure :-1 s=STATE_CONNECTION_ESTABLISHED l=1).mark_down
2024-02-20T07:51:33.360 INFO:teuthology.orchestra.run.smithi055.stdout:/usr/bin/ceph: stderr
2024-02-20T07:51:32.498+0000 7f6c5cade700 1 --2- 172.21.15.55:0/3656910867 >> [v2:172.21.15.55:3300/0,v1:172.21.15.55:6789/0] conn(0x7f6c58078d20 0x7f6c58077230 secure :-1 s=READY pgs=86 cs=0 l=1 rev1=1 crypto rx=0x7f6c480098e0 tx=0x7f6c48009250 comp rx=0 tx=0).stop
2024-02-20T07:51:33.360 INFO:teuthology.orchestra.run.smithi055.stdout:/usr/bin/ceph: stderr
2024-02-20T07:51:32.499+0000 7f6c5cade700 1 -- 172.21.15.55:0/3656910867 shutdown_connections
2024-02-20T07:51:33.361 INFO:teuthology.orchestra.run.smithi055.stdout:/usr/bin/ceph: stderr
2024-02-20T07:51:32.499+0000 7f6c5cade700 1 --2- 172.21.15.55:0/3656910867 >> [v2:172.21.15.55:3300/0,v1:172.21.15.55:6789/0] conn(0x7f6c58078d20 0x7f6c58077230 unknown :-1 s=CLOSED pgs=86 cs=0 l=1 rev1=1 crypto rx=0 tx=0 comp rx=0 tx=0).stop
2024-02-20T07:51:33.361 INFO:teuthology.orchestra.run.smithi055.stdout:/usr/bin/ceph: stderr
2024-02-20T07:51:32.499+0000 7f6c5cade700 1 -- 172.21.15.55:0/3656910867 >> 172.21.15.55:0/3656910867 conn(0x7f6c580fded0 msgr2=0x7f6c58100300 unknown :-1 s=STATE_NONE l=0).mark_down
2024-02-20T07:51:33.361 INFO:teuthology.orchestra.run.smithi055.stdout:/usr/bin/ceph: stderr
2024-02-20T07:51:32.499+0000 7f6c5cade700 1 -- 172.21.15.55:0/3656910867 shutdown_connections
2024-02-20T07:51:33.361 INFO:teuthology.orchestra.run.smithi055.stdout:/usr/bin/ceph: stderr
2024-02-20T07:51:32.499+0000 7f6c5cade700 1 -- 172.21.15.55:0/3656910867 wait complete.
2024-02-20T07:51:33.361 INFO:teuthology.orchestra.run.smithi055.stdout:/usr/bin/ceph: stderr
2024-02-20T07:51:32.499+0000 7f6c5cade700 1 Processor -- start
2024-02-20T07:51:33.361 INFO:teuthology.orchestra.run.smithi055.stdout:/usr/bin/ceph: stderr
2024-02-20T07:51:32.499+0000 7f6c5cade700 1 -- start start
2024-02-20T07:51:33.361 INFO:teuthology.orchestra.run.smithi055.stdout:/usr/bin/ceph: stderr
2024-02-20T07:51:32.499+0000 7f6c5cade700 1 --2- >> [v2:172.21.15.55:3300/0,v1:172.21.15.55:6789/0] conn(0x7f6c58078d20 0x7f6c58113810 unknown :-1 s=NONE pgs=0 cs=0 l=1 rev1=0 crypto rx=0 tx=0 comp rx=0 tx=0).connect
2024-02-20T07:51:33.361 INFO:teuthology.orchestra.run.smithi055.stdout:/usr/bin/ceph: stderr
2024-02-20T07:51:32.499+0000 7f6c5cade700 1 -- --> [v2:172.21.15.55:3300/0,v1:172.21.15.55:6789/0] -- mon_getmap magic: 0 v1 -- 0x7f6c58113d50 con 0x7f6c58078d20
2024-02-20T07:51:33.361 INFO:teuthology.orchestra.run.smithi055.stdout:/usr/bin/ceph: stderr
2024-02-20T07:51:32.499+0000 7f6c5659c700 1 --2- >> [v2:172.21.15.55:3300/0,v1:172.21.15.55:6789/0] conn(0x7f6c58078d20 0x7f6c58113810 unknown :-1 s=BANNER_CONNECTING pgs=0 cs=0 l=1 rev1=0 crypto rx=0 tx=0 comp rx=0 tx=0)._handle_peer_banner_payload supported=3 required=0
2024-02-20T07:51:33.361 INFO:teuthology.orchestra.run.smithi055.stdout:/usr/bin/ceph: stderr
2024-02-20T07:51:32.499+0000 7f6c5659c700 1 --2- >> [v2:172.21.15.55:3300/0,v1:172.21.15.55:6789/0] conn(0x7f6c58078d20 0x7f6c58113810 unknown :-1 s=HELLO_CONNECTING pgs=0 cs=0 l=1 rev1=1 crypto rx=0 tx=0 comp rx=0 tx=0).handle_hello peer v2:172.21.15.55:3300/0 says I am v2:172.21.15.55:54840/0 (socket says 172.21.15.55:54840)
2024-02-20T07:51:33.361 INFO:teuthology.orchestra.run.smithi055.stdout:/usr/bin/ceph: stderr
2024-02-20T07:51:32.499+0000 7f6c5659c700 1 -- 172.21.15.55:0/3169318372 learned_addr learned my addr 172.21.15.55:0/3169318372 (peer_addr_for_me v2:172.21.15.55:0/0)
2024-02-20T07:51:33.361 INFO:teuthology.orchestra.run.smithi055.stdout:/usr/bin/ceph: stderr
