2024-02-20T07:51:10.925 INFO:teuthology.orchestra.run.smithi055.stdout:/usr/bin/ceph: stderr
2024-02-20T07:51:10.363+0000 7fb10716d700 1 -- 172.21.15.55:0/2360209762 shutdown_connections
2024-02-20T07:51:10.925 INFO:teuthology.orchestra.run.smithi055.stdout:/usr/bin/ceph: stderr
2024-02-20T07:51:10.364+0000 7fb10716d700 1 -- 172.21.15.55:0/2360209762 wait complete.
2024-02-20T07:51:10.925 INFO:teuthology.orchestra.run.smithi055.stdout:Deploying node-exporter service with default placement...
2024-02-20T07:51:12.116 INFO:journalctl@ceph.mon.smithi055.smithi055.stdout:Feb 20 07:51:11 smithi055 ceph-mon[29254]: from='client.14148 -' entity='client.admin' cmd=[{"prefix": "orch apply", "service_type": "grafana", "target": ["mon-mgr", ""]}]: dispatch
2024-02-20T07:51:12.116 INFO:journalctl@ceph.mon.smithi055.smithi055.stdout:Feb 20 07:51:11 smithi055 ceph-mon[29254]: Saving service grafana spec with placement count:1
2024-02-20T07:51:12.116 INFO:journalctl@ceph.mon.smithi055.smithi055.stdout:Feb 20 07:51:11 smithi055 ceph-mon[29254]: from='mgr.14118 172.21.15.55:0/1826130514' entity='mgr.smithi055.stjper'
2024-02-20T07:51:12.116 INFO:journalctl@ceph.mon.smithi055.smithi055.stdout:Feb 20 07:51:11 smithi055 ceph-mon[29254]: from='mgr.14118 172.21.15.55:0/1826130514' entity='mgr.smithi055.stjper'
2024-02-20T07:51:12.123 INFO:teuthology.orchestra.run.smithi055.stdout:/usr/bin/ceph: stdout Scheduled node-exporter update...
2024-02-20T07:51:12.124 INFO:teuthology.orchestra.run.smithi055.stdout:/usr/bin/ceph: stderr
2024-02-20T07:51:11.340+0000 7f9085f7d700 1 Processor -- start
2024-02-20T07:51:12.124 INFO:teuthology.orchestra.run.smithi055.stdout:/usr/bin/ceph: stderr
2024-02-20T07:51:11.340+0000 7f9085f7d700 1 -- start start
2024-02-20T07:51:12.124 INFO:teuthology.orchestra.run.smithi055.stdout:/usr/bin/ceph: stderr
2024-02-20T07:51:11.340+0000 7f9085f7d700 1 --2- >> [v2:172.21.15.55:3300/0,v1:172.21.15.55:6789/0] conn(0x7f9080078ce0 0x7f90800771f0 unknown :-1 s=NONE pgs=0 cs=0 l=0 rev1=0 crypto rx=0 tx=0 comp rx=0 tx=0).connect
2024-02-20T07:51:12.124 INFO:teuthology.orchestra.run.smithi055.stdout:/usr/bin/ceph: stderr
2024-02-20T07:51:11.340+0000 7f9085f7d700 1 -- --> [v2:172.21.15.55:3300/0,v1:172.21.15.55:6789/0] -- mon_getmap magic: 0 v1 -- 0x7f90800790f0 con 0x7f9080078ce0
2024-02-20T07:51:12.124 INFO:teuthology.orchestra.run.smithi055.stdout:/usr/bin/ceph: stderr
2024-02-20T07:51:11.340+0000 7f907f7fe700 1 --2- >> [v2:172.21.15.55:3300/0,v1:172.21.15.55:6789/0] conn(0x7f9080078ce0 0x7f90800771f0 unknown :-1 s=BANNER_CONNECTING pgs=0 cs=0 l=0 rev1=0 crypto rx=0 tx=0 comp rx=0 tx=0)._handle_peer_banner_payload supported=3 required=0
2024-02-20T07:51:12.124 INFO:teuthology.orchestra.run.smithi055.stdout:/usr/bin/ceph: stderr
2024-02-20T07:51:11.340+0000 7f907f7fe700 1 --2- >> [v2:172.21.15.55:3300/0,v1:172.21.15.55:6789/0] conn(0x7f9080078ce0 0x7f90800771f0 unknown :-1 s=HELLO_CONNECTING pgs=0 cs=0 l=0 rev1=1 crypto rx=0 tx=0 comp rx=0 tx=0).handle_hello peer v2:172.21.15.55:3300/0 says I am v2:172.21.15.55:49938/0 (socket says 172.21.15.55:49938)
2024-02-20T07:51:12.124 INFO:teuthology.orchestra.run.smithi055.stdout:/usr/bin/ceph: stderr
2024-02-20T07:51:11.340+0000 7f907f7fe700 1 -- 172.21.15.55:0/2241010533 learned_addr learned my addr 172.21.15.55:0/2241010533 (peer_addr_for_me v2:172.21.15.55:0/0)
2024-02-20T07:51:12.124 INFO:teuthology.orchestra.run.smithi055.stdout:/usr/bin/ceph: stderr
2024-02-20T07:51:11.341+0000 7f907f7fe700 1 -- 172.21.15.55:0/2241010533 --> [v2:172.21.15.55:3300/0,v1:172.21.15.55:6789/0] -- mon_subscribe({config=0+,monmap=0+}) v3 -- 0x7f9080077730 con 0x7f9080078ce0
2024-02-20T07:51:12.124 INFO:teuthology.orchestra.run.smithi055.stdout:/usr/bin/ceph: stderr
2024-02-20T07:51:11.341+0000 7f907f7fe700 1 --2- 172.21.15.55:0/2241010533 >> [v2:172.21.15.55:3300/0,v1:172.21.15.55:6789/0] conn(0x7f9080078ce0 0x7f90800771f0 secure :-1 s=READY pgs=55 cs=0 l=1 rev1=1 crypto rx=0x7f90700098e0 tx=0x7f9070009250 comp rx=0 tx=0).ready entity=mon.0 client_cookie=583c6665e9dd2c97 server_cookie=0 in_seq=0 out_seq=0
2024-02-20T07:51:12.124 INFO:teuthology.orchestra.run.smithi055.stdout:/usr/bin/ceph: stderr
2024-02-20T07:51:11.341+0000 7f907e7fc700 1 -- 172.21.15.55:0/2241010533 <== mon.0 v2:172.21.15.55:3300/0 1 ==== mon_map magic: 0 v1 ==== 229+0+0 (secure 0 0 0) 0x7f907000b860 con 0x7f9080078ce0
2024-02-20T07:51:12.124 INFO:teuthology.orchestra.run.smithi055.stdout:/usr/bin/ceph: stderr
2024-02-20T07:51:11.341+0000 7f907e7fc700 1 -- 172.21.15.55:0/2241010533 <== mon.0 v2:172.21.15.55:3300/0 2 ==== config(27 keys) v1 ==== 1109+0+0 (secure 0 0 0) 0x7f907000be90 con 0x7f9080078ce0
2024-02-20T07:51:12.124 INFO:teuthology.orchestra.run.smithi055.stdout:/usr/bin/ceph: stderr
2024-02-20T07:51:11.341+0000 7f907e7fc700 1 -- 172.21.15.55:0/2241010533 <== mon.0 v2:172.21.15.55:3300/0 3 ==== mon_map magic: 0 v1 ==== 229+0+0 (secure 0 0 0) 0x7f90700103c0 con 0x7f9080078ce0
2024-02-20T07:51:12.124 INFO:teuthology.orchestra.run.smithi055.stdout:/usr/bin/ceph: stderr
2024-02-20T07:51:11.341+0000 7f9085f7d700 1 -- 172.21.15.55:0/2241010533 >> [v2:172.21.15.55:3300/0,v1:172.21.15.55:6789/0] conn(0x7f9080078ce0 msgr2=0x7f90800771f0 secure :-1 s=STATE_CONNECTION_ESTABLISHED l=1).mark_down
2024-02-20T07:51:12.125 INFO:teuthology.orchestra.run.smithi055.stdout:/usr/bin/ceph: stderr
2024-02-20T07:51:11.341+0000 7f9085f7d700 1 --2- 172.21.15.55:0/2241010533 >> [v2:172.21.15.55:3300/0,v1:172.21.15.55:6789/0] conn(0x7f9080078ce0 0x7f90800771f0 secure :-1 s=READY pgs=55 cs=0 l=1 rev1=1 crypto rx=0x7f90700098e0 tx=0x7f9070009250 comp rx=0 tx=0).stop
2024-02-20T07:51:12.125 INFO:teuthology.orchestra.run.smithi055.stdout:/usr/bin/ceph: stderr
2024-02-20T07:51:11.341+0000 7f9085f7d700 1 -- 172.21.15.55:0/2241010533 shutdown_connections
2024-02-20T07:51:12.125 INFO:teuthology.orchestra.run.smithi055.stdout:/usr/bin/ceph: stderr
2024-02-20T07:51:11.341+0000 7f9085f7d700 1 --2- 172.21.15.55:0/2241010533 >> [v2:172.21.15.55:3300/0,v1:172.21.15.55:6789/0] conn(0x7f9080078ce0 0x7f90800771f0 unknown :-1 s=CLOSED pgs=55 cs=0 l=1 rev1=1 crypto rx=0 tx=0 comp rx=0 tx=0).stop
2024-02-20T07:51:12.125 INFO:teuthology.orchestra.run.smithi055.stdout:/usr/bin/ceph: stderr
2024-02-20T07:51:11.341+0000 7f9085f7d700 1 -- 172.21.15.55:0/2241010533 >> 172.21.15.55:0/2241010533 conn(0x7f90800fded0 msgr2=0x7f9080100300 unknown :-1 s=STATE_NONE l=0).mark_down
2024-02-20T07:51:12.125 INFO:teuthology.orchestra.run.smithi055.stdout:/usr/bin/ceph: stderr
2024-02-20T07:51:11.342+0000 7f9085f7d700 1 -- 172.21.15.55:0/2241010533 shutdown_connections
2024-02-20T07:51:12.125 INFO:teuthology.orchestra.run.smithi055.stdout:/usr/bin/ceph: stderr
2024-02-20T07:51:11.342+0000 7f9085f7d700 1 -- 172.21.15.55:0/2241010533 wait complete.
2024-02-20T07:51:12.125 INFO:teuthology.orchestra.run.smithi055.stdout:/usr/bin/ceph: stderr
2024-02-20T07:51:11.342+0000 7f9085f7d700 1 Processor -- start
2024-02-20T07:51:12.125 INFO:teuthology.orchestra.run.smithi055.stdout:/usr/bin/ceph: stderr
2024-02-20T07:51:11.342+0000 7f9085f7d700 1 -- start start
2024-02-20T07:51:12.125 INFO:teuthology.orchestra.run.smithi055.stdout:/usr/bin/ceph: stderr
2024-02-20T07:51:11.342+0000 7f9085f7d700 1 --2- >> [v2:172.21.15.55:3300/0,v1:172.21.15.55:6789/0] conn(0x7f9080078ce0 0x7f90801137e0 unknown :-1 s=NONE pgs=0 cs=0 l=1 rev1=0 crypto rx=0 tx=0 comp rx=0 tx=0).connect
2024-02-20T07:51:12.125 INFO:teuthology.orchestra.run.smithi055.stdout:/usr/bin/ceph: stderr
2024-02-20T07:51:11.342+0000 7f9085f7d700 1 -- --> [v2:172.21.15.55:3300/0,v1:172.21.15.55:6789/0] -- mon_getmap magic: 0 v1 -- 0x7f9080113d20 con 0x7f9080078ce0
2024-02-20T07:51:12.125 INFO:teuthology.orchestra.run.smithi055.stdout:/usr/bin/ceph: stderr
2024-02-20T07:51:11.342+0000 7f907f7fe700 1 --2- >> [v2:172.21.15.55:3300/0,v1:172.21.15.55:6789/0] conn(0x7f9080078ce0 0x7f90801137e0 unknown :-1 s=BANNER_CONNECTING pgs=0 cs=0 l=1 rev1=0 crypto rx=0 tx=0 comp rx=0 tx=0)._handle_peer_banner_payload supported=3 required=0
2024-02-20T07:51:12.125 INFO:teuthology.orchestra.run.smithi055.stdout:/usr/bin/ceph: stderr
2024-02-20T07:51:11.342+0000 7f907f7fe700 1 --2- >> [v2:172.21.15.55:3300/0,v1:172.21.15.55:6789/0] conn(0x7f9080078ce0 0x7f90801137e0 unknown :-1 s=HELLO_CONNECTING pgs=0 cs=0 l=1 rev1=1 crypto rx=0 tx=0 comp rx=0 tx=0).handle_hello peer v2:172.21.15.55:3300/0 says I am v2:172.21.15.55:49940/0 (socket says 172.21.15.55:49940)
2024-02-20T07:51:12.125 INFO:teuthology.orchestra.run.smithi055.stdout:/usr/bin/ceph: stderr
2024-02-20T07:51:11.342+0000 7f907f7fe700 1 -- 172.21.15.55:0/2687476221 learned_addr learned my addr 172.21.15.55:0/2687476221 (peer_addr_for_me v2:172.21.15.55:0/0)
2024-02-20T07:51:12.126 INFO:teuthology.orchestra.run.smithi055.stdout:/usr/bin/ceph: stderr
2024-02-20T07:51:11.343+0000 7f907f7fe700 1 -- 172.21.15.55:0/2687476221 --> [v2:172.21.15.55:3300/0,v1:172.21.15.55:6789/0] -- mon_subscribe({config=0+,monmap=0+}) v3 -- 0x7f90700094f0 con 0x7f9080078ce0
2024-02-20T07:51:12.126 INFO:teuthology.orchestra.run.smithi055.stdout:/usr/bin/ceph: stderr
2024-02-20T07:51:11.343+0000 7f907f7fe700 1 --2- 172.21.15.55:0/2687476221 >> [v2:172.21.15.55:3300/0,v1:172.21.15.55:6789/0] conn(0x7f9080078ce0 0x7f90801137e0 secure :-1 s=READY pgs=56 cs=0 l=1 rev1=1 crypto rx=0x7f9070006d40 tx=0x7f9070009250 comp rx=0 tx=0).ready entity=mon.0 client_cookie=0 server_cookie=0 in_seq=0 out_seq=0
2024-02-20T07:51:12.126 INFO:teuthology.orchestra.run.smithi055.stdout:/usr/bin/ceph: stderr
2024-02-20T07:51:11.343+0000 7f9067fff700 1 -- 172.21.15.55:0/2687476221 <== mon.0 v2:172.21.15.55:3300/0 1 ==== mon_map magic: 0 v1 ==== 229+0+0 (secure 0 0 0) 0x7f9070010840 con 0x7f9080078ce0
2024-02-20T07:51:12.126 INFO:teuthology.orchestra.run.smithi055.stdout:/usr/bin/ceph: stderr
2024-02-20T07:51:11.343+0000 7f9067fff700 1 -- 172.21.15.55:0/2687476221 <== mon.0 v2:172.21.15.55:3300/0 2 ==== config(27 keys) v1 ==== 1109+0+0 (secure 0 0 0) 0x7f9070010e70 con 0x7f9080078ce0
2024-02-20T07:51:12.126 INFO:teuthology.orchestra.run.smithi055.stdout:/usr/bin/ceph: stderr
2024-02-20T07:51:11.343+0000 7f9085f7d700 1 -- 172.21.15.55:0/2687476221 --> [v2:172.21.15.55:3300/0,v1:172.21.15.55:6789/0] -- mon_subscribe({mgrmap=0+}) v3 -- 0x7f9080113f20 con 0x7f9080078ce0
2024-02-20T07:51:12.126 INFO:teuthology.orchestra.run.smithi055.stdout:/usr/bin/ceph: stderr
2024-02-20T07:51:11.343+0000 7f9067fff700 1 -- 172.21.15.55:0/2687476221 <== mon.0 v2:172.21.15.55:3300/0 3 ==== mon_map magic: 0 v1 ==== 229+0+0 (secure 0 0 0) 0x7f9070024ea0 con 0x7f9080078ce0
2024-02-20T07:51:12.126 INFO:teuthology.orchestra.run.smithi055.stdout:/usr/bin/ceph: stderr
2024-02-20T07:51:11.343+0000 7f9085f7d700 1 -- 172.21.15.55:0/2687476221 --> [v2:172.21.15.55:3300/0,v1:172.21.15.55:6789/0] -- mon_subscribe({osdmap=0}) v3 -- 0x7f9080114bc0 con 0x7f9080078ce0
2024-02-20T07:51:12.126 INFO:teuthology.orchestra.run.smithi055.stdout:/usr/bin/ceph: stderr
2024-02-20T07:51:11.344+0000 7f9067fff700 1 -- 172.21.15.55:0/2687476221 <== mon.0 v2:172.21.15.55:3300/0 4 ==== mgrmap(e 8) v1 ==== 43368+0+0 (secure 0 0 0) 0x7f907001a4c0 con 0x7f9080078ce0
2024-02-20T07:51:12.126 INFO:teuthology.orchestra.run.smithi055.stdout:/usr/bin/ceph: stderr
2024-02-20T07:51:11.344+0000 7f9067fff700 1 --2- 172.21.15.55:0/2687476221 >> [v2:172.21.15.55:6800/4027903862,v1:172.21.15.55:6801/4027903862] conn(0x7f9068036790 0x7f9068038c40 unknown :-1 s=NONE pgs=0 cs=0 l=1 rev1=0 crypto rx=0 tx=0 comp rx=0 tx=0).connect
2024-02-20T07:51:12.126 INFO:teuthology.orchestra.run.smithi055.stdout:/usr/bin/ceph: stderr
2024-02-20T07:51:11.344+0000 7f9067fff700 1 -- 172.21.15.55:0/2687476221 <== mon.0 v2:172.21.15.55:3300/0 5 ==== osd_map(2..2 src has 1..2) v4 ==== 936+0+0 (secure 0 0 0) 0x7f907004a680 con 0x7f9080078ce0
2024-02-20T07:51:12.126 INFO:teuthology.orchestra.run.smithi055.stdout:/usr/bin/ceph: stderr
2024-02-20T07:51:11.344+0000 7f907effd700 1 --2- 172.21.15.55:0/2687476221 >> [v2:172.21.15.55:6800/4027903862,v1:172.21.15.55:6801/4027903862] conn(0x7f9068036790 0x7f9068038c40 unknown :-1 s=BANNER_CONNECTING pgs=0 cs=0 l=1 rev1=0 crypto rx=0 tx=0 comp rx=0 tx=0)._handle_peer_banner_payload supported=3 required=0
2024-02-20T07:51:12.126 INFO:teuthology.orchestra.run.smithi055.stdout:/usr/bin/ceph: stderr
2024-02-20T07:51:11.344+0000 7f9085f7d700 1 -- 172.21.15.55:0/2687476221 --> [v2:172.21.15.55:3300/0,v1:172.21.15.55:6789/0] -- mon_command({"prefix": "get_command_descriptions"} v 0) v1 -- 0x7f90801143b0 con 0x7f9080078ce0
2024-02-20T07:51:12.126 INFO:teuthology.orchestra.run.smithi055.stdout:/usr/bin/ceph: stderr
2024-02-20T07:51:11.345+0000 7f907effd700 1 --2- 172.21.15.55:0/2687476221 >> [v2:172.21.15.55:6800/4027903862,v1:172.21.15.55:6801/4027903862] conn(0x7f9068036790 0x7f9068038c40 secure :-1 s=READY pgs=17 cs=0 l=1 rev1=1 crypto rx=0x7f9074009990 tx=0x7f9074006e40 comp rx=0 tx=0).ready entity=mgr.14118 client_cookie=0 server_cookie=0 in_seq=0 out_seq=0
2024-02-20T07:51:12.126 INFO:teuthology.orchestra.run.smithi055.stdout:/usr/bin/ceph: stderr
2024-02-20T07:51:11.349+0000 7f9067fff700 1 -- 172.21.15.55:0/2687476221 <== mon.0 v2:172.21.15.55:3300/0 6 ==== mon_command_ack([{"prefix": "get_command_descriptions"}]=0 v0) v1 ==== 72+0+175031 (secure 0 0 0) 0x7f9070018940 con 0x7f9080078ce0
2024-02-20T07:51:12.127 INFO:teuthology.orchestra.run.smithi055.stdout:/usr/bin/ceph: stderr
2024-02-20T07:51:11.569+0000 7f9085f7d700 1 -- 172.21.15.55:0/2687476221 --> [v2:172.21.15.55:6800/4027903862,v1:172.21.15.55:6801/4027903862] -- mgr_command(tid 0: {"prefix": "orch apply", "service_type": "node-exporter", "target": ["mon-mgr", ""]}) v1 -- 0x7f90801001f0 con 0x7f9068036790
2024-02-20T07:51:12.127 INFO:teuthology.orchestra.run.smithi055.stdout:/usr/bin/ceph: stderr
2024-02-20T07:51:11.573+0000 7f9067fff700 1 -- 172.21.15.55:0/2687476221 <== mgr.14118 v2:172.21.15.55:6800/4027903862 1 ==== mgr_command_reply(tid 0: 0 ) v1 ==== 8+0+34 (secure 0 0 0) 0x7f90801001f0 con 0x7f9068036790
2024-02-20T07:51:12.127 INFO:teuthology.orchestra.run.smithi055.stdout:/usr/bin/ceph: stderr
2024-02-20T07:51:11.575+0000 7f9085f7d700 1 -- 172.21.15.55:0/2687476221 >> [v2:172.21.15.55:6800/4027903862,v1:172.21.15.55:6801/4027903862] conn(0x7f9068036790 msgr2=0x7f9068038c40 secure :-1 s=STATE_CONNECTION_ESTABLISHED l=1).mark_down
2024-02-20T07:51:12.127 INFO:teuthology.orchestra.run.smithi055.stdout:/usr/bin/ceph: stderr
2024-02-20T07:51:11.575+0000 7f9085f7d700 1 --2- 172.21.15.55:0/2687476221 >> [v2:172.21.15.55:6800/4027903862,v1:172.21.15.55:6801/4027903862] conn(0x7f9068036790 0x7f9068038c40 secure :-1 s=READY pgs=17 cs=0 l=1 rev1=1 crypto rx=0x7f9074009990 tx=0x7f9074006e40 comp rx=0 tx=0).stop
2024-02-20T07:51:12.127 INFO:teuthology.orchestra.run.smithi055.stdout:/usr/bin/ceph: stderr
2024-02-20T07:51:11.575+0000 7f9085f7d700 1 -- 172.21.15.55:0/2687476221 >> [v2:172.21.15.55:3300/0,v1:172.21.15.55:6789/0] conn(0x7f9080078ce0 msgr2=0x7f90801137e0 secure :-1 s=STATE_CONNECTION_ESTABLISHED l=1).mark_down
2024-02-20T07:51:12.127 INFO:teuthology.orchestra.run.smithi055.stdout:/usr/bin/ceph: stderr
2024-02-20T07:51:11.575+0000 7f9085f7d700 1 --2- 172.21.15.55:0/2687476221 >> [v2:172.21.15.55:3300/0,v1:172.21.15.55:6789/0] conn(0x7f9080078ce0 0x7f90801137e0 secure :-1 s=READY pgs=56 cs=0 l=1 rev1=1 crypto rx=0x7f9070006d40 tx=0x7f9070009250 comp rx=0 tx=0).stop
2024-02-20T07:51:12.127 INFO:teuthology.orchestra.run.smithi055.stdout:/usr/bin/ceph: stderr
2024-02-20T07:51:11.575+0000 7f9085f7d700 1 -- 172.21.15.55:0/2687476221 shutdown_connections
2024-02-20T07:51:12.127 INFO:teuthology.orchestra.run.smithi055.stdout:/usr/bin/ceph: stderr
2024-02-20T07:51:11.575+0000 7f9085f7d700 1 --2- 172.21.15.55:0/2687476221 >> [v2:172.21.15.55:6800/4027903862,v1:172.21.15.55:6801/4027903862] conn(0x7f9068036790 0x7f9068038c40 unknown :-1 s=CLOSED pgs=17 cs=0 l=1 rev1=1 crypto rx=0 tx=0 comp rx=0 tx=0).stop
2024-02-20T07:51:12.127 INFO:teuthology.orchestra.run.smithi055.stdout:/usr/bin/ceph: stderr
2024-02-20T07:51:11.575+0000 7f9085f7d700 1 --2- 172.21.15.55:0/2687476221 >> [v2:172.21.15.55:3300/0,v1:172.21.15.55:6789/0] conn(0x7f9080078ce0 0x7f90801137e0 unknown :-1 s=CLOSED pgs=56 cs=0 l=1 rev1=1 crypto rx=0 tx=0 comp rx=0 tx=0).stop
2024-02-20T07:51:12.127 INFO:teuthology.orchestra.run.smithi055.stdout:/usr/bin/ceph: stderr
2024-02-20T07:51:11.575+0000 7f9085f7d700 1 -- 172.21.15.55:0/2687476221 >> 172.21.15.55:0/2687476221 conn(0x7f90800fded0 msgr2=0x7f90800ff5d0 unknown :-1 s=STATE_NONE l=0).mark_down
2024-02-20T07:51:12.127 INFO:teuthology.orchestra.run.smithi055.stdout:/usr/bin/ceph: stderr
2024-02-20T07:51:11.575+0000 7f9085f7d700 1 -- 172.21.15.55:0/2687476221 shutdown_connections
2024-02-20T07:51:12.127 INFO:teuthology.orchestra.run.smithi055.stdout:/usr/bin/ceph: stderr
2024-02-20T07:51:11.576+0000 7f9085f7d700 1 -- 172.21.15.55:0/2687476221 wait complete.
2024-02-20T07:51:12.127 INFO:teuthology.orchestra.run.smithi055.stdout:Deploying alertmanager service with default placement...
2024-02-20T07:51:12.955 INFO:journalctl@ceph.mon.smithi055.smithi055.stdout:Feb 20 07:51:12 smithi055 ceph-mon[29254]: from='client.14150 -' entity='client.admin' cmd=[{"prefix": "orch apply", "service_type": "node-exporter", "target": ["mon-mgr", ""]}]: dispatch
2024-02-20T07:51:12.955 INFO:journalctl@ceph.mon.smithi055.smithi055.stdout:Feb 20 07:51:12 smithi055 ceph-mon[29254]: Saving service node-exporter spec with placement *
2024-02-20T07:51:14.128 INFO:teuthology.orchestra.run.smithi055.stdout:/usr/bin/ceph: stdout Scheduled alertmanager update...
2024-02-20T07:51:14.128 INFO:teuthology.orchestra.run.smithi055.stdout:/usr/bin/ceph: stderr
2024-02-20T07:51:13.316+0000 7fbe37c64700 1 Processor -- start
2024-02-20T07:51:14.129 INFO:teuthology.orchestra.run.smithi055.stdout:/usr/bin/ceph: stderr
2024-02-20T07:51:13.316+0000 7fbe37c64700 1 -- start start
2024-02-20T07:51:14.129 INFO:teuthology.orchestra.run.smithi055.stdout:/usr/bin/ceph: stderr
2024-02-20T07:51:13.317+0000 7fbe37c64700 1 --2- >> [v2:172.21.15.55:3300/0,v1:172.21.15.55:6789/0] conn(0x7fbe30101670 0x7fbe30101a80 unknown :-1 s=NONE pgs=0 cs=0 l=0 rev1=0 crypto rx=0 tx=0 comp rx=0 tx=0).connect
2024-02-20T07:51:14.129 INFO:teuthology.orchestra.run.smithi055.stdout:/usr/bin/ceph: stderr
2024-02-20T07:51:13.317+0000 7fbe37c64700 1 -- --> [v2:172.21.15.55:3300/0,v1:172.21.15.55:6789/0] -- mon_getmap magic: 0 v1 -- 0x7fbe30101fc0 con 0x7fbe30101670
2024-02-20T07:51:14.129 INFO:teuthology.orchestra.run.smithi055.stdout:/usr/bin/ceph: stderr
2024-02-20T07:51:13.317+0000 7fbe35a00700 1 --2- >> [v2:172.21.15.55:3300/0,v1:172.21.15.55:6789/0] conn(0x7fbe30101670 0x7fbe30101a80 unknown :-1 s=BANNER_CONNECTING pgs=0 cs=0 l=0 rev1=0 crypto rx=0 tx=0 comp rx=0 tx=0)._handle_peer_banner_payload supported=3 required=0
2024-02-20T07:51:14.129 INFO:teuthology.orchestra.run.smithi055.stdout:/usr/bin/ceph: stderr
2024-02-20T07:51:13.317+0000 7fbe35a00700 1 --2- >> [v2:172.21.15.55:3300/0,v1:172.21.15.55:6789/0] conn(0x7fbe30101670 0x7fbe30101a80 unknown :-1 s=HELLO_CONNECTING pgs=0 cs=0 l=0 rev1=1 crypto rx=0 tx=0 comp rx=0 tx=0).handle_hello peer v2:172.21.15.55:3300/0 says I am v2:172.21.15.55:50660/0 (socket says 172.21.15.55:50660)
2024-02-20T07:51:14.129 INFO:teuthology.orchestra.run.smithi055.stdout:/usr/bin/ceph: stderr
2024-02-20T07:51:13.317+0000 7fbe35a00700 1 -- 172.21.15.55:0/3412887690 learned_addr learned my addr 172.21.15.55:0/3412887690 (peer_addr_for_me v2:172.21.15.55:0/0)
2024-02-20T07:51:14.129 INFO:teuthology.orchestra.run.smithi055.stdout:/usr/bin/ceph: stderr
2024-02-20T07:51:13.317+0000 7fbe35a00700 1 -- 172.21.15.55:0/3412887690 --> [v2:172.21.15.55:3300/0,v1:172.21.15.55:6789/0] -- mon_subscribe({config=0+,monmap=0+}) v3 -- 0x7fbe30102100 con 0x7fbe30101670
2024-02-20T07:51:14.129 INFO:teuthology.orchestra.run.smithi055.stdout:/usr/bin/ceph: stderr
2024-02-20T07:51:13.317+0000 7fbe35a00700 1 --2- 172.21.15.55:0/3412887690 >> [v2:172.21.15.55:3300/0,v1:172.21.15.55:6789/0] conn(0x7fbe30101670 0x7fbe30101a80 secure :-1 s=READY pgs=57 cs=0 l=1 rev1=1 crypto rx=0x7fbe2c0098e0 tx=0x7fbe2c009250 comp rx=0 tx=0).ready entity=mon.0 client_cookie=50b3d52b5a123a74 server_cookie=0 in_seq=0 out_seq=0
2024-02-20T07:51:14.129 INFO:teuthology.orchestra.run.smithi055.stdout:/usr/bin/ceph: stderr
2024-02-20T07:51:13.317+0000 7fbe349fe700 1 -- 172.21.15.55:0/3412887690 <== mon.0 v2:172.21.15.55:3300/0 1 ==== mon_map magic: 0 v1 ==== 229+0+0 (secure 0 0 0) 0x7fbe2c00b860 con 0x7fbe30101670
2024-02-20T07:51:14.129 INFO:teuthology.orchestra.run.smithi055.stdout:/usr/bin/ceph: stderr
2024-02-20T07:51:13.317+0000 7fbe349fe700 1 -- 172.21.15.55:0/3412887690 <== mon.0 v2:172.21.15.55:3300/0 2 ==== config(27 keys) v1 ==== 1109+0+0 (secure 0 0 0) 0x7fbe2c00be90 con 0x7fbe30101670
2024-02-20T07:51:14.129 INFO:teuthology.orchestra.run.smithi055.stdout:/usr/bin/ceph: stderr
2024-02-20T07:51:13.317+0000 7fbe349fe700 1 -- 172.21.15.55:0/3412887690 <== mon.0 v2:172.21.15.55:3300/0 3 ==== mon_map magic: 0 v1 ==== 229+0+0 (secure 0 0 0) 0x7fbe2c0103c0 con 0x7fbe30101670
2024-02-20T07:51:14.130 INFO:teuthology.orchestra.run.smithi055.stdout:/usr/bin/ceph: stderr
2024-02-20T07:51:13.318+0000 7fbe37c64700 1 -- 172.21.15.55:0/3412887690 >> [v2:172.21.15.55:3300/0,v1:172.21.15.55:6789/0] conn(0x7fbe30101670 msgr2=0x7fbe30101a80 secure :-1 s=STATE_CONNECTION_ESTABLISHED l=1).mark_down
2024-02-20T07:51:14.130 INFO:teuthology.orchestra.run.smithi055.stdout:/usr/bin/ceph: stderr
2024-02-20T07:51:13.318+0000 7fbe37c64700 1 --2- 172.21.15.55:0/3412887690 >> [v2:172.21.15.55:3300/0,v1:172.21.15.55:6789/0] conn(0x7fbe30101670 0x7fbe30101a80 secure :-1 s=READY pgs=57 cs=0 l=1 rev1=1 crypto rx=0x7fbe2c0098e0 tx=0x7fbe2c009250 comp rx=0 tx=0).stop
2024-02-20T07:51:14.130 INFO:teuthology.orchestra.run.smithi055.stdout:/usr/bin/ceph: stderr
2024-02-20T07:51:13.318+0000 7fbe37c64700 1 -- 172.21.15.55:0/3412887690 shutdown_connections
2024-02-20T07:51:14.130 INFO:teuthology.orchestra.run.smithi055.stdout:/usr/bin/ceph: stderr
2024-02-20T07:51:13.318+0000 7fbe37c64700 1 --2- 172.21.15.55:0/3412887690 >> [v2:172.21.15.55:3300/0,v1:172.21.15.55:6789/0] conn(0x7fbe30101670 0x7fbe30101a80 unknown :-1 s=CLOSED pgs=57 cs=0 l=1 rev1=1 crypto rx=0 tx=0 comp rx=0 tx=0).stop
2024-02-20T07:51:14.130 INFO:teuthology.orchestra.run.smithi055.stdout:/usr/bin/ceph: stderr
2024-02-20T07:51:13.318+0000 7fbe37c64700 1 -- 172.21.15.55:0/3412887690 >> 172.21.15.55:0/3412887690 conn(0x7fbe300fcdd0 msgr2=0x7fbe300ff200 unknown :-1 s=STATE_NONE l=0).mark_down
2024-02-20T07:51:14.130 INFO:teuthology.orchestra.run.smithi055.stdout:/usr/bin/ceph: stderr
2024-02-20T07:51:13.318+0000 7fbe37c64700 1 -- 172.21.15.55:0/3412887690 shutdown_connections
2024-02-20T07:51:14.130 INFO:teuthology.orchestra.run.smithi055.stdout:/usr/bin/ceph: stderr
2024-02-20T07:51:13.318+0000 7fbe37c64700 1 -- 172.21.15.55:0/3412887690 wait complete.
2024-02-20T07:51:14.130 INFO:teuthology.orchestra.run.smithi055.stdout:/usr/bin/ceph: stderr
2024-02-20T07:51:13.319+0000 7fbe37c64700 1 Processor -- start
2024-02-20T07:51:14.130 INFO:teuthology.orchestra.run.smithi055.stdout:/usr/bin/ceph: stderr
2024-02-20T07:51:13.319+0000 7fbe37c64700 1 -- start start
2024-02-20T07:51:14.130 INFO:teuthology.orchestra.run.smithi055.stdout:/usr/bin/ceph: stderr
2024-02-20T07:51:13.319+0000 7fbe37c64700 1 --2- >> [v2:172.21.15.55:3300/0,v1:172.21.15.55:6789/0] conn(0x7fbe30101670 0x7fbe30114580 unknown :-1 s=NONE pgs=0 cs=0 l=1 rev1=0 crypto rx=0 tx=0 comp rx=0 tx=0).connect
2024-02-20T07:51:14.130 INFO:teuthology.orchestra.run.smithi055.stdout:/usr/bin/ceph: stderr
2024-02-20T07:51:13.319+0000 7fbe37c64700 1 -- --> [v2:172.21.15.55:3300/0,v1:172.21.15.55:6789/0] -- mon_getmap magic: 0 v1 -- 0x7fbe30076bf0 con 0x7fbe30101670
2024-02-20T07:51:14.130 INFO:teuthology.orchestra.run.smithi055.stdout:/usr/bin/ceph: stderr
2024-02-20T07:51:13.319+0000 7fbe35a00700 1 --2- >> [v2:172.21.15.55:3300/0,v1:172.21.15.55:6789/0] conn(0x7fbe30101670 0x7fbe30114580 unknown :-1 s=BANNER_CONNECTING pgs=0 cs=0 l=1 rev1=0 crypto rx=0 tx=0 comp rx=0 tx=0)._handle_peer_banner_payload supported=3 required=0
2024-02-20T07:51:14.131 INFO:teuthology.orchestra.run.smithi055.stdout:/usr/bin/ceph: stderr
2024-02-20T07:51:13.319+0000 7fbe35a00700 1 --2- >> [v2:172.21.15.55:3300/0,v1:172.21.15.55:6789/0] conn(0x7fbe30101670 0x7fbe30114580 unknown :-1 s=HELLO_CONNECTING pgs=0 cs=0 l=1 rev1=1 crypto rx=0 tx=0 comp rx=0 tx=0).handle_hello peer v2:172.21.15.55:3300/0 says I am v2:172.21.15.55:50670/0 (socket says 172.21.15.55:50670)
2024-02-20T07:51:14.131 INFO:teuthology.orchestra.run.smithi055.stdout:/usr/bin/ceph: stderr
2024-02-20T07:51:13.319+0000 7fbe35a00700 1 -- 172.21.15.55:0/2757010052 learned_addr learned my addr 172.21.15.55:0/2757010052 (peer_addr_for_me v2:172.21.15.55:0/0)
2024-02-20T07:51:14.131 INFO:teuthology.orchestra.run.smithi055.stdout:/usr/bin/ceph: stderr
2024-02-20T07:51:13.319+0000 7fbe35a00700 1 -- 172.21.15.55:0/2757010052 --> [v2:172.21.15.55:3300/0,v1:172.21.15.55:6789/0] -- mon_subscribe({config=0+,monmap=0+}) v3 -- 0x7fbe2c0094f0 con 0x7fbe30101670
2024-02-20T07:51:14.131 INFO:teuthology.orchestra.run.smithi055.stdout:/usr/bin/ceph: stderr
2024-02-20T07:51:13.320+0000 7fbe35a00700 1 --2- 172.21.15.55:0/2757010052 >> [v2:172.21.15.55:3300/0,v1:172.21.15.55:6789/0] conn(0x7fbe30101670 0x7fbe30114580 secure :-1 s=READY pgs=58 cs=0 l=1 rev1=1 crypto rx=0x7fbe2c006b00 tx=0x7fbe2c009250 comp rx=0 tx=0).ready entity=mon.0 client_cookie=0 server_cookie=0 in_seq=0 out_seq=0
2024-02-20T07:51:14.131 INFO:teuthology.orchestra.run.smithi055.stdout:/usr/bin/ceph: stderr
2024-02-20T07:51:13.320+0000 7fbe267fc700 1 -- 172.21.15.55:0/2757010052 <== mon.0 v2:172.21.15.55:3300/0 1 ==== mon_map magic: 0 v1 ==== 229+0+0 (secure 0 0 0) 0x7fbe2c0109a0 con 0x7fbe30101670
2024-02-20T07:51:14.131 INFO:teuthology.orchestra.run.smithi055.stdout:/usr/bin/ceph: stderr
2024-02-20T07:51:13.320+0000 7fbe267fc700 1 -- 172.21.15.55:0/2757010052 <== mon.0 v2:172.21.15.55:3300/0 2 ==== config(27 keys) v1 ==== 1109+0+0 (secure 0 0 0) 0x7fbe2c01a430 con 0x7fbe30101670
2024-02-20T07:51:14.131 INFO:teuthology.orchestra.run.smithi055.stdout:/usr/bin/ceph: stderr
2024-02-20T07:51:13.320+0000 7fbe37c64700 1 -- 172.21.15.55:0/2757010052 --> [v2:172.21.15.55:3300/0,v1:172.21.15.55:6789/0] -- mon_subscribe({mgrmap=0+}) v3 -- 0x7fbe30076df0 con 0x7fbe30101670
2024-02-20T07:51:14.131 INFO:teuthology.orchestra.run.smithi055.stdout:/usr/bin/ceph: stderr
2024-02-20T07:51:13.320+0000 7fbe267fc700 1 -- 172.21.15.55:0/2757010052 <== mon.0 v2:172.21.15.55:3300/0 3 ==== mon_map magic: 0 v1 ==== 229+0+0 (secure 0 0 0) 0x7fbe2c0245b0 con 0x7fbe30101670
2024-02-20T07:51:14.131 INFO:teuthology.orchestra.run.smithi055.stdout:/usr/bin/ceph: stderr
2024-02-20T07:51:13.320+0000 7fbe37c64700 1 -- 172.21.15.55:0/2757010052 --> [v2:172.21.15.55:3300/0,v1:172.21.15.55:6789/0] -- mon_subscribe({osdmap=0}) v3 -- 0x7fbe30114c80 con 0x7fbe30101670
2024-02-20T07:51:14.131 INFO:teuthology.orchestra.run.smithi055.stdout:/usr/bin/ceph: stderr
2024-02-20T07:51:13.321+0000 7fbe267fc700 1 -- 172.21.15.55:0/2757010052 <== mon.0 v2:172.21.15.55:3300/0 4 ==== mgrmap(e 8) v1 ==== 43368+0+0 (secure 0 0 0) 0x7fbe2c024830 con 0x7fbe30101670
2024-02-20T07:51:14.131 INFO:teuthology.orchestra.run.smithi055.stdout:/usr/bin/ceph: stderr
2024-02-20T07:51:13.321+0000 7fbe267fc700 1 --2- 172.21.15.55:0/2757010052 >> [v2:172.21.15.55:6800/4027903862,v1:172.21.15.55:6801/4027903862] conn(0x7fbe1c036790 0x7fbe1c038c40 unknown :-1 s=NONE pgs=0 cs=0 l=1 rev1=0 crypto rx=0 tx=0 comp rx=0 tx=0).connect
2024-02-20T07:51:14.132 INFO:teuthology.orchestra.run.smithi055.stdout:/usr/bin/ceph: stderr
2024-02-20T07:51:13.321+0000 7fbe267fc700 1 -- 172.21.15.55:0/2757010052 <== mon.0 v2:172.21.15.55:3300/0 5 ==== osd_map(2..2 src has 1..2) v4 ==== 936+0+0 (secure 0 0 0) 0x7fbe2c04a6d0 con 0x7fbe30101670
2024-02-20T07:51:14.132 INFO:teuthology.orchestra.run.smithi055.stdout:/usr/bin/ceph: stderr
2024-02-20T07:51:13.321+0000 7fbe351ff700 1 --2- 172.21.15.55:0/2757010052 >> [v2:172.21.15.55:6800/4027903862,v1:172.21.15.55:6801/4027903862] conn(0x7fbe1c036790 0x7fbe1c038c40 unknown :-1 s=BANNER_CONNECTING pgs=0 cs=0 l=1 rev1=0 crypto rx=0 tx=0 comp rx=0 tx=0)._handle_peer_banner_payload supported=3 required=0
2024-02-20T07:51:14.132 INFO:teuthology.orchestra.run.smithi055.stdout:/usr/bin/ceph: stderr
2024-02-20T07:51:13.321+0000 7fbe37c64700 1 -- 172.21.15.55:0/2757010052 --> [v2:172.21.15.55:3300/0,v1:172.21.15.55:6789/0] -- mon_command({"prefix": "get_command_descriptions"} v 0) v1 -- 0x7fbe3010a590 con 0x7fbe30101670
2024-02-20T07:51:14.132 INFO:teuthology.orchestra.run.smithi055.stdout:/usr/bin/ceph: stderr
2024-02-20T07:51:13.322+0000 7fbe351ff700 1 --2- 172.21.15.55:0/2757010052 >> [v2:172.21.15.55:6800/4027903862,v1:172.21.15.55:6801/4027903862] conn(0x7fbe1c036790 0x7fbe1c038c40 secure :-1 s=READY pgs=18 cs=0 l=1 rev1=1 crypto rx=0x7fbe20009990 tx=0x7fbe20006e40 comp rx=0 tx=0).ready entity=mgr.14118 client_cookie=0 server_cookie=0 in_seq=0 out_seq=0
2024-02-20T07:51:14.132 INFO:teuthology.orchestra.run.smithi055.stdout:/usr/bin/ceph: stderr
2024-02-20T07:51:13.326+0000 7fbe267fc700 1 -- 172.21.15.55:0/2757010052 <== mon.0 v2:172.21.15.55:3300/0 6 ==== mon_command_ack([{"prefix": "get_command_descriptions"}]=0 v0) v1 ==== 72+0+175031 (secure 0 0 0) 0x7fbe2c0189a0 con 0x7fbe30101670
2024-02-20T07:51:14.132 INFO:teuthology.orchestra.run.smithi055.stdout:/usr/bin/ceph: stderr
2024-02-20T07:51:13.529+0000 7fbe37c64700 1 -- 172.21.15.55:0/2757010052 --> [v2:172.21.15.55:6800/4027903862,v1:172.21.15.55:6801/4027903862] -- mgr_command(tid 0: {"prefix": "orch apply", "service_type": "alertmanager", "target": ["mon-mgr", ""]}) v1 -- 0x7fbe30103590 con 0x7fbe1c036790
2024-02-20T07:51:14.132 INFO:teuthology.orchestra.run.smithi055.stdout:/usr/bin/ceph: stderr
2024-02-20T07:51:13.535+0000 7fbe267fc700 1 -- 172.21.15.55:0/2757010052 <== mgr.14118 v2:172.21.15.55:6800/4027903862 1 ==== mgr_command_reply(tid 0: 0 ) v1 ==== 8+0+33 (secure 0 0 0) 0x7fbe30103590 con 0x7fbe1c036790
2024-02-20T07:51:14.132 INFO:teuthology.orchestra.run.smithi055.stdout:/usr/bin/ceph: stderr
2024-02-20T07:51:13.537+0000 7fbe37c64700 1 -- 172.21.15.55:0/2757010052 >> [v2:172.21.15.55:6800/4027903862,v1:172.21.15.55:6801/4027903862] conn(0x7fbe1c036790 msgr2=0x7fbe1c038c40 secure :-1 s=STATE_CONNECTION_ESTABLISHED l=1).mark_down
2024-02-20T07:51:14.132 INFO:teuthology.orchestra.run.smithi055.stdout:/usr/bin/ceph: stderr
2024-02-20T07:51:13.537+0000 7fbe37c64700 1 --2- 172.21.15.55:0/2757010052 >> [v2:172.21.15.55:6800/4027903862,v1:172.21.15.55:6801/4027903862] conn(0x7fbe1c036790 0x7fbe1c038c40 secure :-1 s=READY pgs=18 cs=0 l=1 rev1=1 crypto rx=0x7fbe20009990 tx=0x7fbe20006e40 comp rx=0 tx=0).stop
2024-02-20T07:51:14.132 INFO:teuthology.orchestra.run.smithi055.stdout:/usr/bin/ceph: stderr
2024-02-20T07:51:13.537+0000 7fbe37c64700 1 -- 172.21.15.55:0/2757010052 >> [v2:172.21.15.55:3300/0,v1:172.21.15.55:6789/0] conn(0x7fbe30101670 msgr2=0x7fbe30114580 secure :-1 s=STATE_CONNECTION_ESTABLISHED l=1).mark_down
2024-02-20T07:51:14.132 INFO:teuthology.orchestra.run.smithi055.stdout:/usr/bin/ceph: stderr
2024-02-20T07:51:13.537+0000 7fbe37c64700 1 --2- 172.21.15.55:0/2757010052 >> [v2:172.21.15.55:3300/0,v1:172.21.15.55:6789/0] conn(0x7fbe30101670 0x7fbe30114580 secure :-1 s=READY pgs=58 cs=0 l=1 rev1=1 crypto rx=0x7fbe2c006b00 tx=0x7fbe2c009250 comp rx=0 tx=0).stop
2024-02-20T07:51:14.132 INFO:teuthology.orchestra.run.smithi055.stdout:/usr/bin/ceph: stderr
2024-02-20T07:51:13.537+0000 7fbe37c64700 1 -- 172.21.15.55:0/2757010052 shutdown_connections
2024-02-20T07:51:14.133 INFO:teuthology.orchestra.run.smithi055.stdout:/usr/bin/ceph: stderr
2024-02-20T07:51:13.537+0000 7fbe37c64700 1 --2- 172.21.15.55:0/2757010052 >> [v2:172.21.15.55:6800/4027903862,v1:172.21.15.55:6801/4027903862] conn(0x7fbe1c036790 0x7fbe1c038c40 unknown :-1 s=CLOSED pgs=18 cs=0 l=1 rev1=1 crypto rx=0 tx=0 comp rx=0 tx=0).stop
2024-02-20T07:51:14.133 INFO:teuthology.orchestra.run.smithi055.stdout:/usr/bin/ceph: stderr
2024-02-20T07:51:13.537+0000 7fbe37c64700 1 --2- 172.21.15.55:0/2757010052 >> [v2:172.21.15.55:3300/0,v1:172.21.15.55:6789/0] conn(0x7fbe30101670 0x7fbe30114580 unknown :-1 s=CLOSED pgs=58 cs=0 l=1 rev1=1 crypto rx=0 tx=0 comp rx=0 tx=0).stop
2024-02-20T07:51:14.133 INFO:teuthology.orchestra.run.smithi055.stdout:/usr/bin/ceph: stderr
2024-02-20T07:51:13.537+0000 7fbe37c64700 1 -- 172.21.15.55:0/2757010052 >> 172.21.15.55:0/2757010052 conn(0x7fbe300fcdd0 msgr2=0x7fbe300fdc90 unknown :-1 s=STATE_NONE l=0).mark_down
2024-02-20T07:51:14.133 INFO:teuthology.orchestra.run.smithi055.stdout:/usr/bin/ceph: stderr
2024-02-20T07:51:13.537+0000 7fbe37c64700 1 -- 172.21.15.55:0/2757010052 shutdown_connections
2024-02-20T07:51:14.133 INFO:teuthology.orchestra.run.smithi055.stdout:/usr/bin/ceph: stderr
2024-02-20T07:51:13.537+0000 7fbe37c64700 1 -- 172.21.15.55:0/2757010052 wait complete.
2024-02-20T07:51:14.756 INFO:journalctl@ceph.mon.smithi055.smithi055.stdout:Feb 20 07:51:14 smithi055 ceph-mon[29254]: from='client.14152 -' entity='client.admin' cmd=[{"prefix": "orch apply", "service_type": "alertmanager", "target": ["mon-mgr", ""]}]: dispatch
2024-02-20T07:51:14.756 INFO:journalctl@ceph.mon.smithi055.smithi055.stdout:Feb 20 07:51:14 smithi055 ceph-mon[29254]: Saving service alertmanager spec with placement count:1
2024-02-20T07:51:14.757 INFO:journalctl@ceph.mon.smithi055.smithi055.stdout:Feb 20 07:51:14 smithi055 ceph-mon[29254]: from='mgr.14118 172.21.15.55:0/1826130514' entity='mgr.smithi055.stjper'
2024-02-20T07:51:14.757 INFO:journalctl@ceph.mon.smithi055.smithi055.stdout:Feb 20 07:51:14 smithi055 ceph-mon[29254]: pgmap v3: 0 pgs: ; 0 B data, 0 B used, 0 B / 0 B avail
2024-02-20T07:51:15.270 INFO:teuthology.orchestra.run.smithi055.stdout:/usr/bin/ceph: stderr
2024-02-20T07:51:14.533+0000 7fa51febb700 1 Processor -- start
2024-02-20T07:51:15.271 INFO:teuthology.orchestra.run.smithi055.stdout:/usr/bin/ceph: stderr
2024-02-20T07:51:14.533+0000 7fa51febb700 1 -- start start
2024-02-20T07:51:15.271 INFO:teuthology.orchestra.run.smithi055.stdout:/usr/bin/ceph: stderr
2024-02-20T07:51:14.533+0000 7fa51febb700 1 --2- >> [v2:172.21.15.55:3300/0,v1:172.21.15.55:6789/0] conn(0x7fa518078d20 0x7fa518077230 unknown :-1 s=NONE pgs=0 cs=0 l=0 rev1=0 crypto rx=0 tx=0 comp rx=0 tx=0).connect
2024-02-20T07:51:15.271 INFO:teuthology.orchestra.run.smithi055.stdout:/usr/bin/ceph: stderr
2024-02-20T07:51:14.533+0000 7fa51febb700 1 -- --> [v2:172.21.15.55:3300/0,v1:172.21.15.55:6789/0] -- mon_getmap magic: 0 v1 -- 0x7fa518079130 con 0x7fa518078d20
2024-02-20T07:51:15.271 INFO:teuthology.orchestra.run.smithi055.stdout:/usr/bin/ceph: stderr
2024-02-20T07:51:14.533+0000 7fa51dc57700 1 --2- >> [v2:172.21.15.55:3300/0,v1:172.21.15.55:6789/0] conn(0x7fa518078d20 0x7fa518077230 unknown :-1 s=BANNER_CONNECTING pgs=0 cs=0 l=0 rev1=0 crypto rx=0 tx=0 comp rx=0 tx=0)._handle_peer_banner_payload supported=3 required=0
2024-02-20T07:51:15.271 INFO:teuthology.orchestra.run.smithi055.stdout:/usr/bin/ceph: stderr
2024-02-20T07:51:14.533+0000 7fa51dc57700 1 --2- >> [v2:172.21.15.55:3300/0,v1:172.21.15.55:6789/0] conn(0x7fa518078d20 0x7fa518077230 unknown :-1 s=HELLO_CONNECTING pgs=0 cs=0 l=0 rev1=1 crypto rx=0 tx=0 comp rx=0 tx=0).handle_hello peer v2:172.21.15.55:3300/0 says I am v2:172.21.15.55:50676/0 (socket says 172.21.15.55:50676)
2024-02-20T07:51:15.271 INFO:teuthology.orchestra.run.smithi055.stdout:/usr/bin/ceph: stderr
2024-02-20T07:51:14.533+0000 7fa51dc57700 1 -- 172.21.15.55:0/1977802600 learned_addr learned my addr 172.21.15.55:0/1977802600 (peer_addr_for_me v2:172.21.15.55:0/0)
2024-02-20T07:51:15.271 INFO:teuthology.orchestra.run.smithi055.stdout:/usr/bin/ceph: stderr
2024-02-20T07:51:14.533+0000 7fa51dc57700 1 -- 172.21.15.55:0/1977802600 --> [v2:172.21.15.55:3300/0,v1:172.21.15.55:6789/0] -- mon_subscribe({config=0+,monmap=0+}) v3 -- 0x7fa518077770 con 0x7fa518078d20
2024-02-20T07:51:15.271 INFO:teuthology.orchestra.run.smithi055.stdout:/usr/bin/ceph: stderr
2024-02-20T07:51:14.534+0000 7fa51dc57700 1 --2- 172.21.15.55:0/1977802600 >> [v2:172.21.15.55:3300/0,v1:172.21.15.55:6789/0] conn(0x7fa518078d20 0x7fa518077230 secure :-1 s=READY pgs=59 cs=0 l=1 rev1=1 crypto rx=0x7fa5140098e0 tx=0x7fa514009250 comp rx=0 tx=0).ready entity=mon.0 client_cookie=e96c027d3e8270b3 server_cookie=0 in_seq=0 out_seq=0
2024-02-20T07:51:15.271 INFO:teuthology.orchestra.run.smithi055.stdout:/usr/bin/ceph: stderr
2024-02-20T07:51:14.534+0000 7fa51cc55700 1 -- 172.21.15.55:0/1977802600 <== mon.0 v2:172.21.15.55:3300/0 1 ==== mon_map magic: 0 v1 ==== 229+0+0 (secure 0 0 0) 0x7fa51400b860 con 0x7fa518078d20
2024-02-20T07:51:15.271 INFO:teuthology.orchestra.run.smithi055.stdout:/usr/bin/ceph: stderr
2024-02-20T07:51:14.534+0000 7fa51cc55700 1 -- 172.21.15.55:0/1977802600 <== mon.0 v2:172.21.15.55:3300/0 2 ==== config(27 keys) v1 ==== 1109+0+0 (secure 0 0 0) 0x7fa51400be90 con 0x7fa518078d20
2024-02-20T07:51:15.271 INFO:teuthology.orchestra.run.smithi055.stdout:/usr/bin/ceph: stderr
2024-02-20T07:51:14.534+0000 7fa51cc55700 1 -- 172.21.15.55:0/1977802600 <== mon.0 v2:172.21.15.55:3300/0 3 ==== mon_map magic: 0 v1 ==== 229+0+0 (secure 0 0 0) 0x7fa5140103c0 con 0x7fa518078d20
2024-02-20T07:51:15.271 INFO:teuthology.orchestra.run.smithi055.stdout:/usr/bin/ceph: stderr
2024-02-20T07:51:14.534+0000 7fa51febb700 1 -- 172.21.15.55:0/1977802600 >> [v2:172.21.15.55:3300/0,v1:172.21.15.55:6789/0] conn(0x7fa518078d20 msgr2=0x7fa518077230 secure :-1 s=STATE_CONNECTION_ESTABLISHED l=1).mark_down
2024-02-20T07:51:15.272 INFO:teuthology.orchestra.run.smithi055.stdout:/usr/bin/ceph: stderr
2024-02-20T07:51:14.534+0000 7fa51febb700 1 --2- 172.21.15.55:0/1977802600 >> [v2:172.21.15.55:3300/0,v1:172.21.15.55:6789/0] conn(0x7fa518078d20 0x7fa518077230 secure :-1 s=READY pgs=59 cs=0 l=1 rev1=1 crypto rx=0x7fa5140098e0 tx=0x7fa514009250 comp rx=0 tx=0).stop
2024-02-20T07:51:15.272 INFO:teuthology.orchestra.run.smithi055.stdout:/usr/bin/ceph: stderr
2024-02-20T07:51:14.534+0000 7fa51febb700 1 -- 172.21.15.55:0/1977802600 shutdown_connections
2024-02-20T07:51:15.272 INFO:teuthology.orchestra.run.smithi055.stdout:/usr/bin/ceph: stderr
2024-02-20T07:51:14.534+0000 7fa51febb700 1 --2- 172.21.15.55:0/1977802600 >> [v2:172.21.15.55:3300/0,v1:172.21.15.55:6789/0] conn(0x7fa518078d20 0x7fa518077230 unknown :-1 s=CLOSED pgs=59 cs=0 l=1 rev1=1 crypto rx=0 tx=0 comp rx=0 tx=0).stop
2024-02-20T07:51:15.272 INFO:teuthology.orchestra.run.smithi055.stdout:/usr/bin/ceph: stderr
2024-02-20T07:51:14.534+0000 7fa51febb700 1 -- 172.21.15.55:0/1977802600 >> 172.21.15.55:0/1977802600 conn(0x7fa5180fded0 msgr2=0x7fa518100300 unknown :-1 s=STATE_NONE l=0).mark_down
2024-02-20T07:51:15.272 INFO:teuthology.orchestra.run.smithi055.stdout:/usr/bin/ceph: stderr
2024-02-20T07:51:14.534+0000 7fa51febb700 1 -- 172.21.15.55:0/1977802600 shutdown_connections
2024-02-20T07:51:15.272 INFO:teuthology.orchestra.run.smithi055.stdout:/usr/bin/ceph: stderr
2024-02-20T07:51:14.535+0000 7fa51febb700 1 -- 172.21.15.55:0/1977802600 wait complete.
2024-02-20T07:51:15.272 INFO:teuthology.orchestra.run.smithi055.stdout:/usr/bin/ceph: stderr
2024-02-20T07:51:14.535+0000 7fa51febb700 1 Processor -- start
2024-02-20T07:51:15.272 INFO:teuthology.orchestra.run.smithi055.stdout:/usr/bin/ceph: stderr
2024-02-20T07:51:14.535+0000 7fa51febb700 1 -- start start
2024-02-20T07:51:15.272 INFO:teuthology.orchestra.run.smithi055.stdout:/usr/bin/ceph: stderr
2024-02-20T07:51:14.535+0000 7fa51febb700 1 --2- >> [v2:172.21.15.55:3300/0,v1:172.21.15.55:6789/0] conn(0x7fa518078d20 0x7fa5181137d0 unknown :-1 s=NONE pgs=0 cs=0 l=1 rev1=0 crypto rx=0 tx=0 comp rx=0 tx=0).connect
2024-02-20T07:51:15.272 INFO:teuthology.orchestra.run.smithi055.stdout:/usr/bin/ceph: stderr
2024-02-20T07:51:14.535+0000 7fa51febb700 1 -- --> [v2:172.21.15.55:3300/0,v1:172.21.15.55:6789/0] -- mon_getmap magic: 0 v1 -- 0x7fa518113d10 con 0x7fa518078d20
2024-02-20T07:51:15.272 INFO:teuthology.orchestra.run.smithi055.stdout:/usr/bin/ceph: stderr
2024-02-20T07:51:14.535+0000 7fa51dc57700 1 --2- >> [v2:172.21.15.55:3300/0,v1:172.21.15.55:6789/0] conn(0x7fa518078d20 0x7fa5181137d0 unknown :-1 s=BANNER_CONNECTING pgs=0 cs=0 l=1 rev1=0 crypto rx=0 tx=0 comp rx=0 tx=0)._handle_peer_banner_payload supported=3 required=0
2024-02-20T07:51:15.272 INFO:teuthology.orchestra.run.smithi055.stdout:/usr/bin/ceph: stderr
2024-02-20T07:51:14.535+0000 7fa51dc57700 1 --2- >> [v2:172.21.15.55:3300/0,v1:172.21.15.55:6789/0] conn(0x7fa518078d20 0x7fa5181137d0 unknown :-1 s=HELLO_CONNECTING pgs=0 cs=0 l=1 rev1=1 crypto rx=0 tx=0 comp rx=0 tx=0).handle_hello peer v2:172.21.15.55:3300/0 says I am v2:172.21.15.55:50680/0 (socket says 172.21.15.55:50680)
2024-02-20T07:51:15.272 INFO:teuthology.orchestra.run.smithi055.stdout:/usr/bin/ceph: stderr
2024-02-20T07:51:14.535+0000 7fa51dc57700 1 -- 172.21.15.55:0/1169000894 learned_addr learned my addr 172.21.15.55:0/1169000894 (peer_addr_for_me v2:172.21.15.55:0/0)
2024-02-20T07:51:15.273 INFO:teuthology.orchestra.run.smithi055.stdout:/usr/bin/ceph: stderr
2024-02-20T07:51:14.536+0000 7fa51dc57700 1 -- 172.21.15.55:0/1169000894 --> [v2:172.21.15.55:3300/0,v1:172.21.15.55:6789/0] -- mon_subscribe({config=0+,monmap=0+}) v3 -- 0x7fa5140094f0 con 0x7fa518078d20
2024-02-20T07:51:15.273 INFO:teuthology.orchestra.run.smithi055.stdout:/usr/bin/ceph: stderr
2024-02-20T07:51:14.536+0000 7fa51dc57700 1 --2- 172.21.15.55:0/1169000894 >> [v2:172.21.15.55:3300/0,v1:172.21.15.55:6789/0] conn(0x7fa518078d20 0x7fa5181137d0 secure :-1 s=READY pgs=60 cs=0 l=1 rev1=1 crypto rx=0x7fa5140094c0 tx=0x7fa514009250 comp rx=0 tx=0).ready entity=mon.0 client_cookie=0 server_cookie=0 in_seq=0 out_seq=0
2024-02-20T07:51:15.273 INFO:teuthology.orchestra.run.smithi055.stdout:/usr/bin/ceph: stderr
2024-02-20T07:51:14.539+0000 7fa50e7fc700 1 -- 172.21.15.55:0/1169000894 <== mon.0 v2:172.21.15.55:3300/0 1 ==== mon_map magic: 0 v1 ==== 229+0+0 (secure 0 0 0) 0x7fa514010890 con 0x7fa518078d20
2024-02-20T07:51:15.273 INFO:teuthology.orchestra.run.smithi055.stdout:/usr/bin/ceph: stderr
2024-02-20T07:51:14.539+0000 7fa51febb700 1 -- 172.21.15.55:0/1169000894 --> [v2:172.21.15.55:3300/0,v1:172.21.15.55:6789/0] -- mon_subscribe({mgrmap=0+}) v3 -- 0x7fa518113f10 con 0x7fa518078d20
2024-02-20T07:51:15.273 INFO:teuthology.orchestra.run.smithi055.stdout:/usr/bin/ceph: stderr
2024-02-20T07:51:14.539+0000 7fa50e7fc700 1 -- 172.21.15.55:0/1169000894 <== mon.0 v2:172.21.15.55:3300/0 2 ==== config(27 keys) v1 ==== 1109+0+0 (secure 0 0 0) 0x7fa514010ec0 con 0x7fa518078d20
2024-02-20T07:51:15.273 INFO:teuthology.orchestra.run.smithi055.stdout:/usr/bin/ceph: stderr
2024-02-20T07:51:14.539+0000 7fa50e7fc700 1 -- 172.21.15.55:0/1169000894 <== mon.0 v2:172.21.15.55:3300/0 3 ==== mon_map magic: 0 v1 ==== 229+0+0 (secure 0 0 0) 0x7fa5140243f0 con 0x7fa518078d20
2024-02-20T07:51:15.273 INFO:teuthology.orchestra.run.smithi055.stdout:/usr/bin/ceph: stderr
2024-02-20T07:51:14.539+0000 7fa51febb700 1 -- 172.21.15.55:0/1169000894 --> [v2:172.21.15.55:3300/0,v1:172.21.15.55:6789/0] -- mon_subscribe({osdmap=0}) v3 -- 0x7fa518114bb0 con 0x7fa518078d20
2024-02-20T07:51:15.273 INFO:teuthology.orchestra.run.smithi055.stdout:/usr/bin/ceph: stderr
2024-02-20T07:51:14.540+0000 7fa50e7fc700 1 -- 172.21.15.55:0/1169000894 <== mon.0 v2:172.21.15.55:3300/0 4 ==== mgrmap(e 8) v1 ==== 43368+0+0 (secure 0 0 0) 0x7fa51402d3f0 con 0x7fa518078d20
2024-02-20T07:51:15.273 INFO:teuthology.orchestra.run.smithi055.stdout:/usr/bin/ceph: stderr
2024-02-20T07:51:14.540+0000 7fa50e7fc700 1 --2- 172.21.15.55:0/1169000894 >> [v2:172.21.15.55:6800/4027903862,v1:172.21.15.55:6801/4027903862] conn(0x7fa5040367e0 0x7fa504038c90 unknown :-1 s=NONE pgs=0 cs=0 l=1 rev1=0 crypto rx=0 tx=0 comp rx=0 tx=0).connect
2024-02-20T07:51:15.273 INFO:teuthology.orchestra.run.smithi055.stdout:/usr/bin/ceph: stderr
2024-02-20T07:51:14.540+0000 7fa50e7fc700 1 -- 172.21.15.55:0/1169000894 <== mon.0 v2:172.21.15.55:3300/0 5 ==== osd_map(2..2 src has 1..2) v4 ==== 936+0+0 (secure 0 0 0) 0x7fa51404b2d0 con 0x7fa518078d20
2024-02-20T07:51:15.273 INFO:teuthology.orchestra.run.smithi055.stdout:/usr/bin/ceph: stderr
2024-02-20T07:51:14.540+0000 7fa51d456700 1 --2- 172.21.15.55:0/1169000894 >> [v2:172.21.15.55:6800/4027903862,v1:172.21.15.55:6801/4027903862] conn(0x7fa5040367e0 0x7fa504038c90 unknown :-1 s=BANNER_CONNECTING pgs=0 cs=0 l=1 rev1=0 crypto rx=0 tx=0 comp rx=0 tx=0)._handle_peer_banner_payload supported=3 required=0
2024-02-20T07:51:15.273 INFO:teuthology.orchestra.run.smithi055.stdout:/usr/bin/ceph: stderr
2024-02-20T07:51:14.540+0000 7fa51febb700 1 -- 172.21.15.55:0/1169000894 --> [v2:172.21.15.55:3300/0,v1:172.21.15.55:6789/0] -- mon_command({"prefix": "get_command_descriptions"} v 0) v1 -- 0x7fa5181143a0 con 0x7fa518078d20
2024-02-20T07:51:15.273 INFO:teuthology.orchestra.run.smithi055.stdout:/usr/bin/ceph: stderr
2024-02-20T07:51:14.540+0000 7fa51d456700 1 --2- 172.21.15.55:0/1169000894 >> [v2:172.21.15.55:6800/4027903862,v1:172.21.15.55:6801/4027903862] conn(0x7fa5040367e0 0x7fa504038c90 secure :-1 s=READY pgs=19 cs=0 l=1 rev1=1 crypto rx=0x7fa508009990 tx=0x7fa508006e40 comp rx=0 tx=0).ready entity=mgr.14118 client_cookie=0 server_cookie=0 in_seq=0 out_seq=0
2024-02-20T07:51:15.274 INFO:teuthology.orchestra.run.smithi055.stdout:/usr/bin/ceph: stderr
2024-02-20T07:51:14.545+0000 7fa50e7fc700 1 -- 172.21.15.55:0/1169000894 <== mon.0 v2:172.21.15.55:3300/0 6 ==== mon_command_ack([{"prefix": "get_command_descriptions"}]=0 v0) v1 ==== 72+0+175031 (secure 0 0 0) 0x7fa51402b8e0 con 0x7fa518078d20
2024-02-20T07:51:15.274 INFO:teuthology.orchestra.run.smithi055.stdout:/usr/bin/ceph: stderr
2024-02-20T07:51:14.736+0000 7fa51febb700 1 -- 172.21.15.55:0/1169000894 --> [v2:172.21.15.55:3300/0,v1:172.21.15.55:6789/0] -- mon_command([{prefix=config set, name=mgr/cephadm/container_init}] v 0) v1 -- 0x7fa51805f5c0 con 0x7fa518078d20
2024-02-20T07:51:15.274 INFO:teuthology.orchestra.run.smithi055.stdout:/usr/bin/ceph: stderr
2024-02-20T07:51:14.741+0000 7fa50e7fc700 1 -- 172.21.15.55:0/1169000894 <== mon.0 v2:172.21.15.55:3300/0 7 ==== mon_command_ack([{prefix=config set, name=mgr/cephadm/container_init}]=0 v7)=0 v7) v1 ==== 142+0+0 (secure 0 0 0) 0x7fa51402b2f0 con 0x7fa518078d20
2024-02-20T07:51:15.274 INFO:teuthology.orchestra.run.smithi055.stdout:/usr/bin/ceph: stderr
2024-02-20T07:51:14.743+0000 7fa51febb700 1 -- 172.21.15.55:0/1169000894 >> [v2:172.21.15.55:6800/4027903862,v1:172.21.15.55:6801/4027903862] conn(0x7fa5040367e0 msgr2=0x7fa504038c90 secure :-1 s=STATE_CONNECTION_ESTABLISHED l=1).mark_down
2024-02-20T07:51:15.274 INFO:teuthology.orchestra.run.smithi055.stdout:/usr/bin/ceph: stderr
2024-02-20T07:51:14.743+0000 7fa51febb700 1 --2- 172.21.15.55:0/1169000894 >> [v2:172.21.15.55:6800/4027903862,v1:172.21.15.55:6801/4027903862] conn(0x7fa5040367e0 0x7fa504038c90 secure :-1 s=READY pgs=19 cs=0 l=1 rev1=1 crypto rx=0x7fa508009990 tx=0x7fa508006e40 comp rx=0 tx=0).stop
2024-02-20T07:51:15.274 INFO:teuthology.orchestra.run.smithi055.stdout:/usr/bin/ceph: stderr
2024-02-20T07:51:14.743+0000 7fa51febb700 1 -- 172.21.15.55:0/1169000894 >> [v2:172.21.15.55:3300/0,v1:172.21.15.55:6789/0] conn(0x7fa518078d20 msgr2=0x7fa5181137d0 secure :-1 s=STATE_CONNECTION_ESTABLISHED l=1).mark_down
2024-02-20T07:51:15.274 INFO:teuthology.orchestra.run.smithi055.stdout:/usr/bin/ceph: stderr
2024-02-20T07:51:14.743+0000 7fa51febb700 1 --2- 172.21.15.55:0/1169000894 >> [v2:172.21.15.55:3300/0,v1:172.21.15.55:6789/0] conn(0x7fa518078d20 0x7fa5181137d0 secure :-1 s=READY pgs=60 cs=0 l=1 rev1=1 crypto rx=0x7fa5140094c0 tx=0x7fa514009250 comp rx=0 tx=0).stop
2024-02-20T07:51:15.274 INFO:teuthology.orchestra.run.smithi055.stdout:/usr/bin/ceph: stderr
2024-02-20T07:51:14.743+0000 7fa51febb700 1 -- 172.21.15.55:0/1169000894 shutdown_connections
2024-02-20T07:51:15.274 INFO:teuthology.orchestra.run.smithi055.stdout:/usr/bin/ceph: stderr
2024-02-20T07:51:14.743+0000 7fa51febb700 1 --2- 172.21.15.55:0/1169000894 >> [v2:172.21.15.55:6800/4027903862,v1:172.21.15.55:6801/4027903862] conn(0x7fa5040367e0 0x7fa504038c90 unknown :-1 s=CLOSED pgs=19 cs=0 l=1 rev1=1 crypto rx=0 tx=0 comp rx=0 tx=0).stop
2024-02-20T07:51:15.274 INFO:teuthology.orchestra.run.smithi055.stdout:/usr/bin/ceph: stderr
2024-02-20T07:51:14.743+0000 7fa51febb700 1 --2- 172.21.15.55:0/1169000894 >> [v2:172.21.15.55:3300/0,v1:172.21.15.55:6789/0] conn(0x7fa518078d20 0x7fa5181137d0 unknown :-1 s=CLOSED pgs=60 cs=0 l=1 rev1=1 crypto rx=0 tx=0 comp rx=0 tx=0).stop
2024-02-20T07:51:15.274 INFO:teuthology.orchestra.run.smithi055.stdout:/usr/bin/ceph: stderr
2024-02-20T07:51:14.743+0000 7fa51febb700 1 -- 172.21.15.55:0/1169000894 >> 172.21.15.55:0/1169000894 conn(0x7fa5180fded0 msgr2=0x7fa5180ff680 unknown :-1 s=STATE_NONE l=0).mark_down
2024-02-20T07:51:15.274 INFO:teuthology.orchestra.run.smithi055.stdout:/usr/bin/ceph: stderr
2024-02-20T07:51:14.743+0000 7fa51febb700 1 -- 172.21.15.55:0/1169000894 shutdown_connections
2024-02-20T07:51:15.274 INFO:teuthology.orchestra.run.smithi055.stdout:/usr/bin/ceph: stderr
2024-02-20T07:51:14.743+0000 7fa51febb700 1 -- 172.21.15.55:0/1169000894 wait complete.
2024-02-20T07:51:15.971 INFO:journalctl@ceph.mon.smithi055.smithi055.stdout:Feb 20 07:51:15 smithi055 ceph-mon[29254]: from='client.? 172.21.15.55:0/1169000894' entity='client.admin'
2024-02-20T07:51:16.468 INFO:teuthology.orchestra.run.smithi055.stdout:/usr/bin/ceph: stderr
2024-02-20T07:51:15.664+0000 7fc5578c5700 1 Processor -- start
2024-02-20T07:51:16.468 INFO:teuthology.orchestra.run.smithi055.stdout:/usr/bin/ceph: stderr
2024-02-20T07:51:15.664+0000 7fc5578c5700 1 -- start start
