2024-02-20T07:50:59.657+0000 7fb001283700 1 --2- 172.21.15.55:0/2672761594 >> [v2:172.21.15.55:6800/4027903862,v1:172.21.15.55:6801/4027903862] conn(0x7fafe4036790 0x7fafe4038c40 unknown :-1 s=CLOSED pgs=10 cs=0 l=1 rev1=1 crypto rx=0 tx=0 comp rx=0 tx=0).stop
2024-02-20T07:51:00.238 INFO:teuthology.orchestra.run.smithi055.stdout:/usr/bin/ceph: stderr
2024-02-20T07:50:59.657+0000 7fb001283700 1 --2- 172.21.15.55:0/2672761594 >> [v2:172.21.15.55:3300/0,v1:172.21.15.55:6789/0] conn(0x7faffc0714a0 0x7faffc102de0 unknown :-1 s=CLOSED pgs=42 cs=0 l=1 rev1=1 crypto rx=0 tx=0 comp rx=0 tx=0).stop
2024-02-20T07:51:00.238 INFO:teuthology.orchestra.run.smithi055.stdout:/usr/bin/ceph: stderr
2024-02-20T07:50:59.657+0000 7fb001283700 1 -- 172.21.15.55:0/2672761594 >> 172.21.15.55:0/2672761594 conn(0x7faffc0fcdd0 msgr2=0x7faffc0fe540 unknown :-1 s=STATE_NONE l=0).mark_down
2024-02-20T07:51:00.238 INFO:teuthology.orchestra.run.smithi055.stdout:/usr/bin/ceph: stderr
2024-02-20T07:50:59.657+0000 7fb001283700 1 -- 172.21.15.55:0/2672761594 shutdown_connections
2024-02-20T07:51:00.238 INFO:teuthology.orchestra.run.smithi055.stdout:/usr/bin/ceph: stderr
2024-02-20T07:50:59.657+0000 7fb001283700 1 -- 172.21.15.55:0/2672761594 wait complete.
2024-02-20T07:51:00.238 INFO:teuthology.orchestra.run.smithi055.stdout:Wrote public SSH key to /home/ubuntu/cephtest/ceph.pub
2024-02-20T07:51:00.238 INFO:teuthology.orchestra.run.smithi055.stdout:Adding key to root@localhost authorized_keys...
2024-02-20T07:51:00.238 INFO:teuthology.orchestra.run.smithi055.stdout:Adding host smithi055...
2024-02-20T07:51:00.721 INFO:journalctl@ceph.mon.smithi055.smithi055.stdout:Feb 20 07:51:00 smithi055 ceph-mon[29254]: from='client.14136 -' entity='client.admin' cmd=[{"prefix": "cephadm get-pub-key", "target": ["mon-mgr", ""]}]: dispatch
2024-02-20T07:51:01.720 INFO:journalctl@ceph.mon.smithi055.smithi055.stdout:Feb 20 07:51:01 smithi055 ceph-mon[29254]: from='client.14138 -' entity='client.admin' cmd=[{"prefix": "orch host add", "hostname": "smithi055", "addr": "172.21.15.55", "target": ["mon-mgr", ""]}]: dispatch
2024-02-20T07:51:02.721 INFO:journalctl@ceph.mon.smithi055.smithi055.stdout:Feb 20 07:51:02 smithi055 ceph-mon[29254]: Deploying cephadm binary to smithi055
2024-02-20T07:51:03.477 INFO:teuthology.orchestra.run.smithi055.stdout:/usr/bin/ceph: stdout Added host 'smithi055' with addr '172.21.15.55'
2024-02-20T07:51:03.477 INFO:teuthology.orchestra.run.smithi055.stdout:/usr/bin/ceph: stderr
2024-02-20T07:51:00.651+0000 7f7632a4b700 1 Processor -- start
2024-02-20T07:51:03.477 INFO:teuthology.orchestra.run.smithi055.stdout:/usr/bin/ceph: stderr
2024-02-20T07:51:00.651+0000 7f7632a4b700 1 -- start start
2024-02-20T07:51:03.478 INFO:teuthology.orchestra.run.smithi055.stdout:/usr/bin/ceph: stderr
2024-02-20T07:51:00.651+0000 7f7632a4b700 1 --2- >> [v2:172.21.15.55:3300/0,v1:172.21.15.55:6789/0] conn(0x7f762c102770 0x7f762c102b80 unknown :-1 s=NONE pgs=0 cs=0 l=0 rev1=0 crypto rx=0 tx=0 comp rx=0 tx=0).connect
2024-02-20T07:51:03.478 INFO:teuthology.orchestra.run.smithi055.stdout:/usr/bin/ceph: stderr
2024-02-20T07:51:00.651+0000 7f7632a4b700 1 -- --> [v2:172.21.15.55:3300/0,v1:172.21.15.55:6789/0] -- mon_getmap magic: 0 v1 -- 0x7f762c1030c0 con 0x7f762c102770
2024-02-20T07:51:03.478 INFO:teuthology.orchestra.run.smithi055.stdout:/usr/bin/ceph: stderr
2024-02-20T07:51:00.651+0000 7f762bfff700 1 --2- >> [v2:172.21.15.55:3300/0,v1:172.21.15.55:6789/0] conn(0x7f762c102770 0x7f762c102b80 unknown :-1 s=BANNER_CONNECTING pgs=0 cs=0 l=0 rev1=0 crypto rx=0 tx=0 comp rx=0 tx=0)._handle_peer_banner_payload supported=3 required=0
2024-02-20T07:51:03.478 INFO:teuthology.orchestra.run.smithi055.stdout:/usr/bin/ceph: stderr
2024-02-20T07:51:00.651+0000 7f762bfff700 1 --2- >> [v2:172.21.15.55:3300/0,v1:172.21.15.55:6789/0] conn(0x7f762c102770 0x7f762c102b80 unknown :-1 s=HELLO_CONNECTING pgs=0 cs=0 l=0 rev1=1 crypto rx=0 tx=0 comp rx=0 tx=0).handle_hello peer v2:172.21.15.55:3300/0 says I am v2:172.21.15.55:47064/0 (socket says 172.21.15.55:47064)
2024-02-20T07:51:03.478 INFO:teuthology.orchestra.run.smithi055.stdout:/usr/bin/ceph: stderr
2024-02-20T07:51:00.651+0000 7f762bfff700 1 -- 172.21.15.55:0/4021231783 learned_addr learned my addr 172.21.15.55:0/4021231783 (peer_addr_for_me v2:172.21.15.55:0/0)
2024-02-20T07:51:03.478 INFO:teuthology.orchestra.run.smithi055.stdout:/usr/bin/ceph: stderr
2024-02-20T07:51:00.652+0000 7f762bfff700 1 -- 172.21.15.55:0/4021231783 --> [v2:172.21.15.55:3300/0,v1:172.21.15.55:6789/0] -- mon_subscribe({config=0+,monmap=0+}) v3 -- 0x7f762c103200 con 0x7f762c102770
2024-02-20T07:51:03.478 INFO:teuthology.orchestra.run.smithi055.stdout:/usr/bin/ceph: stderr
2024-02-20T07:51:00.652+0000 7f762bfff700 1 --2- 172.21.15.55:0/4021231783 >> [v2:172.21.15.55:3300/0,v1:172.21.15.55:6789/0] conn(0x7f762c102770 0x7f762c102b80 secure :-1 s=READY pgs=43 cs=0 l=1 rev1=1 crypto rx=0x7f761c0098e0 tx=0x7f761c009250 comp rx=0 tx=0).ready entity=mon.0 client_cookie=b5365f6fb490ad72 server_cookie=0 in_seq=0 out_seq=0
2024-02-20T07:51:03.478 INFO:teuthology.orchestra.run.smithi055.stdout:/usr/bin/ceph: stderr
2024-02-20T07:51:00.652+0000 7f762b7fe700 1 -- 172.21.15.55:0/4021231783 <== mon.0 v2:172.21.15.55:3300/0 1 ==== mon_map magic: 0 v1 ==== 229+0+0 (secure 0 0 0) 0x7f761c00b860 con 0x7f762c102770
2024-02-20T07:51:03.478 INFO:teuthology.orchestra.run.smithi055.stdout:/usr/bin/ceph: stderr
2024-02-20T07:51:00.652+0000 7f762b7fe700 1 -- 172.21.15.55:0/4021231783 <== mon.0 v2:172.21.15.55:3300/0 2 ==== config(27 keys) v1 ==== 1044+0+0 (secure 0 0 0) 0x7f761c00be50 con 0x7f762c102770
2024-02-20T07:51:03.478 INFO:teuthology.orchestra.run.smithi055.stdout:/usr/bin/ceph: stderr
2024-02-20T07:51:00.652+0000 7f762b7fe700 1 -- 172.21.15.55:0/4021231783 <== mon.0 v2:172.21.15.55:3300/0 3 ==== mon_map magic: 0 v1 ==== 229+0+0 (secure 0 0 0) 0x7f761c010380 con 0x7f762c102770
2024-02-20T07:51:03.478 INFO:teuthology.orchestra.run.smithi055.stdout:/usr/bin/ceph: stderr
2024-02-20T07:51:00.653+0000 7f7632a4b700 1 -- 172.21.15.55:0/4021231783 >> [v2:172.21.15.55:3300/0,v1:172.21.15.55:6789/0] conn(0x7f762c102770 msgr2=0x7f762c102b80 secure :-1 s=STATE_CONNECTION_ESTABLISHED l=1).mark_down
2024-02-20T07:51:03.478 INFO:teuthology.orchestra.run.smithi055.stdout:/usr/bin/ceph: stderr
2024-02-20T07:51:00.653+0000 7f7632a4b700 1 --2- 172.21.15.55:0/4021231783 >> [v2:172.21.15.55:3300/0,v1:172.21.15.55:6789/0] conn(0x7f762c102770 0x7f762c102b80 secure :-1 s=READY pgs=43 cs=0 l=1 rev1=1 crypto rx=0x7f761c0098e0 tx=0x7f761c009250 comp rx=0 tx=0).stop
2024-02-20T07:51:03.478 INFO:teuthology.orchestra.run.smithi055.stdout:/usr/bin/ceph: stderr
2024-02-20T07:51:00.653+0000 7f7632a4b700 1 -- 172.21.15.55:0/4021231783 shutdown_connections
2024-02-20T07:51:03.479 INFO:teuthology.orchestra.run.smithi055.stdout:/usr/bin/ceph: stderr
2024-02-20T07:51:00.653+0000 7f7632a4b700 1 --2- 172.21.15.55:0/4021231783 >> [v2:172.21.15.55:3300/0,v1:172.21.15.55:6789/0] conn(0x7f762c102770 0x7f762c102b80 unknown :-1 s=CLOSED pgs=43 cs=0 l=1 rev1=1 crypto rx=0 tx=0 comp rx=0 tx=0).stop
2024-02-20T07:51:03.479 INFO:teuthology.orchestra.run.smithi055.stdout:/usr/bin/ceph: stderr
2024-02-20T07:51:00.653+0000 7f7632a4b700 1 -- 172.21.15.55:0/4021231783 >> 172.21.15.55:0/4021231783 conn(0x7f762c0fded0 msgr2=0x7f762c100300 unknown :-1 s=STATE_NONE l=0).mark_down
2024-02-20T07:51:03.479 INFO:teuthology.orchestra.run.smithi055.stdout:/usr/bin/ceph: stderr
2024-02-20T07:51:00.653+0000 7f7632a4b700 1 -- 172.21.15.55:0/4021231783 shutdown_connections
2024-02-20T07:51:03.479 INFO:teuthology.orchestra.run.smithi055.stdout:/usr/bin/ceph: stderr
2024-02-20T07:51:00.653+0000 7f7632a4b700 1 -- 172.21.15.55:0/4021231783 wait complete.
2024-02-20T07:51:03.479 INFO:teuthology.orchestra.run.smithi055.stdout:/usr/bin/ceph: stderr
2024-02-20T07:51:00.653+0000 7f7632a4b700 1 Processor -- start
2024-02-20T07:51:03.479 INFO:teuthology.orchestra.run.smithi055.stdout:/usr/bin/ceph: stderr
2024-02-20T07:51:00.653+0000 7f7632a4b700 1 -- start start
2024-02-20T07:51:03.479 INFO:teuthology.orchestra.run.smithi055.stdout:/usr/bin/ceph: stderr
2024-02-20T07:51:00.654+0000 7f7632a4b700 1 --2- >> [v2:172.21.15.55:3300/0,v1:172.21.15.55:6789/0] conn(0x7f762c102770 0x7f762c111590 unknown :-1 s=NONE pgs=0 cs=0 l=1 rev1=0 crypto rx=0 tx=0 comp rx=0 tx=0).connect
2024-02-20T07:51:03.479 INFO:teuthology.orchestra.run.smithi055.stdout:/usr/bin/ceph: stderr
2024-02-20T07:51:00.654+0000 7f7632a4b700 1 -- --> [v2:172.21.15.55:3300/0,v1:172.21.15.55:6789/0] -- mon_getmap magic: 0 v1 -- 0x7f762c111ad0 con 0x7f762c102770
2024-02-20T07:51:03.479 INFO:teuthology.orchestra.run.smithi055.stdout:/usr/bin/ceph: stderr
2024-02-20T07:51:00.654+0000 7f762bfff700 1 --2- >> [v2:172.21.15.55:3300/0,v1:172.21.15.55:6789/0] conn(0x7f762c102770 0x7f762c111590 unknown :-1 s=BANNER_CONNECTING pgs=0 cs=0 l=1 rev1=0 crypto rx=0 tx=0 comp rx=0 tx=0)._handle_peer_banner_payload supported=3 required=0
2024-02-20T07:51:03.479 INFO:teuthology.orchestra.run.smithi055.stdout:/usr/bin/ceph: stderr
2024-02-20T07:51:00.654+0000 7f762bfff700 1 --2- >> [v2:172.21.15.55:3300/0,v1:172.21.15.55:6789/0] conn(0x7f762c102770 0x7f762c111590 unknown :-1 s=HELLO_CONNECTING pgs=0 cs=0 l=1 rev1=1 crypto rx=0 tx=0 comp rx=0 tx=0).handle_hello peer v2:172.21.15.55:3300/0 says I am v2:172.21.15.55:47070/0 (socket says 172.21.15.55:47070)
2024-02-20T07:51:03.479 INFO:teuthology.orchestra.run.smithi055.stdout:/usr/bin/ceph: stderr
2024-02-20T07:51:00.654+0000 7f762bfff700 1 -- 172.21.15.55:0/4062722514 learned_addr learned my addr 172.21.15.55:0/4062722514 (peer_addr_for_me v2:172.21.15.55:0/0)
2024-02-20T07:51:03.479 INFO:teuthology.orchestra.run.smithi055.stdout:/usr/bin/ceph: stderr
2024-02-20T07:51:00.654+0000 7f762bfff700 1 -- 172.21.15.55:0/4062722514 --> [v2:172.21.15.55:3300/0,v1:172.21.15.55:6789/0] -- mon_subscribe({config=0+,monmap=0+}) v3 -- 0x7f761c0094f0 con 0x7f762c102770
2024-02-20T07:51:03.479 INFO:teuthology.orchestra.run.smithi055.stdout:/usr/bin/ceph: stderr
2024-02-20T07:51:00.654+0000 7f762bfff700 1 --2- 172.21.15.55:0/4062722514 >> [v2:172.21.15.55:3300/0,v1:172.21.15.55:6789/0] conn(0x7f762c102770 0x7f762c111590 secure :-1 s=READY pgs=44 cs=0 l=1 rev1=1 crypto rx=0x7f761c00b440 tx=0x7f761c009250 comp rx=0 tx=0).ready entity=mon.0 client_cookie=0 server_cookie=0 in_seq=0 out_seq=0
2024-02-20T07:51:03.479 INFO:teuthology.orchestra.run.smithi055.stdout:/usr/bin/ceph: stderr
2024-02-20T07:51:00.654+0000 7f76297fa700 1 -- 172.21.15.55:0/4062722514 <== mon.0 v2:172.21.15.55:3300/0 1 ==== mon_map magic: 0 v1 ==== 229+0+0 (secure 0 0 0) 0x7f761c010760 con 0x7f762c102770
2024-02-20T07:51:03.480 INFO:teuthology.orchestra.run.smithi055.stdout:/usr/bin/ceph: stderr
2024-02-20T07:51:00.654+0000 7f76297fa700 1 -- 172.21.15.55:0/4062722514 <== mon.0 v2:172.21.15.55:3300/0 2 ==== config(27 keys) v1 ==== 1044+0+0 (secure 0 0 0) 0x7f761c010d50 con 0x7f762c102770
2024-02-20T07:51:03.480 INFO:teuthology.orchestra.run.smithi055.stdout:/usr/bin/ceph: stderr
2024-02-20T07:51:00.654+0000 7f7632a4b700 1 -- 172.21.15.55:0/4062722514 --> [v2:172.21.15.55:3300/0,v1:172.21.15.55:6789/0] -- mon_subscribe({mgrmap=0+}) v3 -- 0x7f762c111cd0 con 0x7f762c102770
2024-02-20T07:51:03.480 INFO:teuthology.orchestra.run.smithi055.stdout:/usr/bin/ceph: stderr
2024-02-20T07:51:00.654+0000 7f76297fa700 1 -- 172.21.15.55:0/4062722514 <== mon.0 v2:172.21.15.55:3300/0 3 ==== mon_map magic: 0 v1 ==== 229+0+0 (secure 0 0 0) 0x7f761c01ae20 con 0x7f762c102770
2024-02-20T07:51:03.480 INFO:teuthology.orchestra.run.smithi055.stdout:/usr/bin/ceph: stderr
2024-02-20T07:51:00.654+0000 7f7632a4b700 1 -- 172.21.15.55:0/4062722514 --> [v2:172.21.15.55:3300/0,v1:172.21.15.55:6789/0] -- mon_subscribe({osdmap=0}) v3 -- 0x7f762c112970 con 0x7f762c102770
2024-02-20T07:51:03.480 INFO:teuthology.orchestra.run.smithi055.stdout:/usr/bin/ceph: stderr
2024-02-20T07:51:00.655+0000 7f76297fa700 1 -- 172.21.15.55:0/4062722514 <== mon.0 v2:172.21.15.55:3300/0 4 ==== mgrmap(e 8) v1 ==== 43368+0+0 (secure 0 0 0) 0x7f761c0108c0 con 0x7f762c102770
2024-02-20T07:51:03.480 INFO:teuthology.orchestra.run.smithi055.stdout:/usr/bin/ceph: stderr
2024-02-20T07:51:00.655+0000 7f76297fa700 1 --2- 172.21.15.55:0/4062722514 >> [v2:172.21.15.55:6800/4027903862,v1:172.21.15.55:6801/4027903862] conn(0x7f76180367e0 0x7f7618038c90 unknown :-1 s=NONE pgs=0 cs=0 l=1 rev1=0 crypto rx=0 tx=0 comp rx=0 tx=0).connect
2024-02-20T07:51:03.480 INFO:teuthology.orchestra.run.smithi055.stdout:/usr/bin/ceph: stderr
2024-02-20T07:51:00.655+0000 7f76297fa700 1 -- 172.21.15.55:0/4062722514 <== mon.0 v2:172.21.15.55:3300/0 5 ==== osd_map(2..2 src has 1..2) v4 ==== 936+0+0 (secure 0 0 0) 0x7f761c04a570 con 0x7f762c102770
2024-02-20T07:51:03.480 INFO:teuthology.orchestra.run.smithi055.stdout:/usr/bin/ceph: stderr
2024-02-20T07:51:00.655+0000 7f7632a4b700 1 -- 172.21.15.55:0/4062722514 --> [v2:172.21.15.55:3300/0,v1:172.21.15.55:6789/0] -- mon_command({"prefix": "get_command_descriptions"} v 0) v1 -- 0x7f762c05f5c0 con 0x7f762c102770
2024-02-20T07:51:03.480 INFO:teuthology.orchestra.run.smithi055.stdout:/usr/bin/ceph: stderr
2024-02-20T07:51:00.656+0000 7f7623fff700 1 --2- 172.21.15.55:0/4062722514 >> [v2:172.21.15.55:6800/4027903862,v1:172.21.15.55:6801/4027903862] conn(0x7f76180367e0 0x7f7618038c90 unknown :-1 s=BANNER_CONNECTING pgs=0 cs=0 l=1 rev1=0 crypto rx=0 tx=0 comp rx=0 tx=0)._handle_peer_banner_payload supported=3 required=0
2024-02-20T07:51:03.480 INFO:teuthology.orchestra.run.smithi055.stdout:/usr/bin/ceph: stderr
2024-02-20T07:51:00.656+0000 7f7623fff700 1 --2- 172.21.15.55:0/4062722514 >> [v2:172.21.15.55:6800/4027903862,v1:172.21.15.55:6801/4027903862] conn(0x7f76180367e0 0x7f7618038c90 secure :-1 s=READY pgs=11 cs=0 l=1 rev1=1 crypto rx=0x7f7614009990 tx=0x7f7614006e40 comp rx=0 tx=0).ready entity=mgr.14118 client_cookie=0 server_cookie=0 in_seq=0 out_seq=0
2024-02-20T07:51:03.480 INFO:teuthology.orchestra.run.smithi055.stdout:/usr/bin/ceph: stderr
2024-02-20T07:51:00.660+0000 7f76297fa700 1 -- 172.21.15.55:0/4062722514 <== mon.0 v2:172.21.15.55:3300/0 6 ==== mon_command_ack([{"prefix": "get_command_descriptions"}]=0 v0) v1 ==== 72+0+175031 (secure 0 0 0) 0x7f761c02e440 con 0x7f762c102770
2024-02-20T07:51:03.480 INFO:teuthology.orchestra.run.smithi055.stdout:/usr/bin/ceph: stderr
2024-02-20T07:51:00.855+0000 7f7632a4b700 1 -- 172.21.15.55:0/4062722514 --> [v2:172.21.15.55:6800/4027903862,v1:172.21.15.55:6801/4027903862] -- mgr_command(tid 0: {"prefix": "orch host add", "hostname": "smithi055", "addr": "172.21.15.55", "target": ["mon-mgr", ""]}) v1 -- 0x7f762c1001b0 con 0x7f76180367e0
2024-02-20T07:51:03.481 INFO:teuthology.orchestra.run.smithi055.stdout:/usr/bin/ceph: stderr
2024-02-20T07:51:02.894+0000 7f76297fa700 1 -- 172.21.15.55:0/4062722514 <== mgr.14118 v2:172.21.15.55:6800/4027903862 1 ==== mgr_command_reply(tid 0: 0 ) v1 ==== 8+0+48 (secure 0 0 0) 0x7f762c1001b0 con 0x7f76180367e0
2024-02-20T07:51:03.481 INFO:teuthology.orchestra.run.smithi055.stdout:/usr/bin/ceph: stderr
2024-02-20T07:51:02.897+0000 7f7632a4b700 1 -- 172.21.15.55:0/4062722514 >> [v2:172.21.15.55:6800/4027903862,v1:172.21.15.55:6801/4027903862] conn(0x7f76180367e0 msgr2=0x7f7618038c90 secure :-1 s=STATE_CONNECTION_ESTABLISHED l=1).mark_down
2024-02-20T07:51:03.481 INFO:teuthology.orchestra.run.smithi055.stdout:/usr/bin/ceph: stderr
2024-02-20T07:51:02.897+0000 7f7632a4b700 1 --2- 172.21.15.55:0/4062722514 >> [v2:172.21.15.55:6800/4027903862,v1:172.21.15.55:6801/4027903862] conn(0x7f76180367e0 0x7f7618038c90 secure :-1 s=READY pgs=11 cs=0 l=1 rev1=1 crypto rx=0x7f7614009990 tx=0x7f7614006e40 comp rx=0 tx=0).stop
2024-02-20T07:51:03.481 INFO:teuthology.orchestra.run.smithi055.stdout:/usr/bin/ceph: stderr
2024-02-20T07:51:02.897+0000 7f7632a4b700 1 -- 172.21.15.55:0/4062722514 >> [v2:172.21.15.55:3300/0,v1:172.21.15.55:6789/0] conn(0x7f762c102770 msgr2=0x7f762c111590 secure :-1 s=STATE_CONNECTION_ESTABLISHED l=1).mark_down
2024-02-20T07:51:03.481 INFO:teuthology.orchestra.run.smithi055.stdout:/usr/bin/ceph: stderr
2024-02-20T07:51:02.897+0000 7f7632a4b700 1 --2- 172.21.15.55:0/4062722514 >> [v2:172.21.15.55:3300/0,v1:172.21.15.55:6789/0] conn(0x7f762c102770 0x7f762c111590 secure :-1 s=READY pgs=44 cs=0 l=1 rev1=1 crypto rx=0x7f761c00b440 tx=0x7f761c009250 comp rx=0 tx=0).stop
2024-02-20T07:51:03.481 INFO:teuthology.orchestra.run.smithi055.stdout:/usr/bin/ceph: stderr
2024-02-20T07:51:02.897+0000 7f7632a4b700 1 -- 172.21.15.55:0/4062722514 shutdown_connections
2024-02-20T07:51:03.481 INFO:teuthology.orchestra.run.smithi055.stdout:/usr/bin/ceph: stderr
2024-02-20T07:51:02.897+0000 7f7632a4b700 1 --2- 172.21.15.55:0/4062722514 >> [v2:172.21.15.55:6800/4027903862,v1:172.21.15.55:6801/4027903862] conn(0x7f76180367e0 0x7f7618038c90 unknown :-1 s=CLOSED pgs=11 cs=0 l=1 rev1=1 crypto rx=0 tx=0 comp rx=0 tx=0).stop
2024-02-20T07:51:03.481 INFO:teuthology.orchestra.run.smithi055.stdout:/usr/bin/ceph: stderr
2024-02-20T07:51:02.897+0000 7f7632a4b700 1 --2- 172.21.15.55:0/4062722514 >> [v2:172.21.15.55:3300/0,v1:172.21.15.55:6789/0] conn(0x7f762c102770 0x7f762c111590 unknown :-1 s=CLOSED pgs=44 cs=0 l=1 rev1=1 crypto rx=0 tx=0 comp rx=0 tx=0).stop
2024-02-20T07:51:03.481 INFO:teuthology.orchestra.run.smithi055.stdout:/usr/bin/ceph: stderr
2024-02-20T07:51:02.897+0000 7f7632a4b700 1 -- 172.21.15.55:0/4062722514 >> 172.21.15.55:0/4062722514 conn(0x7f762c0fded0 msgr2=0x7f762c0ff590 unknown :-1 s=STATE_NONE l=0).mark_down
2024-02-20T07:51:03.481 INFO:teuthology.orchestra.run.smithi055.stdout:/usr/bin/ceph: stderr
2024-02-20T07:51:02.897+0000 7f7632a4b700 1 -- 172.21.15.55:0/4062722514 shutdown_connections
2024-02-20T07:51:03.481 INFO:teuthology.orchestra.run.smithi055.stdout:/usr/bin/ceph: stderr
2024-02-20T07:51:02.897+0000 7f7632a4b700 1 -- 172.21.15.55:0/4062722514 wait complete.
2024-02-20T07:51:03.481 INFO:teuthology.orchestra.run.smithi055.stdout:Deploying mon service with default placement...
2024-02-20T07:51:04.100 INFO:journalctl@ceph.mon.smithi055.smithi055.stdout:Feb 20 07:51:03 smithi055 ceph-mon[29254]: from='mgr.14118 172.21.15.55:0/1826130514' entity='mgr.smithi055.stjper'
2024-02-20T07:51:04.100 INFO:journalctl@ceph.mon.smithi055.smithi055.stdout:Feb 20 07:51:03 smithi055 ceph-mon[29254]: Added host smithi055
2024-02-20T07:51:04.100 INFO:journalctl@ceph.mon.smithi055.smithi055.stdout:Feb 20 07:51:03 smithi055 ceph-mon[29254]: from='mgr.14118 172.21.15.55:0/1826130514' entity='mgr.smithi055.stjper' cmd=[{"prefix": "config dump", "format": "json"}]: dispatch
2024-02-20T07:51:04.854 INFO:teuthology.orchestra.run.smithi055.stdout:/usr/bin/ceph: stdout Scheduled mon update...
2024-02-20T07:51:04.854 INFO:teuthology.orchestra.run.smithi055.stdout:/usr/bin/ceph: stderr
2024-02-20T07:51:03.864+0000 7fae4704e700 1 Processor -- start
2024-02-20T07:51:04.854 INFO:teuthology.orchestra.run.smithi055.stdout:/usr/bin/ceph: stderr
2024-02-20T07:51:03.864+0000 7fae4704e700 1 -- start start
2024-02-20T07:51:04.854 INFO:teuthology.orchestra.run.smithi055.stdout:/usr/bin/ceph: stderr
2024-02-20T07:51:03.864+0000 7fae4704e700 1 --2- >> [v2:172.21.15.55:3300/0,v1:172.21.15.55:6789/0] conn(0x7fae40102770 0x7fae40102b80 unknown :-1 s=NONE pgs=0 cs=0 l=0 rev1=0 crypto rx=0 tx=0 comp rx=0 tx=0).connect
2024-02-20T07:51:04.855 INFO:teuthology.orchestra.run.smithi055.stdout:/usr/bin/ceph: stderr
2024-02-20T07:51:03.864+0000 7fae4704e700 1 -- --> [v2:172.21.15.55:3300/0,v1:172.21.15.55:6789/0] -- mon_getmap magic: 0 v1 -- 0x7fae401030c0 con 0x7fae40102770
2024-02-20T07:51:04.855 INFO:teuthology.orchestra.run.smithi055.stdout:/usr/bin/ceph: stderr
2024-02-20T07:51:03.864+0000 7fae44dea700 1 --2- >> [v2:172.21.15.55:3300/0,v1:172.21.15.55:6789/0] conn(0x7fae40102770 0x7fae40102b80 unknown :-1 s=BANNER_CONNECTING pgs=0 cs=0 l=0 rev1=0 crypto rx=0 tx=0 comp rx=0 tx=0)._handle_peer_banner_payload supported=3 required=0
2024-02-20T07:51:04.855 INFO:teuthology.orchestra.run.smithi055.stdout:/usr/bin/ceph: stderr
2024-02-20T07:51:03.864+0000 7fae44dea700 1 --2- >> [v2:172.21.15.55:3300/0,v1:172.21.15.55:6789/0] conn(0x7fae40102770 0x7fae40102b80 unknown :-1 s=HELLO_CONNECTING pgs=0 cs=0 l=0 rev1=1 crypto rx=0 tx=0 comp rx=0 tx=0).handle_hello peer v2:172.21.15.55:3300/0 says I am v2:172.21.15.55:49866/0 (socket says 172.21.15.55:49866)
2024-02-20T07:51:04.855 INFO:teuthology.orchestra.run.smithi055.stdout:/usr/bin/ceph: stderr
2024-02-20T07:51:03.864+0000 7fae44dea700 1 -- 172.21.15.55:0/3767075377 learned_addr learned my addr 172.21.15.55:0/3767075377 (peer_addr_for_me v2:172.21.15.55:0/0)
2024-02-20T07:51:04.855 INFO:teuthology.orchestra.run.smithi055.stdout:/usr/bin/ceph: stderr
2024-02-20T07:51:03.865+0000 7fae44dea700 1 -- 172.21.15.55:0/3767075377 --> [v2:172.21.15.55:3300/0,v1:172.21.15.55:6789/0] -- mon_subscribe({config=0+,monmap=0+}) v3 -- 0x7fae40103200 con 0x7fae40102770
2024-02-20T07:51:04.855 INFO:teuthology.orchestra.run.smithi055.stdout:/usr/bin/ceph: stderr
2024-02-20T07:51:03.865+0000 7fae44dea700 1 --2- 172.21.15.55:0/3767075377 >> [v2:172.21.15.55:3300/0,v1:172.21.15.55:6789/0] conn(0x7fae40102770 0x7fae40102b80 secure :-1 s=READY pgs=45 cs=0 l=1 rev1=1 crypto rx=0x7fae340098e0 tx=0x7fae34009250 comp rx=0 tx=0).ready entity=mon.0 client_cookie=88ab29fe17f97527 server_cookie=0 in_seq=0 out_seq=0
2024-02-20T07:51:04.855 INFO:teuthology.orchestra.run.smithi055.stdout:/usr/bin/ceph: stderr
2024-02-20T07:51:03.865+0000 7fae3f7fe700 1 -- 172.21.15.55:0/3767075377 <== mon.0 v2:172.21.15.55:3300/0 1 ==== mon_map magic: 0 v1 ==== 229+0+0 (secure 0 0 0) 0x7fae3400b860 con 0x7fae40102770
2024-02-20T07:51:04.855 INFO:teuthology.orchestra.run.smithi055.stdout:/usr/bin/ceph: stderr
2024-02-20T07:51:03.865+0000 7fae3f7fe700 1 -- 172.21.15.55:0/3767075377 <== mon.0 v2:172.21.15.55:3300/0 2 ==== config(27 keys) v1 ==== 1044+0+0 (secure 0 0 0) 0x7fae3400be50 con 0x7fae40102770
2024-02-20T07:51:04.855 INFO:teuthology.orchestra.run.smithi055.stdout:/usr/bin/ceph: stderr
2024-02-20T07:51:03.865+0000 7fae3f7fe700 1 -- 172.21.15.55:0/3767075377 <== mon.0 v2:172.21.15.55:3300/0 3 ==== mon_map magic: 0 v1 ==== 229+0+0 (secure 0 0 0) 0x7fae34010380 con 0x7fae40102770
2024-02-20T07:51:04.855 INFO:teuthology.orchestra.run.smithi055.stdout:/usr/bin/ceph: stderr
2024-02-20T07:51:03.866+0000 7fae4704e700 1 -- 172.21.15.55:0/3767075377 >> [v2:172.21.15.55:3300/0,v1:172.21.15.55:6789/0] conn(0x7fae40102770 msgr2=0x7fae40102b80 secure :-1 s=STATE_CONNECTION_ESTABLISHED l=1).mark_down
2024-02-20T07:51:04.855 INFO:teuthology.orchestra.run.smithi055.stdout:/usr/bin/ceph: stderr
2024-02-20T07:51:03.866+0000 7fae4704e700 1 --2- 172.21.15.55:0/3767075377 >> [v2:172.21.15.55:3300/0,v1:172.21.15.55:6789/0] conn(0x7fae40102770 0x7fae40102b80 secure :-1 s=READY pgs=45 cs=0 l=1 rev1=1 crypto rx=0x7fae340098e0 tx=0x7fae34009250 comp rx=0 tx=0).stop
2024-02-20T07:51:04.855 INFO:teuthology.orchestra.run.smithi055.stdout:/usr/bin/ceph: stderr
2024-02-20T07:51:03.866+0000 7fae4704e700 1 -- 172.21.15.55:0/3767075377 shutdown_connections
2024-02-20T07:51:04.855 INFO:teuthology.orchestra.run.smithi055.stdout:/usr/bin/ceph: stderr
2024-02-20T07:51:03.866+0000 7fae4704e700 1 --2- 172.21.15.55:0/3767075377 >> [v2:172.21.15.55:3300/0,v1:172.21.15.55:6789/0] conn(0x7fae40102770 0x7fae40102b80 unknown :-1 s=CLOSED pgs=45 cs=0 l=1 rev1=1 crypto rx=0 tx=0 comp rx=0 tx=0).stop
2024-02-20T07:51:04.855 INFO:teuthology.orchestra.run.smithi055.stdout:/usr/bin/ceph: stderr
2024-02-20T07:51:03.866+0000 7fae4704e700 1 -- 172.21.15.55:0/3767075377 >> 172.21.15.55:0/3767075377 conn(0x7fae400fded0 msgr2=0x7fae40100300 unknown :-1 s=STATE_NONE l=0).mark_down
2024-02-20T07:51:04.856 INFO:teuthology.orchestra.run.smithi055.stdout:/usr/bin/ceph: stderr
2024-02-20T07:51:03.866+0000 7fae4704e700 1 -- 172.21.15.55:0/3767075377 shutdown_connections
2024-02-20T07:51:04.856 INFO:teuthology.orchestra.run.smithi055.stdout:/usr/bin/ceph: stderr
2024-02-20T07:51:03.866+0000 7fae4704e700 1 -- 172.21.15.55:0/3767075377 wait complete.
2024-02-20T07:51:04.856 INFO:teuthology.orchestra.run.smithi055.stdout:/usr/bin/ceph: stderr
2024-02-20T07:51:03.866+0000 7fae4704e700 1 Processor -- start
2024-02-20T07:51:04.856 INFO:teuthology.orchestra.run.smithi055.stdout:/usr/bin/ceph: stderr
2024-02-20T07:51:03.867+0000 7fae4704e700 1 -- start start
2024-02-20T07:51:04.856 INFO:teuthology.orchestra.run.smithi055.stdout:/usr/bin/ceph: stderr
2024-02-20T07:51:03.867+0000 7fae4704e700 1 --2- >> [v2:172.21.15.55:3300/0,v1:172.21.15.55:6789/0] conn(0x7fae40102770 0x7fae40111500 unknown :-1 s=NONE pgs=0 cs=0 l=1 rev1=0 crypto rx=0 tx=0 comp rx=0 tx=0).connect
2024-02-20T07:51:04.856 INFO:teuthology.orchestra.run.smithi055.stdout:/usr/bin/ceph: stderr
2024-02-20T07:51:03.867+0000 7fae4704e700 1 -- --> [v2:172.21.15.55:3300/0,v1:172.21.15.55:6789/0] -- mon_getmap magic: 0 v1 -- 0x7fae40111a40 con 0x7fae40102770
2024-02-20T07:51:04.856 INFO:teuthology.orchestra.run.smithi055.stdout:/usr/bin/ceph: stderr
2024-02-20T07:51:03.867+0000 7fae44dea700 1 --2- >> [v2:172.21.15.55:3300/0,v1:172.21.15.55:6789/0] conn(0x7fae40102770 0x7fae40111500 unknown :-1 s=BANNER_CONNECTING pgs=0 cs=0 l=1 rev1=0 crypto rx=0 tx=0 comp rx=0 tx=0)._handle_peer_banner_payload supported=3 required=0
2024-02-20T07:51:04.856 INFO:teuthology.orchestra.run.smithi055.stdout:/usr/bin/ceph: stderr
2024-02-20T07:51:03.867+0000 7fae44dea700 1 --2- >> [v2:172.21.15.55:3300/0,v1:172.21.15.55:6789/0] conn(0x7fae40102770 0x7fae40111500 unknown :-1 s=HELLO_CONNECTING pgs=0 cs=0 l=1 rev1=1 crypto rx=0 tx=0 comp rx=0 tx=0).handle_hello peer v2:172.21.15.55:3300/0 says I am v2:172.21.15.55:49876/0 (socket says 172.21.15.55:49876)
2024-02-20T07:51:04.856 INFO:teuthology.orchestra.run.smithi055.stdout:/usr/bin/ceph: stderr
2024-02-20T07:51:03.867+0000 7fae44dea700 1 -- 172.21.15.55:0/3611689563 learned_addr learned my addr 172.21.15.55:0/3611689563 (peer_addr_for_me v2:172.21.15.55:0/0)
2024-02-20T07:51:04.856 INFO:teuthology.orchestra.run.smithi055.stdout:/usr/bin/ceph: stderr
2024-02-20T07:51:03.867+0000 7fae44dea700 1 -- 172.21.15.55:0/3611689563 --> [v2:172.21.15.55:3300/0,v1:172.21.15.55:6789/0] -- mon_subscribe({config=0+,monmap=0+}) v3 -- 0x7fae340094f0 con 0x7fae40102770
2024-02-20T07:51:04.856 INFO:teuthology.orchestra.run.smithi055.stdout:/usr/bin/ceph: stderr
2024-02-20T07:51:03.867+0000 7fae44dea700 1 --2- 172.21.15.55:0/3611689563 >> [v2:172.21.15.55:3300/0,v1:172.21.15.55:6789/0] conn(0x7fae40102770 0x7fae40111500 secure :-1 s=READY pgs=46 cs=0 l=1 rev1=1 crypto rx=0x7fae3400b440 tx=0x7fae34009250 comp rx=0 tx=0).ready entity=mon.0 client_cookie=0 server_cookie=0 in_seq=0 out_seq=0
2024-02-20T07:51:04.856 INFO:teuthology.orchestra.run.smithi055.stdout:/usr/bin/ceph: stderr
2024-02-20T07:51:03.868+0000 7fae3d7fa700 1 -- 172.21.15.55:0/3611689563 <== mon.0 v2:172.21.15.55:3300/0 1 ==== mon_map magic: 0 v1 ==== 229+0+0 (secure 0 0 0) 0x7fae340107c0 con 0x7fae40102770
2024-02-20T07:51:04.856 INFO:teuthology.orchestra.run.smithi055.stdout:/usr/bin/ceph: stderr
2024-02-20T07:51:03.868+0000 7fae3d7fa700 1 -- 172.21.15.55:0/3611689563 <== mon.0 v2:172.21.15.55:3300/0 2 ==== config(27 keys) v1 ==== 1044+0+0 (secure 0 0 0) 0x7fae34010db0 con 0x7fae40102770
2024-02-20T07:51:04.857 INFO:teuthology.orchestra.run.smithi055.stdout:/usr/bin/ceph: stderr
2024-02-20T07:51:03.868+0000 7fae4704e700 1 -- 172.21.15.55:0/3611689563 --> [v2:172.21.15.55:3300/0,v1:172.21.15.55:6789/0] -- mon_subscribe({mgrmap=0+}) v3 -- 0x7fae40111c40 con 0x7fae40102770
2024-02-20T07:51:04.857 INFO:teuthology.orchestra.run.smithi055.stdout:/usr/bin/ceph: stderr
2024-02-20T07:51:03.868+0000 7fae3d7fa700 1 -- 172.21.15.55:0/3611689563 <== mon.0 v2:172.21.15.55:3300/0 3 ==== mon_map magic: 0 v1 ==== 229+0+0 (secure 0 0 0) 0x7fae3401ada0 con 0x7fae40102770
2024-02-20T07:51:04.857 INFO:teuthology.orchestra.run.smithi055.stdout:/usr/bin/ceph: stderr
2024-02-20T07:51:03.868+0000 7fae4704e700 1 -- 172.21.15.55:0/3611689563 --> [v2:172.21.15.55:3300/0,v1:172.21.15.55:6789/0] -- mon_subscribe({osdmap=0}) v3 -- 0x7fae401128e0 con 0x7fae40102770
2024-02-20T07:51:04.857 INFO:teuthology.orchestra.run.smithi055.stdout:/usr/bin/ceph: stderr
2024-02-20T07:51:03.869+0000 7fae4704e700 1 -- 172.21.15.55:0/3611689563 --> [v2:172.21.15.55:3300/0,v1:172.21.15.55:6789/0] -- mon_command({"prefix": "get_command_descriptions"} v 0) v1 -- 0x7fae4005f5c0 con 0x7fae40102770
2024-02-20T07:51:04.857 INFO:teuthology.orchestra.run.smithi055.stdout:/usr/bin/ceph: stderr
2024-02-20T07:51:03.869+0000 7fae3d7fa700 1 -- 172.21.15.55:0/3611689563 <== mon.0 v2:172.21.15.55:3300/0 4 ==== mgrmap(e 8) v1 ==== 43368+0+0 (secure 0 0 0) 0x7fae3402e440 con 0x7fae40102770
2024-02-20T07:51:04.857 INFO:teuthology.orchestra.run.smithi055.stdout:/usr/bin/ceph: stderr
2024-02-20T07:51:03.869+0000 7fae3d7fa700 1 --2- 172.21.15.55:0/3611689563 >> [v2:172.21.15.55:6800/4027903862,v1:172.21.15.55:6801/4027903862] conn(0x7fae300367e0 0x7fae30038c90 unknown :-1 s=NONE pgs=0 cs=0 l=1 rev1=0 crypto rx=0 tx=0 comp rx=0 tx=0).connect
2024-02-20T07:51:04.857 INFO:teuthology.orchestra.run.smithi055.stdout:/usr/bin/ceph: stderr
2024-02-20T07:51:03.869+0000 7fae3d7fa700 1 -- 172.21.15.55:0/3611689563 <== mon.0 v2:172.21.15.55:3300/0 5 ==== osd_map(2..2 src has 1..2) v4 ==== 936+0+0 (secure 0 0 0) 0x7fae3404ac90 con 0x7fae40102770
2024-02-20T07:51:04.857 INFO:teuthology.orchestra.run.smithi055.stdout:/usr/bin/ceph: stderr
2024-02-20T07:51:03.869+0000 7fae3ffff700 1 --2- 172.21.15.55:0/3611689563 >> [v2:172.21.15.55:6800/4027903862,v1:172.21.15.55:6801/4027903862] conn(0x7fae300367e0 0x7fae30038c90 unknown :-1 s=BANNER_CONNECTING pgs=0 cs=0 l=1 rev1=0 crypto rx=0 tx=0 comp rx=0 tx=0)._handle_peer_banner_payload supported=3 required=0
2024-02-20T07:51:04.857 INFO:teuthology.orchestra.run.smithi055.stdout:/usr/bin/ceph: stderr
2024-02-20T07:51:03.869+0000 7fae3ffff700 1 --2- 172.21.15.55:0/3611689563 >> [v2:172.21.15.55:6800/4027903862,v1:172.21.15.55:6801/4027903862] conn(0x7fae300367e0 0x7fae30038c90 secure :-1 s=READY pgs=12 cs=0 l=1 rev1=1 crypto rx=0x7fae2c009990 tx=0x7fae2c006e40 comp rx=0 tx=0).ready entity=mgr.14118 client_cookie=0 server_cookie=0 in_seq=0 out_seq=0
2024-02-20T07:51:04.857 INFO:teuthology.orchestra.run.smithi055.stdout:/usr/bin/ceph: stderr
2024-02-20T07:51:03.874+0000 7fae3d7fa700 1 -- 172.21.15.55:0/3611689563 <== mon.0 v2:172.21.15.55:3300/0 6 ==== mon_command_ack([{"prefix": "get_command_descriptions"}]=0 v0) v1 ==== 72+0+175031 (secure 0 0 0) 0x7fae34024440 con 0x7fae40102770
2024-02-20T07:51:04.857 INFO:teuthology.orchestra.run.smithi055.stdout:/usr/bin/ceph: stderr
2024-02-20T07:51:04.098+0000 7fae4704e700 1 -- 172.21.15.55:0/3611689563 --> [v2:172.21.15.55:6800/4027903862,v1:172.21.15.55:6801/4027903862] -- mgr_command(tid 0: {"prefix": "orch apply", "service_type": "mon", "target": ["mon-mgr", ""]}) v1 -- 0x7fae400ff380 con 0x7fae300367e0
2024-02-20T07:51:04.857 INFO:teuthology.orchestra.run.smithi055.stdout:/usr/bin/ceph: stderr
2024-02-20T07:51:04.103+0000 7fae3d7fa700 1 -- 172.21.15.55:0/3611689563 <== mgr.14118 v2:172.21.15.55:6800/4027903862 1 ==== mgr_command_reply(tid 0: 0 ) v1 ==== 8+0+24 (secure 0 0 0) 0x7fae400ff380 con 0x7fae300367e0
2024-02-20T07:51:04.857 INFO:teuthology.orchestra.run.smithi055.stdout:/usr/bin/ceph: stderr
2024-02-20T07:51:04.104+0000 7fae4704e700 1 -- 172.21.15.55:0/3611689563 >> [v2:172.21.15.55:6800/4027903862,v1:172.21.15.55:6801/4027903862] conn(0x7fae300367e0 msgr2=0x7fae30038c90 secure :-1 s=STATE_CONNECTION_ESTABLISHED l=1).mark_down
2024-02-20T07:51:04.857 INFO:teuthology.orchestra.run.smithi055.stdout:/usr/bin/ceph: stderr
2024-02-20T07:51:04.104+0000 7fae4704e700 1 --2- 172.21.15.55:0/3611689563 >> [v2:172.21.15.55:6800/4027903862,v1:172.21.15.55:6801/4027903862] conn(0x7fae300367e0 0x7fae30038c90 secure :-1 s=READY pgs=12 cs=0 l=1 rev1=1 crypto rx=0x7fae2c009990 tx=0x7fae2c006e40 comp rx=0 tx=0).stop
2024-02-20T07:51:04.857 INFO:teuthology.orchestra.run.smithi055.stdout:/usr/bin/ceph: stderr
2024-02-20T07:51:04.104+0000 7fae4704e700 1 -- 172.21.15.55:0/3611689563 >> [v2:172.21.15.55:3300/0,v1:172.21.15.55:6789/0] conn(0x7fae40102770 msgr2=0x7fae40111500 secure :-1 s=STATE_CONNECTION_ESTABLISHED l=1).mark_down
2024-02-20T07:51:04.858 INFO:teuthology.orchestra.run.smithi055.stdout:/usr/bin/ceph: stderr
2024-02-20T07:51:04.104+0000 7fae4704e700 1 --2- 172.21.15.55:0/3611689563 >> [v2:172.21.15.55:3300/0,v1:172.21.15.55:6789/0] conn(0x7fae40102770 0x7fae40111500 secure :-1 s=READY pgs=46 cs=0 l=1 rev1=1 crypto rx=0x7fae3400b440 tx=0x7fae34009250 comp rx=0 tx=0).stop
2024-02-20T07:51:04.858 INFO:teuthology.orchestra.run.smithi055.stdout:/usr/bin/ceph: stderr
2024-02-20T07:51:04.105+0000 7fae4704e700 1 -- 172.21.15.55:0/3611689563 shutdown_connections
2024-02-20T07:51:04.858 INFO:teuthology.orchestra.run.smithi055.stdout:/usr/bin/ceph: stderr
2024-02-20T07:51:04.105+0000 7fae4704e700 1 --2- 172.21.15.55:0/3611689563 >> [v2:172.21.15.55:6800/4027903862,v1:172.21.15.55:6801/4027903862] conn(0x7fae300367e0 0x7fae30038c90 unknown :-1 s=CLOSED pgs=12 cs=0 l=1 rev1=1 crypto rx=0 tx=0 comp rx=0 tx=0).stop
2024-02-20T07:51:04.858 INFO:teuthology.orchestra.run.smithi055.stdout:/usr/bin/ceph: stderr
2024-02-20T07:51:04.105+0000 7fae4704e700 1 --2- 172.21.15.55:0/3611689563 >> [v2:172.21.15.55:3300/0,v1:172.21.15.55:6789/0] conn(0x7fae40102770 0x7fae40111500 unknown :-1 s=CLOSED pgs=46 cs=0 l=1 rev1=1 crypto rx=0 tx=0 comp rx=0 tx=0).stop
2024-02-20T07:51:04.858 INFO:teuthology.orchestra.run.smithi055.stdout:/usr/bin/ceph: stderr
2024-02-20T07:51:04.105+0000 7fae4704e700 1 -- 172.21.15.55:0/3611689563 >> 172.21.15.55:0/3611689563 conn(0x7fae400fded0 msgr2=0x7fae400fec70 unknown :-1 s=STATE_NONE l=0).mark_down
2024-02-20T07:51:04.858 INFO:teuthology.orchestra.run.smithi055.stdout:/usr/bin/ceph: stderr
2024-02-20T07:51:04.105+0000 7fae4704e700 1 -- 172.21.15.55:0/3611689563 shutdown_connections
2024-02-20T07:51:04.858 INFO:teuthology.orchestra.run.smithi055.stdout:/usr/bin/ceph: stderr
2024-02-20T07:51:04.105+0000 7fae4704e700 1 -- 172.21.15.55:0/3611689563 wait complete.
2024-02-20T07:51:04.858 INFO:teuthology.orchestra.run.smithi055.stdout:Deploying mgr service with default placement...
2024-02-20T07:51:05.417 INFO:journalctl@ceph.mon.smithi055.smithi055.stdout:Feb 20 07:51:05 smithi055 ceph-mon[29254]: from='client.14140 -' entity='client.admin' cmd=[{"prefix": "orch apply", "service_type": "mon", "target": ["mon-mgr", ""]}]: dispatch
2024-02-20T07:51:05.417 INFO:journalctl@ceph.mon.smithi055.smithi055.stdout:Feb 20 07:51:05 smithi055 ceph-mon[29254]: Saving service mon spec with placement count:5
2024-02-20T07:51:05.417 INFO:journalctl@ceph.mon.smithi055.smithi055.stdout:Feb 20 07:51:05 smithi055 ceph-mon[29254]: from='mgr.14118 172.21.15.55:0/1826130514' entity='mgr.smithi055.stjper'
2024-02-20T07:51:06.081 INFO:teuthology.orchestra.run.smithi055.stdout:/usr/bin/ceph: stdout Scheduled mgr update...
2024-02-20T07:51:06.081 INFO:teuthology.orchestra.run.smithi055.stdout:/usr/bin/ceph: stderr
2024-02-20T07:51:05.293+0000 7f1ee17e5700 1 Processor -- start
2024-02-20T07:51:06.081 INFO:teuthology.orchestra.run.smithi055.stdout:/usr/bin/ceph: stderr
2024-02-20T07:51:05.293+0000 7f1ee17e5700 1 -- start start
2024-02-20T07:51:06.081 INFO:teuthology.orchestra.run.smithi055.stdout:/usr/bin/ceph: stderr
2024-02-20T07:51:05.293+0000 7f1ee17e5700 1 --2- >> [v2:172.21.15.55:3300/0,v1:172.21.15.55:6789/0] conn(0x7f1edc076c40 0x7f1edc105360 unknown :-1 s=NONE pgs=0 cs=0 l=0 rev1=0 crypto rx=0 tx=0 comp rx=0 tx=0).connect
2024-02-20T07:51:06.081 INFO:teuthology.orchestra.run.smithi055.stdout:/usr/bin/ceph: stderr
2024-02-20T07:51:05.293+0000 7f1ee17e5700 1 -- --> [v2:172.21.15.55:3300/0,v1:172.21.15.55:6789/0] -- mon_getmap magic: 0 v1 -- 0x7f1edc1058a0 con 0x7f1edc076c40
2024-02-20T07:51:06.081 INFO:teuthology.orchestra.run.smithi055.stdout:/usr/bin/ceph: stderr
2024-02-20T07:51:05.293+0000 7f1edaffd700 1 --2- >> [v2:172.21.15.55:3300/0,v1:172.21.15.55:6789/0] conn(0x7f1edc076c40 0x7f1edc105360 unknown :-1 s=BANNER_CONNECTING pgs=0 cs=0 l=0 rev1=0 crypto rx=0 tx=0 comp rx=0 tx=0)._handle_peer_banner_payload supported=3 required=0
2024-02-20T07:51:06.081 INFO:teuthology.orchestra.run.smithi055.stdout:/usr/bin/ceph: stderr
2024-02-20T07:51:05.293+0000 7f1edaffd700 1 --2- >> [v2:172.21.15.55:3300/0,v1:172.21.15.55:6789/0] conn(0x7f1edc076c40 0x7f1edc105360 unknown :-1 s=HELLO_CONNECTING pgs=0 cs=0 l=0 rev1=1 crypto rx=0 tx=0 comp rx=0 tx=0).handle_hello peer v2:172.21.15.55:3300/0 says I am v2:172.21.15.55:49882/0 (socket says 172.21.15.55:49882)
2024-02-20T07:51:06.081 INFO:teuthology.orchestra.run.smithi055.stdout:/usr/bin/ceph: stderr
2024-02-20T07:51:05.293+0000 7f1edaffd700 1 -- 172.21.15.55:0/189233246 learned_addr learned my addr 172.21.15.55:0/189233246 (peer_addr_for_me v2:172.21.15.55:0/0)
2024-02-20T07:51:06.082 INFO:teuthology.orchestra.run.smithi055.stdout:/usr/bin/ceph: stderr
2024-02-20T07:51:05.293+0000 7f1edaffd700 1 -- 172.21.15.55:0/189233246 --> [v2:172.21.15.55:3300/0,v1:172.21.15.55:6789/0] -- mon_subscribe({config=0+,monmap=0+}) v3 -- 0x7f1edc1059e0 con 0x7f1edc076c40
2024-02-20T07:51:06.082 INFO:teuthology.orchestra.run.smithi055.stdout:/usr/bin/ceph: stderr
2024-02-20T07:51:05.294+0000 7f1edaffd700 1 --2- 172.21.15.55:0/189233246 >> [v2:172.21.15.55:3300/0,v1:172.21.15.55:6789/0] conn(0x7f1edc076c40 0x7f1edc105360 secure :-1 s=READY pgs=47 cs=0 l=1 rev1=1 crypto rx=0x7f1ecc0098e0 tx=0x7f1ecc009250 comp rx=0 tx=0).ready entity=mon.0 client_cookie=7ba011f1a575cd02 server_cookie=0 in_seq=0 out_seq=0
2024-02-20T07:51:06.082 INFO:teuthology.orchestra.run.smithi055.stdout:/usr/bin/ceph: stderr
2024-02-20T07:51:05.294+0000 7f1ed9ffb700 1 -- 172.21.15.55:0/189233246 <== mon.0 v2:172.21.15.55:3300/0 1 ==== mon_map magic: 0 v1 ==== 229+0+0 (secure 0 0 0) 0x7f1ecc00b860 con 0x7f1edc076c40
2024-02-20T07:51:06.082 INFO:teuthology.orchestra.run.smithi055.stdout:/usr/bin/ceph: stderr
2024-02-20T07:51:05.294+0000 7f1ed9ffb700 1 -- 172.21.15.55:0/189233246 <== mon.0 v2:172.21.15.55:3300/0 2 ==== config(27 keys) v1 ==== 1044+0+0 (secure 0 0 0) 0x7f1ecc00be50 con 0x7f1edc076c40
2024-02-20T07:51:06.082 INFO:teuthology.orchestra.run.smithi055.stdout:/usr/bin/ceph: stderr
2024-02-20T07:51:05.294+0000 7f1ed9ffb700 1 -- 172.21.15.55:0/189233246 <== mon.0 v2:172.21.15.55:3300/0 3 ==== mon_map magic: 0 v1 ==== 229+0+0 (secure 0 0 0) 0x7f1ecc010380 con 0x7f1edc076c40
2024-02-20T07:51:06.082 INFO:teuthology.orchestra.run.smithi055.stdout:/usr/bin/ceph: stderr
2024-02-20T07:51:05.294+0000 7f1ee17e5700 1 -- 172.21.15.55:0/189233246 >> [v2:172.21.15.55:3300/0,v1:172.21.15.55:6789/0] conn(0x7f1edc076c40 msgr2=0x7f1edc105360 secure :-1 s=STATE_CONNECTION_ESTABLISHED l=1).mark_down
2024-02-20T07:51:06.082 INFO:teuthology.orchestra.run.smithi055.stdout:/usr/bin/ceph: stderr
2024-02-20T07:51:05.294+0000 7f1ee17e5700 1 --2- 172.21.15.55:0/189233246 >> [v2:172.21.15.55:3300/0,v1:172.21.15.55:6789/0] conn(0x7f1edc076c40 0x7f1edc105360 secure :-1 s=READY pgs=47 cs=0 l=1 rev1=1 crypto rx=0x7f1ecc0098e0 tx=0x7f1ecc009250 comp rx=0 tx=0).stop
2024-02-20T07:51:06.082 INFO:teuthology.orchestra.run.smithi055.stdout:/usr/bin/ceph: stderr
2024-02-20T07:51:05.294+0000 7f1ee17e5700 1 -- 172.21.15.55:0/189233246 shutdown_connections
2024-02-20T07:51:06.082 INFO:teuthology.orchestra.run.smithi055.stdout:/usr/bin/ceph: stderr
2024-02-20T07:51:05.294+0000 7f1ee17e5700 1 --2- 172.21.15.55:0/189233246 >> [v2:172.21.15.55:3300/0,v1:172.21.15.55:6789/0] conn(0x7f1edc076c40 0x7f1edc105360 unknown :-1 s=CLOSED pgs=47 cs=0 l=1 rev1=1 crypto rx=0 tx=0 comp rx=0 tx=0).stop
2024-02-20T07:51:06.082 INFO:teuthology.orchestra.run.smithi055.stdout:/usr/bin/ceph: stderr
2024-02-20T07:51:05.294+0000 7f1ee17e5700 1 -- 172.21.15.55:0/189233246 >> 172.21.15.55:0/189233246 conn(0x7f1edc0fcdd0 msgr2=0x7f1edc0ff200 unknown :-1 s=STATE_NONE l=0).mark_down
2024-02-20T07:51:06.082 INFO:teuthology.orchestra.run.smithi055.stdout:/usr/bin/ceph: stderr
2024-02-20T07:51:05.294+0000 7f1ee17e5700 1 -- 172.21.15.55:0/189233246 shutdown_connections
2024-02-20T07:51:06.082 INFO:teuthology.orchestra.run.smithi055.stdout:/usr/bin/ceph: stderr
2024-02-20T07:51:05.295+0000 7f1ee17e5700 1 -- 172.21.15.55:0/189233246 wait complete.
2024-02-20T07:51:06.082 INFO:teuthology.orchestra.run.smithi055.stdout:/usr/bin/ceph: stderr
2024-02-20T07:51:05.295+0000 7f1ee17e5700 1 Processor -- start
2024-02-20T07:51:06.083 INFO:teuthology.orchestra.run.smithi055.stdout:/usr/bin/ceph: stderr
2024-02-20T07:51:05.295+0000 7f1ee17e5700 1 -- start start
2024-02-20T07:51:06.083 INFO:teuthology.orchestra.run.smithi055.stdout:/usr/bin/ceph: stderr
2024-02-20T07:51:05.295+0000 7f1ee17e5700 1 --2- >> [v2:172.21.15.55:3300/0,v1:172.21.15.55:6789/0] conn(0x7f1edc076c40 0x7f1edc111820 unknown :-1 s=NONE pgs=0 cs=0 l=1 rev1=0 crypto rx=0 tx=0 comp rx=0 tx=0).connect
2024-02-20T07:51:06.083 INFO:teuthology.orchestra.run.smithi055.stdout:/usr/bin/ceph: stderr
2024-02-20T07:51:05.295+0000 7f1ee17e5700 1 -- --> [v2:172.21.15.55:3300/0,v1:172.21.15.55:6789/0] -- mon_getmap magic: 0 v1 -- 0x7f1edc111d60 con 0x7f1edc076c40
2024-02-20T07:51:06.083 INFO:teuthology.orchestra.run.smithi055.stdout:/usr/bin/ceph: stderr
2024-02-20T07:51:05.296+0000 7f1edaffd700 1 --2- >> [v2:172.21.15.55:3300/0,v1:172.21.15.55:6789/0] conn(0x7f1edc076c40 0x7f1edc111820 unknown :-1 s=BANNER_CONNECTING pgs=0 cs=0 l=1 rev1=0 crypto rx=0 tx=0 comp rx=0 tx=0)._handle_peer_banner_payload supported=3 required=0
2024-02-20T07:51:06.083 INFO:teuthology.orchestra.run.smithi055.stdout:/usr/bin/ceph: stderr
2024-02-20T07:51:05.296+0000 7f1edaffd700 1 --2- >> [v2:172.21.15.55:3300/0,v1:172.21.15.55:6789/0] conn(0x7f1edc076c40 0x7f1edc111820 unknown :-1 s=HELLO_CONNECTING pgs=0 cs=0 l=1 rev1=1 crypto rx=0 tx=0 comp rx=0 tx=0).handle_hello peer v2:172.21.15.55:3300/0 says I am v2:172.21.15.55:49884/0 (socket says 172.21.15.55:49884)
2024-02-20T07:51:06.083 INFO:teuthology.orchestra.run.smithi055.stdout:/usr/bin/ceph: stderr
2024-02-20T07:51:05.296+0000 7f1edaffd700 1 -- 172.21.15.55:0/553597155 learned_addr learned my addr 172.21.15.55:0/553597155 (peer_addr_for_me v2:172.21.15.55:0/0)
2024-02-20T07:51:06.083 INFO:teuthology.orchestra.run.smithi055.stdout:/usr/bin/ceph: stderr
2024-02-20T07:51:05.296+0000 7f1edaffd700 1 -- 172.21.15.55:0/553597155 --> [v2:172.21.15.55:3300/0,v1:172.21.15.55:6789/0] -- mon_subscribe({config=0+,monmap=0+}) v3 -- 0x7f1ecc0094f0 con 0x7f1edc076c40
2024-02-20T07:51:06.083 INFO:teuthology.orchestra.run.smithi055.stdout:/usr/bin/ceph: stderr
2024-02-20T07:51:05.296+0000 7f1edaffd700 1 --2- 172.21.15.55:0/553597155 >> [v2:172.21.15.55:3300/0,v1:172.21.15.55:6789/0] conn(0x7f1edc076c40 0x7f1edc111820 secure :-1 s=READY pgs=48 cs=0 l=1 rev1=1 crypto rx=0x7f1ecc006d40 tx=0x7f1ecc009250 comp rx=0 tx=0).ready entity=mon.0 client_cookie=0 server_cookie=0 in_seq=0 out_seq=0
2024-02-20T07:51:06.083 INFO:teuthology.orchestra.run.smithi055.stdout:/usr/bin/ceph: stderr
2024-02-20T07:51:05.296+0000 7f1ec37fe700 1 -- 172.21.15.55:0/553597155 <== mon.0 v2:172.21.15.55:3300/0 1 ==== mon_map magic: 0 v1 ==== 229+0+0 (secure 0 0 0) 0x7f1ecc010760 con 0x7f1edc076c40
2024-02-20T07:51:06.083 INFO:teuthology.orchestra.run.smithi055.stdout:/usr/bin/ceph: stderr
2024-02-20T07:51:05.296+0000 7f1ee17e5700 1 -- 172.21.15.55:0/553597155 --> [v2:172.21.15.55:3300/0,v1:172.21.15.55:6789/0] -- mon_subscribe({mgrmap=0+}) v3 -- 0x7f1edc111f60 con 0x7f1edc076c40
2024-02-20T07:51:06.083 INFO:teuthology.orchestra.run.smithi055.stdout:/usr/bin/ceph: stderr
2024-02-20T07:51:05.296+0000 7f1ec37fe700 1 -- 172.21.15.55:0/553597155 <== mon.0 v2:172.21.15.55:3300/0 2 ==== config(27 keys) v1 ==== 1044+0+0 (secure 0 0 0) 0x7f1ecc010d50 con 0x7f1edc076c40
2024-02-20T07:51:06.083 INFO:teuthology.orchestra.run.smithi055.stdout:/usr/bin/ceph: stderr
2024-02-20T07:51:05.296+0000 7f1ec37fe700 1 -- 172.21.15.55:0/553597155 <== mon.0 v2:172.21.15.55:3300/0 3 ==== mon_map magic: 0 v1 ==== 229+0+0 (secure 0 0 0) 0x7f1ecc024d20 con 0x7f1edc076c40
2024-02-20T07:51:06.083 INFO:teuthology.orchestra.run.smithi055.stdout:/usr/bin/ceph: stderr
2024-02-20T07:51:05.296+0000 7f1ee17e5700 1 -- 172.21.15.55:0/553597155 --> [v2:172.21.15.55:3300/0,v1:172.21.15.55:6789/0] -- mon_subscribe({osdmap=0}) v3 -- 0x7f1edc112c00 con 0x7f1edc076c40
2024-02-20T07:51:06.083 INFO:teuthology.orchestra.run.smithi055.stdout:/usr/bin/ceph: stderr
2024-02-20T07:51:05.297+0000 7f1ec37fe700 1 -- 172.21.15.55:0/553597155 <== mon.0 v2:172.21.15.55:3300/0 4 ==== mgrmap(e 8) v1 ==== 43368+0+0 (secure 0 0 0) 0x7f1ecc02e440 con 0x7f1edc076c40
2024-02-20T07:51:06.084 INFO:teuthology.orchestra.run.smithi055.stdout:/usr/bin/ceph: stderr
2024-02-20T07:51:05.297+0000 7f1ec37fe700 1 --2- 172.21.15.55:0/553597155 >> [v2:172.21.15.55:6800/4027903862,v1:172.21.15.55:6801/4027903862] conn(0x7f1ec40367e0 0x7f1ec4038c90 unknown :-1 s=NONE pgs=0 cs=0 l=1 rev1=0 crypto rx=0 tx=0 comp rx=0 tx=0).connect
2024-02-20T07:51:06.084 INFO:teuthology.orchestra.run.smithi055.stdout:/usr/bin/ceph: stderr
2024-02-20T07:51:05.297+0000 7f1ec37fe700 1 -- 172.21.15.55:0/553597155 <== mon.0 v2:172.21.15.55:3300/0 5 ==== osd_map(2..2 src has 1..2) v4 ==== 936+0+0 (secure 0 0 0) 0x7f1ecc04a890 con 0x7f1edc076c40
2024-02-20T07:51:06.084 INFO:teuthology.orchestra.run.smithi055.stdout:/usr/bin/ceph: stderr
2024-02-20T07:51:05.297+0000 7f1ee17e5700 1 -- 172.21.15.55:0/553597155 --> [v2:172.21.15.55:3300/0,v1:172.21.15.55:6789/0] -- mon_command({"prefix": "get_command_descriptions"} v 0) v1 -- 0x7f1edc05f5c0 con 0x7f1edc076c40
2024-02-20T07:51:06.084 INFO:teuthology.orchestra.run.smithi055.stdout:/usr/bin/ceph: stderr
2024-02-20T07:51:05.297+0000 7f1eda7fc700 1 --2- 172.21.15.55:0/553597155 >> [v2:172.21.15.55:6800/4027903862,v1:172.21.15.55:6801/4027903862] conn(0x7f1ec40367e0 0x7f1ec4038c90 unknown :-1 s=BANNER_CONNECTING pgs=0 cs=0 l=1 rev1=0 crypto rx=0 tx=0 comp rx=0 tx=0)._handle_peer_banner_payload supported=3 required=0
2024-02-20T07:51:06.084 INFO:teuthology.orchestra.run.smithi055.stdout:/usr/bin/ceph: stderr
2024-02-20T07:51:05.298+0000 7f1eda7fc700 1 --2- 172.21.15.55:0/553597155 >> [v2:172.21.15.55:6800/4027903862,v1:172.21.15.55:6801/4027903862] conn(0x7f1ec40367e0 0x7f1ec4038c90 secure :-1 s=READY pgs=13 cs=0 l=1 rev1=1 crypto rx=0x7f1ed0009990 tx=0x7f1ed0006e40 comp rx=0 tx=0).ready entity=mgr.14118 client_cookie=0 server_cookie=0 in_seq=0 out_seq=0
2024-02-20T07:51:06.084 INFO:teuthology.orchestra.run.smithi055.stdout:/usr/bin/ceph: stderr
2024-02-20T07:51:05.302+0000 7f1ec37fe700 1 -- 172.21.15.55:0/553597155 <== mon.0 v2:172.21.15.55:3300/0 6 ==== mon_command_ack([{"prefix": "get_command_descriptions"}]=0 v0) v1 ==== 72+0+175031 (secure 0 0 0) 0x7f1ecc018940 con 0x7f1edc076c40
2024-02-20T07:51:06.084 INFO:teuthology.orchestra.run.smithi055.stdout:/usr/bin/ceph: stderr
2024-02-20T07:51:05.507+0000 7f1ee17e5700 1 -- 172.21.15.55:0/553597155 --> [v2:172.21.15.55:6800/4027903862,v1:172.21.15.55:6801/4027903862] -- mgr_command(tid 0: {"prefix": "orch apply", "service_type": "mgr", "target": ["mon-mgr", ""]}) v1 -- 0x7f1edc1067f0 con 0x7f1ec40367e0
2024-02-20T07:51:06.084 INFO:teuthology.orchestra.run.smithi055.stdout:/usr/bin/ceph: stderr
2024-02-20T07:51:05.514+0000 7f1ec37fe700 1 -- 172.21.15.55:0/553597155 <== mgr.14118 v2:172.21.15.55:6800/4027903862 1 ==== mgr_command_reply(tid 0: 0 ) v1 ==== 8+0+24 (secure 0 0 0) 0x7f1edc1067f0 con 0x7f1ec40367e0
2024-02-20T07:51:06.084 INFO:teuthology.orchestra.run.smithi055.stdout:/usr/bin/ceph: stderr
2024-02-20T07:51:05.516+0000 7f1ee17e5700 1 -- 172.21.15.55:0/553597155 >> [v2:172.21.15.55:6800/4027903862,v1:172.21.15.55:6801/4027903862] conn(0x7f1ec40367e0 msgr2=0x7f1ec4038c90 secure :-1 s=STATE_CONNECTION_ESTABLISHED l=1).mark_down
2024-02-20T07:51:06.084 INFO:teuthology.orchestra.run.smithi055.stdout:/usr/bin/ceph: stderr
2024-02-20T07:51:05.516+0000 7f1ee17e5700 1 --2- 172.21.15.55:0/553597155 >> [v2:172.21.15.55:6800/4027903862,v1:172.21.15.55:6801/4027903862] conn(0x7f1ec40367e0 0x7f1ec4038c90 secure :-1 s=READY pgs=13 cs=0 l=1 rev1=1 crypto rx=0x7f1ed0009990 tx=0x7f1ed0006e40 comp rx=0 tx=0).stop
2024-02-20T07:51:06.084 INFO:teuthology.orchestra.run.smithi055.stdout:/usr/bin/ceph: stderr
2024-02-20T07:51:05.516+0000 7f1ee17e5700 1 -- 172.21.15.55:0/553597155 >> [v2:172.21.15.55:3300/0,v1:172.21.15.55:6789/0] conn(0x7f1edc076c40 msgr2=0x7f1edc111820 secure :-1 s=STATE_CONNECTION_ESTABLISHED l=1).mark_down
2024-02-20T07:51:06.084 INFO:teuthology.orchestra.run.smithi055.stdout:/usr/bin/ceph: stderr
2024-02-20T07:51:05.516+0000 7f1ee17e5700 1 --2- 172.21.15.55:0/553597155 >> [v2:172.21.15.55:3300/0,v1:172.21.15.55:6789/0] conn(0x7f1edc076c40 0x7f1edc111820 secure :-1 s=READY pgs=48 cs=0 l=1 rev1=1 crypto rx=0x7f1ecc006d40 tx=0x7f1ecc009250 comp rx=0 tx=0).stop
2024-02-20T07:51:06.084 INFO:teuthology.orchestra.run.smithi055.stdout:/usr/bin/ceph: stderr
2024-02-20T07:51:05.516+0000 7f1ee17e5700 1 -- 172.21.15.55:0/553597155 shutdown_connections
2024-02-20T07:51:06.085 INFO:teuthology.orchestra.run.smithi055.stdout:/usr/bin/ceph: stderr
2024-02-20T07:51:05.516+0000 7f1ee17e5700 1 --2- 172.21.15.55:0/553597155 >> [v2:172.21.15.55:6800/4027903862,v1:172.21.15.55:6801/4027903862] conn(0x7f1ec40367e0 0x7f1ec4038c90 unknown :-1 s=CLOSED pgs=13 cs=0 l=1 rev1=1 crypto rx=0 tx=0 comp rx=0 tx=0).stop
2024-02-20T07:51:06.085 INFO:teuthology.orchestra.run.smithi055.stdout:/usr/bin/ceph: stderr
2024-02-20T07:51:05.516+0000 7f1ee17e5700 1 --2- 172.21.15.55:0/553597155 >> [v2:172.21.15.55:3300/0,v1:172.21.15.55:6789/0] conn(0x7f1edc076c40 0x7f1edc111820 unknown :-1 s=CLOSED pgs=48 cs=0 l=1 rev1=1 crypto rx=0 tx=0 comp rx=0 tx=0).stop
2024-02-20T07:51:06.085 INFO:teuthology.orchestra.run.smithi055.stdout:/usr/bin/ceph: stderr
