2024-02-20T07:50:47.848+0000 7f3ceeffd700 1 --2- 172.21.15.55:0/1619618368 >> [v2:172.21.15.55:3300/0,v1:172.21.15.55:6789/0] conn(0x7f3cf0078d20 0x7f3cf0117be0 secure :-1 s=READY pgs=25 cs=0 l=1 rev1=1 crypto rx=0x7f3ce0006fd0 tx=0x7f3ce0009250 comp rx=0 tx=0).ready entity=mon.0 client_cookie=0 server_cookie=0 in_seq=0 out_seq=0
2024-02-20T07:50:48.657 INFO:teuthology.orchestra.run.smithi055.stdout:/usr/bin/ceph: stderr
2024-02-20T07:50:47.848+0000 7f3cd77fe700 1 -- 172.21.15.55:0/1619618368 <== mon.0 v2:172.21.15.55:3300/0 1 ==== mon_map magic: 0 v1 ==== 229+0+0 (secure 0 0 0) 0x7f3ce0010760 con 0x7f3cf0078d20
2024-02-20T07:50:48.657 INFO:teuthology.orchestra.run.smithi055.stdout:/usr/bin/ceph: stderr
2024-02-20T07:50:47.848+0000 7f3cd77fe700 1 -- 172.21.15.55:0/1619618368 <== mon.0 v2:172.21.15.55:3300/0 2 ==== config(27 keys) v1 ==== 1044+0+0 (secure 0 0 0) 0x7f3ce0010d50 con 0x7f3cf0078d20
2024-02-20T07:50:48.657 INFO:teuthology.orchestra.run.smithi055.stdout:/usr/bin/ceph: stderr
2024-02-20T07:50:47.848+0000 7f3cf5757700 1 -- 172.21.15.55:0/1619618368 --> [v2:172.21.15.55:3300/0,v1:172.21.15.55:6789/0] -- mon_subscribe({mgrmap=0+}) v3 -- 0x7f3cf0118320 con 0x7f3cf0078d20
2024-02-20T07:50:48.657 INFO:teuthology.orchestra.run.smithi055.stdout:/usr/bin/ceph: stderr
2024-02-20T07:50:47.848+0000 7f3cd77fe700 1 -- 172.21.15.55:0/1619618368 <== mon.0 v2:172.21.15.55:3300/0 3 ==== mon_map magic: 0 v1 ==== 229+0+0 (secure 0 0 0) 0x7f3ce001ae10 con 0x7f3cf0078d20
2024-02-20T07:50:48.657 INFO:teuthology.orchestra.run.smithi055.stdout:/usr/bin/ceph: stderr
2024-02-20T07:50:47.848+0000 7f3cf5757700 1 -- 172.21.15.55:0/1619618368 --> [v2:172.21.15.55:3300/0,v1:172.21.15.55:6789/0] -- mon_subscribe({osdmap=0}) v3 -- 0x7f3cf0118fc0 con 0x7f3cf0078d20
2024-02-20T07:50:48.657 INFO:teuthology.orchestra.run.smithi055.stdout:/usr/bin/ceph: stderr
2024-02-20T07:50:47.849+0000 7f3cf5757700 1 -- 172.21.15.55:0/1619618368 --> [v2:172.21.15.55:3300/0,v1:172.21.15.55:6789/0] -- mon_command({"prefix": "get_command_descriptions"} v 0) v1 -- 0x7f3cf005f5c0 con 0x7f3cf0078d20
2024-02-20T07:50:48.657 INFO:teuthology.orchestra.run.smithi055.stdout:/usr/bin/ceph: stderr
2024-02-20T07:50:47.849+0000 7f3cd77fe700 1 -- 172.21.15.55:0/1619618368 <== mon.0 v2:172.21.15.55:3300/0 4 ==== mgrmap(e 5) v1 ==== 43368+0+0 (secure 0 0 0) 0x7f3ce00193c0 con 0x7f3cf0078d20
2024-02-20T07:50:48.657 INFO:teuthology.orchestra.run.smithi055.stdout:/usr/bin/ceph: stderr
2024-02-20T07:50:47.850+0000 7f3cd77fe700 1 --2- 172.21.15.55:0/1619618368 >> [v2:172.21.15.55:6800/117641079,v1:172.21.15.55:6801/117641079] conn(0x7f3cd8036790 0x7f3cd8038c40 unknown :-1 s=NONE pgs=0 cs=0 l=1 rev1=0 crypto rx=0 tx=0 comp rx=0 tx=0).connect
2024-02-20T07:50:48.657 INFO:teuthology.orchestra.run.smithi055.stdout:/usr/bin/ceph: stderr
2024-02-20T07:50:47.850+0000 7f3cd77fe700 1 -- 172.21.15.55:0/1619618368 <== mon.0 v2:172.21.15.55:3300/0 5 ==== osd_map(1..1 src has 1..1) v4 ==== 721+0+0 (secure 0 0 0) 0x7f3ce0049f40 con 0x7f3cf0078d20
2024-02-20T07:50:48.657 INFO:teuthology.orchestra.run.smithi055.stdout:/usr/bin/ceph: stderr
2024-02-20T07:50:47.850+0000 7f3cee7fc700 1 -- 172.21.15.55:0/1619618368 >> [v2:172.21.15.55:6800/117641079,v1:172.21.15.55:6801/117641079] conn(0x7f3cd8036790 msgr2=0x7f3cd8038c40 unknown :-1 s=STATE_CONNECTING_RE l=1).process reconnect failed to v2:172.21.15.55:6800/117641079
2024-02-20T07:50:48.657 INFO:teuthology.orchestra.run.smithi055.stdout:/usr/bin/ceph: stderr
2024-02-20T07:50:47.850+0000 7f3cee7fc700 1 --2- 172.21.15.55:0/1619618368 >> [v2:172.21.15.55:6800/117641079,v1:172.21.15.55:6801/117641079] conn(0x7f3cd8036790 0x7f3cd8038c40 unknown :-1 s=START_CONNECT pgs=0 cs=0 l=1 rev1=0 crypto rx=0 tx=0 comp rx=0 tx=0)._fault waiting 0.200000
2024-02-20T07:50:48.657 INFO:teuthology.orchestra.run.smithi055.stdout:/usr/bin/ceph: stderr
2024-02-20T07:50:47.854+0000 7f3cd77fe700 1 -- 172.21.15.55:0/1619618368 <== mon.0 v2:172.21.15.55:3300/0 6 ==== mon_command_ack([{"prefix": "get_command_descriptions"}]=0 v0) v1 ==== 72+0+175031 (secure 0 0 0) 0x7f3ce0019d20 con 0x7f3cf0078d20
2024-02-20T07:50:48.658 INFO:teuthology.orchestra.run.smithi055.stdout:/usr/bin/ceph: stderr
2024-02-20T07:50:48.051+0000 7f3cee7fc700 1 -- 172.21.15.55:0/1619618368 >> [v2:172.21.15.55:6800/117641079,v1:172.21.15.55:6801/117641079] conn(0x7f3cd8036790 msgr2=0x7f3cd8038c40 unknown :-1 s=STATE_CONNECTING_RE l=1).process reconnect failed to v2:172.21.15.55:6800/117641079
2024-02-20T07:50:48.658 INFO:teuthology.orchestra.run.smithi055.stdout:/usr/bin/ceph: stderr
2024-02-20T07:50:48.051+0000 7f3cee7fc700 1 --2- 172.21.15.55:0/1619618368 >> [v2:172.21.15.55:6800/117641079,v1:172.21.15.55:6801/117641079] conn(0x7f3cd8036790 0x7f3cd8038c40 unknown :-1 s=START_CONNECT pgs=0 cs=0 l=1 rev1=0 crypto rx=0 tx=0 comp rx=0 tx=0)._fault waiting 0.400000
2024-02-20T07:50:48.658 INFO:teuthology.orchestra.run.smithi055.stdout:/usr/bin/ceph: stderr
2024-02-20T07:50:48.101+0000 7f3cf5757700 1 -- 172.21.15.55:0/1619618368 --> [v2:172.21.15.55:3300/0,v1:172.21.15.55:6789/0] -- mon_command({"prefix": "mgr stat"} v 0) v1 -- 0x7f3cf0119ad0 con 0x7f3cf0078d20
2024-02-20T07:50:48.658 INFO:teuthology.orchestra.run.smithi055.stdout:/usr/bin/ceph: stderr
2024-02-20T07:50:48.102+0000 7f3cd77fe700 1 -- 172.21.15.55:0/1619618368 <== mon.0 v2:172.21.15.55:3300/0 7 ==== mon_command_ack([{"prefix": "mgr stat"}]=0 v5) v1 ==== 56+0+103 (secure 0 0 0) 0x7f3ce002b300 con 0x7f3cf0078d20
2024-02-20T07:50:48.658 INFO:teuthology.orchestra.run.smithi055.stdout:/usr/bin/ceph: stderr
2024-02-20T07:50:48.104+0000 7f3cf5757700 1 -- 172.21.15.55:0/1619618368 >> [v2:172.21.15.55:6800/117641079,v1:172.21.15.55:6801/117641079] conn(0x7f3cd8036790 msgr2=0x7f3cd8038c40 unknown :-1 s=STATE_CONNECTING l=1).mark_down
2024-02-20T07:50:48.658 INFO:teuthology.orchestra.run.smithi055.stdout:/usr/bin/ceph: stderr
2024-02-20T07:50:48.104+0000 7f3cf5757700 1 --2- 172.21.15.55:0/1619618368 >> [v2:172.21.15.55:6800/117641079,v1:172.21.15.55:6801/117641079] conn(0x7f3cd8036790 0x7f3cd8038c40 unknown :-1 s=START_CONNECT pgs=0 cs=0 l=1 rev1=0 crypto rx=0 tx=0 comp rx=0 tx=0).stop
2024-02-20T07:50:48.658 INFO:teuthology.orchestra.run.smithi055.stdout:/usr/bin/ceph: stderr
2024-02-20T07:50:48.104+0000 7f3cf5757700 1 -- 172.21.15.55:0/1619618368 >> [v2:172.21.15.55:3300/0,v1:172.21.15.55:6789/0] conn(0x7f3cf0078d20 msgr2=0x7f3cf0117be0 secure :-1 s=STATE_CONNECTION_ESTABLISHED l=1).mark_down
2024-02-20T07:50:48.658 INFO:teuthology.orchestra.run.smithi055.stdout:/usr/bin/ceph: stderr
2024-02-20T07:50:48.104+0000 7f3cf5757700 1 --2- 172.21.15.55:0/1619618368 >> [v2:172.21.15.55:3300/0,v1:172.21.15.55:6789/0] conn(0x7f3cf0078d20 0x7f3cf0117be0 secure :-1 s=READY pgs=25 cs=0 l=1 rev1=1 crypto rx=0x7f3ce0006fd0 tx=0x7f3ce0009250 comp rx=0 tx=0).stop
2024-02-20T07:50:48.658 INFO:teuthology.orchestra.run.smithi055.stdout:/usr/bin/ceph: stderr
2024-02-20T07:50:48.104+0000 7f3cf5757700 1 -- 172.21.15.55:0/1619618368 shutdown_connections
2024-02-20T07:50:48.658 INFO:teuthology.orchestra.run.smithi055.stdout:/usr/bin/ceph: stderr
2024-02-20T07:50:48.104+0000 7f3cf5757700 1 --2- 172.21.15.55:0/1619618368 >> [v2:172.21.15.55:6800/117641079,v1:172.21.15.55:6801/117641079] conn(0x7f3cd8036790 0x7f3cd8038c40 unknown :-1 s=CLOSED pgs=0 cs=0 l=1 rev1=0 crypto rx=0 tx=0 comp rx=0 tx=0).stop
2024-02-20T07:50:48.658 INFO:teuthology.orchestra.run.smithi055.stdout:/usr/bin/ceph: stderr
2024-02-20T07:50:48.104+0000 7f3cf5757700 1 --2- 172.21.15.55:0/1619618368 >> [v2:172.21.15.55:3300/0,v1:172.21.15.55:6789/0] conn(0x7f3cf0078d20 0x7f3cf0117be0 unknown :-1 s=CLOSED pgs=25 cs=0 l=1 rev1=1 crypto rx=0 tx=0 comp rx=0 tx=0).stop
2024-02-20T07:50:48.658 INFO:teuthology.orchestra.run.smithi055.stdout:/usr/bin/ceph: stderr
2024-02-20T07:50:48.104+0000 7f3cf5757700 1 -- 172.21.15.55:0/1619618368 >> 172.21.15.55:0/1619618368 conn(0x7f3cf00fdf00 msgr2=0x7f3cf01002e0 unknown :-1 s=STATE_NONE l=0).mark_down
2024-02-20T07:50:48.658 INFO:teuthology.orchestra.run.smithi055.stdout:/usr/bin/ceph: stderr
2024-02-20T07:50:48.104+0000 7f3cf5757700 1 -- 172.21.15.55:0/1619618368 shutdown_connections
2024-02-20T07:50:48.658 INFO:teuthology.orchestra.run.smithi055.stdout:/usr/bin/ceph: stderr
2024-02-20T07:50:48.104+0000 7f3cf5757700 1 -- 172.21.15.55:0/1619618368 wait complete.
2024-02-20T07:50:48.659 INFO:teuthology.orchestra.run.smithi055.stdout:Waiting for the mgr to restart...
2024-02-20T07:50:48.659 INFO:teuthology.orchestra.run.smithi055.stdout:Waiting for mgr epoch 5...
2024-02-20T07:50:49.221 INFO:journalctl@ceph.mon.smithi055.smithi055.stdout:Feb 20 07:50:48 smithi055 ceph-mon[29254]: from='client.? 172.21.15.55:0/1619618368' entity='client.admin' cmd=[{"prefix": "mgr stat"}]: dispatch
2024-02-20T07:50:54.221 INFO:journalctl@ceph.mon.smithi055.smithi055.stdout:Feb 20 07:50:53 smithi055 ceph-mon[29254]: Active manager daemon smithi055.stjper restarted
2024-02-20T07:50:54.222 INFO:journalctl@ceph.mon.smithi055.smithi055.stdout:Feb 20 07:50:53 smithi055 ceph-mon[29254]: Activating manager daemon smithi055.stjper
2024-02-20T07:50:54.222 INFO:journalctl@ceph.mon.smithi055.smithi055.stdout:Feb 20 07:50:53 smithi055 ceph-mon[29254]: osdmap e2: 0 total, 0 up, 0 in
2024-02-20T07:50:54.222 INFO:journalctl@ceph.mon.smithi055.smithi055.stdout:Feb 20 07:50:53 smithi055 ceph-mon[29254]: mgrmap e6: smithi055.stjper(active, starting, since 0.00846045s)
2024-02-20T07:50:54.222 INFO:journalctl@ceph.mon.smithi055.smithi055.stdout:Feb 20 07:50:53 smithi055 ceph-mon[29254]: from='mgr.14118 172.21.15.55:0/1826130514' entity='mgr.smithi055.stjper' cmd=[{"prefix": "mon metadata", "id": "smithi055"}]: dispatch
2024-02-20T07:50:54.222 INFO:journalctl@ceph.mon.smithi055.smithi055.stdout:Feb 20 07:50:53 smithi055 ceph-mon[29254]: from='mgr.14118 172.21.15.55:0/1826130514' entity='mgr.smithi055.stjper' cmd=[{"prefix": "mgr metadata", "who": "smithi055.stjper", "id": "smithi055.stjper"}]: dispatch
2024-02-20T07:50:54.222 INFO:journalctl@ceph.mon.smithi055.smithi055.stdout:Feb 20 07:50:53 smithi055 ceph-mon[29254]: from='mgr.14118 172.21.15.55:0/1826130514' entity='mgr.smithi055.stjper' cmd=[{"prefix": "mds metadata"}]: dispatch
2024-02-20T07:50:54.222 INFO:journalctl@ceph.mon.smithi055.smithi055.stdout:Feb 20 07:50:53 smithi055 ceph-mon[29254]: from='mgr.14118 172.21.15.55:0/1826130514' entity='mgr.smithi055.stjper' cmd=[{"prefix": "osd metadata"}]: dispatch
2024-02-20T07:50:54.222 INFO:journalctl@ceph.mon.smithi055.smithi055.stdout:Feb 20 07:50:53 smithi055 ceph-mon[29254]: from='mgr.14118 172.21.15.55:0/1826130514' entity='mgr.smithi055.stjper' cmd=[{"prefix": "mon metadata"}]: dispatch
2024-02-20T07:50:54.222 INFO:journalctl@ceph.mon.smithi055.smithi055.stdout:Feb 20 07:50:53 smithi055 ceph-mon[29254]: Manager daemon smithi055.stjper is now available
2024-02-20T07:50:54.222 INFO:journalctl@ceph.mon.smithi055.smithi055.stdout:Feb 20 07:50:53 smithi055 ceph-mon[29254]: Found migration_current of "None". Setting to last migration.
2024-02-20T07:50:54.222 INFO:journalctl@ceph.mon.smithi055.smithi055.stdout:Feb 20 07:50:53 smithi055 ceph-mon[29254]: from='mgr.14118 172.21.15.55:0/1826130514' entity='mgr.smithi055.stjper'
2024-02-20T07:50:54.222 INFO:journalctl@ceph.mon.smithi055.smithi055.stdout:Feb 20 07:50:53 smithi055 ceph-mon[29254]: from='mgr.14118 172.21.15.55:0/1826130514' entity='mgr.smithi055.stjper'
2024-02-20T07:50:54.222 INFO:journalctl@ceph.mon.smithi055.smithi055.stdout:Feb 20 07:50:53 smithi055 ceph-mon[29254]: from='mgr.14118 172.21.15.55:0/1826130514' entity='mgr.smithi055.stjper' cmd=[{"prefix": "config dump", "format": "json"}]: dispatch
2024-02-20T07:50:54.222 INFO:journalctl@ceph.mon.smithi055.smithi055.stdout:Feb 20 07:50:53 smithi055 ceph-mon[29254]: from='mgr.14118 172.21.15.55:0/1826130514' entity='mgr.smithi055.stjper' cmd=[{"prefix": "config dump", "format": "json"}]: dispatch
2024-02-20T07:50:54.223 INFO:journalctl@ceph.mon.smithi055.smithi055.stdout:Feb 20 07:50:53 smithi055 ceph-mon[29254]: from='mgr.14118 172.21.15.55:0/1826130514' entity='mgr.smithi055.stjper' cmd=[{"prefix": "config dump", "format": "json"}]: dispatch
2024-02-20T07:50:54.223 INFO:journalctl@ceph.mon.smithi055.smithi055.stdout:Feb 20 07:50:53 smithi055 ceph-mon[29254]: from='mgr.14118 172.21.15.55:0/1826130514' entity='mgr.smithi055.stjper' cmd=[{"prefix":"config rm","who":"mgr","name":"mgr/rbd_support/smithi055.stjper/mirror_snapshot_schedule"}]: dispatch
2024-02-20T07:50:54.223 INFO:journalctl@ceph.mon.smithi055.smithi055.stdout:Feb 20 07:50:53 smithi055 ceph-mon[29254]: from='mgr.14118 172.21.15.55:0/1826130514' entity='mgr.smithi055.stjper' cmd=[{"prefix":"config rm","who":"mgr","name":"mgr/rbd_support/smithi055.stjper/trash_purge_schedule"}]: dispatch
2024-02-20T07:50:55.122 INFO:teuthology.orchestra.run.smithi055.stdout:/usr/bin/ceph: stdout {
2024-02-20T07:50:55.122 INFO:teuthology.orchestra.run.smithi055.stdout:/usr/bin/ceph: stdout "mgrmap_epoch": 7,
2024-02-20T07:50:55.122 INFO:teuthology.orchestra.run.smithi055.stdout:/usr/bin/ceph: stdout "initialized": true
2024-02-20T07:50:55.122 INFO:teuthology.orchestra.run.smithi055.stdout:/usr/bin/ceph: stdout }
2024-02-20T07:50:55.122 INFO:teuthology.orchestra.run.smithi055.stdout:/usr/bin/ceph: stderr
2024-02-20T07:50:49.029+0000 7f58d42be700 1 Processor -- start
2024-02-20T07:50:55.122 INFO:teuthology.orchestra.run.smithi055.stdout:/usr/bin/ceph: stderr
2024-02-20T07:50:49.029+0000 7f58d42be700 1 -- start start
2024-02-20T07:50:55.122 INFO:teuthology.orchestra.run.smithi055.stdout:/usr/bin/ceph: stderr
2024-02-20T07:50:49.029+0000 7f58d42be700 1 --2- >> [v2:172.21.15.55:3300/0,v1:172.21.15.55:6789/0] conn(0x7f58cc102770 0x7f58cc102b80 unknown :-1 s=NONE pgs=0 cs=0 l=0 rev1=0 crypto rx=0 tx=0 comp rx=0 tx=0).connect
2024-02-20T07:50:55.122 INFO:teuthology.orchestra.run.smithi055.stdout:/usr/bin/ceph: stderr
2024-02-20T07:50:49.029+0000 7f58d42be700 1 -- --> [v2:172.21.15.55:3300/0,v1:172.21.15.55:6789/0] -- mon_getmap magic: 0 v1 -- 0x7f58cc1030c0 con 0x7f58cc102770
2024-02-20T07:50:55.122 INFO:teuthology.orchestra.run.smithi055.stdout:/usr/bin/ceph: stderr
2024-02-20T07:50:49.029+0000 7f58d205a700 1 --2- >> [v2:172.21.15.55:3300/0,v1:172.21.15.55:6789/0] conn(0x7f58cc102770 0x7f58cc102b80 unknown :-1 s=BANNER_CONNECTING pgs=0 cs=0 l=0 rev1=0 crypto rx=0 tx=0 comp rx=0 tx=0)._handle_peer_banner_payload supported=3 required=0
2024-02-20T07:50:55.123 INFO:teuthology.orchestra.run.smithi055.stdout:/usr/bin/ceph: stderr
2024-02-20T07:50:49.029+0000 7f58d205a700 1 --2- >> [v2:172.21.15.55:3300/0,v1:172.21.15.55:6789/0] conn(0x7f58cc102770 0x7f58cc102b80 unknown :-1 s=HELLO_CONNECTING pgs=0 cs=0 l=0 rev1=1 crypto rx=0 tx=0 comp rx=0 tx=0).handle_hello peer v2:172.21.15.55:3300/0 says I am v2:172.21.15.55:57114/0 (socket says 172.21.15.55:57114)
2024-02-20T07:50:55.123 INFO:teuthology.orchestra.run.smithi055.stdout:/usr/bin/ceph: stderr
2024-02-20T07:50:49.029+0000 7f58d205a700 1 -- 172.21.15.55:0/2220703308 learned_addr learned my addr 172.21.15.55:0/2220703308 (peer_addr_for_me v2:172.21.15.55:0/0)
2024-02-20T07:50:55.123 INFO:teuthology.orchestra.run.smithi055.stdout:/usr/bin/ceph: stderr
2024-02-20T07:50:49.030+0000 7f58d205a700 1 -- 172.21.15.55:0/2220703308 --> [v2:172.21.15.55:3300/0,v1:172.21.15.55:6789/0] -- mon_subscribe({config=0+,monmap=0+}) v3 -- 0x7f58cc103200 con 0x7f58cc102770
2024-02-20T07:50:55.123 INFO:teuthology.orchestra.run.smithi055.stdout:/usr/bin/ceph: stderr
2024-02-20T07:50:49.030+0000 7f58d205a700 1 --2- 172.21.15.55:0/2220703308 >> [v2:172.21.15.55:3300/0,v1:172.21.15.55:6789/0] conn(0x7f58cc102770 0x7f58cc102b80 secure :-1 s=READY pgs=26 cs=0 l=1 rev1=1 crypto rx=0x7f58c80098e0 tx=0x7f58c8009250 comp rx=0 tx=0).ready entity=mon.0 client_cookie=b613c38a3ec92d7e server_cookie=0 in_seq=0 out_seq=0
2024-02-20T07:50:55.123 INFO:teuthology.orchestra.run.smithi055.stdout:/usr/bin/ceph: stderr
2024-02-20T07:50:49.030+0000 7f58d1058700 1 -- 172.21.15.55:0/2220703308 <== mon.0 v2:172.21.15.55:3300/0 1 ==== mon_map magic: 0 v1 ==== 229+0+0 (secure 0 0 0) 0x7f58c800b860 con 0x7f58cc102770
2024-02-20T07:50:55.123 INFO:teuthology.orchestra.run.smithi055.stdout:/usr/bin/ceph: stderr
2024-02-20T07:50:49.030+0000 7f58d1058700 1 -- 172.21.15.55:0/2220703308 <== mon.0 v2:172.21.15.55:3300/0 2 ==== config(27 keys) v1 ==== 1044+0+0 (secure 0 0 0) 0x7f58c800be50 con 0x7f58cc102770
2024-02-20T07:50:55.123 INFO:teuthology.orchestra.run.smithi055.stdout:/usr/bin/ceph: stderr
2024-02-20T07:50:49.030+0000 7f58d1058700 1 -- 172.21.15.55:0/2220703308 <== mon.0 v2:172.21.15.55:3300/0 3 ==== mon_map magic: 0 v1 ==== 229+0+0 (secure 0 0 0) 0x7f58c8010380 con 0x7f58cc102770
2024-02-20T07:50:55.123 INFO:teuthology.orchestra.run.smithi055.stdout:/usr/bin/ceph: stderr
2024-02-20T07:50:49.031+0000 7f58d42be700 1 -- 172.21.15.55:0/2220703308 >> [v2:172.21.15.55:3300/0,v1:172.21.15.55:6789/0] conn(0x7f58cc102770 msgr2=0x7f58cc102b80 secure :-1 s=STATE_CONNECTION_ESTABLISHED l=1).mark_down
2024-02-20T07:50:55.123 INFO:teuthology.orchestra.run.smithi055.stdout:/usr/bin/ceph: stderr
2024-02-20T07:50:49.031+0000 7f58d42be700 1 --2- 172.21.15.55:0/2220703308 >> [v2:172.21.15.55:3300/0,v1:172.21.15.55:6789/0] conn(0x7f58cc102770 0x7f58cc102b80 secure :-1 s=READY pgs=26 cs=0 l=1 rev1=1 crypto rx=0x7f58c80098e0 tx=0x7f58c8009250 comp rx=0 tx=0).stop
2024-02-20T07:50:55.123 INFO:teuthology.orchestra.run.smithi055.stdout:/usr/bin/ceph: stderr
2024-02-20T07:50:49.031+0000 7f58d42be700 1 -- 172.21.15.55:0/2220703308 shutdown_connections
2024-02-20T07:50:55.123 INFO:teuthology.orchestra.run.smithi055.stdout:/usr/bin/ceph: stderr
2024-02-20T07:50:49.031+0000 7f58d42be700 1 --2- 172.21.15.55:0/2220703308 >> [v2:172.21.15.55:3300/0,v1:172.21.15.55:6789/0] conn(0x7f58cc102770 0x7f58cc102b80 unknown :-1 s=CLOSED pgs=26 cs=0 l=1 rev1=1 crypto rx=0 tx=0 comp rx=0 tx=0).stop
2024-02-20T07:50:55.123 INFO:teuthology.orchestra.run.smithi055.stdout:/usr/bin/ceph: stderr
2024-02-20T07:50:49.031+0000 7f58d42be700 1 -- 172.21.15.55:0/2220703308 >> 172.21.15.55:0/2220703308 conn(0x7f58cc0fded0 msgr2=0x7f58cc100300 unknown :-1 s=STATE_NONE l=0).mark_down
2024-02-20T07:50:55.123 INFO:teuthology.orchestra.run.smithi055.stdout:/usr/bin/ceph: stderr
2024-02-20T07:50:49.031+0000 7f58d42be700 1 -- 172.21.15.55:0/2220703308 shutdown_connections
2024-02-20T07:50:55.123 INFO:teuthology.orchestra.run.smithi055.stdout:/usr/bin/ceph: stderr
2024-02-20T07:50:49.031+0000 7f58d42be700 1 -- 172.21.15.55:0/2220703308 wait complete.
2024-02-20T07:50:55.124 INFO:teuthology.orchestra.run.smithi055.stdout:/usr/bin/ceph: stderr
2024-02-20T07:50:49.032+0000 7f58d42be700 1 Processor -- start
2024-02-20T07:50:55.124 INFO:teuthology.orchestra.run.smithi055.stdout:/usr/bin/ceph: stderr
2024-02-20T07:50:49.032+0000 7f58d42be700 1 -- start start
2024-02-20T07:50:55.124 INFO:teuthology.orchestra.run.smithi055.stdout:/usr/bin/ceph: stderr
2024-02-20T07:50:49.032+0000 7f58d42be700 1 --2- >> [v2:172.21.15.55:3300/0,v1:172.21.15.55:6789/0] conn(0x7f58cc102770 0x7f58cc078d10 unknown :-1 s=NONE pgs=0 cs=0 l=1 rev1=0 crypto rx=0 tx=0 comp rx=0 tx=0).connect
2024-02-20T07:50:55.124 INFO:teuthology.orchestra.run.smithi055.stdout:/usr/bin/ceph: stderr
2024-02-20T07:50:49.032+0000 7f58d42be700 1 -- --> [v2:172.21.15.55:3300/0,v1:172.21.15.55:6789/0] -- mon_getmap magic: 0 v1 -- 0x7f58cc077190 con 0x7f58cc102770
2024-02-20T07:50:55.124 INFO:teuthology.orchestra.run.smithi055.stdout:/usr/bin/ceph: stderr
2024-02-20T07:50:49.032+0000 7f58d205a700 1 --2- >> [v2:172.21.15.55:3300/0,v1:172.21.15.55:6789/0] conn(0x7f58cc102770 0x7f58cc078d10 unknown :-1 s=BANNER_CONNECTING pgs=0 cs=0 l=1 rev1=0 crypto rx=0 tx=0 comp rx=0 tx=0)._handle_peer_banner_payload supported=3 required=0
2024-02-20T07:50:55.124 INFO:teuthology.orchestra.run.smithi055.stdout:/usr/bin/ceph: stderr
2024-02-20T07:50:49.032+0000 7f58d205a700 1 --2- >> [v2:172.21.15.55:3300/0,v1:172.21.15.55:6789/0] conn(0x7f58cc102770 0x7f58cc078d10 unknown :-1 s=HELLO_CONNECTING pgs=0 cs=0 l=1 rev1=1 crypto rx=0 tx=0 comp rx=0 tx=0).handle_hello peer v2:172.21.15.55:3300/0 says I am v2:172.21.15.55:57128/0 (socket says 172.21.15.55:57128)
2024-02-20T07:50:55.124 INFO:teuthology.orchestra.run.smithi055.stdout:/usr/bin/ceph: stderr
2024-02-20T07:50:49.032+0000 7f58d205a700 1 -- 172.21.15.55:0/2639810532 learned_addr learned my addr 172.21.15.55:0/2639810532 (peer_addr_for_me v2:172.21.15.55:0/0)
2024-02-20T07:50:55.124 INFO:teuthology.orchestra.run.smithi055.stdout:/usr/bin/ceph: stderr
2024-02-20T07:50:49.032+0000 7f58d205a700 1 -- 172.21.15.55:0/2639810532 --> [v2:172.21.15.55:3300/0,v1:172.21.15.55:6789/0] -- mon_subscribe({config=0+,monmap=0+}) v3 -- 0x7f58c80094f0 con 0x7f58cc102770
2024-02-20T07:50:55.124 INFO:teuthology.orchestra.run.smithi055.stdout:/usr/bin/ceph: stderr
2024-02-20T07:50:49.032+0000 7f58d205a700 1 --2- 172.21.15.55:0/2639810532 >> [v2:172.21.15.55:3300/0,v1:172.21.15.55:6789/0] conn(0x7f58cc102770 0x7f58cc078d10 secure :-1 s=READY pgs=27 cs=0 l=1 rev1=1 crypto rx=0x7f58c800b440 tx=0x7f58c8009250 comp rx=0 tx=0).ready entity=mon.0 client_cookie=0 server_cookie=0 in_seq=0 out_seq=0
2024-02-20T07:50:55.124 INFO:teuthology.orchestra.run.smithi055.stdout:/usr/bin/ceph: stderr
2024-02-20T07:50:49.032+0000 7f58c2ffd700 1 -- 172.21.15.55:0/2639810532 <== mon.0 v2:172.21.15.55:3300/0 1 ==== mon_map magic: 0 v1 ==== 229+0+0 (secure 0 0 0) 0x7f58c80107c0 con 0x7f58cc102770
2024-02-20T07:50:55.124 INFO:teuthology.orchestra.run.smithi055.stdout:/usr/bin/ceph: stderr
2024-02-20T07:50:49.033+0000 7f58c2ffd700 1 -- 172.21.15.55:0/2639810532 <== mon.0 v2:172.21.15.55:3300/0 2 ==== config(27 keys) v1 ==== 1044+0+0 (secure 0 0 0) 0x7f58c8010db0 con 0x7f58cc102770
2024-02-20T07:50:55.124 INFO:teuthology.orchestra.run.smithi055.stdout:/usr/bin/ceph: stderr
2024-02-20T07:50:49.033+0000 7f58d42be700 1 -- 172.21.15.55:0/2639810532 --> [v2:172.21.15.55:3300/0,v1:172.21.15.55:6789/0] -- mon_subscribe({mgrmap=0+}) v3 -- 0x7f58cc077390 con 0x7f58cc102770
2024-02-20T07:50:55.124 INFO:teuthology.orchestra.run.smithi055.stdout:/usr/bin/ceph: stderr
2024-02-20T07:50:49.033+0000 7f58c2ffd700 1 -- 172.21.15.55:0/2639810532 <== mon.0 v2:172.21.15.55:3300/0 3 ==== mon_map magic: 0 v1 ==== 229+0+0 (secure 0 0 0) 0x7f58c801ada0 con 0x7f58cc102770
2024-02-20T07:50:55.125 INFO:teuthology.orchestra.run.smithi055.stdout:/usr/bin/ceph: stderr
2024-02-20T07:50:49.033+0000 7f58d42be700 1 -- 172.21.15.55:0/2639810532 --> [v2:172.21.15.55:3300/0,v1:172.21.15.55:6789/0] -- mon_subscribe({osdmap=0}) v3 -- 0x7f58cc077820 con 0x7f58cc102770
2024-02-20T07:50:55.125 INFO:teuthology.orchestra.run.smithi055.stdout:/usr/bin/ceph: stderr
2024-02-20T07:50:49.033+0000 7f58c2ffd700 1 -- 172.21.15.55:0/2639810532 <== mon.0 v2:172.21.15.55:3300/0 4 ==== mgrmap(e 5) v1 ==== 43368+0+0 (secure 0 0 0) 0x7f58c802e440 con 0x7f58cc102770
2024-02-20T07:50:55.125 INFO:teuthology.orchestra.run.smithi055.stdout:/usr/bin/ceph: stderr
2024-02-20T07:50:49.034+0000 7f58c2ffd700 1 --2- 172.21.15.55:0/2639810532 >> [v2:172.21.15.55:6800/117641079,v1:172.21.15.55:6801/117641079] conn(0x7f58b80367e0 0x7f58b8038c90 unknown :-1 s=NONE pgs=0 cs=0 l=1 rev1=0 crypto rx=0 tx=0 comp rx=0 tx=0).connect
2024-02-20T07:50:55.125 INFO:teuthology.orchestra.run.smithi055.stdout:/usr/bin/ceph: stderr
2024-02-20T07:50:49.034+0000 7f58c2ffd700 1 -- 172.21.15.55:0/2639810532 --> [v2:172.21.15.55:6800/117641079,v1:172.21.15.55:6801/117641079] -- command(tid 0: {"prefix": "get_command_descriptions"}) v1 -- 0x7f58b80393a0 con 0x7f58b80367e0
2024-02-20T07:50:55.125 INFO:teuthology.orchestra.run.smithi055.stdout:/usr/bin/ceph: stderr
2024-02-20T07:50:49.034+0000 7f58c2ffd700 1 -- 172.21.15.55:0/2639810532 <== mon.0 v2:172.21.15.55:3300/0 5 ==== osd_map(1..1 src has 1..1) v4 ==== 721+0+0 (secure 0 0 0) 0x7f58c804ac30 con 0x7f58cc102770
2024-02-20T07:50:55.125 INFO:teuthology.orchestra.run.smithi055.stdout:/usr/bin/ceph: stderr
2024-02-20T07:50:49.034+0000 7f58d1859700 1 -- 172.21.15.55:0/2639810532 >> [v2:172.21.15.55:6800/117641079,v1:172.21.15.55:6801/117641079] conn(0x7f58b80367e0 msgr2=0x7f58b8038c90 unknown :-1 s=STATE_CONNECTING_RE l=1).process reconnect failed to v2:172.21.15.55:6800/117641079
2024-02-20T07:50:55.125 INFO:teuthology.orchestra.run.smithi055.stdout:/usr/bin/ceph: stderr
2024-02-20T07:50:49.034+0000 7f58d1859700 1 --2- 172.21.15.55:0/2639810532 >> [v2:172.21.15.55:6800/117641079,v1:172.21.15.55:6801/117641079] conn(0x7f58b80367e0 0x7f58b8038c90 unknown :-1 s=START_CONNECT pgs=0 cs=0 l=1 rev1=0 crypto rx=0 tx=0 comp rx=0 tx=0)._fault waiting 0.200000
2024-02-20T07:50:55.125 INFO:teuthology.orchestra.run.smithi055.stdout:/usr/bin/ceph: stderr
2024-02-20T07:50:49.235+0000 7f58d1859700 1 -- 172.21.15.55:0/2639810532 >> [v2:172.21.15.55:6800/117641079,v1:172.21.15.55:6801/117641079] conn(0x7f58b80367e0 msgr2=0x7f58b8038c90 unknown :-1 s=STATE_CONNECTING_RE l=1).process reconnect failed to v2:172.21.15.55:6800/117641079
2024-02-20T07:50:55.125 INFO:teuthology.orchestra.run.smithi055.stdout:/usr/bin/ceph: stderr
2024-02-20T07:50:49.235+0000 7f58d1859700 1 --2- 172.21.15.55:0/2639810532 >> [v2:172.21.15.55:6800/117641079,v1:172.21.15.55:6801/117641079] conn(0x7f58b80367e0 0x7f58b8038c90 unknown :-1 s=START_CONNECT pgs=0 cs=0 l=1 rev1=0 crypto rx=0 tx=0 comp rx=0 tx=0)._fault waiting 0.400000
2024-02-20T07:50:55.125 INFO:teuthology.orchestra.run.smithi055.stdout:/usr/bin/ceph: stderr
2024-02-20T07:50:49.636+0000 7f58d1859700 1 -- 172.21.15.55:0/2639810532 >> [v2:172.21.15.55:6800/117641079,v1:172.21.15.55:6801/117641079] conn(0x7f58b80367e0 msgr2=0x7f58b8038c90 unknown :-1 s=STATE_CONNECTING_RE l=1).process reconnect failed to v2:172.21.15.55:6800/117641079
2024-02-20T07:50:55.125 INFO:teuthology.orchestra.run.smithi055.stdout:/usr/bin/ceph: stderr
2024-02-20T07:50:49.636+0000 7f58d1859700 1 --2- 172.21.15.55:0/2639810532 >> [v2:172.21.15.55:6800/117641079,v1:172.21.15.55:6801/117641079] conn(0x7f58b80367e0 0x7f58b8038c90 unknown :-1 s=START_CONNECT pgs=0 cs=0 l=1 rev1=0 crypto rx=0 tx=0 comp rx=0 tx=0)._fault waiting 0.800000
2024-02-20T07:50:55.125 INFO:teuthology.orchestra.run.smithi055.stdout:/usr/bin/ceph: stderr
2024-02-20T07:50:50.437+0000 7f58d1859700 1 -- 172.21.15.55:0/2639810532 >> [v2:172.21.15.55:6800/117641079,v1:172.21.15.55:6801/117641079] conn(0x7f58b80367e0 msgr2=0x7f58b8038c90 unknown :-1 s=STATE_CONNECTING_RE l=1).process reconnect failed to v2:172.21.15.55:6800/117641079
2024-02-20T07:50:55.125 INFO:teuthology.orchestra.run.smithi055.stdout:/usr/bin/ceph: stderr
2024-02-20T07:50:50.437+0000 7f58d1859700 1 --2- 172.21.15.55:0/2639810532 >> [v2:172.21.15.55:6800/117641079,v1:172.21.15.55:6801/117641079] conn(0x7f58b80367e0 0x7f58b8038c90 unknown :-1 s=START_CONNECT pgs=0 cs=0 l=1 rev1=0 crypto rx=0 tx=0 comp rx=0 tx=0)._fault waiting 1.600000
2024-02-20T07:50:55.125 INFO:teuthology.orchestra.run.smithi055.stdout:/usr/bin/ceph: stderr
2024-02-20T07:50:52.038+0000 7f58d1859700 1 -- 172.21.15.55:0/2639810532 >> [v2:172.21.15.55:6800/117641079,v1:172.21.15.55:6801/117641079] conn(0x7f58b80367e0 msgr2=0x7f58b8038c90 unknown :-1 s=STATE_CONNECTING_RE l=1).process reconnect failed to v2:172.21.15.55:6800/117641079
2024-02-20T07:50:55.126 INFO:teuthology.orchestra.run.smithi055.stdout:/usr/bin/ceph: stderr
2024-02-20T07:50:52.038+0000 7f58d1859700 1 --2- 172.21.15.55:0/2639810532 >> [v2:172.21.15.55:6800/117641079,v1:172.21.15.55:6801/117641079] conn(0x7f58b80367e0 0x7f58b8038c90 unknown :-1 s=START_CONNECT pgs=0 cs=0 l=1 rev1=0 crypto rx=0 tx=0 comp rx=0 tx=0)._fault waiting 3.200000
2024-02-20T07:50:55.126 INFO:teuthology.orchestra.run.smithi055.stdout:/usr/bin/ceph: stderr
2024-02-20T07:50:53.625+0000 7f58c2ffd700 1 -- 172.21.15.55:0/2639810532 <== mon.0 v2:172.21.15.55:3300/0 6 ==== mgrmap(e 6) v1 ==== 43135+0+0 (secure 0 0 0) 0x7f58c802ecf0 con 0x7f58cc102770
2024-02-20T07:50:55.126 INFO:teuthology.orchestra.run.smithi055.stdout:/usr/bin/ceph: stderr
2024-02-20T07:50:53.625+0000 7f58c2ffd700 1 -- 172.21.15.55:0/2639810532 >> [v2:172.21.15.55:6800/117641079,v1:172.21.15.55:6801/117641079] conn(0x7f58b80367e0 msgr2=0x7f58b8038c90 unknown :-1 s=STATE_CONNECTING l=1).mark_down
2024-02-20T07:50:55.126 INFO:teuthology.orchestra.run.smithi055.stdout:/usr/bin/ceph: stderr
2024-02-20T07:50:53.625+0000 7f58c2ffd700 1 --2- 172.21.15.55:0/2639810532 >> [v2:172.21.15.55:6800/117641079,v1:172.21.15.55:6801/117641079] conn(0x7f58b80367e0 0x7f58b8038c90 unknown :-1 s=START_CONNECT pgs=0 cs=0 l=1 rev1=0 crypto rx=0 tx=0 comp rx=0 tx=0).stop
2024-02-20T07:50:55.126 INFO:teuthology.orchestra.run.smithi055.stdout:/usr/bin/ceph: stderr
2024-02-20T07:50:54.621+0000 7f58c2ffd700 1 -- 172.21.15.55:0/2639810532 <== mon.0 v2:172.21.15.55:3300/0 7 ==== mgrmap(e 7) v1 ==== 43262+0+0 (secure 0 0 0) 0x7f58c802e970 con 0x7f58cc102770
2024-02-20T07:50:55.126 INFO:teuthology.orchestra.run.smithi055.stdout:/usr/bin/ceph: stderr
2024-02-20T07:50:54.621+0000 7f58c2ffd700 1 --2- 172.21.15.55:0/2639810532 >> [v2:172.21.15.55:6800/4027903862,v1:172.21.15.55:6801/4027903862] conn(0x7f58b8039fc0 0x7f58b803c3a0 unknown :-1 s=NONE pgs=0 cs=0 l=1 rev1=0 crypto rx=0 tx=0 comp rx=0 tx=0).connect
2024-02-20T07:50:55.126 INFO:teuthology.orchestra.run.smithi055.stdout:/usr/bin/ceph: stderr
2024-02-20T07:50:54.621+0000 7f58c2ffd700 1 -- 172.21.15.55:0/2639810532 --> [v2:172.21.15.55:6800/4027903862,v1:172.21.15.55:6801/4027903862] -- command(tid 0: {"prefix": "get_command_descriptions"}) v1 -- 0x7f58b80393a0 con 0x7f58b8039fc0
2024-02-20T07:50:55.126 INFO:teuthology.orchestra.run.smithi055.stdout:/usr/bin/ceph: stderr
2024-02-20T07:50:54.622+0000 7f58d1859700 1 --2- 172.21.15.55:0/2639810532 >> [v2:172.21.15.55:6800/4027903862,v1:172.21.15.55:6801/4027903862] conn(0x7f58b8039fc0 0x7f58b803c3a0 unknown :-1 s=BANNER_CONNECTING pgs=0 cs=0 l=1 rev1=0 crypto rx=0 tx=0 comp rx=0 tx=0)._handle_peer_banner_payload supported=3 required=0
2024-02-20T07:50:55.126 INFO:teuthology.orchestra.run.smithi055.stdout:/usr/bin/ceph: stderr
2024-02-20T07:50:54.623+0000 7f58d1859700 1 --2- 172.21.15.55:0/2639810532 >> [v2:172.21.15.55:6800/4027903862,v1:172.21.15.55:6801/4027903862] conn(0x7f58b8039fc0 0x7f58b803c3a0 secure :-1 s=READY pgs=4 cs=0 l=1 rev1=1 crypto rx=0x7f58bc0039d0 tx=0x7f58bc009350 comp rx=0 tx=0).ready entity=mgr.14118 client_cookie=0 server_cookie=0 in_seq=0 out_seq=0
2024-02-20T07:50:55.126 INFO:teuthology.orchestra.run.smithi055.stdout:/usr/bin/ceph: stderr
2024-02-20T07:50:54.623+0000 7f58c2ffd700 1 -- 172.21.15.55:0/2639810532 <== mgr.14118 v2:172.21.15.55:6800/4027903862 1 ==== command_reply(tid 0: 0 ) v1 ==== 8+0+6549 (secure 0 0 0) 0x7f58b80393a0 con 0x7f58b8039fc0
2024-02-20T07:50:55.126 INFO:teuthology.orchestra.run.smithi055.stdout:/usr/bin/ceph: stderr
2024-02-20T07:50:54.629+0000 7f58d42be700 1 -- 172.21.15.55:0/2639810532 --> [v2:172.21.15.55:6800/4027903862,v1:172.21.15.55:6801/4027903862] -- command(tid 1: {"prefix": "mgr_status"}) v1 -- 0x7f58cc05f5c0 con 0x7f58b8039fc0
2024-02-20T07:50:55.126 INFO:teuthology.orchestra.run.smithi055.stdout:/usr/bin/ceph: stderr
2024-02-20T07:50:54.629+0000 7f58c2ffd700 1 -- 172.21.15.55:0/2639810532 <== mgr.14118 v2:172.21.15.55:6800/4027903862 2 ==== command_reply(tid 1: 0 ) v1 ==== 8+0+51 (secure 0 0 0) 0x7f58cc05f5c0 con 0x7f58b8039fc0
2024-02-20T07:50:55.126 INFO:teuthology.orchestra.run.smithi055.stdout:/usr/bin/ceph: stderr
2024-02-20T07:50:54.630+0000 7f58d42be700 1 -- 172.21.15.55:0/2639810532 >> [v2:172.21.15.55:6800/4027903862,v1:172.21.15.55:6801/4027903862] conn(0x7f58b8039fc0 msgr2=0x7f58b803c3a0 secure :-1 s=STATE_CONNECTION_ESTABLISHED l=1).mark_down
2024-02-20T07:50:55.126 INFO:teuthology.orchestra.run.smithi055.stdout:/usr/bin/ceph: stderr
2024-02-20T07:50:54.630+0000 7f58d42be700 1 --2- 172.21.15.55:0/2639810532 >> [v2:172.21.15.55:6800/4027903862,v1:172.21.15.55:6801/4027903862] conn(0x7f58b8039fc0 0x7f58b803c3a0 secure :-1 s=READY pgs=4 cs=0 l=1 rev1=1 crypto rx=0x7f58bc0039d0 tx=0x7f58bc009350 comp rx=0 tx=0).stop
2024-02-20T07:50:55.126 INFO:teuthology.orchestra.run.smithi055.stdout:/usr/bin/ceph: stderr
2024-02-20T07:50:54.630+0000 7f58d42be700 1 -- 172.21.15.55:0/2639810532 >> [v2:172.21.15.55:3300/0,v1:172.21.15.55:6789/0] conn(0x7f58cc102770 msgr2=0x7f58cc078d10 secure :-1 s=STATE_CONNECTION_ESTABLISHED l=1).mark_down
2024-02-20T07:50:55.127 INFO:teuthology.orchestra.run.smithi055.stdout:/usr/bin/ceph: stderr
2024-02-20T07:50:54.630+0000 7f58d42be700 1 --2- 172.21.15.55:0/2639810532 >> [v2:172.21.15.55:3300/0,v1:172.21.15.55:6789/0] conn(0x7f58cc102770 0x7f58cc078d10 secure :-1 s=READY pgs=27 cs=0 l=1 rev1=1 crypto rx=0x7f58c800b440 tx=0x7f58c8009250 comp rx=0 tx=0).stop
2024-02-20T07:50:55.127 INFO:teuthology.orchestra.run.smithi055.stdout:/usr/bin/ceph: stderr
2024-02-20T07:50:54.630+0000 7f58d42be700 1 -- 172.21.15.55:0/2639810532 shutdown_connections
2024-02-20T07:50:55.127 INFO:teuthology.orchestra.run.smithi055.stdout:/usr/bin/ceph: stderr
2024-02-20T07:50:54.630+0000 7f58d42be700 1 --2- 172.21.15.55:0/2639810532 >> [v2:172.21.15.55:6800/4027903862,v1:172.21.15.55:6801/4027903862] conn(0x7f58b8039fc0 0x7f58b803c3a0 unknown :-1 s=CLOSED pgs=4 cs=0 l=1 rev1=1 crypto rx=0 tx=0 comp rx=0 tx=0).stop
2024-02-20T07:50:55.127 INFO:teuthology.orchestra.run.smithi055.stdout:/usr/bin/ceph: stderr
2024-02-20T07:50:54.630+0000 7f58d42be700 1 --2- 172.21.15.55:0/2639810532 >> [v2:172.21.15.55:3300/0,v1:172.21.15.55:6789/0] conn(0x7f58cc102770 0x7f58cc078d10 unknown :-1 s=CLOSED pgs=27 cs=0 l=1 rev1=1 crypto rx=0 tx=0 comp rx=0 tx=0).stop
2024-02-20T07:50:55.127 INFO:teuthology.orchestra.run.smithi055.stdout:/usr/bin/ceph: stderr
2024-02-20T07:50:54.630+0000 7f58d42be700 1 --2- 172.21.15.55:0/2639810532 >> [v2:172.21.15.55:6800/117641079,v1:172.21.15.55:6801/117641079] conn(0x7f58b80367e0 0x7f58b8038c90 unknown :-1 s=CLOSED pgs=0 cs=0 l=1 rev1=0 crypto rx=0 tx=0 comp rx=0 tx=0).stop
2024-02-20T07:50:55.127 INFO:teuthology.orchestra.run.smithi055.stdout:/usr/bin/ceph: stderr
2024-02-20T07:50:54.630+0000 7f58d42be700 1 -- 172.21.15.55:0/2639810532 >> 172.21.15.55:0/2639810532 conn(0x7f58cc0fded0 msgr2=0x7f58cc0fec70 unknown :-1 s=STATE_NONE l=0).mark_down
2024-02-20T07:50:55.127 INFO:teuthology.orchestra.run.smithi055.stdout:/usr/bin/ceph: stderr
2024-02-20T07:50:54.630+0000 7f58d42be700 1 -- 172.21.15.55:0/2639810532 shutdown_connections
2024-02-20T07:50:55.127 INFO:teuthology.orchestra.run.smithi055.stdout:/usr/bin/ceph: stderr
2024-02-20T07:50:54.630+0000 7f58d42be700 1 -- 172.21.15.55:0/2639810532 wait complete.
2024-02-20T07:50:55.127 INFO:teuthology.orchestra.run.smithi055.stdout:mgr epoch 5 is available
2024-02-20T07:50:55.127 INFO:teuthology.orchestra.run.smithi055.stdout:Setting orchestrator backend to cephadm...
2024-02-20T07:50:55.808 INFO:journalctl@ceph.mon.smithi055.smithi055.stdout:Feb 20 07:50:55 smithi055 ceph-mon[29254]: mgrmap e7: smithi055.stjper(active, since 1.00523s)
2024-02-20T07:50:55.808 INFO:journalctl@ceph.mon.smithi055.smithi055.stdout:Feb 20 07:50:55 smithi055 ceph-mon[29254]: from='client.14122 -' entity='client.admin' cmd=[{"prefix": "get_command_descriptions"}]: dispatch
2024-02-20T07:50:55.808 INFO:journalctl@ceph.mon.smithi055.smithi055.stdout:Feb 20 07:50:55 smithi055 ceph-mon[29254]: from='client.14122 -' entity='client.admin' cmd=[{"prefix": "mgr_status"}]: dispatch
2024-02-20T07:50:55.808 INFO:journalctl@ceph.mon.smithi055.smithi055.stdout:Feb 20 07:50:55 smithi055 ceph-mon[29254]: from='mgr.14118 172.21.15.55:0/1826130514' entity='mgr.smithi055.stjper'
2024-02-20T07:50:55.808 INFO:journalctl@ceph.mon.smithi055.smithi055.stdout:Feb 20 07:50:55 smithi055 ceph-mon[29254]: from='mgr.14118 172.21.15.55:0/1826130514' entity='mgr.smithi055.stjper' cmd=[{"prefix": "config dump", "format": "json"}]: dispatch
2024-02-20T07:50:56.304 INFO:teuthology.orchestra.run.smithi055.stdout:/usr/bin/ceph: stderr
2024-02-20T07:50:55.573+0000 7ff2abd84700 1 Processor -- start
2024-02-20T07:50:56.304 INFO:teuthology.orchestra.run.smithi055.stdout:/usr/bin/ceph: stderr
2024-02-20T07:50:55.573+0000 7ff2abd84700 1 -- start start
2024-02-20T07:50:56.304 INFO:teuthology.orchestra.run.smithi055.stdout:/usr/bin/ceph: stderr
2024-02-20T07:50:55.573+0000 7ff2abd84700 1 --2- >> [v2:172.21.15.55:3300/0,v1:172.21.15.55:6789/0] conn(0x7ff2a4078cc0 0x7ff2a40771d0 unknown :-1 s=NONE pgs=0 cs=0 l=0 rev1=0 crypto rx=0 tx=0 comp rx=0 tx=0).connect
2024-02-20T07:50:56.304 INFO:teuthology.orchestra.run.smithi055.stdout:/usr/bin/ceph: stderr
2024-02-20T07:50:55.573+0000 7ff2abd84700 1 -- --> [v2:172.21.15.55:3300/0,v1:172.21.15.55:6789/0] -- mon_getmap magic: 0 v1 -- 0x7ff2a40790d0 con 0x7ff2a4078cc0
2024-02-20T07:50:56.305 INFO:teuthology.orchestra.run.smithi055.stdout:/usr/bin/ceph: stderr
2024-02-20T07:50:55.573+0000 7ff2a9b20700 1 --2- >> [v2:172.21.15.55:3300/0,v1:172.21.15.55:6789/0] conn(0x7ff2a4078cc0 0x7ff2a40771d0 unknown :-1 s=BANNER_CONNECTING pgs=0 cs=0 l=0 rev1=0 crypto rx=0 tx=0 comp rx=0 tx=0)._handle_peer_banner_payload supported=3 required=0
2024-02-20T07:50:56.305 INFO:teuthology.orchestra.run.smithi055.stdout:/usr/bin/ceph: stderr
2024-02-20T07:50:55.573+0000 7ff2a9b20700 1 --2- >> [v2:172.21.15.55:3300/0,v1:172.21.15.55:6789/0] conn(0x7ff2a4078cc0 0x7ff2a40771d0 unknown :-1 s=HELLO_CONNECTING pgs=0 cs=0 l=0 rev1=1 crypto rx=0 tx=0 comp rx=0 tx=0).handle_hello peer v2:172.21.15.55:3300/0 says I am v2:172.21.15.55:47010/0 (socket says 172.21.15.55:47010)
2024-02-20T07:50:56.305 INFO:teuthology.orchestra.run.smithi055.stdout:/usr/bin/ceph: stderr
2024-02-20T07:50:55.573+0000 7ff2a9b20700 1 -- 172.21.15.55:0/1801548145 learned_addr learned my addr 172.21.15.55:0/1801548145 (peer_addr_for_me v2:172.21.15.55:0/0)
2024-02-20T07:50:56.305 INFO:teuthology.orchestra.run.smithi055.stdout:/usr/bin/ceph: stderr
2024-02-20T07:50:55.574+0000 7ff2a9b20700 1 -- 172.21.15.55:0/1801548145 --> [v2:172.21.15.55:3300/0,v1:172.21.15.55:6789/0] -- mon_subscribe({config=0+,monmap=0+}) v3 -- 0x7ff2a4077710 con 0x7ff2a4078cc0
2024-02-20T07:50:56.305 INFO:teuthology.orchestra.run.smithi055.stdout:/usr/bin/ceph: stderr
2024-02-20T07:50:55.574+0000 7ff2a9b20700 1 --2- 172.21.15.55:0/1801548145 >> [v2:172.21.15.55:3300/0,v1:172.21.15.55:6789/0] conn(0x7ff2a4078cc0 0x7ff2a40771d0 secure :-1 s=READY pgs=35 cs=0 l=1 rev1=1 crypto rx=0x7ff2a00098e0 tx=0x7ff2a0009250 comp rx=0 tx=0).ready entity=mon.0 client_cookie=eb43cca83356e405 server_cookie=0 in_seq=0 out_seq=0
2024-02-20T07:50:56.305 INFO:teuthology.orchestra.run.smithi055.stdout:/usr/bin/ceph: stderr
2024-02-20T07:50:55.574+0000 7ff2a8b1e700 1 -- 172.21.15.55:0/1801548145 <== mon.0 v2:172.21.15.55:3300/0 1 ==== mon_map magic: 0 v1 ==== 229+0+0 (secure 0 0 0) 0x7ff2a000b860 con 0x7ff2a4078cc0
2024-02-20T07:50:56.305 INFO:teuthology.orchestra.run.smithi055.stdout:/usr/bin/ceph: stderr
2024-02-20T07:50:55.574+0000 7ff2a8b1e700 1 -- 172.21.15.55:0/1801548145 <== mon.0 v2:172.21.15.55:3300/0 2 ==== config(27 keys) v1 ==== 1044+0+0 (secure 0 0 0) 0x7ff2a000be50 con 0x7ff2a4078cc0
2024-02-20T07:50:56.305 INFO:teuthology.orchestra.run.smithi055.stdout:/usr/bin/ceph: stderr
2024-02-20T07:50:55.574+0000 7ff2a8b1e700 1 -- 172.21.15.55:0/1801548145 <== mon.0 v2:172.21.15.55:3300/0 3 ==== mon_map magic: 0 v1 ==== 229+0+0 (secure 0 0 0) 0x7ff2a0010380 con 0x7ff2a4078cc0
2024-02-20T07:50:56.305 INFO:teuthology.orchestra.run.smithi055.stdout:/usr/bin/ceph: stderr
2024-02-20T07:50:55.574+0000 7ff2abd84700 1 -- 172.21.15.55:0/1801548145 >> [v2:172.21.15.55:3300/0,v1:172.21.15.55:6789/0] conn(0x7ff2a4078cc0 msgr2=0x7ff2a40771d0 secure :-1 s=STATE_CONNECTION_ESTABLISHED l=1).mark_down
2024-02-20T07:50:56.305 INFO:teuthology.orchestra.run.smithi055.stdout:/usr/bin/ceph: stderr
2024-02-20T07:50:55.574+0000 7ff2abd84700 1 --2- 172.21.15.55:0/1801548145 >> [v2:172.21.15.55:3300/0,v1:172.21.15.55:6789/0] conn(0x7ff2a4078cc0 0x7ff2a40771d0 secure :-1 s=READY pgs=35 cs=0 l=1 rev1=1 crypto rx=0x7ff2a00098e0 tx=0x7ff2a0009250 comp rx=0 tx=0).stop
2024-02-20T07:50:56.305 INFO:teuthology.orchestra.run.smithi055.stdout:/usr/bin/ceph: stderr
2024-02-20T07:50:55.575+0000 7ff2abd84700 1 -- 172.21.15.55:0/1801548145 shutdown_connections
2024-02-20T07:50:56.305 INFO:teuthology.orchestra.run.smithi055.stdout:/usr/bin/ceph: stderr
2024-02-20T07:50:55.575+0000 7ff2abd84700 1 --2- 172.21.15.55:0/1801548145 >> [v2:172.21.15.55:3300/0,v1:172.21.15.55:6789/0] conn(0x7ff2a4078cc0 0x7ff2a40771d0 unknown :-1 s=CLOSED pgs=35 cs=0 l=1 rev1=1 crypto rx=0 tx=0 comp rx=0 tx=0).stop
2024-02-20T07:50:56.305 INFO:teuthology.orchestra.run.smithi055.stdout:/usr/bin/ceph: stderr
2024-02-20T07:50:55.575+0000 7ff2abd84700 1 -- 172.21.15.55:0/1801548145 >> 172.21.15.55:0/1801548145 conn(0x7ff2a40fded0 msgr2=0x7ff2a4100300 unknown :-1 s=STATE_NONE l=0).mark_down
2024-02-20T07:50:56.306 INFO:teuthology.orchestra.run.smithi055.stdout:/usr/bin/ceph: stderr
2024-02-20T07:50:55.575+0000 7ff2abd84700 1 -- 172.21.15.55:0/1801548145 shutdown_connections
2024-02-20T07:50:56.306 INFO:teuthology.orchestra.run.smithi055.stdout:/usr/bin/ceph: stderr
2024-02-20T07:50:55.575+0000 7ff2abd84700 1 -- 172.21.15.55:0/1801548145 wait complete.
2024-02-20T07:50:56.306 INFO:teuthology.orchestra.run.smithi055.stdout:/usr/bin/ceph: stderr
2024-02-20T07:50:55.575+0000 7ff2abd84700 1 Processor -- start
2024-02-20T07:50:56.306 INFO:teuthology.orchestra.run.smithi055.stdout:/usr/bin/ceph: stderr
2024-02-20T07:50:55.575+0000 7ff2abd84700 1 -- start start
2024-02-20T07:50:56.307 INFO:teuthology.orchestra.run.smithi055.stdout:/usr/bin/ceph: stderr
2024-02-20T07:50:55.575+0000 7ff2abd84700 1 --2- >> [v2:172.21.15.55:3300/0,v1:172.21.15.55:6789/0] conn(0x7ff2a4078cc0 0x7ff2a41137d0 unknown :-1 s=NONE pgs=0 cs=0 l=1 rev1=0 crypto rx=0 tx=0 comp rx=0 tx=0).connect
2024-02-20T07:50:56.307 INFO:teuthology.orchestra.run.smithi055.stdout:/usr/bin/ceph: stderr
2024-02-20T07:50:55.575+0000 7ff2abd84700 1 -- --> [v2:172.21.15.55:3300/0,v1:172.21.15.55:6789/0] -- mon_getmap magic: 0 v1 -- 0x7ff2a4113d10 con 0x7ff2a4078cc0
2024-02-20T07:50:56.307 INFO:teuthology.orchestra.run.smithi055.stdout:/usr/bin/ceph: stderr
2024-02-20T07:50:55.575+0000 7ff2a9b20700 1 --2- >> [v2:172.21.15.55:3300/0,v1:172.21.15.55:6789/0] conn(0x7ff2a4078cc0 0x7ff2a41137d0 unknown :-1 s=BANNER_CONNECTING pgs=0 cs=0 l=1 rev1=0 crypto rx=0 tx=0 comp rx=0 tx=0)._handle_peer_banner_payload supported=3 required=0
2024-02-20T07:50:56.307 INFO:teuthology.orchestra.run.smithi055.stdout:/usr/bin/ceph: stderr
2024-02-20T07:50:55.575+0000 7ff2a9b20700 1 --2- >> [v2:172.21.15.55:3300/0,v1:172.21.15.55:6789/0] conn(0x7ff2a4078cc0 0x7ff2a41137d0 unknown :-1 s=HELLO_CONNECTING pgs=0 cs=0 l=1 rev1=1 crypto rx=0 tx=0 comp rx=0 tx=0).handle_hello peer v2:172.21.15.55:3300/0 says I am v2:172.21.15.55:47012/0 (socket says 172.21.15.55:47012)
2024-02-20T07:50:56.307 INFO:teuthology.orchestra.run.smithi055.stdout:/usr/bin/ceph: stderr
2024-02-20T07:50:55.575+0000 7ff2a9b20700 1 -- 172.21.15.55:0/613693864 learned_addr learned my addr 172.21.15.55:0/613693864 (peer_addr_for_me v2:172.21.15.55:0/0)
2024-02-20T07:50:56.307 INFO:teuthology.orchestra.run.smithi055.stdout:/usr/bin/ceph: stderr
2024-02-20T07:50:55.576+0000 7ff2a9b20700 1 -- 172.21.15.55:0/613693864 --> [v2:172.21.15.55:3300/0,v1:172.21.15.55:6789/0] -- mon_subscribe({config=0+,monmap=0+}) v3 -- 0x7ff2a00094f0 con 0x7ff2a4078cc0
2024-02-20T07:50:56.307 INFO:teuthology.orchestra.run.smithi055.stdout:/usr/bin/ceph: stderr
2024-02-20T07:50:55.576+0000 7ff2a9b20700 1 --2- 172.21.15.55:0/613693864 >> [v2:172.21.15.55:3300/0,v1:172.21.15.55:6789/0] conn(0x7ff2a4078cc0 0x7ff2a41137d0 secure :-1 s=READY pgs=36 cs=0 l=1 rev1=1 crypto rx=0x7ff2a0006fd0 tx=0x7ff2a0009250 comp rx=0 tx=0).ready entity=mon.0 client_cookie=0 server_cookie=0 in_seq=0 out_seq=0
2024-02-20T07:50:56.307 INFO:teuthology.orchestra.run.smithi055.stdout:/usr/bin/ceph: stderr
2024-02-20T07:50:55.576+0000 7ff29a7fc700 1 -- 172.21.15.55:0/613693864 <== mon.0 v2:172.21.15.55:3300/0 1 ==== mon_map magic: 0 v1 ==== 229+0+0 (secure 0 0 0) 0x7ff2a00107c0 con 0x7ff2a4078cc0
2024-02-20T07:50:56.307 INFO:teuthology.orchestra.run.smithi055.stdout:/usr/bin/ceph: stderr
2024-02-20T07:50:55.576+0000 7ff29a7fc700 1 -- 172.21.15.55:0/613693864 <== mon.0 v2:172.21.15.55:3300/0 2 ==== config(27 keys) v1 ==== 1044+0+0 (secure 0 0 0) 0x7ff2a0010db0 con 0x7ff2a4078cc0
2024-02-20T07:50:56.307 INFO:teuthology.orchestra.run.smithi055.stdout:/usr/bin/ceph: stderr
2024-02-20T07:50:55.576+0000 7ff2abd84700 1 -- 172.21.15.55:0/613693864 --> [v2:172.21.15.55:3300/0,v1:172.21.15.55:6789/0] -- mon_subscribe({mgrmap=0+}) v3 -- 0x7ff2a4113f10 con 0x7ff2a4078cc0
2024-02-20T07:50:56.307 INFO:teuthology.orchestra.run.smithi055.stdout:/usr/bin/ceph: stderr
2024-02-20T07:50:55.576+0000 7ff29a7fc700 1 -- 172.21.15.55:0/613693864 <== mon.0 v2:172.21.15.55:3300/0 3 ==== mon_map magic: 0 v1 ==== 229+0+0 (secure 0 0 0) 0x7ff2a001ada0 con 0x7ff2a4078cc0
2024-02-20T07:50:56.307 INFO:teuthology.orchestra.run.smithi055.stdout:/usr/bin/ceph: stderr
2024-02-20T07:50:55.576+0000 7ff2abd84700 1 -- 172.21.15.55:0/613693864 --> [v2:172.21.15.55:3300/0,v1:172.21.15.55:6789/0] -- mon_subscribe({osdmap=0}) v3 -- 0x7ff2a4114bb0 con 0x7ff2a4078cc0
2024-02-20T07:50:56.307 INFO:teuthology.orchestra.run.smithi055.stdout:/usr/bin/ceph: stderr
2024-02-20T07:50:55.577+0000 7ff29a7fc700 1 -- 172.21.15.55:0/613693864 <== mon.0 v2:172.21.15.55:3300/0 4 ==== mgrmap(e 7) v1 ==== 43262+0+0 (secure 0 0 0) 0x7ff2a0019410 con 0x7ff2a4078cc0
2024-02-20T07:50:56.307 INFO:teuthology.orchestra.run.smithi055.stdout:/usr/bin/ceph: stderr
2024-02-20T07:50:55.577+0000 7ff29a7fc700 1 --2- 172.21.15.55:0/613693864 >> [v2:172.21.15.55:6800/4027903862,v1:172.21.15.55:6801/4027903862] conn(0x7ff2900366b0 0x7ff290038b60 unknown :-1 s=NONE pgs=0 cs=0 l=1 rev1=0 crypto rx=0 tx=0 comp rx=0 tx=0).connect
2024-02-20T07:50:56.308 INFO:teuthology.orchestra.run.smithi055.stdout:/usr/bin/ceph: stderr
2024-02-20T07:50:55.577+0000 7ff2abd84700 1 -- 172.21.15.55:0/613693864 --> [v2:172.21.15.55:3300/0,v1:172.21.15.55:6789/0] -- mon_command({"prefix": "get_command_descriptions"} v 0) v1 -- 0x7ff2a405f5c0 con 0x7ff2a4078cc0
2024-02-20T07:50:56.308 INFO:teuthology.orchestra.run.smithi055.stdout:/usr/bin/ceph: stderr
2024-02-20T07:50:55.577+0000 7ff29a7fc700 1 -- 172.21.15.55:0/613693864 <== mon.0 v2:172.21.15.55:3300/0 5 ==== osd_map(2..2 src has 1..2) v4 ==== 936+0+0 (secure 0 0 0) 0x7ff2a0049c50 con 0x7ff2a4078cc0
2024-02-20T07:50:56.308 INFO:teuthology.orchestra.run.smithi055.stdout:/usr/bin/ceph: stderr
2024-02-20T07:50:55.577+0000 7ff2a931f700 1 --2- 172.21.15.55:0/613693864 >> [v2:172.21.15.55:6800/4027903862,v1:172.21.15.55:6801/4027903862] conn(0x7ff2900366b0 0x7ff290038b60 unknown :-1 s=BANNER_CONNECTING pgs=0 cs=0 l=1 rev1=0 crypto rx=0 tx=0 comp rx=0 tx=0)._handle_peer_banner_payload supported=3 required=0
2024-02-20T07:50:56.308 INFO:teuthology.orchestra.run.smithi055.stdout:/usr/bin/ceph: stderr
2024-02-20T07:50:55.577+0000 7ff2a931f700 1 --2- 172.21.15.55:0/613693864 >> [v2:172.21.15.55:6800/4027903862,v1:172.21.15.55:6801/4027903862] conn(0x7ff2900366b0 0x7ff290038b60 secure :-1 s=READY pgs=7 cs=0 l=1 rev1=1 crypto rx=0x7ff294009990 tx=0x7ff294006e40 comp rx=0 tx=0).ready entity=mgr.14118 client_cookie=0 server_cookie=0 in_seq=0 out_seq=0
2024-02-20T07:50:56.308 INFO:teuthology.orchestra.run.smithi055.stdout:/usr/bin/ceph: stderr
2024-02-20T07:50:55.582+0000 7ff29a7fc700 1 -- 172.21.15.55:0/613693864 <== mon.0 v2:172.21.15.55:3300/0 6 ==== mon_command_ack([{"prefix": "get_command_descriptions"}]=0 v0) v1 ==== 72+0+175031 (secure 0 0 0) 0x7ff2a0018e20 con 0x7ff2a4078cc0
2024-02-20T07:50:56.308 INFO:teuthology.orchestra.run.smithi055.stdout:/usr/bin/ceph: stderr
2024-02-20T07:50:55.786+0000 7ff2abd84700 1 -- 172.21.15.55:0/613693864 --> [v2:172.21.15.55:6800/4027903862,v1:172.21.15.55:6801/4027903862] -- mgr_command(tid 0: {"prefix": "orch set backend", "module_name": "cephadm", "target": ["mon-mgr", ""]}) v1 -- 0x7ff2a4100240 con 0x7ff2900366b0
2024-02-20T07:50:56.308 INFO:teuthology.orchestra.run.smithi055.stdout:/usr/bin/ceph: stderr
2024-02-20T07:50:55.792+0000 7ff29a7fc700 1 -- 172.21.15.55:0/613693864 <== mgr.14118 v2:172.21.15.55:6800/4027903862 1 ==== mgr_command_reply(tid 0: 0 ) v1 ==== 8+0+0 (secure 0 0 0) 0x7ff2a4100240 con 0x7ff2900366b0
2024-02-20T07:50:56.308 INFO:teuthology.orchestra.run.smithi055.stdout:/usr/bin/ceph: stderr
2024-02-20T07:50:55.794+0000 7ff2abd84700 1 -- 172.21.15.55:0/613693864 >> [v2:172.21.15.55:6800/4027903862,v1:172.21.15.55:6801/4027903862] conn(0x7ff2900366b0 msgr2=0x7ff290038b60 secure :-1 s=STATE_CONNECTION_ESTABLISHED l=1).mark_down
2024-02-20T07:50:56.308 INFO:teuthology.orchestra.run.smithi055.stdout:/usr/bin/ceph: stderr
2024-02-20T07:50:55.794+0000 7ff2abd84700 1 --2- 172.21.15.55:0/613693864 >> [v2:172.21.15.55:6800/4027903862,v1:172.21.15.55:6801/4027903862] conn(0x7ff2900366b0 0x7ff290038b60 secure :-1 s=READY pgs=7 cs=0 l=1 rev1=1 crypto rx=0x7ff294009990 tx=0x7ff294006e40 comp rx=0 tx=0).stop
2024-02-20T07:50:56.308 INFO:teuthology.orchestra.run.smithi055.stdout:/usr/bin/ceph: stderr
2024-02-20T07:50:55.794+0000 7ff2abd84700 1 -- 172.21.15.55:0/613693864 >> [v2:172.21.15.55:3300/0,v1:172.21.15.55:6789/0] conn(0x7ff2a4078cc0 msgr2=0x7ff2a41137d0 secure :-1 s=STATE_CONNECTION_ESTABLISHED l=1).mark_down
2024-02-20T07:50:56.308 INFO:teuthology.orchestra.run.smithi055.stdout:/usr/bin/ceph: stderr
2024-02-20T07:50:55.794+0000 7ff2abd84700 1 --2- 172.21.15.55:0/613693864 >> [v2:172.21.15.55:3300/0,v1:172.21.15.55:6789/0] conn(0x7ff2a4078cc0 0x7ff2a41137d0 secure :-1 s=READY pgs=36 cs=0 l=1 rev1=1 crypto rx=0x7ff2a0006fd0 tx=0x7ff2a0009250 comp rx=0 tx=0).stop
2024-02-20T07:50:56.308 INFO:teuthology.orchestra.run.smithi055.stdout:/usr/bin/ceph: stderr
