2024-02-20T07:54:27.736 INFO:teuthology.orchestra.run.smithi026.stdout:/usr/bin/ceph: stderr
2024-02-20T07:54:26.498+0000 7f68ac063700 1 -- start start
2024-02-20T07:54:27.736 INFO:teuthology.orchestra.run.smithi026.stdout:/usr/bin/ceph: stderr
2024-02-20T07:54:26.499+0000 7f68ac063700 1 --2- >> [v2:172.21.15.26:3300/0,v1:172.21.15.26:6789/0] conn(0x7f68a4101670 0x7f68a4101a80 unknown :-1 s=NONE pgs=0 cs=0 l=0 rev1=0 crypto rx=0 tx=0 comp rx=0 tx=0).connect
2024-02-20T07:54:27.737 INFO:teuthology.orchestra.run.smithi026.stdout:/usr/bin/ceph: stderr
2024-02-20T07:54:26.499+0000 7f68ac063700 1 -- --> [v2:172.21.15.26:3300/0,v1:172.21.15.26:6789/0] -- mon_getmap magic: 0 v1 -- 0x7f68a4101fc0 con 0x7f68a4101670
2024-02-20T07:54:27.737 INFO:teuthology.orchestra.run.smithi026.stdout:/usr/bin/ceph: stderr
2024-02-20T07:54:26.499+0000 7f68a9dff700 1 --2- >> [v2:172.21.15.26:3300/0,v1:172.21.15.26:6789/0] conn(0x7f68a4101670 0x7f68a4101a80 unknown :-1 s=BANNER_CONNECTING pgs=0 cs=0 l=0 rev1=0 crypto rx=0 tx=0 comp rx=0 tx=0)._handle_peer_banner_payload supported=3 required=0
2024-02-20T07:54:27.737 INFO:teuthology.orchestra.run.smithi026.stdout:/usr/bin/ceph: stderr
2024-02-20T07:54:26.499+0000 7f68a9dff700 1 --2- >> [v2:172.21.15.26:3300/0,v1:172.21.15.26:6789/0] conn(0x7f68a4101670 0x7f68a4101a80 unknown :-1 s=HELLO_CONNECTING pgs=0 cs=0 l=0 rev1=1 crypto rx=0 tx=0 comp rx=0 tx=0).handle_hello peer v2:172.21.15.26:3300/0 says I am v2:172.21.15.26:47146/0 (socket says 172.21.15.26:47146)
2024-02-20T07:54:27.737 INFO:teuthology.orchestra.run.smithi026.stdout:/usr/bin/ceph: stderr
2024-02-20T07:54:26.499+0000 7f68a9dff700 1 -- 172.21.15.26:0/1229264507 learned_addr learned my addr 172.21.15.26:0/1229264507 (peer_addr_for_me v2:172.21.15.26:0/0)
2024-02-20T07:54:27.737 INFO:teuthology.orchestra.run.smithi026.stdout:/usr/bin/ceph: stderr
2024-02-20T07:54:26.499+0000 7f68a9dff700 1 -- 172.21.15.26:0/1229264507 --> [v2:172.21.15.26:3300/0,v1:172.21.15.26:6789/0] -- mon_subscribe({config=0+,monmap=0+}) v3 -- 0x7f68a4102100 con 0x7f68a4101670
2024-02-20T07:54:27.737 INFO:teuthology.orchestra.run.smithi026.stdout:/usr/bin/ceph: stderr
2024-02-20T07:54:26.499+0000 7f68a9dff700 1 --2- 172.21.15.26:0/1229264507 >> [v2:172.21.15.26:3300/0,v1:172.21.15.26:6789/0] conn(0x7f68a4101670 0x7f68a4101a80 secure :-1 s=READY pgs=49 cs=0 l=1 rev1=1 crypto rx=0x7f68a00098e0 tx=0x7f68a0009250 comp rx=0 tx=0).ready entity=mon.0 client_cookie=faa3aa08b35594d5 server_cookie=0 in_seq=0 out_seq=0
2024-02-20T07:54:27.737 INFO:teuthology.orchestra.run.smithi026.stdout:/usr/bin/ceph: stderr
2024-02-20T07:54:26.499+0000 7f68a8dfd700 1 -- 172.21.15.26:0/1229264507 <== mon.0 v2:172.21.15.26:3300/0 1 ==== mon_map magic: 0 v1 ==== 229+0+0 (secure 0 0 0) 0x7f68a000b860 con 0x7f68a4101670
2024-02-20T07:54:27.737 INFO:teuthology.orchestra.run.smithi026.stdout:/usr/bin/ceph: stderr
2024-02-20T07:54:26.500+0000 7f68a8dfd700 1 -- 172.21.15.26:0/1229264507 <== mon.0 v2:172.21.15.26:3300/0 2 ==== config(27 keys) v1 ==== 1109+0+0 (secure 0 0 0) 0x7f68a000be90 con 0x7f68a4101670
2024-02-20T07:54:27.737 INFO:teuthology.orchestra.run.smithi026.stdout:/usr/bin/ceph: stderr
2024-02-20T07:54:26.500+0000 7f68a8dfd700 1 -- 172.21.15.26:0/1229264507 <== mon.0 v2:172.21.15.26:3300/0 3 ==== mon_map magic: 0 v1 ==== 229+0+0 (secure 0 0 0) 0x7f68a00103c0 con 0x7f68a4101670
2024-02-20T07:54:27.737 INFO:teuthology.orchestra.run.smithi026.stdout:/usr/bin/ceph: stderr
2024-02-20T07:54:26.500+0000 7f68ac063700 1 -- 172.21.15.26:0/1229264507 >> [v2:172.21.15.26:3300/0,v1:172.21.15.26:6789/0] conn(0x7f68a4101670 msgr2=0x7f68a4101a80 secure :-1 s=STATE_CONNECTION_ESTABLISHED l=1).mark_down
2024-02-20T07:54:27.737 INFO:teuthology.orchestra.run.smithi026.stdout:/usr/bin/ceph: stderr
2024-02-20T07:54:26.500+0000 7f68ac063700 1 --2- 172.21.15.26:0/1229264507 >> [v2:172.21.15.26:3300/0,v1:172.21.15.26:6789/0] conn(0x7f68a4101670 0x7f68a4101a80 secure :-1 s=READY pgs=49 cs=0 l=1 rev1=1 crypto rx=0x7f68a00098e0 tx=0x7f68a0009250 comp rx=0 tx=0).stop
2024-02-20T07:54:27.737 INFO:teuthology.orchestra.run.smithi026.stdout:/usr/bin/ceph: stderr
2024-02-20T07:54:26.500+0000 7f68ac063700 1 -- 172.21.15.26:0/1229264507 shutdown_connections
2024-02-20T07:54:27.737 INFO:teuthology.orchestra.run.smithi026.stdout:/usr/bin/ceph: stderr
2024-02-20T07:54:26.500+0000 7f68ac063700 1 --2- 172.21.15.26:0/1229264507 >> [v2:172.21.15.26:3300/0,v1:172.21.15.26:6789/0] conn(0x7f68a4101670 0x7f68a4101a80 unknown :-1 s=CLOSED pgs=49 cs=0 l=1 rev1=1 crypto rx=0 tx=0 comp rx=0 tx=0).stop
2024-02-20T07:54:27.737 INFO:teuthology.orchestra.run.smithi026.stdout:/usr/bin/ceph: stderr
2024-02-20T07:54:26.500+0000 7f68ac063700 1 -- 172.21.15.26:0/1229264507 >> 172.21.15.26:0/1229264507 conn(0x7f68a40fcdd0 msgr2=0x7f68a40ff200 unknown :-1 s=STATE_NONE l=0).mark_down
2024-02-20T07:54:27.738 INFO:teuthology.orchestra.run.smithi026.stdout:/usr/bin/ceph: stderr
2024-02-20T07:54:26.500+0000 7f68ac063700 1 -- 172.21.15.26:0/1229264507 shutdown_connections
2024-02-20T07:54:27.738 INFO:teuthology.orchestra.run.smithi026.stdout:/usr/bin/ceph: stderr
2024-02-20T07:54:26.500+0000 7f68ac063700 1 -- 172.21.15.26:0/1229264507 wait complete.
2024-02-20T07:54:27.738 INFO:teuthology.orchestra.run.smithi026.stdout:/usr/bin/ceph: stderr
2024-02-20T07:54:26.501+0000 7f68ac063700 1 Processor -- start
2024-02-20T07:54:27.738 INFO:teuthology.orchestra.run.smithi026.stdout:/usr/bin/ceph: stderr
2024-02-20T07:54:26.501+0000 7f68ac063700 1 -- start start
2024-02-20T07:54:27.738 INFO:teuthology.orchestra.run.smithi026.stdout:/usr/bin/ceph: stderr
2024-02-20T07:54:26.501+0000 7f68ac063700 1 --2- >> [v2:172.21.15.26:3300/0,v1:172.21.15.26:6789/0] conn(0x7f68a4101670 0x7f68a4114270 unknown :-1 s=NONE pgs=0 cs=0 l=1 rev1=0 crypto rx=0 tx=0 comp rx=0 tx=0).connect
2024-02-20T07:54:27.738 INFO:teuthology.orchestra.run.smithi026.stdout:/usr/bin/ceph: stderr
2024-02-20T07:54:26.501+0000 7f68ac063700 1 -- --> [v2:172.21.15.26:3300/0,v1:172.21.15.26:6789/0] -- mon_getmap magic: 0 v1 -- 0x7f68a40714b0 con 0x7f68a4101670
2024-02-20T07:54:27.738 INFO:teuthology.orchestra.run.smithi026.stdout:/usr/bin/ceph: stderr
2024-02-20T07:54:26.501+0000 7f68a9dff700 1 --2- >> [v2:172.21.15.26:3300/0,v1:172.21.15.26:6789/0] conn(0x7f68a4101670 0x7f68a4114270 unknown :-1 s=BANNER_CONNECTING pgs=0 cs=0 l=1 rev1=0 crypto rx=0 tx=0 comp rx=0 tx=0)._handle_peer_banner_payload supported=3 required=0
2024-02-20T07:54:27.738 INFO:teuthology.orchestra.run.smithi026.stdout:/usr/bin/ceph: stderr
2024-02-20T07:54:26.501+0000 7f68a9dff700 1 --2- >> [v2:172.21.15.26:3300/0,v1:172.21.15.26:6789/0] conn(0x7f68a4101670 0x7f68a4114270 unknown :-1 s=HELLO_CONNECTING pgs=0 cs=0 l=1 rev1=1 crypto rx=0 tx=0 comp rx=0 tx=0).handle_hello peer v2:172.21.15.26:3300/0 says I am v2:172.21.15.26:47152/0 (socket says 172.21.15.26:47152)
2024-02-20T07:54:27.738 INFO:teuthology.orchestra.run.smithi026.stdout:/usr/bin/ceph: stderr
2024-02-20T07:54:26.502+0000 7f68a9dff700 1 -- 172.21.15.26:0/780487972 learned_addr learned my addr 172.21.15.26:0/780487972 (peer_addr_for_me v2:172.21.15.26:0/0)
2024-02-20T07:54:27.738 INFO:teuthology.orchestra.run.smithi026.stdout:/usr/bin/ceph: stderr
2024-02-20T07:54:26.502+0000 7f68a9dff700 1 -- 172.21.15.26:0/780487972 --> [v2:172.21.15.26:3300/0,v1:172.21.15.26:6789/0] -- mon_subscribe({config=0+,monmap=0+}) v3 -- 0x7f68a00094f0 con 0x7f68a4101670
2024-02-20T07:54:27.738 INFO:teuthology.orchestra.run.smithi026.stdout:/usr/bin/ceph: stderr
2024-02-20T07:54:26.502+0000 7f68a9dff700 1 --2- 172.21.15.26:0/780487972 >> [v2:172.21.15.26:3300/0,v1:172.21.15.26:6789/0] conn(0x7f68a4101670 0x7f68a4114270 secure :-1 s=READY pgs=50 cs=0 l=1 rev1=1 crypto rx=0x7f68a00090b0 tx=0x7f68a0009250 comp rx=0 tx=0).ready entity=mon.0 client_cookie=0 server_cookie=0 in_seq=0 out_seq=0
2024-02-20T07:54:27.738 INFO:teuthology.orchestra.run.smithi026.stdout:/usr/bin/ceph: stderr
2024-02-20T07:54:26.502+0000 7f689a7fc700 1 -- 172.21.15.26:0/780487972 <== mon.0 v2:172.21.15.26:3300/0 1 ==== mon_map magic: 0 v1 ==== 229+0+0 (secure 0 0 0) 0x7f68a0010840 con 0x7f68a4101670
2024-02-20T07:54:27.738 INFO:teuthology.orchestra.run.smithi026.stdout:/usr/bin/ceph: stderr
2024-02-20T07:54:26.502+0000 7f689a7fc700 1 -- 172.21.15.26:0/780487972 <== mon.0 v2:172.21.15.26:3300/0 2 ==== config(27 keys) v1 ==== 1109+0+0 (secure 0 0 0) 0x7f68a0010e70 con 0x7f68a4101670
2024-02-20T07:54:27.738 INFO:teuthology.orchestra.run.smithi026.stdout:/usr/bin/ceph: stderr
2024-02-20T07:54:26.502+0000 7f689a7fc700 1 -- 172.21.15.26:0/780487972 <== mon.0 v2:172.21.15.26:3300/0 3 ==== mon_map magic: 0 v1 ==== 229+0+0 (secure 0 0 0) 0x7f68a0024e40 con 0x7f68a4101670
2024-02-20T07:54:27.739 INFO:teuthology.orchestra.run.smithi026.stdout:/usr/bin/ceph: stderr
2024-02-20T07:54:26.502+0000 7f68ac063700 1 -- 172.21.15.26:0/780487972 --> [v2:172.21.15.26:3300/0,v1:172.21.15.26:6789/0] -- mon_subscribe({mgrmap=0+}) v3 -- 0x7f68a40716b0 con 0x7f68a4101670
2024-02-20T07:54:27.739 INFO:teuthology.orchestra.run.smithi026.stdout:/usr/bin/ceph: stderr
2024-02-20T07:54:26.502+0000 7f68ac063700 1 -- 172.21.15.26:0/780487972 --> [v2:172.21.15.26:3300/0,v1:172.21.15.26:6789/0] -- mon_subscribe({osdmap=0}) v3 -- 0x7f68a41149f0 con 0x7f68a4101670
2024-02-20T07:54:27.739 INFO:teuthology.orchestra.run.smithi026.stdout:/usr/bin/ceph: stderr
2024-02-20T07:54:26.503+0000 7f689a7fc700 1 -- 172.21.15.26:0/780487972 <== mon.0 v2:172.21.15.26:3300/0 4 ==== mgrmap(e 8) v1 ==== 43368+0+0 (secure 0 0 0) 0x7f68a001a510 con 0x7f68a4101670
2024-02-20T07:54:27.739 INFO:teuthology.orchestra.run.smithi026.stdout:/usr/bin/ceph: stderr
2024-02-20T07:54:26.503+0000 7f68ac063700 1 -- 172.21.15.26:0/780487972 --> [v2:172.21.15.26:3300/0,v1:172.21.15.26:6789/0] -- mon_command({"prefix": "get_command_descriptions"} v 0) v1 -- 0x7f68a404bed0 con 0x7f68a4101670
2024-02-20T07:54:27.739 INFO:teuthology.orchestra.run.smithi026.stdout:/usr/bin/ceph: stderr
2024-02-20T07:54:26.503+0000 7f689a7fc700 1 --2- 172.21.15.26:0/780487972 >> [v2:172.21.15.26:6800/277719933,v1:172.21.15.26:6801/277719933] conn(0x7f6890036740 0x7f6890038bf0 unknown :-1 s=NONE pgs=0 cs=0 l=1 rev1=0 crypto rx=0 tx=0 comp rx=0 tx=0).connect
2024-02-20T07:54:27.739 INFO:teuthology.orchestra.run.smithi026.stdout:/usr/bin/ceph: stderr
2024-02-20T07:54:26.503+0000 7f689a7fc700 1 -- 172.21.15.26:0/780487972 <== mon.0 v2:172.21.15.26:3300/0 5 ==== osd_map(2..2 src has 1..2) v4 ==== 936+0+0 (secure 0 0 0) 0x7f68a004a7f0 con 0x7f68a4101670
2024-02-20T07:54:27.739 INFO:teuthology.orchestra.run.smithi026.stdout:/usr/bin/ceph: stderr
2024-02-20T07:54:26.504+0000 7f68a95fe700 1 --2- 172.21.15.26:0/780487972 >> [v2:172.21.15.26:6800/277719933,v1:172.21.15.26:6801/277719933] conn(0x7f6890036740 0x7f6890038bf0 unknown :-1 s=BANNER_CONNECTING pgs=0 cs=0 l=1 rev1=0 crypto rx=0 tx=0 comp rx=0 tx=0)._handle_peer_banner_payload supported=3 required=0
2024-02-20T07:54:27.739 INFO:teuthology.orchestra.run.smithi026.stdout:/usr/bin/ceph: stderr
2024-02-20T07:54:26.504+0000 7f68a95fe700 1 --2- 172.21.15.26:0/780487972 >> [v2:172.21.15.26:6800/277719933,v1:172.21.15.26:6801/277719933] conn(0x7f6890036740 0x7f6890038bf0 secure :-1 s=READY pgs=14 cs=0 l=1 rev1=1 crypto rx=0x7f6894009990 tx=0x7f6894006e40 comp rx=0 tx=0).ready entity=mgr.14118 client_cookie=0 server_cookie=0 in_seq=0 out_seq=0
2024-02-20T07:54:27.739 INFO:teuthology.orchestra.run.smithi026.stdout:/usr/bin/ceph: stderr
2024-02-20T07:54:26.509+0000 7f689a7fc700 1 -- 172.21.15.26:0/780487972 <== mon.0 v2:172.21.15.26:3300/0 6 ==== mon_command_ack([{"prefix": "get_command_descriptions"}]=0 v0) v1 ==== 72+0+175031 (secure 0 0 0) 0x7f68a0018940 con 0x7f68a4101670
2024-02-20T07:54:27.739 INFO:teuthology.orchestra.run.smithi026.stdout:/usr/bin/ceph: stderr
2024-02-20T07:54:26.722+0000 7f68ac063700 1 -- 172.21.15.26:0/780487972 --> [v2:172.21.15.26:6800/277719933,v1:172.21.15.26:6801/277719933] -- mgr_command(tid 0: {"prefix": "orch apply", "service_type": "crash", "target": ["mon-mgr", ""]}) v1 -- 0x7f68a40ff0b0 con 0x7f6890036740
2024-02-20T07:54:27.739 INFO:teuthology.orchestra.run.smithi026.stdout:/usr/bin/ceph: stderr
2024-02-20T07:54:26.726+0000 7f689a7fc700 1 -- 172.21.15.26:0/780487972 <== mgr.14118 v2:172.21.15.26:6800/277719933 1 ==== mgr_command_reply(tid 0: 0 ) v1 ==== 8+0+26 (secure 0 0 0) 0x7f68a40ff0b0 con 0x7f6890036740
2024-02-20T07:54:27.739 INFO:teuthology.orchestra.run.smithi026.stdout:/usr/bin/ceph: stderr
2024-02-20T07:54:26.728+0000 7f68ac063700 1 -- 172.21.15.26:0/780487972 >> [v2:172.21.15.26:6800/277719933,v1:172.21.15.26:6801/277719933] conn(0x7f6890036740 msgr2=0x7f6890038bf0 secure :-1 s=STATE_CONNECTION_ESTABLISHED l=1).mark_down
2024-02-20T07:54:27.739 INFO:teuthology.orchestra.run.smithi026.stdout:/usr/bin/ceph: stderr
2024-02-20T07:54:26.728+0000 7f68ac063700 1 --2- 172.21.15.26:0/780487972 >> [v2:172.21.15.26:6800/277719933,v1:172.21.15.26:6801/277719933] conn(0x7f6890036740 0x7f6890038bf0 secure :-1 s=READY pgs=14 cs=0 l=1 rev1=1 crypto rx=0x7f6894009990 tx=0x7f6894006e40 comp rx=0 tx=0).stop
2024-02-20T07:54:27.740 INFO:teuthology.orchestra.run.smithi026.stdout:/usr/bin/ceph: stderr
2024-02-20T07:54:26.728+0000 7f68ac063700 1 -- 172.21.15.26:0/780487972 >> [v2:172.21.15.26:3300/0,v1:172.21.15.26:6789/0] conn(0x7f68a4101670 msgr2=0x7f68a4114270 secure :-1 s=STATE_CONNECTION_ESTABLISHED l=1).mark_down
2024-02-20T07:54:27.740 INFO:teuthology.orchestra.run.smithi026.stdout:/usr/bin/ceph: stderr
2024-02-20T07:54:26.728+0000 7f68ac063700 1 --2- 172.21.15.26:0/780487972 >> [v2:172.21.15.26:3300/0,v1:172.21.15.26:6789/0] conn(0x7f68a4101670 0x7f68a4114270 secure :-1 s=READY pgs=50 cs=0 l=1 rev1=1 crypto rx=0x7f68a00090b0 tx=0x7f68a0009250 comp rx=0 tx=0).stop
2024-02-20T07:54:27.740 INFO:teuthology.orchestra.run.smithi026.stdout:/usr/bin/ceph: stderr
2024-02-20T07:54:26.729+0000 7f68ac063700 1 -- 172.21.15.26:0/780487972 shutdown_connections
2024-02-20T07:54:27.740 INFO:teuthology.orchestra.run.smithi026.stdout:/usr/bin/ceph: stderr
2024-02-20T07:54:26.729+0000 7f68ac063700 1 --2- 172.21.15.26:0/780487972 >> [v2:172.21.15.26:6800/277719933,v1:172.21.15.26:6801/277719933] conn(0x7f6890036740 0x7f6890038bf0 unknown :-1 s=CLOSED pgs=14 cs=0 l=1 rev1=1 crypto rx=0 tx=0 comp rx=0 tx=0).stop
2024-02-20T07:54:27.740 INFO:teuthology.orchestra.run.smithi026.stdout:/usr/bin/ceph: stderr
2024-02-20T07:54:26.729+0000 7f68ac063700 1 --2- 172.21.15.26:0/780487972 >> [v2:172.21.15.26:3300/0,v1:172.21.15.26:6789/0] conn(0x7f68a4101670 0x7f68a4114270 unknown :-1 s=CLOSED pgs=50 cs=0 l=1 rev1=1 crypto rx=0 tx=0 comp rx=0 tx=0).stop
2024-02-20T07:54:27.740 INFO:teuthology.orchestra.run.smithi026.stdout:/usr/bin/ceph: stderr
2024-02-20T07:54:26.729+0000 7f68ac063700 1 -- 172.21.15.26:0/780487972 >> 172.21.15.26:0/780487972 conn(0x7f68a40fcdd0 msgr2=0x7f68a40fe490 unknown :-1 s=STATE_NONE l=0).mark_down
2024-02-20T07:54:27.740 INFO:teuthology.orchestra.run.smithi026.stdout:/usr/bin/ceph: stderr
2024-02-20T07:54:26.729+0000 7f68ac063700 1 -- 172.21.15.26:0/780487972 shutdown_connections
2024-02-20T07:54:27.740 INFO:teuthology.orchestra.run.smithi026.stdout:/usr/bin/ceph: stderr
2024-02-20T07:54:26.729+0000 7f68ac063700 1 -- 172.21.15.26:0/780487972 wait complete.
2024-02-20T07:54:27.740 INFO:teuthology.orchestra.run.smithi026.stdout:Deploying prometheus service with default placement...
2024-02-20T07:54:28.415 INFO:journalctl@ceph.mon.smithi026.smithi026.stdout:Feb 20 07:54:28 smithi026 ceph-mon[29380]: from='client.14144 -' entity='client.admin' cmd=[{"prefix": "orch apply", "service_type": "crash", "target": ["mon-mgr", ""]}]: dispatch
2024-02-20T07:54:28.416 INFO:journalctl@ceph.mon.smithi026.smithi026.stdout:Feb 20 07:54:28 smithi026 ceph-mon[29380]: Saving service crash spec with placement *
2024-02-20T07:54:28.416 INFO:journalctl@ceph.mon.smithi026.smithi026.stdout:Feb 20 07:54:28 smithi026 ceph-mon[29380]: from='mgr.14118 172.21.15.26:0/474098004' entity='mgr.smithi026.aagpjy'
2024-02-20T07:54:28.953 INFO:teuthology.orchestra.run.smithi026.stdout:/usr/bin/ceph: stdout Scheduled prometheus update...
2024-02-20T07:54:28.953 INFO:teuthology.orchestra.run.smithi026.stdout:/usr/bin/ceph: stderr
2024-02-20T07:54:28.183+0000 7f1f2f731700 1 Processor -- start
2024-02-20T07:54:28.953 INFO:teuthology.orchestra.run.smithi026.stdout:/usr/bin/ceph: stderr
2024-02-20T07:54:28.184+0000 7f1f2f731700 1 -- start start
2024-02-20T07:54:28.954 INFO:teuthology.orchestra.run.smithi026.stdout:/usr/bin/ceph: stderr
2024-02-20T07:54:28.184+0000 7f1f2f731700 1 --2- >> [v2:172.21.15.26:3300/0,v1:172.21.15.26:6789/0] conn(0x7f1f28101670 0x7f1f28101a80 unknown :-1 s=NONE pgs=0 cs=0 l=0 rev1=0 crypto rx=0 tx=0 comp rx=0 tx=0).connect
2024-02-20T07:54:28.954 INFO:teuthology.orchestra.run.smithi026.stdout:/usr/bin/ceph: stderr
2024-02-20T07:54:28.184+0000 7f1f2f731700 1 -- --> [v2:172.21.15.26:3300/0,v1:172.21.15.26:6789/0] -- mon_getmap magic: 0 v1 -- 0x7f1f28101fc0 con 0x7f1f28101670
2024-02-20T07:54:28.954 INFO:teuthology.orchestra.run.smithi026.stdout:/usr/bin/ceph: stderr
2024-02-20T07:54:28.184+0000 7f1f2d4cd700 1 --2- >> [v2:172.21.15.26:3300/0,v1:172.21.15.26:6789/0] conn(0x7f1f28101670 0x7f1f28101a80 unknown :-1 s=BANNER_CONNECTING pgs=0 cs=0 l=0 rev1=0 crypto rx=0 tx=0 comp rx=0 tx=0)._handle_peer_banner_payload supported=3 required=0
2024-02-20T07:54:28.954 INFO:teuthology.orchestra.run.smithi026.stdout:/usr/bin/ceph: stderr
2024-02-20T07:54:28.184+0000 7f1f2d4cd700 1 --2- >> [v2:172.21.15.26:3300/0,v1:172.21.15.26:6789/0] conn(0x7f1f28101670 0x7f1f28101a80 unknown :-1 s=HELLO_CONNECTING pgs=0 cs=0 l=0 rev1=1 crypto rx=0 tx=0 comp rx=0 tx=0).handle_hello peer v2:172.21.15.26:3300/0 says I am v2:172.21.15.26:47162/0 (socket says 172.21.15.26:47162)
2024-02-20T07:54:28.954 INFO:teuthology.orchestra.run.smithi026.stdout:/usr/bin/ceph: stderr
2024-02-20T07:54:28.184+0000 7f1f2d4cd700 1 -- 172.21.15.26:0/964204125 learned_addr learned my addr 172.21.15.26:0/964204125 (peer_addr_for_me v2:172.21.15.26:0/0)
2024-02-20T07:54:28.954 INFO:teuthology.orchestra.run.smithi026.stdout:/usr/bin/ceph: stderr
2024-02-20T07:54:28.184+0000 7f1f2d4cd700 1 -- 172.21.15.26:0/964204125 --> [v2:172.21.15.26:3300/0,v1:172.21.15.26:6789/0] -- mon_subscribe({config=0+,monmap=0+}) v3 -- 0x7f1f28102100 con 0x7f1f28101670
2024-02-20T07:54:28.954 INFO:teuthology.orchestra.run.smithi026.stdout:/usr/bin/ceph: stderr
2024-02-20T07:54:28.185+0000 7f1f2d4cd700 1 --2- 172.21.15.26:0/964204125 >> [v2:172.21.15.26:3300/0,v1:172.21.15.26:6789/0] conn(0x7f1f28101670 0x7f1f28101a80 secure :-1 s=READY pgs=51 cs=0 l=1 rev1=1 crypto rx=0x7f1f240098e0 tx=0x7f1f24009250 comp rx=0 tx=0).ready entity=mon.0 client_cookie=3ea6146a187529d9 server_cookie=0 in_seq=0 out_seq=0
2024-02-20T07:54:28.954 INFO:teuthology.orchestra.run.smithi026.stdout:/usr/bin/ceph: stderr
2024-02-20T07:54:28.185+0000 7f1f1ffff700 1 -- 172.21.15.26:0/964204125 <== mon.0 v2:172.21.15.26:3300/0 1 ==== mon_map magic: 0 v1 ==== 229+0+0 (secure 0 0 0) 0x7f1f2400b860 con 0x7f1f28101670
2024-02-20T07:54:28.954 INFO:teuthology.orchestra.run.smithi026.stdout:/usr/bin/ceph: stderr
2024-02-20T07:54:28.185+0000 7f1f1ffff700 1 -- 172.21.15.26:0/964204125 <== mon.0 v2:172.21.15.26:3300/0 2 ==== config(27 keys) v1 ==== 1109+0+0 (secure 0 0 0) 0x7f1f2400be90 con 0x7f1f28101670
2024-02-20T07:54:28.954 INFO:teuthology.orchestra.run.smithi026.stdout:/usr/bin/ceph: stderr
2024-02-20T07:54:28.185+0000 7f1f1ffff700 1 -- 172.21.15.26:0/964204125 <== mon.0 v2:172.21.15.26:3300/0 3 ==== mon_map magic: 0 v1 ==== 229+0+0 (secure 0 0 0) 0x7f1f240103c0 con 0x7f1f28101670
2024-02-20T07:54:28.954 INFO:teuthology.orchestra.run.smithi026.stdout:/usr/bin/ceph: stderr
2024-02-20T07:54:28.186+0000 7f1f2f731700 1 -- 172.21.15.26:0/964204125 >> [v2:172.21.15.26:3300/0,v1:172.21.15.26:6789/0] conn(0x7f1f28101670 msgr2=0x7f1f28101a80 secure :-1 s=STATE_CONNECTION_ESTABLISHED l=1).mark_down
2024-02-20T07:54:28.954 INFO:teuthology.orchestra.run.smithi026.stdout:/usr/bin/ceph: stderr
2024-02-20T07:54:28.186+0000 7f1f2f731700 1 --2- 172.21.15.26:0/964204125 >> [v2:172.21.15.26:3300/0,v1:172.21.15.26:6789/0] conn(0x7f1f28101670 0x7f1f28101a80 secure :-1 s=READY pgs=51 cs=0 l=1 rev1=1 crypto rx=0x7f1f240098e0 tx=0x7f1f24009250 comp rx=0 tx=0).stop
2024-02-20T07:54:28.954 INFO:teuthology.orchestra.run.smithi026.stdout:/usr/bin/ceph: stderr
2024-02-20T07:54:28.186+0000 7f1f2f731700 1 -- 172.21.15.26:0/964204125 shutdown_connections
2024-02-20T07:54:28.955 INFO:teuthology.orchestra.run.smithi026.stdout:/usr/bin/ceph: stderr
2024-02-20T07:54:28.186+0000 7f1f2f731700 1 --2- 172.21.15.26:0/964204125 >> [v2:172.21.15.26:3300/0,v1:172.21.15.26:6789/0] conn(0x7f1f28101670 0x7f1f28101a80 unknown :-1 s=CLOSED pgs=51 cs=0 l=1 rev1=1 crypto rx=0 tx=0 comp rx=0 tx=0).stop
2024-02-20T07:54:28.955 INFO:teuthology.orchestra.run.smithi026.stdout:/usr/bin/ceph: stderr
2024-02-20T07:54:28.186+0000 7f1f2f731700 1 -- 172.21.15.26:0/964204125 >> 172.21.15.26:0/964204125 conn(0x7f1f280fcdd0 msgr2=0x7f1f280ff200 unknown :-1 s=STATE_NONE l=0).mark_down
2024-02-20T07:54:28.955 INFO:teuthology.orchestra.run.smithi026.stdout:/usr/bin/ceph: stderr
2024-02-20T07:54:28.186+0000 7f1f2f731700 1 -- 172.21.15.26:0/964204125 shutdown_connections
2024-02-20T07:54:28.955 INFO:teuthology.orchestra.run.smithi026.stdout:/usr/bin/ceph: stderr
2024-02-20T07:54:28.186+0000 7f1f2f731700 1 -- 172.21.15.26:0/964204125 wait complete.
2024-02-20T07:54:28.955 INFO:teuthology.orchestra.run.smithi026.stdout:/usr/bin/ceph: stderr
2024-02-20T07:54:28.186+0000 7f1f2f731700 1 Processor -- start
2024-02-20T07:54:28.955 INFO:teuthology.orchestra.run.smithi026.stdout:/usr/bin/ceph: stderr
2024-02-20T07:54:28.186+0000 7f1f2f731700 1 -- start start
2024-02-20T07:54:28.955 INFO:teuthology.orchestra.run.smithi026.stdout:/usr/bin/ceph: stderr
2024-02-20T07:54:28.187+0000 7f1f2f731700 1 --2- >> [v2:172.21.15.26:3300/0,v1:172.21.15.26:6789/0] conn(0x7f1f28101670 0x7f1f28107ab0 unknown :-1 s=NONE pgs=0 cs=0 l=1 rev1=0 crypto rx=0 tx=0 comp rx=0 tx=0).connect
2024-02-20T07:54:28.955 INFO:teuthology.orchestra.run.smithi026.stdout:/usr/bin/ceph: stderr
2024-02-20T07:54:28.187+0000 7f1f2f731700 1 -- --> [v2:172.21.15.26:3300/0,v1:172.21.15.26:6789/0] -- mon_getmap magic: 0 v1 -- 0x7f1f28105f30 con 0x7f1f28101670
2024-02-20T07:54:28.955 INFO:teuthology.orchestra.run.smithi026.stdout:/usr/bin/ceph: stderr
2024-02-20T07:54:28.187+0000 7f1f2d4cd700 1 --2- >> [v2:172.21.15.26:3300/0,v1:172.21.15.26:6789/0] conn(0x7f1f28101670 0x7f1f28107ab0 unknown :-1 s=BANNER_CONNECTING pgs=0 cs=0 l=1 rev1=0 crypto rx=0 tx=0 comp rx=0 tx=0)._handle_peer_banner_payload supported=3 required=0
2024-02-20T07:54:28.955 INFO:teuthology.orchestra.run.smithi026.stdout:/usr/bin/ceph: stderr
2024-02-20T07:54:28.187+0000 7f1f2d4cd700 1 --2- >> [v2:172.21.15.26:3300/0,v1:172.21.15.26:6789/0] conn(0x7f1f28101670 0x7f1f28107ab0 unknown :-1 s=HELLO_CONNECTING pgs=0 cs=0 l=1 rev1=1 crypto rx=0 tx=0 comp rx=0 tx=0).handle_hello peer v2:172.21.15.26:3300/0 says I am v2:172.21.15.26:47172/0 (socket says 172.21.15.26:47172)
2024-02-20T07:54:28.955 INFO:teuthology.orchestra.run.smithi026.stdout:/usr/bin/ceph: stderr
2024-02-20T07:54:28.187+0000 7f1f2d4cd700 1 -- 172.21.15.26:0/1668164809 learned_addr learned my addr 172.21.15.26:0/1668164809 (peer_addr_for_me v2:172.21.15.26:0/0)
2024-02-20T07:54:28.955 INFO:teuthology.orchestra.run.smithi026.stdout:/usr/bin/ceph: stderr
2024-02-20T07:54:28.187+0000 7f1f2d4cd700 1 -- 172.21.15.26:0/1668164809 --> [v2:172.21.15.26:3300/0,v1:172.21.15.26:6789/0] -- mon_subscribe({config=0+,monmap=0+}) v3 -- 0x7f1f240094f0 con 0x7f1f28101670
2024-02-20T07:54:28.955 INFO:teuthology.orchestra.run.smithi026.stdout:/usr/bin/ceph: stderr
2024-02-20T07:54:28.187+0000 7f1f2d4cd700 1 --2- 172.21.15.26:0/1668164809 >> [v2:172.21.15.26:3300/0,v1:172.21.15.26:6789/0] conn(0x7f1f28101670 0x7f1f28107ab0 secure :-1 s=READY pgs=52 cs=0 l=1 rev1=1 crypto rx=0x7f1f24011650 tx=0x7f1f24009250 comp rx=0 tx=0).ready entity=mon.0 client_cookie=0 server_cookie=0 in_seq=0 out_seq=0
2024-02-20T07:54:28.955 INFO:teuthology.orchestra.run.smithi026.stdout:/usr/bin/ceph: stderr
2024-02-20T07:54:28.187+0000 7f1f1dffb700 1 -- 172.21.15.26:0/1668164809 <== mon.0 v2:172.21.15.26:3300/0 1 ==== mon_map magic: 0 v1 ==== 229+0+0 (secure 0 0 0) 0x7f1f24010890 con 0x7f1f28101670
2024-02-20T07:54:28.956 INFO:teuthology.orchestra.run.smithi026.stdout:/usr/bin/ceph: stderr
2024-02-20T07:54:28.187+0000 7f1f2f731700 1 -- 172.21.15.26:0/1668164809 --> [v2:172.21.15.26:3300/0,v1:172.21.15.26:6789/0] -- mon_subscribe({mgrmap=0+}) v3 -- 0x7f1f28106130 con 0x7f1f28101670
2024-02-20T07:54:28.956 INFO:teuthology.orchestra.run.smithi026.stdout:/usr/bin/ceph: stderr
2024-02-20T07:54:28.187+0000 7f1f1dffb700 1 -- 172.21.15.26:0/1668164809 <== mon.0 v2:172.21.15.26:3300/0 2 ==== config(27 keys) v1 ==== 1109+0+0 (secure 0 0 0) 0x7f1f24010ec0 con 0x7f1f28101670
2024-02-20T07:54:28.956 INFO:teuthology.orchestra.run.smithi026.stdout:/usr/bin/ceph: stderr
2024-02-20T07:54:28.187+0000 7f1f1dffb700 1 -- 172.21.15.26:0/1668164809 <== mon.0 v2:172.21.15.26:3300/0 3 ==== mon_map magic: 0 v1 ==== 229+0+0 (secure 0 0 0) 0x7f1f2401a430 con 0x7f1f28101670
2024-02-20T07:54:28.956 INFO:teuthology.orchestra.run.smithi026.stdout:/usr/bin/ceph: stderr
2024-02-20T07:54:28.188+0000 7f1f2f731700 1 -- 172.21.15.26:0/1668164809 --> [v2:172.21.15.26:3300/0,v1:172.21.15.26:6789/0] -- mon_subscribe({osdmap=0}) v3 -- 0x7f1f281065c0 con 0x7f1f28101670
2024-02-20T07:54:28.956 INFO:teuthology.orchestra.run.smithi026.stdout:/usr/bin/ceph: stderr
2024-02-20T07:54:28.188+0000 7f1f1dffb700 1 -- 172.21.15.26:0/1668164809 <== mon.0 v2:172.21.15.26:3300/0 4 ==== mgrmap(e 8) v1 ==== 43368+0+0 (secure 0 0 0) 0x7f1f2401a660 con 0x7f1f28101670
2024-02-20T07:54:28.956 INFO:teuthology.orchestra.run.smithi026.stdout:/usr/bin/ceph: stderr
2024-02-20T07:54:28.189+0000 7f1f1dffb700 1 --2- 172.21.15.26:0/1668164809 >> [v2:172.21.15.26:6800/277719933,v1:172.21.15.26:6801/277719933] conn(0x7f1f140367e0 0x7f1f14038c90 unknown :-1 s=NONE pgs=0 cs=0 l=1 rev1=0 crypto rx=0 tx=0 comp rx=0 tx=0).connect
2024-02-20T07:54:28.956 INFO:teuthology.orchestra.run.smithi026.stdout:/usr/bin/ceph: stderr
2024-02-20T07:54:28.189+0000 7f1f1dffb700 1 -- 172.21.15.26:0/1668164809 <== mon.0 v2:172.21.15.26:3300/0 5 ==== osd_map(2..2 src has 1..2) v4 ==== 936+0+0 (secure 0 0 0) 0x7f1f2404a4b0 con 0x7f1f28101670
2024-02-20T07:54:28.956 INFO:teuthology.orchestra.run.smithi026.stdout:/usr/bin/ceph: stderr
2024-02-20T07:54:28.189+0000 7f1f2cccc700 1 --2- 172.21.15.26:0/1668164809 >> [v2:172.21.15.26:6800/277719933,v1:172.21.15.26:6801/277719933] conn(0x7f1f140367e0 0x7f1f14038c90 unknown :-1 s=BANNER_CONNECTING pgs=0 cs=0 l=1 rev1=0 crypto rx=0 tx=0 comp rx=0 tx=0)._handle_peer_banner_payload supported=3 required=0
2024-02-20T07:54:28.956 INFO:teuthology.orchestra.run.smithi026.stdout:/usr/bin/ceph: stderr
2024-02-20T07:54:28.189+0000 7f1f2f731700 1 -- 172.21.15.26:0/1668164809 --> [v2:172.21.15.26:3300/0,v1:172.21.15.26:6789/0] -- mon_command({"prefix": "get_command_descriptions"} v 0) v1 -- 0x7f1f2805f5c0 con 0x7f1f28101670
2024-02-20T07:54:28.956 INFO:teuthology.orchestra.run.smithi026.stdout:/usr/bin/ceph: stderr
2024-02-20T07:54:28.189+0000 7f1f2cccc700 1 --2- 172.21.15.26:0/1668164809 >> [v2:172.21.15.26:6800/277719933,v1:172.21.15.26:6801/277719933] conn(0x7f1f140367e0 0x7f1f14038c90 secure :-1 s=READY pgs=15 cs=0 l=1 rev1=1 crypto rx=0x7f1f18009990 tx=0x7f1f18006e40 comp rx=0 tx=0).ready entity=mgr.14118 client_cookie=0 server_cookie=0 in_seq=0 out_seq=0
2024-02-20T07:54:28.957 INFO:teuthology.orchestra.run.smithi026.stdout:/usr/bin/ceph: stderr
2024-02-20T07:54:28.194+0000 7f1f1dffb700 1 -- 172.21.15.26:0/1668164809 <== mon.0 v2:172.21.15.26:3300/0 6 ==== mon_command_ack([{"prefix": "get_command_descriptions"}]=0 v0) v1 ==== 72+0+175031 (secure 0 0 0) 0x7f1f2402d3f0 con 0x7f1f28101670
2024-02-20T07:54:28.957 INFO:teuthology.orchestra.run.smithi026.stdout:/usr/bin/ceph: stderr
2024-02-20T07:54:28.414+0000 7f1f2f731700 1 -- 172.21.15.26:0/1668164809 --> [v2:172.21.15.26:6800/277719933,v1:172.21.15.26:6801/277719933] -- mgr_command(tid 0: {"prefix": "orch apply", "service_type": "prometheus", "target": ["mon-mgr", ""]}) v1 -- 0x7f1f281069f0 con 0x7f1f140367e0
2024-02-20T07:54:28.957 INFO:teuthology.orchestra.run.smithi026.stdout:/usr/bin/ceph: stderr
2024-02-20T07:54:28.418+0000 7f1f1dffb700 1 -- 172.21.15.26:0/1668164809 <== mgr.14118 v2:172.21.15.26:6800/277719933 1 ==== mgr_command_reply(tid 0: 0 ) v1 ==== 8+0+31 (secure 0 0 0) 0x7f1f281069f0 con 0x7f1f140367e0
2024-02-20T07:54:28.957 INFO:teuthology.orchestra.run.smithi026.stdout:/usr/bin/ceph: stderr
2024-02-20T07:54:28.421+0000 7f1f2f731700 1 -- 172.21.15.26:0/1668164809 >> [v2:172.21.15.26:6800/277719933,v1:172.21.15.26:6801/277719933] conn(0x7f1f140367e0 msgr2=0x7f1f14038c90 secure :-1 s=STATE_CONNECTION_ESTABLISHED l=1).mark_down
2024-02-20T07:54:28.957 INFO:teuthology.orchestra.run.smithi026.stdout:/usr/bin/ceph: stderr
2024-02-20T07:54:28.421+0000 7f1f2f731700 1 --2- 172.21.15.26:0/1668164809 >> [v2:172.21.15.26:6800/277719933,v1:172.21.15.26:6801/277719933] conn(0x7f1f140367e0 0x7f1f14038c90 secure :-1 s=READY pgs=15 cs=0 l=1 rev1=1 crypto rx=0x7f1f18009990 tx=0x7f1f18006e40 comp rx=0 tx=0).stop
2024-02-20T07:54:28.957 INFO:teuthology.orchestra.run.smithi026.stdout:/usr/bin/ceph: stderr
2024-02-20T07:54:28.421+0000 7f1f2f731700 1 -- 172.21.15.26:0/1668164809 >> [v2:172.21.15.26:3300/0,v1:172.21.15.26:6789/0] conn(0x7f1f28101670 msgr2=0x7f1f28107ab0 secure :-1 s=STATE_CONNECTION_ESTABLISHED l=1).mark_down
2024-02-20T07:54:28.957 INFO:teuthology.orchestra.run.smithi026.stdout:/usr/bin/ceph: stderr
2024-02-20T07:54:28.421+0000 7f1f2f731700 1 --2- 172.21.15.26:0/1668164809 >> [v2:172.21.15.26:3300/0,v1:172.21.15.26:6789/0] conn(0x7f1f28101670 0x7f1f28107ab0 secure :-1 s=READY pgs=52 cs=0 l=1 rev1=1 crypto rx=0x7f1f24011650 tx=0x7f1f24009250 comp rx=0 tx=0).stop
2024-02-20T07:54:28.957 INFO:teuthology.orchestra.run.smithi026.stdout:/usr/bin/ceph: stderr
2024-02-20T07:54:28.421+0000 7f1f2f731700 1 -- 172.21.15.26:0/1668164809 shutdown_connections
2024-02-20T07:54:28.957 INFO:teuthology.orchestra.run.smithi026.stdout:/usr/bin/ceph: stderr
2024-02-20T07:54:28.421+0000 7f1f2f731700 1 --2- 172.21.15.26:0/1668164809 >> [v2:172.21.15.26:6800/277719933,v1:172.21.15.26:6801/277719933] conn(0x7f1f140367e0 0x7f1f14038c90 unknown :-1 s=CLOSED pgs=15 cs=0 l=1 rev1=1 crypto rx=0 tx=0 comp rx=0 tx=0).stop
2024-02-20T07:54:28.957 INFO:teuthology.orchestra.run.smithi026.stdout:/usr/bin/ceph: stderr
2024-02-20T07:54:28.421+0000 7f1f2f731700 1 --2- 172.21.15.26:0/1668164809 >> [v2:172.21.15.26:3300/0,v1:172.21.15.26:6789/0] conn(0x7f1f28101670 0x7f1f28107ab0 unknown :-1 s=CLOSED pgs=52 cs=0 l=1 rev1=1 crypto rx=0 tx=0 comp rx=0 tx=0).stop
2024-02-20T07:54:28.957 INFO:teuthology.orchestra.run.smithi026.stdout:/usr/bin/ceph: stderr
2024-02-20T07:54:28.421+0000 7f1f2f731700 1 -- 172.21.15.26:0/1668164809 >> 172.21.15.26:0/1668164809 conn(0x7f1f280fcdd0 msgr2=0x7f1f28076810 unknown :-1 s=STATE_NONE l=0).mark_down
2024-02-20T07:54:28.957 INFO:teuthology.orchestra.run.smithi026.stdout:/usr/bin/ceph: stderr
2024-02-20T07:54:28.421+0000 7f1f2f731700 1 -- 172.21.15.26:0/1668164809 shutdown_connections
2024-02-20T07:54:28.957 INFO:teuthology.orchestra.run.smithi026.stdout:/usr/bin/ceph: stderr
2024-02-20T07:54:28.421+0000 7f1f2f731700 1 -- 172.21.15.26:0/1668164809 wait complete.
2024-02-20T07:54:28.957 INFO:teuthology.orchestra.run.smithi026.stdout:Deploying grafana service with default placement...
2024-02-20T07:54:29.379 INFO:journalctl@ceph.mon.smithi026.smithi026.stdout:Feb 20 07:54:29 smithi026 ceph-mon[29380]: from='mgr.14118 172.21.15.26:0/474098004' entity='mgr.smithi026.aagpjy'
2024-02-20T07:54:29.379 INFO:journalctl@ceph.mon.smithi026.smithi026.stdout:Feb 20 07:54:29 smithi026 ceph-mon[29380]: from='mgr.14118 172.21.15.26:0/474098004' entity='mgr.smithi026.aagpjy'
2024-02-20T07:54:30.195 INFO:teuthology.orchestra.run.smithi026.stdout:/usr/bin/ceph: stdout Scheduled grafana update...
2024-02-20T07:54:30.195 INFO:teuthology.orchestra.run.smithi026.stdout:/usr/bin/ceph: stderr
2024-02-20T07:54:29.378+0000 7fa684c6f700 1 Processor -- start
2024-02-20T07:54:30.195 INFO:teuthology.orchestra.run.smithi026.stdout:/usr/bin/ceph: stderr
2024-02-20T07:54:29.378+0000 7fa684c6f700 1 -- start start
2024-02-20T07:54:30.195 INFO:teuthology.orchestra.run.smithi026.stdout:/usr/bin/ceph: stderr
2024-02-20T07:54:29.378+0000 7fa684c6f700 1 --2- >> [v2:172.21.15.26:3300/0,v1:172.21.15.26:6789/0] conn(0x7fa680076be0 0x7fa6801077c0 unknown :-1 s=NONE pgs=0 cs=0 l=0 rev1=0 crypto rx=0 tx=0 comp rx=0 tx=0).connect
2024-02-20T07:54:30.195 INFO:teuthology.orchestra.run.smithi026.stdout:/usr/bin/ceph: stderr
2024-02-20T07:54:29.378+0000 7fa684c6f700 1 -- --> [v2:172.21.15.26:3300/0,v1:172.21.15.26:6789/0] -- mon_getmap magic: 0 v1 -- 0x7fa6801031b0 con 0x7fa680076be0
2024-02-20T07:54:30.195 INFO:teuthology.orchestra.run.smithi026.stdout:/usr/bin/ceph: stderr
2024-02-20T07:54:29.378+0000 7fa67e59c700 1 --2- >> [v2:172.21.15.26:3300/0,v1:172.21.15.26:6789/0] conn(0x7fa680076be0 0x7fa6801077c0 unknown :-1 s=BANNER_CONNECTING pgs=0 cs=0 l=0 rev1=0 crypto rx=0 tx=0 comp rx=0 tx=0)._handle_peer_banner_payload supported=3 required=0
2024-02-20T07:54:30.195 INFO:teuthology.orchestra.run.smithi026.stdout:/usr/bin/ceph: stderr
2024-02-20T07:54:29.378+0000 7fa67e59c700 1 --2- >> [v2:172.21.15.26:3300/0,v1:172.21.15.26:6789/0] conn(0x7fa680076be0 0x7fa6801077c0 unknown :-1 s=HELLO_CONNECTING pgs=0 cs=0 l=0 rev1=1 crypto rx=0 tx=0 comp rx=0 tx=0).handle_hello peer v2:172.21.15.26:3300/0 says I am v2:172.21.15.26:47188/0 (socket says 172.21.15.26:47188)
2024-02-20T07:54:30.195 INFO:teuthology.orchestra.run.smithi026.stdout:/usr/bin/ceph: stderr
2024-02-20T07:54:29.378+0000 7fa67e59c700 1 -- 172.21.15.26:0/807857854 learned_addr learned my addr 172.21.15.26:0/807857854 (peer_addr_for_me v2:172.21.15.26:0/0)
2024-02-20T07:54:30.196 INFO:teuthology.orchestra.run.smithi026.stdout:/usr/bin/ceph: stderr
2024-02-20T07:54:29.379+0000 7fa67e59c700 1 -- 172.21.15.26:0/807857854 --> [v2:172.21.15.26:3300/0,v1:172.21.15.26:6789/0] -- mon_subscribe({config=0+,monmap=0+}) v3 -- 0x7fa680107d00 con 0x7fa680076be0
2024-02-20T07:54:30.196 INFO:teuthology.orchestra.run.smithi026.stdout:/usr/bin/ceph: stderr
2024-02-20T07:54:29.379+0000 7fa67e59c700 1 --2- 172.21.15.26:0/807857854 >> [v2:172.21.15.26:3300/0,v1:172.21.15.26:6789/0] conn(0x7fa680076be0 0x7fa6801077c0 secure :-1 s=READY pgs=53 cs=0 l=1 rev1=1 crypto rx=0x7fa6700098e0 tx=0x7fa670009250 comp rx=0 tx=0).ready entity=mon.0 client_cookie=e52fb499a939017 server_cookie=0 in_seq=0 out_seq=0
2024-02-20T07:54:30.196 INFO:teuthology.orchestra.run.smithi026.stdout:/usr/bin/ceph: stderr
2024-02-20T07:54:29.379+0000 7fa67d59a700 1 -- 172.21.15.26:0/807857854 <== mon.0 v2:172.21.15.26:3300/0 1 ==== mon_map magic: 0 v1 ==== 229+0+0 (secure 0 0 0) 0x7fa67000b860 con 0x7fa680076be0
2024-02-20T07:54:30.196 INFO:teuthology.orchestra.run.smithi026.stdout:/usr/bin/ceph: stderr
2024-02-20T07:54:29.379+0000 7fa67d59a700 1 -- 172.21.15.26:0/807857854 <== mon.0 v2:172.21.15.26:3300/0 2 ==== config(27 keys) v1 ==== 1109+0+0 (secure 0 0 0) 0x7fa67000be90 con 0x7fa680076be0
2024-02-20T07:54:30.196 INFO:teuthology.orchestra.run.smithi026.stdout:/usr/bin/ceph: stderr
2024-02-20T07:54:29.379+0000 7fa67d59a700 1 -- 172.21.15.26:0/807857854 <== mon.0 v2:172.21.15.26:3300/0 3 ==== mon_map magic: 0 v1 ==== 229+0+0 (secure 0 0 0) 0x7fa6700103c0 con 0x7fa680076be0
2024-02-20T07:54:30.196 INFO:teuthology.orchestra.run.smithi026.stdout:/usr/bin/ceph: stderr
2024-02-20T07:54:29.380+0000 7fa684c6f700 1 -- 172.21.15.26:0/807857854 >> [v2:172.21.15.26:3300/0,v1:172.21.15.26:6789/0] conn(0x7fa680076be0 msgr2=0x7fa6801077c0 secure :-1 s=STATE_CONNECTION_ESTABLISHED l=1).mark_down
2024-02-20T07:54:30.196 INFO:teuthology.orchestra.run.smithi026.stdout:/usr/bin/ceph: stderr
2024-02-20T07:54:29.380+0000 7fa684c6f700 1 --2- 172.21.15.26:0/807857854 >> [v2:172.21.15.26:3300/0,v1:172.21.15.26:6789/0] conn(0x7fa680076be0 0x7fa6801077c0 secure :-1 s=READY pgs=53 cs=0 l=1 rev1=1 crypto rx=0x7fa6700098e0 tx=0x7fa670009250 comp rx=0 tx=0).stop
2024-02-20T07:54:30.196 INFO:teuthology.orchestra.run.smithi026.stdout:/usr/bin/ceph: stderr
2024-02-20T07:54:29.380+0000 7fa684c6f700 1 -- 172.21.15.26:0/807857854 shutdown_connections
2024-02-20T07:54:30.196 INFO:teuthology.orchestra.run.smithi026.stdout:/usr/bin/ceph: stderr
2024-02-20T07:54:29.380+0000 7fa684c6f700 1 --2- 172.21.15.26:0/807857854 >> [v2:172.21.15.26:3300/0,v1:172.21.15.26:6789/0] conn(0x7fa680076be0 0x7fa6801077c0 unknown :-1 s=CLOSED pgs=53 cs=0 l=1 rev1=1 crypto rx=0 tx=0 comp rx=0 tx=0).stop
2024-02-20T07:54:30.196 INFO:teuthology.orchestra.run.smithi026.stdout:/usr/bin/ceph: stderr
2024-02-20T07:54:29.380+0000 7fa684c6f700 1 -- 172.21.15.26:0/807857854 >> 172.21.15.26:0/807857854 conn(0x7fa6800fcdd0 msgr2=0x7fa6800ff200 unknown :-1 s=STATE_NONE l=0).mark_down
2024-02-20T07:54:30.196 INFO:teuthology.orchestra.run.smithi026.stdout:/usr/bin/ceph: stderr
2024-02-20T07:54:29.380+0000 7fa684c6f700 1 -- 172.21.15.26:0/807857854 shutdown_connections
2024-02-20T07:54:30.196 INFO:teuthology.orchestra.run.smithi026.stdout:/usr/bin/ceph: stderr
2024-02-20T07:54:29.380+0000 7fa684c6f700 1 -- 172.21.15.26:0/807857854 wait complete.
2024-02-20T07:54:30.196 INFO:teuthology.orchestra.run.smithi026.stdout:/usr/bin/ceph: stderr
2024-02-20T07:54:29.380+0000 7fa684c6f700 1 Processor -- start
2024-02-20T07:54:30.196 INFO:teuthology.orchestra.run.smithi026.stdout:/usr/bin/ceph: stderr
2024-02-20T07:54:29.380+0000 7fa684c6f700 1 -- start start
2024-02-20T07:54:30.197 INFO:teuthology.orchestra.run.smithi026.stdout:/usr/bin/ceph: stderr
2024-02-20T07:54:29.380+0000 7fa684c6f700 1 --2- >> [v2:172.21.15.26:3300/0,v1:172.21.15.26:6789/0] conn(0x7fa680076be0 0x7fa680113a70 unknown :-1 s=NONE pgs=0 cs=0 l=1 rev1=0 crypto rx=0 tx=0 comp rx=0 tx=0).connect
2024-02-20T07:54:30.197 INFO:teuthology.orchestra.run.smithi026.stdout:/usr/bin/ceph: stderr
2024-02-20T07:54:29.380+0000 7fa684c6f700 1 -- --> [v2:172.21.15.26:3300/0,v1:172.21.15.26:6789/0] -- mon_getmap magic: 0 v1 -- 0x7fa680113fb0 con 0x7fa680076be0
2024-02-20T07:54:30.197 INFO:teuthology.orchestra.run.smithi026.stdout:/usr/bin/ceph: stderr
2024-02-20T07:54:29.380+0000 7fa67e59c700 1 --2- >> [v2:172.21.15.26:3300/0,v1:172.21.15.26:6789/0] conn(0x7fa680076be0 0x7fa680113a70 unknown :-1 s=BANNER_CONNECTING pgs=0 cs=0 l=1 rev1=0 crypto rx=0 tx=0 comp rx=0 tx=0)._handle_peer_banner_payload supported=3 required=0
2024-02-20T07:54:30.197 INFO:teuthology.orchestra.run.smithi026.stdout:/usr/bin/ceph: stderr
2024-02-20T07:54:29.381+0000 7fa67e59c700 1 --2- >> [v2:172.21.15.26:3300/0,v1:172.21.15.26:6789/0] conn(0x7fa680076be0 0x7fa680113a70 unknown :-1 s=HELLO_CONNECTING pgs=0 cs=0 l=1 rev1=1 crypto rx=0 tx=0 comp rx=0 tx=0).handle_hello peer v2:172.21.15.26:3300/0 says I am v2:172.21.15.26:47202/0 (socket says 172.21.15.26:47202)
2024-02-20T07:54:30.197 INFO:teuthology.orchestra.run.smithi026.stdout:/usr/bin/ceph: stderr
2024-02-20T07:54:29.381+0000 7fa67e59c700 1 -- 172.21.15.26:0/3518785568 learned_addr learned my addr 172.21.15.26:0/3518785568 (peer_addr_for_me v2:172.21.15.26:0/0)
2024-02-20T07:54:30.197 INFO:teuthology.orchestra.run.smithi026.stdout:/usr/bin/ceph: stderr
2024-02-20T07:54:29.381+0000 7fa67e59c700 1 -- 172.21.15.26:0/3518785568 --> [v2:172.21.15.26:3300/0,v1:172.21.15.26:6789/0] -- mon_subscribe({config=0+,monmap=0+}) v3 -- 0x7fa6700094f0 con 0x7fa680076be0
2024-02-20T07:54:30.197 INFO:teuthology.orchestra.run.smithi026.stdout:/usr/bin/ceph: stderr
2024-02-20T07:54:29.381+0000 7fa67e59c700 1 --2- 172.21.15.26:0/3518785568 >> [v2:172.21.15.26:3300/0,v1:172.21.15.26:6789/0] conn(0x7fa680076be0 0x7fa680113a70 secure :-1 s=READY pgs=54 cs=0 l=1 rev1=1 crypto rx=0x7fa670003080 tx=0x7fa670009250 comp rx=0 tx=0).ready entity=mon.0 client_cookie=0 server_cookie=0 in_seq=0 out_seq=0
2024-02-20T07:54:30.197 INFO:teuthology.orchestra.run.smithi026.stdout:/usr/bin/ceph: stderr
2024-02-20T07:54:29.381+0000 7fa66effd700 1 -- 172.21.15.26:0/3518785568 <== mon.0 v2:172.21.15.26:3300/0 1 ==== mon_map magic: 0 v1 ==== 229+0+0 (secure 0 0 0) 0x7fa670011920 con 0x7fa680076be0
2024-02-20T07:54:30.197 INFO:teuthology.orchestra.run.smithi026.stdout:/usr/bin/ceph: stderr
2024-02-20T07:54:29.381+0000 7fa66effd700 1 -- 172.21.15.26:0/3518785568 <== mon.0 v2:172.21.15.26:3300/0 2 ==== config(27 keys) v1 ==== 1109+0+0 (secure 0 0 0) 0x7fa670010d60 con 0x7fa680076be0
2024-02-20T07:54:30.197 INFO:teuthology.orchestra.run.smithi026.stdout:/usr/bin/ceph: stderr
2024-02-20T07:54:29.381+0000 7fa684c6f700 1 -- 172.21.15.26:0/3518785568 --> [v2:172.21.15.26:3300/0,v1:172.21.15.26:6789/0] -- mon_subscribe({mgrmap=0+}) v3 -- 0x7fa6801141b0 con 0x7fa680076be0
2024-02-20T07:54:30.197 INFO:teuthology.orchestra.run.smithi026.stdout:/usr/bin/ceph: stderr
2024-02-20T07:54:29.381+0000 7fa66effd700 1 -- 172.21.15.26:0/3518785568 <== mon.0 v2:172.21.15.26:3300/0 3 ==== mon_map magic: 0 v1 ==== 229+0+0 (secure 0 0 0) 0x7fa6700243f0 con 0x7fa680076be0
2024-02-20T07:54:30.197 INFO:teuthology.orchestra.run.smithi026.stdout:/usr/bin/ceph: stderr
2024-02-20T07:54:29.381+0000 7fa684c6f700 1 -- 172.21.15.26:0/3518785568 --> [v2:172.21.15.26:3300/0,v1:172.21.15.26:6789/0] -- mon_subscribe({osdmap=0}) v3 -- 0x7fa680114e50 con 0x7fa680076be0
2024-02-20T07:54:30.197 INFO:teuthology.orchestra.run.smithi026.stdout:/usr/bin/ceph: stderr
2024-02-20T07:54:29.382+0000 7fa66effd700 1 -- 172.21.15.26:0/3518785568 <== mon.0 v2:172.21.15.26:3300/0 4 ==== mgrmap(e 8) v1 ==== 43368+0+0 (secure 0 0 0) 0x7fa67001a430 con 0x7fa680076be0
2024-02-20T07:54:30.197 INFO:teuthology.orchestra.run.smithi026.stdout:/usr/bin/ceph: stderr
2024-02-20T07:54:29.382+0000 7fa684c6f700 1 -- 172.21.15.26:0/3518785568 --> [v2:172.21.15.26:3300/0,v1:172.21.15.26:6789/0] -- mon_command({"prefix": "get_command_descriptions"} v 0) v1 -- 0x7fa68005f5c0 con 0x7fa680076be0
2024-02-20T07:54:30.197 INFO:teuthology.orchestra.run.smithi026.stdout:/usr/bin/ceph: stderr
2024-02-20T07:54:29.383+0000 7fa66effd700 1 --2- 172.21.15.26:0/3518785568 >> [v2:172.21.15.26:6800/277719933,v1:172.21.15.26:6801/277719933] conn(0x7fa6680367e0 0x7fa668038c90 unknown :-1 s=NONE pgs=0 cs=0 l=1 rev1=0 crypto rx=0 tx=0 comp rx=0 tx=0).connect
2024-02-20T07:54:30.198 INFO:teuthology.orchestra.run.smithi026.stdout:/usr/bin/ceph: stderr
2024-02-20T07:54:29.383+0000 7fa66effd700 1 -- 172.21.15.26:0/3518785568 <== mon.0 v2:172.21.15.26:3300/0 5 ==== osd_map(2..2 src has 1..2) v4 ==== 936+0+0 (secure 0 0 0) 0x7fa67004a2b0 con 0x7fa680076be0
2024-02-20T07:54:30.198 INFO:teuthology.orchestra.run.smithi026.stdout:/usr/bin/ceph: stderr
2024-02-20T07:54:29.383+0000 7fa67dd9b700 1 --2- 172.21.15.26:0/3518785568 >> [v2:172.21.15.26:6800/277719933,v1:172.21.15.26:6801/277719933] conn(0x7fa6680367e0 0x7fa668038c90 unknown :-1 s=BANNER_CONNECTING pgs=0 cs=0 l=1 rev1=0 crypto rx=0 tx=0 comp rx=0 tx=0)._handle_peer_banner_payload supported=3 required=0
2024-02-20T07:54:30.198 INFO:teuthology.orchestra.run.smithi026.stdout:/usr/bin/ceph: stderr
2024-02-20T07:54:29.383+0000 7fa67dd9b700 1 --2- 172.21.15.26:0/3518785568 >> [v2:172.21.15.26:6800/277719933,v1:172.21.15.26:6801/277719933] conn(0x7fa6680367e0 0x7fa668038c90 secure :-1 s=READY pgs=16 cs=0 l=1 rev1=1 crypto rx=0x7fa674009990 tx=0x7fa674006e40 comp rx=0 tx=0).ready entity=mgr.14118 client_cookie=0 server_cookie=0 in_seq=0 out_seq=0
2024-02-20T07:54:30.198 INFO:teuthology.orchestra.run.smithi026.stdout:/usr/bin/ceph: stderr
2024-02-20T07:54:29.387+0000 7fa66effd700 1 -- 172.21.15.26:0/3518785568 <== mon.0 v2:172.21.15.26:3300/0 6 ==== mon_command_ack([{"prefix": "get_command_descriptions"}]=0 v0) v1 ==== 72+0+175031 (secure 0 0 0) 0x7fa67002b8e0 con 0x7fa680076be0
2024-02-20T07:54:30.198 INFO:teuthology.orchestra.run.smithi026.stdout:/usr/bin/ceph: stderr
2024-02-20T07:54:29.601+0000 7fa684c6f700 1 -- 172.21.15.26:0/3518785568 --> [v2:172.21.15.26:6800/277719933,v1:172.21.15.26:6801/277719933] -- mgr_command(tid 0: {"prefix": "orch apply", "service_type": "grafana", "target": ["mon-mgr", ""]}) v1 -- 0x7fa680108b30 con 0x7fa6680367e0
2024-02-20T07:54:30.198 INFO:teuthology.orchestra.run.smithi026.stdout:/usr/bin/ceph: stderr
2024-02-20T07:54:29.605+0000 7fa66effd700 1 -- 172.21.15.26:0/3518785568 <== mgr.14118 v2:172.21.15.26:6800/277719933 1 ==== mgr_command_reply(tid 0: 0 ) v1 ==== 8+0+28 (secure 0 0 0) 0x7fa680108b30 con 0x7fa6680367e0
2024-02-20T07:54:30.198 INFO:teuthology.orchestra.run.smithi026.stdout:/usr/bin/ceph: stderr
2024-02-20T07:54:29.607+0000 7fa684c6f700 1 -- 172.21.15.26:0/3518785568 >> [v2:172.21.15.26:6800/277719933,v1:172.21.15.26:6801/277719933] conn(0x7fa6680367e0 msgr2=0x7fa668038c90 secure :-1 s=STATE_CONNECTION_ESTABLISHED l=1).mark_down
2024-02-20T07:54:30.198 INFO:teuthology.orchestra.run.smithi026.stdout:/usr/bin/ceph: stderr
2024-02-20T07:54:29.607+0000 7fa684c6f700 1 --2- 172.21.15.26:0/3518785568 >> [v2:172.21.15.26:6800/277719933,v1:172.21.15.26:6801/277719933] conn(0x7fa6680367e0 0x7fa668038c90 secure :-1 s=READY pgs=16 cs=0 l=1 rev1=1 crypto rx=0x7fa674009990 tx=0x7fa674006e40 comp rx=0 tx=0).stop
2024-02-20T07:54:30.198 INFO:teuthology.orchestra.run.smithi026.stdout:/usr/bin/ceph: stderr
2024-02-20T07:54:29.607+0000 7fa684c6f700 1 -- 172.21.15.26:0/3518785568 >> [v2:172.21.15.26:3300/0,v1:172.21.15.26:6789/0] conn(0x7fa680076be0 msgr2=0x7fa680113a70 secure :-1 s=STATE_CONNECTION_ESTABLISHED l=1).mark_down
2024-02-20T07:54:30.198 INFO:teuthology.orchestra.run.smithi026.stdout:/usr/bin/ceph: stderr
2024-02-20T07:54:29.607+0000 7fa684c6f700 1 --2- 172.21.15.26:0/3518785568 >> [v2:172.21.15.26:3300/0,v1:172.21.15.26:6789/0] conn(0x7fa680076be0 0x7fa680113a70 secure :-1 s=READY pgs=54 cs=0 l=1 rev1=1 crypto rx=0x7fa670003080 tx=0x7fa670009250 comp rx=0 tx=0).stop
2024-02-20T07:54:30.198 INFO:teuthology.orchestra.run.smithi026.stdout:/usr/bin/ceph: stderr
2024-02-20T07:54:29.607+0000 7fa684c6f700 1 -- 172.21.15.26:0/3518785568 shutdown_connections
2024-02-20T07:54:30.198 INFO:teuthology.orchestra.run.smithi026.stdout:/usr/bin/ceph: stderr
2024-02-20T07:54:29.607+0000 7fa684c6f700 1 --2- 172.21.15.26:0/3518785568 >> [v2:172.21.15.26:6800/277719933,v1:172.21.15.26:6801/277719933] conn(0x7fa6680367e0 0x7fa668038c90 unknown :-1 s=CLOSED pgs=16 cs=0 l=1 rev1=1 crypto rx=0 tx=0 comp rx=0 tx=0).stop
2024-02-20T07:54:30.198 INFO:teuthology.orchestra.run.smithi026.stdout:/usr/bin/ceph: stderr
2024-02-20T07:54:29.607+0000 7fa684c6f700 1 --2- 172.21.15.26:0/3518785568 >> [v2:172.21.15.26:3300/0,v1:172.21.15.26:6789/0] conn(0x7fa680076be0 0x7fa680113a70 unknown :-1 s=CLOSED pgs=54 cs=0 l=1 rev1=1 crypto rx=0 tx=0 comp rx=0 tx=0).stop
2024-02-20T07:54:30.199 INFO:teuthology.orchestra.run.smithi026.stdout:/usr/bin/ceph: stderr
2024-02-20T07:54:29.607+0000 7fa684c6f700 1 -- 172.21.15.26:0/3518785568 >> 172.21.15.26:0/3518785568 conn(0x7fa6800fcdd0 msgr2=0x7fa6800fdd80 unknown :-1 s=STATE_NONE l=0).mark_down
2024-02-20T07:54:30.199 INFO:teuthology.orchestra.run.smithi026.stdout:/usr/bin/ceph: stderr
2024-02-20T07:54:29.607+0000 7fa684c6f700 1 -- 172.21.15.26:0/3518785568 shutdown_connections
2024-02-20T07:54:30.199 INFO:teuthology.orchestra.run.smithi026.stdout:/usr/bin/ceph: stderr
2024-02-20T07:54:29.607+0000 7fa684c6f700 1 -- 172.21.15.26:0/3518785568 wait complete.
2024-02-20T07:54:30.199 INFO:teuthology.orchestra.run.smithi026.stdout:Deploying node-exporter service with default placement...
2024-02-20T07:54:30.549 INFO:journalctl@ceph.mon.smithi026.smithi026.stdout:Feb 20 07:54:30 smithi026 ceph-mon[29380]: from='client.14146 -' entity='client.admin' cmd=[{"prefix": "orch apply", "service_type": "prometheus", "target": ["mon-mgr", ""]}]: dispatch
2024-02-20T07:54:30.549 INFO:journalctl@ceph.mon.smithi026.smithi026.stdout:Feb 20 07:54:30 smithi026 ceph-mon[29380]: Saving service prometheus spec with placement count:1
2024-02-20T07:54:30.549 INFO:journalctl@ceph.mon.smithi026.smithi026.stdout:Feb 20 07:54:30 smithi026 ceph-mon[29380]: from='mgr.14118 172.21.15.26:0/474098004' entity='mgr.smithi026.aagpjy'
2024-02-20T07:54:31.445 INFO:journalctl@ceph.mon.smithi026.smithi026.stdout:Feb 20 07:54:31 smithi026 ceph-mon[29380]: from='client.14148 -' entity='client.admin' cmd=[{"prefix": "orch apply", "service_type": "grafana", "target": ["mon-mgr", ""]}]: dispatch
2024-02-20T07:54:31.445 INFO:journalctl@ceph.mon.smithi026.smithi026.stdout:Feb 20 07:54:31 smithi026 ceph-mon[29380]: Saving service grafana spec with placement count:1
2024-02-20T07:54:32.223 INFO:teuthology.orchestra.run.smithi026.stdout:/usr/bin/ceph: stdout Scheduled node-exporter update...
2024-02-20T07:54:32.223 INFO:teuthology.orchestra.run.smithi026.stdout:/usr/bin/ceph: stderr
2024-02-20T07:54:31.444+0000 7f39cd255700 1 Processor -- start
2024-02-20T07:54:32.223 INFO:teuthology.orchestra.run.smithi026.stdout:/usr/bin/ceph: stderr
2024-02-20T07:54:31.444+0000 7f39cd255700 1 -- start start
2024-02-20T07:54:32.223 INFO:teuthology.orchestra.run.smithi026.stdout:/usr/bin/ceph: stderr
2024-02-20T07:54:31.444+0000 7f39cd255700 1 --2- >> [v2:172.21.15.26:3300/0,v1:172.21.15.26:6789/0] conn(0x7f39c8102770 0x7f39c8102b80 unknown :-1 s=NONE pgs=0 cs=0 l=0 rev1=0 crypto rx=0 tx=0 comp rx=0 tx=0).connect
2024-02-20T07:54:32.223 INFO:teuthology.orchestra.run.smithi026.stdout:/usr/bin/ceph: stderr
2024-02-20T07:54:31.444+0000 7f39cd255700 1 -- --> [v2:172.21.15.26:3300/0,v1:172.21.15.26:6789/0] -- mon_getmap magic: 0 v1 -- 0x7f39c81030c0 con 0x7f39c8102770
2024-02-20T07:54:32.223 INFO:teuthology.orchestra.run.smithi026.stdout:/usr/bin/ceph: stderr
