2024-02-20T07:55:17.823 INFO:teuthology.orchestra.run.smithi027.stdout:/usr/bin/ceph: stderr
2024-02-20T07:55:16.951+0000 7f0e261c5700 1 -- 172.21.15.27:0/1603565130 learned_addr learned my addr 172.21.15.27:0/1603565130 (peer_addr_for_me v2:172.21.15.27:0/0)
2024-02-20T07:55:17.823 INFO:teuthology.orchestra.run.smithi027.stdout:/usr/bin/ceph: stderr
2024-02-20T07:55:16.952+0000 7f0e261c5700 1 -- 172.21.15.27:0/1603565130 --> [v2:172.21.15.27:3300/0,v1:172.21.15.27:6789/0] -- mon_subscribe({config=0+,monmap=0+}) v3 -- 0x7f0e201076c0 con 0x7f0e20104730
2024-02-20T07:55:17.823 INFO:teuthology.orchestra.run.smithi027.stdout:/usr/bin/ceph: stderr
2024-02-20T07:55:16.952+0000 7f0e261c5700 1 --2- 172.21.15.27:0/1603565130 >> [v2:172.21.15.27:3300/0,v1:172.21.15.27:6789/0] conn(0x7f0e20104730 0x7f0e20104b50 secure :-1 s=READY pgs=16 cs=0 l=1 rev1=1 crypto rx=0x7f0e1c0098a0 tx=0x7f0e1c009bb0 comp rx=0 tx=0).ready entity=mon.0 client_cookie=d79ac292045061d9 server_cookie=0 in_seq=0 out_seq=0
2024-02-20T07:55:17.823 INFO:teuthology.orchestra.run.smithi027.stdout:/usr/bin/ceph: stderr
2024-02-20T07:55:16.952+0000 7f0e251c3700 1 -- 172.21.15.27:0/1603565130 <== mon.0 v2:172.21.15.27:3300/0 1 ==== mon_map magic: 0 v1 ==== 229+0+0 (secure 0 0 0) 0x7f0e1c004180 con 0x7f0e20104730
2024-02-20T07:55:17.823 INFO:teuthology.orchestra.run.smithi027.stdout:/usr/bin/ceph: stderr
2024-02-20T07:55:16.952+0000 7f0e251c3700 1 -- 172.21.15.27:0/1603565130 <== mon.0 v2:172.21.15.27:3300/0 2 ==== config(27 keys) v1 ==== 1037+0+0 (secure 0 0 0) 0x7f0e1c0042e0 con 0x7f0e20104730
2024-02-20T07:55:17.823 INFO:teuthology.orchestra.run.smithi027.stdout:/usr/bin/ceph: stderr
2024-02-20T07:55:16.952+0000 7f0e251c3700 1 -- 172.21.15.27:0/1603565130 <== mon.0 v2:172.21.15.27:3300/0 3 ==== mon_map magic: 0 v1 ==== 229+0+0 (secure 0 0 0) 0x7f0e1c011a50 con 0x7f0e20104730
2024-02-20T07:55:17.823 INFO:teuthology.orchestra.run.smithi027.stdout:/usr/bin/ceph: stderr
2024-02-20T07:55:16.953+0000 7f0e28429700 1 -- 172.21.15.27:0/1603565130 >> [v2:172.21.15.27:3300/0,v1:172.21.15.27:6789/0] conn(0x7f0e20104730 msgr2=0x7f0e20104b50 secure :-1 s=STATE_CONNECTION_ESTABLISHED l=1).mark_down
2024-02-20T07:55:17.823 INFO:teuthology.orchestra.run.smithi027.stdout:/usr/bin/ceph: stderr
2024-02-20T07:55:16.953+0000 7f0e28429700 1 --2- 172.21.15.27:0/1603565130 >> [v2:172.21.15.27:3300/0,v1:172.21.15.27:6789/0] conn(0x7f0e20104730 0x7f0e20104b50 secure :-1 s=READY pgs=16 cs=0 l=1 rev1=1 crypto rx=0x7f0e1c0098a0 tx=0x7f0e1c009bb0 comp rx=0 tx=0).stop
2024-02-20T07:55:17.823 INFO:teuthology.orchestra.run.smithi027.stdout:/usr/bin/ceph: stderr
2024-02-20T07:55:16.953+0000 7f0e28429700 1 -- 172.21.15.27:0/1603565130 shutdown_connections
2024-02-20T07:55:17.823 INFO:teuthology.orchestra.run.smithi027.stdout:/usr/bin/ceph: stderr
2024-02-20T07:55:16.953+0000 7f0e28429700 1 --2- 172.21.15.27:0/1603565130 >> [v2:172.21.15.27:3300/0,v1:172.21.15.27:6789/0] conn(0x7f0e20104730 0x7f0e20104b50 unknown :-1 s=CLOSED pgs=16 cs=0 l=1 rev1=1 crypto rx=0 tx=0 comp rx=0 tx=0).stop
2024-02-20T07:55:17.823 INFO:teuthology.orchestra.run.smithi027.stdout:/usr/bin/ceph: stderr
2024-02-20T07:55:16.953+0000 7f0e28429700 1 -- 172.21.15.27:0/1603565130 >> 172.21.15.27:0/1603565130 conn(0x7f0e20100040 msgr2=0x7f0e201024a0 unknown :-1 s=STATE_NONE l=0).mark_down
2024-02-20T07:55:17.823 INFO:teuthology.orchestra.run.smithi027.stdout:/usr/bin/ceph: stderr
2024-02-20T07:55:16.953+0000 7f0e28429700 1 -- 172.21.15.27:0/1603565130 shutdown_connections
2024-02-20T07:55:17.824 INFO:teuthology.orchestra.run.smithi027.stdout:/usr/bin/ceph: stderr
2024-02-20T07:55:16.953+0000 7f0e28429700 1 -- 172.21.15.27:0/1603565130 wait complete.
2024-02-20T07:55:17.824 INFO:teuthology.orchestra.run.smithi027.stdout:/usr/bin/ceph: stderr
2024-02-20T07:55:16.953+0000 7f0e28429700 1 Processor -- start
2024-02-20T07:55:17.824 INFO:teuthology.orchestra.run.smithi027.stdout:/usr/bin/ceph: stderr
2024-02-20T07:55:16.953+0000 7f0e28429700 1 -- start start
2024-02-20T07:55:17.824 INFO:teuthology.orchestra.run.smithi027.stdout:/usr/bin/ceph: stderr
2024-02-20T07:55:16.954+0000 7f0e28429700 1 --2- >> [v2:172.21.15.27:3300/0,v1:172.21.15.27:6789/0] conn(0x7f0e20104730 0x7f0e20107020 unknown :-1 s=NONE pgs=0 cs=0 l=1 rev1=0 crypto rx=0 tx=0 comp rx=0 tx=0).connect
2024-02-20T07:55:17.824 INFO:teuthology.orchestra.run.smithi027.stdout:/usr/bin/ceph: stderr
2024-02-20T07:55:16.954+0000 7f0e28429700 1 -- --> [v2:172.21.15.27:3300/0,v1:172.21.15.27:6789/0] -- mon_getmap magic: 0 v1 -- 0x7f0e20107560 con 0x7f0e20104730
2024-02-20T07:55:17.824 INFO:teuthology.orchestra.run.smithi027.stdout:/usr/bin/ceph: stderr
2024-02-20T07:55:16.954+0000 7f0e261c5700 1 --2- >> [v2:172.21.15.27:3300/0,v1:172.21.15.27:6789/0] conn(0x7f0e20104730 0x7f0e20107020 unknown :-1 s=BANNER_CONNECTING pgs=0 cs=0 l=1 rev1=0 crypto rx=0 tx=0 comp rx=0 tx=0)._handle_peer_banner_payload supported=3 required=0
2024-02-20T07:55:17.824 INFO:teuthology.orchestra.run.smithi027.stdout:/usr/bin/ceph: stderr
2024-02-20T07:55:16.954+0000 7f0e261c5700 1 --2- >> [v2:172.21.15.27:3300/0,v1:172.21.15.27:6789/0] conn(0x7f0e20104730 0x7f0e20107020 unknown :-1 s=HELLO_CONNECTING pgs=0 cs=0 l=1 rev1=1 crypto rx=0 tx=0 comp rx=0 tx=0).handle_hello peer v2:172.21.15.27:3300/0 says I am v2:172.21.15.27:44124/0 (socket says 172.21.15.27:44124)
2024-02-20T07:55:17.824 INFO:teuthology.orchestra.run.smithi027.stdout:/usr/bin/ceph: stderr
2024-02-20T07:55:16.954+0000 7f0e261c5700 1 -- 172.21.15.27:0/3060450010 learned_addr learned my addr 172.21.15.27:0/3060450010 (peer_addr_for_me v2:172.21.15.27:0/0)
2024-02-20T07:55:17.824 INFO:teuthology.orchestra.run.smithi027.stdout:/usr/bin/ceph: stderr
2024-02-20T07:55:16.954+0000 7f0e261c5700 1 -- 172.21.15.27:0/3060450010 --> [v2:172.21.15.27:3300/0,v1:172.21.15.27:6789/0] -- mon_subscribe({config=0+,monmap=0+}) v3 -- 0x7f0e1c009550 con 0x7f0e20104730
2024-02-20T07:55:17.824 INFO:teuthology.orchestra.run.smithi027.stdout:/usr/bin/ceph: stderr
2024-02-20T07:55:16.954+0000 7f0e261c5700 1 --2- 172.21.15.27:0/3060450010 >> [v2:172.21.15.27:3300/0,v1:172.21.15.27:6789/0] conn(0x7f0e20104730 0x7f0e20107020 secure :-1 s=READY pgs=17 cs=0 l=1 rev1=1 crypto rx=0x7f0e1c003de0 tx=0x7f0e1c011ab0 comp rx=0 tx=0).ready entity=mon.0 client_cookie=0 server_cookie=0 in_seq=0 out_seq=0
2024-02-20T07:55:17.824 INFO:teuthology.orchestra.run.smithi027.stdout:/usr/bin/ceph: stderr
2024-02-20T07:55:16.954+0000 7f0e177fe700 1 -- 172.21.15.27:0/3060450010 <== mon.0 v2:172.21.15.27:3300/0 1 ==== mon_map magic: 0 v1 ==== 229+0+0 (secure 0 0 0) 0x7f0e1c003930 con 0x7f0e20104730
2024-02-20T07:55:17.824 INFO:teuthology.orchestra.run.smithi027.stdout:/usr/bin/ceph: stderr
2024-02-20T07:55:16.954+0000 7f0e177fe700 1 -- 172.21.15.27:0/3060450010 <== mon.0 v2:172.21.15.27:3300/0 2 ==== config(27 keys) v1 ==== 1037+0+0 (secure 0 0 0) 0x7f0e1c003a90 con 0x7f0e20104730
2024-02-20T07:55:17.824 INFO:teuthology.orchestra.run.smithi027.stdout:/usr/bin/ceph: stderr
2024-02-20T07:55:16.954+0000 7f0e28429700 1 -- 172.21.15.27:0/3060450010 --> [v2:172.21.15.27:3300/0,v1:172.21.15.27:6789/0] -- mon_subscribe({mgrmap=0+}) v3 -- 0x7f0e20105670 con 0x7f0e20104730
2024-02-20T07:55:17.824 INFO:teuthology.orchestra.run.smithi027.stdout:/usr/bin/ceph: stderr
2024-02-20T07:55:16.954+0000 7f0e177fe700 1 -- 172.21.15.27:0/3060450010 <== mon.0 v2:172.21.15.27:3300/0 3 ==== mon_map magic: 0 v1 ==== 229+0+0 (secure 0 0 0) 0x7f0e1c0196c0 con 0x7f0e20104730
2024-02-20T07:55:17.825 INFO:teuthology.orchestra.run.smithi027.stdout:/usr/bin/ceph: stderr
2024-02-20T07:55:16.954+0000 7f0e28429700 1 -- 172.21.15.27:0/3060450010 --> [v2:172.21.15.27:3300/0,v1:172.21.15.27:6789/0] -- mon_subscribe({osdmap=0}) v3 -- 0x7f0e20105b10 con 0x7f0e20104730
2024-02-20T07:55:17.825 INFO:teuthology.orchestra.run.smithi027.stdout:/usr/bin/ceph: stderr
2024-02-20T07:55:16.955+0000 7f0e177fe700 1 -- 172.21.15.27:0/3060450010 <== mon.0 v2:172.21.15.27:3300/0 4 ==== mgrmap(e 4) v1 ==== 45272+0+0 (secure 0 0 0) 0x7f0e1c019980 con 0x7f0e20104730
2024-02-20T07:55:17.825 INFO:teuthology.orchestra.run.smithi027.stdout:/usr/bin/ceph: stderr
2024-02-20T07:55:16.955+0000 7f0e177fe700 1 --2- 172.21.15.27:0/3060450010 >> [v2:172.21.15.27:6800/1630949693,v1:172.21.15.27:6801/1630949693] conn(0x7f0e0c0382d0 0x7f0e0c03a790 unknown :-1 s=NONE pgs=0 cs=0 l=1 rev1=0 crypto rx=0 tx=0 comp rx=0 tx=0).connect
2024-02-20T07:55:17.825 INFO:teuthology.orchestra.run.smithi027.stdout:/usr/bin/ceph: stderr
2024-02-20T07:55:16.956+0000 7f0e177fe700 1 -- 172.21.15.27:0/3060450010 <== mon.0 v2:172.21.15.27:3300/0 5 ==== osd_map(1..1 src has 1..1) v4 ==== 725+0+0 (secure 0 0 0) 0x7f0e1c04c170 con 0x7f0e20104730
2024-02-20T07:55:17.825 INFO:teuthology.orchestra.run.smithi027.stdout:/usr/bin/ceph: stderr
2024-02-20T07:55:16.955+0000 7f0e28429700 1 -- 172.21.15.27:0/3060450010 --> [v2:172.21.15.27:3300/0,v1:172.21.15.27:6789/0] -- mon_command({"prefix": "get_command_descriptions"} v 0) v1 -- 0x7f0e200623c0 con 0x7f0e20104730
2024-02-20T07:55:17.825 INFO:teuthology.orchestra.run.smithi027.stdout:/usr/bin/ceph: stderr
2024-02-20T07:55:16.956+0000 7f0e259c4700 1 --2- 172.21.15.27:0/3060450010 >> [v2:172.21.15.27:6800/1630949693,v1:172.21.15.27:6801/1630949693] conn(0x7f0e0c0382d0 0x7f0e0c03a790 unknown :-1 s=BANNER_CONNECTING pgs=0 cs=0 l=1 rev1=0 crypto rx=0 tx=0 comp rx=0 tx=0)._handle_peer_banner_payload supported=3 required=0
2024-02-20T07:55:17.825 INFO:teuthology.orchestra.run.smithi027.stdout:/usr/bin/ceph: stderr
2024-02-20T07:55:16.956+0000 7f0e259c4700 1 --2- 172.21.15.27:0/3060450010 >> [v2:172.21.15.27:6800/1630949693,v1:172.21.15.27:6801/1630949693] conn(0x7f0e0c0382d0 0x7f0e0c03a790 secure :-1 s=READY pgs=6 cs=0 l=1 rev1=1 crypto rx=0x7f0e10006fd0 tx=0x7f0e10006e40 comp rx=0 tx=0).ready entity=mgr.14100 client_cookie=0 server_cookie=0 in_seq=0 out_seq=0
2024-02-20T07:55:17.825 INFO:teuthology.orchestra.run.smithi027.stdout:/usr/bin/ceph: stderr
2024-02-20T07:55:16.961+0000 7f0e177fe700 1 -- 172.21.15.27:0/3060450010 <== mon.0 v2:172.21.15.27:3300/0 6 ==== mon_command_ack([{"prefix": "get_command_descriptions"}]=0 v0) v1 ==== 72+0+180422 (secure 0 0 0) 0x7f0e1c019c30 con 0x7f0e20104730
2024-02-20T07:55:17.825 INFO:teuthology.orchestra.run.smithi027.stdout:/usr/bin/ceph: stderr
2024-02-20T07:55:17.238+0000 7f0e28429700 1 -- 172.21.15.27:0/3060450010 --> [v2:172.21.15.27:3300/0,v1:172.21.15.27:6789/0] -- mon_command({"prefix": "status", "format": "json-pretty"} v 0) v1 -- 0x7f0e2010a8c0 con 0x7f0e20104730
2024-02-20T07:55:17.825 INFO:teuthology.orchestra.run.smithi027.stdout:/usr/bin/ceph: stderr
2024-02-20T07:55:17.239+0000 7f0e177fe700 1 -- 172.21.15.27:0/3060450010 <== mon.0 v2:172.21.15.27:3300/0 7 ==== mon_command_ack([{"prefix": "status", "format": "json-pretty"}]=0 v0) v1 ==== 79+0+1246 (secure 0 0 0) 0x7f0e1c010380 con 0x7f0e20104730
2024-02-20T07:55:17.826 INFO:teuthology.orchestra.run.smithi027.stdout:/usr/bin/ceph: stderr
2024-02-20T07:55:17.241+0000 7f0e28429700 1 -- 172.21.15.27:0/3060450010 >> [v2:172.21.15.27:6800/1630949693,v1:172.21.15.27:6801/1630949693] conn(0x7f0e0c0382d0 msgr2=0x7f0e0c03a790 secure :-1 s=STATE_CONNECTION_ESTABLISHED l=1).mark_down
2024-02-20T07:55:17.826 INFO:teuthology.orchestra.run.smithi027.stdout:/usr/bin/ceph: stderr
2024-02-20T07:55:17.241+0000 7f0e28429700 1 --2- 172.21.15.27:0/3060450010 >> [v2:172.21.15.27:6800/1630949693,v1:172.21.15.27:6801/1630949693] conn(0x7f0e0c0382d0 0x7f0e0c03a790 secure :-1 s=READY pgs=6 cs=0 l=1 rev1=1 crypto rx=0x7f0e10006fd0 tx=0x7f0e10006e40 comp rx=0 tx=0).stop
2024-02-20T07:55:17.826 INFO:teuthology.orchestra.run.smithi027.stdout:/usr/bin/ceph: stderr
2024-02-20T07:55:17.241+0000 7f0e28429700 1 -- 172.21.15.27:0/3060450010 >> [v2:172.21.15.27:3300/0,v1:172.21.15.27:6789/0] conn(0x7f0e20104730 msgr2=0x7f0e20107020 secure :-1 s=STATE_CONNECTION_ESTABLISHED l=1).mark_down
2024-02-20T07:55:17.826 INFO:teuthology.orchestra.run.smithi027.stdout:/usr/bin/ceph: stderr
2024-02-20T07:55:17.241+0000 7f0e28429700 1 --2- 172.21.15.27:0/3060450010 >> [v2:172.21.15.27:3300/0,v1:172.21.15.27:6789/0] conn(0x7f0e20104730 0x7f0e20107020 secure :-1 s=READY pgs=17 cs=0 l=1 rev1=1 crypto rx=0x7f0e1c003de0 tx=0x7f0e1c011ab0 comp rx=0 tx=0).stop
2024-02-20T07:55:17.826 INFO:teuthology.orchestra.run.smithi027.stdout:/usr/bin/ceph: stderr
2024-02-20T07:55:17.241+0000 7f0e28429700 1 -- 172.21.15.27:0/3060450010 shutdown_connections
2024-02-20T07:55:17.826 INFO:teuthology.orchestra.run.smithi027.stdout:/usr/bin/ceph: stderr
2024-02-20T07:55:17.241+0000 7f0e28429700 1 --2- 172.21.15.27:0/3060450010 >> [v2:172.21.15.27:6800/1630949693,v1:172.21.15.27:6801/1630949693] conn(0x7f0e0c0382d0 0x7f0e0c03a790 unknown :-1 s=CLOSED pgs=6 cs=0 l=1 rev1=1 crypto rx=0 tx=0 comp rx=0 tx=0).stop
2024-02-20T07:55:17.826 INFO:teuthology.orchestra.run.smithi027.stdout:/usr/bin/ceph: stderr
2024-02-20T07:55:17.241+0000 7f0e28429700 1 --2- 172.21.15.27:0/3060450010 >> [v2:172.21.15.27:3300/0,v1:172.21.15.27:6789/0] conn(0x7f0e20104730 0x7f0e20107020 unknown :-1 s=CLOSED pgs=17 cs=0 l=1 rev1=1 crypto rx=0 tx=0 comp rx=0 tx=0).stop
2024-02-20T07:55:17.826 INFO:teuthology.orchestra.run.smithi027.stdout:/usr/bin/ceph: stderr
2024-02-20T07:55:17.241+0000 7f0e28429700 1 -- 172.21.15.27:0/3060450010 >> 172.21.15.27:0/3060450010 conn(0x7f0e20100040 msgr2=0x7f0e20101730 unknown :-1 s=STATE_NONE l=0).mark_down
2024-02-20T07:55:17.826 INFO:teuthology.orchestra.run.smithi027.stdout:/usr/bin/ceph: stderr
2024-02-20T07:55:17.241+0000 7f0e28429700 1 -- 172.21.15.27:0/3060450010 shutdown_connections
2024-02-20T07:55:17.826 INFO:teuthology.orchestra.run.smithi027.stdout:/usr/bin/ceph: stderr
2024-02-20T07:55:17.241+0000 7f0e28429700 1 -- 172.21.15.27:0/3060450010 wait complete.
2024-02-20T07:55:17.827 INFO:teuthology.orchestra.run.smithi027.stdout:mgr is available
2024-02-20T07:55:18.764 INFO:journalctl@ceph.mon.smithi027.smithi027.stdout:Feb 20 07:55:18 smithi027 ceph-mon[28885]: from='client.? 172.21.15.27:0/1347451936' entity='client.admin' cmd=[{"prefix": "config assimilate-conf"}]: dispatch
2024-02-20T07:55:19.045 INFO:teuthology.orchestra.run.smithi027.stdout:/usr/bin/ceph: stdout
2024-02-20T07:55:19.045 INFO:teuthology.orchestra.run.smithi027.stdout:/usr/bin/ceph: stdout [global]
2024-02-20T07:55:19.045 INFO:teuthology.orchestra.run.smithi027.stdout:/usr/bin/ceph: stdout fsid = 32f4fbe8-cfc5-11ee-95bb-87774f69a715
2024-02-20T07:55:19.045 INFO:teuthology.orchestra.run.smithi027.stdout:/usr/bin/ceph: stdout mon_osd_allow_pg_remap = true
2024-02-20T07:55:19.045 INFO:teuthology.orchestra.run.smithi027.stdout:/usr/bin/ceph: stdout mon_osd_allow_primary_affinity = true
2024-02-20T07:55:19.045 INFO:teuthology.orchestra.run.smithi027.stdout:/usr/bin/ceph: stdout mon_warn_on_no_sortbitwise = false
2024-02-20T07:55:19.045 INFO:teuthology.orchestra.run.smithi027.stdout:/usr/bin/ceph: stdout osd_crush_chooseleaf_type = 0
2024-02-20T07:55:19.046 INFO:teuthology.orchestra.run.smithi027.stdout:/usr/bin/ceph: stdout
2024-02-20T07:55:19.046 INFO:teuthology.orchestra.run.smithi027.stdout:/usr/bin/ceph: stdout [mgr]
2024-02-20T07:55:19.046 INFO:teuthology.orchestra.run.smithi027.stdout:/usr/bin/ceph: stdout mgr/telemetry/nag = false
2024-02-20T07:55:19.046 INFO:teuthology.orchestra.run.smithi027.stdout:/usr/bin/ceph: stdout
2024-02-20T07:55:19.046 INFO:teuthology.orchestra.run.smithi027.stdout:/usr/bin/ceph: stdout [osd]
2024-02-20T07:55:19.046 INFO:teuthology.orchestra.run.smithi027.stdout:/usr/bin/ceph: stdout mon_osd_backfillfull_ratio = 0.85
2024-02-20T07:55:19.046 INFO:teuthology.orchestra.run.smithi027.stdout:/usr/bin/ceph: stdout mon_osd_full_ratio = 0.9
2024-02-20T07:55:19.046 INFO:teuthology.orchestra.run.smithi027.stdout:/usr/bin/ceph: stdout mon_osd_nearfull_ratio = 0.8
2024-02-20T07:55:19.046 INFO:teuthology.orchestra.run.smithi027.stdout:/usr/bin/ceph: stdout osd_map_max_advance = 10
2024-02-20T07:55:19.046 INFO:teuthology.orchestra.run.smithi027.stdout:/usr/bin/ceph: stdout osd_sloppy_crc = true
2024-02-20T07:55:19.046 INFO:teuthology.orchestra.run.smithi027.stdout:/usr/bin/ceph: stderr
2024-02-20T07:55:18.271+0000 7fa516ce8700 1 Processor -- start
2024-02-20T07:55:19.046 INFO:teuthology.orchestra.run.smithi027.stdout:/usr/bin/ceph: stderr
2024-02-20T07:55:18.271+0000 7fa516ce8700 1 -- start start
2024-02-20T07:55:19.046 INFO:teuthology.orchestra.run.smithi027.stdout:/usr/bin/ceph: stderr
2024-02-20T07:55:18.271+0000 7fa516ce8700 1 --2- >> [v2:172.21.15.27:3300/0,v1:172.21.15.27:6789/0] conn(0x7fa510104ca0 0x7fa5101050c0 unknown :-1 s=NONE pgs=0 cs=0 l=0 rev1=0 crypto rx=0 tx=0 comp rx=0 tx=0).connect
2024-02-20T07:55:19.046 INFO:teuthology.orchestra.run.smithi027.stdout:/usr/bin/ceph: stderr
2024-02-20T07:55:18.272+0000 7fa516ce8700 1 -- --> [v2:172.21.15.27:3300/0,v1:172.21.15.27:6789/0] -- mon_getmap magic: 0 v1 -- 0x7fa510074680 con 0x7fa510104ca0
2024-02-20T07:55:19.047 INFO:teuthology.orchestra.run.smithi027.stdout:/usr/bin/ceph: stderr
2024-02-20T07:55:18.272+0000 7fa514a84700 1 --2- >> [v2:172.21.15.27:3300/0,v1:172.21.15.27:6789/0] conn(0x7fa510104ca0 0x7fa5101050c0 unknown :-1 s=BANNER_CONNECTING pgs=0 cs=0 l=0 rev1=0 crypto rx=0 tx=0 comp rx=0 tx=0)._handle_peer_banner_payload supported=3 required=0
2024-02-20T07:55:19.047 INFO:teuthology.orchestra.run.smithi027.stdout:/usr/bin/ceph: stderr
2024-02-20T07:55:18.272+0000 7fa514a84700 1 --2- >> [v2:172.21.15.27:3300/0,v1:172.21.15.27:6789/0] conn(0x7fa510104ca0 0x7fa5101050c0 unknown :-1 s=HELLO_CONNECTING pgs=0 cs=0 l=0 rev1=1 crypto rx=0 tx=0 comp rx=0 tx=0).handle_hello peer v2:172.21.15.27:3300/0 says I am v2:172.21.15.27:44138/0 (socket says 172.21.15.27:44138)
2024-02-20T07:55:19.047 INFO:teuthology.orchestra.run.smithi027.stdout:/usr/bin/ceph: stderr
2024-02-20T07:55:18.272+0000 7fa514a84700 1 -- 172.21.15.27:0/896130995 learned_addr learned my addr 172.21.15.27:0/896130995 (peer_addr_for_me v2:172.21.15.27:0/0)
2024-02-20T07:55:19.047 INFO:teuthology.orchestra.run.smithi027.stdout:/usr/bin/ceph: stderr
2024-02-20T07:55:18.272+0000 7fa514a84700 1 -- 172.21.15.27:0/896130995 --> [v2:172.21.15.27:3300/0,v1:172.21.15.27:6789/0] -- mon_subscribe({config=0+,monmap=0+}) v3 -- 0x7fa510105600 con 0x7fa510104ca0
2024-02-20T07:55:19.047 INFO:teuthology.orchestra.run.smithi027.stdout:/usr/bin/ceph: stderr
2024-02-20T07:55:18.272+0000 7fa514a84700 1 --2- 172.21.15.27:0/896130995 >> [v2:172.21.15.27:3300/0,v1:172.21.15.27:6789/0] conn(0x7fa510104ca0 0x7fa5101050c0 secure :-1 s=READY pgs=18 cs=0 l=1 rev1=1 crypto rx=0x7fa5000098a0 tx=0x7fa500009bb0 comp rx=0 tx=0).ready entity=mon.0 client_cookie=3f60b46cce48b2d1 server_cookie=0 in_seq=0 out_seq=0
2024-02-20T07:55:19.047 INFO:teuthology.orchestra.run.smithi027.stdout:/usr/bin/ceph: stderr
2024-02-20T07:55:18.272+0000 7fa50f7fe700 1 -- 172.21.15.27:0/896130995 <== mon.0 v2:172.21.15.27:3300/0 1 ==== mon_map magic: 0 v1 ==== 229+0+0 (secure 0 0 0) 0x7fa500004180 con 0x7fa510104ca0
2024-02-20T07:55:19.047 INFO:teuthology.orchestra.run.smithi027.stdout:/usr/bin/ceph: stderr
2024-02-20T07:55:18.272+0000 7fa50f7fe700 1 -- 172.21.15.27:0/896130995 <== mon.0 v2:172.21.15.27:3300/0 2 ==== config(27 keys) v1 ==== 1037+0+0 (secure 0 0 0) 0x7fa5000042e0 con 0x7fa510104ca0
2024-02-20T07:55:19.047 INFO:teuthology.orchestra.run.smithi027.stdout:/usr/bin/ceph: stderr
2024-02-20T07:55:18.272+0000 7fa50f7fe700 1 -- 172.21.15.27:0/896130995 <== mon.0 v2:172.21.15.27:3300/0 3 ==== mon_map magic: 0 v1 ==== 229+0+0 (secure 0 0 0) 0x7fa500011a50 con 0x7fa510104ca0
2024-02-20T07:55:19.047 INFO:teuthology.orchestra.run.smithi027.stdout:/usr/bin/ceph: stderr
2024-02-20T07:55:18.273+0000 7fa516ce8700 1 -- 172.21.15.27:0/896130995 >> [v2:172.21.15.27:3300/0,v1:172.21.15.27:6789/0] conn(0x7fa510104ca0 msgr2=0x7fa5101050c0 secure :-1 s=STATE_CONNECTION_ESTABLISHED l=1).mark_down
2024-02-20T07:55:19.047 INFO:teuthology.orchestra.run.smithi027.stdout:/usr/bin/ceph: stderr
2024-02-20T07:55:18.273+0000 7fa516ce8700 1 --2- 172.21.15.27:0/896130995 >> [v2:172.21.15.27:3300/0,v1:172.21.15.27:6789/0] conn(0x7fa510104ca0 0x7fa5101050c0 secure :-1 s=READY pgs=18 cs=0 l=1 rev1=1 crypto rx=0x7fa5000098a0 tx=0x7fa500009bb0 comp rx=0 tx=0).stop
2024-02-20T07:55:19.047 INFO:teuthology.orchestra.run.smithi027.stdout:/usr/bin/ceph: stderr
2024-02-20T07:55:18.273+0000 7fa516ce8700 1 -- 172.21.15.27:0/896130995 shutdown_connections
2024-02-20T07:55:19.047 INFO:teuthology.orchestra.run.smithi027.stdout:/usr/bin/ceph: stderr
2024-02-20T07:55:18.273+0000 7fa516ce8700 1 --2- 172.21.15.27:0/896130995 >> [v2:172.21.15.27:3300/0,v1:172.21.15.27:6789/0] conn(0x7fa510104ca0 0x7fa5101050c0 unknown :-1 s=CLOSED pgs=18 cs=0 l=1 rev1=1 crypto rx=0 tx=0 comp rx=0 tx=0).stop
2024-02-20T07:55:19.047 INFO:teuthology.orchestra.run.smithi027.stdout:/usr/bin/ceph: stderr
2024-02-20T07:55:18.273+0000 7fa516ce8700 1 -- 172.21.15.27:0/896130995 >> 172.21.15.27:0/896130995 conn(0x7fa5101008c0 msgr2=0x7fa510102d20 unknown :-1 s=STATE_NONE l=0).mark_down
2024-02-20T07:55:19.048 INFO:teuthology.orchestra.run.smithi027.stdout:/usr/bin/ceph: stderr
2024-02-20T07:55:18.273+0000 7fa516ce8700 1 -- 172.21.15.27:0/896130995 shutdown_connections
2024-02-20T07:55:19.048 INFO:teuthology.orchestra.run.smithi027.stdout:/usr/bin/ceph: stderr
2024-02-20T07:55:18.273+0000 7fa516ce8700 1 -- 172.21.15.27:0/896130995 wait complete.
2024-02-20T07:55:19.048 INFO:teuthology.orchestra.run.smithi027.stdout:/usr/bin/ceph: stderr
2024-02-20T07:55:18.274+0000 7fa516ce8700 1 Processor -- start
2024-02-20T07:55:19.048 INFO:teuthology.orchestra.run.smithi027.stdout:/usr/bin/ceph: stderr
2024-02-20T07:55:18.274+0000 7fa516ce8700 1 -- start start
2024-02-20T07:55:19.048 INFO:teuthology.orchestra.run.smithi027.stdout:/usr/bin/ceph: stderr
2024-02-20T07:55:18.274+0000 7fa516ce8700 1 --2- >> [v2:172.21.15.27:3300/0,v1:172.21.15.27:6789/0] conn(0x7fa510104ca0 0x7fa51019c310 unknown :-1 s=NONE pgs=0 cs=0 l=1 rev1=0 crypto rx=0 tx=0 comp rx=0 tx=0).connect
2024-02-20T07:55:19.048 INFO:teuthology.orchestra.run.smithi027.stdout:/usr/bin/ceph: stderr
2024-02-20T07:55:18.274+0000 7fa516ce8700 1 -- --> [v2:172.21.15.27:3300/0,v1:172.21.15.27:6789/0] -- mon_getmap magic: 0 v1 -- 0x7fa51019c850 con 0x7fa510104ca0
2024-02-20T07:55:19.048 INFO:teuthology.orchestra.run.smithi027.stdout:/usr/bin/ceph: stderr
2024-02-20T07:55:18.274+0000 7fa514a84700 1 --2- >> [v2:172.21.15.27:3300/0,v1:172.21.15.27:6789/0] conn(0x7fa510104ca0 0x7fa51019c310 unknown :-1 s=BANNER_CONNECTING pgs=0 cs=0 l=1 rev1=0 crypto rx=0 tx=0 comp rx=0 tx=0)._handle_peer_banner_payload supported=3 required=0
2024-02-20T07:55:19.048 INFO:teuthology.orchestra.run.smithi027.stdout:/usr/bin/ceph: stderr
2024-02-20T07:55:18.274+0000 7fa514a84700 1 --2- >> [v2:172.21.15.27:3300/0,v1:172.21.15.27:6789/0] conn(0x7fa510104ca0 0x7fa51019c310 unknown :-1 s=HELLO_CONNECTING pgs=0 cs=0 l=1 rev1=1 crypto rx=0 tx=0 comp rx=0 tx=0).handle_hello peer v2:172.21.15.27:3300/0 says I am v2:172.21.15.27:44146/0 (socket says 172.21.15.27:44146)
2024-02-20T07:55:19.048 INFO:teuthology.orchestra.run.smithi027.stdout:/usr/bin/ceph: stderr
2024-02-20T07:55:18.274+0000 7fa514a84700 1 -- 172.21.15.27:0/1347451936 learned_addr learned my addr 172.21.15.27:0/1347451936 (peer_addr_for_me v2:172.21.15.27:0/0)
2024-02-20T07:55:19.048 INFO:teuthology.orchestra.run.smithi027.stdout:/usr/bin/ceph: stderr
2024-02-20T07:55:18.274+0000 7fa514a84700 1 -- 172.21.15.27:0/1347451936 --> [v2:172.21.15.27:3300/0,v1:172.21.15.27:6789/0] -- mon_subscribe({config=0+,monmap=0+}) v3 -- 0x7fa500009550 con 0x7fa510104ca0
2024-02-20T07:55:19.048 INFO:teuthology.orchestra.run.smithi027.stdout:/usr/bin/ceph: stderr
2024-02-20T07:55:18.274+0000 7fa514a84700 1 --2- 172.21.15.27:0/1347451936 >> [v2:172.21.15.27:3300/0,v1:172.21.15.27:6789/0] conn(0x7fa510104ca0 0x7fa51019c310 secure :-1 s=READY pgs=19 cs=0 l=1 rev1=1 crypto rx=0x7fa500003f80 tx=0x7fa500011ab0 comp rx=0 tx=0).ready entity=mon.0 client_cookie=0 server_cookie=0 in_seq=0 out_seq=0
2024-02-20T07:55:19.048 INFO:teuthology.orchestra.run.smithi027.stdout:/usr/bin/ceph: stderr
2024-02-20T07:55:18.275+0000 7fa50dffb700 1 -- 172.21.15.27:0/1347451936 <== mon.0 v2:172.21.15.27:3300/0 1 ==== mon_map magic: 0 v1 ==== 229+0+0 (secure 0 0 0) 0x7fa500003a80 con 0x7fa510104ca0
2024-02-20T07:55:19.048 INFO:teuthology.orchestra.run.smithi027.stdout:/usr/bin/ceph: stderr
2024-02-20T07:55:18.275+0000 7fa50dffb700 1 -- 172.21.15.27:0/1347451936 <== mon.0 v2:172.21.15.27:3300/0 2 ==== config(27 keys) v1 ==== 1037+0+0 (secure 0 0 0) 0x7fa500003be0 con 0x7fa510104ca0
2024-02-20T07:55:19.049 INFO:teuthology.orchestra.run.smithi027.stdout:/usr/bin/ceph: stderr
2024-02-20T07:55:18.275+0000 7fa516ce8700 1 -- 172.21.15.27:0/1347451936 --> [v2:172.21.15.27:3300/0,v1:172.21.15.27:6789/0] -- mon_subscribe({mgrmap=0+}) v3 -- 0x7fa51019ca50 con 0x7fa510104ca0
2024-02-20T07:55:19.049 INFO:teuthology.orchestra.run.smithi027.stdout:/usr/bin/ceph: stderr
2024-02-20T07:55:18.275+0000 7fa50dffb700 1 -- 172.21.15.27:0/1347451936 <== mon.0 v2:172.21.15.27:3300/0 3 ==== mon_map magic: 0 v1 ==== 229+0+0 (secure 0 0 0) 0x7fa500019820 con 0x7fa510104ca0
2024-02-20T07:55:19.049 INFO:teuthology.orchestra.run.smithi027.stdout:/usr/bin/ceph: stderr
2024-02-20T07:55:18.275+0000 7fa516ce8700 1 -- 172.21.15.27:0/1347451936 --> [v2:172.21.15.27:3300/0,v1:172.21.15.27:6789/0] -- mon_subscribe({osdmap=0}) v3 -- 0x7fa51019cef0 con 0x7fa510104ca0
2024-02-20T07:55:19.049 INFO:teuthology.orchestra.run.smithi027.stdout:/usr/bin/ceph: stderr
2024-02-20T07:55:18.276+0000 7fa50dffb700 1 -- 172.21.15.27:0/1347451936 <== mon.0 v2:172.21.15.27:3300/0 4 ==== mgrmap(e 4) v1 ==== 45272+0+0 (secure 0 0 0) 0x7fa500019aa0 con 0x7fa510104ca0
2024-02-20T07:55:19.049 INFO:teuthology.orchestra.run.smithi027.stdout:/usr/bin/ceph: stderr
2024-02-20T07:55:18.276+0000 7fa516ce8700 1 -- 172.21.15.27:0/1347451936 --> [v2:172.21.15.27:3300/0,v1:172.21.15.27:6789/0] -- mon_command({"prefix": "get_command_descriptions"} v 0) v1 -- 0x7fa510195bc0 con 0x7fa510104ca0
2024-02-20T07:55:19.049 INFO:teuthology.orchestra.run.smithi027.stdout:/usr/bin/ceph: stderr
2024-02-20T07:55:18.276+0000 7fa50dffb700 1 --2- 172.21.15.27:0/1347451936 >> [v2:172.21.15.27:6800/1630949693,v1:172.21.15.27:6801/1630949693] conn(0x7fa4fc038280 0x7fa4fc03a740 unknown :-1 s=NONE pgs=0 cs=0 l=1 rev1=0 crypto rx=0 tx=0 comp rx=0 tx=0).connect
2024-02-20T07:55:19.049 INFO:teuthology.orchestra.run.smithi027.stdout:/usr/bin/ceph: stderr
2024-02-20T07:55:18.276+0000 7fa50dffb700 1 -- 172.21.15.27:0/1347451936 <== mon.0 v2:172.21.15.27:3300/0 5 ==== osd_map(1..1 src has 1..1) v4 ==== 725+0+0 (secure 0 0 0) 0x7fa50004c580 con 0x7fa510104ca0
2024-02-20T07:55:19.049 INFO:teuthology.orchestra.run.smithi027.stdout:/usr/bin/ceph: stderr
2024-02-20T07:55:18.276+0000 7fa50ffff700 1 --2- 172.21.15.27:0/1347451936 >> [v2:172.21.15.27:6800/1630949693,v1:172.21.15.27:6801/1630949693] conn(0x7fa4fc038280 0x7fa4fc03a740 unknown :-1 s=BANNER_CONNECTING pgs=0 cs=0 l=1 rev1=0 crypto rx=0 tx=0 comp rx=0 tx=0)._handle_peer_banner_payload supported=3 required=0
2024-02-20T07:55:19.049 INFO:teuthology.orchestra.run.smithi027.stdout:/usr/bin/ceph: stderr
2024-02-20T07:55:18.277+0000 7fa50ffff700 1 --2- 172.21.15.27:0/1347451936 >> [v2:172.21.15.27:6800/1630949693,v1:172.21.15.27:6801/1630949693] conn(0x7fa4fc038280 0x7fa4fc03a740 secure :-1 s=READY pgs=7 cs=0 l=1 rev1=1 crypto rx=0x7fa4f8006fd0 tx=0x7fa4f8006e40 comp rx=0 tx=0).ready entity=mgr.14100 client_cookie=0 server_cookie=0 in_seq=0 out_seq=0
2024-02-20T07:55:19.049 INFO:teuthology.orchestra.run.smithi027.stdout:/usr/bin/ceph: stderr
2024-02-20T07:55:18.281+0000 7fa50dffb700 1 -- 172.21.15.27:0/1347451936 <== mon.0 v2:172.21.15.27:3300/0 6 ==== mon_command_ack([{"prefix": "get_command_descriptions"}]=0 v0) v1 ==== 72+0+180422 (secure 0 0 0) 0x7fa50002b750 con 0x7fa510104ca0
2024-02-20T07:55:19.049 INFO:teuthology.orchestra.run.smithi027.stdout:/usr/bin/ceph: stderr
2024-02-20T07:55:18.478+0000 7fa516ce8700 1 -- 172.21.15.27:0/1347451936 --> [v2:172.21.15.27:3300/0,v1:172.21.15.27:6789/0] -- mon_command({"prefix": "config assimilate-conf"} v 0) v1 -- 0x7fa51002cb00 con 0x7fa510104ca0
2024-02-20T07:55:19.049 INFO:teuthology.orchestra.run.smithi027.stdout:/usr/bin/ceph: stderr
2024-02-20T07:55:18.479+0000 7fa50dffb700 1 -- 172.21.15.27:0/1347451936 <== mon.0 v2:172.21.15.27:3300/0 7 ==== mon_command_ack([{"prefix": "config assimilate-conf"}]=0 v3) v1 ==== 70+0+373 (secure 0 0 0) 0x7fa5000172b0 con 0x7fa510104ca0
2024-02-20T07:55:19.049 INFO:teuthology.orchestra.run.smithi027.stdout:/usr/bin/ceph: stderr
2024-02-20T07:55:18.481+0000 7fa516ce8700 1 -- 172.21.15.27:0/1347451936 >> [v2:172.21.15.27:6800/1630949693,v1:172.21.15.27:6801/1630949693] conn(0x7fa4fc038280 msgr2=0x7fa4fc03a740 secure :-1 s=STATE_CONNECTION_ESTABLISHED l=1).mark_down
2024-02-20T07:55:19.049 INFO:teuthology.orchestra.run.smithi027.stdout:/usr/bin/ceph: stderr
2024-02-20T07:55:18.481+0000 7fa516ce8700 1 --2- 172.21.15.27:0/1347451936 >> [v2:172.21.15.27:6800/1630949693,v1:172.21.15.27:6801/1630949693] conn(0x7fa4fc038280 0x7fa4fc03a740 secure :-1 s=READY pgs=7 cs=0 l=1 rev1=1 crypto rx=0x7fa4f8006fd0 tx=0x7fa4f8006e40 comp rx=0 tx=0).stop
2024-02-20T07:55:19.050 INFO:teuthology.orchestra.run.smithi027.stdout:/usr/bin/ceph: stderr
2024-02-20T07:55:18.481+0000 7fa516ce8700 1 -- 172.21.15.27:0/1347451936 >> [v2:172.21.15.27:3300/0,v1:172.21.15.27:6789/0] conn(0x7fa510104ca0 msgr2=0x7fa51019c310 secure :-1 s=STATE_CONNECTION_ESTABLISHED l=1).mark_down
2024-02-20T07:55:19.050 INFO:teuthology.orchestra.run.smithi027.stdout:/usr/bin/ceph: stderr
2024-02-20T07:55:18.481+0000 7fa516ce8700 1 --2- 172.21.15.27:0/1347451936 >> [v2:172.21.15.27:3300/0,v1:172.21.15.27:6789/0] conn(0x7fa510104ca0 0x7fa51019c310 secure :-1 s=READY pgs=19 cs=0 l=1 rev1=1 crypto rx=0x7fa500003f80 tx=0x7fa500011ab0 comp rx=0 tx=0).stop
2024-02-20T07:55:19.050 INFO:teuthology.orchestra.run.smithi027.stdout:/usr/bin/ceph: stderr
2024-02-20T07:55:18.481+0000 7fa516ce8700 1 -- 172.21.15.27:0/1347451936 shutdown_connections
2024-02-20T07:55:19.050 INFO:teuthology.orchestra.run.smithi027.stdout:/usr/bin/ceph: stderr
2024-02-20T07:55:18.481+0000 7fa516ce8700 1 --2- 172.21.15.27:0/1347451936 >> [v2:172.21.15.27:6800/1630949693,v1:172.21.15.27:6801/1630949693] conn(0x7fa4fc038280 0x7fa4fc03a740 unknown :-1 s=CLOSED pgs=7 cs=0 l=1 rev1=1 crypto rx=0 tx=0 comp rx=0 tx=0).stop
2024-02-20T07:55:19.050 INFO:teuthology.orchestra.run.smithi027.stdout:/usr/bin/ceph: stderr
2024-02-20T07:55:18.481+0000 7fa516ce8700 1 --2- 172.21.15.27:0/1347451936 >> [v2:172.21.15.27:3300/0,v1:172.21.15.27:6789/0] conn(0x7fa510104ca0 0x7fa51019c310 unknown :-1 s=CLOSED pgs=19 cs=0 l=1 rev1=1 crypto rx=0 tx=0 comp rx=0 tx=0).stop
2024-02-20T07:55:19.050 INFO:teuthology.orchestra.run.smithi027.stdout:/usr/bin/ceph: stderr
2024-02-20T07:55:18.481+0000 7fa516ce8700 1 -- 172.21.15.27:0/1347451936 >> 172.21.15.27:0/1347451936 conn(0x7fa5101008c0 msgr2=0x7fa510190860 unknown :-1 s=STATE_NONE l=0).mark_down
2024-02-20T07:55:19.050 INFO:teuthology.orchestra.run.smithi027.stdout:/usr/bin/ceph: stderr
2024-02-20T07:55:18.481+0000 7fa516ce8700 1 -- 172.21.15.27:0/1347451936 shutdown_connections
2024-02-20T07:55:19.050 INFO:teuthology.orchestra.run.smithi027.stdout:/usr/bin/ceph: stderr
2024-02-20T07:55:18.482+0000 7fa516ce8700 1 -- 172.21.15.27:0/1347451936 wait complete.
2024-02-20T07:55:19.050 INFO:teuthology.orchestra.run.smithi027.stdout:Enabling cephadm module...
2024-02-20T07:55:20.014 INFO:journalctl@ceph.mon.smithi027.smithi027.stdout:Feb 20 07:55:19 smithi027 ceph-mon[28885]: from='client.? 172.21.15.27:0/2658686317' entity='client.admin' cmd=[{"prefix": "mgr module enable", "module": "cephadm"}]: dispatch
2024-02-20T07:55:20.866 INFO:journalctl@ceph.mon.smithi027.smithi027.stdout:Feb 20 07:55:20 smithi027 ceph-mon[28885]: from='client.? 172.21.15.27:0/2658686317' entity='client.admin' cmd='[{"prefix": "mgr module enable", "module": "cephadm"}]': finished
2024-02-20T07:55:20.866 INFO:journalctl@ceph.mon.smithi027.smithi027.stdout:Feb 20 07:55:20 smithi027 ceph-mon[28885]: mgrmap e5: smithi027.uruzqs(active, since 9s)
2024-02-20T07:55:20.874 INFO:teuthology.orchestra.run.smithi027.stdout:/usr/bin/ceph: stderr
2024-02-20T07:55:19.450+0000 7f47d6454700 1 Processor -- start
2024-02-20T07:55:20.874 INFO:teuthology.orchestra.run.smithi027.stdout:/usr/bin/ceph: stderr
2024-02-20T07:55:19.450+0000 7f47d6454700 1 -- start start
2024-02-20T07:55:20.874 INFO:teuthology.orchestra.run.smithi027.stdout:/usr/bin/ceph: stderr
2024-02-20T07:55:19.450+0000 7f47d6454700 1 --2- >> [v2:172.21.15.27:3300/0,v1:172.21.15.27:6789/0] conn(0x7f47d0106420 0x7f47d0106840 unknown :-1 s=NONE pgs=0 cs=0 l=0 rev1=0 crypto rx=0 tx=0 comp rx=0 tx=0).connect
2024-02-20T07:55:20.874 INFO:teuthology.orchestra.run.smithi027.stdout:/usr/bin/ceph: stderr
2024-02-20T07:55:19.450+0000 7f47d6454700 1 -- --> [v2:172.21.15.27:3300/0,v1:172.21.15.27:6789/0] -- mon_getmap magic: 0 v1 -- 0x7f47d0106e10 con 0x7f47d0106420
2024-02-20T07:55:20.874 INFO:teuthology.orchestra.run.smithi027.stdout:/usr/bin/ceph: stderr
2024-02-20T07:55:19.450+0000 7f47cffff700 1 --2- >> [v2:172.21.15.27:3300/0,v1:172.21.15.27:6789/0] conn(0x7f47d0106420 0x7f47d0106840 unknown :-1 s=BANNER_CONNECTING pgs=0 cs=0 l=0 rev1=0 crypto rx=0 tx=0 comp rx=0 tx=0)._handle_peer_banner_payload supported=3 required=0
2024-02-20T07:55:20.874 INFO:teuthology.orchestra.run.smithi027.stdout:/usr/bin/ceph: stderr
2024-02-20T07:55:19.450+0000 7f47cffff700 1 --2- >> [v2:172.21.15.27:3300/0,v1:172.21.15.27:6789/0] conn(0x7f47d0106420 0x7f47d0106840 unknown :-1 s=HELLO_CONNECTING pgs=0 cs=0 l=0 rev1=1 crypto rx=0 tx=0 comp rx=0 tx=0).handle_hello peer v2:172.21.15.27:3300/0 says I am v2:172.21.15.27:44148/0 (socket says 172.21.15.27:44148)
2024-02-20T07:55:20.874 INFO:teuthology.orchestra.run.smithi027.stdout:/usr/bin/ceph: stderr
2024-02-20T07:55:19.451+0000 7f47cffff700 1 -- 172.21.15.27:0/2105843855 learned_addr learned my addr 172.21.15.27:0/2105843855 (peer_addr_for_me v2:172.21.15.27:0/0)
2024-02-20T07:55:20.875 INFO:teuthology.orchestra.run.smithi027.stdout:/usr/bin/ceph: stderr
2024-02-20T07:55:19.451+0000 7f47cffff700 1 -- 172.21.15.27:0/2105843855 --> [v2:172.21.15.27:3300/0,v1:172.21.15.27:6789/0] -- mon_subscribe({config=0+,monmap=0+}) v3 -- 0x7f47d0107620 con 0x7f47d0106420
2024-02-20T07:55:20.875 INFO:teuthology.orchestra.run.smithi027.stdout:/usr/bin/ceph: stderr
2024-02-20T07:55:19.451+0000 7f47cffff700 1 --2- 172.21.15.27:0/2105843855 >> [v2:172.21.15.27:3300/0,v1:172.21.15.27:6789/0] conn(0x7f47d0106420 0x7f47d0106840 secure :-1 s=READY pgs=20 cs=0 l=1 rev1=1 crypto rx=0x7f47c00098a0 tx=0x7f47c0009bb0 comp rx=0 tx=0).ready entity=mon.0 client_cookie=5022f27b8c30a2ff server_cookie=0 in_seq=0 out_seq=0
2024-02-20T07:55:20.875 INFO:teuthology.orchestra.run.smithi027.stdout:/usr/bin/ceph: stderr
2024-02-20T07:55:19.451+0000 7f47ceffd700 1 -- 172.21.15.27:0/2105843855 <== mon.0 v2:172.21.15.27:3300/0 1 ==== mon_map magic: 0 v1 ==== 229+0+0 (secure 0 0 0) 0x7f47c0004180 con 0x7f47d0106420
2024-02-20T07:55:20.875 INFO:teuthology.orchestra.run.smithi027.stdout:/usr/bin/ceph: stderr
2024-02-20T07:55:19.451+0000 7f47ceffd700 1 -- 172.21.15.27:0/2105843855 <== mon.0 v2:172.21.15.27:3300/0 2 ==== config(27 keys) v1 ==== 1037+0+0 (secure 0 0 0) 0x7f47c00042e0 con 0x7f47d0106420
2024-02-20T07:55:20.875 INFO:teuthology.orchestra.run.smithi027.stdout:/usr/bin/ceph: stderr
2024-02-20T07:55:19.451+0000 7f47ceffd700 1 -- 172.21.15.27:0/2105843855 <== mon.0 v2:172.21.15.27:3300/0 3 ==== mon_map magic: 0 v1 ==== 229+0+0 (secure 0 0 0) 0x7f47c0011a50 con 0x7f47d0106420
2024-02-20T07:55:20.875 INFO:teuthology.orchestra.run.smithi027.stdout:/usr/bin/ceph: stderr
2024-02-20T07:55:19.452+0000 7f47d6454700 1 -- 172.21.15.27:0/2105843855 >> [v2:172.21.15.27:3300/0,v1:172.21.15.27:6789/0] conn(0x7f47d0106420 msgr2=0x7f47d0106840 secure :-1 s=STATE_CONNECTION_ESTABLISHED l=1).mark_down
2024-02-20T07:55:20.875 INFO:teuthology.orchestra.run.smithi027.stdout:/usr/bin/ceph: stderr
2024-02-20T07:55:19.452+0000 7f47d6454700 1 --2- 172.21.15.27:0/2105843855 >> [v2:172.21.15.27:3300/0,v1:172.21.15.27:6789/0] conn(0x7f47d0106420 0x7f47d0106840 secure :-1 s=READY pgs=20 cs=0 l=1 rev1=1 crypto rx=0x7f47c00098a0 tx=0x7f47c0009bb0 comp rx=0 tx=0).stop
2024-02-20T07:55:20.875 INFO:teuthology.orchestra.run.smithi027.stdout:/usr/bin/ceph: stderr
2024-02-20T07:55:19.452+0000 7f47d6454700 1 -- 172.21.15.27:0/2105843855 shutdown_connections
2024-02-20T07:55:20.875 INFO:teuthology.orchestra.run.smithi027.stdout:/usr/bin/ceph: stderr
2024-02-20T07:55:19.452+0000 7f47d6454700 1 --2- 172.21.15.27:0/2105843855 >> [v2:172.21.15.27:3300/0,v1:172.21.15.27:6789/0] conn(0x7f47d0106420 0x7f47d0106840 unknown :-1 s=CLOSED pgs=20 cs=0 l=1 rev1=1 crypto rx=0 tx=0 comp rx=0 tx=0).stop
2024-02-20T07:55:20.875 INFO:teuthology.orchestra.run.smithi027.stdout:/usr/bin/ceph: stderr
2024-02-20T07:55:19.452+0000 7f47d6454700 1 -- 172.21.15.27:0/2105843855 >> 172.21.15.27:0/2105843855 conn(0x7f47d0101a00 msgr2=0x7f47d0103e20 unknown :-1 s=STATE_NONE l=0).mark_down
2024-02-20T07:55:20.875 INFO:teuthology.orchestra.run.smithi027.stdout:/usr/bin/ceph: stderr
2024-02-20T07:55:19.452+0000 7f47d6454700 1 -- 172.21.15.27:0/2105843855 shutdown_connections
2024-02-20T07:55:20.875 INFO:teuthology.orchestra.run.smithi027.stdout:/usr/bin/ceph: stderr
2024-02-20T07:55:19.452+0000 7f47d6454700 1 -- 172.21.15.27:0/2105843855 wait complete.
2024-02-20T07:55:20.875 INFO:teuthology.orchestra.run.smithi027.stdout:/usr/bin/ceph: stderr
2024-02-20T07:55:19.452+0000 7f47d6454700 1 Processor -- start
2024-02-20T07:55:20.875 INFO:teuthology.orchestra.run.smithi027.stdout:/usr/bin/ceph: stderr
2024-02-20T07:55:19.453+0000 7f47d6454700 1 -- start start
2024-02-20T07:55:20.876 INFO:teuthology.orchestra.run.smithi027.stdout:/usr/bin/ceph: stderr
2024-02-20T07:55:19.453+0000 7f47d6454700 1 --2- >> [v2:172.21.15.27:3300/0,v1:172.21.15.27:6789/0] conn(0x7f47d0106420 0x7f47d019a0b0 unknown :-1 s=NONE pgs=0 cs=0 l=1 rev1=0 crypto rx=0 tx=0 comp rx=0 tx=0).connect
2024-02-20T07:55:20.876 INFO:teuthology.orchestra.run.smithi027.stdout:/usr/bin/ceph: stderr
2024-02-20T07:55:19.453+0000 7f47d6454700 1 -- --> [v2:172.21.15.27:3300/0,v1:172.21.15.27:6789/0] -- mon_getmap magic: 0 v1 -- 0x7f47d019a5f0 con 0x7f47d0106420
2024-02-20T07:55:20.876 INFO:teuthology.orchestra.run.smithi027.stdout:/usr/bin/ceph: stderr
2024-02-20T07:55:19.453+0000 7f47cffff700 1 --2- >> [v2:172.21.15.27:3300/0,v1:172.21.15.27:6789/0] conn(0x7f47d0106420 0x7f47d019a0b0 unknown :-1 s=BANNER_CONNECTING pgs=0 cs=0 l=1 rev1=0 crypto rx=0 tx=0 comp rx=0 tx=0)._handle_peer_banner_payload supported=3 required=0
2024-02-20T07:55:20.876 INFO:teuthology.orchestra.run.smithi027.stdout:/usr/bin/ceph: stderr
2024-02-20T07:55:19.453+0000 7f47cffff700 1 --2- >> [v2:172.21.15.27:3300/0,v1:172.21.15.27:6789/0] conn(0x7f47d0106420 0x7f47d019a0b0 unknown :-1 s=HELLO_CONNECTING pgs=0 cs=0 l=1 rev1=1 crypto rx=0 tx=0 comp rx=0 tx=0).handle_hello peer v2:172.21.15.27:3300/0 says I am v2:172.21.15.27:44158/0 (socket says 172.21.15.27:44158)
2024-02-20T07:55:20.876 INFO:teuthology.orchestra.run.smithi027.stdout:/usr/bin/ceph: stderr
2024-02-20T07:55:19.453+0000 7f47cffff700 1 -- 172.21.15.27:0/2658686317 learned_addr learned my addr 172.21.15.27:0/2658686317 (peer_addr_for_me v2:172.21.15.27:0/0)
2024-02-20T07:55:20.876 INFO:teuthology.orchestra.run.smithi027.stdout:/usr/bin/ceph: stderr
2024-02-20T07:55:19.453+0000 7f47cffff700 1 -- 172.21.15.27:0/2658686317 --> [v2:172.21.15.27:3300/0,v1:172.21.15.27:6789/0] -- mon_subscribe({config=0+,monmap=0+}) v3 -- 0x7f47c0009550 con 0x7f47d0106420
2024-02-20T07:55:20.876 INFO:teuthology.orchestra.run.smithi027.stdout:/usr/bin/ceph: stderr
2024-02-20T07:55:19.453+0000 7f47cffff700 1 --2- 172.21.15.27:0/2658686317 >> [v2:172.21.15.27:3300/0,v1:172.21.15.27:6789/0] conn(0x7f47d0106420 0x7f47d019a0b0 secure :-1 s=READY pgs=21 cs=0 l=1 rev1=1 crypto rx=0x7f47c0006af0 tx=0x7f47c0011a90 comp rx=0 tx=0).ready entity=mon.0 client_cookie=0 server_cookie=0 in_seq=0 out_seq=0
2024-02-20T07:55:20.876 INFO:teuthology.orchestra.run.smithi027.stdout:/usr/bin/ceph: stderr
2024-02-20T07:55:19.453+0000 7f47cd7fa700 1 -- 172.21.15.27:0/2658686317 <== mon.0 v2:172.21.15.27:3300/0 1 ==== mon_map magic: 0 v1 ==== 229+0+0 (secure 0 0 0) 0x7f47c0003b90 con 0x7f47d0106420
2024-02-20T07:55:20.876 INFO:teuthology.orchestra.run.smithi027.stdout:/usr/bin/ceph: stderr
2024-02-20T07:55:19.454+0000 7f47cd7fa700 1 -- 172.21.15.27:0/2658686317 <== mon.0 v2:172.21.15.27:3300/0 2 ==== config(27 keys) v1 ==== 1037+0+0 (secure 0 0 0) 0x7f47c001a8a0 con 0x7f47d0106420
2024-02-20T07:55:20.876 INFO:teuthology.orchestra.run.smithi027.stdout:/usr/bin/ceph: stderr
2024-02-20T07:55:19.454+0000 7f47cd7fa700 1 -- 172.21.15.27:0/2658686317 <== mon.0 v2:172.21.15.27:3300/0 3 ==== mon_map magic: 0 v1 ==== 229+0+0 (secure 0 0 0) 0x7f47c0019880 con 0x7f47d0106420
2024-02-20T07:55:20.876 INFO:teuthology.orchestra.run.smithi027.stdout:/usr/bin/ceph: stderr
2024-02-20T07:55:19.454+0000 7f47d6454700 1 -- 172.21.15.27:0/2658686317 --> [v2:172.21.15.27:3300/0,v1:172.21.15.27:6789/0] -- mon_subscribe({mgrmap=0+}) v3 -- 0x7f47d019a7f0 con 0x7f47d0106420
2024-02-20T07:55:20.876 INFO:teuthology.orchestra.run.smithi027.stdout:/usr/bin/ceph: stderr
2024-02-20T07:55:19.454+0000 7f47d6454700 1 -- 172.21.15.27:0/2658686317 --> [v2:172.21.15.27:3300/0,v1:172.21.15.27:6789/0] -- mon_subscribe({osdmap=0}) v3 -- 0x7f47d019ac90 con 0x7f47d0106420
2024-02-20T07:55:20.876 INFO:teuthology.orchestra.run.smithi027.stdout:/usr/bin/ceph: stderr
2024-02-20T07:55:19.454+0000 7f47cd7fa700 1 -- 172.21.15.27:0/2658686317 <== mon.0 v2:172.21.15.27:3300/0 4 ==== mgrmap(e 4) v1 ==== 45272+0+0 (secure 0 0 0) 0x7f47c001aa10 con 0x7f47d0106420
2024-02-20T07:55:20.876 INFO:teuthology.orchestra.run.smithi027.stdout:/usr/bin/ceph: stderr
2024-02-20T07:55:19.455+0000 7f47d6454700 1 -- 172.21.15.27:0/2658686317 --> [v2:172.21.15.27:3300/0,v1:172.21.15.27:6789/0] -- mon_command({"prefix": "get_command_descriptions"} v 0) v1 -- 0x7f47d00623c0 con 0x7f47d0106420
2024-02-20T07:55:20.877 INFO:teuthology.orchestra.run.smithi027.stdout:/usr/bin/ceph: stderr
2024-02-20T07:55:19.455+0000 7f47cd7fa700 1 --2- 172.21.15.27:0/2658686317 >> [v2:172.21.15.27:6800/1630949693,v1:172.21.15.27:6801/1630949693] conn(0x7f47b80382e0 0x7f47b803a7a0 unknown :-1 s=NONE pgs=0 cs=0 l=1 rev1=0 crypto rx=0 tx=0 comp rx=0 tx=0).connect
2024-02-20T07:55:20.877 INFO:teuthology.orchestra.run.smithi027.stdout:/usr/bin/ceph: stderr
2024-02-20T07:55:19.455+0000 7f47cd7fa700 1 -- 172.21.15.27:0/2658686317 <== mon.0 v2:172.21.15.27:3300/0 5 ==== osd_map(1..1 src has 1..1) v4 ==== 725+0+0 (secure 0 0 0) 0x7f47c004c620 con 0x7f47d0106420
2024-02-20T07:55:20.877 INFO:teuthology.orchestra.run.smithi027.stdout:/usr/bin/ceph: stderr
2024-02-20T07:55:19.455+0000 7f47cf7fe700 1 --2- 172.21.15.27:0/2658686317 >> [v2:172.21.15.27:6800/1630949693,v1:172.21.15.27:6801/1630949693] conn(0x7f47b80382e0 0x7f47b803a7a0 unknown :-1 s=BANNER_CONNECTING pgs=0 cs=0 l=1 rev1=0 crypto rx=0 tx=0 comp rx=0 tx=0)._handle_peer_banner_payload supported=3 required=0
2024-02-20T07:55:20.877 INFO:teuthology.orchestra.run.smithi027.stdout:/usr/bin/ceph: stderr
2024-02-20T07:55:19.455+0000 7f47cf7fe700 1 --2- 172.21.15.27:0/2658686317 >> [v2:172.21.15.27:6800/1630949693,v1:172.21.15.27:6801/1630949693] conn(0x7f47b80382e0 0x7f47b803a7a0 secure :-1 s=READY pgs=8 cs=0 l=1 rev1=1 crypto rx=0x7f47c4006fd0 tx=0x7f47c4006e40 comp rx=0 tx=0).ready entity=mgr.14100 client_cookie=0 server_cookie=0 in_seq=0 out_seq=0
2024-02-20T07:55:20.877 INFO:teuthology.orchestra.run.smithi027.stdout:/usr/bin/ceph: stderr
2024-02-20T07:55:19.459+0000 7f47cd7fa700 1 -- 172.21.15.27:0/2658686317 <== mon.0 v2:172.21.15.27:3300/0 6 ==== mon_command_ack([{"prefix": "get_command_descriptions"}]=0 v0) v1 ==== 72+0+180422 (secure 0 0 0) 0x7f47c001a430 con 0x7f47d0106420
2024-02-20T07:55:20.877 INFO:teuthology.orchestra.run.smithi027.stdout:/usr/bin/ceph: stderr
2024-02-20T07:55:19.712+0000 7f47d6454700 1 -- 172.21.15.27:0/2658686317 --> [v2:172.21.15.27:3300/0,v1:172.21.15.27:6789/0] -- mon_command({"prefix": "mgr module enable", "module": "cephadm"} v 0) v1 -- 0x7f47d010a820 con 0x7f47d0106420
2024-02-20T07:55:20.877 INFO:teuthology.orchestra.run.smithi027.stdout:/usr/bin/ceph: stderr
2024-02-20T07:55:19.765+0000 7f47cd7fa700 1 -- 172.21.15.27:0/2658686317 <== mon.0 v2:172.21.15.27:3300/0 7 ==== mgrmap(e 5) v1 ==== 45283+0+0 (secure 0 0 0) 0x7f47c000fda0 con 0x7f47d0106420
2024-02-20T07:55:20.877 INFO:teuthology.orchestra.run.smithi027.stdout:/usr/bin/ceph: stderr
2024-02-20T07:55:19.767+0000 7f47cd7fa700 1 -- 172.21.15.27:0/2658686317 <== mon.0 v2:172.21.15.27:3300/0 8 ==== mon_command_ack([{"prefix": "mgr module enable", "module": "cephadm"}]=0 v5) v1 ==== 86+0+0 (secure 0 0 0) 0x7f47c0018350 con 0x7f47d0106420
2024-02-20T07:55:20.877 INFO:teuthology.orchestra.run.smithi027.stdout:/usr/bin/ceph: stderr
2024-02-20T07:55:19.769+0000 7f47d6454700 1 -- 172.21.15.27:0/2658686317 >> [v2:172.21.15.27:6800/1630949693,v1:172.21.15.27:6801/1630949693] conn(0x7f47b80382e0 msgr2=0x7f47b803a7a0 secure :-1 s=STATE_CONNECTION_ESTABLISHED l=1).mark_down
2024-02-20T07:55:20.877 INFO:teuthology.orchestra.run.smithi027.stdout:/usr/bin/ceph: stderr
2024-02-20T07:55:19.769+0000 7f47d6454700 1 --2- 172.21.15.27:0/2658686317 >> [v2:172.21.15.27:6800/1630949693,v1:172.21.15.27:6801/1630949693] conn(0x7f47b80382e0 0x7f47b803a7a0 secure :-1 s=READY pgs=8 cs=0 l=1 rev1=1 crypto rx=0x7f47c4006fd0 tx=0x7f47c4006e40 comp rx=0 tx=0).stop
2024-02-20T07:55:20.877 INFO:teuthology.orchestra.run.smithi027.stdout:/usr/bin/ceph: stderr
2024-02-20T07:55:19.769+0000 7f47d6454700 1 -- 172.21.15.27:0/2658686317 >> [v2:172.21.15.27:3300/0,v1:172.21.15.27:6789/0] conn(0x7f47d0106420 msgr2=0x7f47d019a0b0 secure :-1 s=STATE_CONNECTION_ESTABLISHED l=1).mark_down
2024-02-20T07:55:20.877 INFO:teuthology.orchestra.run.smithi027.stdout:/usr/bin/ceph: stderr
2024-02-20T07:55:19.769+0000 7f47d6454700 1 --2- 172.21.15.27:0/2658686317 >> [v2:172.21.15.27:3300/0,v1:172.21.15.27:6789/0] conn(0x7f47d0106420 0x7f47d019a0b0 secure :-1 s=READY pgs=21 cs=0 l=1 rev1=1 crypto rx=0x7f47c0006af0 tx=0x7f47c0011a90 comp rx=0 tx=0).stop
2024-02-20T07:55:20.877 INFO:teuthology.orchestra.run.smithi027.stdout:/usr/bin/ceph: stderr
2024-02-20T07:55:19.769+0000 7f47d6454700 1 -- 172.21.15.27:0/2658686317 shutdown_connections
2024-02-20T07:55:20.877 INFO:teuthology.orchestra.run.smithi027.stdout:/usr/bin/ceph: stderr
2024-02-20T07:55:19.769+0000 7f47d6454700 1 --2- 172.21.15.27:0/2658686317 >> [v2:172.21.15.27:6800/1630949693,v1:172.21.15.27:6801/1630949693] conn(0x7f47b80382e0 0x7f47b803a7a0 unknown :-1 s=CLOSED pgs=8 cs=0 l=1 rev1=1 crypto rx=0 tx=0 comp rx=0 tx=0).stop
2024-02-20T07:55:20.878 INFO:teuthology.orchestra.run.smithi027.stdout:/usr/bin/ceph: stderr
2024-02-20T07:55:19.769+0000 7f47d6454700 1 --2- 172.21.15.27:0/2658686317 >> [v2:172.21.15.27:3300/0,v1:172.21.15.27:6789/0] conn(0x7f47d0106420 0x7f47d019a0b0 unknown :-1 s=CLOSED pgs=21 cs=0 l=1 rev1=1 crypto rx=0 tx=0 comp rx=0 tx=0).stop
2024-02-20T07:55:20.878 INFO:teuthology.orchestra.run.smithi027.stdout:/usr/bin/ceph: stderr
2024-02-20T07:55:19.769+0000 7f47d6454700 1 -- 172.21.15.27:0/2658686317 >> 172.21.15.27:0/2658686317 conn(0x7f47d0101a00 msgr2=0x7f47d01027b0 unknown :-1 s=STATE_NONE l=0).mark_down
2024-02-20T07:55:20.878 INFO:teuthology.orchestra.run.smithi027.stdout:/usr/bin/ceph: stderr
2024-02-20T07:55:19.769+0000 7f47d6454700 1 -- 172.21.15.27:0/2658686317 shutdown_connections
2024-02-20T07:55:20.878 INFO:teuthology.orchestra.run.smithi027.stdout:/usr/bin/ceph: stderr
2024-02-20T07:55:19.769+0000 7f47d6454700 1 -- 172.21.15.27:0/2658686317 wait complete.
2024-02-20T07:55:22.347 INFO:journalctl@ceph.mon.smithi027.smithi027.stdout:Feb 20 07:55:22 smithi027 ceph-mon[28885]: from='client.? 172.21.15.27:0/677802163' entity='client.admin' cmd=[{"prefix": "mgr stat"}]: dispatch
2024-02-20T07:55:22.355 INFO:teuthology.orchestra.run.smithi027.stdout:/usr/bin/ceph: stdout {
2024-02-20T07:55:22.355 INFO:teuthology.orchestra.run.smithi027.stdout:/usr/bin/ceph: stdout "epoch": 5,
2024-02-20T07:55:22.356 INFO:teuthology.orchestra.run.smithi027.stdout:/usr/bin/ceph: stdout "available": true,
2024-02-20T07:55:22.356 INFO:teuthology.orchestra.run.smithi027.stdout:/usr/bin/ceph: stdout "active_name": "smithi027.uruzqs",
2024-02-20T07:55:22.356 INFO:teuthology.orchestra.run.smithi027.stdout:/usr/bin/ceph: stdout "num_standby": 0
2024-02-20T07:55:22.356 INFO:teuthology.orchestra.run.smithi027.stdout:/usr/bin/ceph: stdout }
2024-02-20T07:55:22.356 INFO:teuthology.orchestra.run.smithi027.stdout:/usr/bin/ceph: stderr
2024-02-20T07:55:21.338+0000 7fb0e860f700 1 Processor -- start
2024-02-20T07:55:22.356 INFO:teuthology.orchestra.run.smithi027.stdout:/usr/bin/ceph: stderr
2024-02-20T07:55:21.338+0000 7fb0e860f700 1 -- start start
2024-02-20T07:55:22.356 INFO:teuthology.orchestra.run.smithi027.stdout:/usr/bin/ceph: stderr
2024-02-20T07:55:21.338+0000 7fb0e860f700 1 --2- >> [v2:172.21.15.27:3300/0,v1:172.21.15.27:6789/0] conn(0x7fb0e0106f60 0x7fb0e0109350 unknown :-1 s=NONE pgs=0 cs=0 l=0 rev1=0 crypto rx=0 tx=0 comp rx=0 tx=0).connect
2024-02-20T07:55:22.356 INFO:teuthology.orchestra.run.smithi027.stdout:/usr/bin/ceph: stderr
2024-02-20T07:55:21.338+0000 7fb0e860f700 1 -- --> [v2:172.21.15.27:3300/0,v1:172.21.15.27:6789/0] -- mon_getmap magic: 0 v1 -- 0x7fb0e0079e00 con 0x7fb0e0106f60
2024-02-20T07:55:22.356 INFO:teuthology.orchestra.run.smithi027.stdout:/usr/bin/ceph: stderr
