2024-02-20T07:55:44.592+0000 7efffdffb700 1 -- 172.21.15.27:0/1629550806 <== mon.0 v2:172.21.15.27:3300/0 1 ==== mon_map magic: 0 v1 ==== 229+0+0 (secure 0 0 0) 0x7efff4003a40 con 0x7f0000106f20
2024-02-20T07:55:45.541 INFO:teuthology.orchestra.run.smithi027.stdout:/usr/bin/ceph: stderr
2024-02-20T07:55:44.592+0000 7efffdffb700 1 -- 172.21.15.27:0/1629550806 <== mon.0 v2:172.21.15.27:3300/0 2 ==== config(27 keys) v1 ==== 1101+0+0 (secure 0 0 0) 0x7efff4003ba0 con 0x7f0000106f20
2024-02-20T07:55:45.541 INFO:teuthology.orchestra.run.smithi027.stdout:/usr/bin/ceph: stderr
2024-02-20T07:55:44.592+0000 7f0006ec1700 1 -- 172.21.15.27:0/1629550806 --> [v2:172.21.15.27:3300/0,v1:172.21.15.27:6789/0] -- mon_subscribe({mgrmap=0+}) v3 -- 0x7f000019a850 con 0x7f0000106f20
2024-02-20T07:55:45.541 INFO:teuthology.orchestra.run.smithi027.stdout:/usr/bin/ceph: stderr
2024-02-20T07:55:44.592+0000 7efffdffb700 1 -- 172.21.15.27:0/1629550806 <== mon.0 v2:172.21.15.27:3300/0 3 ==== mon_map magic: 0 v1 ==== 229+0+0 (secure 0 0 0) 0x7efff4024790 con 0x7f0000106f20
2024-02-20T07:55:45.541 INFO:teuthology.orchestra.run.smithi027.stdout:/usr/bin/ceph: stderr
2024-02-20T07:55:44.592+0000 7f0006ec1700 1 -- 172.21.15.27:0/1629550806 --> [v2:172.21.15.27:3300/0,v1:172.21.15.27:6789/0] -- mon_subscribe({osdmap=0}) v3 -- 0x7f000019acf0 con 0x7f0000106f20
2024-02-20T07:55:45.541 INFO:teuthology.orchestra.run.smithi027.stdout:/usr/bin/ceph: stderr
2024-02-20T07:55:44.593+0000 7efffdffb700 1 -- 172.21.15.27:0/1629550806 <== mon.0 v2:172.21.15.27:3300/0 4 ==== mgrmap(e 8) v1 ==== 45283+0+0 (secure 0 0 0) 0x7efff402d3f0 con 0x7f0000106f20
2024-02-20T07:55:45.541 INFO:teuthology.orchestra.run.smithi027.stdout:/usr/bin/ceph: stderr
2024-02-20T07:55:44.593+0000 7f0006ec1700 1 -- 172.21.15.27:0/1629550806 --> [v2:172.21.15.27:3300/0,v1:172.21.15.27:6789/0] -- mon_command({"prefix": "get_command_descriptions"} v 0) v1 -- 0x7f000010a5e0 con 0x7f0000106f20
2024-02-20T07:55:45.542 INFO:teuthology.orchestra.run.smithi027.stdout:/usr/bin/ceph: stderr
2024-02-20T07:55:44.593+0000 7efffdffb700 1 --2- 172.21.15.27:0/1629550806 >> [v2:172.21.15.27:6800/2896185293,v1:172.21.15.27:6801/2896185293] conn(0x7efff0038370 0x7efff003a830 unknown :-1 s=NONE pgs=0 cs=0 l=1 rev1=0 crypto rx=0 tx=0 comp rx=0 tx=0).connect
2024-02-20T07:55:45.542 INFO:teuthology.orchestra.run.smithi027.stdout:/usr/bin/ceph: stderr
2024-02-20T07:55:44.594+0000 7efffdffb700 1 -- 172.21.15.27:0/1629550806 <== mon.0 v2:172.21.15.27:3300/0 5 ==== osd_map(2..2 src has 1..2) v4 ==== 940+0+0 (secure 0 0 0) 0x7efff404c470 con 0x7f0000106f20
2024-02-20T07:55:45.542 INFO:teuthology.orchestra.run.smithi027.stdout:/usr/bin/ceph: stderr
2024-02-20T07:55:44.594+0000 7efffffff700 1 --2- 172.21.15.27:0/1629550806 >> [v2:172.21.15.27:6800/2896185293,v1:172.21.15.27:6801/2896185293] conn(0x7efff0038370 0x7efff003a830 unknown :-1 s=BANNER_CONNECTING pgs=0 cs=0 l=1 rev1=0 crypto rx=0 tx=0 comp rx=0 tx=0)._handle_peer_banner_payload supported=3 required=0
2024-02-20T07:55:45.542 INFO:teuthology.orchestra.run.smithi027.stdout:/usr/bin/ceph: stderr
2024-02-20T07:55:44.594+0000 7efffffff700 1 --2- 172.21.15.27:0/1629550806 >> [v2:172.21.15.27:6800/2896185293,v1:172.21.15.27:6801/2896185293] conn(0x7efff0038370 0x7efff003a830 secure :-1 s=READY pgs=16 cs=0 l=1 rev1=1 crypto rx=0x7effec006fd0 tx=0x7effec006e40 comp rx=0 tx=0).ready entity=mgr.14118 client_cookie=0 server_cookie=0 in_seq=0 out_seq=0
2024-02-20T07:55:45.542 INFO:teuthology.orchestra.run.smithi027.stdout:/usr/bin/ceph: stderr
2024-02-20T07:55:44.598+0000 7efffdffb700 1 -- 172.21.15.27:0/1629550806 <== mon.0 v2:172.21.15.27:3300/0 6 ==== mon_command_ack([{"prefix": "get_command_descriptions"}]=0 v0) v1 ==== 72+0+180422 (secure 0 0 0) 0x7efff4010970 con 0x7f0000106f20
2024-02-20T07:55:45.542 INFO:teuthology.orchestra.run.smithi027.stdout:/usr/bin/ceph: stderr
2024-02-20T07:55:44.821+0000 7f0006ec1700 1 -- 172.21.15.27:0/1629550806 --> [v2:172.21.15.27:6800/2896185293,v1:172.21.15.27:6801/2896185293] -- mgr_command(tid 0: {"prefix": "orch apply", "service_type": "prometheus", "target": ["mon-mgr", ""]}) v1 -- 0x7f0000101db0 con 0x7efff0038370
2024-02-20T07:55:45.542 INFO:teuthology.orchestra.run.smithi027.stdout:/usr/bin/ceph: stderr
2024-02-20T07:55:44.826+0000 7efffdffb700 1 -- 172.21.15.27:0/1629550806 <== mgr.14118 v2:172.21.15.27:6800/2896185293 1 ==== mgr_command_reply(tid 0: 0 ) v1 ==== 8+0+31 (secure 0 0 0) 0x7f0000101db0 con 0x7efff0038370
2024-02-20T07:55:45.542 INFO:teuthology.orchestra.run.smithi027.stdout:/usr/bin/ceph: stderr
2024-02-20T07:55:44.828+0000 7f0006ec1700 1 -- 172.21.15.27:0/1629550806 >> [v2:172.21.15.27:6800/2896185293,v1:172.21.15.27:6801/2896185293] conn(0x7efff0038370 msgr2=0x7efff003a830 secure :-1 s=STATE_CONNECTION_ESTABLISHED l=1).mark_down
2024-02-20T07:55:45.543 INFO:teuthology.orchestra.run.smithi027.stdout:/usr/bin/ceph: stderr
2024-02-20T07:55:44.828+0000 7f0006ec1700 1 --2- 172.21.15.27:0/1629550806 >> [v2:172.21.15.27:6800/2896185293,v1:172.21.15.27:6801/2896185293] conn(0x7efff0038370 0x7efff003a830 secure :-1 s=READY pgs=16 cs=0 l=1 rev1=1 crypto rx=0x7effec006fd0 tx=0x7effec006e40 comp rx=0 tx=0).stop
2024-02-20T07:55:45.543 INFO:teuthology.orchestra.run.smithi027.stdout:/usr/bin/ceph: stderr
2024-02-20T07:55:44.828+0000 7f0006ec1700 1 -- 172.21.15.27:0/1629550806 >> [v2:172.21.15.27:3300/0,v1:172.21.15.27:6789/0] conn(0x7f0000106f20 msgr2=0x7f000019a110 secure :-1 s=STATE_CONNECTION_ESTABLISHED l=1).mark_down
2024-02-20T07:55:45.543 INFO:teuthology.orchestra.run.smithi027.stdout:/usr/bin/ceph: stderr
2024-02-20T07:55:44.828+0000 7f0006ec1700 1 --2- 172.21.15.27:0/1629550806 >> [v2:172.21.15.27:3300/0,v1:172.21.15.27:6789/0] conn(0x7f0000106f20 0x7f000019a110 secure :-1 s=READY pgs=54 cs=0 l=1 rev1=1 crypto rx=0x7efff4011670 tx=0x7efff4011b50 comp rx=0 tx=0).stop
2024-02-20T07:55:45.543 INFO:teuthology.orchestra.run.smithi027.stdout:/usr/bin/ceph: stderr
2024-02-20T07:55:44.828+0000 7f0006ec1700 1 -- 172.21.15.27:0/1629550806 shutdown_connections
2024-02-20T07:55:45.543 INFO:teuthology.orchestra.run.smithi027.stdout:/usr/bin/ceph: stderr
2024-02-20T07:55:44.828+0000 7f0006ec1700 1 --2- 172.21.15.27:0/1629550806 >> [v2:172.21.15.27:6800/2896185293,v1:172.21.15.27:6801/2896185293] conn(0x7efff0038370 0x7efff003a830 unknown :-1 s=CLOSED pgs=16 cs=0 l=1 rev1=1 crypto rx=0 tx=0 comp rx=0 tx=0).stop
2024-02-20T07:55:45.543 INFO:teuthology.orchestra.run.smithi027.stdout:/usr/bin/ceph: stderr
2024-02-20T07:55:44.828+0000 7f0006ec1700 1 --2- 172.21.15.27:0/1629550806 >> [v2:172.21.15.27:3300/0,v1:172.21.15.27:6789/0] conn(0x7f0000106f20 0x7f000019a110 unknown :-1 s=CLOSED pgs=54 cs=0 l=1 rev1=1 crypto rx=0 tx=0 comp rx=0 tx=0).stop
2024-02-20T07:55:45.543 INFO:teuthology.orchestra.run.smithi027.stdout:/usr/bin/ceph: stderr
2024-02-20T07:55:44.828+0000 7f0006ec1700 1 -- 172.21.15.27:0/1629550806 >> 172.21.15.27:0/1629550806 conn(0x7f00001008d0 msgr2=0x7f00001016a0 unknown :-1 s=STATE_NONE l=0).mark_down
2024-02-20T07:55:45.543 INFO:teuthology.orchestra.run.smithi027.stdout:/usr/bin/ceph: stderr
2024-02-20T07:55:44.828+0000 7f0006ec1700 1 -- 172.21.15.27:0/1629550806 shutdown_connections
2024-02-20T07:55:45.543 INFO:teuthology.orchestra.run.smithi027.stdout:/usr/bin/ceph: stderr
2024-02-20T07:55:44.828+0000 7f0006ec1700 1 -- 172.21.15.27:0/1629550806 wait complete.
2024-02-20T07:55:45.543 INFO:teuthology.orchestra.run.smithi027.stdout:Deploying grafana service with default placement...
2024-02-20T07:55:46.077 INFO:journalctl@ceph.mon.smithi027.smithi027.stdout:Feb 20 07:55:45 smithi027 ceph-mon[28885]: from='client.14148 -' entity='client.admin' cmd=[{"prefix": "orch apply", "service_type": "prometheus", "target": ["mon-mgr", ""]}]: dispatch
2024-02-20T07:55:46.077 INFO:journalctl@ceph.mon.smithi027.smithi027.stdout:Feb 20 07:55:45 smithi027 ceph-mon[28885]: Saving service prometheus spec with placement count:1
2024-02-20T07:55:46.077 INFO:journalctl@ceph.mon.smithi027.smithi027.stdout:Feb 20 07:55:45 smithi027 ceph-mon[28885]: from='mgr.14118 172.21.15.27:0/4113830482' entity='mgr.smithi027.uruzqs'
2024-02-20T07:55:47.643 INFO:teuthology.orchestra.run.smithi027.stdout:/usr/bin/ceph: stdout Scheduled grafana update...
2024-02-20T07:55:47.643 INFO:teuthology.orchestra.run.smithi027.stdout:/usr/bin/ceph: stderr
2024-02-20T07:55:46.741+0000 7f618b6b8700 1 Processor -- start
2024-02-20T07:55:47.643 INFO:teuthology.orchestra.run.smithi027.stdout:/usr/bin/ceph: stderr
2024-02-20T07:55:46.742+0000 7f618b6b8700 1 -- start start
2024-02-20T07:55:47.643 INFO:teuthology.orchestra.run.smithi027.stdout:/usr/bin/ceph: stderr
2024-02-20T07:55:46.742+0000 7f618b6b8700 1 --2- >> [v2:172.21.15.27:3300/0,v1:172.21.15.27:6789/0] conn(0x7f6184106ec0 0x7f61841092b0 unknown :-1 s=NONE pgs=0 cs=0 l=0 rev1=0 crypto rx=0 tx=0 comp rx=0 tx=0).connect
2024-02-20T07:55:47.643 INFO:teuthology.orchestra.run.smithi027.stdout:/usr/bin/ceph: stderr
2024-02-20T07:55:46.742+0000 7f618b6b8700 1 -- --> [v2:172.21.15.27:3300/0,v1:172.21.15.27:6789/0] -- mon_getmap magic: 0 v1 -- 0x7f6184079ec0 con 0x7f6184106ec0
2024-02-20T07:55:47.643 INFO:teuthology.orchestra.run.smithi027.stdout:/usr/bin/ceph: stderr
2024-02-20T07:55:46.742+0000 7f6189454700 1 --2- >> [v2:172.21.15.27:3300/0,v1:172.21.15.27:6789/0] conn(0x7f6184106ec0 0x7f61841092b0 unknown :-1 s=BANNER_CONNECTING pgs=0 cs=0 l=0 rev1=0 crypto rx=0 tx=0 comp rx=0 tx=0)._handle_peer_banner_payload supported=3 required=0
2024-02-20T07:55:47.643 INFO:teuthology.orchestra.run.smithi027.stdout:/usr/bin/ceph: stderr
2024-02-20T07:55:46.742+0000 7f6189454700 1 --2- >> [v2:172.21.15.27:3300/0,v1:172.21.15.27:6789/0] conn(0x7f6184106ec0 0x7f61841092b0 unknown :-1 s=HELLO_CONNECTING pgs=0 cs=0 l=0 rev1=1 crypto rx=0 tx=0 comp rx=0 tx=0).handle_hello peer v2:172.21.15.27:3300/0 says I am v2:172.21.15.27:40616/0 (socket says 172.21.15.27:40616)
2024-02-20T07:55:47.643 INFO:teuthology.orchestra.run.smithi027.stdout:/usr/bin/ceph: stderr
2024-02-20T07:55:46.742+0000 7f6189454700 1 -- 172.21.15.27:0/2893438782 learned_addr learned my addr 172.21.15.27:0/2893438782 (peer_addr_for_me v2:172.21.15.27:0/0)
2024-02-20T07:55:47.644 INFO:teuthology.orchestra.run.smithi027.stdout:/usr/bin/ceph: stderr
2024-02-20T07:55:46.742+0000 7f6189454700 1 -- 172.21.15.27:0/2893438782 --> [v2:172.21.15.27:3300/0,v1:172.21.15.27:6789/0] -- mon_subscribe({config=0+,monmap=0+}) v3 -- 0x7f61841097f0 con 0x7f6184106ec0
2024-02-20T07:55:47.644 INFO:teuthology.orchestra.run.smithi027.stdout:/usr/bin/ceph: stderr
2024-02-20T07:55:46.743+0000 7f6189454700 1 --2- 172.21.15.27:0/2893438782 >> [v2:172.21.15.27:3300/0,v1:172.21.15.27:6789/0] conn(0x7f6184106ec0 0x7f61841092b0 secure :-1 s=READY pgs=55 cs=0 l=1 rev1=1 crypto rx=0x7f61800098a0 tx=0x7f6180009bb0 comp rx=0 tx=0).ready entity=mon.0 client_cookie=3bc4f4ed904515c2 server_cookie=0 in_seq=0 out_seq=0
2024-02-20T07:55:47.644 INFO:teuthology.orchestra.run.smithi027.stdout:/usr/bin/ceph: stderr
2024-02-20T07:55:46.743+0000 7f617bfff700 1 -- 172.21.15.27:0/2893438782 <== mon.0 v2:172.21.15.27:3300/0 1 ==== mon_map magic: 0 v1 ==== 229+0+0 (secure 0 0 0) 0x7f6180004180 con 0x7f6184106ec0
2024-02-20T07:55:47.644 INFO:teuthology.orchestra.run.smithi027.stdout:/usr/bin/ceph: stderr
2024-02-20T07:55:46.743+0000 7f617bfff700 1 -- 172.21.15.27:0/2893438782 <== mon.0 v2:172.21.15.27:3300/0 2 ==== config(27 keys) v1 ==== 1101+0+0 (secure 0 0 0) 0x7f61800042e0 con 0x7f6184106ec0
2024-02-20T07:55:47.644 INFO:teuthology.orchestra.run.smithi027.stdout:/usr/bin/ceph: stderr
2024-02-20T07:55:46.743+0000 7f617bfff700 1 -- 172.21.15.27:0/2893438782 <== mon.0 v2:172.21.15.27:3300/0 3 ==== mon_map magic: 0 v1 ==== 229+0+0 (secure 0 0 0) 0x7f6180011af0 con 0x7f6184106ec0
2024-02-20T07:55:47.644 INFO:teuthology.orchestra.run.smithi027.stdout:/usr/bin/ceph: stderr
2024-02-20T07:55:46.744+0000 7f618b6b8700 1 -- 172.21.15.27:0/2893438782 >> [v2:172.21.15.27:3300/0,v1:172.21.15.27:6789/0] conn(0x7f6184106ec0 msgr2=0x7f61841092b0 secure :-1 s=STATE_CONNECTION_ESTABLISHED l=1).mark_down
2024-02-20T07:55:47.644 INFO:teuthology.orchestra.run.smithi027.stdout:/usr/bin/ceph: stderr
2024-02-20T07:55:46.744+0000 7f618b6b8700 1 --2- 172.21.15.27:0/2893438782 >> [v2:172.21.15.27:3300/0,v1:172.21.15.27:6789/0] conn(0x7f6184106ec0 0x7f61841092b0 secure :-1 s=READY pgs=55 cs=0 l=1 rev1=1 crypto rx=0x7f61800098a0 tx=0x7f6180009bb0 comp rx=0 tx=0).stop
2024-02-20T07:55:47.644 INFO:teuthology.orchestra.run.smithi027.stdout:/usr/bin/ceph: stderr
2024-02-20T07:55:46.744+0000 7f618b6b8700 1 -- 172.21.15.27:0/2893438782 shutdown_connections
2024-02-20T07:55:47.644 INFO:teuthology.orchestra.run.smithi027.stdout:/usr/bin/ceph: stderr
2024-02-20T07:55:46.744+0000 7f618b6b8700 1 --2- 172.21.15.27:0/2893438782 >> [v2:172.21.15.27:3300/0,v1:172.21.15.27:6789/0] conn(0x7f6184106ec0 0x7f61841092b0 unknown :-1 s=CLOSED pgs=55 cs=0 l=1 rev1=1 crypto rx=0 tx=0 comp rx=0 tx=0).stop
2024-02-20T07:55:47.644 INFO:teuthology.orchestra.run.smithi027.stdout:/usr/bin/ceph: stderr
2024-02-20T07:55:46.744+0000 7f618b6b8700 1 -- 172.21.15.27:0/2893438782 >> 172.21.15.27:0/2893438782 conn(0x7f61841008d0 msgr2=0x7f6184102d30 unknown :-1 s=STATE_NONE l=0).mark_down
2024-02-20T07:55:47.644 INFO:teuthology.orchestra.run.smithi027.stdout:/usr/bin/ceph: stderr
2024-02-20T07:55:46.744+0000 7f618b6b8700 1 -- 172.21.15.27:0/2893438782 shutdown_connections
2024-02-20T07:55:47.644 INFO:teuthology.orchestra.run.smithi027.stdout:/usr/bin/ceph: stderr
2024-02-20T07:55:46.744+0000 7f618b6b8700 1 -- 172.21.15.27:0/2893438782 wait complete.
2024-02-20T07:55:47.644 INFO:teuthology.orchestra.run.smithi027.stdout:/usr/bin/ceph: stderr
2024-02-20T07:55:46.745+0000 7f618b6b8700 1 Processor -- start
2024-02-20T07:55:47.644 INFO:teuthology.orchestra.run.smithi027.stdout:/usr/bin/ceph: stderr
2024-02-20T07:55:46.745+0000 7f618b6b8700 1 -- start start
2024-02-20T07:55:47.644 INFO:teuthology.orchestra.run.smithi027.stdout:/usr/bin/ceph: stderr
2024-02-20T07:55:46.745+0000 7f618b6b8700 1 --2- >> [v2:172.21.15.27:3300/0,v1:172.21.15.27:6789/0] conn(0x7f6184106ec0 0x7f618419a110 unknown :-1 s=NONE pgs=0 cs=0 l=1 rev1=0 crypto rx=0 tx=0 comp rx=0 tx=0).connect
2024-02-20T07:55:47.645 INFO:teuthology.orchestra.run.smithi027.stdout:/usr/bin/ceph: stderr
2024-02-20T07:55:46.745+0000 7f618b6b8700 1 -- --> [v2:172.21.15.27:3300/0,v1:172.21.15.27:6789/0] -- mon_getmap magic: 0 v1 -- 0x7f618419a650 con 0x7f6184106ec0
2024-02-20T07:55:47.645 INFO:teuthology.orchestra.run.smithi027.stdout:/usr/bin/ceph: stderr
2024-02-20T07:55:46.745+0000 7f6189454700 1 --2- >> [v2:172.21.15.27:3300/0,v1:172.21.15.27:6789/0] conn(0x7f6184106ec0 0x7f618419a110 unknown :-1 s=BANNER_CONNECTING pgs=0 cs=0 l=1 rev1=0 crypto rx=0 tx=0 comp rx=0 tx=0)._handle_peer_banner_payload supported=3 required=0
2024-02-20T07:55:47.645 INFO:teuthology.orchestra.run.smithi027.stdout:/usr/bin/ceph: stderr
2024-02-20T07:55:46.745+0000 7f6189454700 1 --2- >> [v2:172.21.15.27:3300/0,v1:172.21.15.27:6789/0] conn(0x7f6184106ec0 0x7f618419a110 unknown :-1 s=HELLO_CONNECTING pgs=0 cs=0 l=1 rev1=1 crypto rx=0 tx=0 comp rx=0 tx=0).handle_hello peer v2:172.21.15.27:3300/0 says I am v2:172.21.15.27:40622/0 (socket says 172.21.15.27:40622)
2024-02-20T07:55:47.645 INFO:teuthology.orchestra.run.smithi027.stdout:/usr/bin/ceph: stderr
2024-02-20T07:55:46.745+0000 7f6189454700 1 -- 172.21.15.27:0/1269340167 learned_addr learned my addr 172.21.15.27:0/1269340167 (peer_addr_for_me v2:172.21.15.27:0/0)
2024-02-20T07:55:47.645 INFO:teuthology.orchestra.run.smithi027.stdout:/usr/bin/ceph: stderr
2024-02-20T07:55:46.745+0000 7f6189454700 1 -- 172.21.15.27:0/1269340167 --> [v2:172.21.15.27:3300/0,v1:172.21.15.27:6789/0] -- mon_subscribe({config=0+,monmap=0+}) v3 -- 0x7f6180009550 con 0x7f6184106ec0
2024-02-20T07:55:47.645 INFO:teuthology.orchestra.run.smithi027.stdout:/usr/bin/ceph: stderr
2024-02-20T07:55:46.746+0000 7f6189454700 1 --2- 172.21.15.27:0/1269340167 >> [v2:172.21.15.27:3300/0,v1:172.21.15.27:6789/0] conn(0x7f6184106ec0 0x7f618419a110 secure :-1 s=READY pgs=56 cs=0 l=1 rev1=1 crypto rx=0x7f6180011670 tx=0x7f6180011aa0 comp rx=0 tx=0).ready entity=mon.0 client_cookie=0 server_cookie=0 in_seq=0 out_seq=0
2024-02-20T07:55:47.645 INFO:teuthology.orchestra.run.smithi027.stdout:/usr/bin/ceph: stderr
2024-02-20T07:55:46.746+0000 7f617a7fc700 1 -- 172.21.15.27:0/1269340167 <== mon.0 v2:172.21.15.27:3300/0 1 ==== mon_map magic: 0 v1 ==== 229+0+0 (secure 0 0 0) 0x7f6180003a40 con 0x7f6184106ec0
2024-02-20T07:55:47.645 INFO:teuthology.orchestra.run.smithi027.stdout:/usr/bin/ceph: stderr
2024-02-20T07:55:46.746+0000 7f618b6b8700 1 -- 172.21.15.27:0/1269340167 --> [v2:172.21.15.27:3300/0,v1:172.21.15.27:6789/0] -- mon_subscribe({mgrmap=0+}) v3 -- 0x7f618419a850 con 0x7f6184106ec0
2024-02-20T07:55:47.645 INFO:teuthology.orchestra.run.smithi027.stdout:/usr/bin/ceph: stderr
2024-02-20T07:55:46.746+0000 7f617a7fc700 1 -- 172.21.15.27:0/1269340167 <== mon.0 v2:172.21.15.27:3300/0 2 ==== config(27 keys) v1 ==== 1101+0+0 (secure 0 0 0) 0x7f6180003ba0 con 0x7f6184106ec0
2024-02-20T07:55:47.645 INFO:teuthology.orchestra.run.smithi027.stdout:/usr/bin/ceph: stderr
2024-02-20T07:55:46.746+0000 7f617a7fc700 1 -- 172.21.15.27:0/1269340167 <== mon.0 v2:172.21.15.27:3300/0 3 ==== mon_map magic: 0 v1 ==== 229+0+0 (secure 0 0 0) 0x7f6180024820 con 0x7f6184106ec0
2024-02-20T07:55:47.645 INFO:teuthology.orchestra.run.smithi027.stdout:/usr/bin/ceph: stderr
2024-02-20T07:55:46.746+0000 7f618b6b8700 1 -- 172.21.15.27:0/1269340167 --> [v2:172.21.15.27:3300/0,v1:172.21.15.27:6789/0] -- mon_subscribe({osdmap=0}) v3 -- 0x7f618419acf0 con 0x7f6184106ec0
2024-02-20T07:55:47.645 INFO:teuthology.orchestra.run.smithi027.stdout:/usr/bin/ceph: stderr
2024-02-20T07:55:46.747+0000 7f617a7fc700 1 -- 172.21.15.27:0/1269340167 <== mon.0 v2:172.21.15.27:3300/0 4 ==== mgrmap(e 8) v1 ==== 45283+0+0 (secure 0 0 0) 0x7f6180024a90 con 0x7f6184106ec0
2024-02-20T07:55:47.645 INFO:teuthology.orchestra.run.smithi027.stdout:/usr/bin/ceph: stderr
2024-02-20T07:55:46.747+0000 7f618b6b8700 1 -- 172.21.15.27:0/1269340167 --> [v2:172.21.15.27:3300/0,v1:172.21.15.27:6789/0] -- mon_command({"prefix": "get_command_descriptions"} v 0) v1 -- 0x7f618410a5e0 con 0x7f6184106ec0
2024-02-20T07:55:47.645 INFO:teuthology.orchestra.run.smithi027.stdout:/usr/bin/ceph: stderr
2024-02-20T07:55:46.747+0000 7f617a7fc700 1 --2- 172.21.15.27:0/1269340167 >> [v2:172.21.15.27:6800/2896185293,v1:172.21.15.27:6801/2896185293] conn(0x7f6170038330 0x7f617003a7f0 unknown :-1 s=NONE pgs=0 cs=0 l=1 rev1=0 crypto rx=0 tx=0 comp rx=0 tx=0).connect
2024-02-20T07:55:47.646 INFO:teuthology.orchestra.run.smithi027.stdout:/usr/bin/ceph: stderr
2024-02-20T07:55:46.747+0000 7f617a7fc700 1 -- 172.21.15.27:0/1269340167 <== mon.0 v2:172.21.15.27:3300/0 5 ==== osd_map(2..2 src has 1..2) v4 ==== 940+0+0 (secure 0 0 0) 0x7f618004c430 con 0x7f6184106ec0
2024-02-20T07:55:47.646 INFO:teuthology.orchestra.run.smithi027.stdout:/usr/bin/ceph: stderr
2024-02-20T07:55:46.747+0000 7f6188c53700 1 --2- 172.21.15.27:0/1269340167 >> [v2:172.21.15.27:6800/2896185293,v1:172.21.15.27:6801/2896185293] conn(0x7f6170038330 0x7f617003a7f0 unknown :-1 s=BANNER_CONNECTING pgs=0 cs=0 l=1 rev1=0 crypto rx=0 tx=0 comp rx=0 tx=0)._handle_peer_banner_payload supported=3 required=0
2024-02-20T07:55:47.646 INFO:teuthology.orchestra.run.smithi027.stdout:/usr/bin/ceph: stderr
2024-02-20T07:55:46.748+0000 7f6188c53700 1 --2- 172.21.15.27:0/1269340167 >> [v2:172.21.15.27:6800/2896185293,v1:172.21.15.27:6801/2896185293] conn(0x7f6170038330 0x7f617003a7f0 secure :-1 s=READY pgs=17 cs=0 l=1 rev1=1 crypto rx=0x7f6174006fd0 tx=0x7f6174006e40 comp rx=0 tx=0).ready entity=mgr.14118 client_cookie=0 server_cookie=0 in_seq=0 out_seq=0
2024-02-20T07:55:47.646 INFO:teuthology.orchestra.run.smithi027.stdout:/usr/bin/ceph: stderr
2024-02-20T07:55:46.752+0000 7f617a7fc700 1 -- 172.21.15.27:0/1269340167 <== mon.0 v2:172.21.15.27:3300/0 6 ==== mon_command_ack([{"prefix": "get_command_descriptions"}]=0 v0) v1 ==== 72+0+180422 (secure 0 0 0) 0x7f6180024d40 con 0x7f6184106ec0
2024-02-20T07:55:47.646 INFO:teuthology.orchestra.run.smithi027.stdout:/usr/bin/ceph: stderr
2024-02-20T07:55:46.964+0000 7f618b6b8700 1 -- 172.21.15.27:0/1269340167 --> [v2:172.21.15.27:6800/2896185293,v1:172.21.15.27:6801/2896185293] -- mgr_command(tid 0: {"prefix": "orch apply", "service_type": "grafana", "target": ["mon-mgr", ""]}) v1 -- 0x7f6184101db0 con 0x7f6170038330
2024-02-20T07:55:47.646 INFO:teuthology.orchestra.run.smithi027.stdout:/usr/bin/ceph: stderr
2024-02-20T07:55:46.970+0000 7f617a7fc700 1 -- 172.21.15.27:0/1269340167 <== mgr.14118 v2:172.21.15.27:6800/2896185293 1 ==== mgr_command_reply(tid 0: 0 ) v1 ==== 8+0+28 (secure 0 0 0) 0x7f6184101db0 con 0x7f6170038330
2024-02-20T07:55:47.646 INFO:teuthology.orchestra.run.smithi027.stdout:/usr/bin/ceph: stderr
2024-02-20T07:55:46.972+0000 7f618b6b8700 1 -- 172.21.15.27:0/1269340167 >> [v2:172.21.15.27:6800/2896185293,v1:172.21.15.27:6801/2896185293] conn(0x7f6170038330 msgr2=0x7f617003a7f0 secure :-1 s=STATE_CONNECTION_ESTABLISHED l=1).mark_down
2024-02-20T07:55:47.646 INFO:teuthology.orchestra.run.smithi027.stdout:/usr/bin/ceph: stderr
2024-02-20T07:55:46.972+0000 7f618b6b8700 1 --2- 172.21.15.27:0/1269340167 >> [v2:172.21.15.27:6800/2896185293,v1:172.21.15.27:6801/2896185293] conn(0x7f6170038330 0x7f617003a7f0 secure :-1 s=READY pgs=17 cs=0 l=1 rev1=1 crypto rx=0x7f6174006fd0 tx=0x7f6174006e40 comp rx=0 tx=0).stop
2024-02-20T07:55:47.646 INFO:teuthology.orchestra.run.smithi027.stdout:/usr/bin/ceph: stderr
2024-02-20T07:55:46.972+0000 7f618b6b8700 1 -- 172.21.15.27:0/1269340167 >> [v2:172.21.15.27:3300/0,v1:172.21.15.27:6789/0] conn(0x7f6184106ec0 msgr2=0x7f618419a110 secure :-1 s=STATE_CONNECTION_ESTABLISHED l=1).mark_down
2024-02-20T07:55:47.646 INFO:teuthology.orchestra.run.smithi027.stdout:/usr/bin/ceph: stderr
2024-02-20T07:55:46.972+0000 7f618b6b8700 1 --2- 172.21.15.27:0/1269340167 >> [v2:172.21.15.27:3300/0,v1:172.21.15.27:6789/0] conn(0x7f6184106ec0 0x7f618419a110 secure :-1 s=READY pgs=56 cs=0 l=1 rev1=1 crypto rx=0x7f6180011670 tx=0x7f6180011aa0 comp rx=0 tx=0).stop
2024-02-20T07:55:47.646 INFO:teuthology.orchestra.run.smithi027.stdout:/usr/bin/ceph: stderr
2024-02-20T07:55:46.972+0000 7f618b6b8700 1 -- 172.21.15.27:0/1269340167 shutdown_connections
2024-02-20T07:55:47.646 INFO:teuthology.orchestra.run.smithi027.stdout:/usr/bin/ceph: stderr
2024-02-20T07:55:46.972+0000 7f618b6b8700 1 --2- 172.21.15.27:0/1269340167 >> [v2:172.21.15.27:6800/2896185293,v1:172.21.15.27:6801/2896185293] conn(0x7f6170038330 0x7f617003a7f0 unknown :-1 s=CLOSED pgs=17 cs=0 l=1 rev1=1 crypto rx=0 tx=0 comp rx=0 tx=0).stop
2024-02-20T07:55:47.646 INFO:teuthology.orchestra.run.smithi027.stdout:/usr/bin/ceph: stderr
2024-02-20T07:55:46.972+0000 7f618b6b8700 1 --2- 172.21.15.27:0/1269340167 >> [v2:172.21.15.27:3300/0,v1:172.21.15.27:6789/0] conn(0x7f6184106ec0 0x7f618419a110 unknown :-1 s=CLOSED pgs=56 cs=0 l=1 rev1=1 crypto rx=0 tx=0 comp rx=0 tx=0).stop
2024-02-20T07:55:47.646 INFO:teuthology.orchestra.run.smithi027.stdout:/usr/bin/ceph: stderr
2024-02-20T07:55:46.972+0000 7f618b6b8700 1 -- 172.21.15.27:0/1269340167 >> 172.21.15.27:0/1269340167 conn(0x7f61841008d0 msgr2=0x7f61841016a0 unknown :-1 s=STATE_NONE l=0).mark_down
2024-02-20T07:55:47.647 INFO:teuthology.orchestra.run.smithi027.stdout:/usr/bin/ceph: stderr
2024-02-20T07:55:46.972+0000 7f618b6b8700 1 -- 172.21.15.27:0/1269340167 shutdown_connections
2024-02-20T07:55:47.647 INFO:teuthology.orchestra.run.smithi027.stdout:/usr/bin/ceph: stderr
2024-02-20T07:55:46.972+0000 7f618b6b8700 1 -- 172.21.15.27:0/1269340167 wait complete.
2024-02-20T07:55:47.647 INFO:teuthology.orchestra.run.smithi027.stdout:Deploying node-exporter service with default placement...
2024-02-20T07:55:47.885 INFO:journalctl@ceph.mon.smithi027.smithi027.stdout:Feb 20 07:55:47 smithi027 ceph-mon[28885]: pgmap v3: 0 pgs: ; 0 B data, 0 B used, 0 B / 0 B avail
2024-02-20T07:55:47.886 INFO:journalctl@ceph.mon.smithi027.smithi027.stdout:Feb 20 07:55:47 smithi027 ceph-mon[28885]: from='mgr.14118 172.21.15.27:0/4113830482' entity='mgr.smithi027.uruzqs'
2024-02-20T07:55:48.841 INFO:journalctl@ceph.mon.smithi027.smithi027.stdout:Feb 20 07:55:48 smithi027 ceph-mon[28885]: from='client.14150 -' entity='client.admin' cmd=[{"prefix": "orch apply", "service_type": "grafana", "target": ["mon-mgr", ""]}]: dispatch
2024-02-20T07:55:48.841 INFO:journalctl@ceph.mon.smithi027.smithi027.stdout:Feb 20 07:55:48 smithi027 ceph-mon[28885]: Saving service grafana spec with placement count:1
2024-02-20T07:55:48.841 INFO:journalctl@ceph.mon.smithi027.smithi027.stdout:Feb 20 07:55:48 smithi027 ceph-mon[28885]: from='mgr.14118 172.21.15.27:0/4113830482' entity='mgr.smithi027.uruzqs'
2024-02-20T07:55:48.849 INFO:teuthology.orchestra.run.smithi027.stdout:/usr/bin/ceph: stdout Scheduled node-exporter update...
2024-02-20T07:55:48.849 INFO:teuthology.orchestra.run.smithi027.stdout:/usr/bin/ceph: stderr
2024-02-20T07:55:48.065+0000 7fd1d6bb4700 1 Processor -- start
2024-02-20T07:55:48.849 INFO:teuthology.orchestra.run.smithi027.stdout:/usr/bin/ceph: stderr
2024-02-20T07:55:48.065+0000 7fd1d6bb4700 1 -- start start
2024-02-20T07:55:48.849 INFO:teuthology.orchestra.run.smithi027.stdout:/usr/bin/ceph: stderr
2024-02-20T07:55:48.065+0000 7fd1d6bb4700 1 --2- >> [v2:172.21.15.27:3300/0,v1:172.21.15.27:6789/0] conn(0x7fd1d007beb0 0x7fd1d007a310 unknown :-1 s=NONE pgs=0 cs=0 l=0 rev1=0 crypto rx=0 tx=0 comp rx=0 tx=0).connect
2024-02-20T07:55:48.849 INFO:teuthology.orchestra.run.smithi027.stdout:/usr/bin/ceph: stderr
2024-02-20T07:55:48.065+0000 7fd1d6bb4700 1 -- --> [v2:172.21.15.27:3300/0,v1:172.21.15.27:6789/0] -- mon_getmap magic: 0 v1 -- 0x7fd1d007a8e0 con 0x7fd1d007beb0
2024-02-20T07:55:48.849 INFO:teuthology.orchestra.run.smithi027.stdout:/usr/bin/ceph: stderr
2024-02-20T07:55:48.065+0000 7fd1d4950700 1 --2- >> [v2:172.21.15.27:3300/0,v1:172.21.15.27:6789/0] conn(0x7fd1d007beb0 0x7fd1d007a310 unknown :-1 s=BANNER_CONNECTING pgs=0 cs=0 l=0 rev1=0 crypto rx=0 tx=0 comp rx=0 tx=0)._handle_peer_banner_payload supported=3 required=0
2024-02-20T07:55:48.849 INFO:teuthology.orchestra.run.smithi027.stdout:/usr/bin/ceph: stderr
2024-02-20T07:55:48.065+0000 7fd1d4950700 1 --2- >> [v2:172.21.15.27:3300/0,v1:172.21.15.27:6789/0] conn(0x7fd1d007beb0 0x7fd1d007a310 unknown :-1 s=HELLO_CONNECTING pgs=0 cs=0 l=0 rev1=1 crypto rx=0 tx=0 comp rx=0 tx=0).handle_hello peer v2:172.21.15.27:3300/0 says I am v2:172.21.15.27:40636/0 (socket says 172.21.15.27:40636)
2024-02-20T07:55:48.849 INFO:teuthology.orchestra.run.smithi027.stdout:/usr/bin/ceph: stderr
2024-02-20T07:55:48.065+0000 7fd1d4950700 1 -- 172.21.15.27:0/1132651089 learned_addr learned my addr 172.21.15.27:0/1132651089 (peer_addr_for_me v2:172.21.15.27:0/0)
2024-02-20T07:55:48.849 INFO:teuthology.orchestra.run.smithi027.stdout:/usr/bin/ceph: stderr
2024-02-20T07:55:48.065+0000 7fd1d4950700 1 -- 172.21.15.27:0/1132651089 --> [v2:172.21.15.27:3300/0,v1:172.21.15.27:6789/0] -- mon_subscribe({config=0+,monmap=0+}) v3 -- 0x7fd1d007aa20 con 0x7fd1d007beb0
2024-02-20T07:55:48.849 INFO:teuthology.orchestra.run.smithi027.stdout:/usr/bin/ceph: stderr
2024-02-20T07:55:48.066+0000 7fd1d4950700 1 --2- 172.21.15.27:0/1132651089 >> [v2:172.21.15.27:3300/0,v1:172.21.15.27:6789/0] conn(0x7fd1d007beb0 0x7fd1d007a310 secure :-1 s=READY pgs=57 cs=0 l=1 rev1=1 crypto rx=0x7fd1c40098a0 tx=0x7fd1c4009bb0 comp rx=0 tx=0).ready entity=mon.0 client_cookie=3c888b155ea4f61b server_cookie=0 in_seq=0 out_seq=0
2024-02-20T07:55:48.849 INFO:teuthology.orchestra.run.smithi027.stdout:/usr/bin/ceph: stderr
2024-02-20T07:55:48.066+0000 7fd1cf7fe700 1 -- 172.21.15.27:0/1132651089 <== mon.0 v2:172.21.15.27:3300/0 1 ==== mon_map magic: 0 v1 ==== 229+0+0 (secure 0 0 0) 0x7fd1c4004180 con 0x7fd1d007beb0
2024-02-20T07:55:48.850 INFO:teuthology.orchestra.run.smithi027.stdout:/usr/bin/ceph: stderr
2024-02-20T07:55:48.066+0000 7fd1cf7fe700 1 -- 172.21.15.27:0/1132651089 <== mon.0 v2:172.21.15.27:3300/0 2 ==== config(27 keys) v1 ==== 1101+0+0 (secure 0 0 0) 0x7fd1c40042e0 con 0x7fd1d007beb0
2024-02-20T07:55:48.850 INFO:teuthology.orchestra.run.smithi027.stdout:/usr/bin/ceph: stderr
2024-02-20T07:55:48.066+0000 7fd1cf7fe700 1 -- 172.21.15.27:0/1132651089 <== mon.0 v2:172.21.15.27:3300/0 3 ==== mon_map magic: 0 v1 ==== 229+0+0 (secure 0 0 0) 0x7fd1c4011af0 con 0x7fd1d007beb0
2024-02-20T07:55:48.850 INFO:teuthology.orchestra.run.smithi027.stdout:/usr/bin/ceph: stderr
2024-02-20T07:55:48.066+0000 7fd1d6bb4700 1 -- 172.21.15.27:0/1132651089 >> [v2:172.21.15.27:3300/0,v1:172.21.15.27:6789/0] conn(0x7fd1d007beb0 msgr2=0x7fd1d007a310 secure :-1 s=STATE_CONNECTION_ESTABLISHED l=1).mark_down
2024-02-20T07:55:48.850 INFO:teuthology.orchestra.run.smithi027.stdout:/usr/bin/ceph: stderr
2024-02-20T07:55:48.066+0000 7fd1d6bb4700 1 --2- 172.21.15.27:0/1132651089 >> [v2:172.21.15.27:3300/0,v1:172.21.15.27:6789/0] conn(0x7fd1d007beb0 0x7fd1d007a310 secure :-1 s=READY pgs=57 cs=0 l=1 rev1=1 crypto rx=0x7fd1c40098a0 tx=0x7fd1c4009bb0 comp rx=0 tx=0).stop
2024-02-20T07:55:48.850 INFO:teuthology.orchestra.run.smithi027.stdout:/usr/bin/ceph: stderr
2024-02-20T07:55:48.066+0000 7fd1d6bb4700 1 -- 172.21.15.27:0/1132651089 shutdown_connections
2024-02-20T07:55:48.850 INFO:teuthology.orchestra.run.smithi027.stdout:/usr/bin/ceph: stderr
2024-02-20T07:55:48.066+0000 7fd1d6bb4700 1 --2- 172.21.15.27:0/1132651089 >> [v2:172.21.15.27:3300/0,v1:172.21.15.27:6789/0] conn(0x7fd1d007beb0 0x7fd1d007a310 unknown :-1 s=CLOSED pgs=57 cs=0 l=1 rev1=1 crypto rx=0 tx=0 comp rx=0 tx=0).stop
2024-02-20T07:55:48.850 INFO:teuthology.orchestra.run.smithi027.stdout:/usr/bin/ceph: stderr
2024-02-20T07:55:48.066+0000 7fd1d6bb4700 1 -- 172.21.15.27:0/1132651089 >> 172.21.15.27:0/1132651089 conn(0x7fd1d0101a00 msgr2=0x7fd1d0103e20 unknown :-1 s=STATE_NONE l=0).mark_down
2024-02-20T07:55:48.850 INFO:teuthology.orchestra.run.smithi027.stdout:/usr/bin/ceph: stderr
2024-02-20T07:55:48.067+0000 7fd1d6bb4700 1 -- 172.21.15.27:0/1132651089 shutdown_connections
2024-02-20T07:55:48.850 INFO:teuthology.orchestra.run.smithi027.stdout:/usr/bin/ceph: stderr
2024-02-20T07:55:48.067+0000 7fd1d6bb4700 1 -- 172.21.15.27:0/1132651089 wait complete.
2024-02-20T07:55:48.850 INFO:teuthology.orchestra.run.smithi027.stdout:/usr/bin/ceph: stderr
2024-02-20T07:55:48.067+0000 7fd1d6bb4700 1 Processor -- start
2024-02-20T07:55:48.850 INFO:teuthology.orchestra.run.smithi027.stdout:/usr/bin/ceph: stderr
2024-02-20T07:55:48.067+0000 7fd1d6bb4700 1 -- start start
2024-02-20T07:55:48.850 INFO:teuthology.orchestra.run.smithi027.stdout:/usr/bin/ceph: stderr
2024-02-20T07:55:48.067+0000 7fd1d6bb4700 1 --2- >> [v2:172.21.15.27:3300/0,v1:172.21.15.27:6789/0] conn(0x7fd1d007beb0 0x7fd1d019c340 unknown :-1 s=NONE pgs=0 cs=0 l=1 rev1=0 crypto rx=0 tx=0 comp rx=0 tx=0).connect
2024-02-20T07:55:48.850 INFO:teuthology.orchestra.run.smithi027.stdout:/usr/bin/ceph: stderr
2024-02-20T07:55:48.067+0000 7fd1d6bb4700 1 -- --> [v2:172.21.15.27:3300/0,v1:172.21.15.27:6789/0] -- mon_getmap magic: 0 v1 -- 0x7fd1d019c880 con 0x7fd1d007beb0
2024-02-20T07:55:48.851 INFO:teuthology.orchestra.run.smithi027.stdout:/usr/bin/ceph: stderr
2024-02-20T07:55:48.067+0000 7fd1d4950700 1 --2- >> [v2:172.21.15.27:3300/0,v1:172.21.15.27:6789/0] conn(0x7fd1d007beb0 0x7fd1d019c340 unknown :-1 s=BANNER_CONNECTING pgs=0 cs=0 l=1 rev1=0 crypto rx=0 tx=0 comp rx=0 tx=0)._handle_peer_banner_payload supported=3 required=0
2024-02-20T07:55:48.851 INFO:teuthology.orchestra.run.smithi027.stdout:/usr/bin/ceph: stderr
2024-02-20T07:55:48.067+0000 7fd1d4950700 1 --2- >> [v2:172.21.15.27:3300/0,v1:172.21.15.27:6789/0] conn(0x7fd1d007beb0 0x7fd1d019c340 unknown :-1 s=HELLO_CONNECTING pgs=0 cs=0 l=1 rev1=1 crypto rx=0 tx=0 comp rx=0 tx=0).handle_hello peer v2:172.21.15.27:3300/0 says I am v2:172.21.15.27:40644/0 (socket says 172.21.15.27:40644)
2024-02-20T07:55:48.851 INFO:teuthology.orchestra.run.smithi027.stdout:/usr/bin/ceph: stderr
2024-02-20T07:55:48.067+0000 7fd1d4950700 1 -- 172.21.15.27:0/3958907321 learned_addr learned my addr 172.21.15.27:0/3958907321 (peer_addr_for_me v2:172.21.15.27:0/0)
2024-02-20T07:55:48.851 INFO:teuthology.orchestra.run.smithi027.stdout:/usr/bin/ceph: stderr
2024-02-20T07:55:48.068+0000 7fd1d4950700 1 -- 172.21.15.27:0/3958907321 --> [v2:172.21.15.27:3300/0,v1:172.21.15.27:6789/0] -- mon_subscribe({config=0+,monmap=0+}) v3 -- 0x7fd1c4009550 con 0x7fd1d007beb0
2024-02-20T07:55:48.851 INFO:teuthology.orchestra.run.smithi027.stdout:/usr/bin/ceph: stderr
2024-02-20T07:55:48.068+0000 7fd1d4950700 1 --2- 172.21.15.27:0/3958907321 >> [v2:172.21.15.27:3300/0,v1:172.21.15.27:6789/0] conn(0x7fd1d007beb0 0x7fd1d019c340 secure :-1 s=READY pgs=58 cs=0 l=1 rev1=1 crypto rx=0x7fd1c4000c00 tx=0x7fd1c4011b50 comp rx=0 tx=0).ready entity=mon.0 client_cookie=0 server_cookie=0 in_seq=0 out_seq=0
2024-02-20T07:55:48.851 INFO:teuthology.orchestra.run.smithi027.stdout:/usr/bin/ceph: stderr
2024-02-20T07:55:48.068+0000 7fd1cdffb700 1 -- 172.21.15.27:0/3958907321 <== mon.0 v2:172.21.15.27:3300/0 1 ==== mon_map magic: 0 v1 ==== 229+0+0 (secure 0 0 0) 0x7fd1c4003a70 con 0x7fd1d007beb0
2024-02-20T07:55:48.851 INFO:teuthology.orchestra.run.smithi027.stdout:/usr/bin/ceph: stderr
2024-02-20T07:55:48.068+0000 7fd1cdffb700 1 -- 172.21.15.27:0/3958907321 <== mon.0 v2:172.21.15.27:3300/0 2 ==== config(27 keys) v1 ==== 1101+0+0 (secure 0 0 0) 0x7fd1c4003bd0 con 0x7fd1d007beb0
2024-02-20T07:55:48.851 INFO:teuthology.orchestra.run.smithi027.stdout:/usr/bin/ceph: stderr
2024-02-20T07:55:48.068+0000 7fd1d6bb4700 1 -- 172.21.15.27:0/3958907321 --> [v2:172.21.15.27:3300/0,v1:172.21.15.27:6789/0] -- mon_subscribe({mgrmap=0+}) v3 -- 0x7fd1d019ca80 con 0x7fd1d007beb0
2024-02-20T07:55:48.851 INFO:teuthology.orchestra.run.smithi027.stdout:/usr/bin/ceph: stderr
2024-02-20T07:55:48.068+0000 7fd1cdffb700 1 -- 172.21.15.27:0/3958907321 <== mon.0 v2:172.21.15.27:3300/0 3 ==== mon_map magic: 0 v1 ==== 229+0+0 (secure 0 0 0) 0x7fd1c40238c0 con 0x7fd1d007beb0
2024-02-20T07:55:48.851 INFO:teuthology.orchestra.run.smithi027.stdout:/usr/bin/ceph: stderr
2024-02-20T07:55:48.068+0000 7fd1d6bb4700 1 -- 172.21.15.27:0/3958907321 --> [v2:172.21.15.27:3300/0,v1:172.21.15.27:6789/0] -- mon_subscribe({osdmap=0}) v3 -- 0x7fd1d019cf20 con 0x7fd1d007beb0
2024-02-20T07:55:48.851 INFO:teuthology.orchestra.run.smithi027.stdout:/usr/bin/ceph: stderr
2024-02-20T07:55:48.069+0000 7fd1cdffb700 1 -- 172.21.15.27:0/3958907321 <== mon.0 v2:172.21.15.27:3300/0 4 ==== mgrmap(e 8) v1 ==== 45283+0+0 (secure 0 0 0) 0x7fd1c4023b30 con 0x7fd1d007beb0
2024-02-20T07:55:48.851 INFO:teuthology.orchestra.run.smithi027.stdout:/usr/bin/ceph: stderr
2024-02-20T07:55:48.069+0000 7fd1d6bb4700 1 -- 172.21.15.27:0/3958907321 --> [v2:172.21.15.27:3300/0,v1:172.21.15.27:6789/0] -- mon_command({"prefix": "get_command_descriptions"} v 0) v1 -- 0x7fd1d010c7e0 con 0x7fd1d007beb0
2024-02-20T07:55:48.851 INFO:teuthology.orchestra.run.smithi027.stdout:/usr/bin/ceph: stderr
2024-02-20T07:55:48.069+0000 7fd1cdffb700 1 --2- 172.21.15.27:0/3958907321 >> [v2:172.21.15.27:6800/2896185293,v1:172.21.15.27:6801/2896185293] conn(0x7fd1c0038370 0x7fd1c003a830 unknown :-1 s=NONE pgs=0 cs=0 l=1 rev1=0 crypto rx=0 tx=0 comp rx=0 tx=0).connect
2024-02-20T07:55:48.851 INFO:teuthology.orchestra.run.smithi027.stdout:/usr/bin/ceph: stderr
2024-02-20T07:55:48.069+0000 7fd1cdffb700 1 -- 172.21.15.27:0/3958907321 <== mon.0 v2:172.21.15.27:3300/0 5 ==== osd_map(2..2 src has 1..2) v4 ==== 940+0+0 (secure 0 0 0) 0x7fd1c404c2c0 con 0x7fd1d007beb0
2024-02-20T07:55:48.852 INFO:teuthology.orchestra.run.smithi027.stdout:/usr/bin/ceph: stderr
2024-02-20T07:55:48.069+0000 7fd1cffff700 1 --2- 172.21.15.27:0/3958907321 >> [v2:172.21.15.27:6800/2896185293,v1:172.21.15.27:6801/2896185293] conn(0x7fd1c0038370 0x7fd1c003a830 unknown :-1 s=BANNER_CONNECTING pgs=0 cs=0 l=1 rev1=0 crypto rx=0 tx=0 comp rx=0 tx=0)._handle_peer_banner_payload supported=3 required=0
2024-02-20T07:55:48.852 INFO:teuthology.orchestra.run.smithi027.stdout:/usr/bin/ceph: stderr
2024-02-20T07:55:48.070+0000 7fd1cffff700 1 --2- 172.21.15.27:0/3958907321 >> [v2:172.21.15.27:6800/2896185293,v1:172.21.15.27:6801/2896185293] conn(0x7fd1c0038370 0x7fd1c003a830 secure :-1 s=READY pgs=18 cs=0 l=1 rev1=1 crypto rx=0x7fd1bc006fd0 tx=0x7fd1bc006e40 comp rx=0 tx=0).ready entity=mgr.14118 client_cookie=0 server_cookie=0 in_seq=0 out_seq=0
2024-02-20T07:55:48.852 INFO:teuthology.orchestra.run.smithi027.stdout:/usr/bin/ceph: stderr
2024-02-20T07:55:48.074+0000 7fd1cdffb700 1 -- 172.21.15.27:0/3958907321 <== mon.0 v2:172.21.15.27:3300/0 6 ==== mon_command_ack([{"prefix": "get_command_descriptions"}]=0 v0) v1 ==== 72+0+180422 (secure 0 0 0) 0x7fd1c4019930 con 0x7fd1d007beb0
2024-02-20T07:55:48.852 INFO:teuthology.orchestra.run.smithi027.stdout:/usr/bin/ceph: stderr
2024-02-20T07:55:48.284+0000 7fd1d6bb4700 1 -- 172.21.15.27:0/3958907321 --> [v2:172.21.15.27:6800/2896185293,v1:172.21.15.27:6801/2896185293] -- mgr_command(tid 0: {"prefix": "orch apply", "service_type": "node-exporter", "target": ["mon-mgr", ""]}) v1 -- 0x7fd1d019fd10 con 0x7fd1c0038370
2024-02-20T07:55:48.852 INFO:teuthology.orchestra.run.smithi027.stdout:/usr/bin/ceph: stderr
2024-02-20T07:55:48.288+0000 7fd1cdffb700 1 -- 172.21.15.27:0/3958907321 <== mgr.14118 v2:172.21.15.27:6800/2896185293 1 ==== mgr_command_reply(tid 0: 0 ) v1 ==== 8+0+34 (secure 0 0 0) 0x7fd1d019fd10 con 0x7fd1c0038370
2024-02-20T07:55:48.852 INFO:teuthology.orchestra.run.smithi027.stdout:/usr/bin/ceph: stderr
2024-02-20T07:55:48.290+0000 7fd1d6bb4700 1 -- 172.21.15.27:0/3958907321 >> [v2:172.21.15.27:6800/2896185293,v1:172.21.15.27:6801/2896185293] conn(0x7fd1c0038370 msgr2=0x7fd1c003a830 secure :-1 s=STATE_CONNECTION_ESTABLISHED l=1).mark_down
2024-02-20T07:55:48.852 INFO:teuthology.orchestra.run.smithi027.stdout:/usr/bin/ceph: stderr
2024-02-20T07:55:48.290+0000 7fd1d6bb4700 1 --2- 172.21.15.27:0/3958907321 >> [v2:172.21.15.27:6800/2896185293,v1:172.21.15.27:6801/2896185293] conn(0x7fd1c0038370 0x7fd1c003a830 secure :-1 s=READY pgs=18 cs=0 l=1 rev1=1 crypto rx=0x7fd1bc006fd0 tx=0x7fd1bc006e40 comp rx=0 tx=0).stop
2024-02-20T07:55:48.852 INFO:teuthology.orchestra.run.smithi027.stdout:/usr/bin/ceph: stderr
2024-02-20T07:55:48.290+0000 7fd1d6bb4700 1 -- 172.21.15.27:0/3958907321 >> [v2:172.21.15.27:3300/0,v1:172.21.15.27:6789/0] conn(0x7fd1d007beb0 msgr2=0x7fd1d019c340 secure :-1 s=STATE_CONNECTION_ESTABLISHED l=1).mark_down
2024-02-20T07:55:48.852 INFO:teuthology.orchestra.run.smithi027.stdout:/usr/bin/ceph: stderr
2024-02-20T07:55:48.290+0000 7fd1d6bb4700 1 --2- 172.21.15.27:0/3958907321 >> [v2:172.21.15.27:3300/0,v1:172.21.15.27:6789/0] conn(0x7fd1d007beb0 0x7fd1d019c340 secure :-1 s=READY pgs=58 cs=0 l=1 rev1=1 crypto rx=0x7fd1c4000c00 tx=0x7fd1c4011b50 comp rx=0 tx=0).stop
2024-02-20T07:55:48.852 INFO:teuthology.orchestra.run.smithi027.stdout:/usr/bin/ceph: stderr
2024-02-20T07:55:48.291+0000 7fd1d6bb4700 1 -- 172.21.15.27:0/3958907321 shutdown_connections
2024-02-20T07:55:48.852 INFO:teuthology.orchestra.run.smithi027.stdout:/usr/bin/ceph: stderr
2024-02-20T07:55:48.291+0000 7fd1d6bb4700 1 --2- 172.21.15.27:0/3958907321 >> [v2:172.21.15.27:6800/2896185293,v1:172.21.15.27:6801/2896185293] conn(0x7fd1c0038370 0x7fd1c003a830 unknown :-1 s=CLOSED pgs=18 cs=0 l=1 rev1=1 crypto rx=0 tx=0 comp rx=0 tx=0).stop
2024-02-20T07:55:48.852 INFO:teuthology.orchestra.run.smithi027.stdout:/usr/bin/ceph: stderr
2024-02-20T07:55:48.291+0000 7fd1d6bb4700 1 --2- 172.21.15.27:0/3958907321 >> [v2:172.21.15.27:3300/0,v1:172.21.15.27:6789/0] conn(0x7fd1d007beb0 0x7fd1d019c340 unknown :-1 s=CLOSED pgs=58 cs=0 l=1 rev1=1 crypto rx=0 tx=0 comp rx=0 tx=0).stop
2024-02-20T07:55:48.852 INFO:teuthology.orchestra.run.smithi027.stdout:/usr/bin/ceph: stderr
2024-02-20T07:55:48.291+0000 7fd1d6bb4700 1 -- 172.21.15.27:0/3958907321 >> 172.21.15.27:0/3958907321 conn(0x7fd1d0101a00 msgr2=0x7fd1d01030a0 unknown :-1 s=STATE_NONE l=0).mark_down
2024-02-20T07:55:48.853 INFO:teuthology.orchestra.run.smithi027.stdout:/usr/bin/ceph: stderr
2024-02-20T07:55:48.291+0000 7fd1d6bb4700 1 -- 172.21.15.27:0/3958907321 shutdown_connections
2024-02-20T07:55:48.853 INFO:teuthology.orchestra.run.smithi027.stdout:/usr/bin/ceph: stderr
2024-02-20T07:55:48.291+0000 7fd1d6bb4700 1 -- 172.21.15.27:0/3958907321 wait complete.
2024-02-20T07:55:48.853 INFO:teuthology.orchestra.run.smithi027.stdout:Deploying alertmanager service with default placement...
2024-02-20T07:55:50.014 INFO:teuthology.orchestra.run.smithi027.stdout:/usr/bin/ceph: stdout Scheduled alertmanager update...
2024-02-20T07:55:50.014 INFO:teuthology.orchestra.run.smithi027.stdout:/usr/bin/ceph: stderr
2024-02-20T07:55:49.254+0000 7fcb74d85700 1 Processor -- start
2024-02-20T07:55:50.014 INFO:teuthology.orchestra.run.smithi027.stdout:/usr/bin/ceph: stderr
2024-02-20T07:55:49.254+0000 7fcb74d85700 1 -- start start
2024-02-20T07:55:50.014 INFO:teuthology.orchestra.run.smithi027.stdout:/usr/bin/ceph: stderr
2024-02-20T07:55:49.254+0000 7fcb74d85700 1 --2- >> [v2:172.21.15.27:3300/0,v1:172.21.15.27:6789/0] conn(0x7fcb70106ee0 0x7fcb701092d0 unknown :-1 s=NONE pgs=0 cs=0 l=0 rev1=0 crypto rx=0 tx=0 comp rx=0 tx=0).connect
2024-02-20T07:55:50.014 INFO:teuthology.orchestra.run.smithi027.stdout:/usr/bin/ceph: stderr
2024-02-20T07:55:49.254+0000 7fcb74d85700 1 -- --> [v2:172.21.15.27:3300/0,v1:172.21.15.27:6789/0] -- mon_getmap magic: 0 v1 -- 0x7fcb70079e80 con 0x7fcb70106ee0
2024-02-20T07:55:50.014 INFO:teuthology.orchestra.run.smithi027.stdout:/usr/bin/ceph: stderr
2024-02-20T07:55:49.255+0000 7fcb6e59c700 1 --2- >> [v2:172.21.15.27:3300/0,v1:172.21.15.27:6789/0] conn(0x7fcb70106ee0 0x7fcb701092d0 unknown :-1 s=BANNER_CONNECTING pgs=0 cs=0 l=0 rev1=0 crypto rx=0 tx=0 comp rx=0 tx=0)._handle_peer_banner_payload supported=3 required=0
2024-02-20T07:55:50.014 INFO:teuthology.orchestra.run.smithi027.stdout:/usr/bin/ceph: stderr
2024-02-20T07:55:49.255+0000 7fcb6e59c700 1 --2- >> [v2:172.21.15.27:3300/0,v1:172.21.15.27:6789/0] conn(0x7fcb70106ee0 0x7fcb701092d0 unknown :-1 s=HELLO_CONNECTING pgs=0 cs=0 l=0 rev1=1 crypto rx=0 tx=0 comp rx=0 tx=0).handle_hello peer v2:172.21.15.27:3300/0 says I am v2:172.21.15.27:40648/0 (socket says 172.21.15.27:40648)
2024-02-20T07:55:50.015 INFO:teuthology.orchestra.run.smithi027.stdout:/usr/bin/ceph: stderr
2024-02-20T07:55:49.255+0000 7fcb6e59c700 1 -- 172.21.15.27:0/1551816559 learned_addr learned my addr 172.21.15.27:0/1551816559 (peer_addr_for_me v2:172.21.15.27:0/0)
2024-02-20T07:55:50.015 INFO:teuthology.orchestra.run.smithi027.stdout:/usr/bin/ceph: stderr
2024-02-20T07:55:49.255+0000 7fcb6e59c700 1 -- 172.21.15.27:0/1551816559 --> [v2:172.21.15.27:3300/0,v1:172.21.15.27:6789/0] -- mon_subscribe({config=0+,monmap=0+}) v3 -- 0x7fcb70109810 con 0x7fcb70106ee0
2024-02-20T07:55:50.015 INFO:teuthology.orchestra.run.smithi027.stdout:/usr/bin/ceph: stderr
2024-02-20T07:55:49.255+0000 7fcb6e59c700 1 --2- 172.21.15.27:0/1551816559 >> [v2:172.21.15.27:3300/0,v1:172.21.15.27:6789/0] conn(0x7fcb70106ee0 0x7fcb701092d0 secure :-1 s=READY pgs=59 cs=0 l=1 rev1=1 crypto rx=0x7fcb60009e80 tx=0x7fcb6000b330 comp rx=0 tx=0).ready entity=mon.0 client_cookie=a8ed248e2e43f583 server_cookie=0 in_seq=0 out_seq=0
2024-02-20T07:55:50.015 INFO:teuthology.orchestra.run.smithi027.stdout:/usr/bin/ceph: stderr
2024-02-20T07:55:49.255+0000 7fcb6d59a700 1 -- 172.21.15.27:0/1551816559 <== mon.0 v2:172.21.15.27:3300/0 1 ==== mon_map magic: 0 v1 ==== 229+0+0 (secure 0 0 0) 0x7fcb6000e070 con 0x7fcb70106ee0
2024-02-20T07:55:50.015 INFO:teuthology.orchestra.run.smithi027.stdout:/usr/bin/ceph: stderr
2024-02-20T07:55:49.255+0000 7fcb6d59a700 1 -- 172.21.15.27:0/1551816559 <== mon.0 v2:172.21.15.27:3300/0 2 ==== config(27 keys) v1 ==== 1101+0+0 (secure 0 0 0) 0x7fcb6000b8c0 con 0x7fcb70106ee0
2024-02-20T07:55:50.015 INFO:teuthology.orchestra.run.smithi027.stdout:/usr/bin/ceph: stderr
2024-02-20T07:55:49.255+0000 7fcb6d59a700 1 -- 172.21.15.27:0/1551816559 <== mon.0 v2:172.21.15.27:3300/0 3 ==== mon_map magic: 0 v1 ==== 229+0+0 (secure 0 0 0) 0x7fcb600044d0 con 0x7fcb70106ee0
2024-02-20T07:55:50.015 INFO:teuthology.orchestra.run.smithi027.stdout:/usr/bin/ceph: stderr
2024-02-20T07:55:49.256+0000 7fcb74d85700 1 -- 172.21.15.27:0/1551816559 >> [v2:172.21.15.27:3300/0,v1:172.21.15.27:6789/0] conn(0x7fcb70106ee0 msgr2=0x7fcb701092d0 secure :-1 s=STATE_CONNECTION_ESTABLISHED l=1).mark_down
2024-02-20T07:55:50.015 INFO:teuthology.orchestra.run.smithi027.stdout:/usr/bin/ceph: stderr
2024-02-20T07:55:49.256+0000 7fcb74d85700 1 --2- 172.21.15.27:0/1551816559 >> [v2:172.21.15.27:3300/0,v1:172.21.15.27:6789/0] conn(0x7fcb70106ee0 0x7fcb701092d0 secure :-1 s=READY pgs=59 cs=0 l=1 rev1=1 crypto rx=0x7fcb60009e80 tx=0x7fcb6000b330 comp rx=0 tx=0).stop
2024-02-20T07:55:50.015 INFO:teuthology.orchestra.run.smithi027.stdout:/usr/bin/ceph: stderr
2024-02-20T07:55:49.256+0000 7fcb74d85700 1 -- 172.21.15.27:0/1551816559 shutdown_connections
2024-02-20T07:55:50.015 INFO:teuthology.orchestra.run.smithi027.stdout:/usr/bin/ceph: stderr
2024-02-20T07:55:49.256+0000 7fcb74d85700 1 --2- 172.21.15.27:0/1551816559 >> [v2:172.21.15.27:3300/0,v1:172.21.15.27:6789/0] conn(0x7fcb70106ee0 0x7fcb701092d0 unknown :-1 s=CLOSED pgs=59 cs=0 l=1 rev1=1 crypto rx=0 tx=0 comp rx=0 tx=0).stop
2024-02-20T07:55:50.015 INFO:teuthology.orchestra.run.smithi027.stdout:/usr/bin/ceph: stderr
2024-02-20T07:55:49.256+0000 7fcb74d85700 1 -- 172.21.15.27:0/1551816559 >> 172.21.15.27:0/1551816559 conn(0x7fcb701008b0 msgr2=0x7fcb70102d10 unknown :-1 s=STATE_NONE l=0).mark_down
2024-02-20T07:55:50.015 INFO:teuthology.orchestra.run.smithi027.stdout:/usr/bin/ceph: stderr
2024-02-20T07:55:49.256+0000 7fcb74d85700 1 -- 172.21.15.27:0/1551816559 shutdown_connections
2024-02-20T07:55:50.015 INFO:teuthology.orchestra.run.smithi027.stdout:/usr/bin/ceph: stderr
2024-02-20T07:55:49.256+0000 7fcb74d85700 1 -- 172.21.15.27:0/1551816559 wait complete.
2024-02-20T07:55:50.016 INFO:teuthology.orchestra.run.smithi027.stdout:/usr/bin/ceph: stderr
2024-02-20T07:55:49.257+0000 7fcb74d85700 1 Processor -- start
2024-02-20T07:55:50.016 INFO:teuthology.orchestra.run.smithi027.stdout:/usr/bin/ceph: stderr
2024-02-20T07:55:49.257+0000 7fcb74d85700 1 -- start start
2024-02-20T07:55:50.016 INFO:teuthology.orchestra.run.smithi027.stdout:/usr/bin/ceph: stderr
2024-02-20T07:55:49.257+0000 7fcb74d85700 1 --2- >> [v2:172.21.15.27:3300/0,v1:172.21.15.27:6789/0] conn(0x7fcb70106ee0 0x7fcb7019a0f0 unknown :-1 s=NONE pgs=0 cs=0 l=1 rev1=0 crypto rx=0 tx=0 comp rx=0 tx=0).connect
2024-02-20T07:55:50.016 INFO:teuthology.orchestra.run.smithi027.stdout:/usr/bin/ceph: stderr
2024-02-20T07:55:49.257+0000 7fcb74d85700 1 -- --> [v2:172.21.15.27:3300/0,v1:172.21.15.27:6789/0] -- mon_getmap magic: 0 v1 -- 0x7fcb7019a630 con 0x7fcb70106ee0
2024-02-20T07:55:50.016 INFO:teuthology.orchestra.run.smithi027.stdout:/usr/bin/ceph: stderr
2024-02-20T07:55:49.257+0000 7fcb6e59c700 1 --2- >> [v2:172.21.15.27:3300/0,v1:172.21.15.27:6789/0] conn(0x7fcb70106ee0 0x7fcb7019a0f0 unknown :-1 s=BANNER_CONNECTING pgs=0 cs=0 l=1 rev1=0 crypto rx=0 tx=0 comp rx=0 tx=0)._handle_peer_banner_payload supported=3 required=0
2024-02-20T07:55:50.016 INFO:teuthology.orchestra.run.smithi027.stdout:/usr/bin/ceph: stderr
2024-02-20T07:55:49.257+0000 7fcb6e59c700 1 --2- >> [v2:172.21.15.27:3300/0,v1:172.21.15.27:6789/0] conn(0x7fcb70106ee0 0x7fcb7019a0f0 unknown :-1 s=HELLO_CONNECTING pgs=0 cs=0 l=1 rev1=1 crypto rx=0 tx=0 comp rx=0 tx=0).handle_hello peer v2:172.21.15.27:3300/0 says I am v2:172.21.15.27:40662/0 (socket says 172.21.15.27:40662)
2024-02-20T07:55:50.016 INFO:teuthology.orchestra.run.smithi027.stdout:/usr/bin/ceph: stderr
2024-02-20T07:55:49.257+0000 7fcb6e59c700 1 -- 172.21.15.27:0/2636924393 learned_addr learned my addr 172.21.15.27:0/2636924393 (peer_addr_for_me v2:172.21.15.27:0/0)
2024-02-20T07:55:50.016 INFO:teuthology.orchestra.run.smithi027.stdout:/usr/bin/ceph: stderr
2024-02-20T07:55:49.257+0000 7fcb6e59c700 1 -- 172.21.15.27:0/2636924393 --> [v2:172.21.15.27:3300/0,v1:172.21.15.27:6789/0] -- mon_subscribe({config=0+,monmap=0+}) v3 -- 0x7fcb60009b30 con 0x7fcb70106ee0
2024-02-20T07:55:50.016 INFO:teuthology.orchestra.run.smithi027.stdout:/usr/bin/ceph: stderr
2024-02-20T07:55:49.257+0000 7fcb6e59c700 1 --2- 172.21.15.27:0/2636924393 >> [v2:172.21.15.27:3300/0,v1:172.21.15.27:6789/0] conn(0x7fcb70106ee0 0x7fcb7019a0f0 secure :-1 s=READY pgs=60 cs=0 l=1 rev1=1 crypto rx=0x7fcb60000f80 tx=0x7fcb600049f0 comp rx=0 tx=0).ready entity=mon.0 client_cookie=0 server_cookie=0 in_seq=0 out_seq=0
2024-02-20T07:55:50.016 INFO:teuthology.orchestra.run.smithi027.stdout:/usr/bin/ceph: stderr
2024-02-20T07:55:49.258+0000 7fcb677fe700 1 -- 172.21.15.27:0/2636924393 <== mon.0 v2:172.21.15.27:3300/0 1 ==== mon_map magic: 0 v1 ==== 229+0+0 (secure 0 0 0) 0x7fcb6000e040 con 0x7fcb70106ee0
2024-02-20T07:55:50.016 INFO:teuthology.orchestra.run.smithi027.stdout:/usr/bin/ceph: stderr
2024-02-20T07:55:49.258+0000 7fcb677fe700 1 -- 172.21.15.27:0/2636924393 <== mon.0 v2:172.21.15.27:3300/0 2 ==== config(27 keys) v1 ==== 1101+0+0 (secure 0 0 0) 0x7fcb6000bd00 con 0x7fcb70106ee0
2024-02-20T07:55:50.016 INFO:teuthology.orchestra.run.smithi027.stdout:/usr/bin/ceph: stderr
2024-02-20T07:55:49.258+0000 7fcb74d85700 1 -- 172.21.15.27:0/2636924393 --> [v2:172.21.15.27:3300/0,v1:172.21.15.27:6789/0] -- mon_subscribe({mgrmap=0+}) v3 -- 0x7fcb7019a830 con 0x7fcb70106ee0
2024-02-20T07:55:50.016 INFO:teuthology.orchestra.run.smithi027.stdout:/usr/bin/ceph: stderr
2024-02-20T07:55:49.258+0000 7fcb677fe700 1 -- 172.21.15.27:0/2636924393 <== mon.0 v2:172.21.15.27:3300/0 3 ==== mon_map magic: 0 v1 ==== 229+0+0 (secure 0 0 0) 0x7fcb60012770 con 0x7fcb70106ee0
