2024-02-20T07:55:16.390+0000 7f0bded9d700 1 -- 172.21.15.123:0/1397358044 --> [v2:172.21.15.123:3300/0,v1:172.21.15.123:6789/0] -- mon_subscribe({config=0+,monmap=0+}) v3 -- 0x7f0be0102100 con 0x7f0be0101670
2024-02-20T07:55:17.378 INFO:teuthology.orchestra.run.smithi123.stdout:/usr/bin/ceph: stderr
2024-02-20T07:55:16.390+0000 7f0bded9d700 1 --2- 172.21.15.123:0/1397358044 >> [v2:172.21.15.123:3300/0,v1:172.21.15.123:6789/0] conn(0x7f0be0101670 0x7f0be0101a80 secure :-1 s=READY pgs=22 cs=0 l=1 rev1=1 crypto rx=0x7f0bd400bb80 tx=0x7f0bd400b4f0 comp rx=0 tx=0).ready entity=mon.0 client_cookie=41edd782c4095d72 server_cookie=0 in_seq=0 out_seq=0
2024-02-20T07:55:17.378 INFO:teuthology.orchestra.run.smithi123.stdout:/usr/bin/ceph: stderr
2024-02-20T07:55:16.390+0000 7f0bddd9b700 1 -- 172.21.15.123:0/1397358044 <== mon.0 v2:172.21.15.123:3300/0 1 ==== mon_map magic: 0 v1 ==== 229+0+0 (secure 0 0 0) 0x7f0bd400dd00 con 0x7f0be0101670
2024-02-20T07:55:17.378 INFO:teuthology.orchestra.run.smithi123.stdout:/usr/bin/ceph: stderr
2024-02-20T07:55:16.390+0000 7f0bddd9b700 1 -- 172.21.15.123:0/1397358044 <== mon.0 v2:172.21.15.123:3300/0 2 ==== config(27 keys) v1 ==== 1044+0+0 (secure 0 0 0) 0x7f0bd400de60 con 0x7f0be0101670
2024-02-20T07:55:17.378 INFO:teuthology.orchestra.run.smithi123.stdout:/usr/bin/ceph: stderr
2024-02-20T07:55:16.390+0000 7f0bddd9b700 1 -- 172.21.15.123:0/1397358044 <== mon.0 v2:172.21.15.123:3300/0 3 ==== mon_map magic: 0 v1 ==== 229+0+0 (secure 0 0 0) 0x7f0bd40188a0 con 0x7f0be0101670
2024-02-20T07:55:17.378 INFO:teuthology.orchestra.run.smithi123.stdout:/usr/bin/ceph: stderr
2024-02-20T07:55:16.390+0000 7f0be512a700 1 -- 172.21.15.123:0/1397358044 >> [v2:172.21.15.123:3300/0,v1:172.21.15.123:6789/0] conn(0x7f0be0101670 msgr2=0x7f0be0101a80 secure :-1 s=STATE_CONNECTION_ESTABLISHED l=1).mark_down
2024-02-20T07:55:17.378 INFO:teuthology.orchestra.run.smithi123.stdout:/usr/bin/ceph: stderr
2024-02-20T07:55:16.390+0000 7f0be512a700 1 --2- 172.21.15.123:0/1397358044 >> [v2:172.21.15.123:3300/0,v1:172.21.15.123:6789/0] conn(0x7f0be0101670 0x7f0be0101a80 secure :-1 s=READY pgs=22 cs=0 l=1 rev1=1 crypto rx=0x7f0bd400bb80 tx=0x7f0bd400b4f0 comp rx=0 tx=0).stop
2024-02-20T07:55:17.378 INFO:teuthology.orchestra.run.smithi123.stdout:/usr/bin/ceph: stderr
2024-02-20T07:55:16.390+0000 7f0be512a700 1 -- 172.21.15.123:0/1397358044 shutdown_connections
2024-02-20T07:55:17.378 INFO:teuthology.orchestra.run.smithi123.stdout:/usr/bin/ceph: stderr
2024-02-20T07:55:16.390+0000 7f0be512a700 1 --2- 172.21.15.123:0/1397358044 >> [v2:172.21.15.123:3300/0,v1:172.21.15.123:6789/0] conn(0x7f0be0101670 0x7f0be0101a80 unknown :-1 s=CLOSED pgs=22 cs=0 l=1 rev1=1 crypto rx=0 tx=0 comp rx=0 tx=0).stop
2024-02-20T07:55:17.378 INFO:teuthology.orchestra.run.smithi123.stdout:/usr/bin/ceph: stderr
2024-02-20T07:55:16.390+0000 7f0be512a700 1 -- 172.21.15.123:0/1397358044 >> 172.21.15.123:0/1397358044 conn(0x7f0be00fcdd0 msgr2=0x7f0be00ff200 unknown :-1 s=STATE_NONE l=0).mark_down
2024-02-20T07:55:17.378 INFO:teuthology.orchestra.run.smithi123.stdout:/usr/bin/ceph: stderr
2024-02-20T07:55:16.391+0000 7f0be512a700 1 -- 172.21.15.123:0/1397358044 shutdown_connections
2024-02-20T07:55:17.378 INFO:teuthology.orchestra.run.smithi123.stdout:/usr/bin/ceph: stderr
2024-02-20T07:55:16.391+0000 7f0be512a700 1 -- 172.21.15.123:0/1397358044 wait complete.
2024-02-20T07:55:17.378 INFO:teuthology.orchestra.run.smithi123.stdout:/usr/bin/ceph: stderr
2024-02-20T07:55:16.391+0000 7f0be512a700 1 Processor -- start
2024-02-20T07:55:17.378 INFO:teuthology.orchestra.run.smithi123.stdout:/usr/bin/ceph: stderr
2024-02-20T07:55:16.391+0000 7f0be512a700 1 -- start start
2024-02-20T07:55:17.378 INFO:teuthology.orchestra.run.smithi123.stdout:/usr/bin/ceph: stderr
2024-02-20T07:55:16.391+0000 7f0be512a700 1 --2- >> [v2:172.21.15.123:3300/0,v1:172.21.15.123:6789/0] conn(0x7f0be0101670 0x7f0be01136e0 unknown :-1 s=NONE pgs=0 cs=0 l=1 rev1=0 crypto rx=0 tx=0 comp rx=0 tx=0).connect
2024-02-20T07:55:17.378 INFO:teuthology.orchestra.run.smithi123.stdout:/usr/bin/ceph: stderr
2024-02-20T07:55:16.391+0000 7f0be512a700 1 -- --> [v2:172.21.15.123:3300/0,v1:172.21.15.123:6789/0] -- mon_getmap magic: 0 v1 -- 0x7f0be0113c20 con 0x7f0be0101670
2024-02-20T07:55:17.379 INFO:teuthology.orchestra.run.smithi123.stdout:/usr/bin/ceph: stderr
2024-02-20T07:55:16.391+0000 7f0bded9d700 1 --2- >> [v2:172.21.15.123:3300/0,v1:172.21.15.123:6789/0] conn(0x7f0be0101670 0x7f0be01136e0 unknown :-1 s=BANNER_CONNECTING pgs=0 cs=0 l=1 rev1=0 crypto rx=0 tx=0 comp rx=0 tx=0)._handle_peer_banner_payload supported=3 required=0
2024-02-20T07:55:17.379 INFO:teuthology.orchestra.run.smithi123.stdout:/usr/bin/ceph: stderr
2024-02-20T07:55:16.391+0000 7f0bded9d700 1 --2- >> [v2:172.21.15.123:3300/0,v1:172.21.15.123:6789/0] conn(0x7f0be0101670 0x7f0be01136e0 unknown :-1 s=HELLO_CONNECTING pgs=0 cs=0 l=1 rev1=1 crypto rx=0 tx=0 comp rx=0 tx=0).handle_hello peer v2:172.21.15.123:3300/0 says I am v2:172.21.15.123:59624/0 (socket says 172.21.15.123:59624)
2024-02-20T07:55:17.379 INFO:teuthology.orchestra.run.smithi123.stdout:/usr/bin/ceph: stderr
2024-02-20T07:55:16.391+0000 7f0bded9d700 1 -- 172.21.15.123:0/4257702587 learned_addr learned my addr 172.21.15.123:0/4257702587 (peer_addr_for_me v2:172.21.15.123:0/0)
2024-02-20T07:55:17.379 INFO:teuthology.orchestra.run.smithi123.stdout:/usr/bin/ceph: stderr
2024-02-20T07:55:16.392+0000 7f0bded9d700 1 -- 172.21.15.123:0/4257702587 --> [v2:172.21.15.123:3300/0,v1:172.21.15.123:6789/0] -- mon_subscribe({config=0+,monmap=0+}) v3 -- 0x7f0bd400b790 con 0x7f0be0101670
2024-02-20T07:55:17.379 INFO:teuthology.orchestra.run.smithi123.stdout:/usr/bin/ceph: stderr
2024-02-20T07:55:16.392+0000 7f0bded9d700 1 --2- 172.21.15.123:0/4257702587 >> [v2:172.21.15.123:3300/0,v1:172.21.15.123:6789/0] conn(0x7f0be0101670 0x7f0be01136e0 secure :-1 s=READY pgs=23 cs=0 l=1 rev1=1 crypto rx=0x7f0bd4018460 tx=0x7f0bd400b4f0 comp rx=0 tx=0).ready entity=mon.0 client_cookie=0 server_cookie=0 in_seq=0 out_seq=0
2024-02-20T07:55:17.379 INFO:teuthology.orchestra.run.smithi123.stdout:/usr/bin/ceph: stderr
2024-02-20T07:55:16.392+0000 7f0bc77fe700 1 -- 172.21.15.123:0/4257702587 <== mon.0 v2:172.21.15.123:3300/0 1 ==== mon_map magic: 0 v1 ==== 229+0+0 (secure 0 0 0) 0x7f0bd4018e10 con 0x7f0be0101670
2024-02-20T07:55:17.379 INFO:teuthology.orchestra.run.smithi123.stdout:/usr/bin/ceph: stderr
2024-02-20T07:55:16.392+0000 7f0bc77fe700 1 -- 172.21.15.123:0/4257702587 <== mon.0 v2:172.21.15.123:3300/0 2 ==== config(27 keys) v1 ==== 1044+0+0 (secure 0 0 0) 0x7f0bd4010c00 con 0x7f0be0101670
2024-02-20T07:55:17.379 INFO:teuthology.orchestra.run.smithi123.stdout:/usr/bin/ceph: stderr
2024-02-20T07:55:16.392+0000 7f0bc77fe700 1 -- 172.21.15.123:0/4257702587 <== mon.0 v2:172.21.15.123:3300/0 3 ==== mon_map magic: 0 v1 ==== 229+0+0 (secure 0 0 0) 0x7f0bd4021550 con 0x7f0be0101670
2024-02-20T07:55:17.379 INFO:teuthology.orchestra.run.smithi123.stdout:/usr/bin/ceph: stderr
2024-02-20T07:55:16.392+0000 7f0be512a700 1 -- 172.21.15.123:0/4257702587 --> [v2:172.21.15.123:3300/0,v1:172.21.15.123:6789/0] -- mon_subscribe({mgrmap=0+}) v3 -- 0x7f0be0113e20 con 0x7f0be0101670
2024-02-20T07:55:17.379 INFO:teuthology.orchestra.run.smithi123.stdout:/usr/bin/ceph: stderr
2024-02-20T07:55:16.392+0000 7f0be512a700 1 -- 172.21.15.123:0/4257702587 --> [v2:172.21.15.123:3300/0,v1:172.21.15.123:6789/0] -- mon_subscribe({osdmap=0}) v3 -- 0x7f0be0114ac0 con 0x7f0be0101670
2024-02-20T07:55:17.379 INFO:teuthology.orchestra.run.smithi123.stdout:/usr/bin/ceph: stderr
2024-02-20T07:55:16.393+0000 7f0bc77fe700 1 -- 172.21.15.123:0/4257702587 <== mon.0 v2:172.21.15.123:3300/0 4 ==== mgrmap(e 4) v1 ==== 43357+0+0 (secure 0 0 0) 0x7f0bd40217d0 con 0x7f0be0101670
2024-02-20T07:55:17.379 INFO:teuthology.orchestra.run.smithi123.stdout:/usr/bin/ceph: stderr
2024-02-20T07:55:16.393+0000 7f0be512a700 1 -- 172.21.15.123:0/4257702587 --> [v2:172.21.15.123:3300/0,v1:172.21.15.123:6789/0] -- mon_command({"prefix": "get_command_descriptions"} v 0) v1 -- 0x7f0be005f5c0 con 0x7f0be0101670
2024-02-20T07:55:17.379 INFO:teuthology.orchestra.run.smithi123.stdout:/usr/bin/ceph: stderr
2024-02-20T07:55:16.393+0000 7f0bc77fe700 1 --2- 172.21.15.123:0/4257702587 >> [v2:172.21.15.123:6800/1899432870,v1:172.21.15.123:6801/1899432870] conn(0x7f0bc8036740 0x7f0bc8038bf0 unknown :-1 s=NONE pgs=0 cs=0 l=1 rev1=0 crypto rx=0 tx=0 comp rx=0 tx=0).connect
2024-02-20T07:55:17.379 INFO:teuthology.orchestra.run.smithi123.stdout:/usr/bin/ceph: stderr
2024-02-20T07:55:16.393+0000 7f0bc77fe700 1 -- 172.21.15.123:0/4257702587 <== mon.0 v2:172.21.15.123:3300/0 5 ==== osd_map(1..1 src has 1..1) v4 ==== 721+0+0 (secure 0 0 0) 0x7f0bd4014070 con 0x7f0be0101670
2024-02-20T07:55:17.380 INFO:teuthology.orchestra.run.smithi123.stdout:/usr/bin/ceph: stderr
2024-02-20T07:55:16.393+0000 7f0bde59c700 1 --2- 172.21.15.123:0/4257702587 >> [v2:172.21.15.123:6800/1899432870,v1:172.21.15.123:6801/1899432870] conn(0x7f0bc8036740 0x7f0bc8038bf0 unknown :-1 s=BANNER_CONNECTING pgs=0 cs=0 l=1 rev1=0 crypto rx=0 tx=0 comp rx=0 tx=0)._handle_peer_banner_payload supported=3 required=0
2024-02-20T07:55:17.380 INFO:teuthology.orchestra.run.smithi123.stdout:/usr/bin/ceph: stderr
2024-02-20T07:55:16.394+0000 7f0bde59c700 1 --2- 172.21.15.123:0/4257702587 >> [v2:172.21.15.123:6800/1899432870,v1:172.21.15.123:6801/1899432870] conn(0x7f0bc8036740 0x7f0bc8038bf0 secure :-1 s=READY pgs=8 cs=0 l=1 rev1=1 crypto rx=0x7f0bd0009990 tx=0x7f0bd0006e40 comp rx=0 tx=0).ready entity=mgr.14100 client_cookie=0 server_cookie=0 in_seq=0 out_seq=0
2024-02-20T07:55:17.380 INFO:teuthology.orchestra.run.smithi123.stdout:/usr/bin/ceph: stderr
2024-02-20T07:55:16.398+0000 7f0bc77fe700 1 -- 172.21.15.123:0/4257702587 <== mon.0 v2:172.21.15.123:3300/0 6 ==== mon_command_ack([{"prefix": "get_command_descriptions"}]=0 v0) v1 ==== 72+0+175031 (secure 0 0 0) 0x7f0bd400ed90 con 0x7f0be0101670
2024-02-20T07:55:17.380 INFO:teuthology.orchestra.run.smithi123.stdout:/usr/bin/ceph: stderr
2024-02-20T07:55:16.630+0000 7f0be512a700 1 -- 172.21.15.123:0/4257702587 --> [v2:172.21.15.123:3300/0,v1:172.21.15.123:6789/0] -- mon_command({"prefix": "mgr module enable", "module": "cephadm"} v 0) v1 -- 0x7f0be004bed0 con 0x7f0be0101670
2024-02-20T07:55:17.380 INFO:teuthology.orchestra.run.smithi123.stdout:/usr/bin/ceph: stderr
2024-02-20T07:55:16.804+0000 7f0bc77fe700 1 -- 172.21.15.123:0/4257702587 <== mon.0 v2:172.21.15.123:3300/0 7 ==== mgrmap(e 5) v1 ==== 43368+0+0 (secure 0 0 0) 0x7f0bd4044d50 con 0x7f0be0101670
2024-02-20T07:55:17.380 INFO:teuthology.orchestra.run.smithi123.stdout:/usr/bin/ceph: stderr
2024-02-20T07:55:16.805+0000 7f0bc77fe700 1 -- 172.21.15.123:0/4257702587 <== mon.0 v2:172.21.15.123:3300/0 8 ==== mon_command_ack([{"prefix": "mgr module enable", "module": "cephadm"}]=0 v5) v1 ==== 86+0+0 (secure 0 0 0) 0x7f0bd400e360 con 0x7f0be0101670
2024-02-20T07:55:17.380 INFO:teuthology.orchestra.run.smithi123.stdout:/usr/bin/ceph: stderr
2024-02-20T07:55:16.808+0000 7f0be512a700 1 -- 172.21.15.123:0/4257702587 >> [v2:172.21.15.123:6800/1899432870,v1:172.21.15.123:6801/1899432870] conn(0x7f0bc8036740 msgr2=0x7f0bc8038bf0 secure :-1 s=STATE_CONNECTION_ESTABLISHED l=1).mark_down
2024-02-20T07:55:17.380 INFO:teuthology.orchestra.run.smithi123.stdout:/usr/bin/ceph: stderr
2024-02-20T07:55:16.808+0000 7f0be512a700 1 --2- 172.21.15.123:0/4257702587 >> [v2:172.21.15.123:6800/1899432870,v1:172.21.15.123:6801/1899432870] conn(0x7f0bc8036740 0x7f0bc8038bf0 secure :-1 s=READY pgs=8 cs=0 l=1 rev1=1 crypto rx=0x7f0bd0009990 tx=0x7f0bd0006e40 comp rx=0 tx=0).stop
2024-02-20T07:55:17.380 INFO:teuthology.orchestra.run.smithi123.stdout:/usr/bin/ceph: stderr
2024-02-20T07:55:16.808+0000 7f0be512a700 1 -- 172.21.15.123:0/4257702587 >> [v2:172.21.15.123:3300/0,v1:172.21.15.123:6789/0] conn(0x7f0be0101670 msgr2=0x7f0be01136e0 secure :-1 s=STATE_CONNECTION_ESTABLISHED l=1).mark_down
2024-02-20T07:55:17.380 INFO:teuthology.orchestra.run.smithi123.stdout:/usr/bin/ceph: stderr
2024-02-20T07:55:16.808+0000 7f0be512a700 1 --2- 172.21.15.123:0/4257702587 >> [v2:172.21.15.123:3300/0,v1:172.21.15.123:6789/0] conn(0x7f0be0101670 0x7f0be01136e0 secure :-1 s=READY pgs=23 cs=0 l=1 rev1=1 crypto rx=0x7f0bd4018460 tx=0x7f0bd400b4f0 comp rx=0 tx=0).stop
2024-02-20T07:55:17.380 INFO:teuthology.orchestra.run.smithi123.stdout:/usr/bin/ceph: stderr
2024-02-20T07:55:16.808+0000 7f0be512a700 1 -- 172.21.15.123:0/4257702587 shutdown_connections
2024-02-20T07:55:17.380 INFO:teuthology.orchestra.run.smithi123.stdout:/usr/bin/ceph: stderr
2024-02-20T07:55:16.808+0000 7f0be512a700 1 --2- 172.21.15.123:0/4257702587 >> [v2:172.21.15.123:6800/1899432870,v1:172.21.15.123:6801/1899432870] conn(0x7f0bc8036740 0x7f0bc8038bf0 unknown :-1 s=CLOSED pgs=8 cs=0 l=1 rev1=1 crypto rx=0 tx=0 comp rx=0 tx=0).stop
2024-02-20T07:55:17.380 INFO:teuthology.orchestra.run.smithi123.stdout:/usr/bin/ceph: stderr
2024-02-20T07:55:16.808+0000 7f0be512a700 1 --2- 172.21.15.123:0/4257702587 >> [v2:172.21.15.123:3300/0,v1:172.21.15.123:6789/0] conn(0x7f0be0101670 0x7f0be01136e0 unknown :-1 s=CLOSED pgs=23 cs=0 l=1 rev1=1 crypto rx=0 tx=0 comp rx=0 tx=0).stop
2024-02-20T07:55:17.380 INFO:teuthology.orchestra.run.smithi123.stdout:/usr/bin/ceph: stderr
2024-02-20T07:55:16.808+0000 7f0be512a700 1 -- 172.21.15.123:0/4257702587 >> 172.21.15.123:0/4257702587 conn(0x7f0be00fcdd0 msgr2=0x7f0be00ff1d0 unknown :-1 s=STATE_NONE l=0).mark_down
2024-02-20T07:55:17.381 INFO:teuthology.orchestra.run.smithi123.stdout:/usr/bin/ceph: stderr
2024-02-20T07:55:16.808+0000 7f0be512a700 1 -- 172.21.15.123:0/4257702587 shutdown_connections
2024-02-20T07:55:17.381 INFO:teuthology.orchestra.run.smithi123.stdout:/usr/bin/ceph: stderr
2024-02-20T07:55:16.808+0000 7f0be512a700 1 -- 172.21.15.123:0/4257702587 wait complete.
2024-02-20T07:55:17.998 INFO:journalctl@ceph.mon.smithi123.smithi123.stdout:Feb 20 07:55:17 smithi123 ceph-mon[29383]: from='client.? 172.21.15.123:0/4257702587' entity='client.admin' cmd='[{"prefix": "mgr module enable", "module": "cephadm"}]': finished
2024-02-20T07:55:17.998 INFO:journalctl@ceph.mon.smithi123.smithi123.stdout:Feb 20 07:55:17 smithi123 ceph-mon[29383]: mgrmap e5: smithi123.kwyrtl(active, since 6s)
2024-02-20T07:55:18.617 INFO:teuthology.orchestra.run.smithi123.stdout:/usr/bin/ceph: stdout {
2024-02-20T07:55:18.618 INFO:teuthology.orchestra.run.smithi123.stdout:/usr/bin/ceph: stdout "epoch": 5,
2024-02-20T07:55:18.618 INFO:teuthology.orchestra.run.smithi123.stdout:/usr/bin/ceph: stdout "available": true,
2024-02-20T07:55:18.618 INFO:teuthology.orchestra.run.smithi123.stdout:/usr/bin/ceph: stdout "active_name": "smithi123.kwyrtl",
2024-02-20T07:55:18.618 INFO:teuthology.orchestra.run.smithi123.stdout:/usr/bin/ceph: stdout "num_standby": 0
2024-02-20T07:55:18.618 INFO:teuthology.orchestra.run.smithi123.stdout:/usr/bin/ceph: stdout }
2024-02-20T07:55:18.618 INFO:teuthology.orchestra.run.smithi123.stdout:/usr/bin/ceph: stderr
2024-02-20T07:55:17.790+0000 7fa20ab0a700 1 Processor -- start
2024-02-20T07:55:18.618 INFO:teuthology.orchestra.run.smithi123.stdout:/usr/bin/ceph: stderr
2024-02-20T07:55:17.790+0000 7fa20ab0a700 1 -- start start
2024-02-20T07:55:18.618 INFO:teuthology.orchestra.run.smithi123.stdout:/usr/bin/ceph: stderr
2024-02-20T07:55:17.790+0000 7fa20ab0a700 1 --2- >> [v2:172.21.15.123:3300/0,v1:172.21.15.123:6789/0] conn(0x7fa204076c20 0x7fa204105380 unknown :-1 s=NONE pgs=0 cs=0 l=0 rev1=0 crypto rx=0 tx=0 comp rx=0 tx=0).connect
2024-02-20T07:55:18.618 INFO:teuthology.orchestra.run.smithi123.stdout:/usr/bin/ceph: stderr
2024-02-20T07:55:17.790+0000 7fa20ab0a700 1 -- --> [v2:172.21.15.123:3300/0,v1:172.21.15.123:6789/0] -- mon_getmap magic: 0 v1 -- 0x7fa2041058c0 con 0x7fa204076c20
2024-02-20T07:55:18.618 INFO:teuthology.orchestra.run.smithi123.stdout:/usr/bin/ceph: stderr
2024-02-20T07:55:17.790+0000 7fa2088a6700 1 --2- >> [v2:172.21.15.123:3300/0,v1:172.21.15.123:6789/0] conn(0x7fa204076c20 0x7fa204105380 unknown :-1 s=BANNER_CONNECTING pgs=0 cs=0 l=0 rev1=0 crypto rx=0 tx=0 comp rx=0 tx=0)._handle_peer_banner_payload supported=3 required=0
2024-02-20T07:55:18.618 INFO:teuthology.orchestra.run.smithi123.stdout:/usr/bin/ceph: stderr
2024-02-20T07:55:17.790+0000 7fa2088a6700 1 --2- >> [v2:172.21.15.123:3300/0,v1:172.21.15.123:6789/0] conn(0x7fa204076c20 0x7fa204105380 unknown :-1 s=HELLO_CONNECTING pgs=0 cs=0 l=0 rev1=1 crypto rx=0 tx=0 comp rx=0 tx=0).handle_hello peer v2:172.21.15.123:3300/0 says I am v2:172.21.15.123:59664/0 (socket says 172.21.15.123:59664)
2024-02-20T07:55:18.618 INFO:teuthology.orchestra.run.smithi123.stdout:/usr/bin/ceph: stderr
2024-02-20T07:55:17.790+0000 7fa2088a6700 1 -- 172.21.15.123:0/3996113914 learned_addr learned my addr 172.21.15.123:0/3996113914 (peer_addr_for_me v2:172.21.15.123:0/0)
2024-02-20T07:55:18.618 INFO:teuthology.orchestra.run.smithi123.stdout:/usr/bin/ceph: stderr
2024-02-20T07:55:17.791+0000 7fa2088a6700 1 -- 172.21.15.123:0/3996113914 --> [v2:172.21.15.123:3300/0,v1:172.21.15.123:6789/0] -- mon_subscribe({config=0+,monmap=0+}) v3 -- 0x7fa204105a00 con 0x7fa204076c20
2024-02-20T07:55:18.619 INFO:teuthology.orchestra.run.smithi123.stdout:/usr/bin/ceph: stderr
2024-02-20T07:55:17.791+0000 7fa2088a6700 1 --2- 172.21.15.123:0/3996113914 >> [v2:172.21.15.123:3300/0,v1:172.21.15.123:6789/0] conn(0x7fa204076c20 0x7fa204105380 secure :-1 s=READY pgs=26 cs=0 l=1 rev1=1 crypto rx=0x7fa1f80098e0 tx=0x7fa1f8009250 comp rx=0 tx=0).ready entity=mon.0 client_cookie=517d597c3307ac07 server_cookie=0 in_seq=0 out_seq=0
2024-02-20T07:55:18.619 INFO:teuthology.orchestra.run.smithi123.stdout:/usr/bin/ceph: stderr
2024-02-20T07:55:17.791+0000 7fa2037fe700 1 -- 172.21.15.123:0/3996113914 <== mon.0 v2:172.21.15.123:3300/0 1 ==== mon_map magic: 0 v1 ==== 229+0+0 (secure 0 0 0) 0x7fa1f800b860 con 0x7fa204076c20
2024-02-20T07:55:18.619 INFO:teuthology.orchestra.run.smithi123.stdout:/usr/bin/ceph: stderr
2024-02-20T07:55:17.791+0000 7fa2037fe700 1 -- 172.21.15.123:0/3996113914 <== mon.0 v2:172.21.15.123:3300/0 2 ==== config(27 keys) v1 ==== 1044+0+0 (secure 0 0 0) 0x7fa1f800be50 con 0x7fa204076c20
2024-02-20T07:55:18.619 INFO:teuthology.orchestra.run.smithi123.stdout:/usr/bin/ceph: stderr
2024-02-20T07:55:17.791+0000 7fa2037fe700 1 -- 172.21.15.123:0/3996113914 <== mon.0 v2:172.21.15.123:3300/0 3 ==== mon_map magic: 0 v1 ==== 229+0+0 (secure 0 0 0) 0x7fa1f8010380 con 0x7fa204076c20
2024-02-20T07:55:18.619 INFO:teuthology.orchestra.run.smithi123.stdout:/usr/bin/ceph: stderr
2024-02-20T07:55:17.792+0000 7fa20ab0a700 1 -- 172.21.15.123:0/3996113914 >> [v2:172.21.15.123:3300/0,v1:172.21.15.123:6789/0] conn(0x7fa204076c20 msgr2=0x7fa204105380 secure :-1 s=STATE_CONNECTION_ESTABLISHED l=1).mark_down
2024-02-20T07:55:18.619 INFO:teuthology.orchestra.run.smithi123.stdout:/usr/bin/ceph: stderr
2024-02-20T07:55:17.792+0000 7fa20ab0a700 1 --2- 172.21.15.123:0/3996113914 >> [v2:172.21.15.123:3300/0,v1:172.21.15.123:6789/0] conn(0x7fa204076c20 0x7fa204105380 secure :-1 s=READY pgs=26 cs=0 l=1 rev1=1 crypto rx=0x7fa1f80098e0 tx=0x7fa1f8009250 comp rx=0 tx=0).stop
2024-02-20T07:55:18.619 INFO:teuthology.orchestra.run.smithi123.stdout:/usr/bin/ceph: stderr
2024-02-20T07:55:17.792+0000 7fa20ab0a700 1 -- 172.21.15.123:0/3996113914 shutdown_connections
2024-02-20T07:55:18.619 INFO:teuthology.orchestra.run.smithi123.stdout:/usr/bin/ceph: stderr
2024-02-20T07:55:17.792+0000 7fa20ab0a700 1 --2- 172.21.15.123:0/3996113914 >> [v2:172.21.15.123:3300/0,v1:172.21.15.123:6789/0] conn(0x7fa204076c20 0x7fa204105380 unknown :-1 s=CLOSED pgs=26 cs=0 l=1 rev1=1 crypto rx=0 tx=0 comp rx=0 tx=0).stop
2024-02-20T07:55:18.619 INFO:teuthology.orchestra.run.smithi123.stdout:/usr/bin/ceph: stderr
2024-02-20T07:55:17.792+0000 7fa20ab0a700 1 -- 172.21.15.123:0/3996113914 >> 172.21.15.123:0/3996113914 conn(0x7fa2040fcdd0 msgr2=0x7fa2040ff200 unknown :-1 s=STATE_NONE l=0).mark_down
2024-02-20T07:55:18.619 INFO:teuthology.orchestra.run.smithi123.stdout:/usr/bin/ceph: stderr
2024-02-20T07:55:17.792+0000 7fa20ab0a700 1 -- 172.21.15.123:0/3996113914 shutdown_connections
2024-02-20T07:55:18.619 INFO:teuthology.orchestra.run.smithi123.stdout:/usr/bin/ceph: stderr
2024-02-20T07:55:17.792+0000 7fa20ab0a700 1 -- 172.21.15.123:0/3996113914 wait complete.
2024-02-20T07:55:18.619 INFO:teuthology.orchestra.run.smithi123.stdout:/usr/bin/ceph: stderr
2024-02-20T07:55:17.792+0000 7fa20ab0a700 1 Processor -- start
2024-02-20T07:55:18.619 INFO:teuthology.orchestra.run.smithi123.stdout:/usr/bin/ceph: stderr
2024-02-20T07:55:17.792+0000 7fa20ab0a700 1 -- start start
2024-02-20T07:55:18.619 INFO:teuthology.orchestra.run.smithi123.stdout:/usr/bin/ceph: stderr
2024-02-20T07:55:17.793+0000 7fa20ab0a700 1 --2- >> [v2:172.21.15.123:3300/0,v1:172.21.15.123:6789/0] conn(0x7fa204076c20 0x7fa204111520 unknown :-1 s=NONE pgs=0 cs=0 l=1 rev1=0 crypto rx=0 tx=0 comp rx=0 tx=0).connect
2024-02-20T07:55:18.619 INFO:teuthology.orchestra.run.smithi123.stdout:/usr/bin/ceph: stderr
2024-02-20T07:55:17.793+0000 7fa20ab0a700 1 -- --> [v2:172.21.15.123:3300/0,v1:172.21.15.123:6789/0] -- mon_getmap magic: 0 v1 -- 0x7fa204111a60 con 0x7fa204076c20
2024-02-20T07:55:18.620 INFO:teuthology.orchestra.run.smithi123.stdout:/usr/bin/ceph: stderr
2024-02-20T07:55:17.793+0000 7fa2088a6700 1 --2- >> [v2:172.21.15.123:3300/0,v1:172.21.15.123:6789/0] conn(0x7fa204076c20 0x7fa204111520 unknown :-1 s=BANNER_CONNECTING pgs=0 cs=0 l=1 rev1=0 crypto rx=0 tx=0 comp rx=0 tx=0)._handle_peer_banner_payload supported=3 required=0
2024-02-20T07:55:18.620 INFO:teuthology.orchestra.run.smithi123.stdout:/usr/bin/ceph: stderr
2024-02-20T07:55:17.793+0000 7fa2088a6700 1 --2- >> [v2:172.21.15.123:3300/0,v1:172.21.15.123:6789/0] conn(0x7fa204076c20 0x7fa204111520 unknown :-1 s=HELLO_CONNECTING pgs=0 cs=0 l=1 rev1=1 crypto rx=0 tx=0 comp rx=0 tx=0).handle_hello peer v2:172.21.15.123:3300/0 says I am v2:172.21.15.123:59672/0 (socket says 172.21.15.123:59672)
2024-02-20T07:55:18.620 INFO:teuthology.orchestra.run.smithi123.stdout:/usr/bin/ceph: stderr
2024-02-20T07:55:17.793+0000 7fa2088a6700 1 -- 172.21.15.123:0/3207490198 learned_addr learned my addr 172.21.15.123:0/3207490198 (peer_addr_for_me v2:172.21.15.123:0/0)
2024-02-20T07:55:18.620 INFO:teuthology.orchestra.run.smithi123.stdout:/usr/bin/ceph: stderr
2024-02-20T07:55:17.793+0000 7fa2088a6700 1 -- 172.21.15.123:0/3207490198 --> [v2:172.21.15.123:3300/0,v1:172.21.15.123:6789/0] -- mon_subscribe({config=0+,monmap=0+}) v3 -- 0x7fa1f80094f0 con 0x7fa204076c20
2024-02-20T07:55:18.620 INFO:teuthology.orchestra.run.smithi123.stdout:/usr/bin/ceph: stderr
2024-02-20T07:55:17.793+0000 7fa2088a6700 1 --2- 172.21.15.123:0/3207490198 >> [v2:172.21.15.123:3300/0,v1:172.21.15.123:6789/0] conn(0x7fa204076c20 0x7fa204111520 secure :-1 s=READY pgs=27 cs=0 l=1 rev1=1 crypto rx=0x7fa1f8006d40 tx=0x7fa1f8009250 comp rx=0 tx=0).ready entity=mon.0 client_cookie=0 server_cookie=0 in_seq=0 out_seq=0
2024-02-20T07:55:18.620 INFO:teuthology.orchestra.run.smithi123.stdout:/usr/bin/ceph: stderr
2024-02-20T07:55:17.793+0000 7fa2017fa700 1 -- 172.21.15.123:0/3207490198 <== mon.0 v2:172.21.15.123:3300/0 1 ==== mon_map magic: 0 v1 ==== 229+0+0 (secure 0 0 0) 0x7fa1f8010760 con 0x7fa204076c20
2024-02-20T07:55:18.620 INFO:teuthology.orchestra.run.smithi123.stdout:/usr/bin/ceph: stderr
2024-02-20T07:55:17.793+0000 7fa20ab0a700 1 -- 172.21.15.123:0/3207490198 --> [v2:172.21.15.123:3300/0,v1:172.21.15.123:6789/0] -- mon_subscribe({mgrmap=0+}) v3 -- 0x7fa204111c60 con 0x7fa204076c20
2024-02-20T07:55:18.620 INFO:teuthology.orchestra.run.smithi123.stdout:/usr/bin/ceph: stderr
2024-02-20T07:55:17.793+0000 7fa2017fa700 1 -- 172.21.15.123:0/3207490198 <== mon.0 v2:172.21.15.123:3300/0 2 ==== config(27 keys) v1 ==== 1044+0+0 (secure 0 0 0) 0x7fa1f8010d50 con 0x7fa204076c20
2024-02-20T07:55:18.620 INFO:teuthology.orchestra.run.smithi123.stdout:/usr/bin/ceph: stderr
2024-02-20T07:55:17.793+0000 7fa2017fa700 1 -- 172.21.15.123:0/3207490198 <== mon.0 v2:172.21.15.123:3300/0 3 ==== mon_map magic: 0 v1 ==== 229+0+0 (secure 0 0 0) 0x7fa1f8024d20 con 0x7fa204076c20
2024-02-20T07:55:18.620 INFO:teuthology.orchestra.run.smithi123.stdout:/usr/bin/ceph: stderr
2024-02-20T07:55:17.793+0000 7fa20ab0a700 1 -- 172.21.15.123:0/3207490198 --> [v2:172.21.15.123:3300/0,v1:172.21.15.123:6789/0] -- mon_subscribe({osdmap=0}) v3 -- 0x7fa204112900 con 0x7fa204076c20
2024-02-20T07:55:18.620 INFO:teuthology.orchestra.run.smithi123.stdout:/usr/bin/ceph: stderr
2024-02-20T07:55:17.794+0000 7fa2017fa700 1 -- 172.21.15.123:0/3207490198 <== mon.0 v2:172.21.15.123:3300/0 4 ==== mgrmap(e 5) v1 ==== 43368+0+0 (secure 0 0 0) 0x7fa1f801a450 con 0x7fa204076c20
2024-02-20T07:55:18.620 INFO:teuthology.orchestra.run.smithi123.stdout:/usr/bin/ceph: stderr
2024-02-20T07:55:17.794+0000 7fa20ab0a700 1 -- 172.21.15.123:0/3207490198 --> [v2:172.21.15.123:3300/0,v1:172.21.15.123:6789/0] -- mon_command({"prefix": "get_command_descriptions"} v 0) v1 -- 0x7fa20405f5c0 con 0x7fa204076c20
2024-02-20T07:55:18.620 INFO:teuthology.orchestra.run.smithi123.stdout:/usr/bin/ceph: stderr
2024-02-20T07:55:17.794+0000 7fa2017fa700 1 --2- 172.21.15.123:0/3207490198 >> [v2:172.21.15.123:6800/1899432870,v1:172.21.15.123:6801/1899432870] conn(0x7fa1f40367e0 0x7fa1f4038c90 unknown :-1 s=NONE pgs=0 cs=0 l=1 rev1=0 crypto rx=0 tx=0 comp rx=0 tx=0).connect
2024-02-20T07:55:18.621 INFO:teuthology.orchestra.run.smithi123.stdout:/usr/bin/ceph: stderr
2024-02-20T07:55:17.795+0000 7fa2017fa700 1 -- 172.21.15.123:0/3207490198 <== mon.0 v2:172.21.15.123:3300/0 5 ==== osd_map(1..1 src has 1..1) v4 ==== 721+0+0 (secure 0 0 0) 0x7fa1f804a830 con 0x7fa204076c20
2024-02-20T07:55:18.621 INFO:teuthology.orchestra.run.smithi123.stdout:/usr/bin/ceph: stderr
2024-02-20T07:55:17.795+0000 7fa203fff700 1 -- 172.21.15.123:0/3207490198 >> [v2:172.21.15.123:6800/1899432870,v1:172.21.15.123:6801/1899432870] conn(0x7fa1f40367e0 msgr2=0x7fa1f4038c90 unknown :-1 s=STATE_CONNECTING_RE l=1).process reconnect failed to v2:172.21.15.123:6800/1899432870
2024-02-20T07:55:18.621 INFO:teuthology.orchestra.run.smithi123.stdout:/usr/bin/ceph: stderr
2024-02-20T07:55:17.795+0000 7fa203fff700 1 --2- 172.21.15.123:0/3207490198 >> [v2:172.21.15.123:6800/1899432870,v1:172.21.15.123:6801/1899432870] conn(0x7fa1f40367e0 0x7fa1f4038c90 unknown :-1 s=START_CONNECT pgs=0 cs=0 l=1 rev1=0 crypto rx=0 tx=0 comp rx=0 tx=0)._fault waiting 0.200000
2024-02-20T07:55:18.621 INFO:teuthology.orchestra.run.smithi123.stdout:/usr/bin/ceph: stderr
2024-02-20T07:55:17.799+0000 7fa2017fa700 1 -- 172.21.15.123:0/3207490198 <== mon.0 v2:172.21.15.123:3300/0 6 ==== mon_command_ack([{"prefix": "get_command_descriptions"}]=0 v0) v1 ==== 72+0+175031 (secure 0 0 0) 0x7fa1f8018940 con 0x7fa204076c20
2024-02-20T07:55:18.621 INFO:teuthology.orchestra.run.smithi123.stdout:/usr/bin/ceph: stderr
2024-02-20T07:55:17.996+0000 7fa203fff700 1 -- 172.21.15.123:0/3207490198 >> [v2:172.21.15.123:6800/1899432870,v1:172.21.15.123:6801/1899432870] conn(0x7fa1f40367e0 msgr2=0x7fa1f4038c90 unknown :-1 s=STATE_CONNECTING_RE l=1).process reconnect failed to v2:172.21.15.123:6800/1899432870
2024-02-20T07:55:18.621 INFO:teuthology.orchestra.run.smithi123.stdout:/usr/bin/ceph: stderr
2024-02-20T07:55:17.996+0000 7fa203fff700 1 --2- 172.21.15.123:0/3207490198 >> [v2:172.21.15.123:6800/1899432870,v1:172.21.15.123:6801/1899432870] conn(0x7fa1f40367e0 0x7fa1f4038c90 unknown :-1 s=START_CONNECT pgs=0 cs=0 l=1 rev1=0 crypto rx=0 tx=0 comp rx=0 tx=0)._fault waiting 0.400000
2024-02-20T07:55:18.621 INFO:teuthology.orchestra.run.smithi123.stdout:/usr/bin/ceph: stderr
2024-02-20T07:55:18.038+0000 7fa20ab0a700 1 -- 172.21.15.123:0/3207490198 --> [v2:172.21.15.123:3300/0,v1:172.21.15.123:6789/0] -- mon_command({"prefix": "mgr stat"} v 0) v1 -- 0x7fa204112c40 con 0x7fa204076c20
2024-02-20T07:55:18.621 INFO:teuthology.orchestra.run.smithi123.stdout:/usr/bin/ceph: stderr
2024-02-20T07:55:18.039+0000 7fa2017fa700 1 -- 172.21.15.123:0/3207490198 <== mon.0 v2:172.21.15.123:3300/0 7 ==== mon_command_ack([{"prefix": "mgr stat"}]=0 v5) v1 ==== 56+0+103 (secure 0 0 0) 0x7fa1f8018350 con 0x7fa204076c20
2024-02-20T07:55:18.621 INFO:teuthology.orchestra.run.smithi123.stdout:/usr/bin/ceph: stderr
2024-02-20T07:55:18.040+0000 7fa20ab0a700 1 -- 172.21.15.123:0/3207490198 >> [v2:172.21.15.123:6800/1899432870,v1:172.21.15.123:6801/1899432870] conn(0x7fa1f40367e0 msgr2=0x7fa1f4038c90 unknown :-1 s=STATE_CONNECTING l=1).mark_down
2024-02-20T07:55:18.621 INFO:teuthology.orchestra.run.smithi123.stdout:/usr/bin/ceph: stderr
2024-02-20T07:55:18.040+0000 7fa20ab0a700 1 --2- 172.21.15.123:0/3207490198 >> [v2:172.21.15.123:6800/1899432870,v1:172.21.15.123:6801/1899432870] conn(0x7fa1f40367e0 0x7fa1f4038c90 unknown :-1 s=START_CONNECT pgs=0 cs=0 l=1 rev1=0 crypto rx=0 tx=0 comp rx=0 tx=0).stop
2024-02-20T07:55:18.621 INFO:teuthology.orchestra.run.smithi123.stdout:/usr/bin/ceph: stderr
2024-02-20T07:55:18.040+0000 7fa20ab0a700 1 -- 172.21.15.123:0/3207490198 >> [v2:172.21.15.123:3300/0,v1:172.21.15.123:6789/0] conn(0x7fa204076c20 msgr2=0x7fa204111520 secure :-1 s=STATE_CONNECTION_ESTABLISHED l=1).mark_down
2024-02-20T07:55:18.621 INFO:teuthology.orchestra.run.smithi123.stdout:/usr/bin/ceph: stderr
2024-02-20T07:55:18.040+0000 7fa20ab0a700 1 --2- 172.21.15.123:0/3207490198 >> [v2:172.21.15.123:3300/0,v1:172.21.15.123:6789/0] conn(0x7fa204076c20 0x7fa204111520 secure :-1 s=READY pgs=27 cs=0 l=1 rev1=1 crypto rx=0x7fa1f8006d40 tx=0x7fa1f8009250 comp rx=0 tx=0).stop
2024-02-20T07:55:18.621 INFO:teuthology.orchestra.run.smithi123.stdout:/usr/bin/ceph: stderr
2024-02-20T07:55:18.041+0000 7fa20ab0a700 1 -- 172.21.15.123:0/3207490198 shutdown_connections
2024-02-20T07:55:18.621 INFO:teuthology.orchestra.run.smithi123.stdout:/usr/bin/ceph: stderr
2024-02-20T07:55:18.041+0000 7fa20ab0a700 1 --2- 172.21.15.123:0/3207490198 >> [v2:172.21.15.123:6800/1899432870,v1:172.21.15.123:6801/1899432870] conn(0x7fa1f40367e0 0x7fa1f4038c90 unknown :-1 s=CLOSED pgs=0 cs=0 l=1 rev1=0 crypto rx=0 tx=0 comp rx=0 tx=0).stop
2024-02-20T07:55:18.621 INFO:teuthology.orchestra.run.smithi123.stdout:/usr/bin/ceph: stderr
2024-02-20T07:55:18.041+0000 7fa20ab0a700 1 --2- 172.21.15.123:0/3207490198 >> [v2:172.21.15.123:3300/0,v1:172.21.15.123:6789/0] conn(0x7fa204076c20 0x7fa204111520 unknown :-1 s=CLOSED pgs=27 cs=0 l=1 rev1=1 crypto rx=0 tx=0 comp rx=0 tx=0).stop
2024-02-20T07:55:18.622 INFO:teuthology.orchestra.run.smithi123.stdout:/usr/bin/ceph: stderr
2024-02-20T07:55:18.041+0000 7fa20ab0a700 1 -- 172.21.15.123:0/3207490198 >> 172.21.15.123:0/3207490198 conn(0x7fa2040fcdd0 msgr2=0x7fa2040fe4a0 unknown :-1 s=STATE_NONE l=0).mark_down
2024-02-20T07:55:18.622 INFO:teuthology.orchestra.run.smithi123.stdout:/usr/bin/ceph: stderr
2024-02-20T07:55:18.041+0000 7fa20ab0a700 1 -- 172.21.15.123:0/3207490198 shutdown_connections
2024-02-20T07:55:18.622 INFO:teuthology.orchestra.run.smithi123.stdout:/usr/bin/ceph: stderr
2024-02-20T07:55:18.041+0000 7fa20ab0a700 1 -- 172.21.15.123:0/3207490198 wait complete.
2024-02-20T07:55:18.622 INFO:teuthology.orchestra.run.smithi123.stdout:Waiting for the mgr to restart...
2024-02-20T07:55:18.622 INFO:teuthology.orchestra.run.smithi123.stdout:Waiting for mgr epoch 5...
2024-02-20T07:55:18.860 INFO:journalctl@ceph.mon.smithi123.smithi123.stdout:Feb 20 07:55:18 smithi123 ceph-mon[29383]: from='client.? 172.21.15.123:0/3207490198' entity='client.admin' cmd=[{"prefix": "mgr stat"}]: dispatch
2024-02-20T07:55:23.759 INFO:journalctl@ceph.mon.smithi123.smithi123.stdout:Feb 20 07:55:23 smithi123 ceph-mon[29383]: Active manager daemon smithi123.kwyrtl restarted
2024-02-20T07:55:23.759 INFO:journalctl@ceph.mon.smithi123.smithi123.stdout:Feb 20 07:55:23 smithi123 ceph-mon[29383]: Activating manager daemon smithi123.kwyrtl
2024-02-20T07:55:23.759 INFO:journalctl@ceph.mon.smithi123.smithi123.stdout:Feb 20 07:55:23 smithi123 ceph-mon[29383]: osdmap e2: 0 total, 0 up, 0 in
2024-02-20T07:55:23.759 INFO:journalctl@ceph.mon.smithi123.smithi123.stdout:Feb 20 07:55:23 smithi123 ceph-mon[29383]: mgrmap e6: smithi123.kwyrtl(active, starting, since 0.00296984s)
2024-02-20T07:55:23.759 INFO:journalctl@ceph.mon.smithi123.smithi123.stdout:Feb 20 07:55:23 smithi123 ceph-mon[29383]: from='mgr.14120 172.21.15.123:0/924187596' entity='mgr.smithi123.kwyrtl' cmd=[{"prefix": "mon metadata", "id": "smithi123"}]: dispatch
2024-02-20T07:55:23.759 INFO:journalctl@ceph.mon.smithi123.smithi123.stdout:Feb 20 07:55:23 smithi123 ceph-mon[29383]: from='mgr.14120 172.21.15.123:0/924187596' entity='mgr.smithi123.kwyrtl' cmd=[{"prefix": "mgr metadata", "who": "smithi123.kwyrtl", "id": "smithi123.kwyrtl"}]: dispatch
2024-02-20T07:55:23.759 INFO:journalctl@ceph.mon.smithi123.smithi123.stdout:Feb 20 07:55:23 smithi123 ceph-mon[29383]: from='mgr.14120 172.21.15.123:0/924187596' entity='mgr.smithi123.kwyrtl' cmd=[{"prefix": "mds metadata"}]: dispatch
2024-02-20T07:55:23.760 INFO:journalctl@ceph.mon.smithi123.smithi123.stdout:Feb 20 07:55:23 smithi123 ceph-mon[29383]: from='mgr.14120 172.21.15.123:0/924187596' entity='mgr.smithi123.kwyrtl' cmd=[{"prefix": "osd metadata"}]: dispatch
2024-02-20T07:55:23.760 INFO:journalctl@ceph.mon.smithi123.smithi123.stdout:Feb 20 07:55:23 smithi123 ceph-mon[29383]: from='mgr.14120 172.21.15.123:0/924187596' entity='mgr.smithi123.kwyrtl' cmd=[{"prefix": "mon metadata"}]: dispatch
2024-02-20T07:55:23.760 INFO:journalctl@ceph.mon.smithi123.smithi123.stdout:Feb 20 07:55:23 smithi123 ceph-mon[29383]: Manager daemon smithi123.kwyrtl is now available
2024-02-20T07:55:23.760 INFO:journalctl@ceph.mon.smithi123.smithi123.stdout:Feb 20 07:55:23 smithi123 ceph-mon[29383]: from='mgr.14120 172.21.15.123:0/924187596' entity='mgr.smithi123.kwyrtl'
2024-02-20T07:55:23.760 INFO:journalctl@ceph.mon.smithi123.smithi123.stdout:Feb 20 07:55:23 smithi123 ceph-mon[29383]: from='mgr.14120 172.21.15.123:0/924187596' entity='mgr.smithi123.kwyrtl'
2024-02-20T07:55:23.760 INFO:journalctl@ceph.mon.smithi123.smithi123.stdout:Feb 20 07:55:23 smithi123 ceph-mon[29383]: from='mgr.14120 172.21.15.123:0/924187596' entity='mgr.smithi123.kwyrtl' cmd=[{"prefix": "config dump", "format": "json"}]: dispatch
2024-02-20T07:55:23.760 INFO:journalctl@ceph.mon.smithi123.smithi123.stdout:Feb 20 07:55:23 smithi123 ceph-mon[29383]: from='mgr.14120 172.21.15.123:0/924187596' entity='mgr.smithi123.kwyrtl' cmd=[{"prefix": "config dump", "format": "json"}]: dispatch
2024-02-20T07:55:23.760 INFO:journalctl@ceph.mon.smithi123.smithi123.stdout:Feb 20 07:55:23 smithi123 ceph-mon[29383]: from='mgr.14120 172.21.15.123:0/924187596' entity='mgr.smithi123.kwyrtl' cmd=[{"prefix": "config dump", "format": "json"}]: dispatch
2024-02-20T07:55:24.606 INFO:journalctl@ceph.mon.smithi123.smithi123.stdout:Feb 20 07:55:24 smithi123 ceph-mon[29383]: Found migration_current of "None". Setting to last migration.
2024-02-20T07:55:24.606 INFO:journalctl@ceph.mon.smithi123.smithi123.stdout:Feb 20 07:55:24 smithi123 ceph-mon[29383]: from='mgr.14120 172.21.15.123:0/924187596' entity='mgr.smithi123.kwyrtl' cmd=[{"prefix":"config rm","who":"mgr","name":"mgr/rbd_support/smithi123.kwyrtl/mirror_snapshot_schedule"}]: dispatch
2024-02-20T07:55:24.606 INFO:journalctl@ceph.mon.smithi123.smithi123.stdout:Feb 20 07:55:24 smithi123 ceph-mon[29383]: from='mgr.14120 172.21.15.123:0/924187596' entity='mgr.smithi123.kwyrtl' cmd=[{"prefix":"config rm","who":"mgr","name":"mgr/rbd_support/smithi123.kwyrtl/trash_purge_schedule"}]: dispatch
2024-02-20T07:55:24.606 INFO:journalctl@ceph.mon.smithi123.smithi123.stdout:Feb 20 07:55:24 smithi123 ceph-mon[29383]: mgrmap e7: smithi123.kwyrtl(active, since 1.00518s)
2024-02-20T07:55:24.607 INFO:journalctl@ceph.mon.smithi123.smithi123.stdout:Feb 20 07:55:24 smithi123 ceph-mon[29383]: from='mgr.14120 172.21.15.123:0/924187596' entity='mgr.smithi123.kwyrtl'
2024-02-20T07:55:24.917 INFO:teuthology.orchestra.run.smithi123.stdout:/usr/bin/ceph: stdout {
2024-02-20T07:55:24.917 INFO:teuthology.orchestra.run.smithi123.stdout:/usr/bin/ceph: stdout "mgrmap_epoch": 7,
2024-02-20T07:55:24.917 INFO:teuthology.orchestra.run.smithi123.stdout:/usr/bin/ceph: stdout "initialized": true
2024-02-20T07:55:24.917 INFO:teuthology.orchestra.run.smithi123.stdout:/usr/bin/ceph: stdout }
2024-02-20T07:55:24.917 INFO:teuthology.orchestra.run.smithi123.stdout:/usr/bin/ceph: stderr
2024-02-20T07:55:19.031+0000 7ff3a4a35700 1 Processor -- start
2024-02-20T07:55:24.917 INFO:teuthology.orchestra.run.smithi123.stdout:/usr/bin/ceph: stderr
2024-02-20T07:55:19.031+0000 7ff3a4a35700 1 -- start start
2024-02-20T07:55:24.917 INFO:teuthology.orchestra.run.smithi123.stdout:/usr/bin/ceph: stderr
2024-02-20T07:55:19.032+0000 7ff3a4a35700 1 --2- >> [v2:172.21.15.123:3300/0,v1:172.21.15.123:6789/0] conn(0x7ff3a0102770 0x7ff3a0102b80 unknown :-1 s=NONE pgs=0 cs=0 l=0 rev1=0 crypto rx=0 tx=0 comp rx=0 tx=0).connect
2024-02-20T07:55:24.917 INFO:teuthology.orchestra.run.smithi123.stdout:/usr/bin/ceph: stderr
2024-02-20T07:55:19.032+0000 7ff3a4a35700 1 -- --> [v2:172.21.15.123:3300/0,v1:172.21.15.123:6789/0] -- mon_getmap magic: 0 v1 -- 0x7ff3a01030c0 con 0x7ff3a0102770
2024-02-20T07:55:24.917 INFO:teuthology.orchestra.run.smithi123.stdout:/usr/bin/ceph: stderr
2024-02-20T07:55:19.032+0000 7ff39e59c700 1 --2- >> [v2:172.21.15.123:3300/0,v1:172.21.15.123:6789/0] conn(0x7ff3a0102770 0x7ff3a0102b80 unknown :-1 s=BANNER_CONNECTING pgs=0 cs=0 l=0 rev1=0 crypto rx=0 tx=0 comp rx=0 tx=0)._handle_peer_banner_payload supported=3 required=0
2024-02-20T07:55:24.917 INFO:teuthology.orchestra.run.smithi123.stdout:/usr/bin/ceph: stderr
2024-02-20T07:55:19.032+0000 7ff39e59c700 1 --2- >> [v2:172.21.15.123:3300/0,v1:172.21.15.123:6789/0] conn(0x7ff3a0102770 0x7ff3a0102b80 unknown :-1 s=HELLO_CONNECTING pgs=0 cs=0 l=0 rev1=1 crypto rx=0 tx=0 comp rx=0 tx=0).handle_hello peer v2:172.21.15.123:3300/0 says I am v2:172.21.15.123:38698/0 (socket says 172.21.15.123:38698)
2024-02-20T07:55:24.917 INFO:teuthology.orchestra.run.smithi123.stdout:/usr/bin/ceph: stderr
2024-02-20T07:55:19.032+0000 7ff39e59c700 1 -- 172.21.15.123:0/58278051 learned_addr learned my addr 172.21.15.123:0/58278051 (peer_addr_for_me v2:172.21.15.123:0/0)
2024-02-20T07:55:24.917 INFO:teuthology.orchestra.run.smithi123.stdout:/usr/bin/ceph: stderr
2024-02-20T07:55:19.032+0000 7ff39e59c700 1 -- 172.21.15.123:0/58278051 --> [v2:172.21.15.123:3300/0,v1:172.21.15.123:6789/0] -- mon_subscribe({config=0+,monmap=0+}) v3 -- 0x7ff3a0103200 con 0x7ff3a0102770
2024-02-20T07:55:24.918 INFO:teuthology.orchestra.run.smithi123.stdout:/usr/bin/ceph: stderr
2024-02-20T07:55:19.032+0000 7ff39e59c700 1 --2- 172.21.15.123:0/58278051 >> [v2:172.21.15.123:3300/0,v1:172.21.15.123:6789/0] conn(0x7ff3a0102770 0x7ff3a0102b80 secure :-1 s=READY pgs=28 cs=0 l=1 rev1=1 crypto rx=0x7ff3900098e0 tx=0x7ff390009250 comp rx=0 tx=0).ready entity=mon.0 client_cookie=ad6bdc06d2c7ee1a server_cookie=0 in_seq=0 out_seq=0
2024-02-20T07:55:24.918 INFO:teuthology.orchestra.run.smithi123.stdout:/usr/bin/ceph: stderr
2024-02-20T07:55:19.032+0000 7ff39d59a700 1 -- 172.21.15.123:0/58278051 <== mon.0 v2:172.21.15.123:3300/0 1 ==== mon_map magic: 0 v1 ==== 229+0+0 (secure 0 0 0) 0x7ff39000b860 con 0x7ff3a0102770
2024-02-20T07:55:24.918 INFO:teuthology.orchestra.run.smithi123.stdout:/usr/bin/ceph: stderr
2024-02-20T07:55:19.032+0000 7ff39d59a700 1 -- 172.21.15.123:0/58278051 <== mon.0 v2:172.21.15.123:3300/0 2 ==== config(27 keys) v1 ==== 1044+0+0 (secure 0 0 0) 0x7ff39000be50 con 0x7ff3a0102770
2024-02-20T07:55:24.918 INFO:teuthology.orchestra.run.smithi123.stdout:/usr/bin/ceph: stderr
2024-02-20T07:55:19.032+0000 7ff39d59a700 1 -- 172.21.15.123:0/58278051 <== mon.0 v2:172.21.15.123:3300/0 3 ==== mon_map magic: 0 v1 ==== 229+0+0 (secure 0 0 0) 0x7ff390010380 con 0x7ff3a0102770
2024-02-20T07:55:24.918 INFO:teuthology.orchestra.run.smithi123.stdout:/usr/bin/ceph: stderr
2024-02-20T07:55:19.033+0000 7ff3a4a35700 1 -- 172.21.15.123:0/58278051 >> [v2:172.21.15.123:3300/0,v1:172.21.15.123:6789/0] conn(0x7ff3a0102770 msgr2=0x7ff3a0102b80 secure :-1 s=STATE_CONNECTION_ESTABLISHED l=1).mark_down
2024-02-20T07:55:24.918 INFO:teuthology.orchestra.run.smithi123.stdout:/usr/bin/ceph: stderr
2024-02-20T07:55:19.033+0000 7ff3a4a35700 1 --2- 172.21.15.123:0/58278051 >> [v2:172.21.15.123:3300/0,v1:172.21.15.123:6789/0] conn(0x7ff3a0102770 0x7ff3a0102b80 secure :-1 s=READY pgs=28 cs=0 l=1 rev1=1 crypto rx=0x7ff3900098e0 tx=0x7ff390009250 comp rx=0 tx=0).stop
2024-02-20T07:55:24.918 INFO:teuthology.orchestra.run.smithi123.stdout:/usr/bin/ceph: stderr
2024-02-20T07:55:19.033+0000 7ff3a4a35700 1 -- 172.21.15.123:0/58278051 shutdown_connections
2024-02-20T07:55:24.918 INFO:teuthology.orchestra.run.smithi123.stdout:/usr/bin/ceph: stderr
2024-02-20T07:55:19.033+0000 7ff3a4a35700 1 --2- 172.21.15.123:0/58278051 >> [v2:172.21.15.123:3300/0,v1:172.21.15.123:6789/0] conn(0x7ff3a0102770 0x7ff3a0102b80 unknown :-1 s=CLOSED pgs=28 cs=0 l=1 rev1=1 crypto rx=0 tx=0 comp rx=0 tx=0).stop
2024-02-20T07:55:24.918 INFO:teuthology.orchestra.run.smithi123.stdout:/usr/bin/ceph: stderr
2024-02-20T07:55:19.033+0000 7ff3a4a35700 1 -- 172.21.15.123:0/58278051 >> 172.21.15.123:0/58278051 conn(0x7ff3a00fded0 msgr2=0x7ff3a0100300 unknown :-1 s=STATE_NONE l=0).mark_down
2024-02-20T07:55:24.918 INFO:teuthology.orchestra.run.smithi123.stdout:/usr/bin/ceph: stderr
2024-02-20T07:55:19.033+0000 7ff3a4a35700 1 -- 172.21.15.123:0/58278051 shutdown_connections
2024-02-20T07:55:24.918 INFO:teuthology.orchestra.run.smithi123.stdout:/usr/bin/ceph: stderr
2024-02-20T07:55:19.033+0000 7ff3a4a35700 1 -- 172.21.15.123:0/58278051 wait complete.
2024-02-20T07:55:24.918 INFO:teuthology.orchestra.run.smithi123.stdout:/usr/bin/ceph: stderr
2024-02-20T07:55:19.034+0000 7ff3a4a35700 1 Processor -- start
2024-02-20T07:55:24.918 INFO:teuthology.orchestra.run.smithi123.stdout:/usr/bin/ceph: stderr
2024-02-20T07:55:19.034+0000 7ff3a4a35700 1 -- start start
2024-02-20T07:55:24.918 INFO:teuthology.orchestra.run.smithi123.stdout:/usr/bin/ceph: stderr
2024-02-20T07:55:19.034+0000 7ff3a4a35700 1 --2- >> [v2:172.21.15.123:3300/0,v1:172.21.15.123:6789/0] conn(0x7ff3a0102770 0x7ff3a0111500 unknown :-1 s=NONE pgs=0 cs=0 l=1 rev1=0 crypto rx=0 tx=0 comp rx=0 tx=0).connect
2024-02-20T07:55:24.919 INFO:teuthology.orchestra.run.smithi123.stdout:/usr/bin/ceph: stderr
2024-02-20T07:55:19.034+0000 7ff3a4a35700 1 -- --> [v2:172.21.15.123:3300/0,v1:172.21.15.123:6789/0] -- mon_getmap magic: 0 v1 -- 0x7ff3a0111a40 con 0x7ff3a0102770
2024-02-20T07:55:24.919 INFO:teuthology.orchestra.run.smithi123.stdout:/usr/bin/ceph: stderr
2024-02-20T07:55:19.034+0000 7ff39e59c700 1 --2- >> [v2:172.21.15.123:3300/0,v1:172.21.15.123:6789/0] conn(0x7ff3a0102770 0x7ff3a0111500 unknown :-1 s=BANNER_CONNECTING pgs=0 cs=0 l=1 rev1=0 crypto rx=0 tx=0 comp rx=0 tx=0)._handle_peer_banner_payload supported=3 required=0
2024-02-20T07:55:24.919 INFO:teuthology.orchestra.run.smithi123.stdout:/usr/bin/ceph: stderr
2024-02-20T07:55:19.034+0000 7ff39e59c700 1 --2- >> [v2:172.21.15.123:3300/0,v1:172.21.15.123:6789/0] conn(0x7ff3a0102770 0x7ff3a0111500 unknown :-1 s=HELLO_CONNECTING pgs=0 cs=0 l=1 rev1=1 crypto rx=0 tx=0 comp rx=0 tx=0).handle_hello peer v2:172.21.15.123:3300/0 says I am v2:172.21.15.123:38708/0 (socket says 172.21.15.123:38708)
2024-02-20T07:55:24.919 INFO:teuthology.orchestra.run.smithi123.stdout:/usr/bin/ceph: stderr
2024-02-20T07:55:19.034+0000 7ff39e59c700 1 -- 172.21.15.123:0/1460040611 learned_addr learned my addr 172.21.15.123:0/1460040611 (peer_addr_for_me v2:172.21.15.123:0/0)
2024-02-20T07:55:24.919 INFO:teuthology.orchestra.run.smithi123.stdout:/usr/bin/ceph: stderr
2024-02-20T07:55:19.034+0000 7ff39e59c700 1 -- 172.21.15.123:0/1460040611 --> [v2:172.21.15.123:3300/0,v1:172.21.15.123:6789/0] -- mon_subscribe({config=0+,monmap=0+}) v3 -- 0x7ff3900094f0 con 0x7ff3a0102770
2024-02-20T07:55:24.919 INFO:teuthology.orchestra.run.smithi123.stdout:/usr/bin/ceph: stderr
2024-02-20T07:55:19.034+0000 7ff39e59c700 1 --2- 172.21.15.123:0/1460040611 >> [v2:172.21.15.123:3300/0,v1:172.21.15.123:6789/0] conn(0x7ff3a0102770 0x7ff3a0111500 secure :-1 s=READY pgs=29 cs=0 l=1 rev1=1 crypto rx=0x7ff39000b440 tx=0x7ff390009250 comp rx=0 tx=0).ready entity=mon.0 client_cookie=0 server_cookie=0 in_seq=0 out_seq=0
2024-02-20T07:55:24.919 INFO:teuthology.orchestra.run.smithi123.stdout:/usr/bin/ceph: stderr
2024-02-20T07:55:19.034+0000 7ff38effd700 1 -- 172.21.15.123:0/1460040611 <== mon.0 v2:172.21.15.123:3300/0 1 ==== mon_map magic: 0 v1 ==== 229+0+0 (secure 0 0 0) 0x7ff3900107c0 con 0x7ff3a0102770
2024-02-20T07:55:24.919 INFO:teuthology.orchestra.run.smithi123.stdout:/usr/bin/ceph: stderr
2024-02-20T07:55:19.034+0000 7ff3a4a35700 1 -- 172.21.15.123:0/1460040611 --> [v2:172.21.15.123:3300/0,v1:172.21.15.123:6789/0] -- mon_subscribe({mgrmap=0+}) v3 -- 0x7ff3a0111c40 con 0x7ff3a0102770
2024-02-20T07:55:24.919 INFO:teuthology.orchestra.run.smithi123.stdout:/usr/bin/ceph: stderr
2024-02-20T07:55:19.034+0000 7ff38effd700 1 -- 172.21.15.123:0/1460040611 <== mon.0 v2:172.21.15.123:3300/0 2 ==== config(27 keys) v1 ==== 1044+0+0 (secure 0 0 0) 0x7ff390010db0 con 0x7ff3a0102770
2024-02-20T07:55:24.919 INFO:teuthology.orchestra.run.smithi123.stdout:/usr/bin/ceph: stderr
2024-02-20T07:55:19.034+0000 7ff38effd700 1 -- 172.21.15.123:0/1460040611 <== mon.0 v2:172.21.15.123:3300/0 3 ==== mon_map magic: 0 v1 ==== 229+0+0 (secure 0 0 0) 0x7ff39001ada0 con 0x7ff3a0102770
2024-02-20T07:55:24.919 INFO:teuthology.orchestra.run.smithi123.stdout:/usr/bin/ceph: stderr
2024-02-20T07:55:19.035+0000 7ff3a4a35700 1 -- 172.21.15.123:0/1460040611 --> [v2:172.21.15.123:3300/0,v1:172.21.15.123:6789/0] -- mon_subscribe({osdmap=0}) v3 -- 0x7ff3a01128e0 con 0x7ff3a0102770
2024-02-20T07:55:24.919 INFO:teuthology.orchestra.run.smithi123.stdout:/usr/bin/ceph: stderr
2024-02-20T07:55:19.035+0000 7ff38effd700 1 -- 172.21.15.123:0/1460040611 <== mon.0 v2:172.21.15.123:3300/0 4 ==== mgrmap(e 5) v1 ==== 43368+0+0 (secure 0 0 0) 0x7ff390024480 con 0x7ff3a0102770
2024-02-20T07:55:24.919 INFO:teuthology.orchestra.run.smithi123.stdout:/usr/bin/ceph: stderr
2024-02-20T07:55:19.035+0000 7ff38effd700 1 --2- 172.21.15.123:0/1460040611 >> [v2:172.21.15.123:6800/1899432870,v1:172.21.15.123:6801/1899432870] conn(0x7ff388036790 0x7ff388038c40 unknown :-1 s=NONE pgs=0 cs=0 l=1 rev1=0 crypto rx=0 tx=0 comp rx=0 tx=0).connect
2024-02-20T07:55:24.919 INFO:teuthology.orchestra.run.smithi123.stdout:/usr/bin/ceph: stderr
2024-02-20T07:55:19.035+0000 7ff38effd700 1 -- 172.21.15.123:0/1460040611 --> [v2:172.21.15.123:6800/1899432870,v1:172.21.15.123:6801/1899432870] -- command(tid 0: {"prefix": "get_command_descriptions"}) v1 -- 0x7ff388039350 con 0x7ff388036790
2024-02-20T07:55:24.920 INFO:teuthology.orchestra.run.smithi123.stdout:/usr/bin/ceph: stderr
2024-02-20T07:55:19.036+0000 7ff38effd700 1 -- 172.21.15.123:0/1460040611 <== mon.0 v2:172.21.15.123:3300/0 5 ==== osd_map(1..1 src has 1..1) v4 ==== 721+0+0 (secure 0 0 0) 0x7ff39004ad10 con 0x7ff3a0102770
2024-02-20T07:55:24.920 INFO:teuthology.orchestra.run.smithi123.stdout:/usr/bin/ceph: stderr
2024-02-20T07:55:19.036+0000 7ff39dd9b700 1 -- 172.21.15.123:0/1460040611 >> [v2:172.21.15.123:6800/1899432870,v1:172.21.15.123:6801/1899432870] conn(0x7ff388036790 msgr2=0x7ff388038c40 unknown :-1 s=STATE_CONNECTING_RE l=1).process reconnect failed to v2:172.21.15.123:6800/1899432870
2024-02-20T07:55:24.920 INFO:teuthology.orchestra.run.smithi123.stdout:/usr/bin/ceph: stderr
2024-02-20T07:55:19.036+0000 7ff39dd9b700 1 --2- 172.21.15.123:0/1460040611 >> [v2:172.21.15.123:6800/1899432870,v1:172.21.15.123:6801/1899432870] conn(0x7ff388036790 0x7ff388038c40 unknown :-1 s=START_CONNECT pgs=0 cs=0 l=1 rev1=0 crypto rx=0 tx=0 comp rx=0 tx=0)._fault waiting 0.200000
2024-02-20T07:55:24.920 INFO:teuthology.orchestra.run.smithi123.stdout:/usr/bin/ceph: stderr
2024-02-20T07:55:19.237+0000 7ff39dd9b700 1 -- 172.21.15.123:0/1460040611 >> [v2:172.21.15.123:6800/1899432870,v1:172.21.15.123:6801/1899432870] conn(0x7ff388036790 msgr2=0x7ff388038c40 unknown :-1 s=STATE_CONNECTING_RE l=1).process reconnect failed to v2:172.21.15.123:6800/1899432870
2024-02-20T07:55:24.920 INFO:teuthology.orchestra.run.smithi123.stdout:/usr/bin/ceph: stderr
2024-02-20T07:55:19.237+0000 7ff39dd9b700 1 --2- 172.21.15.123:0/1460040611 >> [v2:172.21.15.123:6800/1899432870,v1:172.21.15.123:6801/1899432870] conn(0x7ff388036790 0x7ff388038c40 unknown :-1 s=START_CONNECT pgs=0 cs=0 l=1 rev1=0 crypto rx=0 tx=0 comp rx=0 tx=0)._fault waiting 0.400000
2024-02-20T07:55:24.920 INFO:teuthology.orchestra.run.smithi123.stdout:/usr/bin/ceph: stderr
2024-02-20T07:55:19.638+0000 7ff39dd9b700 1 -- 172.21.15.123:0/1460040611 >> [v2:172.21.15.123:6800/1899432870,v1:172.21.15.123:6801/1899432870] conn(0x7ff388036790 msgr2=0x7ff388038c40 unknown :-1 s=STATE_CONNECTING_RE l=1).process reconnect failed to v2:172.21.15.123:6800/1899432870
2024-02-20T07:55:24.920 INFO:teuthology.orchestra.run.smithi123.stdout:/usr/bin/ceph: stderr
2024-02-20T07:55:19.638+0000 7ff39dd9b700 1 --2- 172.21.15.123:0/1460040611 >> [v2:172.21.15.123:6800/1899432870,v1:172.21.15.123:6801/1899432870] conn(0x7ff388036790 0x7ff388038c40 unknown :-1 s=START_CONNECT pgs=0 cs=0 l=1 rev1=0 crypto rx=0 tx=0 comp rx=0 tx=0)._fault waiting 0.800000
2024-02-20T07:55:24.920 INFO:teuthology.orchestra.run.smithi123.stdout:/usr/bin/ceph: stderr
2024-02-20T07:55:20.439+0000 7ff39dd9b700 1 -- 172.21.15.123:0/1460040611 >> [v2:172.21.15.123:6800/1899432870,v1:172.21.15.123:6801/1899432870] conn(0x7ff388036790 msgr2=0x7ff388038c40 unknown :-1 s=STATE_CONNECTING_RE l=1).process reconnect failed to v2:172.21.15.123:6800/1899432870
2024-02-20T07:55:24.920 INFO:teuthology.orchestra.run.smithi123.stdout:/usr/bin/ceph: stderr
