2024-02-20T07:55:20.439+0000 7ff39dd9b700 1 --2- 172.21.15.123:0/1460040611 >> [v2:172.21.15.123:6800/1899432870,v1:172.21.15.123:6801/1899432870] conn(0x7ff388036790 0x7ff388038c40 unknown :-1 s=START_CONNECT pgs=0 cs=0 l=1 rev1=0 crypto rx=0 tx=0 comp rx=0 tx=0)._fault waiting 1.600000
2024-02-20T07:55:24.920 INFO:teuthology.orchestra.run.smithi123.stdout:/usr/bin/ceph: stderr
2024-02-20T07:55:22.040+0000 7ff39dd9b700 1 -- 172.21.15.123:0/1460040611 >> [v2:172.21.15.123:6800/1899432870,v1:172.21.15.123:6801/1899432870] conn(0x7ff388036790 msgr2=0x7ff388038c40 unknown :-1 s=STATE_CONNECTING_RE l=1).process reconnect failed to v2:172.21.15.123:6800/1899432870
2024-02-20T07:55:24.920 INFO:teuthology.orchestra.run.smithi123.stdout:/usr/bin/ceph: stderr
2024-02-20T07:55:22.040+0000 7ff39dd9b700 1 --2- 172.21.15.123:0/1460040611 >> [v2:172.21.15.123:6800/1899432870,v1:172.21.15.123:6801/1899432870] conn(0x7ff388036790 0x7ff388038c40 unknown :-1 s=START_CONNECT pgs=0 cs=0 l=1 rev1=0 crypto rx=0 tx=0 comp rx=0 tx=0)._fault waiting 3.200000
2024-02-20T07:55:24.920 INFO:teuthology.orchestra.run.smithi123.stdout:/usr/bin/ceph: stderr
2024-02-20T07:55:23.309+0000 7ff38effd700 1 -- 172.21.15.123:0/1460040611 <== mon.0 v2:172.21.15.123:3300/0 6 ==== mgrmap(e 6) v1 ==== 43135+0+0 (secure 0 0 0) 0x7ff3900249b0 con 0x7ff3a0102770
2024-02-20T07:55:24.920 INFO:teuthology.orchestra.run.smithi123.stdout:/usr/bin/ceph: stderr
2024-02-20T07:55:23.310+0000 7ff38effd700 1 -- 172.21.15.123:0/1460040611 >> [v2:172.21.15.123:6800/1899432870,v1:172.21.15.123:6801/1899432870] conn(0x7ff388036790 msgr2=0x7ff388038c40 unknown :-1 s=STATE_CONNECTING l=1).mark_down
2024-02-20T07:55:24.921 INFO:teuthology.orchestra.run.smithi123.stdout:/usr/bin/ceph: stderr
2024-02-20T07:55:23.310+0000 7ff38effd700 1 --2- 172.21.15.123:0/1460040611 >> [v2:172.21.15.123:6800/1899432870,v1:172.21.15.123:6801/1899432870] conn(0x7ff388036790 0x7ff388038c40 unknown :-1 s=START_CONNECT pgs=0 cs=0 l=1 rev1=0 crypto rx=0 tx=0 comp rx=0 tx=0).stop
2024-02-20T07:55:24.921 INFO:teuthology.orchestra.run.smithi123.stdout:/usr/bin/ceph: stderr
2024-02-20T07:55:24.310+0000 7ff38effd700 1 -- 172.21.15.123:0/1460040611 <== mon.0 v2:172.21.15.123:3300/0 7 ==== mgrmap(e 7) v1 ==== 43262+0+0 (secure 0 0 0) 0x7ff39002c390 con 0x7ff3a0102770
2024-02-20T07:55:24.921 INFO:teuthology.orchestra.run.smithi123.stdout:/usr/bin/ceph: stderr
2024-02-20T07:55:24.311+0000 7ff38effd700 1 --2- 172.21.15.123:0/1460040611 >> [v2:172.21.15.123:6800/4006637556,v1:172.21.15.123:6801/4006637556] conn(0x7ff388039fc0 0x7ff38803c3a0 unknown :-1 s=NONE pgs=0 cs=0 l=1 rev1=0 crypto rx=0 tx=0 comp rx=0 tx=0).connect
2024-02-20T07:55:24.921 INFO:teuthology.orchestra.run.smithi123.stdout:/usr/bin/ceph: stderr
2024-02-20T07:55:24.311+0000 7ff38effd700 1 -- 172.21.15.123:0/1460040611 --> [v2:172.21.15.123:6800/4006637556,v1:172.21.15.123:6801/4006637556] -- command(tid 0: {"prefix": "get_command_descriptions"}) v1 -- 0x7ff388039350 con 0x7ff388039fc0
2024-02-20T07:55:24.921 INFO:teuthology.orchestra.run.smithi123.stdout:/usr/bin/ceph: stderr
2024-02-20T07:55:24.311+0000 7ff39dd9b700 1 --2- 172.21.15.123:0/1460040611 >> [v2:172.21.15.123:6800/4006637556,v1:172.21.15.123:6801/4006637556] conn(0x7ff388039fc0 0x7ff38803c3a0 unknown :-1 s=BANNER_CONNECTING pgs=0 cs=0 l=1 rev1=0 crypto rx=0 tx=0 comp rx=0 tx=0)._handle_peer_banner_payload supported=3 required=0
2024-02-20T07:55:24.921 INFO:teuthology.orchestra.run.smithi123.stdout:/usr/bin/ceph: stderr
2024-02-20T07:55:24.311+0000 7ff39dd9b700 1 --2- 172.21.15.123:0/1460040611 >> [v2:172.21.15.123:6800/4006637556,v1:172.21.15.123:6801/4006637556] conn(0x7ff388039fc0 0x7ff38803c3a0 secure :-1 s=READY pgs=1 cs=0 l=1 rev1=1 crypto rx=0x7ff3940039d0 tx=0x7ff394009350 comp rx=0 tx=0).ready entity=mgr.14120 client_cookie=0 server_cookie=0 in_seq=0 out_seq=0
2024-02-20T07:55:24.921 INFO:teuthology.orchestra.run.smithi123.stdout:/usr/bin/ceph: stderr
2024-02-20T07:55:24.312+0000 7ff38effd700 1 -- 172.21.15.123:0/1460040611 <== mgr.14120 v2:172.21.15.123:6800/4006637556 1 ==== command_reply(tid 0: 0 ) v1 ==== 8+0+6549 (secure 0 0 0) 0x7ff388039350 con 0x7ff388039fc0
2024-02-20T07:55:24.921 INFO:teuthology.orchestra.run.smithi123.stdout:/usr/bin/ceph: stderr
2024-02-20T07:55:24.318+0000 7ff3a4a35700 1 -- 172.21.15.123:0/1460040611 --> [v2:172.21.15.123:6800/4006637556,v1:172.21.15.123:6801/4006637556] -- command(tid 1: {"prefix": "mgr_status"}) v1 -- 0x7ff3a01120d0 con 0x7ff388039fc0
2024-02-20T07:55:24.921 INFO:teuthology.orchestra.run.smithi123.stdout:/usr/bin/ceph: stderr
2024-02-20T07:55:24.318+0000 7ff38effd700 1 -- 172.21.15.123:0/1460040611 <== mgr.14120 v2:172.21.15.123:6800/4006637556 2 ==== command_reply(tid 1: 0 ) v1 ==== 8+0+51 (secure 0 0 0) 0x7ff3a01120d0 con 0x7ff388039fc0
2024-02-20T07:55:24.921 INFO:teuthology.orchestra.run.smithi123.stdout:/usr/bin/ceph: stderr
2024-02-20T07:55:24.318+0000 7ff3a4a35700 1 -- 172.21.15.123:0/1460040611 >> [v2:172.21.15.123:6800/4006637556,v1:172.21.15.123:6801/4006637556] conn(0x7ff388039fc0 msgr2=0x7ff38803c3a0 secure :-1 s=STATE_CONNECTION_ESTABLISHED l=1).mark_down
2024-02-20T07:55:24.921 INFO:teuthology.orchestra.run.smithi123.stdout:/usr/bin/ceph: stderr
2024-02-20T07:55:24.318+0000 7ff3a4a35700 1 --2- 172.21.15.123:0/1460040611 >> [v2:172.21.15.123:6800/4006637556,v1:172.21.15.123:6801/4006637556] conn(0x7ff388039fc0 0x7ff38803c3a0 secure :-1 s=READY pgs=1 cs=0 l=1 rev1=1 crypto rx=0x7ff3940039d0 tx=0x7ff394009350 comp rx=0 tx=0).stop
2024-02-20T07:55:24.921 INFO:teuthology.orchestra.run.smithi123.stdout:/usr/bin/ceph: stderr
2024-02-20T07:55:24.318+0000 7ff3a4a35700 1 -- 172.21.15.123:0/1460040611 >> [v2:172.21.15.123:3300/0,v1:172.21.15.123:6789/0] conn(0x7ff3a0102770 msgr2=0x7ff3a0111500 secure :-1 s=STATE_CONNECTION_ESTABLISHED l=1).mark_down
2024-02-20T07:55:24.921 INFO:teuthology.orchestra.run.smithi123.stdout:/usr/bin/ceph: stderr
2024-02-20T07:55:24.318+0000 7ff3a4a35700 1 --2- 172.21.15.123:0/1460040611 >> [v2:172.21.15.123:3300/0,v1:172.21.15.123:6789/0] conn(0x7ff3a0102770 0x7ff3a0111500 secure :-1 s=READY pgs=29 cs=0 l=1 rev1=1 crypto rx=0x7ff39000b440 tx=0x7ff390009250 comp rx=0 tx=0).stop
2024-02-20T07:55:24.921 INFO:teuthology.orchestra.run.smithi123.stdout:/usr/bin/ceph: stderr
2024-02-20T07:55:24.318+0000 7ff3a4a35700 1 -- 172.21.15.123:0/1460040611 shutdown_connections
2024-02-20T07:55:24.922 INFO:teuthology.orchestra.run.smithi123.stdout:/usr/bin/ceph: stderr
2024-02-20T07:55:24.318+0000 7ff3a4a35700 1 --2- 172.21.15.123:0/1460040611 >> [v2:172.21.15.123:6800/4006637556,v1:172.21.15.123:6801/4006637556] conn(0x7ff388039fc0 0x7ff38803c3a0 unknown :-1 s=CLOSED pgs=1 cs=0 l=1 rev1=1 crypto rx=0 tx=0 comp rx=0 tx=0).stop
2024-02-20T07:55:24.922 INFO:teuthology.orchestra.run.smithi123.stdout:/usr/bin/ceph: stderr
2024-02-20T07:55:24.318+0000 7ff3a4a35700 1 --2- 172.21.15.123:0/1460040611 >> [v2:172.21.15.123:3300/0,v1:172.21.15.123:6789/0] conn(0x7ff3a0102770 0x7ff3a0111500 unknown :-1 s=CLOSED pgs=29 cs=0 l=1 rev1=1 crypto rx=0 tx=0 comp rx=0 tx=0).stop
2024-02-20T07:55:24.922 INFO:teuthology.orchestra.run.smithi123.stdout:/usr/bin/ceph: stderr
2024-02-20T07:55:24.318+0000 7ff3a4a35700 1 --2- 172.21.15.123:0/1460040611 >> [v2:172.21.15.123:6800/1899432870,v1:172.21.15.123:6801/1899432870] conn(0x7ff388036790 0x7ff388038c40 unknown :-1 s=CLOSED pgs=0 cs=0 l=1 rev1=0 crypto rx=0 tx=0 comp rx=0 tx=0).stop
2024-02-20T07:55:24.922 INFO:teuthology.orchestra.run.smithi123.stdout:/usr/bin/ceph: stderr
2024-02-20T07:55:24.318+0000 7ff3a4a35700 1 -- 172.21.15.123:0/1460040611 >> 172.21.15.123:0/1460040611 conn(0x7ff3a00fded0 msgr2=0x7ff3a00fec70 unknown :-1 s=STATE_NONE l=0).mark_down
2024-02-20T07:55:24.922 INFO:teuthology.orchestra.run.smithi123.stdout:/usr/bin/ceph: stderr
2024-02-20T07:55:24.318+0000 7ff3a4a35700 1 -- 172.21.15.123:0/1460040611 shutdown_connections
2024-02-20T07:55:24.922 INFO:teuthology.orchestra.run.smithi123.stdout:/usr/bin/ceph: stderr
2024-02-20T07:55:24.319+0000 7ff3a4a35700 1 -- 172.21.15.123:0/1460040611 wait complete.
2024-02-20T07:55:24.922 INFO:teuthology.orchestra.run.smithi123.stdout:mgr epoch 5 is available
2024-02-20T07:55:24.922 INFO:teuthology.orchestra.run.smithi123.stdout:Setting orchestrator backend to cephadm...
2024-02-20T07:55:25.509 INFO:journalctl@ceph.mon.smithi123.smithi123.stdout:Feb 20 07:55:25 smithi123 ceph-mon[29383]: [20/Feb/2024:07:55:24] ENGINE Bus STARTING
2024-02-20T07:55:25.509 INFO:journalctl@ceph.mon.smithi123.smithi123.stdout:Feb 20 07:55:25 smithi123 ceph-mon[29383]: from='client.14124 -' entity='client.admin' cmd=[{"prefix": "get_command_descriptions"}]: dispatch
2024-02-20T07:55:25.509 INFO:journalctl@ceph.mon.smithi123.smithi123.stdout:Feb 20 07:55:25 smithi123 ceph-mon[29383]: from='client.14124 -' entity='client.admin' cmd=[{"prefix": "mgr_status"}]: dispatch
2024-02-20T07:55:25.509 INFO:journalctl@ceph.mon.smithi123.smithi123.stdout:Feb 20 07:55:25 smithi123 ceph-mon[29383]: [20/Feb/2024:07:55:24] ENGINE Serving on https://172.21.15.123:7150
2024-02-20T07:55:25.509 INFO:journalctl@ceph.mon.smithi123.smithi123.stdout:Feb 20 07:55:25 smithi123 ceph-mon[29383]: [20/Feb/2024:07:55:24] ENGINE Bus STARTED
2024-02-20T07:55:25.509 INFO:journalctl@ceph.mon.smithi123.smithi123.stdout:Feb 20 07:55:25 smithi123 ceph-mon[29383]: from='mgr.14120 172.21.15.123:0/924187596' entity='mgr.smithi123.kwyrtl' cmd=[{"prefix": "config dump", "format": "json"}]: dispatch
2024-02-20T07:55:26.054 INFO:teuthology.orchestra.run.smithi123.stdout:/usr/bin/ceph: stderr
2024-02-20T07:55:25.330+0000 7fcd08024700 1 Processor -- start
2024-02-20T07:55:26.054 INFO:teuthology.orchestra.run.smithi123.stdout:/usr/bin/ceph: stderr
2024-02-20T07:55:25.330+0000 7fcd08024700 1 -- start start
2024-02-20T07:55:26.054 INFO:teuthology.orchestra.run.smithi123.stdout:/usr/bin/ceph: stderr
2024-02-20T07:55:25.330+0000 7fcd08024700 1 --2- >> [v2:172.21.15.123:3300/0,v1:172.21.15.123:6789/0] conn(0x7fcd00076c20 0x7fcd00107780 unknown :-1 s=NONE pgs=0 cs=0 l=0 rev1=0 crypto rx=0 tx=0 comp rx=0 tx=0).connect
2024-02-20T07:55:26.054 INFO:teuthology.orchestra.run.smithi123.stdout:/usr/bin/ceph: stderr
2024-02-20T07:55:25.330+0000 7fcd08024700 1 -- --> [v2:172.21.15.123:3300/0,v1:172.21.15.123:6789/0] -- mon_getmap magic: 0 v1 -- 0x7fcd00103170 con 0x7fcd00076c20
2024-02-20T07:55:26.054 INFO:teuthology.orchestra.run.smithi123.stdout:/usr/bin/ceph: stderr
2024-02-20T07:55:25.330+0000 7fcd05dc0700 1 --2- >> [v2:172.21.15.123:3300/0,v1:172.21.15.123:6789/0] conn(0x7fcd00076c20 0x7fcd00107780 unknown :-1 s=BANNER_CONNECTING pgs=0 cs=0 l=0 rev1=0 crypto rx=0 tx=0 comp rx=0 tx=0)._handle_peer_banner_payload supported=3 required=0
2024-02-20T07:55:26.054 INFO:teuthology.orchestra.run.smithi123.stdout:/usr/bin/ceph: stderr
2024-02-20T07:55:25.330+0000 7fcd05dc0700 1 --2- >> [v2:172.21.15.123:3300/0,v1:172.21.15.123:6789/0] conn(0x7fcd00076c20 0x7fcd00107780 unknown :-1 s=HELLO_CONNECTING pgs=0 cs=0 l=0 rev1=1 crypto rx=0 tx=0 comp rx=0 tx=0).handle_hello peer v2:172.21.15.123:3300/0 says I am v2:172.21.15.123:38786/0 (socket says 172.21.15.123:38786)
2024-02-20T07:55:26.054 INFO:teuthology.orchestra.run.smithi123.stdout:/usr/bin/ceph: stderr
2024-02-20T07:55:25.330+0000 7fcd05dc0700 1 -- 172.21.15.123:0/2514661634 learned_addr learned my addr 172.21.15.123:0/2514661634 (peer_addr_for_me v2:172.21.15.123:0/0)
2024-02-20T07:55:26.054 INFO:teuthology.orchestra.run.smithi123.stdout:/usr/bin/ceph: stderr
2024-02-20T07:55:25.330+0000 7fcd05dc0700 1 -- 172.21.15.123:0/2514661634 --> [v2:172.21.15.123:3300/0,v1:172.21.15.123:6789/0] -- mon_subscribe({config=0+,monmap=0+}) v3 -- 0x7fcd00107cc0 con 0x7fcd00076c20
2024-02-20T07:55:26.054 INFO:teuthology.orchestra.run.smithi123.stdout:/usr/bin/ceph: stderr
2024-02-20T07:55:25.330+0000 7fcd05dc0700 1 --2- 172.21.15.123:0/2514661634 >> [v2:172.21.15.123:3300/0,v1:172.21.15.123:6789/0] conn(0x7fcd00076c20 0x7fcd00107780 secure :-1 s=READY pgs=37 cs=0 l=1 rev1=1 crypto rx=0x7fccfc0098e0 tx=0x7fccfc009250 comp rx=0 tx=0).ready entity=mon.0 client_cookie=93ff026ec5f7e470 server_cookie=0 in_seq=0 out_seq=0
2024-02-20T07:55:26.055 INFO:teuthology.orchestra.run.smithi123.stdout:/usr/bin/ceph: stderr
2024-02-20T07:55:25.331+0000 7fcd04dbe700 1 -- 172.21.15.123:0/2514661634 <== mon.0 v2:172.21.15.123:3300/0 1 ==== mon_map magic: 0 v1 ==== 229+0+0 (secure 0 0 0) 0x7fccfc00b860 con 0x7fcd00076c20
2024-02-20T07:55:26.055 INFO:teuthology.orchestra.run.smithi123.stdout:/usr/bin/ceph: stderr
2024-02-20T07:55:25.331+0000 7fcd04dbe700 1 -- 172.21.15.123:0/2514661634 <== mon.0 v2:172.21.15.123:3300/0 2 ==== config(27 keys) v1 ==== 1044+0+0 (secure 0 0 0) 0x7fccfc00be50 con 0x7fcd00076c20
2024-02-20T07:55:26.055 INFO:teuthology.orchestra.run.smithi123.stdout:/usr/bin/ceph: stderr
2024-02-20T07:55:25.331+0000 7fcd04dbe700 1 -- 172.21.15.123:0/2514661634 <== mon.0 v2:172.21.15.123:3300/0 3 ==== mon_map magic: 0 v1 ==== 229+0+0 (secure 0 0 0) 0x7fccfc010380 con 0x7fcd00076c20
2024-02-20T07:55:26.055 INFO:teuthology.orchestra.run.smithi123.stdout:/usr/bin/ceph: stderr
2024-02-20T07:55:25.331+0000 7fcd08024700 1 -- 172.21.15.123:0/2514661634 >> [v2:172.21.15.123:3300/0,v1:172.21.15.123:6789/0] conn(0x7fcd00076c20 msgr2=0x7fcd00107780 secure :-1 s=STATE_CONNECTION_ESTABLISHED l=1).mark_down
2024-02-20T07:55:26.055 INFO:teuthology.orchestra.run.smithi123.stdout:/usr/bin/ceph: stderr
2024-02-20T07:55:25.331+0000 7fcd08024700 1 --2- 172.21.15.123:0/2514661634 >> [v2:172.21.15.123:3300/0,v1:172.21.15.123:6789/0] conn(0x7fcd00076c20 0x7fcd00107780 secure :-1 s=READY pgs=37 cs=0 l=1 rev1=1 crypto rx=0x7fccfc0098e0 tx=0x7fccfc009250 comp rx=0 tx=0).stop
2024-02-20T07:55:26.055 INFO:teuthology.orchestra.run.smithi123.stdout:/usr/bin/ceph: stderr
2024-02-20T07:55:25.331+0000 7fcd08024700 1 -- 172.21.15.123:0/2514661634 shutdown_connections
2024-02-20T07:55:26.055 INFO:teuthology.orchestra.run.smithi123.stdout:/usr/bin/ceph: stderr
2024-02-20T07:55:25.331+0000 7fcd08024700 1 --2- 172.21.15.123:0/2514661634 >> [v2:172.21.15.123:3300/0,v1:172.21.15.123:6789/0] conn(0x7fcd00076c20 0x7fcd00107780 unknown :-1 s=CLOSED pgs=37 cs=0 l=1 rev1=1 crypto rx=0 tx=0 comp rx=0 tx=0).stop
2024-02-20T07:55:26.055 INFO:teuthology.orchestra.run.smithi123.stdout:/usr/bin/ceph: stderr
2024-02-20T07:55:25.331+0000 7fcd08024700 1 -- 172.21.15.123:0/2514661634 >> 172.21.15.123:0/2514661634 conn(0x7fcd000fcdd0 msgr2=0x7fcd000ff200 unknown :-1 s=STATE_NONE l=0).mark_down
2024-02-20T07:55:26.055 INFO:teuthology.orchestra.run.smithi123.stdout:/usr/bin/ceph: stderr
2024-02-20T07:55:25.331+0000 7fcd08024700 1 -- 172.21.15.123:0/2514661634 shutdown_connections
2024-02-20T07:55:26.055 INFO:teuthology.orchestra.run.smithi123.stdout:/usr/bin/ceph: stderr
2024-02-20T07:55:25.331+0000 7fcd08024700 1 -- 172.21.15.123:0/2514661634 wait complete.
2024-02-20T07:55:26.055 INFO:teuthology.orchestra.run.smithi123.stdout:/usr/bin/ceph: stderr
2024-02-20T07:55:25.332+0000 7fcd08024700 1 Processor -- start
2024-02-20T07:55:26.055 INFO:teuthology.orchestra.run.smithi123.stdout:/usr/bin/ceph: stderr
2024-02-20T07:55:25.332+0000 7fcd08024700 1 -- start start
2024-02-20T07:55:26.055 INFO:teuthology.orchestra.run.smithi123.stdout:/usr/bin/ceph: stderr
2024-02-20T07:55:25.332+0000 7fcd08024700 1 --2- >> [v2:172.21.15.123:3300/0,v1:172.21.15.123:6789/0] conn(0x7fcd00076c20 0x7fcd00113a30 unknown :-1 s=NONE pgs=0 cs=0 l=1 rev1=0 crypto rx=0 tx=0 comp rx=0 tx=0).connect
2024-02-20T07:55:26.055 INFO:teuthology.orchestra.run.smithi123.stdout:/usr/bin/ceph: stderr
2024-02-20T07:55:25.332+0000 7fcd08024700 1 -- --> [v2:172.21.15.123:3300/0,v1:172.21.15.123:6789/0] -- mon_getmap magic: 0 v1 -- 0x7fcd00113f70 con 0x7fcd00076c20
2024-02-20T07:55:26.056 INFO:teuthology.orchestra.run.smithi123.stdout:/usr/bin/ceph: stderr
2024-02-20T07:55:25.332+0000 7fcd05dc0700 1 --2- >> [v2:172.21.15.123:3300/0,v1:172.21.15.123:6789/0] conn(0x7fcd00076c20 0x7fcd00113a30 unknown :-1 s=BANNER_CONNECTING pgs=0 cs=0 l=1 rev1=0 crypto rx=0 tx=0 comp rx=0 tx=0)._handle_peer_banner_payload supported=3 required=0
2024-02-20T07:55:26.056 INFO:teuthology.orchestra.run.smithi123.stdout:/usr/bin/ceph: stderr
2024-02-20T07:55:25.332+0000 7fcd05dc0700 1 --2- >> [v2:172.21.15.123:3300/0,v1:172.21.15.123:6789/0] conn(0x7fcd00076c20 0x7fcd00113a30 unknown :-1 s=HELLO_CONNECTING pgs=0 cs=0 l=1 rev1=1 crypto rx=0 tx=0 comp rx=0 tx=0).handle_hello peer v2:172.21.15.123:3300/0 says I am v2:172.21.15.123:38800/0 (socket says 172.21.15.123:38800)
2024-02-20T07:55:26.056 INFO:teuthology.orchestra.run.smithi123.stdout:/usr/bin/ceph: stderr
2024-02-20T07:55:25.332+0000 7fcd05dc0700 1 -- 172.21.15.123:0/1318566773 learned_addr learned my addr 172.21.15.123:0/1318566773 (peer_addr_for_me v2:172.21.15.123:0/0)
2024-02-20T07:55:26.056 INFO:teuthology.orchestra.run.smithi123.stdout:/usr/bin/ceph: stderr
2024-02-20T07:55:25.332+0000 7fcd05dc0700 1 -- 172.21.15.123:0/1318566773 --> [v2:172.21.15.123:3300/0,v1:172.21.15.123:6789/0] -- mon_subscribe({config=0+,monmap=0+}) v3 -- 0x7fccfc0094f0 con 0x7fcd00076c20
2024-02-20T07:55:26.056 INFO:teuthology.orchestra.run.smithi123.stdout:/usr/bin/ceph: stderr
2024-02-20T07:55:25.333+0000 7fcd05dc0700 1 --2- 172.21.15.123:0/1318566773 >> [v2:172.21.15.123:3300/0,v1:172.21.15.123:6789/0] conn(0x7fcd00076c20 0x7fcd00113a30 secure :-1 s=READY pgs=38 cs=0 l=1 rev1=1 crypto rx=0x7fccfc00b440 tx=0x7fccfc009250 comp rx=0 tx=0).ready entity=mon.0 client_cookie=0 server_cookie=0 in_seq=0 out_seq=0
2024-02-20T07:55:26.056 INFO:teuthology.orchestra.run.smithi123.stdout:/usr/bin/ceph: stderr
2024-02-20T07:55:25.333+0000 7fccf67fc700 1 -- 172.21.15.123:0/1318566773 <== mon.0 v2:172.21.15.123:3300/0 1 ==== mon_map magic: 0 v1 ==== 229+0+0 (secure 0 0 0) 0x7fccfc0107c0 con 0x7fcd00076c20
2024-02-20T07:55:26.056 INFO:teuthology.orchestra.run.smithi123.stdout:/usr/bin/ceph: stderr
2024-02-20T07:55:25.333+0000 7fccf67fc700 1 -- 172.21.15.123:0/1318566773 <== mon.0 v2:172.21.15.123:3300/0 2 ==== config(27 keys) v1 ==== 1044+0+0 (secure 0 0 0) 0x7fccfc010db0 con 0x7fcd00076c20
2024-02-20T07:55:26.056 INFO:teuthology.orchestra.run.smithi123.stdout:/usr/bin/ceph: stderr
2024-02-20T07:55:25.333+0000 7fcd08024700 1 -- 172.21.15.123:0/1318566773 --> [v2:172.21.15.123:3300/0,v1:172.21.15.123:6789/0] -- mon_subscribe({mgrmap=0+}) v3 -- 0x7fcd00114170 con 0x7fcd00076c20
2024-02-20T07:55:26.056 INFO:teuthology.orchestra.run.smithi123.stdout:/usr/bin/ceph: stderr
2024-02-20T07:55:25.333+0000 7fccf67fc700 1 -- 172.21.15.123:0/1318566773 <== mon.0 v2:172.21.15.123:3300/0 3 ==== mon_map magic: 0 v1 ==== 229+0+0 (secure 0 0 0) 0x7fccfc01ad30 con 0x7fcd00076c20
2024-02-20T07:55:26.056 INFO:teuthology.orchestra.run.smithi123.stdout:/usr/bin/ceph: stderr
2024-02-20T07:55:25.333+0000 7fcd08024700 1 -- 172.21.15.123:0/1318566773 --> [v2:172.21.15.123:3300/0,v1:172.21.15.123:6789/0] -- mon_subscribe({osdmap=0}) v3 -- 0x7fcd00114e10 con 0x7fcd00076c20
2024-02-20T07:55:26.056 INFO:teuthology.orchestra.run.smithi123.stdout:/usr/bin/ceph: stderr
2024-02-20T07:55:25.333+0000 7fccf67fc700 1 -- 172.21.15.123:0/1318566773 <== mon.0 v2:172.21.15.123:3300/0 4 ==== mgrmap(e 7) v1 ==== 43262+0+0 (secure 0 0 0) 0x7fccfc010920 con 0x7fcd00076c20
2024-02-20T07:55:26.056 INFO:teuthology.orchestra.run.smithi123.stdout:/usr/bin/ceph: stderr
2024-02-20T07:55:25.334+0000 7fcd08024700 1 -- 172.21.15.123:0/1318566773 --> [v2:172.21.15.123:3300/0,v1:172.21.15.123:6789/0] -- mon_command({"prefix": "get_command_descriptions"} v 0) v1 -- 0x7fcd0005f5c0 con 0x7fcd00076c20
2024-02-20T07:55:26.056 INFO:teuthology.orchestra.run.smithi123.stdout:/usr/bin/ceph: stderr
2024-02-20T07:55:25.334+0000 7fccf67fc700 1 --2- 172.21.15.123:0/1318566773 >> [v2:172.21.15.123:6800/4006637556,v1:172.21.15.123:6801/4006637556] conn(0x7fccec0366b0 0x7fccec038b60 unknown :-1 s=NONE pgs=0 cs=0 l=1 rev1=0 crypto rx=0 tx=0 comp rx=0 tx=0).connect
2024-02-20T07:55:26.056 INFO:teuthology.orchestra.run.smithi123.stdout:/usr/bin/ceph: stderr
2024-02-20T07:55:25.334+0000 7fcd055bf700 1 --2- 172.21.15.123:0/1318566773 >> [v2:172.21.15.123:6800/4006637556,v1:172.21.15.123:6801/4006637556] conn(0x7fccec0366b0 0x7fccec038b60 unknown :-1 s=BANNER_CONNECTING pgs=0 cs=0 l=1 rev1=0 crypto rx=0 tx=0 comp rx=0 tx=0)._handle_peer_banner_payload supported=3 required=0
2024-02-20T07:55:26.057 INFO:teuthology.orchestra.run.smithi123.stdout:/usr/bin/ceph: stderr
2024-02-20T07:55:25.334+0000 7fccf67fc700 1 -- 172.21.15.123:0/1318566773 <== mon.0 v2:172.21.15.123:3300/0 5 ==== osd_map(2..2 src has 1..2) v4 ==== 936+0+0 (secure 0 0 0) 0x7fccfc04aa90 con 0x7fcd00076c20
2024-02-20T07:55:26.057 INFO:teuthology.orchestra.run.smithi123.stdout:/usr/bin/ceph: stderr
2024-02-20T07:55:25.334+0000 7fcd055bf700 1 --2- 172.21.15.123:0/1318566773 >> [v2:172.21.15.123:6800/4006637556,v1:172.21.15.123:6801/4006637556] conn(0x7fccec0366b0 0x7fccec038b60 secure :-1 s=READY pgs=7 cs=0 l=1 rev1=1 crypto rx=0x7fccf0009990 tx=0x7fccf0006e40 comp rx=0 tx=0).ready entity=mgr.14120 client_cookie=0 server_cookie=0 in_seq=0 out_seq=0
2024-02-20T07:55:26.057 INFO:teuthology.orchestra.run.smithi123.stdout:/usr/bin/ceph: stderr
2024-02-20T07:55:25.339+0000 7fccf67fc700 1 -- 172.21.15.123:0/1318566773 <== mon.0 v2:172.21.15.123:3300/0 6 ==== mon_command_ack([{"prefix": "get_command_descriptions"}]=0 v0) v1 ==== 72+0+175031 (secure 0 0 0) 0x7fccfc018760 con 0x7fcd00076c20
2024-02-20T07:55:26.057 INFO:teuthology.orchestra.run.smithi123.stdout:/usr/bin/ceph: stderr
2024-02-20T07:55:25.536+0000 7fcd08024700 1 -- 172.21.15.123:0/1318566773 --> [v2:172.21.15.123:6800/4006637556,v1:172.21.15.123:6801/4006637556] -- mgr_command(tid 0: {"prefix": "orch set backend", "module_name": "cephadm", "target": ["mon-mgr", ""]}) v1 -- 0x7fcd00108b80 con 0x7fccec0366b0
2024-02-20T07:55:26.057 INFO:teuthology.orchestra.run.smithi123.stdout:/usr/bin/ceph: stderr
2024-02-20T07:55:25.543+0000 7fccf67fc700 1 -- 172.21.15.123:0/1318566773 <== mgr.14120 v2:172.21.15.123:6800/4006637556 1 ==== mgr_command_reply(tid 0: 0 ) v1 ==== 8+0+0 (secure 0 0 0) 0x7fcd00108b80 con 0x7fccec0366b0
2024-02-20T07:55:26.057 INFO:teuthology.orchestra.run.smithi123.stdout:/usr/bin/ceph: stderr
2024-02-20T07:55:25.545+0000 7fcd08024700 1 -- 172.21.15.123:0/1318566773 >> [v2:172.21.15.123:6800/4006637556,v1:172.21.15.123:6801/4006637556] conn(0x7fccec0366b0 msgr2=0x7fccec038b60 secure :-1 s=STATE_CONNECTION_ESTABLISHED l=1).mark_down
2024-02-20T07:55:26.057 INFO:teuthology.orchestra.run.smithi123.stdout:/usr/bin/ceph: stderr
2024-02-20T07:55:25.545+0000 7fcd08024700 1 --2- 172.21.15.123:0/1318566773 >> [v2:172.21.15.123:6800/4006637556,v1:172.21.15.123:6801/4006637556] conn(0x7fccec0366b0 0x7fccec038b60 secure :-1 s=READY pgs=7 cs=0 l=1 rev1=1 crypto rx=0x7fccf0009990 tx=0x7fccf0006e40 comp rx=0 tx=0).stop
2024-02-20T07:55:26.057 INFO:teuthology.orchestra.run.smithi123.stdout:/usr/bin/ceph: stderr
2024-02-20T07:55:25.545+0000 7fcd08024700 1 -- 172.21.15.123:0/1318566773 >> [v2:172.21.15.123:3300/0,v1:172.21.15.123:6789/0] conn(0x7fcd00076c20 msgr2=0x7fcd00113a30 secure :-1 s=STATE_CONNECTION_ESTABLISHED l=1).mark_down
2024-02-20T07:55:26.057 INFO:teuthology.orchestra.run.smithi123.stdout:/usr/bin/ceph: stderr
2024-02-20T07:55:25.545+0000 7fcd08024700 1 --2- 172.21.15.123:0/1318566773 >> [v2:172.21.15.123:3300/0,v1:172.21.15.123:6789/0] conn(0x7fcd00076c20 0x7fcd00113a30 secure :-1 s=READY pgs=38 cs=0 l=1 rev1=1 crypto rx=0x7fccfc00b440 tx=0x7fccfc009250 comp rx=0 tx=0).stop
2024-02-20T07:55:26.057 INFO:teuthology.orchestra.run.smithi123.stdout:/usr/bin/ceph: stderr
2024-02-20T07:55:25.545+0000 7fcd08024700 1 -- 172.21.15.123:0/1318566773 shutdown_connections
2024-02-20T07:55:26.057 INFO:teuthology.orchestra.run.smithi123.stdout:/usr/bin/ceph: stderr
2024-02-20T07:55:25.545+0000 7fcd08024700 1 --2- 172.21.15.123:0/1318566773 >> [v2:172.21.15.123:6800/4006637556,v1:172.21.15.123:6801/4006637556] conn(0x7fccec0366b0 0x7fccec038b60 unknown :-1 s=CLOSED pgs=7 cs=0 l=1 rev1=1 crypto rx=0 tx=0 comp rx=0 tx=0).stop
2024-02-20T07:55:26.057 INFO:teuthology.orchestra.run.smithi123.stdout:/usr/bin/ceph: stderr
2024-02-20T07:55:25.545+0000 7fcd08024700 1 --2- 172.21.15.123:0/1318566773 >> [v2:172.21.15.123:3300/0,v1:172.21.15.123:6789/0] conn(0x7fcd00076c20 0x7fcd00113a30 unknown :-1 s=CLOSED pgs=38 cs=0 l=1 rev1=1 crypto rx=0 tx=0 comp rx=0 tx=0).stop
2024-02-20T07:55:26.057 INFO:teuthology.orchestra.run.smithi123.stdout:/usr/bin/ceph: stderr
2024-02-20T07:55:25.545+0000 7fcd08024700 1 -- 172.21.15.123:0/1318566773 >> 172.21.15.123:0/1318566773 conn(0x7fcd000fcdd0 msgr2=0x7fcd000fdd10 unknown :-1 s=STATE_NONE l=0).mark_down
2024-02-20T07:55:26.057 INFO:teuthology.orchestra.run.smithi123.stdout:/usr/bin/ceph: stderr
2024-02-20T07:55:25.545+0000 7fcd08024700 1 -- 172.21.15.123:0/1318566773 shutdown_connections
2024-02-20T07:55:26.058 INFO:teuthology.orchestra.run.smithi123.stdout:/usr/bin/ceph: stderr
2024-02-20T07:55:25.545+0000 7fcd08024700 1 -- 172.21.15.123:0/1318566773 wait complete.
2024-02-20T07:55:26.835 INFO:journalctl@ceph.mon.smithi123.smithi123.stdout:Feb 20 07:55:26 smithi123 ceph-mon[29383]: from='client.14132 -' entity='client.admin' cmd=[{"prefix": "orch set backend", "module_name": "cephadm", "target": ["mon-mgr", ""]}]: dispatch
2024-02-20T07:55:26.835 INFO:journalctl@ceph.mon.smithi123.smithi123.stdout:Feb 20 07:55:26 smithi123 ceph-mon[29383]: from='mgr.14120 172.21.15.123:0/924187596' entity='mgr.smithi123.kwyrtl'
2024-02-20T07:55:26.836 INFO:journalctl@ceph.mon.smithi123.smithi123.stdout:Feb 20 07:55:26 smithi123 ceph-mon[29383]: from='mgr.14120 172.21.15.123:0/924187596' entity='mgr.smithi123.kwyrtl' cmd=[{"prefix": "config dump", "format": "json"}]: dispatch
2024-02-20T07:55:26.836 INFO:journalctl@ceph.mon.smithi123.smithi123.stdout:Feb 20 07:55:26 smithi123 ceph-mon[29383]: mgrmap e8: smithi123.kwyrtl(active, since 2s)
2024-02-20T07:55:27.102 INFO:teuthology.orchestra.run.smithi123.stdout:/usr/bin/ceph: stdout value unchanged
2024-02-20T07:55:27.102 INFO:teuthology.orchestra.run.smithi123.stdout:/usr/bin/ceph: stderr
2024-02-20T07:55:26.393+0000 7f375978c700 1 Processor -- start
2024-02-20T07:55:27.102 INFO:teuthology.orchestra.run.smithi123.stdout:/usr/bin/ceph: stderr
2024-02-20T07:55:26.393+0000 7f375978c700 1 -- start start
2024-02-20T07:55:27.102 INFO:teuthology.orchestra.run.smithi123.stdout:/usr/bin/ceph: stderr
2024-02-20T07:55:26.393+0000 7f375978c700 1 --2- >> [v2:172.21.15.123:3300/0,v1:172.21.15.123:6789/0] conn(0x7f3754102d90 0x7f37541031a0 unknown :-1 s=NONE pgs=0 cs=0 l=0 rev1=0 crypto rx=0 tx=0 comp rx=0 tx=0).connect
2024-02-20T07:55:27.102 INFO:teuthology.orchestra.run.smithi123.stdout:/usr/bin/ceph: stderr
2024-02-20T07:55:26.393+0000 7f375978c700 1 -- --> [v2:172.21.15.123:3300/0,v1:172.21.15.123:6789/0] -- mon_getmap magic: 0 v1 -- 0x7f37541036e0 con 0x7f3754102d90
2024-02-20T07:55:27.102 INFO:teuthology.orchestra.run.smithi123.stdout:/usr/bin/ceph: stderr
2024-02-20T07:55:26.394+0000 7f3752ffd700 1 --2- >> [v2:172.21.15.123:3300/0,v1:172.21.15.123:6789/0] conn(0x7f3754102d90 0x7f37541031a0 unknown :-1 s=BANNER_CONNECTING pgs=0 cs=0 l=0 rev1=0 crypto rx=0 tx=0 comp rx=0 tx=0)._handle_peer_banner_payload supported=3 required=0
2024-02-20T07:55:27.103 INFO:teuthology.orchestra.run.smithi123.stdout:/usr/bin/ceph: stderr
2024-02-20T07:55:26.394+0000 7f3752ffd700 1 --2- >> [v2:172.21.15.123:3300/0,v1:172.21.15.123:6789/0] conn(0x7f3754102d90 0x7f37541031a0 unknown :-1 s=HELLO_CONNECTING pgs=0 cs=0 l=0 rev1=1 crypto rx=0 tx=0 comp rx=0 tx=0).handle_hello peer v2:172.21.15.123:3300/0 says I am v2:172.21.15.123:38806/0 (socket says 172.21.15.123:38806)
2024-02-20T07:55:27.103 INFO:teuthology.orchestra.run.smithi123.stdout:/usr/bin/ceph: stderr
2024-02-20T07:55:26.394+0000 7f3752ffd700 1 -- 172.21.15.123:0/2088266721 learned_addr learned my addr 172.21.15.123:0/2088266721 (peer_addr_for_me v2:172.21.15.123:0/0)
2024-02-20T07:55:27.103 INFO:teuthology.orchestra.run.smithi123.stdout:/usr/bin/ceph: stderr
2024-02-20T07:55:26.394+0000 7f3752ffd700 1 -- 172.21.15.123:0/2088266721 --> [v2:172.21.15.123:3300/0,v1:172.21.15.123:6789/0] -- mon_subscribe({config=0+,monmap=0+}) v3 -- 0x7f3754103820 con 0x7f3754102d90
2024-02-20T07:55:27.103 INFO:teuthology.orchestra.run.smithi123.stdout:/usr/bin/ceph: stderr
2024-02-20T07:55:26.394+0000 7f3752ffd700 1 --2- 172.21.15.123:0/2088266721 >> [v2:172.21.15.123:3300/0,v1:172.21.15.123:6789/0] conn(0x7f3754102d90 0x7f37541031a0 secure :-1 s=READY pgs=39 cs=0 l=1 rev1=1 crypto rx=0x7f37440098e0 tx=0x7f3744009250 comp rx=0 tx=0).ready entity=mon.0 client_cookie=29d391ac5ab40f91 server_cookie=0 in_seq=0 out_seq=0
2024-02-20T07:55:27.103 INFO:teuthology.orchestra.run.smithi123.stdout:/usr/bin/ceph: stderr
2024-02-20T07:55:26.394+0000 7f37527fc700 1 -- 172.21.15.123:0/2088266721 <== mon.0 v2:172.21.15.123:3300/0 1 ==== mon_map magic: 0 v1 ==== 229+0+0 (secure 0 0 0) 0x7f374400b860 con 0x7f3754102d90
2024-02-20T07:55:27.103 INFO:teuthology.orchestra.run.smithi123.stdout:/usr/bin/ceph: stderr
2024-02-20T07:55:26.394+0000 7f37527fc700 1 -- 172.21.15.123:0/2088266721 <== mon.0 v2:172.21.15.123:3300/0 2 ==== config(27 keys) v1 ==== 1044+0+0 (secure 0 0 0) 0x7f374400be50 con 0x7f3754102d90
2024-02-20T07:55:27.103 INFO:teuthology.orchestra.run.smithi123.stdout:/usr/bin/ceph: stderr
2024-02-20T07:55:26.394+0000 7f37527fc700 1 -- 172.21.15.123:0/2088266721 <== mon.0 v2:172.21.15.123:3300/0 3 ==== mon_map magic: 0 v1 ==== 229+0+0 (secure 0 0 0) 0x7f3744010380 con 0x7f3754102d90
2024-02-20T07:55:27.103 INFO:teuthology.orchestra.run.smithi123.stdout:/usr/bin/ceph: stderr
2024-02-20T07:55:26.395+0000 7f375978c700 1 -- 172.21.15.123:0/2088266721 >> [v2:172.21.15.123:3300/0,v1:172.21.15.123:6789/0] conn(0x7f3754102d90 msgr2=0x7f37541031a0 secure :-1 s=STATE_CONNECTION_ESTABLISHED l=1).mark_down
2024-02-20T07:55:27.103 INFO:teuthology.orchestra.run.smithi123.stdout:/usr/bin/ceph: stderr
2024-02-20T07:55:26.395+0000 7f375978c700 1 --2- 172.21.15.123:0/2088266721 >> [v2:172.21.15.123:3300/0,v1:172.21.15.123:6789/0] conn(0x7f3754102d90 0x7f37541031a0 secure :-1 s=READY pgs=39 cs=0 l=1 rev1=1 crypto rx=0x7f37440098e0 tx=0x7f3744009250 comp rx=0 tx=0).stop
2024-02-20T07:55:27.103 INFO:teuthology.orchestra.run.smithi123.stdout:/usr/bin/ceph: stderr
2024-02-20T07:55:26.395+0000 7f375978c700 1 -- 172.21.15.123:0/2088266721 shutdown_connections
2024-02-20T07:55:27.103 INFO:teuthology.orchestra.run.smithi123.stdout:/usr/bin/ceph: stderr
2024-02-20T07:55:26.395+0000 7f375978c700 1 --2- 172.21.15.123:0/2088266721 >> [v2:172.21.15.123:3300/0,v1:172.21.15.123:6789/0] conn(0x7f3754102d90 0x7f37541031a0 unknown :-1 s=CLOSED pgs=39 cs=0 l=1 rev1=1 crypto rx=0 tx=0 comp rx=0 tx=0).stop
2024-02-20T07:55:27.103 INFO:teuthology.orchestra.run.smithi123.stdout:/usr/bin/ceph: stderr
2024-02-20T07:55:26.395+0000 7f375978c700 1 -- 172.21.15.123:0/2088266721 >> 172.21.15.123:0/2088266721 conn(0x7f37540fc580 msgr2=0x7f37540fe990 unknown :-1 s=STATE_NONE l=0).mark_down
2024-02-20T07:55:27.103 INFO:teuthology.orchestra.run.smithi123.stdout:/usr/bin/ceph: stderr
2024-02-20T07:55:26.395+0000 7f375978c700 1 -- 172.21.15.123:0/2088266721 shutdown_connections
2024-02-20T07:55:27.103 INFO:teuthology.orchestra.run.smithi123.stdout:/usr/bin/ceph: stderr
2024-02-20T07:55:26.395+0000 7f375978c700 1 -- 172.21.15.123:0/2088266721 wait complete.
2024-02-20T07:55:27.103 INFO:teuthology.orchestra.run.smithi123.stdout:/usr/bin/ceph: stderr
2024-02-20T07:55:26.395+0000 7f375978c700 1 Processor -- start
2024-02-20T07:55:27.104 INFO:teuthology.orchestra.run.smithi123.stdout:/usr/bin/ceph: stderr
2024-02-20T07:55:26.395+0000 7f375978c700 1 -- start start
2024-02-20T07:55:27.104 INFO:teuthology.orchestra.run.smithi123.stdout:/usr/bin/ceph: stderr
2024-02-20T07:55:26.396+0000 7f375978c700 1 --2- >> [v2:172.21.15.123:3300/0,v1:172.21.15.123:6789/0] conn(0x7f3754102d90 0x7f37541139e0 unknown :-1 s=NONE pgs=0 cs=0 l=1 rev1=0 crypto rx=0 tx=0 comp rx=0 tx=0).connect
2024-02-20T07:55:27.104 INFO:teuthology.orchestra.run.smithi123.stdout:/usr/bin/ceph: stderr
2024-02-20T07:55:26.396+0000 7f375978c700 1 -- --> [v2:172.21.15.123:3300/0,v1:172.21.15.123:6789/0] -- mon_getmap magic: 0 v1 -- 0x7f3754113f20 con 0x7f3754102d90
2024-02-20T07:55:27.104 INFO:teuthology.orchestra.run.smithi123.stdout:/usr/bin/ceph: stderr
2024-02-20T07:55:26.396+0000 7f3752ffd700 1 --2- >> [v2:172.21.15.123:3300/0,v1:172.21.15.123:6789/0] conn(0x7f3754102d90 0x7f37541139e0 unknown :-1 s=BANNER_CONNECTING pgs=0 cs=0 l=1 rev1=0 crypto rx=0 tx=0 comp rx=0 tx=0)._handle_peer_banner_payload supported=3 required=0
2024-02-20T07:55:27.104 INFO:teuthology.orchestra.run.smithi123.stdout:/usr/bin/ceph: stderr
2024-02-20T07:55:26.396+0000 7f3752ffd700 1 --2- >> [v2:172.21.15.123:3300/0,v1:172.21.15.123:6789/0] conn(0x7f3754102d90 0x7f37541139e0 unknown :-1 s=HELLO_CONNECTING pgs=0 cs=0 l=1 rev1=1 crypto rx=0 tx=0 comp rx=0 tx=0).handle_hello peer v2:172.21.15.123:3300/0 says I am v2:172.21.15.123:38808/0 (socket says 172.21.15.123:38808)
2024-02-20T07:55:27.104 INFO:teuthology.orchestra.run.smithi123.stdout:/usr/bin/ceph: stderr
2024-02-20T07:55:26.396+0000 7f3752ffd700 1 -- 172.21.15.123:0/2611964456 learned_addr learned my addr 172.21.15.123:0/2611964456 (peer_addr_for_me v2:172.21.15.123:0/0)
2024-02-20T07:55:27.104 INFO:teuthology.orchestra.run.smithi123.stdout:/usr/bin/ceph: stderr
2024-02-20T07:55:26.396+0000 7f3752ffd700 1 -- 172.21.15.123:0/2611964456 --> [v2:172.21.15.123:3300/0,v1:172.21.15.123:6789/0] -- mon_subscribe({config=0+,monmap=0+}) v3 -- 0x7f37440094f0 con 0x7f3754102d90
2024-02-20T07:55:27.104 INFO:teuthology.orchestra.run.smithi123.stdout:/usr/bin/ceph: stderr
2024-02-20T07:55:26.396+0000 7f3752ffd700 1 --2- 172.21.15.123:0/2611964456 >> [v2:172.21.15.123:3300/0,v1:172.21.15.123:6789/0] conn(0x7f3754102d90 0x7f37541139e0 secure :-1 s=READY pgs=40 cs=0 l=1 rev1=1 crypto rx=0x7f374400b440 tx=0x7f3744009250 comp rx=0 tx=0).ready entity=mon.0 client_cookie=0 server_cookie=0 in_seq=0 out_seq=0
2024-02-20T07:55:27.104 INFO:teuthology.orchestra.run.smithi123.stdout:/usr/bin/ceph: stderr
2024-02-20T07:55:26.396+0000 7f374bfff700 1 -- 172.21.15.123:0/2611964456 <== mon.0 v2:172.21.15.123:3300/0 1 ==== mon_map magic: 0 v1 ==== 229+0+0 (secure 0 0 0) 0x7f37440107c0 con 0x7f3754102d90
2024-02-20T07:55:27.104 INFO:teuthology.orchestra.run.smithi123.stdout:/usr/bin/ceph: stderr
2024-02-20T07:55:26.396+0000 7f375978c700 1 -- 172.21.15.123:0/2611964456 --> [v2:172.21.15.123:3300/0,v1:172.21.15.123:6789/0] -- mon_subscribe({mgrmap=0+}) v3 -- 0x7f3754114120 con 0x7f3754102d90
2024-02-20T07:55:27.104 INFO:teuthology.orchestra.run.smithi123.stdout:/usr/bin/ceph: stderr
2024-02-20T07:55:26.396+0000 7f374bfff700 1 -- 172.21.15.123:0/2611964456 <== mon.0 v2:172.21.15.123:3300/0 2 ==== config(27 keys) v1 ==== 1044+0+0 (secure 0 0 0) 0x7f3744010db0 con 0x7f3754102d90
2024-02-20T07:55:27.104 INFO:teuthology.orchestra.run.smithi123.stdout:/usr/bin/ceph: stderr
2024-02-20T07:55:26.396+0000 7f374bfff700 1 -- 172.21.15.123:0/2611964456 <== mon.0 v2:172.21.15.123:3300/0 3 ==== mon_map magic: 0 v1 ==== 229+0+0 (secure 0 0 0) 0x7f374401ada0 con 0x7f3754102d90
2024-02-20T07:55:27.104 INFO:teuthology.orchestra.run.smithi123.stdout:/usr/bin/ceph: stderr
2024-02-20T07:55:26.396+0000 7f375978c700 1 -- 172.21.15.123:0/2611964456 --> [v2:172.21.15.123:3300/0,v1:172.21.15.123:6789/0] -- mon_subscribe({osdmap=0}) v3 -- 0x7f3754114dc0 con 0x7f3754102d90
2024-02-20T07:55:27.104 INFO:teuthology.orchestra.run.smithi123.stdout:/usr/bin/ceph: stderr
2024-02-20T07:55:26.397+0000 7f374bfff700 1 -- 172.21.15.123:0/2611964456 <== mon.0 v2:172.21.15.123:3300/0 4 ==== mgrmap(e 8) v1 ==== 43368+0+0 (secure 0 0 0) 0x7f3744024480 con 0x7f3754102d90
2024-02-20T07:55:27.104 INFO:teuthology.orchestra.run.smithi123.stdout:/usr/bin/ceph: stderr
2024-02-20T07:55:26.397+0000 7f375978c700 1 -- 172.21.15.123:0/2611964456 --> [v2:172.21.15.123:3300/0,v1:172.21.15.123:6789/0] -- mon_command({"prefix": "get_command_descriptions"} v 0) v1 -- 0x7f375405f5c0 con 0x7f3754102d90
2024-02-20T07:55:27.107 INFO:teuthology.orchestra.run.smithi123.stdout:/usr/bin/ceph: stderr
2024-02-20T07:55:26.397+0000 7f374bfff700 1 --2- 172.21.15.123:0/2611964456 >> [v2:172.21.15.123:6800/4006637556,v1:172.21.15.123:6801/4006637556] conn(0x7f3740036790 0x7f3740038c40 unknown :-1 s=NONE pgs=0 cs=0 l=1 rev1=0 crypto rx=0 tx=0 comp rx=0 tx=0).connect
2024-02-20T07:55:27.107 INFO:teuthology.orchestra.run.smithi123.stdout:/usr/bin/ceph: stderr
2024-02-20T07:55:26.397+0000 7f374bfff700 1 -- 172.21.15.123:0/2611964456 <== mon.0 v2:172.21.15.123:3300/0 5 ==== osd_map(2..2 src has 1..2) v4 ==== 936+0+0 (secure 0 0 0) 0x7f374404aed0 con 0x7f3754102d90
2024-02-20T07:55:27.107 INFO:teuthology.orchestra.run.smithi123.stdout:/usr/bin/ceph: stderr
2024-02-20T07:55:26.397+0000 7f374a7fc700 1 --2- 172.21.15.123:0/2611964456 >> [v2:172.21.15.123:6800/4006637556,v1:172.21.15.123:6801/4006637556] conn(0x7f3740036790 0x7f3740038c40 unknown :-1 s=BANNER_CONNECTING pgs=0 cs=0 l=1 rev1=0 crypto rx=0 tx=0 comp rx=0 tx=0)._handle_peer_banner_payload supported=3 required=0
2024-02-20T07:55:27.107 INFO:teuthology.orchestra.run.smithi123.stdout:/usr/bin/ceph: stderr
2024-02-20T07:55:26.398+0000 7f374a7fc700 1 --2- 172.21.15.123:0/2611964456 >> [v2:172.21.15.123:6800/4006637556,v1:172.21.15.123:6801/4006637556] conn(0x7f3740036790 0x7f3740038c40 secure :-1 s=READY pgs=8 cs=0 l=1 rev1=1 crypto rx=0x7f373c009990 tx=0x7f373c006e40 comp rx=0 tx=0).ready entity=mgr.14120 client_cookie=0 server_cookie=0 in_seq=0 out_seq=0
2024-02-20T07:55:27.107 INFO:teuthology.orchestra.run.smithi123.stdout:/usr/bin/ceph: stderr
2024-02-20T07:55:26.402+0000 7f374bfff700 1 -- 172.21.15.123:0/2611964456 <== mon.0 v2:172.21.15.123:3300/0 6 ==== mon_command_ack([{"prefix": "get_command_descriptions"}]=0 v0) v1 ==== 72+0+175031 (secure 0 0 0) 0x7f374402e440 con 0x7f3754102d90
2024-02-20T07:55:27.108 INFO:teuthology.orchestra.run.smithi123.stdout:/usr/bin/ceph: stderr
2024-02-20T07:55:26.585+0000 7f375978c700 1 -- 172.21.15.123:0/2611964456 --> [v2:172.21.15.123:6800/4006637556,v1:172.21.15.123:6801/4006637556] -- mgr_command(tid 0: {"prefix": "cephadm set-user", "user": "root", "target": ["mon-mgr", ""]}) v1 -- 0x7f3754108b40 con 0x7f3740036790
2024-02-20T07:55:27.108 INFO:teuthology.orchestra.run.smithi123.stdout:/usr/bin/ceph: stderr
2024-02-20T07:55:26.586+0000 7f374bfff700 1 -- 172.21.15.123:0/2611964456 <== mgr.14120 v2:172.21.15.123:6800/4006637556 1 ==== mgr_command_reply(tid 0: 0 ) v1 ==== 8+0+16 (secure 0 0 0) 0x7f3754108b40 con 0x7f3740036790
2024-02-20T07:55:27.108 INFO:teuthology.orchestra.run.smithi123.stdout:/usr/bin/ceph: stderr
2024-02-20T07:55:26.588+0000 7f375978c700 1 -- 172.21.15.123:0/2611964456 >> [v2:172.21.15.123:6800/4006637556,v1:172.21.15.123:6801/4006637556] conn(0x7f3740036790 msgr2=0x7f3740038c40 secure :-1 s=STATE_CONNECTION_ESTABLISHED l=1).mark_down
2024-02-20T07:55:27.108 INFO:teuthology.orchestra.run.smithi123.stdout:/usr/bin/ceph: stderr
2024-02-20T07:55:26.588+0000 7f375978c700 1 --2- 172.21.15.123:0/2611964456 >> [v2:172.21.15.123:6800/4006637556,v1:172.21.15.123:6801/4006637556] conn(0x7f3740036790 0x7f3740038c40 secure :-1 s=READY pgs=8 cs=0 l=1 rev1=1 crypto rx=0x7f373c009990 tx=0x7f373c006e40 comp rx=0 tx=0).stop
2024-02-20T07:55:27.108 INFO:teuthology.orchestra.run.smithi123.stdout:/usr/bin/ceph: stderr
2024-02-20T07:55:26.588+0000 7f375978c700 1 -- 172.21.15.123:0/2611964456 >> [v2:172.21.15.123:3300/0,v1:172.21.15.123:6789/0] conn(0x7f3754102d90 msgr2=0x7f37541139e0 secure :-1 s=STATE_CONNECTION_ESTABLISHED l=1).mark_down
2024-02-20T07:55:27.108 INFO:teuthology.orchestra.run.smithi123.stdout:/usr/bin/ceph: stderr
2024-02-20T07:55:26.588+0000 7f375978c700 1 --2- 172.21.15.123:0/2611964456 >> [v2:172.21.15.123:3300/0,v1:172.21.15.123:6789/0] conn(0x7f3754102d90 0x7f37541139e0 secure :-1 s=READY pgs=40 cs=0 l=1 rev1=1 crypto rx=0x7f374400b440 tx=0x7f3744009250 comp rx=0 tx=0).stop
2024-02-20T07:55:27.108 INFO:teuthology.orchestra.run.smithi123.stdout:/usr/bin/ceph: stderr
2024-02-20T07:55:26.588+0000 7f375978c700 1 -- 172.21.15.123:0/2611964456 shutdown_connections
2024-02-20T07:55:27.108 INFO:teuthology.orchestra.run.smithi123.stdout:/usr/bin/ceph: stderr
2024-02-20T07:55:26.588+0000 7f375978c700 1 --2- 172.21.15.123:0/2611964456 >> [v2:172.21.15.123:6800/4006637556,v1:172.21.15.123:6801/4006637556] conn(0x7f3740036790 0x7f3740038c40 unknown :-1 s=CLOSED pgs=8 cs=0 l=1 rev1=1 crypto rx=0 tx=0 comp rx=0 tx=0).stop
2024-02-20T07:55:27.108 INFO:teuthology.orchestra.run.smithi123.stdout:/usr/bin/ceph: stderr
2024-02-20T07:55:26.588+0000 7f375978c700 1 --2- 172.21.15.123:0/2611964456 >> [v2:172.21.15.123:3300/0,v1:172.21.15.123:6789/0] conn(0x7f3754102d90 0x7f37541139e0 unknown :-1 s=CLOSED pgs=40 cs=0 l=1 rev1=1 crypto rx=0 tx=0 comp rx=0 tx=0).stop
2024-02-20T07:55:27.108 INFO:teuthology.orchestra.run.smithi123.stdout:/usr/bin/ceph: stderr
2024-02-20T07:55:26.588+0000 7f375978c700 1 -- 172.21.15.123:0/2611964456 >> 172.21.15.123:0/2611964456 conn(0x7f37540fc580 msgr2=0x7f37540fd3a0 unknown :-1 s=STATE_NONE l=0).mark_down
2024-02-20T07:55:27.108 INFO:teuthology.orchestra.run.smithi123.stdout:/usr/bin/ceph: stderr
2024-02-20T07:55:26.588+0000 7f375978c700 1 -- 172.21.15.123:0/2611964456 shutdown_connections
2024-02-20T07:55:27.108 INFO:teuthology.orchestra.run.smithi123.stdout:/usr/bin/ceph: stderr
2024-02-20T07:55:26.588+0000 7f375978c700 1 -- 172.21.15.123:0/2611964456 wait complete.
2024-02-20T07:55:27.108 INFO:teuthology.orchestra.run.smithi123.stdout:Generating ssh key...
2024-02-20T07:55:27.759 INFO:journalctl@ceph.mon.smithi123.smithi123.stdout:Feb 20 07:55:27 smithi123 ceph-mon[29383]: from='client.14134 -' entity='client.admin' cmd=[{"prefix": "cephadm set-user", "user": "root", "target": ["mon-mgr", ""]}]: dispatch
2024-02-20T07:55:28.642 INFO:teuthology.orchestra.run.smithi123.stdout:/usr/bin/ceph: stderr
2024-02-20T07:55:27.615+0000 7f93a5647700 1 Processor -- start
2024-02-20T07:55:28.642 INFO:teuthology.orchestra.run.smithi123.stdout:/usr/bin/ceph: stderr
2024-02-20T07:55:27.615+0000 7f93a5647700 1 -- start start
2024-02-20T07:55:28.642 INFO:teuthology.orchestra.run.smithi123.stdout:/usr/bin/ceph: stderr
2024-02-20T07:55:27.615+0000 7f93a5647700 1 --2- >> [v2:172.21.15.123:3300/0,v1:172.21.15.123:6789/0] conn(0x7f93a0078d00 0x7f93a0077210 unknown :-1 s=NONE pgs=0 cs=0 l=0 rev1=0 crypto rx=0 tx=0 comp rx=0 tx=0).connect
2024-02-20T07:55:28.642 INFO:teuthology.orchestra.run.smithi123.stdout:/usr/bin/ceph: stderr
2024-02-20T07:55:27.615+0000 7f93a5647700 1 -- --> [v2:172.21.15.123:3300/0,v1:172.21.15.123:6789/0] -- mon_getmap magic: 0 v1 -- 0x7f93a0079110 con 0x7f93a0078d00
2024-02-20T07:55:28.643 INFO:teuthology.orchestra.run.smithi123.stdout:/usr/bin/ceph: stderr
2024-02-20T07:55:27.615+0000 7f939effd700 1 --2- >> [v2:172.21.15.123:3300/0,v1:172.21.15.123:6789/0] conn(0x7f93a0078d00 0x7f93a0077210 unknown :-1 s=BANNER_CONNECTING pgs=0 cs=0 l=0 rev1=0 crypto rx=0 tx=0 comp rx=0 tx=0)._handle_peer_banner_payload supported=3 required=0
2024-02-20T07:55:28.643 INFO:teuthology.orchestra.run.smithi123.stdout:/usr/bin/ceph: stderr
2024-02-20T07:55:27.615+0000 7f939effd700 1 --2- >> [v2:172.21.15.123:3300/0,v1:172.21.15.123:6789/0] conn(0x7f93a0078d00 0x7f93a0077210 unknown :-1 s=HELLO_CONNECTING pgs=0 cs=0 l=0 rev1=1 crypto rx=0 tx=0 comp rx=0 tx=0).handle_hello peer v2:172.21.15.123:3300/0 says I am v2:172.21.15.123:38820/0 (socket says 172.21.15.123:38820)
2024-02-20T07:55:28.643 INFO:teuthology.orchestra.run.smithi123.stdout:/usr/bin/ceph: stderr
2024-02-20T07:55:27.615+0000 7f939effd700 1 -- 172.21.15.123:0/3784207332 learned_addr learned my addr 172.21.15.123:0/3784207332 (peer_addr_for_me v2:172.21.15.123:0/0)
2024-02-20T07:55:28.643 INFO:teuthology.orchestra.run.smithi123.stdout:/usr/bin/ceph: stderr
2024-02-20T07:55:27.615+0000 7f939effd700 1 -- 172.21.15.123:0/3784207332 --> [v2:172.21.15.123:3300/0,v1:172.21.15.123:6789/0] -- mon_subscribe({config=0+,monmap=0+}) v3 -- 0x7f93a0077750 con 0x7f93a0078d00
2024-02-20T07:55:28.643 INFO:teuthology.orchestra.run.smithi123.stdout:/usr/bin/ceph: stderr
2024-02-20T07:55:27.615+0000 7f939effd700 1 --2- 172.21.15.123:0/3784207332 >> [v2:172.21.15.123:3300/0,v1:172.21.15.123:6789/0] conn(0x7f93a0078d00 0x7f93a0077210 secure :-1 s=READY pgs=41 cs=0 l=1 rev1=1 crypto rx=0x7f93900098e0 tx=0x7f9390009250 comp rx=0 tx=0).ready entity=mon.0 client_cookie=bc911cffc3cc309d server_cookie=0 in_seq=0 out_seq=0
2024-02-20T07:55:28.643 INFO:teuthology.orchestra.run.smithi123.stdout:/usr/bin/ceph: stderr
2024-02-20T07:55:27.615+0000 7f939dffb700 1 -- 172.21.15.123:0/3784207332 <== mon.0 v2:172.21.15.123:3300/0 1 ==== mon_map magic: 0 v1 ==== 229+0+0 (secure 0 0 0) 0x7f939000b860 con 0x7f93a0078d00
2024-02-20T07:55:28.643 INFO:teuthology.orchestra.run.smithi123.stdout:/usr/bin/ceph: stderr
2024-02-20T07:55:27.616+0000 7f939dffb700 1 -- 172.21.15.123:0/3784207332 <== mon.0 v2:172.21.15.123:3300/0 2 ==== config(27 keys) v1 ==== 1044+0+0 (secure 0 0 0) 0x7f939000be50 con 0x7f93a0078d00
2024-02-20T07:55:28.643 INFO:teuthology.orchestra.run.smithi123.stdout:/usr/bin/ceph: stderr
2024-02-20T07:55:27.616+0000 7f939dffb700 1 -- 172.21.15.123:0/3784207332 <== mon.0 v2:172.21.15.123:3300/0 3 ==== mon_map magic: 0 v1 ==== 229+0+0 (secure 0 0 0) 0x7f9390010380 con 0x7f93a0078d00
2024-02-20T07:55:28.643 INFO:teuthology.orchestra.run.smithi123.stdout:/usr/bin/ceph: stderr
2024-02-20T07:55:27.616+0000 7f93a5647700 1 -- 172.21.15.123:0/3784207332 >> [v2:172.21.15.123:3300/0,v1:172.21.15.123:6789/0] conn(0x7f93a0078d00 msgr2=0x7f93a0077210 secure :-1 s=STATE_CONNECTION_ESTABLISHED l=1).mark_down
2024-02-20T07:55:28.643 INFO:teuthology.orchestra.run.smithi123.stdout:/usr/bin/ceph: stderr
2024-02-20T07:55:27.616+0000 7f93a5647700 1 --2- 172.21.15.123:0/3784207332 >> [v2:172.21.15.123:3300/0,v1:172.21.15.123:6789/0] conn(0x7f93a0078d00 0x7f93a0077210 secure :-1 s=READY pgs=41 cs=0 l=1 rev1=1 crypto rx=0x7f93900098e0 tx=0x7f9390009250 comp rx=0 tx=0).stop
2024-02-20T07:55:28.643 INFO:teuthology.orchestra.run.smithi123.stdout:/usr/bin/ceph: stderr
2024-02-20T07:55:27.616+0000 7f93a5647700 1 -- 172.21.15.123:0/3784207332 shutdown_connections
2024-02-20T07:55:28.643 INFO:teuthology.orchestra.run.smithi123.stdout:/usr/bin/ceph: stderr
2024-02-20T07:55:27.616+0000 7f93a5647700 1 --2- 172.21.15.123:0/3784207332 >> [v2:172.21.15.123:3300/0,v1:172.21.15.123:6789/0] conn(0x7f93a0078d00 0x7f93a0077210 unknown :-1 s=CLOSED pgs=41 cs=0 l=1 rev1=1 crypto rx=0 tx=0 comp rx=0 tx=0).stop
2024-02-20T07:55:28.643 INFO:teuthology.orchestra.run.smithi123.stdout:/usr/bin/ceph: stderr
2024-02-20T07:55:27.616+0000 7f93a5647700 1 -- 172.21.15.123:0/3784207332 >> 172.21.15.123:0/3784207332 conn(0x7f93a00fded0 msgr2=0x7f93a0100300 unknown :-1 s=STATE_NONE l=0).mark_down
2024-02-20T07:55:28.643 INFO:teuthology.orchestra.run.smithi123.stdout:/usr/bin/ceph: stderr
2024-02-20T07:55:27.616+0000 7f93a5647700 1 -- 172.21.15.123:0/3784207332 shutdown_connections
2024-02-20T07:55:28.643 INFO:teuthology.orchestra.run.smithi123.stdout:/usr/bin/ceph: stderr
2024-02-20T07:55:27.616+0000 7f93a5647700 1 -- 172.21.15.123:0/3784207332 wait complete.
2024-02-20T07:55:28.644 INFO:teuthology.orchestra.run.smithi123.stdout:/usr/bin/ceph: stderr
2024-02-20T07:55:27.617+0000 7f93a5647700 1 Processor -- start
2024-02-20T07:55:28.644 INFO:teuthology.orchestra.run.smithi123.stdout:/usr/bin/ceph: stderr
2024-02-20T07:55:27.617+0000 7f93a5647700 1 -- start start
2024-02-20T07:55:28.644 INFO:teuthology.orchestra.run.smithi123.stdout:/usr/bin/ceph: stderr
2024-02-20T07:55:27.617+0000 7f93a5647700 1 --2- >> [v2:172.21.15.123:3300/0,v1:172.21.15.123:6789/0] conn(0x7f93a0078d00 0x7f93a01137c0 unknown :-1 s=NONE pgs=0 cs=0 l=1 rev1=0 crypto rx=0 tx=0 comp rx=0 tx=0).connect
2024-02-20T07:55:28.644 INFO:teuthology.orchestra.run.smithi123.stdout:/usr/bin/ceph: stderr
2024-02-20T07:55:27.617+0000 7f93a5647700 1 -- --> [v2:172.21.15.123:3300/0,v1:172.21.15.123:6789/0] -- mon_getmap magic: 0 v1 -- 0x7f93a0113d00 con 0x7f93a0078d00
2024-02-20T07:55:28.644 INFO:teuthology.orchestra.run.smithi123.stdout:/usr/bin/ceph: stderr
2024-02-20T07:55:27.617+0000 7f939effd700 1 --2- >> [v2:172.21.15.123:3300/0,v1:172.21.15.123:6789/0] conn(0x7f93a0078d00 0x7f93a01137c0 unknown :-1 s=BANNER_CONNECTING pgs=0 cs=0 l=1 rev1=0 crypto rx=0 tx=0 comp rx=0 tx=0)._handle_peer_banner_payload supported=3 required=0
2024-02-20T07:55:28.644 INFO:teuthology.orchestra.run.smithi123.stdout:/usr/bin/ceph: stderr
2024-02-20T07:55:27.617+0000 7f939effd700 1 --2- >> [v2:172.21.15.123:3300/0,v1:172.21.15.123:6789/0] conn(0x7f93a0078d00 0x7f93a01137c0 unknown :-1 s=HELLO_CONNECTING pgs=0 cs=0 l=1 rev1=1 crypto rx=0 tx=0 comp rx=0 tx=0).handle_hello peer v2:172.21.15.123:3300/0 says I am v2:172.21.15.123:38826/0 (socket says 172.21.15.123:38826)
2024-02-20T07:55:28.644 INFO:teuthology.orchestra.run.smithi123.stdout:/usr/bin/ceph: stderr
2024-02-20T07:55:27.617+0000 7f939effd700 1 -- 172.21.15.123:0/652458141 learned_addr learned my addr 172.21.15.123:0/652458141 (peer_addr_for_me v2:172.21.15.123:0/0)
2024-02-20T07:55:28.644 INFO:teuthology.orchestra.run.smithi123.stdout:/usr/bin/ceph: stderr
2024-02-20T07:55:27.617+0000 7f939effd700 1 -- 172.21.15.123:0/652458141 --> [v2:172.21.15.123:3300/0,v1:172.21.15.123:6789/0] -- mon_subscribe({config=0+,monmap=0+}) v3 -- 0x7f93900094f0 con 0x7f93a0078d00
2024-02-20T07:55:28.644 INFO:teuthology.orchestra.run.smithi123.stdout:/usr/bin/ceph: stderr
