2024-02-20T07:55:37.760+0000 7f7526ffd700 1 --2- 172.21.15.123:0/4000397351 >> [v2:172.21.15.123:3300/0,v1:172.21.15.123:6789/0] conn(0x7f7528076c40 0x7f7528111870 secure :-1 s=READY pgs=54 cs=0 l=1 rev1=1 crypto rx=0x7f75200127d0 tx=0x7f7520009840 comp rx=0 tx=0).ready entity=mon.0 client_cookie=0 server_cookie=0 in_seq=0 out_seq=0
2024-02-20T07:55:38.488 INFO:teuthology.orchestra.run.smithi123.stdout:/usr/bin/ceph: stderr
2024-02-20T07:55:37.760+0000 7f750f7fe700 1 -- 172.21.15.123:0/4000397351 <== mon.0 v2:172.21.15.123:3300/0 1 ==== mon_map magic: 0 v1 ==== 229+0+0 (secure 0 0 0) 0x7f75200092e0 con 0x7f7528076c40
2024-02-20T07:55:38.488 INFO:teuthology.orchestra.run.smithi123.stdout:/usr/bin/ceph: stderr
2024-02-20T07:55:37.760+0000 7f750f7fe700 1 -- 172.21.15.123:0/4000397351 <== mon.0 v2:172.21.15.123:3300/0 2 ==== config(27 keys) v1 ==== 1109+0+0 (secure 0 0 0) 0x7f7520007d30 con 0x7f7528076c40
2024-02-20T07:55:38.488 INFO:teuthology.orchestra.run.smithi123.stdout:/usr/bin/ceph: stderr
2024-02-20T07:55:37.760+0000 7f752d474700 1 -- 172.21.15.123:0/4000397351 --> [v2:172.21.15.123:3300/0,v1:172.21.15.123:6789/0] -- mon_subscribe({mgrmap=0+}) v3 -- 0x7f7528111fb0 con 0x7f7528076c40
2024-02-20T07:55:38.488 INFO:teuthology.orchestra.run.smithi123.stdout:/usr/bin/ceph: stderr
2024-02-20T07:55:37.760+0000 7f750f7fe700 1 -- 172.21.15.123:0/4000397351 <== mon.0 v2:172.21.15.123:3300/0 3 ==== mon_map magic: 0 v1 ==== 229+0+0 (secure 0 0 0) 0x7f75200259a0 con 0x7f7528076c40
2024-02-20T07:55:38.488 INFO:teuthology.orchestra.run.smithi123.stdout:/usr/bin/ceph: stderr
2024-02-20T07:55:37.760+0000 7f752d474700 1 -- 172.21.15.123:0/4000397351 --> [v2:172.21.15.123:3300/0,v1:172.21.15.123:6789/0] -- mon_subscribe({osdmap=0}) v3 -- 0x7f7528112c50 con 0x7f7528076c40
2024-02-20T07:55:38.488 INFO:teuthology.orchestra.run.smithi123.stdout:/usr/bin/ceph: stderr
2024-02-20T07:55:37.761+0000 7f750f7fe700 1 -- 172.21.15.123:0/4000397351 <== mon.0 v2:172.21.15.123:3300/0 4 ==== mgrmap(e 8) v1 ==== 43368+0+0 (secure 0 0 0) 0x7f7520019050 con 0x7f7528076c40
2024-02-20T07:55:38.488 INFO:teuthology.orchestra.run.smithi123.stdout:/usr/bin/ceph: stderr
2024-02-20T07:55:37.761+0000 7f750f7fe700 1 --2- 172.21.15.123:0/4000397351 >> [v2:172.21.15.123:6800/4006637556,v1:172.21.15.123:6801/4006637556] conn(0x7f7510036790 0x7f7510038c40 unknown :-1 s=NONE pgs=0 cs=0 l=1 rev1=0 crypto rx=0 tx=0 comp rx=0 tx=0).connect
2024-02-20T07:55:38.488 INFO:teuthology.orchestra.run.smithi123.stdout:/usr/bin/ceph: stderr
2024-02-20T07:55:37.761+0000 7f750f7fe700 1 -- 172.21.15.123:0/4000397351 <== mon.0 v2:172.21.15.123:3300/0 5 ==== osd_map(2..2 src has 1..2) v4 ==== 936+0+0 (secure 0 0 0) 0x7f752004a150 con 0x7f7528076c40
2024-02-20T07:55:38.488 INFO:teuthology.orchestra.run.smithi123.stdout:/usr/bin/ceph: stderr
2024-02-20T07:55:37.761+0000 7f752d474700 1 -- 172.21.15.123:0/4000397351 --> [v2:172.21.15.123:3300/0,v1:172.21.15.123:6789/0] -- mon_command({"prefix": "get_command_descriptions"} v 0) v1 -- 0x7f752805f5c0 con 0x7f7528076c40
2024-02-20T07:55:38.489 INFO:teuthology.orchestra.run.smithi123.stdout:/usr/bin/ceph: stderr
2024-02-20T07:55:37.761+0000 7f75267fc700 1 --2- 172.21.15.123:0/4000397351 >> [v2:172.21.15.123:6800/4006637556,v1:172.21.15.123:6801/4006637556] conn(0x7f7510036790 0x7f7510038c40 unknown :-1 s=BANNER_CONNECTING pgs=0 cs=0 l=1 rev1=0 crypto rx=0 tx=0 comp rx=0 tx=0)._handle_peer_banner_payload supported=3 required=0
2024-02-20T07:55:38.489 INFO:teuthology.orchestra.run.smithi123.stdout:/usr/bin/ceph: stderr
2024-02-20T07:55:37.761+0000 7f75267fc700 1 --2- 172.21.15.123:0/4000397351 >> [v2:172.21.15.123:6800/4006637556,v1:172.21.15.123:6801/4006637556] conn(0x7f7510036790 0x7f7510038c40 secure :-1 s=READY pgs=15 cs=0 l=1 rev1=1 crypto rx=0x7f751c009990 tx=0x7f751c006e40 comp rx=0 tx=0).ready entity=mgr.14120 client_cookie=0 server_cookie=0 in_seq=0 out_seq=0
2024-02-20T07:55:38.489 INFO:teuthology.orchestra.run.smithi123.stdout:/usr/bin/ceph: stderr
2024-02-20T07:55:37.766+0000 7f750f7fe700 1 -- 172.21.15.123:0/4000397351 <== mon.0 v2:172.21.15.123:3300/0 6 ==== mon_command_ack([{"prefix": "get_command_descriptions"}]=0 v0) v1 ==== 72+0+175031 (secure 0 0 0) 0x7f7520017080 con 0x7f7528076c40
2024-02-20T07:55:38.489 INFO:teuthology.orchestra.run.smithi123.stdout:/usr/bin/ceph: stderr
2024-02-20T07:55:37.970+0000 7f752d474700 1 -- 172.21.15.123:0/4000397351 --> [v2:172.21.15.123:6800/4006637556,v1:172.21.15.123:6801/4006637556] -- mgr_command(tid 0: {"prefix": "orch apply", "service_type": "prometheus", "target": ["mon-mgr", ""]}) v1 -- 0x7f75281068d0 con 0x7f7510036790
2024-02-20T07:55:38.489 INFO:teuthology.orchestra.run.smithi123.stdout:/usr/bin/ceph: stderr
2024-02-20T07:55:37.974+0000 7f750f7fe700 1 -- 172.21.15.123:0/4000397351 <== mgr.14120 v2:172.21.15.123:6800/4006637556 1 ==== mgr_command_reply(tid 0: 0 ) v1 ==== 8+0+31 (secure 0 0 0) 0x7f75281068d0 con 0x7f7510036790
2024-02-20T07:55:38.489 INFO:teuthology.orchestra.run.smithi123.stdout:/usr/bin/ceph: stderr
2024-02-20T07:55:37.976+0000 7f752d474700 1 -- 172.21.15.123:0/4000397351 >> [v2:172.21.15.123:6800/4006637556,v1:172.21.15.123:6801/4006637556] conn(0x7f7510036790 msgr2=0x7f7510038c40 secure :-1 s=STATE_CONNECTION_ESTABLISHED l=1).mark_down
2024-02-20T07:55:38.489 INFO:teuthology.orchestra.run.smithi123.stdout:/usr/bin/ceph: stderr
2024-02-20T07:55:37.976+0000 7f752d474700 1 --2- 172.21.15.123:0/4000397351 >> [v2:172.21.15.123:6800/4006637556,v1:172.21.15.123:6801/4006637556] conn(0x7f7510036790 0x7f7510038c40 secure :-1 s=READY pgs=15 cs=0 l=1 rev1=1 crypto rx=0x7f751c009990 tx=0x7f751c006e40 comp rx=0 tx=0).stop
2024-02-20T07:55:38.489 INFO:teuthology.orchestra.run.smithi123.stdout:/usr/bin/ceph: stderr
2024-02-20T07:55:37.976+0000 7f752d474700 1 -- 172.21.15.123:0/4000397351 >> [v2:172.21.15.123:3300/0,v1:172.21.15.123:6789/0] conn(0x7f7528076c40 msgr2=0x7f7528111870 secure :-1 s=STATE_CONNECTION_ESTABLISHED l=1).mark_down
2024-02-20T07:55:38.489 INFO:teuthology.orchestra.run.smithi123.stdout:/usr/bin/ceph: stderr
2024-02-20T07:55:37.976+0000 7f752d474700 1 --2- 172.21.15.123:0/4000397351 >> [v2:172.21.15.123:3300/0,v1:172.21.15.123:6789/0] conn(0x7f7528076c40 0x7f7528111870 secure :-1 s=READY pgs=54 cs=0 l=1 rev1=1 crypto rx=0x7f75200127d0 tx=0x7f7520009840 comp rx=0 tx=0).stop
2024-02-20T07:55:38.489 INFO:teuthology.orchestra.run.smithi123.stdout:/usr/bin/ceph: stderr
2024-02-20T07:55:37.977+0000 7f752d474700 1 -- 172.21.15.123:0/4000397351 shutdown_connections
2024-02-20T07:55:38.489 INFO:teuthology.orchestra.run.smithi123.stdout:/usr/bin/ceph: stderr
2024-02-20T07:55:37.977+0000 7f752d474700 1 --2- 172.21.15.123:0/4000397351 >> [v2:172.21.15.123:6800/4006637556,v1:172.21.15.123:6801/4006637556] conn(0x7f7510036790 0x7f7510038c40 unknown :-1 s=CLOSED pgs=15 cs=0 l=1 rev1=1 crypto rx=0 tx=0 comp rx=0 tx=0).stop
2024-02-20T07:55:38.489 INFO:teuthology.orchestra.run.smithi123.stdout:/usr/bin/ceph: stderr
2024-02-20T07:55:37.977+0000 7f752d474700 1 --2- 172.21.15.123:0/4000397351 >> [v2:172.21.15.123:3300/0,v1:172.21.15.123:6789/0] conn(0x7f7528076c40 0x7f7528111870 unknown :-1 s=CLOSED pgs=54 cs=0 l=1 rev1=1 crypto rx=0 tx=0 comp rx=0 tx=0).stop
2024-02-20T07:55:38.489 INFO:teuthology.orchestra.run.smithi123.stdout:/usr/bin/ceph: stderr
2024-02-20T07:55:37.977+0000 7f752d474700 1 -- 172.21.15.123:0/4000397351 >> 172.21.15.123:0/4000397351 conn(0x7f75280fcdd0 msgr2=0x7f75280ff090 unknown :-1 s=STATE_NONE l=0).mark_down
2024-02-20T07:55:38.489 INFO:teuthology.orchestra.run.smithi123.stdout:/usr/bin/ceph: stderr
2024-02-20T07:55:37.977+0000 7f752d474700 1 -- 172.21.15.123:0/4000397351 shutdown_connections
2024-02-20T07:55:38.489 INFO:teuthology.orchestra.run.smithi123.stdout:/usr/bin/ceph: stderr
2024-02-20T07:55:37.977+0000 7f752d474700 1 -- 172.21.15.123:0/4000397351 wait complete.
2024-02-20T07:55:38.490 INFO:teuthology.orchestra.run.smithi123.stdout:Deploying grafana service with default placement...
2024-02-20T07:55:39.089 INFO:journalctl@ceph.mon.smithi123.smithi123.stdout:Feb 20 07:55:38 smithi123 ceph-mon[29383]: from='mgr.14120 172.21.15.123:0/924187596' entity='mgr.smithi123.kwyrtl'
2024-02-20T07:55:39.089 INFO:journalctl@ceph.mon.smithi123.smithi123.stdout:Feb 20 07:55:38 smithi123 ceph-mon[29383]: from='client.14148 -' entity='client.admin' cmd=[{"prefix": "orch apply", "service_type": "prometheus", "target": ["mon-mgr", ""]}]: dispatch
2024-02-20T07:55:39.089 INFO:journalctl@ceph.mon.smithi123.smithi123.stdout:Feb 20 07:55:38 smithi123 ceph-mon[29383]: Saving service prometheus spec with placement count:1
2024-02-20T07:55:39.089 INFO:journalctl@ceph.mon.smithi123.smithi123.stdout:Feb 20 07:55:38 smithi123 ceph-mon[29383]: from='mgr.14120 172.21.15.123:0/924187596' entity='mgr.smithi123.kwyrtl'
2024-02-20T07:55:39.635 INFO:teuthology.orchestra.run.smithi123.stdout:/usr/bin/ceph: stdout Scheduled grafana update...
2024-02-20T07:55:39.636 INFO:teuthology.orchestra.run.smithi123.stdout:/usr/bin/ceph: stderr
2024-02-20T07:55:38.874+0000 7f7666983700 1 Processor -- start
2024-02-20T07:55:39.636 INFO:teuthology.orchestra.run.smithi123.stdout:/usr/bin/ceph: stderr
2024-02-20T07:55:38.874+0000 7f7666983700 1 -- start start
2024-02-20T07:55:39.636 INFO:teuthology.orchestra.run.smithi123.stdout:/usr/bin/ceph: stderr
2024-02-20T07:55:38.874+0000 7f7666983700 1 --2- >> [v2:172.21.15.123:3300/0,v1:172.21.15.123:6789/0] conn(0x7f7660102c10 0x7f7660103020 unknown :-1 s=NONE pgs=0 cs=0 l=0 rev1=0 crypto rx=0 tx=0 comp rx=0 tx=0).connect
2024-02-20T07:55:39.636 INFO:teuthology.orchestra.run.smithi123.stdout:/usr/bin/ceph: stderr
2024-02-20T07:55:38.874+0000 7f7666983700 1 -- --> [v2:172.21.15.123:3300/0,v1:172.21.15.123:6789/0] -- mon_getmap magic: 0 v1 -- 0x7f7660103560 con 0x7f7660102c10
2024-02-20T07:55:39.636 INFO:teuthology.orchestra.run.smithi123.stdout:/usr/bin/ceph: stderr
2024-02-20T07:55:38.874+0000 7f765ffff700 1 --2- >> [v2:172.21.15.123:3300/0,v1:172.21.15.123:6789/0] conn(0x7f7660102c10 0x7f7660103020 unknown :-1 s=BANNER_CONNECTING pgs=0 cs=0 l=0 rev1=0 crypto rx=0 tx=0 comp rx=0 tx=0)._handle_peer_banner_payload supported=3 required=0
2024-02-20T07:55:39.636 INFO:teuthology.orchestra.run.smithi123.stdout:/usr/bin/ceph: stderr
2024-02-20T07:55:38.874+0000 7f765ffff700 1 --2- >> [v2:172.21.15.123:3300/0,v1:172.21.15.123:6789/0] conn(0x7f7660102c10 0x7f7660103020 unknown :-1 s=HELLO_CONNECTING pgs=0 cs=0 l=0 rev1=1 crypto rx=0 tx=0 comp rx=0 tx=0).handle_hello peer v2:172.21.15.123:3300/0 says I am v2:172.21.15.123:54336/0 (socket says 172.21.15.123:54336)
2024-02-20T07:55:39.636 INFO:teuthology.orchestra.run.smithi123.stdout:/usr/bin/ceph: stderr
2024-02-20T07:55:38.874+0000 7f765ffff700 1 -- 172.21.15.123:0/217148799 learned_addr learned my addr 172.21.15.123:0/217148799 (peer_addr_for_me v2:172.21.15.123:0/0)
2024-02-20T07:55:39.636 INFO:teuthology.orchestra.run.smithi123.stdout:/usr/bin/ceph: stderr
2024-02-20T07:55:38.874+0000 7f765ffff700 1 -- 172.21.15.123:0/217148799 --> [v2:172.21.15.123:3300/0,v1:172.21.15.123:6789/0] -- mon_subscribe({config=0+,monmap=0+}) v3 -- 0x7f76601036a0 con 0x7f7660102c10
2024-02-20T07:55:39.636 INFO:teuthology.orchestra.run.smithi123.stdout:/usr/bin/ceph: stderr
2024-02-20T07:55:38.874+0000 7f765ffff700 1 --2- 172.21.15.123:0/217148799 >> [v2:172.21.15.123:3300/0,v1:172.21.15.123:6789/0] conn(0x7f7660102c10 0x7f7660103020 secure :-1 s=READY pgs=55 cs=0 l=1 rev1=1 crypto rx=0x7f76500098e0 tx=0x7f7650009250 comp rx=0 tx=0).ready entity=mon.0 client_cookie=819771aff4f5fbb3 server_cookie=0 in_seq=0 out_seq=0
2024-02-20T07:55:39.636 INFO:teuthology.orchestra.run.smithi123.stdout:/usr/bin/ceph: stderr
2024-02-20T07:55:38.875+0000 7f765effd700 1 -- 172.21.15.123:0/217148799 <== mon.0 v2:172.21.15.123:3300/0 1 ==== mon_map magic: 0 v1 ==== 229+0+0 (secure 0 0 0) 0x7f765000b860 con 0x7f7660102c10
2024-02-20T07:55:39.636 INFO:teuthology.orchestra.run.smithi123.stdout:/usr/bin/ceph: stderr
2024-02-20T07:55:38.875+0000 7f765effd700 1 -- 172.21.15.123:0/217148799 <== mon.0 v2:172.21.15.123:3300/0 2 ==== config(27 keys) v1 ==== 1109+0+0 (secure 0 0 0) 0x7f765000be90 con 0x7f7660102c10
2024-02-20T07:55:39.636 INFO:teuthology.orchestra.run.smithi123.stdout:/usr/bin/ceph: stderr
2024-02-20T07:55:38.875+0000 7f765effd700 1 -- 172.21.15.123:0/217148799 <== mon.0 v2:172.21.15.123:3300/0 3 ==== mon_map magic: 0 v1 ==== 229+0+0 (secure 0 0 0) 0x7f76500103c0 con 0x7f7660102c10
2024-02-20T07:55:39.637 INFO:teuthology.orchestra.run.smithi123.stdout:/usr/bin/ceph: stderr
2024-02-20T07:55:38.875+0000 7f7666983700 1 -- 172.21.15.123:0/217148799 >> [v2:172.21.15.123:3300/0,v1:172.21.15.123:6789/0] conn(0x7f7660102c10 msgr2=0x7f7660103020 secure :-1 s=STATE_CONNECTION_ESTABLISHED l=1).mark_down
2024-02-20T07:55:39.637 INFO:teuthology.orchestra.run.smithi123.stdout:/usr/bin/ceph: stderr
2024-02-20T07:55:38.875+0000 7f7666983700 1 --2- 172.21.15.123:0/217148799 >> [v2:172.21.15.123:3300/0,v1:172.21.15.123:6789/0] conn(0x7f7660102c10 0x7f7660103020 secure :-1 s=READY pgs=55 cs=0 l=1 rev1=1 crypto rx=0x7f76500098e0 tx=0x7f7650009250 comp rx=0 tx=0).stop
2024-02-20T07:55:39.637 INFO:teuthology.orchestra.run.smithi123.stdout:/usr/bin/ceph: stderr
2024-02-20T07:55:38.875+0000 7f7666983700 1 -- 172.21.15.123:0/217148799 shutdown_connections
2024-02-20T07:55:39.637 INFO:teuthology.orchestra.run.smithi123.stdout:/usr/bin/ceph: stderr
2024-02-20T07:55:38.875+0000 7f7666983700 1 --2- 172.21.15.123:0/217148799 >> [v2:172.21.15.123:3300/0,v1:172.21.15.123:6789/0] conn(0x7f7660102c10 0x7f7660103020 unknown :-1 s=CLOSED pgs=55 cs=0 l=1 rev1=1 crypto rx=0 tx=0 comp rx=0 tx=0).stop
2024-02-20T07:55:39.637 INFO:teuthology.orchestra.run.smithi123.stdout:/usr/bin/ceph: stderr
2024-02-20T07:55:38.875+0000 7f7666983700 1 -- 172.21.15.123:0/217148799 >> 172.21.15.123:0/217148799 conn(0x7f76600fc580 msgr2=0x7f76600fe990 unknown :-1 s=STATE_NONE l=0).mark_down
2024-02-20T07:55:39.637 INFO:teuthology.orchestra.run.smithi123.stdout:/usr/bin/ceph: stderr
2024-02-20T07:55:38.875+0000 7f7666983700 1 -- 172.21.15.123:0/217148799 shutdown_connections
2024-02-20T07:55:39.637 INFO:teuthology.orchestra.run.smithi123.stdout:/usr/bin/ceph: stderr
2024-02-20T07:55:38.875+0000 7f7666983700 1 -- 172.21.15.123:0/217148799 wait complete.
2024-02-20T07:55:39.637 INFO:teuthology.orchestra.run.smithi123.stdout:/usr/bin/ceph: stderr
2024-02-20T07:55:38.876+0000 7f7666983700 1 Processor -- start
2024-02-20T07:55:39.637 INFO:teuthology.orchestra.run.smithi123.stdout:/usr/bin/ceph: stderr
2024-02-20T07:55:38.876+0000 7f7666983700 1 -- start start
2024-02-20T07:55:39.637 INFO:teuthology.orchestra.run.smithi123.stdout:/usr/bin/ceph: stderr
2024-02-20T07:55:38.876+0000 7f7666983700 1 --2- >> [v2:172.21.15.123:3300/0,v1:172.21.15.123:6789/0] conn(0x7f7660102c10 0x7f76601118b0 unknown :-1 s=NONE pgs=0 cs=0 l=1 rev1=0 crypto rx=0 tx=0 comp rx=0 tx=0).connect
2024-02-20T07:55:39.637 INFO:teuthology.orchestra.run.smithi123.stdout:/usr/bin/ceph: stderr
2024-02-20T07:55:38.876+0000 7f7666983700 1 -- --> [v2:172.21.15.123:3300/0,v1:172.21.15.123:6789/0] -- mon_getmap magic: 0 v1 -- 0x7f7660111df0 con 0x7f7660102c10
2024-02-20T07:55:39.637 INFO:teuthology.orchestra.run.smithi123.stdout:/usr/bin/ceph: stderr
2024-02-20T07:55:38.876+0000 7f765ffff700 1 --2- >> [v2:172.21.15.123:3300/0,v1:172.21.15.123:6789/0] conn(0x7f7660102c10 0x7f76601118b0 unknown :-1 s=BANNER_CONNECTING pgs=0 cs=0 l=1 rev1=0 crypto rx=0 tx=0 comp rx=0 tx=0)._handle_peer_banner_payload supported=3 required=0
2024-02-20T07:55:39.637 INFO:teuthology.orchestra.run.smithi123.stdout:/usr/bin/ceph: stderr
2024-02-20T07:55:38.876+0000 7f765ffff700 1 --2- >> [v2:172.21.15.123:3300/0,v1:172.21.15.123:6789/0] conn(0x7f7660102c10 0x7f76601118b0 unknown :-1 s=HELLO_CONNECTING pgs=0 cs=0 l=1 rev1=1 crypto rx=0 tx=0 comp rx=0 tx=0).handle_hello peer v2:172.21.15.123:3300/0 says I am v2:172.21.15.123:54346/0 (socket says 172.21.15.123:54346)
2024-02-20T07:55:39.637 INFO:teuthology.orchestra.run.smithi123.stdout:/usr/bin/ceph: stderr
2024-02-20T07:55:38.876+0000 7f765ffff700 1 -- 172.21.15.123:0/880018013 learned_addr learned my addr 172.21.15.123:0/880018013 (peer_addr_for_me v2:172.21.15.123:0/0)
2024-02-20T07:55:39.637 INFO:teuthology.orchestra.run.smithi123.stdout:/usr/bin/ceph: stderr
2024-02-20T07:55:38.876+0000 7f765ffff700 1 -- 172.21.15.123:0/880018013 --> [v2:172.21.15.123:3300/0,v1:172.21.15.123:6789/0] -- mon_subscribe({config=0+,monmap=0+}) v3 -- 0x7f76500094f0 con 0x7f7660102c10
2024-02-20T07:55:39.638 INFO:teuthology.orchestra.run.smithi123.stdout:/usr/bin/ceph: stderr
2024-02-20T07:55:38.876+0000 7f765ffff700 1 --2- 172.21.15.123:0/880018013 >> [v2:172.21.15.123:3300/0,v1:172.21.15.123:6789/0] conn(0x7f7660102c10 0x7f76601118b0 secure :-1 s=READY pgs=56 cs=0 l=1 rev1=1 crypto rx=0x7f76500105b0 tx=0x7f7650009250 comp rx=0 tx=0).ready entity=mon.0 client_cookie=0 server_cookie=0 in_seq=0 out_seq=0
2024-02-20T07:55:39.638 INFO:teuthology.orchestra.run.smithi123.stdout:/usr/bin/ceph: stderr
2024-02-20T07:55:38.877+0000 7f765cff9700 1 -- 172.21.15.123:0/880018013 <== mon.0 v2:172.21.15.123:3300/0 1 ==== mon_map magic: 0 v1 ==== 229+0+0 (secure 0 0 0) 0x7f7650010630 con 0x7f7660102c10
2024-02-20T07:55:39.638 INFO:teuthology.orchestra.run.smithi123.stdout:/usr/bin/ceph: stderr
2024-02-20T07:55:38.877+0000 7f765cff9700 1 -- 172.21.15.123:0/880018013 <== mon.0 v2:172.21.15.123:3300/0 2 ==== config(27 keys) v1 ==== 1109+0+0 (secure 0 0 0) 0x7f7650010c60 con 0x7f7660102c10
2024-02-20T07:55:39.638 INFO:teuthology.orchestra.run.smithi123.stdout:/usr/bin/ceph: stderr
2024-02-20T07:55:38.877+0000 7f7666983700 1 -- 172.21.15.123:0/880018013 --> [v2:172.21.15.123:3300/0,v1:172.21.15.123:6789/0] -- mon_subscribe({mgrmap=0+}) v3 -- 0x7f7660111ff0 con 0x7f7660102c10
2024-02-20T07:55:39.638 INFO:teuthology.orchestra.run.smithi123.stdout:/usr/bin/ceph: stderr
2024-02-20T07:55:38.877+0000 7f765cff9700 1 -- 172.21.15.123:0/880018013 <== mon.0 v2:172.21.15.123:3300/0 3 ==== mon_map magic: 0 v1 ==== 229+0+0 (secure 0 0 0) 0x7f765001ad70 con 0x7f7660102c10
2024-02-20T07:55:39.638 INFO:teuthology.orchestra.run.smithi123.stdout:/usr/bin/ceph: stderr
2024-02-20T07:55:38.877+0000 7f7666983700 1 -- 172.21.15.123:0/880018013 --> [v2:172.21.15.123:3300/0,v1:172.21.15.123:6789/0] -- mon_subscribe({osdmap=0}) v3 -- 0x7f7660112420 con 0x7f7660102c10
2024-02-20T07:55:39.638 INFO:teuthology.orchestra.run.smithi123.stdout:/usr/bin/ceph: stderr
2024-02-20T07:55:38.877+0000 7f765cff9700 1 -- 172.21.15.123:0/880018013 <== mon.0 v2:172.21.15.123:3300/0 4 ==== mgrmap(e 8) v1 ==== 43368+0+0 (secure 0 0 0) 0x7f7650022420 con 0x7f7660102c10
2024-02-20T07:55:39.638 INFO:teuthology.orchestra.run.smithi123.stdout:/usr/bin/ceph: stderr
2024-02-20T07:55:38.878+0000 7f7666983700 1 -- 172.21.15.123:0/880018013 --> [v2:172.21.15.123:3300/0,v1:172.21.15.123:6789/0] -- mon_command({"prefix": "get_command_descriptions"} v 0) v1 -- 0x7f766004bed0 con 0x7f7660102c10
2024-02-20T07:55:39.638 INFO:teuthology.orchestra.run.smithi123.stdout:/usr/bin/ceph: stderr
2024-02-20T07:55:38.878+0000 7f765cff9700 1 --2- 172.21.15.123:0/880018013 >> [v2:172.21.15.123:6800/4006637556,v1:172.21.15.123:6801/4006637556] conn(0x7f76480367e0 0x7f7648038c90 unknown :-1 s=NONE pgs=0 cs=0 l=1 rev1=0 crypto rx=0 tx=0 comp rx=0 tx=0).connect
2024-02-20T07:55:39.638 INFO:teuthology.orchestra.run.smithi123.stdout:/usr/bin/ceph: stderr
2024-02-20T07:55:38.878+0000 7f765cff9700 1 -- 172.21.15.123:0/880018013 <== mon.0 v2:172.21.15.123:3300/0 5 ==== osd_map(2..2 src has 1..2) v4 ==== 936+0+0 (secure 0 0 0) 0x7f765001e070 con 0x7f7660102c10
2024-02-20T07:55:39.638 INFO:teuthology.orchestra.run.smithi123.stdout:/usr/bin/ceph: stderr
2024-02-20T07:55:38.878+0000 7f765f7fe700 1 --2- 172.21.15.123:0/880018013 >> [v2:172.21.15.123:6800/4006637556,v1:172.21.15.123:6801/4006637556] conn(0x7f76480367e0 0x7f7648038c90 unknown :-1 s=BANNER_CONNECTING pgs=0 cs=0 l=1 rev1=0 crypto rx=0 tx=0 comp rx=0 tx=0)._handle_peer_banner_payload supported=3 required=0
2024-02-20T07:55:39.638 INFO:teuthology.orchestra.run.smithi123.stdout:/usr/bin/ceph: stderr
2024-02-20T07:55:38.878+0000 7f765f7fe700 1 --2- 172.21.15.123:0/880018013 >> [v2:172.21.15.123:6800/4006637556,v1:172.21.15.123:6801/4006637556] conn(0x7f76480367e0 0x7f7648038c90 secure :-1 s=READY pgs=16 cs=0 l=1 rev1=1 crypto rx=0x7f7654009990 tx=0x7f7654006e40 comp rx=0 tx=0).ready entity=mgr.14120 client_cookie=0 server_cookie=0 in_seq=0 out_seq=0
2024-02-20T07:55:39.638 INFO:teuthology.orchestra.run.smithi123.stdout:/usr/bin/ceph: stderr
2024-02-20T07:55:38.882+0000 7f765cff9700 1 -- 172.21.15.123:0/880018013 <== mon.0 v2:172.21.15.123:3300/0 6 ==== mon_command_ack([{"prefix": "get_command_descriptions"}]=0 v0) v1 ==== 72+0+175031 (secure 0 0 0) 0x7f7650020920 con 0x7f7660102c10
2024-02-20T07:55:39.638 INFO:teuthology.orchestra.run.smithi123.stdout:/usr/bin/ceph: stderr
2024-02-20T07:55:39.087+0000 7f7666983700 1 -- 172.21.15.123:0/880018013 --> [v2:172.21.15.123:6800/4006637556,v1:172.21.15.123:6801/4006637556] -- mgr_command(tid 0: {"prefix": "orch apply", "service_type": "grafana", "target": ["mon-mgr", ""]}) v1 -- 0x7f766010b2e0 con 0x7f76480367e0
2024-02-20T07:55:39.638 INFO:teuthology.orchestra.run.smithi123.stdout:/usr/bin/ceph: stderr
2024-02-20T07:55:39.092+0000 7f765cff9700 1 -- 172.21.15.123:0/880018013 <== mgr.14120 v2:172.21.15.123:6800/4006637556 1 ==== mgr_command_reply(tid 0: 0 ) v1 ==== 8+0+28 (secure 0 0 0) 0x7f766010b2e0 con 0x7f76480367e0
2024-02-20T07:55:39.639 INFO:teuthology.orchestra.run.smithi123.stdout:/usr/bin/ceph: stderr
2024-02-20T07:55:39.094+0000 7f7666983700 1 -- 172.21.15.123:0/880018013 >> [v2:172.21.15.123:6800/4006637556,v1:172.21.15.123:6801/4006637556] conn(0x7f76480367e0 msgr2=0x7f7648038c90 secure :-1 s=STATE_CONNECTION_ESTABLISHED l=1).mark_down
2024-02-20T07:55:39.639 INFO:teuthology.orchestra.run.smithi123.stdout:/usr/bin/ceph: stderr
2024-02-20T07:55:39.094+0000 7f7666983700 1 --2- 172.21.15.123:0/880018013 >> [v2:172.21.15.123:6800/4006637556,v1:172.21.15.123:6801/4006637556] conn(0x7f76480367e0 0x7f7648038c90 secure :-1 s=READY pgs=16 cs=0 l=1 rev1=1 crypto rx=0x7f7654009990 tx=0x7f7654006e40 comp rx=0 tx=0).stop
2024-02-20T07:55:39.639 INFO:teuthology.orchestra.run.smithi123.stdout:/usr/bin/ceph: stderr
2024-02-20T07:55:39.094+0000 7f7666983700 1 -- 172.21.15.123:0/880018013 >> [v2:172.21.15.123:3300/0,v1:172.21.15.123:6789/0] conn(0x7f7660102c10 msgr2=0x7f76601118b0 secure :-1 s=STATE_CONNECTION_ESTABLISHED l=1).mark_down
2024-02-20T07:55:39.639 INFO:teuthology.orchestra.run.smithi123.stdout:/usr/bin/ceph: stderr
2024-02-20T07:55:39.094+0000 7f7666983700 1 --2- 172.21.15.123:0/880018013 >> [v2:172.21.15.123:3300/0,v1:172.21.15.123:6789/0] conn(0x7f7660102c10 0x7f76601118b0 secure :-1 s=READY pgs=56 cs=0 l=1 rev1=1 crypto rx=0x7f76500105b0 tx=0x7f7650009250 comp rx=0 tx=0).stop
2024-02-20T07:55:39.639 INFO:teuthology.orchestra.run.smithi123.stdout:/usr/bin/ceph: stderr
2024-02-20T07:55:39.095+0000 7f7666983700 1 -- 172.21.15.123:0/880018013 shutdown_connections
2024-02-20T07:55:39.639 INFO:teuthology.orchestra.run.smithi123.stdout:/usr/bin/ceph: stderr
2024-02-20T07:55:39.095+0000 7f7666983700 1 --2- 172.21.15.123:0/880018013 >> [v2:172.21.15.123:6800/4006637556,v1:172.21.15.123:6801/4006637556] conn(0x7f76480367e0 0x7f7648038c90 unknown :-1 s=CLOSED pgs=16 cs=0 l=1 rev1=1 crypto rx=0 tx=0 comp rx=0 tx=0).stop
2024-02-20T07:55:39.639 INFO:teuthology.orchestra.run.smithi123.stdout:/usr/bin/ceph: stderr
2024-02-20T07:55:39.095+0000 7f7666983700 1 --2- 172.21.15.123:0/880018013 >> [v2:172.21.15.123:3300/0,v1:172.21.15.123:6789/0] conn(0x7f7660102c10 0x7f76601118b0 unknown :-1 s=CLOSED pgs=56 cs=0 l=1 rev1=1 crypto rx=0 tx=0 comp rx=0 tx=0).stop
2024-02-20T07:55:39.639 INFO:teuthology.orchestra.run.smithi123.stdout:/usr/bin/ceph: stderr
2024-02-20T07:55:39.095+0000 7f7666983700 1 -- 172.21.15.123:0/880018013 >> 172.21.15.123:0/880018013 conn(0x7f76600fc580 msgr2=0x7f76600fe820 unknown :-1 s=STATE_NONE l=0).mark_down
2024-02-20T07:55:39.639 INFO:teuthology.orchestra.run.smithi123.stdout:/usr/bin/ceph: stderr
2024-02-20T07:55:39.095+0000 7f7666983700 1 -- 172.21.15.123:0/880018013 shutdown_connections
2024-02-20T07:55:39.639 INFO:teuthology.orchestra.run.smithi123.stdout:/usr/bin/ceph: stderr
2024-02-20T07:55:39.095+0000 7f7666983700 1 -- 172.21.15.123:0/880018013 wait complete.
2024-02-20T07:55:39.639 INFO:teuthology.orchestra.run.smithi123.stdout:Deploying node-exporter service with default placement...
2024-02-20T07:55:40.305 INFO:journalctl@ceph.mon.smithi123.smithi123.stdout:Feb 20 07:55:40 smithi123 ceph-mon[29383]: from='client.14150 -' entity='client.admin' cmd=[{"prefix": "orch apply", "service_type": "grafana", "target": ["mon-mgr", ""]}]: dispatch
2024-02-20T07:55:40.306 INFO:journalctl@ceph.mon.smithi123.smithi123.stdout:Feb 20 07:55:40 smithi123 ceph-mon[29383]: Saving service grafana spec with placement count:1
2024-02-20T07:55:40.306 INFO:journalctl@ceph.mon.smithi123.smithi123.stdout:Feb 20 07:55:40 smithi123 ceph-mon[29383]: from='mgr.14120 172.21.15.123:0/924187596' entity='mgr.smithi123.kwyrtl'
2024-02-20T07:55:41.093 INFO:teuthology.orchestra.run.smithi123.stdout:/usr/bin/ceph: stdout Scheduled node-exporter update...
2024-02-20T07:55:41.093 INFO:teuthology.orchestra.run.smithi123.stdout:/usr/bin/ceph: stderr
2024-02-20T07:55:40.337+0000 7f886c21d700 1 Processor -- start
2024-02-20T07:55:41.094 INFO:teuthology.orchestra.run.smithi123.stdout:/usr/bin/ceph: stderr
2024-02-20T07:55:40.337+0000 7f886c21d700 1 -- start start
2024-02-20T07:55:41.094 INFO:teuthology.orchestra.run.smithi123.stdout:/usr/bin/ceph: stderr
2024-02-20T07:55:40.337+0000 7f886c21d700 1 --2- >> [v2:172.21.15.123:3300/0,v1:172.21.15.123:6789/0] conn(0x7f8864071420 0x7f88641077e0 unknown :-1 s=NONE pgs=0 cs=0 l=0 rev1=0 crypto rx=0 tx=0 comp rx=0 tx=0).connect
2024-02-20T07:55:41.094 INFO:teuthology.orchestra.run.smithi123.stdout:/usr/bin/ceph: stderr
2024-02-20T07:55:40.337+0000 7f886c21d700 1 -- --> [v2:172.21.15.123:3300/0,v1:172.21.15.123:6789/0] -- mon_getmap magic: 0 v1 -- 0x7f88641031d0 con 0x7f8864071420
2024-02-20T07:55:41.094 INFO:teuthology.orchestra.run.smithi123.stdout:/usr/bin/ceph: stderr
2024-02-20T07:55:40.337+0000 7f8869fb9700 1 --2- >> [v2:172.21.15.123:3300/0,v1:172.21.15.123:6789/0] conn(0x7f8864071420 0x7f88641077e0 unknown :-1 s=BANNER_CONNECTING pgs=0 cs=0 l=0 rev1=0 crypto rx=0 tx=0 comp rx=0 tx=0)._handle_peer_banner_payload supported=3 required=0
2024-02-20T07:55:41.094 INFO:teuthology.orchestra.run.smithi123.stdout:/usr/bin/ceph: stderr
2024-02-20T07:55:40.337+0000 7f8869fb9700 1 --2- >> [v2:172.21.15.123:3300/0,v1:172.21.15.123:6789/0] conn(0x7f8864071420 0x7f88641077e0 unknown :-1 s=HELLO_CONNECTING pgs=0 cs=0 l=0 rev1=1 crypto rx=0 tx=0 comp rx=0 tx=0).handle_hello peer v2:172.21.15.123:3300/0 says I am v2:172.21.15.123:54362/0 (socket says 172.21.15.123:54362)
2024-02-20T07:55:41.094 INFO:teuthology.orchestra.run.smithi123.stdout:/usr/bin/ceph: stderr
2024-02-20T07:55:40.337+0000 7f8869fb9700 1 -- 172.21.15.123:0/1859503020 learned_addr learned my addr 172.21.15.123:0/1859503020 (peer_addr_for_me v2:172.21.15.123:0/0)
2024-02-20T07:55:41.094 INFO:teuthology.orchestra.run.smithi123.stdout:/usr/bin/ceph: stderr
2024-02-20T07:55:40.338+0000 7f8869fb9700 1 -- 172.21.15.123:0/1859503020 --> [v2:172.21.15.123:3300/0,v1:172.21.15.123:6789/0] -- mon_subscribe({config=0+,monmap=0+}) v3 -- 0x7f8864107d20 con 0x7f8864071420
2024-02-20T07:55:41.094 INFO:teuthology.orchestra.run.smithi123.stdout:/usr/bin/ceph: stderr
2024-02-20T07:55:40.338+0000 7f8869fb9700 1 --2- 172.21.15.123:0/1859503020 >> [v2:172.21.15.123:3300/0,v1:172.21.15.123:6789/0] conn(0x7f8864071420 0x7f88641077e0 secure :-1 s=READY pgs=57 cs=0 l=1 rev1=1 crypto rx=0x7f88540098e0 tx=0x7f8854009250 comp rx=0 tx=0).ready entity=mon.0 client_cookie=2f0ab1d792196258 server_cookie=0 in_seq=0 out_seq=0
2024-02-20T07:55:41.094 INFO:teuthology.orchestra.run.smithi123.stdout:/usr/bin/ceph: stderr
2024-02-20T07:55:40.338+0000 7f8868fb7700 1 -- 172.21.15.123:0/1859503020 <== mon.0 v2:172.21.15.123:3300/0 1 ==== mon_map magic: 0 v1 ==== 229+0+0 (secure 0 0 0) 0x7f885400b860 con 0x7f8864071420
2024-02-20T07:55:41.094 INFO:teuthology.orchestra.run.smithi123.stdout:/usr/bin/ceph: stderr
2024-02-20T07:55:40.338+0000 7f8868fb7700 1 -- 172.21.15.123:0/1859503020 <== mon.0 v2:172.21.15.123:3300/0 2 ==== config(27 keys) v1 ==== 1109+0+0 (secure 0 0 0) 0x7f885400be90 con 0x7f8864071420
2024-02-20T07:55:41.095 INFO:teuthology.orchestra.run.smithi123.stdout:/usr/bin/ceph: stderr
2024-02-20T07:55:40.338+0000 7f8868fb7700 1 -- 172.21.15.123:0/1859503020 <== mon.0 v2:172.21.15.123:3300/0 3 ==== mon_map magic: 0 v1 ==== 229+0+0 (secure 0 0 0) 0x7f88540103c0 con 0x7f8864071420
2024-02-20T07:55:41.095 INFO:teuthology.orchestra.run.smithi123.stdout:/usr/bin/ceph: stderr
2024-02-20T07:55:40.339+0000 7f886c21d700 1 -- 172.21.15.123:0/1859503020 >> [v2:172.21.15.123:3300/0,v1:172.21.15.123:6789/0] conn(0x7f8864071420 msgr2=0x7f88641077e0 secure :-1 s=STATE_CONNECTION_ESTABLISHED l=1).mark_down
2024-02-20T07:55:41.095 INFO:teuthology.orchestra.run.smithi123.stdout:/usr/bin/ceph: stderr
2024-02-20T07:55:40.339+0000 7f886c21d700 1 --2- 172.21.15.123:0/1859503020 >> [v2:172.21.15.123:3300/0,v1:172.21.15.123:6789/0] conn(0x7f8864071420 0x7f88641077e0 secure :-1 s=READY pgs=57 cs=0 l=1 rev1=1 crypto rx=0x7f88540098e0 tx=0x7f8854009250 comp rx=0 tx=0).stop
2024-02-20T07:55:41.095 INFO:teuthology.orchestra.run.smithi123.stdout:/usr/bin/ceph: stderr
2024-02-20T07:55:40.339+0000 7f886c21d700 1 -- 172.21.15.123:0/1859503020 shutdown_connections
2024-02-20T07:55:41.095 INFO:teuthology.orchestra.run.smithi123.stdout:/usr/bin/ceph: stderr
2024-02-20T07:55:40.339+0000 7f886c21d700 1 --2- 172.21.15.123:0/1859503020 >> [v2:172.21.15.123:3300/0,v1:172.21.15.123:6789/0] conn(0x7f8864071420 0x7f88641077e0 unknown :-1 s=CLOSED pgs=57 cs=0 l=1 rev1=1 crypto rx=0 tx=0 comp rx=0 tx=0).stop
2024-02-20T07:55:41.095 INFO:teuthology.orchestra.run.smithi123.stdout:/usr/bin/ceph: stderr
2024-02-20T07:55:40.339+0000 7f886c21d700 1 -- 172.21.15.123:0/1859503020 >> 172.21.15.123:0/1859503020 conn(0x7f88640fcdd0 msgr2=0x7f88640ff200 unknown :-1 s=STATE_NONE l=0).mark_down
2024-02-20T07:55:41.095 INFO:teuthology.orchestra.run.smithi123.stdout:/usr/bin/ceph: stderr
2024-02-20T07:55:40.339+0000 7f886c21d700 1 -- 172.21.15.123:0/1859503020 shutdown_connections
2024-02-20T07:55:41.096 INFO:teuthology.orchestra.run.smithi123.stdout:/usr/bin/ceph: stderr
2024-02-20T07:55:40.339+0000 7f886c21d700 1 -- 172.21.15.123:0/1859503020 wait complete.
2024-02-20T07:55:41.096 INFO:teuthology.orchestra.run.smithi123.stdout:/usr/bin/ceph: stderr
2024-02-20T07:55:40.339+0000 7f886c21d700 1 Processor -- start
2024-02-20T07:55:41.096 INFO:teuthology.orchestra.run.smithi123.stdout:/usr/bin/ceph: stderr
2024-02-20T07:55:40.339+0000 7f886c21d700 1 -- start start
2024-02-20T07:55:41.096 INFO:teuthology.orchestra.run.smithi123.stdout:/usr/bin/ceph: stderr
2024-02-20T07:55:40.339+0000 7f886c21d700 1 --2- >> [v2:172.21.15.123:3300/0,v1:172.21.15.123:6789/0] conn(0x7f8864071420 0x7f88641137e0 unknown :-1 s=NONE pgs=0 cs=0 l=1 rev1=0 crypto rx=0 tx=0 comp rx=0 tx=0).connect
2024-02-20T07:55:41.096 INFO:teuthology.orchestra.run.smithi123.stdout:/usr/bin/ceph: stderr
2024-02-20T07:55:40.339+0000 7f886c21d700 1 -- --> [v2:172.21.15.123:3300/0,v1:172.21.15.123:6789/0] -- mon_getmap magic: 0 v1 -- 0x7f8864113d20 con 0x7f8864071420
2024-02-20T07:55:41.096 INFO:teuthology.orchestra.run.smithi123.stdout:/usr/bin/ceph: stderr
2024-02-20T07:55:40.340+0000 7f8869fb9700 1 --2- >> [v2:172.21.15.123:3300/0,v1:172.21.15.123:6789/0] conn(0x7f8864071420 0x7f88641137e0 unknown :-1 s=BANNER_CONNECTING pgs=0 cs=0 l=1 rev1=0 crypto rx=0 tx=0 comp rx=0 tx=0)._handle_peer_banner_payload supported=3 required=0
2024-02-20T07:55:41.096 INFO:teuthology.orchestra.run.smithi123.stdout:/usr/bin/ceph: stderr
2024-02-20T07:55:40.340+0000 7f8869fb9700 1 --2- >> [v2:172.21.15.123:3300/0,v1:172.21.15.123:6789/0] conn(0x7f8864071420 0x7f88641137e0 unknown :-1 s=HELLO_CONNECTING pgs=0 cs=0 l=1 rev1=1 crypto rx=0 tx=0 comp rx=0 tx=0).handle_hello peer v2:172.21.15.123:3300/0 says I am v2:172.21.15.123:54378/0 (socket says 172.21.15.123:54378)
2024-02-20T07:55:41.096 INFO:teuthology.orchestra.run.smithi123.stdout:/usr/bin/ceph: stderr
2024-02-20T07:55:40.340+0000 7f8869fb9700 1 -- 172.21.15.123:0/4281403990 learned_addr learned my addr 172.21.15.123:0/4281403990 (peer_addr_for_me v2:172.21.15.123:0/0)
2024-02-20T07:55:41.097 INFO:teuthology.orchestra.run.smithi123.stdout:/usr/bin/ceph: stderr
2024-02-20T07:55:40.340+0000 7f8869fb9700 1 -- 172.21.15.123:0/4281403990 --> [v2:172.21.15.123:3300/0,v1:172.21.15.123:6789/0] -- mon_subscribe({config=0+,monmap=0+}) v3 -- 0x7f88540094f0 con 0x7f8864071420
2024-02-20T07:55:41.097 INFO:teuthology.orchestra.run.smithi123.stdout:/usr/bin/ceph: stderr
2024-02-20T07:55:40.340+0000 7f8869fb9700 1 --2- 172.21.15.123:0/4281403990 >> [v2:172.21.15.123:3300/0,v1:172.21.15.123:6789/0] conn(0x7f8864071420 0x7f88641137e0 secure :-1 s=READY pgs=58 cs=0 l=1 rev1=1 crypto rx=0x7f88540094c0 tx=0x7f8854009250 comp rx=0 tx=0).ready entity=mon.0 client_cookie=0 server_cookie=0 in_seq=0 out_seq=0
2024-02-20T07:55:41.097 INFO:teuthology.orchestra.run.smithi123.stdout:/usr/bin/ceph: stderr
2024-02-20T07:55:40.340+0000 7f885a7fc700 1 -- 172.21.15.123:0/4281403990 <== mon.0 v2:172.21.15.123:3300/0 1 ==== mon_map magic: 0 v1 ==== 229+0+0 (secure 0 0 0) 0x7f8854010890 con 0x7f8864071420
2024-02-20T07:55:41.097 INFO:teuthology.orchestra.run.smithi123.stdout:/usr/bin/ceph: stderr
2024-02-20T07:55:40.340+0000 7f885a7fc700 1 -- 172.21.15.123:0/4281403990 <== mon.0 v2:172.21.15.123:3300/0 2 ==== config(27 keys) v1 ==== 1109+0+0 (secure 0 0 0) 0x7f8854010ec0 con 0x7f8864071420
2024-02-20T07:55:41.097 INFO:teuthology.orchestra.run.smithi123.stdout:/usr/bin/ceph: stderr
2024-02-20T07:55:40.340+0000 7f886c21d700 1 -- 172.21.15.123:0/4281403990 --> [v2:172.21.15.123:3300/0,v1:172.21.15.123:6789/0] -- mon_subscribe({mgrmap=0+}) v3 -- 0x7f8864113f20 con 0x7f8864071420
2024-02-20T07:55:41.097 INFO:teuthology.orchestra.run.smithi123.stdout:/usr/bin/ceph: stderr
2024-02-20T07:55:40.340+0000 7f885a7fc700 1 -- 172.21.15.123:0/4281403990 <== mon.0 v2:172.21.15.123:3300/0 3 ==== mon_map magic: 0 v1 ==== 229+0+0 (secure 0 0 0) 0x7f88540243f0 con 0x7f8864071420
2024-02-20T07:55:41.097 INFO:teuthology.orchestra.run.smithi123.stdout:/usr/bin/ceph: stderr
2024-02-20T07:55:40.340+0000 7f886c21d700 1 -- 172.21.15.123:0/4281403990 --> [v2:172.21.15.123:3300/0,v1:172.21.15.123:6789/0] -- mon_subscribe({osdmap=0}) v3 -- 0x7f8864114bc0 con 0x7f8864071420
2024-02-20T07:55:41.097 INFO:teuthology.orchestra.run.smithi123.stdout:/usr/bin/ceph: stderr
2024-02-20T07:55:40.341+0000 7f885a7fc700 1 -- 172.21.15.123:0/4281403990 <== mon.0 v2:172.21.15.123:3300/0 4 ==== mgrmap(e 8) v1 ==== 43368+0+0 (secure 0 0 0) 0x7f885402d3f0 con 0x7f8864071420
2024-02-20T07:55:41.097 INFO:teuthology.orchestra.run.smithi123.stdout:/usr/bin/ceph: stderr
2024-02-20T07:55:40.341+0000 7f886c21d700 1 -- 172.21.15.123:0/4281403990 --> [v2:172.21.15.123:3300/0,v1:172.21.15.123:6789/0] -- mon_command({"prefix": "get_command_descriptions"} v 0) v1 -- 0x7f886405f5c0 con 0x7f8864071420
2024-02-20T07:55:41.097 INFO:teuthology.orchestra.run.smithi123.stdout:/usr/bin/ceph: stderr
2024-02-20T07:55:40.341+0000 7f885a7fc700 1 --2- 172.21.15.123:0/4281403990 >> [v2:172.21.15.123:6800/4006637556,v1:172.21.15.123:6801/4006637556] conn(0x7f88500367e0 0x7f8850038c90 unknown :-1 s=NONE pgs=0 cs=0 l=1 rev1=0 crypto rx=0 tx=0 comp rx=0 tx=0).connect
2024-02-20T07:55:41.097 INFO:teuthology.orchestra.run.smithi123.stdout:/usr/bin/ceph: stderr
2024-02-20T07:55:40.341+0000 7f885a7fc700 1 -- 172.21.15.123:0/4281403990 <== mon.0 v2:172.21.15.123:3300/0 5 ==== osd_map(2..2 src has 1..2) v4 ==== 936+0+0 (secure 0 0 0) 0x7f885404a4b0 con 0x7f8864071420
2024-02-20T07:55:41.097 INFO:teuthology.orchestra.run.smithi123.stdout:/usr/bin/ceph: stderr
2024-02-20T07:55:40.341+0000 7f88697b8700 1 --2- 172.21.15.123:0/4281403990 >> [v2:172.21.15.123:6800/4006637556,v1:172.21.15.123:6801/4006637556] conn(0x7f88500367e0 0x7f8850038c90 unknown :-1 s=BANNER_CONNECTING pgs=0 cs=0 l=1 rev1=0 crypto rx=0 tx=0 comp rx=0 tx=0)._handle_peer_banner_payload supported=3 required=0
2024-02-20T07:55:41.097 INFO:teuthology.orchestra.run.smithi123.stdout:/usr/bin/ceph: stderr
2024-02-20T07:55:40.342+0000 7f88697b8700 1 --2- 172.21.15.123:0/4281403990 >> [v2:172.21.15.123:6800/4006637556,v1:172.21.15.123:6801/4006637556] conn(0x7f88500367e0 0x7f8850038c90 secure :-1 s=READY pgs=17 cs=0 l=1 rev1=1 crypto rx=0x7f8860009990 tx=0x7f8860006e40 comp rx=0 tx=0).ready entity=mgr.14120 client_cookie=0 server_cookie=0 in_seq=0 out_seq=0
2024-02-20T07:55:41.097 INFO:teuthology.orchestra.run.smithi123.stdout:/usr/bin/ceph: stderr
2024-02-20T07:55:40.346+0000 7f885a7fc700 1 -- 172.21.15.123:0/4281403990 <== mon.0 v2:172.21.15.123:3300/0 6 ==== mon_command_ack([{"prefix": "get_command_descriptions"}]=0 v0) v1 ==== 72+0+175031 (secure 0 0 0) 0x7f88540193c0 con 0x7f8864071420
2024-02-20T07:55:41.098 INFO:teuthology.orchestra.run.smithi123.stdout:/usr/bin/ceph: stderr
2024-02-20T07:55:40.555+0000 7f886c21d700 1 -- 172.21.15.123:0/4281403990 --> [v2:172.21.15.123:6800/4006637556,v1:172.21.15.123:6801/4006637556] -- mgr_command(tid 0: {"prefix": "orch apply", "service_type": "node-exporter", "target": ["mon-mgr", ""]}) v1 -- 0x7f88640ff100 con 0x7f88500367e0
2024-02-20T07:55:41.098 INFO:teuthology.orchestra.run.smithi123.stdout:/usr/bin/ceph: stderr
2024-02-20T07:55:40.566+0000 7f885a7fc700 1 -- 172.21.15.123:0/4281403990 <== mgr.14120 v2:172.21.15.123:6800/4006637556 1 ==== mgr_command_reply(tid 0: 0 ) v1 ==== 8+0+34 (secure 0 0 0) 0x7f88640ff100 con 0x7f88500367e0
2024-02-20T07:55:41.098 INFO:teuthology.orchestra.run.smithi123.stdout:/usr/bin/ceph: stderr
2024-02-20T07:55:40.569+0000 7f886c21d700 1 -- 172.21.15.123:0/4281403990 >> [v2:172.21.15.123:6800/4006637556,v1:172.21.15.123:6801/4006637556] conn(0x7f88500367e0 msgr2=0x7f8850038c90 secure :-1 s=STATE_CONNECTION_ESTABLISHED l=1).mark_down
2024-02-20T07:55:41.107 INFO:teuthology.orchestra.run.smithi123.stdout:/usr/bin/ceph: stderr
2024-02-20T07:55:40.569+0000 7f886c21d700 1 --2- 172.21.15.123:0/4281403990 >> [v2:172.21.15.123:6800/4006637556,v1:172.21.15.123:6801/4006637556] conn(0x7f88500367e0 0x7f8850038c90 secure :-1 s=READY pgs=17 cs=0 l=1 rev1=1 crypto rx=0x7f8860009990 tx=0x7f8860006e40 comp rx=0 tx=0).stop
2024-02-20T07:55:41.107 INFO:teuthology.orchestra.run.smithi123.stdout:/usr/bin/ceph: stderr
2024-02-20T07:55:40.569+0000 7f886c21d700 1 -- 172.21.15.123:0/4281403990 >> [v2:172.21.15.123:3300/0,v1:172.21.15.123:6789/0] conn(0x7f8864071420 msgr2=0x7f88641137e0 secure :-1 s=STATE_CONNECTION_ESTABLISHED l=1).mark_down
2024-02-20T07:55:41.107 INFO:teuthology.orchestra.run.smithi123.stdout:/usr/bin/ceph: stderr
2024-02-20T07:55:40.569+0000 7f886c21d700 1 --2- 172.21.15.123:0/4281403990 >> [v2:172.21.15.123:3300/0,v1:172.21.15.123:6789/0] conn(0x7f8864071420 0x7f88641137e0 secure :-1 s=READY pgs=58 cs=0 l=1 rev1=1 crypto rx=0x7f88540094c0 tx=0x7f8854009250 comp rx=0 tx=0).stop
2024-02-20T07:55:41.107 INFO:teuthology.orchestra.run.smithi123.stdout:/usr/bin/ceph: stderr
2024-02-20T07:55:40.569+0000 7f886c21d700 1 -- 172.21.15.123:0/4281403990 shutdown_connections
2024-02-20T07:55:41.107 INFO:teuthology.orchestra.run.smithi123.stdout:/usr/bin/ceph: stderr
2024-02-20T07:55:40.569+0000 7f886c21d700 1 --2- 172.21.15.123:0/4281403990 >> [v2:172.21.15.123:6800/4006637556,v1:172.21.15.123:6801/4006637556] conn(0x7f88500367e0 0x7f8850038c90 unknown :-1 s=CLOSED pgs=17 cs=0 l=1 rev1=1 crypto rx=0 tx=0 comp rx=0 tx=0).stop
2024-02-20T07:55:41.107 INFO:teuthology.orchestra.run.smithi123.stdout:/usr/bin/ceph: stderr
2024-02-20T07:55:40.569+0000 7f886c21d700 1 --2- 172.21.15.123:0/4281403990 >> [v2:172.21.15.123:3300/0,v1:172.21.15.123:6789/0] conn(0x7f8864071420 0x7f88641137e0 unknown :-1 s=CLOSED pgs=58 cs=0 l=1 rev1=1 crypto rx=0 tx=0 comp rx=0 tx=0).stop
2024-02-20T07:55:41.108 INFO:teuthology.orchestra.run.smithi123.stdout:/usr/bin/ceph: stderr
2024-02-20T07:55:40.569+0000 7f886c21d700 1 -- 172.21.15.123:0/4281403990 >> 172.21.15.123:0/4281403990 conn(0x7f88640fcdd0 msgr2=0x7f88640fe4e0 unknown :-1 s=STATE_NONE l=0).mark_down
2024-02-20T07:55:41.108 INFO:teuthology.orchestra.run.smithi123.stdout:/usr/bin/ceph: stderr
2024-02-20T07:55:40.569+0000 7f886c21d700 1 -- 172.21.15.123:0/4281403990 shutdown_connections
2024-02-20T07:55:41.108 INFO:teuthology.orchestra.run.smithi123.stdout:/usr/bin/ceph: stderr
2024-02-20T07:55:40.569+0000 7f886c21d700 1 -- 172.21.15.123:0/4281403990 wait complete.
2024-02-20T07:55:41.108 INFO:teuthology.orchestra.run.smithi123.stdout:Deploying alertmanager service with default placement...
2024-02-20T07:55:41.304 INFO:journalctl@ceph.mon.smithi123.smithi123.stdout:Feb 20 07:55:41 smithi123 ceph-mon[29383]: from='mgr.14120 172.21.15.123:0/924187596' entity='mgr.smithi123.kwyrtl'
2024-02-20T07:55:41.304 INFO:journalctl@ceph.mon.smithi123.smithi123.stdout:Feb 20 07:55:41 smithi123 ceph-mon[29383]: from='client.14152 -' entity='client.admin' cmd=[{"prefix": "orch apply", "service_type": "node-exporter", "target": ["mon-mgr", ""]}]: dispatch
2024-02-20T07:55:41.304 INFO:journalctl@ceph.mon.smithi123.smithi123.stdout:Feb 20 07:55:41 smithi123 ceph-mon[29383]: Saving service node-exporter spec with placement *
2024-02-20T07:55:41.305 INFO:journalctl@ceph.mon.smithi123.smithi123.stdout:Feb 20 07:55:41 smithi123 ceph-mon[29383]: from='mgr.14120 172.21.15.123:0/924187596' entity='mgr.smithi123.kwyrtl'
2024-02-20T07:55:42.314 INFO:teuthology.orchestra.run.smithi123.stdout:/usr/bin/ceph: stdout Scheduled alertmanager update...
2024-02-20T07:55:42.315 INFO:teuthology.orchestra.run.smithi123.stdout:/usr/bin/ceph: stderr
2024-02-20T07:55:41.523+0000 7fe4b96ba700 1 Processor -- start
2024-02-20T07:55:42.315 INFO:teuthology.orchestra.run.smithi123.stdout:/usr/bin/ceph: stderr
2024-02-20T07:55:41.523+0000 7fe4b96ba700 1 -- start start
2024-02-20T07:55:42.315 INFO:teuthology.orchestra.run.smithi123.stdout:/usr/bin/ceph: stderr
2024-02-20T07:55:41.523+0000 7fe4b96ba700 1 --2- >> [v2:172.21.15.123:3300/0,v1:172.21.15.123:6789/0] conn(0x7fe4b4076c40 0x7fe4b4105360 unknown :-1 s=NONE pgs=0 cs=0 l=0 rev1=0 crypto rx=0 tx=0 comp rx=0 tx=0).connect
2024-02-20T07:55:42.315 INFO:teuthology.orchestra.run.smithi123.stdout:/usr/bin/ceph: stderr
2024-02-20T07:55:41.523+0000 7fe4b96ba700 1 -- --> [v2:172.21.15.123:3300/0,v1:172.21.15.123:6789/0] -- mon_getmap magic: 0 v1 -- 0x7fe4b41058a0 con 0x7fe4b4076c40
2024-02-20T07:55:42.315 INFO:teuthology.orchestra.run.smithi123.stdout:/usr/bin/ceph: stderr
2024-02-20T07:55:41.523+0000 7fe4b2ffd700 1 --2- >> [v2:172.21.15.123:3300/0,v1:172.21.15.123:6789/0] conn(0x7fe4b4076c40 0x7fe4b4105360 unknown :-1 s=BANNER_CONNECTING pgs=0 cs=0 l=0 rev1=0 crypto rx=0 tx=0 comp rx=0 tx=0)._handle_peer_banner_payload supported=3 required=0
2024-02-20T07:55:42.315 INFO:teuthology.orchestra.run.smithi123.stdout:/usr/bin/ceph: stderr
2024-02-20T07:55:41.523+0000 7fe4b2ffd700 1 --2- >> [v2:172.21.15.123:3300/0,v1:172.21.15.123:6789/0] conn(0x7fe4b4076c40 0x7fe4b4105360 unknown :-1 s=HELLO_CONNECTING pgs=0 cs=0 l=0 rev1=1 crypto rx=0 tx=0 comp rx=0 tx=0).handle_hello peer v2:172.21.15.123:3300/0 says I am v2:172.21.15.123:54380/0 (socket says 172.21.15.123:54380)
2024-02-20T07:55:42.315 INFO:teuthology.orchestra.run.smithi123.stdout:/usr/bin/ceph: stderr
2024-02-20T07:55:41.523+0000 7fe4b2ffd700 1 -- 172.21.15.123:0/988858153 learned_addr learned my addr 172.21.15.123:0/988858153 (peer_addr_for_me v2:172.21.15.123:0/0)
2024-02-20T07:55:42.315 INFO:teuthology.orchestra.run.smithi123.stdout:/usr/bin/ceph: stderr
2024-02-20T07:55:41.523+0000 7fe4b2ffd700 1 -- 172.21.15.123:0/988858153 --> [v2:172.21.15.123:3300/0,v1:172.21.15.123:6789/0] -- mon_subscribe({config=0+,monmap=0+}) v3 -- 0x7fe4b41059e0 con 0x7fe4b4076c40
2024-02-20T07:55:42.315 INFO:teuthology.orchestra.run.smithi123.stdout:/usr/bin/ceph: stderr
2024-02-20T07:55:41.524+0000 7fe4b2ffd700 1 --2- 172.21.15.123:0/988858153 >> [v2:172.21.15.123:3300/0,v1:172.21.15.123:6789/0] conn(0x7fe4b4076c40 0x7fe4b4105360 secure :-1 s=READY pgs=59 cs=0 l=1 rev1=1 crypto rx=0x7fe4a40098e0 tx=0x7fe4a4009250 comp rx=0 tx=0).ready entity=mon.0 client_cookie=952e7374648461be server_cookie=0 in_seq=0 out_seq=0
2024-02-20T07:55:42.315 INFO:teuthology.orchestra.run.smithi123.stdout:/usr/bin/ceph: stderr
2024-02-20T07:55:41.524+0000 7fe4b1ffb700 1 -- 172.21.15.123:0/988858153 <== mon.0 v2:172.21.15.123:3300/0 1 ==== mon_map magic: 0 v1 ==== 229+0+0 (secure 0 0 0) 0x7fe4a400b860 con 0x7fe4b4076c40
2024-02-20T07:55:42.315 INFO:teuthology.orchestra.run.smithi123.stdout:/usr/bin/ceph: stderr
2024-02-20T07:55:41.524+0000 7fe4b1ffb700 1 -- 172.21.15.123:0/988858153 <== mon.0 v2:172.21.15.123:3300/0 2 ==== config(27 keys) v1 ==== 1109+0+0 (secure 0 0 0) 0x7fe4a400be90 con 0x7fe4b4076c40
2024-02-20T07:55:42.315 INFO:teuthology.orchestra.run.smithi123.stdout:/usr/bin/ceph: stderr
2024-02-20T07:55:41.524+0000 7fe4b1ffb700 1 -- 172.21.15.123:0/988858153 <== mon.0 v2:172.21.15.123:3300/0 3 ==== mon_map magic: 0 v1 ==== 229+0+0 (secure 0 0 0) 0x7fe4a40103c0 con 0x7fe4b4076c40
2024-02-20T07:55:42.315 INFO:teuthology.orchestra.run.smithi123.stdout:/usr/bin/ceph: stderr
2024-02-20T07:55:41.524+0000 7fe4b96ba700 1 -- 172.21.15.123:0/988858153 >> [v2:172.21.15.123:3300/0,v1:172.21.15.123:6789/0] conn(0x7fe4b4076c40 msgr2=0x7fe4b4105360 secure :-1 s=STATE_CONNECTION_ESTABLISHED l=1).mark_down
2024-02-20T07:55:42.315 INFO:teuthology.orchestra.run.smithi123.stdout:/usr/bin/ceph: stderr
2024-02-20T07:55:41.524+0000 7fe4b96ba700 1 --2- 172.21.15.123:0/988858153 >> [v2:172.21.15.123:3300/0,v1:172.21.15.123:6789/0] conn(0x7fe4b4076c40 0x7fe4b4105360 secure :-1 s=READY pgs=59 cs=0 l=1 rev1=1 crypto rx=0x7fe4a40098e0 tx=0x7fe4a4009250 comp rx=0 tx=0).stop
2024-02-20T07:55:42.316 INFO:teuthology.orchestra.run.smithi123.stdout:/usr/bin/ceph: stderr
2024-02-20T07:55:41.524+0000 7fe4b96ba700 1 -- 172.21.15.123:0/988858153 shutdown_connections
2024-02-20T07:55:42.316 INFO:teuthology.orchestra.run.smithi123.stdout:/usr/bin/ceph: stderr
2024-02-20T07:55:41.524+0000 7fe4b96ba700 1 --2- 172.21.15.123:0/988858153 >> [v2:172.21.15.123:3300/0,v1:172.21.15.123:6789/0] conn(0x7fe4b4076c40 0x7fe4b4105360 unknown :-1 s=CLOSED pgs=59 cs=0 l=1 rev1=1 crypto rx=0 tx=0 comp rx=0 tx=0).stop
2024-02-20T07:55:42.316 INFO:teuthology.orchestra.run.smithi123.stdout:/usr/bin/ceph: stderr
2024-02-20T07:55:41.524+0000 7fe4b96ba700 1 -- 172.21.15.123:0/988858153 >> 172.21.15.123:0/988858153 conn(0x7fe4b40fcdd0 msgr2=0x7fe4b40ff200 unknown :-1 s=STATE_NONE l=0).mark_down
2024-02-20T07:55:42.316 INFO:teuthology.orchestra.run.smithi123.stdout:/usr/bin/ceph: stderr
2024-02-20T07:55:41.524+0000 7fe4b96ba700 1 -- 172.21.15.123:0/988858153 shutdown_connections
2024-02-20T07:55:42.316 INFO:teuthology.orchestra.run.smithi123.stdout:/usr/bin/ceph: stderr
2024-02-20T07:55:41.524+0000 7fe4b96ba700 1 -- 172.21.15.123:0/988858153 wait complete.
2024-02-20T07:55:42.316 INFO:teuthology.orchestra.run.smithi123.stdout:/usr/bin/ceph: stderr
2024-02-20T07:55:41.525+0000 7fe4b96ba700 1 Processor -- start
2024-02-20T07:55:42.316 INFO:teuthology.orchestra.run.smithi123.stdout:/usr/bin/ceph: stderr
2024-02-20T07:55:41.525+0000 7fe4b96ba700 1 -- start start
2024-02-20T07:55:42.316 INFO:teuthology.orchestra.run.smithi123.stdout:/usr/bin/ceph: stderr
2024-02-20T07:55:41.525+0000 7fe4b96ba700 1 --2- >> [v2:172.21.15.123:3300/0,v1:172.21.15.123:6789/0] conn(0x7fe4b4076c40 0x7fe4b4111860 unknown :-1 s=NONE pgs=0 cs=0 l=1 rev1=0 crypto rx=0 tx=0 comp rx=0 tx=0).connect
2024-02-20T07:55:42.316 INFO:teuthology.orchestra.run.smithi123.stdout:/usr/bin/ceph: stderr
2024-02-20T07:55:41.525+0000 7fe4b96ba700 1 -- --> [v2:172.21.15.123:3300/0,v1:172.21.15.123:6789/0] -- mon_getmap magic: 0 v1 -- 0x7fe4b4111da0 con 0x7fe4b4076c40
2024-02-20T07:55:42.316 INFO:teuthology.orchestra.run.smithi123.stdout:/usr/bin/ceph: stderr
2024-02-20T07:55:41.525+0000 7fe4b2ffd700 1 --2- >> [v2:172.21.15.123:3300/0,v1:172.21.15.123:6789/0] conn(0x7fe4b4076c40 0x7fe4b4111860 unknown :-1 s=BANNER_CONNECTING pgs=0 cs=0 l=1 rev1=0 crypto rx=0 tx=0 comp rx=0 tx=0)._handle_peer_banner_payload supported=3 required=0
2024-02-20T07:55:42.316 INFO:teuthology.orchestra.run.smithi123.stdout:/usr/bin/ceph: stderr
2024-02-20T07:55:41.525+0000 7fe4b2ffd700 1 --2- >> [v2:172.21.15.123:3300/0,v1:172.21.15.123:6789/0] conn(0x7fe4b4076c40 0x7fe4b4111860 unknown :-1 s=HELLO_CONNECTING pgs=0 cs=0 l=1 rev1=1 crypto rx=0 tx=0 comp rx=0 tx=0).handle_hello peer v2:172.21.15.123:3300/0 says I am v2:172.21.15.123:54396/0 (socket says 172.21.15.123:54396)
2024-02-20T07:55:42.316 INFO:teuthology.orchestra.run.smithi123.stdout:/usr/bin/ceph: stderr
2024-02-20T07:55:41.525+0000 7fe4b2ffd700 1 -- 172.21.15.123:0/1699818830 learned_addr learned my addr 172.21.15.123:0/1699818830 (peer_addr_for_me v2:172.21.15.123:0/0)
2024-02-20T07:55:42.316 INFO:teuthology.orchestra.run.smithi123.stdout:/usr/bin/ceph: stderr
2024-02-20T07:55:41.525+0000 7fe4b2ffd700 1 -- 172.21.15.123:0/1699818830 --> [v2:172.21.15.123:3300/0,v1:172.21.15.123:6789/0] -- mon_subscribe({config=0+,monmap=0+}) v3 -- 0x7fe4a40094f0 con 0x7fe4b4076c40
2024-02-20T07:55:42.316 INFO:teuthology.orchestra.run.smithi123.stdout:/usr/bin/ceph: stderr
