2024-02-20T07:55:27.618+0000 7f939effd700 1 --2- 172.21.15.123:0/652458141 >> [v2:172.21.15.123:3300/0,v1:172.21.15.123:6789/0] conn(0x7f93a0078d00 0x7f93a01137c0 secure :-1 s=READY pgs=42 cs=0 l=1 rev1=1 crypto rx=0x7f9390006b00 tx=0x7f9390009250 comp rx=0 tx=0).ready entity=mon.0 client_cookie=0 server_cookie=0 in_seq=0 out_seq=0
2024-02-20T07:55:28.644 INFO:teuthology.orchestra.run.smithi123.stdout:/usr/bin/ceph: stderr
2024-02-20T07:55:27.618+0000 7f93877fe700 1 -- 172.21.15.123:0/652458141 <== mon.0 v2:172.21.15.123:3300/0 1 ==== mon_map magic: 0 v1 ==== 229+0+0 (secure 0 0 0) 0x7f93900107c0 con 0x7f93a0078d00
2024-02-20T07:55:28.644 INFO:teuthology.orchestra.run.smithi123.stdout:/usr/bin/ceph: stderr
2024-02-20T07:55:27.618+0000 7f93877fe700 1 -- 172.21.15.123:0/652458141 <== mon.0 v2:172.21.15.123:3300/0 2 ==== config(27 keys) v1 ==== 1044+0+0 (secure 0 0 0) 0x7f9390010db0 con 0x7f93a0078d00
2024-02-20T07:55:28.644 INFO:teuthology.orchestra.run.smithi123.stdout:/usr/bin/ceph: stderr
2024-02-20T07:55:27.618+0000 7f93a5647700 1 -- 172.21.15.123:0/652458141 --> [v2:172.21.15.123:3300/0,v1:172.21.15.123:6789/0] -- mon_subscribe({mgrmap=0+}) v3 -- 0x7f93a0113f00 con 0x7f93a0078d00
2024-02-20T07:55:28.644 INFO:teuthology.orchestra.run.smithi123.stdout:/usr/bin/ceph: stderr
2024-02-20T07:55:27.618+0000 7f93877fe700 1 -- 172.21.15.123:0/652458141 <== mon.0 v2:172.21.15.123:3300/0 3 ==== mon_map magic: 0 v1 ==== 229+0+0 (secure 0 0 0) 0x7f939001acf0 con 0x7f93a0078d00
2024-02-20T07:55:28.644 INFO:teuthology.orchestra.run.smithi123.stdout:/usr/bin/ceph: stderr
2024-02-20T07:55:27.618+0000 7f93a5647700 1 -- 172.21.15.123:0/652458141 --> [v2:172.21.15.123:3300/0,v1:172.21.15.123:6789/0] -- mon_subscribe({osdmap=0}) v3 -- 0x7f93a0114ba0 con 0x7f93a0078d00
2024-02-20T07:55:28.644 INFO:teuthology.orchestra.run.smithi123.stdout:/usr/bin/ceph: stderr
2024-02-20T07:55:27.619+0000 7f93877fe700 1 -- 172.21.15.123:0/652458141 <== mon.0 v2:172.21.15.123:3300/0 4 ==== mgrmap(e 8) v1 ==== 43368+0+0 (secure 0 0 0) 0x7f93900193c0 con 0x7f93a0078d00
2024-02-20T07:55:28.645 INFO:teuthology.orchestra.run.smithi123.stdout:/usr/bin/ceph: stderr
2024-02-20T07:55:27.619+0000 7f93a5647700 1 -- 172.21.15.123:0/652458141 --> [v2:172.21.15.123:3300/0,v1:172.21.15.123:6789/0] -- mon_command({"prefix": "get_command_descriptions"} v 0) v1 -- 0x7f93a005f5c0 con 0x7f93a0078d00
2024-02-20T07:55:28.645 INFO:teuthology.orchestra.run.smithi123.stdout:/usr/bin/ceph: stderr
2024-02-20T07:55:27.619+0000 7f93877fe700 1 --2- 172.21.15.123:0/652458141 >> [v2:172.21.15.123:6800/4006637556,v1:172.21.15.123:6801/4006637556] conn(0x7f9388036790 0x7f9388038c40 unknown :-1 s=NONE pgs=0 cs=0 l=1 rev1=0 crypto rx=0 tx=0 comp rx=0 tx=0).connect
2024-02-20T07:55:28.645 INFO:teuthology.orchestra.run.smithi123.stdout:/usr/bin/ceph: stderr
2024-02-20T07:55:27.619+0000 7f93877fe700 1 -- 172.21.15.123:0/652458141 <== mon.0 v2:172.21.15.123:3300/0 5 ==== osd_map(2..2 src has 1..2) v4 ==== 936+0+0 (secure 0 0 0) 0x7f939004a650 con 0x7f93a0078d00
2024-02-20T07:55:28.645 INFO:teuthology.orchestra.run.smithi123.stdout:/usr/bin/ceph: stderr
2024-02-20T07:55:27.619+0000 7f939e7fc700 1 --2- 172.21.15.123:0/652458141 >> [v2:172.21.15.123:6800/4006637556,v1:172.21.15.123:6801/4006637556] conn(0x7f9388036790 0x7f9388038c40 unknown :-1 s=BANNER_CONNECTING pgs=0 cs=0 l=1 rev1=0 crypto rx=0 tx=0 comp rx=0 tx=0)._handle_peer_banner_payload supported=3 required=0
2024-02-20T07:55:28.645 INFO:teuthology.orchestra.run.smithi123.stdout:/usr/bin/ceph: stderr
2024-02-20T07:55:27.619+0000 7f939e7fc700 1 --2- 172.21.15.123:0/652458141 >> [v2:172.21.15.123:6800/4006637556,v1:172.21.15.123:6801/4006637556] conn(0x7f9388036790 0x7f9388038c40 secure :-1 s=READY pgs=9 cs=0 l=1 rev1=1 crypto rx=0x7f9394009990 tx=0x7f9394006e40 comp rx=0 tx=0).ready entity=mgr.14120 client_cookie=0 server_cookie=0 in_seq=0 out_seq=0
2024-02-20T07:55:28.645 INFO:teuthology.orchestra.run.smithi123.stdout:/usr/bin/ceph: stderr
2024-02-20T07:55:27.623+0000 7f93877fe700 1 -- 172.21.15.123:0/652458141 <== mon.0 v2:172.21.15.123:3300/0 6 ==== mon_command_ack([{"prefix": "get_command_descriptions"}]=0 v0) v1 ==== 72+0+175031 (secure 0 0 0) 0x7f9390022930 con 0x7f93a0078d00
2024-02-20T07:55:28.645 INFO:teuthology.orchestra.run.smithi123.stdout:/usr/bin/ceph: stderr
2024-02-20T07:55:27.805+0000 7f93a5647700 1 -- 172.21.15.123:0/652458141 --> [v2:172.21.15.123:6800/4006637556,v1:172.21.15.123:6801/4006637556] -- mgr_command(tid 0: {"prefix": "cephadm generate-key", "target": ["mon-mgr", ""]}) v1 -- 0x7f93a0100210 con 0x7f9388036790
2024-02-20T07:55:28.645 INFO:teuthology.orchestra.run.smithi123.stdout:/usr/bin/ceph: stderr
2024-02-20T07:55:28.084+0000 7f93877fe700 1 -- 172.21.15.123:0/652458141 <== mgr.14120 v2:172.21.15.123:6800/4006637556 1 ==== mgr_command_reply(tid 0: 0 ) v1 ==== 8+0+0 (secure 0 0 0) 0x7f93a0100210 con 0x7f9388036790
2024-02-20T07:55:28.645 INFO:teuthology.orchestra.run.smithi123.stdout:/usr/bin/ceph: stderr
2024-02-20T07:55:28.086+0000 7f93a5647700 1 -- 172.21.15.123:0/652458141 >> [v2:172.21.15.123:6800/4006637556,v1:172.21.15.123:6801/4006637556] conn(0x7f9388036790 msgr2=0x7f9388038c40 secure :-1 s=STATE_CONNECTION_ESTABLISHED l=1).mark_down
2024-02-20T07:55:28.645 INFO:teuthology.orchestra.run.smithi123.stdout:/usr/bin/ceph: stderr
2024-02-20T07:55:28.086+0000 7f93a5647700 1 --2- 172.21.15.123:0/652458141 >> [v2:172.21.15.123:6800/4006637556,v1:172.21.15.123:6801/4006637556] conn(0x7f9388036790 0x7f9388038c40 secure :-1 s=READY pgs=9 cs=0 l=1 rev1=1 crypto rx=0x7f9394009990 tx=0x7f9394006e40 comp rx=0 tx=0).stop
2024-02-20T07:55:28.645 INFO:teuthology.orchestra.run.smithi123.stdout:/usr/bin/ceph: stderr
2024-02-20T07:55:28.086+0000 7f93a5647700 1 -- 172.21.15.123:0/652458141 >> [v2:172.21.15.123:3300/0,v1:172.21.15.123:6789/0] conn(0x7f93a0078d00 msgr2=0x7f93a01137c0 secure :-1 s=STATE_CONNECTION_ESTABLISHED l=1).mark_down
2024-02-20T07:55:28.645 INFO:teuthology.orchestra.run.smithi123.stdout:/usr/bin/ceph: stderr
2024-02-20T07:55:28.086+0000 7f93a5647700 1 --2- 172.21.15.123:0/652458141 >> [v2:172.21.15.123:3300/0,v1:172.21.15.123:6789/0] conn(0x7f93a0078d00 0x7f93a01137c0 secure :-1 s=READY pgs=42 cs=0 l=1 rev1=1 crypto rx=0x7f9390006b00 tx=0x7f9390009250 comp rx=0 tx=0).stop
2024-02-20T07:55:28.645 INFO:teuthology.orchestra.run.smithi123.stdout:/usr/bin/ceph: stderr
2024-02-20T07:55:28.086+0000 7f93a5647700 1 -- 172.21.15.123:0/652458141 shutdown_connections
2024-02-20T07:55:28.645 INFO:teuthology.orchestra.run.smithi123.stdout:/usr/bin/ceph: stderr
2024-02-20T07:55:28.086+0000 7f93a5647700 1 --2- 172.21.15.123:0/652458141 >> [v2:172.21.15.123:6800/4006637556,v1:172.21.15.123:6801/4006637556] conn(0x7f9388036790 0x7f9388038c40 unknown :-1 s=CLOSED pgs=9 cs=0 l=1 rev1=1 crypto rx=0 tx=0 comp rx=0 tx=0).stop
2024-02-20T07:55:28.645 INFO:teuthology.orchestra.run.smithi123.stdout:/usr/bin/ceph: stderr
2024-02-20T07:55:28.086+0000 7f93a5647700 1 --2- 172.21.15.123:0/652458141 >> [v2:172.21.15.123:3300/0,v1:172.21.15.123:6789/0] conn(0x7f93a0078d00 0x7f93a01137c0 unknown :-1 s=CLOSED pgs=42 cs=0 l=1 rev1=1 crypto rx=0 tx=0 comp rx=0 tx=0).stop
2024-02-20T07:55:28.646 INFO:teuthology.orchestra.run.smithi123.stdout:/usr/bin/ceph: stderr
2024-02-20T07:55:28.086+0000 7f93a5647700 1 -- 172.21.15.123:0/652458141 >> 172.21.15.123:0/652458141 conn(0x7f93a00fded0 msgr2=0x7f93a00ff5f0 unknown :-1 s=STATE_NONE l=0).mark_down
2024-02-20T07:55:28.646 INFO:teuthology.orchestra.run.smithi123.stdout:/usr/bin/ceph: stderr
2024-02-20T07:55:28.086+0000 7f93a5647700 1 -- 172.21.15.123:0/652458141 shutdown_connections
2024-02-20T07:55:28.646 INFO:teuthology.orchestra.run.smithi123.stdout:/usr/bin/ceph: stderr
2024-02-20T07:55:28.086+0000 7f93a5647700 1 -- 172.21.15.123:0/652458141 wait complete.
2024-02-20T07:55:28.743 INFO:journalctl@ceph.mon.smithi123.smithi123.stdout:Feb 20 07:55:28 smithi123 ceph-mon[29383]: from='client.14136 -' entity='client.admin' cmd=[{"prefix": "cephadm generate-key", "target": ["mon-mgr", ""]}]: dispatch
2024-02-20T07:55:28.744 INFO:journalctl@ceph.mon.smithi123.smithi123.stdout:Feb 20 07:55:28 smithi123 ceph-mon[29383]: Generating ssh key...
2024-02-20T07:55:28.744 INFO:journalctl@ceph.mon.smithi123.smithi123.stdout:Feb 20 07:55:28 smithi123 ceph-mon[29383]: from='mgr.14120 172.21.15.123:0/924187596' entity='mgr.smithi123.kwyrtl'
2024-02-20T07:55:28.744 INFO:journalctl@ceph.mon.smithi123.smithi123.stdout:Feb 20 07:55:28 smithi123 ceph-mon[29383]: from='mgr.14120 172.21.15.123:0/924187596' entity='mgr.smithi123.kwyrtl'
2024-02-20T07:55:29.816 INFO:teuthology.orchestra.run.smithi123.stdout:/usr/bin/ceph: stdout ssh-rsa AAAAB3NzaC1yc2EAAAADAQABAAABgQDUicyjVhmmWg8GoPaW8HvEzK7eqeQWahkQduey3W1mcorEqDj1xm5wOFOzFWJP4BXjYbUZf4BF15qJY6hfg2vNYN7RX11hPN9hadl/zOWyAlm2bD0JgpbPTefPHxGvxJfEq9X8v8uju6rCcSWGE7RxGEOsa1AvukWzGqo2+4UN+2AWqxSK3Bm+HaxuA/S3qGjsNVX9RWQBPn97CiD+5c25+NheoS0EQMdxuuwNeFugpPODJ0lbwJPllUsgpbN8zA9bkorDO7oO3veOSsaBIdZvpcWBS707P4lIhyYoI941ZnBMWCS8UEOagLRUUGi7LBjdp7sWfj4DvTREVN+QilRXhR9h6eWIyfYGuMx8R+r+Ug2vExnNOJ+7mPMEYYGVJwFeS3wE0PEWo6/xsGdzoALINWciy4OoDr+fb8Z9k7loAnBlzENTW3heLIMZSwiAxV4TXg4G92NxrP0XmVq2/YjKerx2CpYFjwhHtEODEqPyPeulqSOvM4whZURoIe+dW68= ceph-1f99de10-cfc5-11ee-95bb-87774f69a715
2024-02-20T07:55:29.816 INFO:teuthology.orchestra.run.smithi123.stdout:/usr/bin/ceph: stderr
2024-02-20T07:55:29.033+0000 7f28e167e700 1 Processor -- start
2024-02-20T07:55:29.816 INFO:teuthology.orchestra.run.smithi123.stdout:/usr/bin/ceph: stderr
2024-02-20T07:55:29.033+0000 7f28e167e700 1 -- start start
2024-02-20T07:55:29.816 INFO:teuthology.orchestra.run.smithi123.stdout:/usr/bin/ceph: stderr
2024-02-20T07:55:29.034+0000 7f28e167e700 1 --2- >> [v2:172.21.15.123:3300/0,v1:172.21.15.123:6789/0] conn(0x7f28dc101670 0x7f28dc101a80 unknown :-1 s=NONE pgs=0 cs=0 l=0 rev1=0 crypto rx=0 tx=0 comp rx=0 tx=0).connect
2024-02-20T07:55:29.816 INFO:teuthology.orchestra.run.smithi123.stdout:/usr/bin/ceph: stderr
2024-02-20T07:55:29.034+0000 7f28e167e700 1 -- --> [v2:172.21.15.123:3300/0,v1:172.21.15.123:6789/0] -- mon_getmap magic: 0 v1 -- 0x7f28dc101fc0 con 0x7f28dc101670
2024-02-20T07:55:29.816 INFO:teuthology.orchestra.run.smithi123.stdout:/usr/bin/ceph: stderr
2024-02-20T07:55:29.034+0000 7f28daffd700 1 --2- >> [v2:172.21.15.123:3300/0,v1:172.21.15.123:6789/0] conn(0x7f28dc101670 0x7f28dc101a80 unknown :-1 s=BANNER_CONNECTING pgs=0 cs=0 l=0 rev1=0 crypto rx=0 tx=0 comp rx=0 tx=0)._handle_peer_banner_payload supported=3 required=0
2024-02-20T07:55:29.816 INFO:teuthology.orchestra.run.smithi123.stdout:/usr/bin/ceph: stderr
2024-02-20T07:55:29.034+0000 7f28daffd700 1 --2- >> [v2:172.21.15.123:3300/0,v1:172.21.15.123:6789/0] conn(0x7f28dc101670 0x7f28dc101a80 unknown :-1 s=HELLO_CONNECTING pgs=0 cs=0 l=0 rev1=1 crypto rx=0 tx=0 comp rx=0 tx=0).handle_hello peer v2:172.21.15.123:3300/0 says I am v2:172.21.15.123:49528/0 (socket says 172.21.15.123:49528)
2024-02-20T07:55:29.816 INFO:teuthology.orchestra.run.smithi123.stdout:/usr/bin/ceph: stderr
2024-02-20T07:55:29.034+0000 7f28daffd700 1 -- 172.21.15.123:0/162984050 learned_addr learned my addr 172.21.15.123:0/162984050 (peer_addr_for_me v2:172.21.15.123:0/0)
2024-02-20T07:55:29.816 INFO:teuthology.orchestra.run.smithi123.stdout:/usr/bin/ceph: stderr
2024-02-20T07:55:29.034+0000 7f28daffd700 1 -- 172.21.15.123:0/162984050 --> [v2:172.21.15.123:3300/0,v1:172.21.15.123:6789/0] -- mon_subscribe({config=0+,monmap=0+}) v3 -- 0x7f28dc102100 con 0x7f28dc101670
2024-02-20T07:55:29.817 INFO:teuthology.orchestra.run.smithi123.stdout:/usr/bin/ceph: stderr
2024-02-20T07:55:29.034+0000 7f28daffd700 1 --2- 172.21.15.123:0/162984050 >> [v2:172.21.15.123:3300/0,v1:172.21.15.123:6789/0] conn(0x7f28dc101670 0x7f28dc101a80 secure :-1 s=READY pgs=43 cs=0 l=1 rev1=1 crypto rx=0x7f28cc0098e0 tx=0x7f28cc009250 comp rx=0 tx=0).ready entity=mon.0 client_cookie=9e6b3b66aa6a210 server_cookie=0 in_seq=0 out_seq=0
2024-02-20T07:55:29.817 INFO:teuthology.orchestra.run.smithi123.stdout:/usr/bin/ceph: stderr
2024-02-20T07:55:29.034+0000 7f28d9ffb700 1 -- 172.21.15.123:0/162984050 <== mon.0 v2:172.21.15.123:3300/0 1 ==== mon_map magic: 0 v1 ==== 229+0+0 (secure 0 0 0) 0x7f28cc00b860 con 0x7f28dc101670
2024-02-20T07:55:29.817 INFO:teuthology.orchestra.run.smithi123.stdout:/usr/bin/ceph: stderr
2024-02-20T07:55:29.034+0000 7f28d9ffb700 1 -- 172.21.15.123:0/162984050 <== mon.0 v2:172.21.15.123:3300/0 2 ==== config(27 keys) v1 ==== 1044+0+0 (secure 0 0 0) 0x7f28cc00be50 con 0x7f28dc101670
2024-02-20T07:55:29.817 INFO:teuthology.orchestra.run.smithi123.stdout:/usr/bin/ceph: stderr
2024-02-20T07:55:29.034+0000 7f28d9ffb700 1 -- 172.21.15.123:0/162984050 <== mon.0 v2:172.21.15.123:3300/0 3 ==== mon_map magic: 0 v1 ==== 229+0+0 (secure 0 0 0) 0x7f28cc010380 con 0x7f28dc101670
2024-02-20T07:55:29.817 INFO:teuthology.orchestra.run.smithi123.stdout:/usr/bin/ceph: stderr
2024-02-20T07:55:29.035+0000 7f28e167e700 1 -- 172.21.15.123:0/162984050 >> [v2:172.21.15.123:3300/0,v1:172.21.15.123:6789/0] conn(0x7f28dc101670 msgr2=0x7f28dc101a80 secure :-1 s=STATE_CONNECTION_ESTABLISHED l=1).mark_down
2024-02-20T07:55:29.817 INFO:teuthology.orchestra.run.smithi123.stdout:/usr/bin/ceph: stderr
2024-02-20T07:55:29.035+0000 7f28e167e700 1 --2- 172.21.15.123:0/162984050 >> [v2:172.21.15.123:3300/0,v1:172.21.15.123:6789/0] conn(0x7f28dc101670 0x7f28dc101a80 secure :-1 s=READY pgs=43 cs=0 l=1 rev1=1 crypto rx=0x7f28cc0098e0 tx=0x7f28cc009250 comp rx=0 tx=0).stop
2024-02-20T07:55:29.817 INFO:teuthology.orchestra.run.smithi123.stdout:/usr/bin/ceph: stderr
2024-02-20T07:55:29.035+0000 7f28e167e700 1 -- 172.21.15.123:0/162984050 shutdown_connections
2024-02-20T07:55:29.817 INFO:teuthology.orchestra.run.smithi123.stdout:/usr/bin/ceph: stderr
2024-02-20T07:55:29.035+0000 7f28e167e700 1 --2- 172.21.15.123:0/162984050 >> [v2:172.21.15.123:3300/0,v1:172.21.15.123:6789/0] conn(0x7f28dc101670 0x7f28dc101a80 unknown :-1 s=CLOSED pgs=43 cs=0 l=1 rev1=1 crypto rx=0 tx=0 comp rx=0 tx=0).stop
2024-02-20T07:55:29.817 INFO:teuthology.orchestra.run.smithi123.stdout:/usr/bin/ceph: stderr
2024-02-20T07:55:29.035+0000 7f28e167e700 1 -- 172.21.15.123:0/162984050 >> 172.21.15.123:0/162984050 conn(0x7f28dc0fcdd0 msgr2=0x7f28dc0ff200 unknown :-1 s=STATE_NONE l=0).mark_down
2024-02-20T07:55:29.817 INFO:teuthology.orchestra.run.smithi123.stdout:/usr/bin/ceph: stderr
2024-02-20T07:55:29.035+0000 7f28e167e700 1 -- 172.21.15.123:0/162984050 shutdown_connections
2024-02-20T07:55:29.817 INFO:teuthology.orchestra.run.smithi123.stdout:/usr/bin/ceph: stderr
2024-02-20T07:55:29.035+0000 7f28e167e700 1 -- 172.21.15.123:0/162984050 wait complete.
2024-02-20T07:55:29.817 INFO:teuthology.orchestra.run.smithi123.stdout:/usr/bin/ceph: stderr
2024-02-20T07:55:29.036+0000 7f28e167e700 1 Processor -- start
2024-02-20T07:55:29.817 INFO:teuthology.orchestra.run.smithi123.stdout:/usr/bin/ceph: stderr
2024-02-20T07:55:29.036+0000 7f28e167e700 1 -- start start
2024-02-20T07:55:29.817 INFO:teuthology.orchestra.run.smithi123.stdout:/usr/bin/ceph: stderr
2024-02-20T07:55:29.036+0000 7f28e167e700 1 --2- >> [v2:172.21.15.123:3300/0,v1:172.21.15.123:6789/0] conn(0x7f28dc101670 0x7f28dc111820 unknown :-1 s=NONE pgs=0 cs=0 l=1 rev1=0 crypto rx=0 tx=0 comp rx=0 tx=0).connect
2024-02-20T07:55:29.818 INFO:teuthology.orchestra.run.smithi123.stdout:/usr/bin/ceph: stderr
2024-02-20T07:55:29.036+0000 7f28e167e700 1 -- --> [v2:172.21.15.123:3300/0,v1:172.21.15.123:6789/0] -- mon_getmap magic: 0 v1 -- 0x7f28dc111d60 con 0x7f28dc101670
2024-02-20T07:55:29.818 INFO:teuthology.orchestra.run.smithi123.stdout:/usr/bin/ceph: stderr
2024-02-20T07:55:29.036+0000 7f28daffd700 1 --2- >> [v2:172.21.15.123:3300/0,v1:172.21.15.123:6789/0] conn(0x7f28dc101670 0x7f28dc111820 unknown :-1 s=BANNER_CONNECTING pgs=0 cs=0 l=1 rev1=0 crypto rx=0 tx=0 comp rx=0 tx=0)._handle_peer_banner_payload supported=3 required=0
2024-02-20T07:55:29.818 INFO:teuthology.orchestra.run.smithi123.stdout:/usr/bin/ceph: stderr
2024-02-20T07:55:29.036+0000 7f28daffd700 1 --2- >> [v2:172.21.15.123:3300/0,v1:172.21.15.123:6789/0] conn(0x7f28dc101670 0x7f28dc111820 unknown :-1 s=HELLO_CONNECTING pgs=0 cs=0 l=1 rev1=1 crypto rx=0 tx=0 comp rx=0 tx=0).handle_hello peer v2:172.21.15.123:3300/0 says I am v2:172.21.15.123:49544/0 (socket says 172.21.15.123:49544)
2024-02-20T07:55:29.818 INFO:teuthology.orchestra.run.smithi123.stdout:/usr/bin/ceph: stderr
2024-02-20T07:55:29.036+0000 7f28daffd700 1 -- 172.21.15.123:0/3844064920 learned_addr learned my addr 172.21.15.123:0/3844064920 (peer_addr_for_me v2:172.21.15.123:0/0)
2024-02-20T07:55:29.818 INFO:teuthology.orchestra.run.smithi123.stdout:/usr/bin/ceph: stderr
2024-02-20T07:55:29.036+0000 7f28daffd700 1 -- 172.21.15.123:0/3844064920 --> [v2:172.21.15.123:3300/0,v1:172.21.15.123:6789/0] -- mon_subscribe({config=0+,monmap=0+}) v3 -- 0x7f28cc0094f0 con 0x7f28dc101670
2024-02-20T07:55:29.818 INFO:teuthology.orchestra.run.smithi123.stdout:/usr/bin/ceph: stderr
2024-02-20T07:55:29.036+0000 7f28daffd700 1 --2- 172.21.15.123:0/3844064920 >> [v2:172.21.15.123:3300/0,v1:172.21.15.123:6789/0] conn(0x7f28dc101670 0x7f28dc111820 secure :-1 s=READY pgs=44 cs=0 l=1 rev1=1 crypto rx=0x7f28cc00b440 tx=0x7f28cc009250 comp rx=0 tx=0).ready entity=mon.0 client_cookie=0 server_cookie=0 in_seq=0 out_seq=0
2024-02-20T07:55:29.818 INFO:teuthology.orchestra.run.smithi123.stdout:/usr/bin/ceph: stderr
2024-02-20T07:55:29.036+0000 7f28c37fe700 1 -- 172.21.15.123:0/3844064920 <== mon.0 v2:172.21.15.123:3300/0 1 ==== mon_map magic: 0 v1 ==== 229+0+0 (secure 0 0 0) 0x7f28cc010760 con 0x7f28dc101670
2024-02-20T07:55:29.818 INFO:teuthology.orchestra.run.smithi123.stdout:/usr/bin/ceph: stderr
2024-02-20T07:55:29.036+0000 7f28c37fe700 1 -- 172.21.15.123:0/3844064920 <== mon.0 v2:172.21.15.123:3300/0 2 ==== config(27 keys) v1 ==== 1044+0+0 (secure 0 0 0) 0x7f28cc010d50 con 0x7f28dc101670
2024-02-20T07:55:29.818 INFO:teuthology.orchestra.run.smithi123.stdout:/usr/bin/ceph: stderr
2024-02-20T07:55:29.036+0000 7f28c37fe700 1 -- 172.21.15.123:0/3844064920 <== mon.0 v2:172.21.15.123:3300/0 3 ==== mon_map magic: 0 v1 ==== 229+0+0 (secure 0 0 0) 0x7f28cc024d80 con 0x7f28dc101670
2024-02-20T07:55:29.818 INFO:teuthology.orchestra.run.smithi123.stdout:/usr/bin/ceph: stderr
2024-02-20T07:55:29.036+0000 7f28e167e700 1 -- 172.21.15.123:0/3844064920 --> [v2:172.21.15.123:3300/0,v1:172.21.15.123:6789/0] -- mon_subscribe({mgrmap=0+}) v3 -- 0x7f28dc111f60 con 0x7f28dc101670
2024-02-20T07:55:29.818 INFO:teuthology.orchestra.run.smithi123.stdout:/usr/bin/ceph: stderr
2024-02-20T07:55:29.036+0000 7f28e167e700 1 -- 172.21.15.123:0/3844064920 --> [v2:172.21.15.123:3300/0,v1:172.21.15.123:6789/0] -- mon_subscribe({osdmap=0}) v3 -- 0x7f28dc112c00 con 0x7f28dc101670
2024-02-20T07:55:29.818 INFO:teuthology.orchestra.run.smithi123.stdout:/usr/bin/ceph: stderr
2024-02-20T07:55:29.037+0000 7f28c37fe700 1 -- 172.21.15.123:0/3844064920 <== mon.0 v2:172.21.15.123:3300/0 4 ==== mgrmap(e 8) v1 ==== 43368+0+0 (secure 0 0 0) 0x7f28cc01a450 con 0x7f28dc101670
2024-02-20T07:55:29.818 INFO:teuthology.orchestra.run.smithi123.stdout:/usr/bin/ceph: stderr
2024-02-20T07:55:29.037+0000 7f28c37fe700 1 --2- 172.21.15.123:0/3844064920 >> [v2:172.21.15.123:6800/4006637556,v1:172.21.15.123:6801/4006637556] conn(0x7f28c40367e0 0x7f28c4038c90 unknown :-1 s=NONE pgs=0 cs=0 l=1 rev1=0 crypto rx=0 tx=0 comp rx=0 tx=0).connect
2024-02-20T07:55:29.818 INFO:teuthology.orchestra.run.smithi123.stdout:/usr/bin/ceph: stderr
2024-02-20T07:55:29.037+0000 7f28c37fe700 1 -- 172.21.15.123:0/3844064920 <== mon.0 v2:172.21.15.123:3300/0 5 ==== osd_map(2..2 src has 1..2) v4 ==== 936+0+0 (secure 0 0 0) 0x7f28cc04aa80 con 0x7f28dc101670
2024-02-20T07:55:29.818 INFO:teuthology.orchestra.run.smithi123.stdout:/usr/bin/ceph: stderr
2024-02-20T07:55:29.038+0000 7f28e167e700 1 -- 172.21.15.123:0/3844064920 --> [v2:172.21.15.123:3300/0,v1:172.21.15.123:6789/0] -- mon_command({"prefix": "get_command_descriptions"} v 0) v1 -- 0x7f28dc05f5c0 con 0x7f28dc101670
2024-02-20T07:55:29.819 INFO:teuthology.orchestra.run.smithi123.stdout:/usr/bin/ceph: stderr
2024-02-20T07:55:29.038+0000 7f28da7fc700 1 --2- 172.21.15.123:0/3844064920 >> [v2:172.21.15.123:6800/4006637556,v1:172.21.15.123:6801/4006637556] conn(0x7f28c40367e0 0x7f28c4038c90 unknown :-1 s=BANNER_CONNECTING pgs=0 cs=0 l=1 rev1=0 crypto rx=0 tx=0 comp rx=0 tx=0)._handle_peer_banner_payload supported=3 required=0
2024-02-20T07:55:29.819 INFO:teuthology.orchestra.run.smithi123.stdout:/usr/bin/ceph: stderr
2024-02-20T07:55:29.038+0000 7f28da7fc700 1 --2- 172.21.15.123:0/3844064920 >> [v2:172.21.15.123:6800/4006637556,v1:172.21.15.123:6801/4006637556] conn(0x7f28c40367e0 0x7f28c4038c90 secure :-1 s=READY pgs=10 cs=0 l=1 rev1=1 crypto rx=0x7f28d0009990 tx=0x7f28d0006e40 comp rx=0 tx=0).ready entity=mgr.14120 client_cookie=0 server_cookie=0 in_seq=0 out_seq=0
2024-02-20T07:55:29.819 INFO:teuthology.orchestra.run.smithi123.stdout:/usr/bin/ceph: stderr
2024-02-20T07:55:29.042+0000 7f28c37fe700 1 -- 172.21.15.123:0/3844064920 <== mon.0 v2:172.21.15.123:3300/0 6 ==== mon_command_ack([{"prefix": "get_command_descriptions"}]=0 v0) v1 ==== 72+0+175031 (secure 0 0 0) 0x7f28cc01acb0 con 0x7f28dc101670
2024-02-20T07:55:29.819 INFO:teuthology.orchestra.run.smithi123.stdout:/usr/bin/ceph: stderr
2024-02-20T07:55:29.225+0000 7f28e167e700 1 -- 172.21.15.123:0/3844064920 --> [v2:172.21.15.123:6800/4006637556,v1:172.21.15.123:6801/4006637556] -- mgr_command(tid 0: {"prefix": "cephadm get-pub-key", "target": ["mon-mgr", ""]}) v1 -- 0x7f28dc1034e0 con 0x7f28c40367e0
2024-02-20T07:55:29.819 INFO:teuthology.orchestra.run.smithi123.stdout:/usr/bin/ceph: stderr
2024-02-20T07:55:29.226+0000 7f28c37fe700 1 -- 172.21.15.123:0/3844064920 <== mgr.14120 v2:172.21.15.123:6800/4006637556 1 ==== mgr_command_reply(tid 0: 0 ) v1 ==== 8+0+595 (secure 0 0 0) 0x7f28dc1034e0 con 0x7f28c40367e0
2024-02-20T07:55:29.819 INFO:teuthology.orchestra.run.smithi123.stdout:/usr/bin/ceph: stderr
2024-02-20T07:55:29.227+0000 7f28e167e700 1 -- 172.21.15.123:0/3844064920 >> [v2:172.21.15.123:6800/4006637556,v1:172.21.15.123:6801/4006637556] conn(0x7f28c40367e0 msgr2=0x7f28c4038c90 secure :-1 s=STATE_CONNECTION_ESTABLISHED l=1).mark_down
2024-02-20T07:55:29.819 INFO:teuthology.orchestra.run.smithi123.stdout:/usr/bin/ceph: stderr
2024-02-20T07:55:29.227+0000 7f28e167e700 1 --2- 172.21.15.123:0/3844064920 >> [v2:172.21.15.123:6800/4006637556,v1:172.21.15.123:6801/4006637556] conn(0x7f28c40367e0 0x7f28c4038c90 secure :-1 s=READY pgs=10 cs=0 l=1 rev1=1 crypto rx=0x7f28d0009990 tx=0x7f28d0006e40 comp rx=0 tx=0).stop
2024-02-20T07:55:29.819 INFO:teuthology.orchestra.run.smithi123.stdout:/usr/bin/ceph: stderr
2024-02-20T07:55:29.227+0000 7f28e167e700 1 -- 172.21.15.123:0/3844064920 >> [v2:172.21.15.123:3300/0,v1:172.21.15.123:6789/0] conn(0x7f28dc101670 msgr2=0x7f28dc111820 secure :-1 s=STATE_CONNECTION_ESTABLISHED l=1).mark_down
2024-02-20T07:55:29.819 INFO:teuthology.orchestra.run.smithi123.stdout:/usr/bin/ceph: stderr
2024-02-20T07:55:29.227+0000 7f28e167e700 1 --2- 172.21.15.123:0/3844064920 >> [v2:172.21.15.123:3300/0,v1:172.21.15.123:6789/0] conn(0x7f28dc101670 0x7f28dc111820 secure :-1 s=READY pgs=44 cs=0 l=1 rev1=1 crypto rx=0x7f28cc00b440 tx=0x7f28cc009250 comp rx=0 tx=0).stop
2024-02-20T07:55:29.819 INFO:teuthology.orchestra.run.smithi123.stdout:/usr/bin/ceph: stderr
2024-02-20T07:55:29.228+0000 7f28e167e700 1 -- 172.21.15.123:0/3844064920 shutdown_connections
2024-02-20T07:55:29.819 INFO:teuthology.orchestra.run.smithi123.stdout:/usr/bin/ceph: stderr
2024-02-20T07:55:29.228+0000 7f28e167e700 1 --2- 172.21.15.123:0/3844064920 >> [v2:172.21.15.123:6800/4006637556,v1:172.21.15.123:6801/4006637556] conn(0x7f28c40367e0 0x7f28c4038c90 unknown :-1 s=CLOSED pgs=10 cs=0 l=1 rev1=1 crypto rx=0 tx=0 comp rx=0 tx=0).stop
2024-02-20T07:55:29.819 INFO:teuthology.orchestra.run.smithi123.stdout:/usr/bin/ceph: stderr
2024-02-20T07:55:29.228+0000 7f28e167e700 1 --2- 172.21.15.123:0/3844064920 >> [v2:172.21.15.123:3300/0,v1:172.21.15.123:6789/0] conn(0x7f28dc101670 0x7f28dc111820 unknown :-1 s=CLOSED pgs=44 cs=0 l=1 rev1=1 crypto rx=0 tx=0 comp rx=0 tx=0).stop
2024-02-20T07:55:29.819 INFO:teuthology.orchestra.run.smithi123.stdout:/usr/bin/ceph: stderr
2024-02-20T07:55:29.228+0000 7f28e167e700 1 -- 172.21.15.123:0/3844064920 >> 172.21.15.123:0/3844064920 conn(0x7f28dc0fcdd0 msgr2=0x7f28dc0fdf10 unknown :-1 s=STATE_NONE l=0).mark_down
2024-02-20T07:55:29.819 INFO:teuthology.orchestra.run.smithi123.stdout:/usr/bin/ceph: stderr
2024-02-20T07:55:29.228+0000 7f28e167e700 1 -- 172.21.15.123:0/3844064920 shutdown_connections
2024-02-20T07:55:29.819 INFO:teuthology.orchestra.run.smithi123.stdout:/usr/bin/ceph: stderr
2024-02-20T07:55:29.228+0000 7f28e167e700 1 -- 172.21.15.123:0/3844064920 wait complete.
2024-02-20T07:55:29.820 INFO:teuthology.orchestra.run.smithi123.stdout:Wrote public SSH key to /home/ubuntu/cephtest/ceph.pub
2024-02-20T07:55:29.820 INFO:teuthology.orchestra.run.smithi123.stdout:Adding key to root@localhost authorized_keys...
2024-02-20T07:55:29.820 INFO:teuthology.orchestra.run.smithi123.stdout:Adding host smithi123...
2024-02-20T07:55:31.097 INFO:journalctl@ceph.mon.smithi123.smithi123.stdout:Feb 20 07:55:30 smithi123 ceph-mon[29383]: from='client.14138 -' entity='client.admin' cmd=[{"prefix": "cephadm get-pub-key", "target": ["mon-mgr", ""]}]: dispatch
2024-02-20T07:55:32.085 INFO:journalctl@ceph.mon.smithi123.smithi123.stdout:Feb 20 07:55:31 smithi123 ceph-mon[29383]: from='client.14140 -' entity='client.admin' cmd=[{"prefix": "orch host add", "hostname": "smithi123", "addr": "172.21.15.123", "target": ["mon-mgr", ""]}]: dispatch
2024-02-20T07:55:32.999 INFO:journalctl@ceph.mon.smithi123.smithi123.stdout:Feb 20 07:55:32 smithi123 ceph-mon[29383]: Deploying cephadm binary to smithi123
2024-02-20T07:55:32.999 INFO:journalctl@ceph.mon.smithi123.smithi123.stdout:Feb 20 07:55:32 smithi123 ceph-mon[29383]: from='mgr.14120 172.21.15.123:0/924187596' entity='mgr.smithi123.kwyrtl'
2024-02-20T07:55:32.999 INFO:journalctl@ceph.mon.smithi123.smithi123.stdout:Feb 20 07:55:32 smithi123 ceph-mon[29383]: from='mgr.14120 172.21.15.123:0/924187596' entity='mgr.smithi123.kwyrtl' cmd=[{"prefix": "config dump", "format": "json"}]: dispatch
2024-02-20T07:55:33.006 INFO:teuthology.orchestra.run.smithi123.stdout:/usr/bin/ceph: stdout Added host 'smithi123' with addr '172.21.15.123'
2024-02-20T07:55:33.006 INFO:teuthology.orchestra.run.smithi123.stdout:/usr/bin/ceph: stderr
2024-02-20T07:55:30.242+0000 7f2b97176700 1 Processor -- start
2024-02-20T07:55:33.006 INFO:teuthology.orchestra.run.smithi123.stdout:/usr/bin/ceph: stderr
2024-02-20T07:55:30.242+0000 7f2b97176700 1 -- start start
2024-02-20T07:55:33.006 INFO:teuthology.orchestra.run.smithi123.stdout:/usr/bin/ceph: stderr
2024-02-20T07:55:30.242+0000 7f2b97176700 1 --2- >> [v2:172.21.15.123:3300/0,v1:172.21.15.123:6789/0] conn(0x7f2b90102770 0x7f2b90102b80 unknown :-1 s=NONE pgs=0 cs=0 l=0 rev1=0 crypto rx=0 tx=0 comp rx=0 tx=0).connect
2024-02-20T07:55:33.006 INFO:teuthology.orchestra.run.smithi123.stdout:/usr/bin/ceph: stderr
2024-02-20T07:55:30.242+0000 7f2b97176700 1 -- --> [v2:172.21.15.123:3300/0,v1:172.21.15.123:6789/0] -- mon_getmap magic: 0 v1 -- 0x7f2b901030c0 con 0x7f2b90102770
2024-02-20T07:55:33.006 INFO:teuthology.orchestra.run.smithi123.stdout:/usr/bin/ceph: stderr
2024-02-20T07:55:30.242+0000 7f2b94f12700 1 --2- >> [v2:172.21.15.123:3300/0,v1:172.21.15.123:6789/0] conn(0x7f2b90102770 0x7f2b90102b80 unknown :-1 s=BANNER_CONNECTING pgs=0 cs=0 l=0 rev1=0 crypto rx=0 tx=0 comp rx=0 tx=0)._handle_peer_banner_payload supported=3 required=0
2024-02-20T07:55:33.006 INFO:teuthology.orchestra.run.smithi123.stdout:/usr/bin/ceph: stderr
2024-02-20T07:55:30.242+0000 7f2b94f12700 1 --2- >> [v2:172.21.15.123:3300/0,v1:172.21.15.123:6789/0] conn(0x7f2b90102770 0x7f2b90102b80 unknown :-1 s=HELLO_CONNECTING pgs=0 cs=0 l=0 rev1=1 crypto rx=0 tx=0 comp rx=0 tx=0).handle_hello peer v2:172.21.15.123:3300/0 says I am v2:172.21.15.123:49552/0 (socket says 172.21.15.123:49552)
2024-02-20T07:55:33.006 INFO:teuthology.orchestra.run.smithi123.stdout:/usr/bin/ceph: stderr
2024-02-20T07:55:30.242+0000 7f2b94f12700 1 -- 172.21.15.123:0/2578016470 learned_addr learned my addr 172.21.15.123:0/2578016470 (peer_addr_for_me v2:172.21.15.123:0/0)
2024-02-20T07:55:33.006 INFO:teuthology.orchestra.run.smithi123.stdout:/usr/bin/ceph: stderr
2024-02-20T07:55:30.242+0000 7f2b94f12700 1 -- 172.21.15.123:0/2578016470 --> [v2:172.21.15.123:3300/0,v1:172.21.15.123:6789/0] -- mon_subscribe({config=0+,monmap=0+}) v3 -- 0x7f2b90103200 con 0x7f2b90102770
2024-02-20T07:55:33.006 INFO:teuthology.orchestra.run.smithi123.stdout:/usr/bin/ceph: stderr
2024-02-20T07:55:30.243+0000 7f2b94f12700 1 --2- 172.21.15.123:0/2578016470 >> [v2:172.21.15.123:3300/0,v1:172.21.15.123:6789/0] conn(0x7f2b90102770 0x7f2b90102b80 secure :-1 s=READY pgs=45 cs=0 l=1 rev1=1 crypto rx=0x7f2b840098e0 tx=0x7f2b84009250 comp rx=0 tx=0).ready entity=mon.0 client_cookie=920bff635b2a1e9d server_cookie=0 in_seq=0 out_seq=0
2024-02-20T07:55:33.007 INFO:teuthology.orchestra.run.smithi123.stdout:/usr/bin/ceph: stderr
2024-02-20T07:55:30.243+0000 7f2b8f7fe700 1 -- 172.21.15.123:0/2578016470 <== mon.0 v2:172.21.15.123:3300/0 1 ==== mon_map magic: 0 v1 ==== 229+0+0 (secure 0 0 0) 0x7f2b8400b860 con 0x7f2b90102770
2024-02-20T07:55:33.007 INFO:teuthology.orchestra.run.smithi123.stdout:/usr/bin/ceph: stderr
2024-02-20T07:55:30.243+0000 7f2b8f7fe700 1 -- 172.21.15.123:0/2578016470 <== mon.0 v2:172.21.15.123:3300/0 2 ==== config(27 keys) v1 ==== 1044+0+0 (secure 0 0 0) 0x7f2b8400be50 con 0x7f2b90102770
2024-02-20T07:55:33.007 INFO:teuthology.orchestra.run.smithi123.stdout:/usr/bin/ceph: stderr
2024-02-20T07:55:30.243+0000 7f2b8f7fe700 1 -- 172.21.15.123:0/2578016470 <== mon.0 v2:172.21.15.123:3300/0 3 ==== mon_map magic: 0 v1 ==== 229+0+0 (secure 0 0 0) 0x7f2b84010380 con 0x7f2b90102770
2024-02-20T07:55:33.007 INFO:teuthology.orchestra.run.smithi123.stdout:/usr/bin/ceph: stderr
2024-02-20T07:55:30.243+0000 7f2b97176700 1 -- 172.21.15.123:0/2578016470 >> [v2:172.21.15.123:3300/0,v1:172.21.15.123:6789/0] conn(0x7f2b90102770 msgr2=0x7f2b90102b80 secure :-1 s=STATE_CONNECTION_ESTABLISHED l=1).mark_down
2024-02-20T07:55:33.007 INFO:teuthology.orchestra.run.smithi123.stdout:/usr/bin/ceph: stderr
2024-02-20T07:55:30.243+0000 7f2b97176700 1 --2- 172.21.15.123:0/2578016470 >> [v2:172.21.15.123:3300/0,v1:172.21.15.123:6789/0] conn(0x7f2b90102770 0x7f2b90102b80 secure :-1 s=READY pgs=45 cs=0 l=1 rev1=1 crypto rx=0x7f2b840098e0 tx=0x7f2b84009250 comp rx=0 tx=0).stop
2024-02-20T07:55:33.007 INFO:teuthology.orchestra.run.smithi123.stdout:/usr/bin/ceph: stderr
2024-02-20T07:55:30.243+0000 7f2b97176700 1 -- 172.21.15.123:0/2578016470 shutdown_connections
2024-02-20T07:55:33.007 INFO:teuthology.orchestra.run.smithi123.stdout:/usr/bin/ceph: stderr
2024-02-20T07:55:30.243+0000 7f2b97176700 1 --2- 172.21.15.123:0/2578016470 >> [v2:172.21.15.123:3300/0,v1:172.21.15.123:6789/0] conn(0x7f2b90102770 0x7f2b90102b80 unknown :-1 s=CLOSED pgs=45 cs=0 l=1 rev1=1 crypto rx=0 tx=0 comp rx=0 tx=0).stop
2024-02-20T07:55:33.007 INFO:teuthology.orchestra.run.smithi123.stdout:/usr/bin/ceph: stderr
2024-02-20T07:55:30.243+0000 7f2b97176700 1 -- 172.21.15.123:0/2578016470 >> 172.21.15.123:0/2578016470 conn(0x7f2b900fded0 msgr2=0x7f2b90100300 unknown :-1 s=STATE_NONE l=0).mark_down
2024-02-20T07:55:33.007 INFO:teuthology.orchestra.run.smithi123.stdout:/usr/bin/ceph: stderr
2024-02-20T07:55:30.243+0000 7f2b97176700 1 -- 172.21.15.123:0/2578016470 shutdown_connections
2024-02-20T07:55:33.007 INFO:teuthology.orchestra.run.smithi123.stdout:/usr/bin/ceph: stderr
2024-02-20T07:55:30.243+0000 7f2b97176700 1 -- 172.21.15.123:0/2578016470 wait complete.
2024-02-20T07:55:33.007 INFO:teuthology.orchestra.run.smithi123.stdout:/usr/bin/ceph: stderr
2024-02-20T07:55:30.244+0000 7f2b97176700 1 Processor -- start
2024-02-20T07:55:33.007 INFO:teuthology.orchestra.run.smithi123.stdout:/usr/bin/ceph: stderr
2024-02-20T07:55:30.244+0000 7f2b97176700 1 -- start start
2024-02-20T07:55:33.007 INFO:teuthology.orchestra.run.smithi123.stdout:/usr/bin/ceph: stderr
2024-02-20T07:55:30.244+0000 7f2b97176700 1 --2- >> [v2:172.21.15.123:3300/0,v1:172.21.15.123:6789/0] conn(0x7f2b90102770 0x7f2b90111590 unknown :-1 s=NONE pgs=0 cs=0 l=1 rev1=0 crypto rx=0 tx=0 comp rx=0 tx=0).connect
2024-02-20T07:55:33.007 INFO:teuthology.orchestra.run.smithi123.stdout:/usr/bin/ceph: stderr
2024-02-20T07:55:30.244+0000 7f2b97176700 1 -- --> [v2:172.21.15.123:3300/0,v1:172.21.15.123:6789/0] -- mon_getmap magic: 0 v1 -- 0x7f2b90111ad0 con 0x7f2b90102770
2024-02-20T07:55:33.007 INFO:teuthology.orchestra.run.smithi123.stdout:/usr/bin/ceph: stderr
2024-02-20T07:55:30.244+0000 7f2b94f12700 1 --2- >> [v2:172.21.15.123:3300/0,v1:172.21.15.123:6789/0] conn(0x7f2b90102770 0x7f2b90111590 unknown :-1 s=BANNER_CONNECTING pgs=0 cs=0 l=1 rev1=0 crypto rx=0 tx=0 comp rx=0 tx=0)._handle_peer_banner_payload supported=3 required=0
2024-02-20T07:55:33.007 INFO:teuthology.orchestra.run.smithi123.stdout:/usr/bin/ceph: stderr
2024-02-20T07:55:30.244+0000 7f2b94f12700 1 --2- >> [v2:172.21.15.123:3300/0,v1:172.21.15.123:6789/0] conn(0x7f2b90102770 0x7f2b90111590 unknown :-1 s=HELLO_CONNECTING pgs=0 cs=0 l=1 rev1=1 crypto rx=0 tx=0 comp rx=0 tx=0).handle_hello peer v2:172.21.15.123:3300/0 says I am v2:172.21.15.123:49560/0 (socket says 172.21.15.123:49560)
2024-02-20T07:55:33.008 INFO:teuthology.orchestra.run.smithi123.stdout:/usr/bin/ceph: stderr
2024-02-20T07:55:30.244+0000 7f2b94f12700 1 -- 172.21.15.123:0/3994271708 learned_addr learned my addr 172.21.15.123:0/3994271708 (peer_addr_for_me v2:172.21.15.123:0/0)
2024-02-20T07:55:33.008 INFO:teuthology.orchestra.run.smithi123.stdout:/usr/bin/ceph: stderr
2024-02-20T07:55:30.245+0000 7f2b94f12700 1 -- 172.21.15.123:0/3994271708 --> [v2:172.21.15.123:3300/0,v1:172.21.15.123:6789/0] -- mon_subscribe({config=0+,monmap=0+}) v3 -- 0x7f2b840094f0 con 0x7f2b90102770
2024-02-20T07:55:33.008 INFO:teuthology.orchestra.run.smithi123.stdout:/usr/bin/ceph: stderr
2024-02-20T07:55:30.245+0000 7f2b94f12700 1 --2- 172.21.15.123:0/3994271708 >> [v2:172.21.15.123:3300/0,v1:172.21.15.123:6789/0] conn(0x7f2b90102770 0x7f2b90111590 secure :-1 s=READY pgs=46 cs=0 l=1 rev1=1 crypto rx=0x7f2b84000c00 tx=0x7f2b84009250 comp rx=0 tx=0).ready entity=mon.0 client_cookie=0 server_cookie=0 in_seq=0 out_seq=0
2024-02-20T07:55:33.008 INFO:teuthology.orchestra.run.smithi123.stdout:/usr/bin/ceph: stderr
2024-02-20T07:55:30.245+0000 7f2b8d7fa700 1 -- 172.21.15.123:0/3994271708 <== mon.0 v2:172.21.15.123:3300/0 1 ==== mon_map magic: 0 v1 ==== 229+0+0 (secure 0 0 0) 0x7f2b840107c0 con 0x7f2b90102770
2024-02-20T07:55:33.008 INFO:teuthology.orchestra.run.smithi123.stdout:/usr/bin/ceph: stderr
2024-02-20T07:55:30.245+0000 7f2b97176700 1 -- 172.21.15.123:0/3994271708 --> [v2:172.21.15.123:3300/0,v1:172.21.15.123:6789/0] -- mon_subscribe({mgrmap=0+}) v3 -- 0x7f2b90111cd0 con 0x7f2b90102770
2024-02-20T07:55:33.008 INFO:teuthology.orchestra.run.smithi123.stdout:/usr/bin/ceph: stderr
2024-02-20T07:55:30.245+0000 7f2b8d7fa700 1 -- 172.21.15.123:0/3994271708 <== mon.0 v2:172.21.15.123:3300/0 2 ==== config(27 keys) v1 ==== 1044+0+0 (secure 0 0 0) 0x7f2b84010db0 con 0x7f2b90102770
2024-02-20T07:55:33.008 INFO:teuthology.orchestra.run.smithi123.stdout:/usr/bin/ceph: stderr
2024-02-20T07:55:30.245+0000 7f2b8d7fa700 1 -- 172.21.15.123:0/3994271708 <== mon.0 v2:172.21.15.123:3300/0 3 ==== mon_map magic: 0 v1 ==== 229+0+0 (secure 0 0 0) 0x7f2b8401ad00 con 0x7f2b90102770
2024-02-20T07:55:33.008 INFO:teuthology.orchestra.run.smithi123.stdout:/usr/bin/ceph: stderr
2024-02-20T07:55:30.245+0000 7f2b97176700 1 -- 172.21.15.123:0/3994271708 --> [v2:172.21.15.123:3300/0,v1:172.21.15.123:6789/0] -- mon_subscribe({osdmap=0}) v3 -- 0x7f2b90112970 con 0x7f2b90102770
2024-02-20T07:55:33.008 INFO:teuthology.orchestra.run.smithi123.stdout:/usr/bin/ceph: stderr
2024-02-20T07:55:30.246+0000 7f2b8d7fa700 1 -- 172.21.15.123:0/3994271708 <== mon.0 v2:172.21.15.123:3300/0 4 ==== mgrmap(e 8) v1 ==== 43368+0+0 (secure 0 0 0) 0x7f2b840193c0 con 0x7f2b90102770
2024-02-20T07:55:33.008 INFO:teuthology.orchestra.run.smithi123.stdout:/usr/bin/ceph: stderr
2024-02-20T07:55:30.246+0000 7f2b97176700 1 -- 172.21.15.123:0/3994271708 --> [v2:172.21.15.123:3300/0,v1:172.21.15.123:6789/0] -- mon_command({"prefix": "get_command_descriptions"} v 0) v1 -- 0x7f2b9005f5c0 con 0x7f2b90102770
2024-02-20T07:55:33.008 INFO:teuthology.orchestra.run.smithi123.stdout:/usr/bin/ceph: stderr
2024-02-20T07:55:30.246+0000 7f2b8d7fa700 1 --2- 172.21.15.123:0/3994271708 >> [v2:172.21.15.123:6800/4006637556,v1:172.21.15.123:6801/4006637556] conn(0x7f2b80036790 0x7f2b80038c40 unknown :-1 s=NONE pgs=0 cs=0 l=1 rev1=0 crypto rx=0 tx=0 comp rx=0 tx=0).connect
2024-02-20T07:55:33.008 INFO:teuthology.orchestra.run.smithi123.stdout:/usr/bin/ceph: stderr
2024-02-20T07:55:30.246+0000 7f2b8d7fa700 1 -- 172.21.15.123:0/3994271708 <== mon.0 v2:172.21.15.123:3300/0 5 ==== osd_map(2..2 src has 1..2) v4 ==== 936+0+0 (secure 0 0 0) 0x7f2b8404a680 con 0x7f2b90102770
2024-02-20T07:55:33.008 INFO:teuthology.orchestra.run.smithi123.stdout:/usr/bin/ceph: stderr
2024-02-20T07:55:30.246+0000 7f2b8ffff700 1 --2- 172.21.15.123:0/3994271708 >> [v2:172.21.15.123:6800/4006637556,v1:172.21.15.123:6801/4006637556] conn(0x7f2b80036790 0x7f2b80038c40 unknown :-1 s=BANNER_CONNECTING pgs=0 cs=0 l=1 rev1=0 crypto rx=0 tx=0 comp rx=0 tx=0)._handle_peer_banner_payload supported=3 required=0
2024-02-20T07:55:33.009 INFO:teuthology.orchestra.run.smithi123.stdout:/usr/bin/ceph: stderr
2024-02-20T07:55:30.246+0000 7f2b8ffff700 1 --2- 172.21.15.123:0/3994271708 >> [v2:172.21.15.123:6800/4006637556,v1:172.21.15.123:6801/4006637556] conn(0x7f2b80036790 0x7f2b80038c40 secure :-1 s=READY pgs=11 cs=0 l=1 rev1=1 crypto rx=0x7f2b7c009990 tx=0x7f2b7c006e40 comp rx=0 tx=0).ready entity=mgr.14120 client_cookie=0 server_cookie=0 in_seq=0 out_seq=0
2024-02-20T07:55:33.009 INFO:teuthology.orchestra.run.smithi123.stdout:/usr/bin/ceph: stderr
2024-02-20T07:55:30.250+0000 7f2b8d7fa700 1 -- 172.21.15.123:0/3994271708 <== mon.0 v2:172.21.15.123:3300/0 6 ==== mon_command_ack([{"prefix": "get_command_descriptions"}]=0 v0) v1 ==== 72+0+175031 (secure 0 0 0) 0x7f2b84022930 con 0x7f2b90102770
2024-02-20T07:55:33.009 INFO:teuthology.orchestra.run.smithi123.stdout:/usr/bin/ceph: stderr
2024-02-20T07:55:30.436+0000 7f2b97176700 1 -- 172.21.15.123:0/3994271708 --> [v2:172.21.15.123:6800/4006637556,v1:172.21.15.123:6801/4006637556] -- mgr_command(tid 0: {"prefix": "orch host add", "hostname": "smithi123", "addr": "172.21.15.123", "target": ["mon-mgr", ""]}) v1 -- 0x7f2b901001b0 con 0x7f2b80036790
2024-02-20T07:55:33.009 INFO:teuthology.orchestra.run.smithi123.stdout:/usr/bin/ceph: stderr
2024-02-20T07:55:32.417+0000 7f2b8d7fa700 1 -- 172.21.15.123:0/3994271708 <== mgr.14120 v2:172.21.15.123:6800/4006637556 1 ==== mgr_command_reply(tid 0: 0 ) v1 ==== 8+0+49 (secure 0 0 0) 0x7f2b901001b0 con 0x7f2b80036790
2024-02-20T07:55:33.009 INFO:teuthology.orchestra.run.smithi123.stdout:/usr/bin/ceph: stderr
2024-02-20T07:55:32.420+0000 7f2b97176700 1 -- 172.21.15.123:0/3994271708 >> [v2:172.21.15.123:6800/4006637556,v1:172.21.15.123:6801/4006637556] conn(0x7f2b80036790 msgr2=0x7f2b80038c40 secure :-1 s=STATE_CONNECTION_ESTABLISHED l=1).mark_down
2024-02-20T07:55:33.009 INFO:teuthology.orchestra.run.smithi123.stdout:/usr/bin/ceph: stderr
2024-02-20T07:55:32.420+0000 7f2b97176700 1 --2- 172.21.15.123:0/3994271708 >> [v2:172.21.15.123:6800/4006637556,v1:172.21.15.123:6801/4006637556] conn(0x7f2b80036790 0x7f2b80038c40 secure :-1 s=READY pgs=11 cs=0 l=1 rev1=1 crypto rx=0x7f2b7c009990 tx=0x7f2b7c006e40 comp rx=0 tx=0).stop
2024-02-20T07:55:33.009 INFO:teuthology.orchestra.run.smithi123.stdout:/usr/bin/ceph: stderr
2024-02-20T07:55:32.420+0000 7f2b97176700 1 -- 172.21.15.123:0/3994271708 >> [v2:172.21.15.123:3300/0,v1:172.21.15.123:6789/0] conn(0x7f2b90102770 msgr2=0x7f2b90111590 secure :-1 s=STATE_CONNECTION_ESTABLISHED l=1).mark_down
2024-02-20T07:55:33.009 INFO:teuthology.orchestra.run.smithi123.stdout:/usr/bin/ceph: stderr
2024-02-20T07:55:32.420+0000 7f2b97176700 1 --2- 172.21.15.123:0/3994271708 >> [v2:172.21.15.123:3300/0,v1:172.21.15.123:6789/0] conn(0x7f2b90102770 0x7f2b90111590 secure :-1 s=READY pgs=46 cs=0 l=1 rev1=1 crypto rx=0x7f2b84000c00 tx=0x7f2b84009250 comp rx=0 tx=0).stop
2024-02-20T07:55:33.009 INFO:teuthology.orchestra.run.smithi123.stdout:/usr/bin/ceph: stderr
2024-02-20T07:55:32.420+0000 7f2b97176700 1 -- 172.21.15.123:0/3994271708 shutdown_connections
2024-02-20T07:55:33.009 INFO:teuthology.orchestra.run.smithi123.stdout:/usr/bin/ceph: stderr
2024-02-20T07:55:32.420+0000 7f2b97176700 1 --2- 172.21.15.123:0/3994271708 >> [v2:172.21.15.123:6800/4006637556,v1:172.21.15.123:6801/4006637556] conn(0x7f2b80036790 0x7f2b80038c40 unknown :-1 s=CLOSED pgs=11 cs=0 l=1 rev1=1 crypto rx=0 tx=0 comp rx=0 tx=0).stop
2024-02-20T07:55:33.009 INFO:teuthology.orchestra.run.smithi123.stdout:/usr/bin/ceph: stderr
2024-02-20T07:55:32.420+0000 7f2b97176700 1 --2- 172.21.15.123:0/3994271708 >> [v2:172.21.15.123:3300/0,v1:172.21.15.123:6789/0] conn(0x7f2b90102770 0x7f2b90111590 unknown :-1 s=CLOSED pgs=46 cs=0 l=1 rev1=1 crypto rx=0 tx=0 comp rx=0 tx=0).stop
2024-02-20T07:55:33.009 INFO:teuthology.orchestra.run.smithi123.stdout:/usr/bin/ceph: stderr
2024-02-20T07:55:32.420+0000 7f2b97176700 1 -- 172.21.15.123:0/3994271708 >> 172.21.15.123:0/3994271708 conn(0x7f2b900fded0 msgr2=0x7f2b900ff590 unknown :-1 s=STATE_NONE l=0).mark_down
2024-02-20T07:55:33.009 INFO:teuthology.orchestra.run.smithi123.stdout:/usr/bin/ceph: stderr
2024-02-20T07:55:32.420+0000 7f2b97176700 1 -- 172.21.15.123:0/3994271708 shutdown_connections
2024-02-20T07:55:33.009 INFO:teuthology.orchestra.run.smithi123.stdout:/usr/bin/ceph: stderr
2024-02-20T07:55:32.420+0000 7f2b97176700 1 -- 172.21.15.123:0/3994271708 wait complete.
2024-02-20T07:55:33.009 INFO:teuthology.orchestra.run.smithi123.stdout:Deploying mon service with default placement...
2024-02-20T07:55:33.990 INFO:journalctl@ceph.mon.smithi123.smithi123.stdout:Feb 20 07:55:33 smithi123 ceph-mon[29383]: Added host smithi123
2024-02-20T07:55:33.990 INFO:journalctl@ceph.mon.smithi123.smithi123.stdout:Feb 20 07:55:33 smithi123 ceph-mon[29383]: from='mgr.14120 172.21.15.123:0/924187596' entity='mgr.smithi123.kwyrtl'
2024-02-20T07:55:34.312 INFO:teuthology.orchestra.run.smithi123.stdout:/usr/bin/ceph: stdout Scheduled mon update...
2024-02-20T07:55:34.312 INFO:teuthology.orchestra.run.smithi123.stdout:/usr/bin/ceph: stderr
2024-02-20T07:55:33.385+0000 7fba10371700 1 Processor -- start
2024-02-20T07:55:34.313 INFO:teuthology.orchestra.run.smithi123.stdout:/usr/bin/ceph: stderr
2024-02-20T07:55:33.385+0000 7fba10371700 1 -- start start
2024-02-20T07:55:34.313 INFO:teuthology.orchestra.run.smithi123.stdout:/usr/bin/ceph: stderr
2024-02-20T07:55:33.386+0000 7fba10371700 1 --2- >> [v2:172.21.15.123:3300/0,v1:172.21.15.123:6789/0] conn(0x7fba08071480 0x7fba08105380 unknown :-1 s=NONE pgs=0 cs=0 l=0 rev1=0 crypto rx=0 tx=0 comp rx=0 tx=0).connect
2024-02-20T07:55:34.313 INFO:teuthology.orchestra.run.smithi123.stdout:/usr/bin/ceph: stderr
2024-02-20T07:55:33.386+0000 7fba10371700 1 -- --> [v2:172.21.15.123:3300/0,v1:172.21.15.123:6789/0] -- mon_getmap magic: 0 v1 -- 0x7fba081058c0 con 0x7fba08071480
2024-02-20T07:55:34.313 INFO:teuthology.orchestra.run.smithi123.stdout:/usr/bin/ceph: stderr
2024-02-20T07:55:33.386+0000 7fba0e10d700 1 --2- >> [v2:172.21.15.123:3300/0,v1:172.21.15.123:6789/0] conn(0x7fba08071480 0x7fba08105380 unknown :-1 s=BANNER_CONNECTING pgs=0 cs=0 l=0 rev1=0 crypto rx=0 tx=0 comp rx=0 tx=0)._handle_peer_banner_payload supported=3 required=0
2024-02-20T07:55:34.313 INFO:teuthology.orchestra.run.smithi123.stdout:/usr/bin/ceph: stderr
2024-02-20T07:55:33.386+0000 7fba0e10d700 1 --2- >> [v2:172.21.15.123:3300/0,v1:172.21.15.123:6789/0] conn(0x7fba08071480 0x7fba08105380 unknown :-1 s=HELLO_CONNECTING pgs=0 cs=0 l=0 rev1=1 crypto rx=0 tx=0 comp rx=0 tx=0).handle_hello peer v2:172.21.15.123:3300/0 says I am v2:172.21.15.123:49564/0 (socket says 172.21.15.123:49564)
2024-02-20T07:55:34.313 INFO:teuthology.orchestra.run.smithi123.stdout:/usr/bin/ceph: stderr
2024-02-20T07:55:33.386+0000 7fba0e10d700 1 -- 172.21.15.123:0/1806317001 learned_addr learned my addr 172.21.15.123:0/1806317001 (peer_addr_for_me v2:172.21.15.123:0/0)
2024-02-20T07:55:34.313 INFO:teuthology.orchestra.run.smithi123.stdout:/usr/bin/ceph: stderr
2024-02-20T07:55:33.387+0000 7fba0e10d700 1 -- 172.21.15.123:0/1806317001 --> [v2:172.21.15.123:3300/0,v1:172.21.15.123:6789/0] -- mon_subscribe({config=0+,monmap=0+}) v3 -- 0x7fba08101160 con 0x7fba08071480
2024-02-20T07:55:34.313 INFO:teuthology.orchestra.run.smithi123.stdout:/usr/bin/ceph: stderr
2024-02-20T07:55:33.387+0000 7fba0e10d700 1 --2- 172.21.15.123:0/1806317001 >> [v2:172.21.15.123:3300/0,v1:172.21.15.123:6789/0] conn(0x7fba08071480 0x7fba08105380 secure :-1 s=READY pgs=47 cs=0 l=1 rev1=1 crypto rx=0x7fba040098e0 tx=0x7fba04009250 comp rx=0 tx=0).ready entity=mon.0 client_cookie=82ee70b85c9d0f08 server_cookie=0 in_seq=0 out_seq=0
2024-02-20T07:55:34.313 INFO:teuthology.orchestra.run.smithi123.stdout:/usr/bin/ceph: stderr
2024-02-20T07:55:33.387+0000 7fba0d10b700 1 -- 172.21.15.123:0/1806317001 <== mon.0 v2:172.21.15.123:3300/0 1 ==== mon_map magic: 0 v1 ==== 229+0+0 (secure 0 0 0) 0x7fba0400b860 con 0x7fba08071480
2024-02-20T07:55:34.313 INFO:teuthology.orchestra.run.smithi123.stdout:/usr/bin/ceph: stderr
2024-02-20T07:55:33.387+0000 7fba0d10b700 1 -- 172.21.15.123:0/1806317001 <== mon.0 v2:172.21.15.123:3300/0 2 ==== config(27 keys) v1 ==== 1044+0+0 (secure 0 0 0) 0x7fba0400be50 con 0x7fba08071480
2024-02-20T07:55:34.313 INFO:teuthology.orchestra.run.smithi123.stdout:/usr/bin/ceph: stderr
2024-02-20T07:55:33.387+0000 7fba0d10b700 1 -- 172.21.15.123:0/1806317001 <== mon.0 v2:172.21.15.123:3300/0 3 ==== mon_map magic: 0 v1 ==== 229+0+0 (secure 0 0 0) 0x7fba04010380 con 0x7fba08071480
2024-02-20T07:55:34.314 INFO:teuthology.orchestra.run.smithi123.stdout:/usr/bin/ceph: stderr
2024-02-20T07:55:33.387+0000 7fba10371700 1 -- 172.21.15.123:0/1806317001 >> [v2:172.21.15.123:3300/0,v1:172.21.15.123:6789/0] conn(0x7fba08071480 msgr2=0x7fba08105380 secure :-1 s=STATE_CONNECTION_ESTABLISHED l=1).mark_down
2024-02-20T07:55:34.314 INFO:teuthology.orchestra.run.smithi123.stdout:/usr/bin/ceph: stderr
2024-02-20T07:55:33.387+0000 7fba10371700 1 --2- 172.21.15.123:0/1806317001 >> [v2:172.21.15.123:3300/0,v1:172.21.15.123:6789/0] conn(0x7fba08071480 0x7fba08105380 secure :-1 s=READY pgs=47 cs=0 l=1 rev1=1 crypto rx=0x7fba040098e0 tx=0x7fba04009250 comp rx=0 tx=0).stop
2024-02-20T07:55:34.314 INFO:teuthology.orchestra.run.smithi123.stdout:/usr/bin/ceph: stderr
2024-02-20T07:55:33.388+0000 7fba10371700 1 -- 172.21.15.123:0/1806317001 shutdown_connections
2024-02-20T07:55:34.314 INFO:teuthology.orchestra.run.smithi123.stdout:/usr/bin/ceph: stderr
2024-02-20T07:55:33.388+0000 7fba10371700 1 --2- 172.21.15.123:0/1806317001 >> [v2:172.21.15.123:3300/0,v1:172.21.15.123:6789/0] conn(0x7fba08071480 0x7fba08105380 unknown :-1 s=CLOSED pgs=47 cs=0 l=1 rev1=1 crypto rx=0 tx=0 comp rx=0 tx=0).stop
2024-02-20T07:55:34.314 INFO:teuthology.orchestra.run.smithi123.stdout:/usr/bin/ceph: stderr
2024-02-20T07:55:33.388+0000 7fba10371700 1 -- 172.21.15.123:0/1806317001 >> 172.21.15.123:0/1806317001 conn(0x7fba080fcdd0 msgr2=0x7fba080ff200 unknown :-1 s=STATE_NONE l=0).mark_down
2024-02-20T07:55:34.314 INFO:teuthology.orchestra.run.smithi123.stdout:/usr/bin/ceph: stderr
2024-02-20T07:55:33.388+0000 7fba10371700 1 -- 172.21.15.123:0/1806317001 shutdown_connections
2024-02-20T07:55:34.315 INFO:teuthology.orchestra.run.smithi123.stdout:/usr/bin/ceph: stderr
2024-02-20T07:55:33.388+0000 7fba10371700 1 -- 172.21.15.123:0/1806317001 wait complete.
2024-02-20T07:55:34.315 INFO:teuthology.orchestra.run.smithi123.stdout:/usr/bin/ceph: stderr
2024-02-20T07:55:33.388+0000 7fba10371700 1 Processor -- start
2024-02-20T07:55:34.315 INFO:teuthology.orchestra.run.smithi123.stdout:/usr/bin/ceph: stderr
2024-02-20T07:55:33.388+0000 7fba10371700 1 -- start start
2024-02-20T07:55:34.315 INFO:teuthology.orchestra.run.smithi123.stdout:/usr/bin/ceph: stderr
2024-02-20T07:55:33.388+0000 7fba10371700 1 --2- >> [v2:172.21.15.123:3300/0,v1:172.21.15.123:6789/0] conn(0x7fba08071480 0x7fba08113780 unknown :-1 s=NONE pgs=0 cs=0 l=1 rev1=0 crypto rx=0 tx=0 comp rx=0 tx=0).connect
2024-02-20T07:55:34.315 INFO:teuthology.orchestra.run.smithi123.stdout:/usr/bin/ceph: stderr
2024-02-20T07:55:33.388+0000 7fba10371700 1 -- --> [v2:172.21.15.123:3300/0,v1:172.21.15.123:6789/0] -- mon_getmap magic: 0 v1 -- 0x7fba08113cc0 con 0x7fba08071480
2024-02-20T07:55:34.315 INFO:teuthology.orchestra.run.smithi123.stdout:/usr/bin/ceph: stderr
2024-02-20T07:55:33.389+0000 7fba0e10d700 1 --2- >> [v2:172.21.15.123:3300/0,v1:172.21.15.123:6789/0] conn(0x7fba08071480 0x7fba08113780 unknown :-1 s=BANNER_CONNECTING pgs=0 cs=0 l=1 rev1=0 crypto rx=0 tx=0 comp rx=0 tx=0)._handle_peer_banner_payload supported=3 required=0
2024-02-20T07:55:34.315 INFO:teuthology.orchestra.run.smithi123.stdout:/usr/bin/ceph: stderr
2024-02-20T07:55:33.389+0000 7fba0e10d700 1 --2- >> [v2:172.21.15.123:3300/0,v1:172.21.15.123:6789/0] conn(0x7fba08071480 0x7fba08113780 unknown :-1 s=HELLO_CONNECTING pgs=0 cs=0 l=1 rev1=1 crypto rx=0 tx=0 comp rx=0 tx=0).handle_hello peer v2:172.21.15.123:3300/0 says I am v2:172.21.15.123:49570/0 (socket says 172.21.15.123:49570)
2024-02-20T07:55:34.315 INFO:teuthology.orchestra.run.smithi123.stdout:/usr/bin/ceph: stderr
