2024-02-20T07:55:11.561 INFO:teuthology.orchestra.run.smithi123.stdout:/usr/bin/ceph: stderr
2024-02-20T07:55:10.873+0000 7f1227fff700 1 --2- >> [v2:172.21.15.123:3300/0,v1:172.21.15.123:6789/0] conn(0x7f1228102770 0x7f1228111810 unknown :-1 s=HELLO_CONNECTING pgs=0 cs=0 l=1 rev1=1 crypto rx=0 tx=0 comp rx=0 tx=0).handle_hello peer v2:172.21.15.123:3300/0 says I am v2:172.21.15.123:59552/0 (socket says 172.21.15.123:59552)
2024-02-20T07:55:11.561 INFO:teuthology.orchestra.run.smithi123.stdout:/usr/bin/ceph: stderr
2024-02-20T07:55:10.873+0000 7f1227fff700 1 -- 172.21.15.123:0/2618932037 learned_addr learned my addr 172.21.15.123:0/2618932037 (peer_addr_for_me v2:172.21.15.123:0/0)
2024-02-20T07:55:11.561 INFO:teuthology.orchestra.run.smithi123.stdout:/usr/bin/ceph: stderr
2024-02-20T07:55:10.873+0000 7f1227fff700 1 -- 172.21.15.123:0/2618932037 --> [v2:172.21.15.123:3300/0,v1:172.21.15.123:6789/0] -- mon_subscribe({config=0+,monmap=0+}) v3 -- 0x7f12180094f0 con 0x7f1228102770
2024-02-20T07:55:11.562 INFO:teuthology.orchestra.run.smithi123.stdout:/usr/bin/ceph: stderr
2024-02-20T07:55:10.873+0000 7f1227fff700 1 --2- 172.21.15.123:0/2618932037 >> [v2:172.21.15.123:3300/0,v1:172.21.15.123:6789/0] conn(0x7f1228102770 0x7f1228111810 secure :-1 s=READY pgs=17 cs=0 l=1 rev1=1 crypto rx=0x7f121800b440 tx=0x7f1218009250 comp rx=0 tx=0).ready entity=mon.0 client_cookie=0 server_cookie=0 in_seq=0 out_seq=0
2024-02-20T07:55:11.562 INFO:teuthology.orchestra.run.smithi123.stdout:/usr/bin/ceph: stderr
2024-02-20T07:55:10.874+0000 7f1224ff9700 1 -- 172.21.15.123:0/2618932037 <== mon.0 v2:172.21.15.123:3300/0 1 ==== mon_map magic: 0 v1 ==== 229+0+0 (secure 0 0 0) 0x7f1218010760 con 0x7f1228102770
2024-02-20T07:55:11.562 INFO:teuthology.orchestra.run.smithi123.stdout:/usr/bin/ceph: stderr
2024-02-20T07:55:10.874+0000 7f1224ff9700 1 -- 172.21.15.123:0/2618932037 <== mon.0 v2:172.21.15.123:3300/0 2 ==== config(27 keys) v1 ==== 1044+0+0 (secure 0 0 0) 0x7f1218010d50 con 0x7f1228102770
2024-02-20T07:55:11.562 INFO:teuthology.orchestra.run.smithi123.stdout:/usr/bin/ceph: stderr
2024-02-20T07:55:10.874+0000 7f122e42f700 1 -- 172.21.15.123:0/2618932037 --> [v2:172.21.15.123:3300/0,v1:172.21.15.123:6789/0] -- mon_subscribe({mgrmap=0+}) v3 -- 0x7f1228111f50 con 0x7f1228102770
2024-02-20T07:55:11.562 INFO:teuthology.orchestra.run.smithi123.stdout:/usr/bin/ceph: stderr
2024-02-20T07:55:10.874+0000 7f1224ff9700 1 -- 172.21.15.123:0/2618932037 <== mon.0 v2:172.21.15.123:3300/0 3 ==== mon_map magic: 0 v1 ==== 229+0+0 (secure 0 0 0) 0x7f1218024d80 con 0x7f1228102770
2024-02-20T07:55:11.562 INFO:teuthology.orchestra.run.smithi123.stdout:/usr/bin/ceph: stderr
2024-02-20T07:55:10.874+0000 7f122e42f700 1 -- 172.21.15.123:0/2618932037 --> [v2:172.21.15.123:3300/0,v1:172.21.15.123:6789/0] -- mon_subscribe({osdmap=0}) v3 -- 0x7f1228112bf0 con 0x7f1228102770
2024-02-20T07:55:11.562 INFO:teuthology.orchestra.run.smithi123.stdout:/usr/bin/ceph: stderr
2024-02-20T07:55:10.874+0000 7f1224ff9700 1 -- 172.21.15.123:0/2618932037 <== mon.0 v2:172.21.15.123:3300/0 4 ==== mgrmap(e 2) v1 ==== 43124+0+0 (secure 0 0 0) 0x7f121801a430 con 0x7f1228102770
2024-02-20T07:55:11.562 INFO:teuthology.orchestra.run.smithi123.stdout:/usr/bin/ceph: stderr
2024-02-20T07:55:10.875+0000 7f122e42f700 1 -- 172.21.15.123:0/2618932037 --> [v2:172.21.15.123:3300/0,v1:172.21.15.123:6789/0] -- mon_command({"prefix": "get_command_descriptions"} v 0) v1 -- 0x7f122805f5c0 con 0x7f1228102770
2024-02-20T07:55:11.562 INFO:teuthology.orchestra.run.smithi123.stdout:/usr/bin/ceph: stderr
2024-02-20T07:55:10.875+0000 7f1224ff9700 1 -- 172.21.15.123:0/2618932037 <== mon.0 v2:172.21.15.123:3300/0 5 ==== osd_map(1..1 src has 1..1) v4 ==== 721+0+0 (secure 0 0 0) 0x7f121804a130 con 0x7f1228102770
2024-02-20T07:55:11.562 INFO:teuthology.orchestra.run.smithi123.stdout:/usr/bin/ceph: stderr
2024-02-20T07:55:10.877+0000 7f1224ff9700 1 -- 172.21.15.123:0/2618932037 <== mon.0 v2:172.21.15.123:3300/0 6 ==== mon_command_ack([{"prefix": "get_command_descriptions"}]=0 v0) v1 ==== 72+0+71349 (secure 0 0 0) 0x7f121801a6e0 con 0x7f1228102770
2024-02-20T07:55:11.562 INFO:teuthology.orchestra.run.smithi123.stdout:/usr/bin/ceph: stderr
2024-02-20T07:55:10.945+0000 7f122e42f700 1 -- 172.21.15.123:0/2618932037 --> [v2:172.21.15.123:3300/0,v1:172.21.15.123:6789/0] -- mon_command({"prefix": "status", "format": "json-pretty"} v 0) v1 -- 0x7f122804bed0 con 0x7f1228102770
2024-02-20T07:55:11.563 INFO:teuthology.orchestra.run.smithi123.stdout:/usr/bin/ceph: stderr
2024-02-20T07:55:10.945+0000 7f1224ff9700 1 -- 172.21.15.123:0/2618932037 <== mon.0 v2:172.21.15.123:3300/0 7 ==== mon_command_ack([{"prefix": "status", "format": "json-pretty"}]=0 v0) v1 ==== 79+0+1249 (secure 0 0 0) 0x7f12180233a0 con 0x7f1228102770
2024-02-20T07:55:11.563 INFO:teuthology.orchestra.run.smithi123.stdout:/usr/bin/ceph: stderr
2024-02-20T07:55:10.946+0000 7f122e42f700 1 -- 172.21.15.123:0/2618932037 >> [v2:172.21.15.123:3300/0,v1:172.21.15.123:6789/0] conn(0x7f1228102770 msgr2=0x7f1228111810 secure :-1 s=STATE_CONNECTION_ESTABLISHED l=1).mark_down
2024-02-20T07:55:11.563 INFO:teuthology.orchestra.run.smithi123.stdout:/usr/bin/ceph: stderr
2024-02-20T07:55:10.946+0000 7f122e42f700 1 --2- 172.21.15.123:0/2618932037 >> [v2:172.21.15.123:3300/0,v1:172.21.15.123:6789/0] conn(0x7f1228102770 0x7f1228111810 secure :-1 s=READY pgs=17 cs=0 l=1 rev1=1 crypto rx=0x7f121800b440 tx=0x7f1218009250 comp rx=0 tx=0).stop
2024-02-20T07:55:11.563 INFO:teuthology.orchestra.run.smithi123.stdout:/usr/bin/ceph: stderr
2024-02-20T07:55:10.946+0000 7f122e42f700 1 -- 172.21.15.123:0/2618932037 shutdown_connections
2024-02-20T07:55:11.563 INFO:teuthology.orchestra.run.smithi123.stdout:/usr/bin/ceph: stderr
2024-02-20T07:55:10.946+0000 7f122e42f700 1 --2- 172.21.15.123:0/2618932037 >> [v2:172.21.15.123:3300/0,v1:172.21.15.123:6789/0] conn(0x7f1228102770 0x7f1228111810 unknown :-1 s=CLOSED pgs=17 cs=0 l=1 rev1=1 crypto rx=0 tx=0 comp rx=0 tx=0).stop
2024-02-20T07:55:11.563 INFO:teuthology.orchestra.run.smithi123.stdout:/usr/bin/ceph: stderr
2024-02-20T07:55:10.946+0000 7f122e42f700 1 -- 172.21.15.123:0/2618932037 >> 172.21.15.123:0/2618932037 conn(0x7f12280fded0 msgr2=0x7f12280fed90 unknown :-1 s=STATE_NONE l=0).mark_down
2024-02-20T07:55:11.563 INFO:teuthology.orchestra.run.smithi123.stdout:/usr/bin/ceph: stderr
2024-02-20T07:55:10.946+0000 7f122e42f700 1 -- 172.21.15.123:0/2618932037 shutdown_connections
2024-02-20T07:55:11.563 INFO:teuthology.orchestra.run.smithi123.stdout:/usr/bin/ceph: stderr
2024-02-20T07:55:10.946+0000 7f122e42f700 1 -- 172.21.15.123:0/2618932037 wait complete.
2024-02-20T07:55:11.563 INFO:teuthology.orchestra.run.smithi123.stdout:mgr not available, waiting (3/15)...
2024-02-20T07:55:12.259 INFO:journalctl@ceph.mon.smithi123.smithi123.stdout:Feb 20 07:55:11 smithi123 ceph-mon[29383]: from='client.? 172.21.15.123:0/2618932037' entity='client.admin' cmd=[{"prefix": "status", "format": "json-pretty"}]: dispatch
2024-02-20T07:55:12.259 INFO:journalctl@ceph.mon.smithi123.smithi123.stdout:Feb 20 07:55:11 smithi123 ceph-mon[29383]: mgrmap e3: smithi123.kwyrtl(active, since 1.00552s)
2024-02-20T07:55:13.977 INFO:journalctl@ceph.mon.smithi123.smithi123.stdout:Feb 20 07:55:13 smithi123 ceph-mon[29383]: mgrmap e4: smithi123.kwyrtl(active, since 2s)
2024-02-20T07:55:14.761 INFO:teuthology.orchestra.run.smithi123.stdout:/usr/bin/ceph: stdout
2024-02-20T07:55:14.761 INFO:teuthology.orchestra.run.smithi123.stdout:/usr/bin/ceph: stdout {
2024-02-20T07:55:14.762 INFO:teuthology.orchestra.run.smithi123.stdout:/usr/bin/ceph: stdout "fsid": "1f99de10-cfc5-11ee-95bb-87774f69a715",
2024-02-20T07:55:14.762 INFO:teuthology.orchestra.run.smithi123.stdout:/usr/bin/ceph: stdout "health": {
2024-02-20T07:55:14.762 INFO:teuthology.orchestra.run.smithi123.stdout:/usr/bin/ceph: stdout "status": "HEALTH_OK",
2024-02-20T07:55:14.762 INFO:teuthology.orchestra.run.smithi123.stdout:/usr/bin/ceph: stdout "checks": {},
2024-02-20T07:55:14.762 INFO:teuthology.orchestra.run.smithi123.stdout:/usr/bin/ceph: stdout "mutes": []
2024-02-20T07:55:14.762 INFO:teuthology.orchestra.run.smithi123.stdout:/usr/bin/ceph: stdout },
2024-02-20T07:55:14.762 INFO:teuthology.orchestra.run.smithi123.stdout:/usr/bin/ceph: stdout "election_epoch": 5,
2024-02-20T07:55:14.762 INFO:teuthology.orchestra.run.smithi123.stdout:/usr/bin/ceph: stdout "quorum": [
2024-02-20T07:55:14.762 INFO:teuthology.orchestra.run.smithi123.stdout:/usr/bin/ceph: stdout 0
2024-02-20T07:55:14.762 INFO:teuthology.orchestra.run.smithi123.stdout:/usr/bin/ceph: stdout ],
2024-02-20T07:55:14.762 INFO:teuthology.orchestra.run.smithi123.stdout:/usr/bin/ceph: stdout "quorum_names": [
2024-02-20T07:55:14.762 INFO:teuthology.orchestra.run.smithi123.stdout:/usr/bin/ceph: stdout "smithi123"
2024-02-20T07:55:14.762 INFO:teuthology.orchestra.run.smithi123.stdout:/usr/bin/ceph: stdout ],
2024-02-20T07:55:14.762 INFO:teuthology.orchestra.run.smithi123.stdout:/usr/bin/ceph: stdout "quorum_age": 14,
2024-02-20T07:55:14.763 INFO:teuthology.orchestra.run.smithi123.stdout:/usr/bin/ceph: stdout "monmap": {
2024-02-20T07:55:14.763 INFO:teuthology.orchestra.run.smithi123.stdout:/usr/bin/ceph: stdout "epoch": 1,
2024-02-20T07:55:14.763 INFO:teuthology.orchestra.run.smithi123.stdout:/usr/bin/ceph: stdout "min_mon_release_name": "quincy",
2024-02-20T07:55:14.763 INFO:teuthology.orchestra.run.smithi123.stdout:/usr/bin/ceph: stdout "num_mons": 1
2024-02-20T07:55:14.763 INFO:teuthology.orchestra.run.smithi123.stdout:/usr/bin/ceph: stdout },
2024-02-20T07:55:14.763 INFO:teuthology.orchestra.run.smithi123.stdout:/usr/bin/ceph: stdout "osdmap": {
2024-02-20T07:55:14.763 INFO:teuthology.orchestra.run.smithi123.stdout:/usr/bin/ceph: stdout "epoch": 1,
2024-02-20T07:55:14.763 INFO:teuthology.orchestra.run.smithi123.stdout:/usr/bin/ceph: stdout "num_osds": 0,
2024-02-20T07:55:14.763 INFO:teuthology.orchestra.run.smithi123.stdout:/usr/bin/ceph: stdout "num_up_osds": 0,
2024-02-20T07:55:14.763 INFO:teuthology.orchestra.run.smithi123.stdout:/usr/bin/ceph: stdout "osd_up_since": 0,
2024-02-20T07:55:14.763 INFO:teuthology.orchestra.run.smithi123.stdout:/usr/bin/ceph: stdout "num_in_osds": 0,
2024-02-20T07:55:14.763 INFO:teuthology.orchestra.run.smithi123.stdout:/usr/bin/ceph: stdout "osd_in_since": 0,
2024-02-20T07:55:14.763 INFO:teuthology.orchestra.run.smithi123.stdout:/usr/bin/ceph: stdout "num_remapped_pgs": 0
2024-02-20T07:55:14.763 INFO:teuthology.orchestra.run.smithi123.stdout:/usr/bin/ceph: stdout },
2024-02-20T07:55:14.763 INFO:teuthology.orchestra.run.smithi123.stdout:/usr/bin/ceph: stdout "pgmap": {
2024-02-20T07:55:14.764 INFO:teuthology.orchestra.run.smithi123.stdout:/usr/bin/ceph: stdout "pgs_by_state": [],
2024-02-20T07:55:14.764 INFO:teuthology.orchestra.run.smithi123.stdout:/usr/bin/ceph: stdout "num_pgs": 0,
2024-02-20T07:55:14.764 INFO:teuthology.orchestra.run.smithi123.stdout:/usr/bin/ceph: stdout "num_pools": 0,
2024-02-20T07:55:14.764 INFO:teuthology.orchestra.run.smithi123.stdout:/usr/bin/ceph: stdout "num_objects": 0,
2024-02-20T07:55:14.764 INFO:teuthology.orchestra.run.smithi123.stdout:/usr/bin/ceph: stdout "data_bytes": 0,
2024-02-20T07:55:14.764 INFO:teuthology.orchestra.run.smithi123.stdout:/usr/bin/ceph: stdout "bytes_used": 0,
2024-02-20T07:55:14.764 INFO:teuthology.orchestra.run.smithi123.stdout:/usr/bin/ceph: stdout "bytes_avail": 0,
2024-02-20T07:55:14.764 INFO:teuthology.orchestra.run.smithi123.stdout:/usr/bin/ceph: stdout "bytes_total": 0
2024-02-20T07:55:14.764 INFO:teuthology.orchestra.run.smithi123.stdout:/usr/bin/ceph: stdout },
2024-02-20T07:55:14.764 INFO:teuthology.orchestra.run.smithi123.stdout:/usr/bin/ceph: stdout "fsmap": {
2024-02-20T07:55:14.764 INFO:teuthology.orchestra.run.smithi123.stdout:/usr/bin/ceph: stdout "epoch": 1,
2024-02-20T07:55:14.764 INFO:teuthology.orchestra.run.smithi123.stdout:/usr/bin/ceph: stdout "by_rank": [],
2024-02-20T07:55:14.764 INFO:teuthology.orchestra.run.smithi123.stdout:/usr/bin/ceph: stdout "up:standby": 0
2024-02-20T07:55:14.764 INFO:teuthology.orchestra.run.smithi123.stdout:/usr/bin/ceph: stdout },
2024-02-20T07:55:14.764 INFO:teuthology.orchestra.run.smithi123.stdout:/usr/bin/ceph: stdout "mgrmap": {
2024-02-20T07:55:14.765 INFO:teuthology.orchestra.run.smithi123.stdout:/usr/bin/ceph: stdout "available": true,
2024-02-20T07:55:14.765 INFO:teuthology.orchestra.run.smithi123.stdout:/usr/bin/ceph: stdout "num_standbys": 0,
2024-02-20T07:55:14.765 INFO:teuthology.orchestra.run.smithi123.stdout:/usr/bin/ceph: stdout "modules": [
2024-02-20T07:55:14.765 INFO:teuthology.orchestra.run.smithi123.stdout:/usr/bin/ceph: stdout "iostat",
2024-02-20T07:55:14.765 INFO:teuthology.orchestra.run.smithi123.stdout:/usr/bin/ceph: stdout "nfs",
2024-02-20T07:55:14.765 INFO:teuthology.orchestra.run.smithi123.stdout:/usr/bin/ceph: stdout "restful"
2024-02-20T07:55:14.765 INFO:teuthology.orchestra.run.smithi123.stdout:/usr/bin/ceph: stdout ],
2024-02-20T07:55:14.765 INFO:teuthology.orchestra.run.smithi123.stdout:/usr/bin/ceph: stdout "services": {}
2024-02-20T07:55:14.765 INFO:teuthology.orchestra.run.smithi123.stdout:/usr/bin/ceph: stdout },
2024-02-20T07:55:14.765 INFO:teuthology.orchestra.run.smithi123.stdout:/usr/bin/ceph: stdout "servicemap": {
2024-02-20T07:55:14.765 INFO:teuthology.orchestra.run.smithi123.stdout:/usr/bin/ceph: stdout "epoch": 1,
2024-02-20T07:55:14.765 INFO:teuthology.orchestra.run.smithi123.stdout:/usr/bin/ceph: stdout "modified": "2024-02-20T07:54:54.106878+0000",
2024-02-20T07:55:14.765 INFO:teuthology.orchestra.run.smithi123.stdout:/usr/bin/ceph: stdout "services": {}
2024-02-20T07:55:14.765 INFO:teuthology.orchestra.run.smithi123.stdout:/usr/bin/ceph: stdout },
2024-02-20T07:55:14.766 INFO:teuthology.orchestra.run.smithi123.stdout:/usr/bin/ceph: stdout "progress_events": {}
2024-02-20T07:55:14.766 INFO:teuthology.orchestra.run.smithi123.stdout:/usr/bin/ceph: stdout }
2024-02-20T07:55:14.766 INFO:teuthology.orchestra.run.smithi123.stdout:/usr/bin/ceph: stderr
2024-02-20T07:55:13.987+0000 7fcfeeb17700 1 Processor -- start
2024-02-20T07:55:14.766 INFO:teuthology.orchestra.run.smithi123.stdout:/usr/bin/ceph: stderr
2024-02-20T07:55:13.988+0000 7fcfeeb17700 1 -- start start
2024-02-20T07:55:14.766 INFO:teuthology.orchestra.run.smithi123.stdout:/usr/bin/ceph: stderr
2024-02-20T07:55:13.988+0000 7fcfeeb17700 1 --2- >> [v2:172.21.15.123:3300/0,v1:172.21.15.123:6789/0] conn(0x7fcfe8076c40 0x7fcfe8105360 unknown :-1 s=NONE pgs=0 cs=0 l=0 rev1=0 crypto rx=0 tx=0 comp rx=0 tx=0).connect
2024-02-20T07:55:14.766 INFO:teuthology.orchestra.run.smithi123.stdout:/usr/bin/ceph: stderr
2024-02-20T07:55:13.988+0000 7fcfeeb17700 1 -- --> [v2:172.21.15.123:3300/0,v1:172.21.15.123:6789/0] -- mon_getmap magic: 0 v1 -- 0x7fcfe81058a0 con 0x7fcfe8076c40
2024-02-20T07:55:14.766 INFO:teuthology.orchestra.run.smithi123.stdout:/usr/bin/ceph: stderr
2024-02-20T07:55:13.988+0000 7fcfec8b3700 1 --2- >> [v2:172.21.15.123:3300/0,v1:172.21.15.123:6789/0] conn(0x7fcfe8076c40 0x7fcfe8105360 unknown :-1 s=BANNER_CONNECTING pgs=0 cs=0 l=0 rev1=0 crypto rx=0 tx=0 comp rx=0 tx=0)._handle_peer_banner_payload supported=3 required=0
2024-02-20T07:55:14.766 INFO:teuthology.orchestra.run.smithi123.stdout:/usr/bin/ceph: stderr
2024-02-20T07:55:13.988+0000 7fcfec8b3700 1 --2- >> [v2:172.21.15.123:3300/0,v1:172.21.15.123:6789/0] conn(0x7fcfe8076c40 0x7fcfe8105360 unknown :-1 s=HELLO_CONNECTING pgs=0 cs=0 l=0 rev1=1 crypto rx=0 tx=0 comp rx=0 tx=0).handle_hello peer v2:172.21.15.123:3300/0 says I am v2:172.21.15.123:59564/0 (socket says 172.21.15.123:59564)
2024-02-20T07:55:14.766 INFO:teuthology.orchestra.run.smithi123.stdout:/usr/bin/ceph: stderr
2024-02-20T07:55:13.988+0000 7fcfec8b3700 1 -- 172.21.15.123:0/419423380 learned_addr learned my addr 172.21.15.123:0/419423380 (peer_addr_for_me v2:172.21.15.123:0/0)
2024-02-20T07:55:14.766 INFO:teuthology.orchestra.run.smithi123.stdout:/usr/bin/ceph: stderr
2024-02-20T07:55:13.988+0000 7fcfec8b3700 1 -- 172.21.15.123:0/419423380 --> [v2:172.21.15.123:3300/0,v1:172.21.15.123:6789/0] -- mon_subscribe({config=0+,monmap=0+}) v3 -- 0x7fcfe81059e0 con 0x7fcfe8076c40
2024-02-20T07:55:14.766 INFO:teuthology.orchestra.run.smithi123.stdout:/usr/bin/ceph: stderr
2024-02-20T07:55:13.988+0000 7fcfec8b3700 1 --2- 172.21.15.123:0/419423380 >> [v2:172.21.15.123:3300/0,v1:172.21.15.123:6789/0] conn(0x7fcfe8076c40 0x7fcfe8105360 secure :-1 s=READY pgs=18 cs=0 l=1 rev1=1 crypto rx=0x7fcfdc0098e0 tx=0x7fcfdc009250 comp rx=0 tx=0).ready entity=mon.0 client_cookie=1a42ebbad5f931a5 server_cookie=0 in_seq=0 out_seq=0
2024-02-20T07:55:14.766 INFO:teuthology.orchestra.run.smithi123.stdout:/usr/bin/ceph: stderr
2024-02-20T07:55:13.988+0000 7fcfe77fe700 1 -- 172.21.15.123:0/419423380 <== mon.0 v2:172.21.15.123:3300/0 1 ==== mon_map magic: 0 v1 ==== 229+0+0 (secure 0 0 0) 0x7fcfdc00b860 con 0x7fcfe8076c40
2024-02-20T07:55:14.766 INFO:teuthology.orchestra.run.smithi123.stdout:/usr/bin/ceph: stderr
2024-02-20T07:55:13.988+0000 7fcfe77fe700 1 -- 172.21.15.123:0/419423380 <== mon.0 v2:172.21.15.123:3300/0 2 ==== config(27 keys) v1 ==== 1044+0+0 (secure 0 0 0) 0x7fcfdc00be50 con 0x7fcfe8076c40
2024-02-20T07:55:14.766 INFO:teuthology.orchestra.run.smithi123.stdout:/usr/bin/ceph: stderr
2024-02-20T07:55:13.988+0000 7fcfe77fe700 1 -- 172.21.15.123:0/419423380 <== mon.0 v2:172.21.15.123:3300/0 3 ==== mon_map magic: 0 v1 ==== 229+0+0 (secure 0 0 0) 0x7fcfdc010380 con 0x7fcfe8076c40
2024-02-20T07:55:14.766 INFO:teuthology.orchestra.run.smithi123.stdout:/usr/bin/ceph: stderr
2024-02-20T07:55:13.989+0000 7fcfeeb17700 1 -- 172.21.15.123:0/419423380 >> [v2:172.21.15.123:3300/0,v1:172.21.15.123:6789/0] conn(0x7fcfe8076c40 msgr2=0x7fcfe8105360 secure :-1 s=STATE_CONNECTION_ESTABLISHED l=1).mark_down
2024-02-20T07:55:14.767 INFO:teuthology.orchestra.run.smithi123.stdout:/usr/bin/ceph: stderr
2024-02-20T07:55:13.989+0000 7fcfeeb17700 1 --2- 172.21.15.123:0/419423380 >> [v2:172.21.15.123:3300/0,v1:172.21.15.123:6789/0] conn(0x7fcfe8076c40 0x7fcfe8105360 secure :-1 s=READY pgs=18 cs=0 l=1 rev1=1 crypto rx=0x7fcfdc0098e0 tx=0x7fcfdc009250 comp rx=0 tx=0).stop
2024-02-20T07:55:14.767 INFO:teuthology.orchestra.run.smithi123.stdout:/usr/bin/ceph: stderr
2024-02-20T07:55:13.989+0000 7fcfeeb17700 1 -- 172.21.15.123:0/419423380 shutdown_connections
2024-02-20T07:55:14.767 INFO:teuthology.orchestra.run.smithi123.stdout:/usr/bin/ceph: stderr
2024-02-20T07:55:13.989+0000 7fcfeeb17700 1 --2- 172.21.15.123:0/419423380 >> [v2:172.21.15.123:3300/0,v1:172.21.15.123:6789/0] conn(0x7fcfe8076c40 0x7fcfe8105360 unknown :-1 s=CLOSED pgs=18 cs=0 l=1 rev1=1 crypto rx=0 tx=0 comp rx=0 tx=0).stop
2024-02-20T07:55:14.767 INFO:teuthology.orchestra.run.smithi123.stdout:/usr/bin/ceph: stderr
2024-02-20T07:55:13.989+0000 7fcfeeb17700 1 -- 172.21.15.123:0/419423380 >> 172.21.15.123:0/419423380 conn(0x7fcfe80fcdd0 msgr2=0x7fcfe80ff200 unknown :-1 s=STATE_NONE l=0).mark_down
2024-02-20T07:55:14.767 INFO:teuthology.orchestra.run.smithi123.stdout:/usr/bin/ceph: stderr
2024-02-20T07:55:13.989+0000 7fcfeeb17700 1 -- 172.21.15.123:0/419423380 shutdown_connections
2024-02-20T07:55:14.767 INFO:teuthology.orchestra.run.smithi123.stdout:/usr/bin/ceph: stderr
2024-02-20T07:55:13.989+0000 7fcfeeb17700 1 -- 172.21.15.123:0/419423380 wait complete.
2024-02-20T07:55:14.767 INFO:teuthology.orchestra.run.smithi123.stdout:/usr/bin/ceph: stderr
2024-02-20T07:55:13.990+0000 7fcfeeb17700 1 Processor -- start
2024-02-20T07:55:14.767 INFO:teuthology.orchestra.run.smithi123.stdout:/usr/bin/ceph: stderr
2024-02-20T07:55:13.990+0000 7fcfeeb17700 1 -- start start
2024-02-20T07:55:14.767 INFO:teuthology.orchestra.run.smithi123.stdout:/usr/bin/ceph: stderr
2024-02-20T07:55:13.990+0000 7fcfeeb17700 1 --2- >> [v2:172.21.15.123:3300/0,v1:172.21.15.123:6789/0] conn(0x7fcfe8076c40 0x7fcfe8111820 unknown :-1 s=NONE pgs=0 cs=0 l=1 rev1=0 crypto rx=0 tx=0 comp rx=0 tx=0).connect
2024-02-20T07:55:14.767 INFO:teuthology.orchestra.run.smithi123.stdout:/usr/bin/ceph: stderr
2024-02-20T07:55:13.990+0000 7fcfeeb17700 1 -- --> [v2:172.21.15.123:3300/0,v1:172.21.15.123:6789/0] -- mon_getmap magic: 0 v1 -- 0x7fcfe8111d60 con 0x7fcfe8076c40
2024-02-20T07:55:14.767 INFO:teuthology.orchestra.run.smithi123.stdout:/usr/bin/ceph: stderr
2024-02-20T07:55:13.990+0000 7fcfec8b3700 1 --2- >> [v2:172.21.15.123:3300/0,v1:172.21.15.123:6789/0] conn(0x7fcfe8076c40 0x7fcfe8111820 unknown :-1 s=BANNER_CONNECTING pgs=0 cs=0 l=1 rev1=0 crypto rx=0 tx=0 comp rx=0 tx=0)._handle_peer_banner_payload supported=3 required=0
2024-02-20T07:55:14.767 INFO:teuthology.orchestra.run.smithi123.stdout:/usr/bin/ceph: stderr
2024-02-20T07:55:13.990+0000 7fcfec8b3700 1 --2- >> [v2:172.21.15.123:3300/0,v1:172.21.15.123:6789/0] conn(0x7fcfe8076c40 0x7fcfe8111820 unknown :-1 s=HELLO_CONNECTING pgs=0 cs=0 l=1 rev1=1 crypto rx=0 tx=0 comp rx=0 tx=0).handle_hello peer v2:172.21.15.123:3300/0 says I am v2:172.21.15.123:59568/0 (socket says 172.21.15.123:59568)
2024-02-20T07:55:14.767 INFO:teuthology.orchestra.run.smithi123.stdout:/usr/bin/ceph: stderr
2024-02-20T07:55:13.990+0000 7fcfec8b3700 1 -- 172.21.15.123:0/3489610755 learned_addr learned my addr 172.21.15.123:0/3489610755 (peer_addr_for_me v2:172.21.15.123:0/0)
2024-02-20T07:55:14.767 INFO:teuthology.orchestra.run.smithi123.stdout:/usr/bin/ceph: stderr
2024-02-20T07:55:13.990+0000 7fcfec8b3700 1 -- 172.21.15.123:0/3489610755 --> [v2:172.21.15.123:3300/0,v1:172.21.15.123:6789/0] -- mon_subscribe({config=0+,monmap=0+}) v3 -- 0x7fcfdc0094f0 con 0x7fcfe8076c40
2024-02-20T07:55:14.768 INFO:teuthology.orchestra.run.smithi123.stdout:/usr/bin/ceph: stderr
2024-02-20T07:55:13.991+0000 7fcfec8b3700 1 --2- 172.21.15.123:0/3489610755 >> [v2:172.21.15.123:3300/0,v1:172.21.15.123:6789/0] conn(0x7fcfe8076c40 0x7fcfe8111820 secure :-1 s=READY pgs=19 cs=0 l=1 rev1=1 crypto rx=0x7fcfdc006d40 tx=0x7fcfdc009250 comp rx=0 tx=0).ready entity=mon.0 client_cookie=0 server_cookie=0 in_seq=0 out_seq=0
2024-02-20T07:55:14.768 INFO:teuthology.orchestra.run.smithi123.stdout:/usr/bin/ceph: stderr
2024-02-20T07:55:13.991+0000 7fcfe57fa700 1 -- 172.21.15.123:0/3489610755 <== mon.0 v2:172.21.15.123:3300/0 1 ==== mon_map magic: 0 v1 ==== 229+0+0 (secure 0 0 0) 0x7fcfdc010760 con 0x7fcfe8076c40
2024-02-20T07:55:14.768 INFO:teuthology.orchestra.run.smithi123.stdout:/usr/bin/ceph: stderr
2024-02-20T07:55:13.991+0000 7fcfe57fa700 1 -- 172.21.15.123:0/3489610755 <== mon.0 v2:172.21.15.123:3300/0 2 ==== config(27 keys) v1 ==== 1044+0+0 (secure 0 0 0) 0x7fcfdc010d50 con 0x7fcfe8076c40
2024-02-20T07:55:14.768 INFO:teuthology.orchestra.run.smithi123.stdout:/usr/bin/ceph: stderr
2024-02-20T07:55:13.991+0000 7fcfeeb17700 1 -- 172.21.15.123:0/3489610755 --> [v2:172.21.15.123:3300/0,v1:172.21.15.123:6789/0] -- mon_subscribe({mgrmap=0+}) v3 -- 0x7fcfe8111f60 con 0x7fcfe8076c40
2024-02-20T07:55:14.768 INFO:teuthology.orchestra.run.smithi123.stdout:/usr/bin/ceph: stderr
2024-02-20T07:55:13.991+0000 7fcfe57fa700 1 -- 172.21.15.123:0/3489610755 <== mon.0 v2:172.21.15.123:3300/0 3 ==== mon_map magic: 0 v1 ==== 229+0+0 (secure 0 0 0) 0x7fcfdc024d20 con 0x7fcfe8076c40
2024-02-20T07:55:14.768 INFO:teuthology.orchestra.run.smithi123.stdout:/usr/bin/ceph: stderr
2024-02-20T07:55:13.991+0000 7fcfeeb17700 1 -- 172.21.15.123:0/3489610755 --> [v2:172.21.15.123:3300/0,v1:172.21.15.123:6789/0] -- mon_subscribe({osdmap=0}) v3 -- 0x7fcfe8112c00 con 0x7fcfe8076c40
2024-02-20T07:55:14.768 INFO:teuthology.orchestra.run.smithi123.stdout:/usr/bin/ceph: stderr
2024-02-20T07:55:13.991+0000 7fcfe57fa700 1 -- 172.21.15.123:0/3489610755 <== mon.0 v2:172.21.15.123:3300/0 4 ==== mgrmap(e 4) v1 ==== 43357+0+0 (secure 0 0 0) 0x7fcfdc02e440 con 0x7fcfe8076c40
2024-02-20T07:55:14.768 INFO:teuthology.orchestra.run.smithi123.stdout:/usr/bin/ceph: stderr
2024-02-20T07:55:13.992+0000 7fcfe57fa700 1 --2- 172.21.15.123:0/3489610755 >> [v2:172.21.15.123:6800/1899432870,v1:172.21.15.123:6801/1899432870] conn(0x7fcfd8036740 0x7fcfd8038bf0 unknown :-1 s=NONE pgs=0 cs=0 l=1 rev1=0 crypto rx=0 tx=0 comp rx=0 tx=0).connect
2024-02-20T07:55:14.768 INFO:teuthology.orchestra.run.smithi123.stdout:/usr/bin/ceph: stderr
2024-02-20T07:55:13.992+0000 7fcfeeb17700 1 -- 172.21.15.123:0/3489610755 --> [v2:172.21.15.123:3300/0,v1:172.21.15.123:6789/0] -- mon_command({"prefix": "get_command_descriptions"} v 0) v1 -- 0x7fcfe805f5c0 con 0x7fcfe8076c40
2024-02-20T07:55:14.768 INFO:teuthology.orchestra.run.smithi123.stdout:/usr/bin/ceph: stderr
2024-02-20T07:55:13.992+0000 7fcfe57fa700 1 -- 172.21.15.123:0/3489610755 <== mon.0 v2:172.21.15.123:3300/0 5 ==== osd_map(1..1 src has 1..1) v4 ==== 721+0+0 (secure 0 0 0) 0x7fcfdc04a7a0 con 0x7fcfe8076c40
2024-02-20T07:55:14.768 INFO:teuthology.orchestra.run.smithi123.stdout:/usr/bin/ceph: stderr
2024-02-20T07:55:13.992+0000 7fcfe7fff700 1 --2- 172.21.15.123:0/3489610755 >> [v2:172.21.15.123:6800/1899432870,v1:172.21.15.123:6801/1899432870] conn(0x7fcfd8036740 0x7fcfd8038bf0 unknown :-1 s=BANNER_CONNECTING pgs=0 cs=0 l=1 rev1=0 crypto rx=0 tx=0 comp rx=0 tx=0)._handle_peer_banner_payload supported=3 required=0
2024-02-20T07:55:14.768 INFO:teuthology.orchestra.run.smithi123.stdout:/usr/bin/ceph: stderr
2024-02-20T07:55:13.992+0000 7fcfe7fff700 1 --2- 172.21.15.123:0/3489610755 >> [v2:172.21.15.123:6800/1899432870,v1:172.21.15.123:6801/1899432870] conn(0x7fcfd8036740 0x7fcfd8038bf0 secure :-1 s=READY pgs=6 cs=0 l=1 rev1=1 crypto rx=0x7fcfd4009990 tx=0x7fcfd4006e40 comp rx=0 tx=0).ready entity=mgr.14100 client_cookie=0 server_cookie=0 in_seq=0 out_seq=0
2024-02-20T07:55:14.768 INFO:teuthology.orchestra.run.smithi123.stdout:/usr/bin/ceph: stderr
2024-02-20T07:55:13.997+0000 7fcfe57fa700 1 -- 172.21.15.123:0/3489610755 <== mon.0 v2:172.21.15.123:3300/0 6 ==== mon_command_ack([{"prefix": "get_command_descriptions"}]=0 v0) v1 ==== 72+0+175031 (secure 0 0 0) 0x7fcfdc018940 con 0x7fcfe8076c40
2024-02-20T07:55:14.768 INFO:teuthology.orchestra.run.smithi123.stdout:/usr/bin/ceph: stderr
2024-02-20T07:55:14.249+0000 7fcfeeb17700 1 -- 172.21.15.123:0/3489610755 --> [v2:172.21.15.123:3300/0,v1:172.21.15.123:6789/0] -- mon_command({"prefix": "status", "format": "json-pretty"} v 0) v1 -- 0x7fcfe804bed0 con 0x7fcfe8076c40
2024-02-20T07:55:14.769 INFO:teuthology.orchestra.run.smithi123.stdout:/usr/bin/ceph: stderr
2024-02-20T07:55:14.249+0000 7fcfe57fa700 1 -- 172.21.15.123:0/3489610755 <== mon.0 v2:172.21.15.123:3300/0 7 ==== mon_command_ack([{"prefix": "status", "format": "json-pretty"}]=0 v0) v1 ==== 79+0+1248 (secure 0 0 0) 0x7fcfdc049090 con 0x7fcfe8076c40
2024-02-20T07:55:14.769 INFO:teuthology.orchestra.run.smithi123.stdout:/usr/bin/ceph: stderr
2024-02-20T07:55:14.252+0000 7fcfeeb17700 1 -- 172.21.15.123:0/3489610755 >> [v2:172.21.15.123:6800/1899432870,v1:172.21.15.123:6801/1899432870] conn(0x7fcfd8036740 msgr2=0x7fcfd8038bf0 secure :-1 s=STATE_CONNECTION_ESTABLISHED l=1).mark_down
2024-02-20T07:55:14.769 INFO:teuthology.orchestra.run.smithi123.stdout:/usr/bin/ceph: stderr
2024-02-20T07:55:14.252+0000 7fcfeeb17700 1 --2- 172.21.15.123:0/3489610755 >> [v2:172.21.15.123:6800/1899432870,v1:172.21.15.123:6801/1899432870] conn(0x7fcfd8036740 0x7fcfd8038bf0 secure :-1 s=READY pgs=6 cs=0 l=1 rev1=1 crypto rx=0x7fcfd4009990 tx=0x7fcfd4006e40 comp rx=0 tx=0).stop
2024-02-20T07:55:14.769 INFO:teuthology.orchestra.run.smithi123.stdout:/usr/bin/ceph: stderr
2024-02-20T07:55:14.252+0000 7fcfeeb17700 1 -- 172.21.15.123:0/3489610755 >> [v2:172.21.15.123:3300/0,v1:172.21.15.123:6789/0] conn(0x7fcfe8076c40 msgr2=0x7fcfe8111820 secure :-1 s=STATE_CONNECTION_ESTABLISHED l=1).mark_down
2024-02-20T07:55:14.769 INFO:teuthology.orchestra.run.smithi123.stdout:/usr/bin/ceph: stderr
2024-02-20T07:55:14.252+0000 7fcfeeb17700 1 --2- 172.21.15.123:0/3489610755 >> [v2:172.21.15.123:3300/0,v1:172.21.15.123:6789/0] conn(0x7fcfe8076c40 0x7fcfe8111820 secure :-1 s=READY pgs=19 cs=0 l=1 rev1=1 crypto rx=0x7fcfdc006d40 tx=0x7fcfdc009250 comp rx=0 tx=0).stop
2024-02-20T07:55:14.769 INFO:teuthology.orchestra.run.smithi123.stdout:/usr/bin/ceph: stderr
2024-02-20T07:55:14.253+0000 7fcfeeb17700 1 -- 172.21.15.123:0/3489610755 shutdown_connections
2024-02-20T07:55:14.769 INFO:teuthology.orchestra.run.smithi123.stdout:/usr/bin/ceph: stderr
2024-02-20T07:55:14.253+0000 7fcfeeb17700 1 --2- 172.21.15.123:0/3489610755 >> [v2:172.21.15.123:6800/1899432870,v1:172.21.15.123:6801/1899432870] conn(0x7fcfd8036740 0x7fcfd8038bf0 unknown :-1 s=CLOSED pgs=6 cs=0 l=1 rev1=1 crypto rx=0 tx=0 comp rx=0 tx=0).stop
2024-02-20T07:55:14.769 INFO:teuthology.orchestra.run.smithi123.stdout:/usr/bin/ceph: stderr
2024-02-20T07:55:14.253+0000 7fcfeeb17700 1 --2- 172.21.15.123:0/3489610755 >> [v2:172.21.15.123:3300/0,v1:172.21.15.123:6789/0] conn(0x7fcfe8076c40 0x7fcfe8111820 unknown :-1 s=CLOSED pgs=19 cs=0 l=1 rev1=1 crypto rx=0 tx=0 comp rx=0 tx=0).stop
2024-02-20T07:55:14.769 INFO:teuthology.orchestra.run.smithi123.stdout:/usr/bin/ceph: stderr
2024-02-20T07:55:14.253+0000 7fcfeeb17700 1 -- 172.21.15.123:0/3489610755 >> 172.21.15.123:0/3489610755 conn(0x7fcfe80fcdd0 msgr2=0x7fcfe80ff0b0 unknown :-1 s=STATE_NONE l=0).mark_down
2024-02-20T07:55:14.769 INFO:teuthology.orchestra.run.smithi123.stdout:/usr/bin/ceph: stderr
2024-02-20T07:55:14.253+0000 7fcfeeb17700 1 -- 172.21.15.123:0/3489610755 shutdown_connections
2024-02-20T07:55:14.769 INFO:teuthology.orchestra.run.smithi123.stdout:/usr/bin/ceph: stderr
2024-02-20T07:55:14.253+0000 7fcfeeb17700 1 -- 172.21.15.123:0/3489610755 wait complete.
2024-02-20T07:55:14.770 INFO:teuthology.orchestra.run.smithi123.stdout:mgr is available
2024-02-20T07:55:14.987 INFO:journalctl@ceph.mon.smithi123.smithi123.stdout:Feb 20 07:55:14 smithi123 ceph-mon[29383]: from='client.? 172.21.15.123:0/3489610755' entity='client.admin' cmd=[{"prefix": "status", "format": "json-pretty"}]: dispatch
2024-02-20T07:55:15.947 INFO:teuthology.orchestra.run.smithi123.stdout:/usr/bin/ceph: stdout
2024-02-20T07:55:15.947 INFO:teuthology.orchestra.run.smithi123.stdout:/usr/bin/ceph: stdout [global]
2024-02-20T07:55:15.947 INFO:teuthology.orchestra.run.smithi123.stdout:/usr/bin/ceph: stdout fsid = 1f99de10-cfc5-11ee-95bb-87774f69a715
2024-02-20T07:55:15.947 INFO:teuthology.orchestra.run.smithi123.stdout:/usr/bin/ceph: stdout mon_osd_allow_pg_remap = true
2024-02-20T07:55:15.947 INFO:teuthology.orchestra.run.smithi123.stdout:/usr/bin/ceph: stdout mon_osd_allow_primary_affinity = true
2024-02-20T07:55:15.947 INFO:teuthology.orchestra.run.smithi123.stdout:/usr/bin/ceph: stdout mon_warn_on_no_sortbitwise = false
2024-02-20T07:55:15.947 INFO:teuthology.orchestra.run.smithi123.stdout:/usr/bin/ceph: stdout osd_crush_chooseleaf_type = 0
2024-02-20T07:55:15.948 INFO:teuthology.orchestra.run.smithi123.stdout:/usr/bin/ceph: stdout
2024-02-20T07:55:15.948 INFO:teuthology.orchestra.run.smithi123.stdout:/usr/bin/ceph: stdout [mgr]
2024-02-20T07:55:15.948 INFO:teuthology.orchestra.run.smithi123.stdout:/usr/bin/ceph: stdout mgr/telemetry/nag = false
2024-02-20T07:55:15.948 INFO:teuthology.orchestra.run.smithi123.stdout:/usr/bin/ceph: stdout
2024-02-20T07:55:15.948 INFO:teuthology.orchestra.run.smithi123.stdout:/usr/bin/ceph: stdout [osd]
2024-02-20T07:55:15.948 INFO:teuthology.orchestra.run.smithi123.stdout:/usr/bin/ceph: stdout mon_osd_backfillfull_ratio = 0.85
2024-02-20T07:55:15.948 INFO:teuthology.orchestra.run.smithi123.stdout:/usr/bin/ceph: stdout mon_osd_full_ratio = 0.9
2024-02-20T07:55:15.948 INFO:teuthology.orchestra.run.smithi123.stdout:/usr/bin/ceph: stdout mon_osd_nearfull_ratio = 0.8
2024-02-20T07:55:15.948 INFO:teuthology.orchestra.run.smithi123.stdout:/usr/bin/ceph: stdout osd_map_max_advance = 10
2024-02-20T07:55:15.948 INFO:teuthology.orchestra.run.smithi123.stdout:/usr/bin/ceph: stdout osd_sloppy_crc = true
2024-02-20T07:55:15.948 INFO:teuthology.orchestra.run.smithi123.stdout:/usr/bin/ceph: stderr
2024-02-20T07:55:15.160+0000 7f1d51a18700 1 Processor -- start
2024-02-20T07:55:15.948 INFO:teuthology.orchestra.run.smithi123.stdout:/usr/bin/ceph: stderr
2024-02-20T07:55:15.160+0000 7f1d51a18700 1 -- start start
2024-02-20T07:55:15.948 INFO:teuthology.orchestra.run.smithi123.stdout:/usr/bin/ceph: stderr
2024-02-20T07:55:15.160+0000 7f1d51a18700 1 --2- >> [v2:172.21.15.123:3300/0,v1:172.21.15.123:6789/0] conn(0x7f1d4c102770 0x7f1d4c102b80 unknown :-1 s=NONE pgs=0 cs=0 l=0 rev1=0 crypto rx=0 tx=0 comp rx=0 tx=0).connect
2024-02-20T07:55:15.948 INFO:teuthology.orchestra.run.smithi123.stdout:/usr/bin/ceph: stderr
2024-02-20T07:55:15.160+0000 7f1d51a18700 1 -- --> [v2:172.21.15.123:3300/0,v1:172.21.15.123:6789/0] -- mon_getmap magic: 0 v1 -- 0x7f1d4c1030c0 con 0x7f1d4c102770
2024-02-20T07:55:15.948 INFO:teuthology.orchestra.run.smithi123.stdout:/usr/bin/ceph: stderr
2024-02-20T07:55:15.161+0000 7f1d4affd700 1 --2- >> [v2:172.21.15.123:3300/0,v1:172.21.15.123:6789/0] conn(0x7f1d4c102770 0x7f1d4c102b80 unknown :-1 s=BANNER_CONNECTING pgs=0 cs=0 l=0 rev1=0 crypto rx=0 tx=0 comp rx=0 tx=0)._handle_peer_banner_payload supported=3 required=0
2024-02-20T07:55:15.949 INFO:teuthology.orchestra.run.smithi123.stdout:/usr/bin/ceph: stderr
2024-02-20T07:55:15.161+0000 7f1d4affd700 1 --2- >> [v2:172.21.15.123:3300/0,v1:172.21.15.123:6789/0] conn(0x7f1d4c102770 0x7f1d4c102b80 unknown :-1 s=HELLO_CONNECTING pgs=0 cs=0 l=0 rev1=1 crypto rx=0 tx=0 comp rx=0 tx=0).handle_hello peer v2:172.21.15.123:3300/0 says I am v2:172.21.15.123:59582/0 (socket says 172.21.15.123:59582)
2024-02-20T07:55:15.949 INFO:teuthology.orchestra.run.smithi123.stdout:/usr/bin/ceph: stderr
2024-02-20T07:55:15.161+0000 7f1d4affd700 1 -- 172.21.15.123:0/3034221400 learned_addr learned my addr 172.21.15.123:0/3034221400 (peer_addr_for_me v2:172.21.15.123:0/0)
2024-02-20T07:55:15.949 INFO:teuthology.orchestra.run.smithi123.stdout:/usr/bin/ceph: stderr
2024-02-20T07:55:15.161+0000 7f1d4affd700 1 -- 172.21.15.123:0/3034221400 --> [v2:172.21.15.123:3300/0,v1:172.21.15.123:6789/0] -- mon_subscribe({config=0+,monmap=0+}) v3 -- 0x7f1d4c103200 con 0x7f1d4c102770
2024-02-20T07:55:15.949 INFO:teuthology.orchestra.run.smithi123.stdout:/usr/bin/ceph: stderr
2024-02-20T07:55:15.161+0000 7f1d4affd700 1 --2- 172.21.15.123:0/3034221400 >> [v2:172.21.15.123:3300/0,v1:172.21.15.123:6789/0] conn(0x7f1d4c102770 0x7f1d4c102b80 secure :-1 s=READY pgs=20 cs=0 l=1 rev1=1 crypto rx=0x7f1d3c0098e0 tx=0x7f1d3c009250 comp rx=0 tx=0).ready entity=mon.0 client_cookie=cab5048439a63a92 server_cookie=0 in_seq=0 out_seq=0
2024-02-20T07:55:15.949 INFO:teuthology.orchestra.run.smithi123.stdout:/usr/bin/ceph: stderr
2024-02-20T07:55:15.161+0000 7f1d49ffb700 1 -- 172.21.15.123:0/3034221400 <== mon.0 v2:172.21.15.123:3300/0 1 ==== mon_map magic: 0 v1 ==== 229+0+0 (secure 0 0 0) 0x7f1d3c00b860 con 0x7f1d4c102770
2024-02-20T07:55:15.949 INFO:teuthology.orchestra.run.smithi123.stdout:/usr/bin/ceph: stderr
2024-02-20T07:55:15.161+0000 7f1d49ffb700 1 -- 172.21.15.123:0/3034221400 <== mon.0 v2:172.21.15.123:3300/0 2 ==== config(27 keys) v1 ==== 1044+0+0 (secure 0 0 0) 0x7f1d3c00be50 con 0x7f1d4c102770
2024-02-20T07:55:15.949 INFO:teuthology.orchestra.run.smithi123.stdout:/usr/bin/ceph: stderr
2024-02-20T07:55:15.161+0000 7f1d49ffb700 1 -- 172.21.15.123:0/3034221400 <== mon.0 v2:172.21.15.123:3300/0 3 ==== mon_map magic: 0 v1 ==== 229+0+0 (secure 0 0 0) 0x7f1d3c010380 con 0x7f1d4c102770
2024-02-20T07:55:15.949 INFO:teuthology.orchestra.run.smithi123.stdout:/usr/bin/ceph: stderr
2024-02-20T07:55:15.162+0000 7f1d51a18700 1 -- 172.21.15.123:0/3034221400 >> [v2:172.21.15.123:3300/0,v1:172.21.15.123:6789/0] conn(0x7f1d4c102770 msgr2=0x7f1d4c102b80 secure :-1 s=STATE_CONNECTION_ESTABLISHED l=1).mark_down
2024-02-20T07:55:15.949 INFO:teuthology.orchestra.run.smithi123.stdout:/usr/bin/ceph: stderr
2024-02-20T07:55:15.162+0000 7f1d51a18700 1 --2- 172.21.15.123:0/3034221400 >> [v2:172.21.15.123:3300/0,v1:172.21.15.123:6789/0] conn(0x7f1d4c102770 0x7f1d4c102b80 secure :-1 s=READY pgs=20 cs=0 l=1 rev1=1 crypto rx=0x7f1d3c0098e0 tx=0x7f1d3c009250 comp rx=0 tx=0).stop
2024-02-20T07:55:15.949 INFO:teuthology.orchestra.run.smithi123.stdout:/usr/bin/ceph: stderr
2024-02-20T07:55:15.162+0000 7f1d51a18700 1 -- 172.21.15.123:0/3034221400 shutdown_connections
2024-02-20T07:55:15.949 INFO:teuthology.orchestra.run.smithi123.stdout:/usr/bin/ceph: stderr
2024-02-20T07:55:15.162+0000 7f1d51a18700 1 --2- 172.21.15.123:0/3034221400 >> [v2:172.21.15.123:3300/0,v1:172.21.15.123:6789/0] conn(0x7f1d4c102770 0x7f1d4c102b80 unknown :-1 s=CLOSED pgs=20 cs=0 l=1 rev1=1 crypto rx=0 tx=0 comp rx=0 tx=0).stop
2024-02-20T07:55:15.949 INFO:teuthology.orchestra.run.smithi123.stdout:/usr/bin/ceph: stderr
2024-02-20T07:55:15.162+0000 7f1d51a18700 1 -- 172.21.15.123:0/3034221400 >> 172.21.15.123:0/3034221400 conn(0x7f1d4c0fded0 msgr2=0x7f1d4c100300 unknown :-1 s=STATE_NONE l=0).mark_down
2024-02-20T07:55:15.949 INFO:teuthology.orchestra.run.smithi123.stdout:/usr/bin/ceph: stderr
2024-02-20T07:55:15.162+0000 7f1d51a18700 1 -- 172.21.15.123:0/3034221400 shutdown_connections
2024-02-20T07:55:15.949 INFO:teuthology.orchestra.run.smithi123.stdout:/usr/bin/ceph: stderr
2024-02-20T07:55:15.162+0000 7f1d51a18700 1 -- 172.21.15.123:0/3034221400 wait complete.
2024-02-20T07:55:15.949 INFO:teuthology.orchestra.run.smithi123.stdout:/usr/bin/ceph: stderr
2024-02-20T07:55:15.163+0000 7f1d51a18700 1 Processor -- start
2024-02-20T07:55:15.949 INFO:teuthology.orchestra.run.smithi123.stdout:/usr/bin/ceph: stderr
2024-02-20T07:55:15.163+0000 7f1d51a18700 1 -- start start
2024-02-20T07:55:15.950 INFO:teuthology.orchestra.run.smithi123.stdout:/usr/bin/ceph: stderr
2024-02-20T07:55:15.163+0000 7f1d51a18700 1 --2- >> [v2:172.21.15.123:3300/0,v1:172.21.15.123:6789/0] conn(0x7f1d4c102770 0x7f1d4c111560 unknown :-1 s=NONE pgs=0 cs=0 l=1 rev1=0 crypto rx=0 tx=0 comp rx=0 tx=0).connect
2024-02-20T07:55:15.950 INFO:teuthology.orchestra.run.smithi123.stdout:/usr/bin/ceph: stderr
2024-02-20T07:55:15.163+0000 7f1d51a18700 1 -- --> [v2:172.21.15.123:3300/0,v1:172.21.15.123:6789/0] -- mon_getmap magic: 0 v1 -- 0x7f1d4c111aa0 con 0x7f1d4c102770
2024-02-20T07:55:15.950 INFO:teuthology.orchestra.run.smithi123.stdout:/usr/bin/ceph: stderr
2024-02-20T07:55:15.163+0000 7f1d4affd700 1 --2- >> [v2:172.21.15.123:3300/0,v1:172.21.15.123:6789/0] conn(0x7f1d4c102770 0x7f1d4c111560 unknown :-1 s=BANNER_CONNECTING pgs=0 cs=0 l=1 rev1=0 crypto rx=0 tx=0 comp rx=0 tx=0)._handle_peer_banner_payload supported=3 required=0
2024-02-20T07:55:15.950 INFO:teuthology.orchestra.run.smithi123.stdout:/usr/bin/ceph: stderr
2024-02-20T07:55:15.163+0000 7f1d4affd700 1 --2- >> [v2:172.21.15.123:3300/0,v1:172.21.15.123:6789/0] conn(0x7f1d4c102770 0x7f1d4c111560 unknown :-1 s=HELLO_CONNECTING pgs=0 cs=0 l=1 rev1=1 crypto rx=0 tx=0 comp rx=0 tx=0).handle_hello peer v2:172.21.15.123:3300/0 says I am v2:172.21.15.123:59592/0 (socket says 172.21.15.123:59592)
2024-02-20T07:55:15.950 INFO:teuthology.orchestra.run.smithi123.stdout:/usr/bin/ceph: stderr
2024-02-20T07:55:15.163+0000 7f1d4affd700 1 -- 172.21.15.123:0/1005837613 learned_addr learned my addr 172.21.15.123:0/1005837613 (peer_addr_for_me v2:172.21.15.123:0/0)
2024-02-20T07:55:15.950 INFO:teuthology.orchestra.run.smithi123.stdout:/usr/bin/ceph: stderr
2024-02-20T07:55:15.163+0000 7f1d4affd700 1 -- 172.21.15.123:0/1005837613 --> [v2:172.21.15.123:3300/0,v1:172.21.15.123:6789/0] -- mon_subscribe({config=0+,monmap=0+}) v3 -- 0x7f1d3c0094f0 con 0x7f1d4c102770
2024-02-20T07:55:15.950 INFO:teuthology.orchestra.run.smithi123.stdout:/usr/bin/ceph: stderr
2024-02-20T07:55:15.163+0000 7f1d4affd700 1 --2- 172.21.15.123:0/1005837613 >> [v2:172.21.15.123:3300/0,v1:172.21.15.123:6789/0] conn(0x7f1d4c102770 0x7f1d4c111560 secure :-1 s=READY pgs=21 cs=0 l=1 rev1=1 crypto rx=0x7f1d3c00b440 tx=0x7f1d3c009250 comp rx=0 tx=0).ready entity=mon.0 client_cookie=0 server_cookie=0 in_seq=0 out_seq=0
2024-02-20T07:55:15.950 INFO:teuthology.orchestra.run.smithi123.stdout:/usr/bin/ceph: stderr
2024-02-20T07:55:15.163+0000 7f1d337fe700 1 -- 172.21.15.123:0/1005837613 <== mon.0 v2:172.21.15.123:3300/0 1 ==== mon_map magic: 0 v1 ==== 229+0+0 (secure 0 0 0) 0x7f1d3c010760 con 0x7f1d4c102770
2024-02-20T07:55:15.950 INFO:teuthology.orchestra.run.smithi123.stdout:/usr/bin/ceph: stderr
2024-02-20T07:55:15.164+0000 7f1d337fe700 1 -- 172.21.15.123:0/1005837613 <== mon.0 v2:172.21.15.123:3300/0 2 ==== config(27 keys) v1 ==== 1044+0+0 (secure 0 0 0) 0x7f1d3c010d50 con 0x7f1d4c102770
2024-02-20T07:55:15.950 INFO:teuthology.orchestra.run.smithi123.stdout:/usr/bin/ceph: stderr
2024-02-20T07:55:15.164+0000 7f1d337fe700 1 -- 172.21.15.123:0/1005837613 <== mon.0 v2:172.21.15.123:3300/0 3 ==== mon_map magic: 0 v1 ==== 229+0+0 (secure 0 0 0) 0x7f1d3c01ae20 con 0x7f1d4c102770
2024-02-20T07:55:15.950 INFO:teuthology.orchestra.run.smithi123.stdout:/usr/bin/ceph: stderr
2024-02-20T07:55:15.164+0000 7f1d51a18700 1 -- 172.21.15.123:0/1005837613 --> [v2:172.21.15.123:3300/0,v1:172.21.15.123:6789/0] -- mon_subscribe({mgrmap=0+}) v3 -- 0x7f1d4c111ca0 con 0x7f1d4c102770
2024-02-20T07:55:15.950 INFO:teuthology.orchestra.run.smithi123.stdout:/usr/bin/ceph: stderr
2024-02-20T07:55:15.164+0000 7f1d51a18700 1 -- 172.21.15.123:0/1005837613 --> [v2:172.21.15.123:3300/0,v1:172.21.15.123:6789/0] -- mon_subscribe({osdmap=0}) v3 -- 0x7f1d4c112940 con 0x7f1d4c102770
2024-02-20T07:55:15.950 INFO:teuthology.orchestra.run.smithi123.stdout:/usr/bin/ceph: stderr
2024-02-20T07:55:15.164+0000 7f1d337fe700 1 -- 172.21.15.123:0/1005837613 <== mon.0 v2:172.21.15.123:3300/0 4 ==== mgrmap(e 4) v1 ==== 43357+0+0 (secure 0 0 0) 0x7f1d3c02e440 con 0x7f1d4c102770
2024-02-20T07:55:15.950 INFO:teuthology.orchestra.run.smithi123.stdout:/usr/bin/ceph: stderr
2024-02-20T07:55:15.164+0000 7f1d337fe700 1 --2- 172.21.15.123:0/1005837613 >> [v2:172.21.15.123:6800/1899432870,v1:172.21.15.123:6801/1899432870] conn(0x7f1d34036790 0x7f1d34038c40 unknown :-1 s=NONE pgs=0 cs=0 l=1 rev1=0 crypto rx=0 tx=0 comp rx=0 tx=0).connect
2024-02-20T07:55:15.950 INFO:teuthology.orchestra.run.smithi123.stdout:/usr/bin/ceph: stderr
2024-02-20T07:55:15.165+0000 7f1d337fe700 1 -- 172.21.15.123:0/1005837613 <== mon.0 v2:172.21.15.123:3300/0 5 ==== osd_map(1..1 src has 1..1) v4 ==== 721+0+0 (secure 0 0 0) 0x7f1d3c04a750 con 0x7f1d4c102770
2024-02-20T07:55:15.951 INFO:teuthology.orchestra.run.smithi123.stdout:/usr/bin/ceph: stderr
2024-02-20T07:55:15.165+0000 7f1d51a18700 1 -- 172.21.15.123:0/1005837613 --> [v2:172.21.15.123:3300/0,v1:172.21.15.123:6789/0] -- mon_command({"prefix": "get_command_descriptions"} v 0) v1 -- 0x7f1d4c05f5c0 con 0x7f1d4c102770
2024-02-20T07:55:15.951 INFO:teuthology.orchestra.run.smithi123.stdout:/usr/bin/ceph: stderr
2024-02-20T07:55:15.165+0000 7f1d4a7fc700 1 --2- 172.21.15.123:0/1005837613 >> [v2:172.21.15.123:6800/1899432870,v1:172.21.15.123:6801/1899432870] conn(0x7f1d34036790 0x7f1d34038c40 unknown :-1 s=BANNER_CONNECTING pgs=0 cs=0 l=1 rev1=0 crypto rx=0 tx=0 comp rx=0 tx=0)._handle_peer_banner_payload supported=3 required=0
2024-02-20T07:55:15.951 INFO:teuthology.orchestra.run.smithi123.stdout:/usr/bin/ceph: stderr
2024-02-20T07:55:15.165+0000 7f1d4a7fc700 1 --2- 172.21.15.123:0/1005837613 >> [v2:172.21.15.123:6800/1899432870,v1:172.21.15.123:6801/1899432870] conn(0x7f1d34036790 0x7f1d34038c40 secure :-1 s=READY pgs=7 cs=0 l=1 rev1=1 crypto rx=0x7f1d40009990 tx=0x7f1d40006e40 comp rx=0 tx=0).ready entity=mgr.14100 client_cookie=0 server_cookie=0 in_seq=0 out_seq=0
2024-02-20T07:55:15.951 INFO:teuthology.orchestra.run.smithi123.stdout:/usr/bin/ceph: stderr
2024-02-20T07:55:15.169+0000 7f1d337fe700 1 -- 172.21.15.123:0/1005837613 <== mon.0 v2:172.21.15.123:3300/0 6 ==== mon_command_ack([{"prefix": "get_command_descriptions"}]=0 v0) v1 ==== 72+0+175031 (secure 0 0 0) 0x7f1d3c018940 con 0x7f1d4c102770
2024-02-20T07:55:15.951 INFO:teuthology.orchestra.run.smithi123.stdout:/usr/bin/ceph: stderr
2024-02-20T07:55:15.348+0000 7f1d51a18700 1 -- 172.21.15.123:0/1005837613 --> [v2:172.21.15.123:3300/0,v1:172.21.15.123:6789/0] -- mon_command({"prefix": "config assimilate-conf"} v 0) v1 -- 0x7f1d4c04bed0 con 0x7f1d4c102770
2024-02-20T07:55:15.951 INFO:teuthology.orchestra.run.smithi123.stdout:/usr/bin/ceph: stderr
2024-02-20T07:55:15.349+0000 7f1d337fe700 1 -- 172.21.15.123:0/1005837613 <== mon.0 v2:172.21.15.123:3300/0 7 ==== mon_command_ack([{"prefix": "config assimilate-conf"}]=0 v3) v1 ==== 70+0+373 (secure 0 0 0) 0x7f1d3c018350 con 0x7f1d4c102770
2024-02-20T07:55:15.951 INFO:teuthology.orchestra.run.smithi123.stdout:/usr/bin/ceph: stderr
2024-02-20T07:55:15.351+0000 7f1d51a18700 1 -- 172.21.15.123:0/1005837613 >> [v2:172.21.15.123:6800/1899432870,v1:172.21.15.123:6801/1899432870] conn(0x7f1d34036790 msgr2=0x7f1d34038c40 secure :-1 s=STATE_CONNECTION_ESTABLISHED l=1).mark_down
2024-02-20T07:55:15.951 INFO:teuthology.orchestra.run.smithi123.stdout:/usr/bin/ceph: stderr
2024-02-20T07:55:15.351+0000 7f1d51a18700 1 --2- 172.21.15.123:0/1005837613 >> [v2:172.21.15.123:6800/1899432870,v1:172.21.15.123:6801/1899432870] conn(0x7f1d34036790 0x7f1d34038c40 secure :-1 s=READY pgs=7 cs=0 l=1 rev1=1 crypto rx=0x7f1d40009990 tx=0x7f1d40006e40 comp rx=0 tx=0).stop
2024-02-20T07:55:15.951 INFO:teuthology.orchestra.run.smithi123.stdout:/usr/bin/ceph: stderr
2024-02-20T07:55:15.351+0000 7f1d51a18700 1 -- 172.21.15.123:0/1005837613 >> [v2:172.21.15.123:3300/0,v1:172.21.15.123:6789/0] conn(0x7f1d4c102770 msgr2=0x7f1d4c111560 secure :-1 s=STATE_CONNECTION_ESTABLISHED l=1).mark_down
2024-02-20T07:55:15.951 INFO:teuthology.orchestra.run.smithi123.stdout:/usr/bin/ceph: stderr
2024-02-20T07:55:15.351+0000 7f1d51a18700 1 --2- 172.21.15.123:0/1005837613 >> [v2:172.21.15.123:3300/0,v1:172.21.15.123:6789/0] conn(0x7f1d4c102770 0x7f1d4c111560 secure :-1 s=READY pgs=21 cs=0 l=1 rev1=1 crypto rx=0x7f1d3c00b440 tx=0x7f1d3c009250 comp rx=0 tx=0).stop
2024-02-20T07:55:15.951 INFO:teuthology.orchestra.run.smithi123.stdout:/usr/bin/ceph: stderr
2024-02-20T07:55:15.351+0000 7f1d51a18700 1 -- 172.21.15.123:0/1005837613 shutdown_connections
2024-02-20T07:55:15.951 INFO:teuthology.orchestra.run.smithi123.stdout:/usr/bin/ceph: stderr
2024-02-20T07:55:15.351+0000 7f1d51a18700 1 --2- 172.21.15.123:0/1005837613 >> [v2:172.21.15.123:6800/1899432870,v1:172.21.15.123:6801/1899432870] conn(0x7f1d34036790 0x7f1d34038c40 unknown :-1 s=CLOSED pgs=7 cs=0 l=1 rev1=1 crypto rx=0 tx=0 comp rx=0 tx=0).stop
2024-02-20T07:55:15.951 INFO:teuthology.orchestra.run.smithi123.stdout:/usr/bin/ceph: stderr
2024-02-20T07:55:15.351+0000 7f1d51a18700 1 --2- 172.21.15.123:0/1005837613 >> [v2:172.21.15.123:3300/0,v1:172.21.15.123:6789/0] conn(0x7f1d4c102770 0x7f1d4c111560 unknown :-1 s=CLOSED pgs=21 cs=0 l=1 rev1=1 crypto rx=0 tx=0 comp rx=0 tx=0).stop
2024-02-20T07:55:15.952 INFO:teuthology.orchestra.run.smithi123.stdout:/usr/bin/ceph: stderr
2024-02-20T07:55:15.351+0000 7f1d51a18700 1 -- 172.21.15.123:0/1005837613 >> 172.21.15.123:0/1005837613 conn(0x7f1d4c0fded0 msgr2=0x7f1d4c0ff570 unknown :-1 s=STATE_NONE l=0).mark_down
2024-02-20T07:55:15.952 INFO:teuthology.orchestra.run.smithi123.stdout:/usr/bin/ceph: stderr
2024-02-20T07:55:15.351+0000 7f1d51a18700 1 -- 172.21.15.123:0/1005837613 shutdown_connections
2024-02-20T07:55:15.952 INFO:teuthology.orchestra.run.smithi123.stdout:/usr/bin/ceph: stderr
2024-02-20T07:55:15.351+0000 7f1d51a18700 1 -- 172.21.15.123:0/1005837613 wait complete.
2024-02-20T07:55:15.952 INFO:teuthology.orchestra.run.smithi123.stdout:Enabling cephadm module...
2024-02-20T07:55:16.009 INFO:journalctl@ceph.mon.smithi123.smithi123.stdout:Feb 20 07:55:15 smithi123 ceph-mon[29383]: from='client.? 172.21.15.123:0/1005837613' entity='client.admin' cmd=[{"prefix": "config assimilate-conf"}]: dispatch
2024-02-20T07:55:17.093 INFO:journalctl@ceph.mon.smithi123.smithi123.stdout:Feb 20 07:55:16 smithi123 ceph-mon[29383]: from='client.? 172.21.15.123:0/4257702587' entity='client.admin' cmd=[{"prefix": "mgr module enable", "module": "cephadm"}]: dispatch
2024-02-20T07:55:17.377 INFO:teuthology.orchestra.run.smithi123.stdout:/usr/bin/ceph: stderr
2024-02-20T07:55:16.389+0000 7f0be512a700 1 Processor -- start
2024-02-20T07:55:17.377 INFO:teuthology.orchestra.run.smithi123.stdout:/usr/bin/ceph: stderr
2024-02-20T07:55:16.389+0000 7f0be512a700 1 -- start start
2024-02-20T07:55:17.377 INFO:teuthology.orchestra.run.smithi123.stdout:/usr/bin/ceph: stderr
2024-02-20T07:55:16.389+0000 7f0be512a700 1 --2- >> [v2:172.21.15.123:3300/0,v1:172.21.15.123:6789/0] conn(0x7f0be0101670 0x7f0be0101a80 unknown :-1 s=NONE pgs=0 cs=0 l=0 rev1=0 crypto rx=0 tx=0 comp rx=0 tx=0).connect
2024-02-20T07:55:17.377 INFO:teuthology.orchestra.run.smithi123.stdout:/usr/bin/ceph: stderr
2024-02-20T07:55:16.389+0000 7f0be512a700 1 -- --> [v2:172.21.15.123:3300/0,v1:172.21.15.123:6789/0] -- mon_getmap magic: 0 v1 -- 0x7f0be0101fc0 con 0x7f0be0101670
2024-02-20T07:55:17.377 INFO:teuthology.orchestra.run.smithi123.stdout:/usr/bin/ceph: stderr
2024-02-20T07:55:16.389+0000 7f0bded9d700 1 --2- >> [v2:172.21.15.123:3300/0,v1:172.21.15.123:6789/0] conn(0x7f0be0101670 0x7f0be0101a80 unknown :-1 s=BANNER_CONNECTING pgs=0 cs=0 l=0 rev1=0 crypto rx=0 tx=0 comp rx=0 tx=0)._handle_peer_banner_payload supported=3 required=0
2024-02-20T07:55:17.377 INFO:teuthology.orchestra.run.smithi123.stdout:/usr/bin/ceph: stderr
2024-02-20T07:55:16.389+0000 7f0bded9d700 1 --2- >> [v2:172.21.15.123:3300/0,v1:172.21.15.123:6789/0] conn(0x7f0be0101670 0x7f0be0101a80 unknown :-1 s=HELLO_CONNECTING pgs=0 cs=0 l=0 rev1=1 crypto rx=0 tx=0 comp rx=0 tx=0).handle_hello peer v2:172.21.15.123:3300/0 says I am v2:172.21.15.123:59608/0 (socket says 172.21.15.123:59608)
2024-02-20T07:55:17.377 INFO:teuthology.orchestra.run.smithi123.stdout:/usr/bin/ceph: stderr
2024-02-20T07:55:16.389+0000 7f0bded9d700 1 -- 172.21.15.123:0/1397358044 learned_addr learned my addr 172.21.15.123:0/1397358044 (peer_addr_for_me v2:172.21.15.123:0/0)
2024-02-20T07:55:17.377 INFO:teuthology.orchestra.run.smithi123.stdout:/usr/bin/ceph: stderr
