2024-02-20T08:03:23.251 INFO:journalctl@ceph.mon.smithi152.smithi152.stdout:Feb 20 08:03:23 smithi152 ceph-mon[29456]: osdmap e3: 0 total, 0 up, 0 in
2024-02-20T08:03:23.251 INFO:journalctl@ceph.mon.smithi152.smithi152.stdout:Feb 20 08:03:23 smithi152 ceph-mon[29456]: mgrmap e10: smithi152.acyjyu(active, starting, since 0.00322841s)
2024-02-20T08:03:23.251 INFO:journalctl@ceph.mon.smithi152.smithi152.stdout:Feb 20 08:03:23 smithi152 ceph-mon[29456]: from='mgr.14164 172.21.15.152:0/604612461' entity='mgr.smithi152.acyjyu' cmd=[{"prefix": "mon metadata", "id": "smithi152"}]: dispatch
2024-02-20T08:03:23.251 INFO:journalctl@ceph.mon.smithi152.smithi152.stdout:Feb 20 08:03:23 smithi152 ceph-mon[29456]: from='mgr.14164 172.21.15.152:0/604612461' entity='mgr.smithi152.acyjyu' cmd=[{"prefix": "mgr metadata", "who": "smithi152.acyjyu", "id": "smithi152.acyjyu"}]: dispatch
2024-02-20T08:03:23.251 INFO:journalctl@ceph.mon.smithi152.smithi152.stdout:Feb 20 08:03:23 smithi152 ceph-mon[29456]: from='mgr.14164 172.21.15.152:0/604612461' entity='mgr.smithi152.acyjyu' cmd=[{"prefix": "mds metadata"}]: dispatch
2024-02-20T08:03:23.251 INFO:journalctl@ceph.mon.smithi152.smithi152.stdout:Feb 20 08:03:23 smithi152 ceph-mon[29456]: from='mgr.14164 172.21.15.152:0/604612461' entity='mgr.smithi152.acyjyu' cmd=[{"prefix": "osd metadata"}]: dispatch
2024-02-20T08:03:23.251 INFO:journalctl@ceph.mon.smithi152.smithi152.stdout:Feb 20 08:03:23 smithi152 ceph-mon[29456]: from='mgr.14164 172.21.15.152:0/604612461' entity='mgr.smithi152.acyjyu' cmd=[{"prefix": "mon metadata"}]: dispatch
2024-02-20T08:03:23.251 INFO:journalctl@ceph.mon.smithi152.smithi152.stdout:Feb 20 08:03:23 smithi152 ceph-mon[29456]: Manager daemon smithi152.acyjyu is now available
2024-02-20T08:03:23.251 INFO:journalctl@ceph.mon.smithi152.smithi152.stdout:Feb 20 08:03:23 smithi152 ceph-mon[29456]: from='mgr.14164 172.21.15.152:0/604612461' entity='mgr.smithi152.acyjyu' cmd=[{"prefix": "config dump", "format": "json"}]: dispatch
2024-02-20T08:03:23.251 INFO:journalctl@ceph.mon.smithi152.smithi152.stdout:Feb 20 08:03:23 smithi152 ceph-mon[29456]: from='mgr.14164 172.21.15.152:0/604612461' entity='mgr.smithi152.acyjyu' cmd=[{"prefix": "config dump", "format": "json"}]: dispatch
2024-02-20T08:03:24.172 INFO:journalctl@ceph.mon.smithi152.smithi152.stdout:Feb 20 08:03:24 smithi152 ceph-mon[29456]: from='mgr.14164 172.21.15.152:0/604612461' entity='mgr.smithi152.acyjyu' cmd=[{"prefix":"config rm","who":"mgr","name":"mgr/rbd_support/smithi152.acyjyu/mirror_snapshot_schedule"}]: dispatch
2024-02-20T08:03:24.172 INFO:journalctl@ceph.mon.smithi152.smithi152.stdout:Feb 20 08:03:24 smithi152 ceph-mon[29456]: from='mgr.14164 172.21.15.152:0/604612461' entity='mgr.smithi152.acyjyu' cmd=[{"prefix":"config rm","who":"mgr","name":"mgr/rbd_support/smithi152.acyjyu/trash_purge_schedule"}]: dispatch
2024-02-20T08:03:24.172 INFO:journalctl@ceph.mon.smithi152.smithi152.stdout:Feb 20 08:03:24 smithi152 ceph-mon[29456]: mgrmap e11: smithi152.acyjyu(active, since 1.00555s)
2024-02-20T08:03:24.700 INFO:teuthology.orchestra.run.smithi152.stdout:/usr/bin/ceph: stdout {
2024-02-20T08:03:24.701 INFO:teuthology.orchestra.run.smithi152.stdout:/usr/bin/ceph: stdout "mgrmap_epoch": 11,
2024-02-20T08:03:24.701 INFO:teuthology.orchestra.run.smithi152.stdout:/usr/bin/ceph: stdout "initialized": true
2024-02-20T08:03:24.701 INFO:teuthology.orchestra.run.smithi152.stdout:/usr/bin/ceph: stdout }
2024-02-20T08:03:24.701 INFO:teuthology.orchestra.run.smithi152.stdout:/usr/bin/ceph: stderr
2024-02-20T08:03:18.424+0000 7f21e3925700 1 Processor -- start
2024-02-20T08:03:24.701 INFO:teuthology.orchestra.run.smithi152.stdout:/usr/bin/ceph: stderr
2024-02-20T08:03:18.424+0000 7f21e3925700 1 -- start start
2024-02-20T08:03:24.701 INFO:teuthology.orchestra.run.smithi152.stdout:/usr/bin/ceph: stderr
2024-02-20T08:03:18.424+0000 7f21e3925700 1 --2- >> [v2:172.21.15.152:3300/0,v1:172.21.15.152:6789/0] conn(0x7f21dc104610 0x7f21dc104a30 unknown :-1 s=NONE pgs=0 cs=0 l=0 rev1=0 crypto rx=0 tx=0 comp rx=0 tx=0).connect
2024-02-20T08:03:24.701 INFO:teuthology.orchestra.run.smithi152.stdout:/usr/bin/ceph: stderr
2024-02-20T08:03:18.424+0000 7f21e3925700 1 -- --> [v2:172.21.15.152:3300/0,v1:172.21.15.152:6789/0] -- mon_getmap magic: 0 v1 -- 0x7f21dc105000 con 0x7f21dc104610
2024-02-20T08:03:24.701 INFO:teuthology.orchestra.run.smithi152.stdout:/usr/bin/ceph: stderr
2024-02-20T08:03:18.424+0000 7f21e16c1700 1 --2- >> [v2:172.21.15.152:3300/0,v1:172.21.15.152:6789/0] conn(0x7f21dc104610 0x7f21dc104a30 unknown :-1 s=BANNER_CONNECTING pgs=0 cs=0 l=0 rev1=0 crypto rx=0 tx=0 comp rx=0 tx=0)._handle_peer_banner_payload supported=3 required=0
2024-02-20T08:03:24.701 INFO:teuthology.orchestra.run.smithi152.stdout:/usr/bin/ceph: stderr
2024-02-20T08:03:18.424+0000 7f21e16c1700 1 --2- >> [v2:172.21.15.152:3300/0,v1:172.21.15.152:6789/0] conn(0x7f21dc104610 0x7f21dc104a30 unknown :-1 s=HELLO_CONNECTING pgs=0 cs=0 l=0 rev1=1 crypto rx=0 tx=0 comp rx=0 tx=0).handle_hello peer v2:172.21.15.152:3300/0 says I am v2:172.21.15.152:39284/0 (socket says 172.21.15.152:39284)
2024-02-20T08:03:24.701 INFO:teuthology.orchestra.run.smithi152.stdout:/usr/bin/ceph: stderr
2024-02-20T08:03:18.424+0000 7f21e16c1700 1 -- 172.21.15.152:0/127452044 learned_addr learned my addr 172.21.15.152:0/127452044 (peer_addr_for_me v2:172.21.15.152:0/0)
2024-02-20T08:03:24.701 INFO:teuthology.orchestra.run.smithi152.stdout:/usr/bin/ceph: stderr
2024-02-20T08:03:18.425+0000 7f21e16c1700 1 -- 172.21.15.152:0/127452044 --> [v2:172.21.15.152:3300/0,v1:172.21.15.152:6789/0] -- mon_subscribe({config=0+,monmap=0+}) v3 -- 0x7f21dc1075a0 con 0x7f21dc104610
2024-02-20T08:03:24.701 INFO:teuthology.orchestra.run.smithi152.stdout:/usr/bin/ceph: stderr
2024-02-20T08:03:18.425+0000 7f21e16c1700 1 --2- 172.21.15.152:0/127452044 >> [v2:172.21.15.152:3300/0,v1:172.21.15.152:6789/0] conn(0x7f21dc104610 0x7f21dc104a30 secure :-1 s=READY pgs=73 cs=0 l=1 rev1=1 crypto rx=0x7f21d80098a0 tx=0x7f21d8009bb0 comp rx=0 tx=0).ready entity=mon.0 client_cookie=f7c0c56e42c46db6 server_cookie=0 in_seq=0 out_seq=0
2024-02-20T08:03:24.701 INFO:teuthology.orchestra.run.smithi152.stdout:/usr/bin/ceph: stderr
2024-02-20T08:03:18.425+0000 7f21d3fff700 1 -- 172.21.15.152:0/127452044 <== mon.0 v2:172.21.15.152:3300/0 1 ==== mon_map magic: 0 v1 ==== 229+0+0 (secure 0 0 0) 0x7f21d8004180 con 0x7f21dc104610
2024-02-20T08:03:24.702 INFO:teuthology.orchestra.run.smithi152.stdout:/usr/bin/ceph: stderr
2024-02-20T08:03:18.425+0000 7f21d3fff700 1 -- 172.21.15.152:0/127452044 <== mon.0 v2:172.21.15.152:3300/0 2 ==== config(27 keys) v1 ==== 1109+0+0 (secure 0 0 0) 0x7f21d80042e0 con 0x7f21dc104610
2024-02-20T08:03:24.702 INFO:teuthology.orchestra.run.smithi152.stdout:/usr/bin/ceph: stderr
2024-02-20T08:03:18.425+0000 7f21d3fff700 1 -- 172.21.15.152:0/127452044 <== mon.0 v2:172.21.15.152:3300/0 3 ==== mon_map magic: 0 v1 ==== 229+0+0 (secure 0 0 0) 0x7f21d8011b10 con 0x7f21dc104610
2024-02-20T08:03:24.702 INFO:teuthology.orchestra.run.smithi152.stdout:/usr/bin/ceph: stderr
2024-02-20T08:03:18.425+0000 7f21e3925700 1 -- 172.21.15.152:0/127452044 >> [v2:172.21.15.152:3300/0,v1:172.21.15.152:6789/0] conn(0x7f21dc104610 msgr2=0x7f21dc104a30 secure :-1 s=STATE_CONNECTION_ESTABLISHED l=1).mark_down
2024-02-20T08:03:24.702 INFO:teuthology.orchestra.run.smithi152.stdout:/usr/bin/ceph: stderr
2024-02-20T08:03:18.425+0000 7f21e3925700 1 --2- 172.21.15.152:0/127452044 >> [v2:172.21.15.152:3300/0,v1:172.21.15.152:6789/0] conn(0x7f21dc104610 0x7f21dc104a30 secure :-1 s=READY pgs=73 cs=0 l=1 rev1=1 crypto rx=0x7f21d80098a0 tx=0x7f21d8009bb0 comp rx=0 tx=0).stop
2024-02-20T08:03:24.702 INFO:teuthology.orchestra.run.smithi152.stdout:/usr/bin/ceph: stderr
2024-02-20T08:03:18.425+0000 7f21e3925700 1 -- 172.21.15.152:0/127452044 shutdown_connections
2024-02-20T08:03:24.702 INFO:teuthology.orchestra.run.smithi152.stdout:/usr/bin/ceph: stderr
2024-02-20T08:03:18.426+0000 7f21e3925700 1 --2- 172.21.15.152:0/127452044 >> [v2:172.21.15.152:3300/0,v1:172.21.15.152:6789/0] conn(0x7f21dc104610 0x7f21dc104a30 unknown :-1 s=CLOSED pgs=73 cs=0 l=1 rev1=1 crypto rx=0 tx=0 comp rx=0 tx=0).stop
2024-02-20T08:03:24.702 INFO:teuthology.orchestra.run.smithi152.stdout:/usr/bin/ceph: stderr
2024-02-20T08:03:18.426+0000 7f21e3925700 1 -- 172.21.15.152:0/127452044 >> 172.21.15.152:0/127452044 conn(0x7f21dc0fff20 msgr2=0x7f21dc102380 unknown :-1 s=STATE_NONE l=0).mark_down
2024-02-20T08:03:24.702 INFO:teuthology.orchestra.run.smithi152.stdout:/usr/bin/ceph: stderr
2024-02-20T08:03:18.426+0000 7f21e3925700 1 -- 172.21.15.152:0/127452044 shutdown_connections
2024-02-20T08:03:24.702 INFO:teuthology.orchestra.run.smithi152.stdout:/usr/bin/ceph: stderr
2024-02-20T08:03:18.426+0000 7f21e3925700 1 -- 172.21.15.152:0/127452044 wait complete.
2024-02-20T08:03:24.702 INFO:teuthology.orchestra.run.smithi152.stdout:/usr/bin/ceph: stderr
2024-02-20T08:03:18.426+0000 7f21e3925700 1 Processor -- start
2024-02-20T08:03:24.702 INFO:teuthology.orchestra.run.smithi152.stdout:/usr/bin/ceph: stderr
2024-02-20T08:03:18.426+0000 7f21e3925700 1 -- start start
2024-02-20T08:03:24.702 INFO:teuthology.orchestra.run.smithi152.stdout:/usr/bin/ceph: stderr
2024-02-20T08:03:18.426+0000 7f21e3925700 1 --2- >> [v2:172.21.15.152:3300/0,v1:172.21.15.152:6789/0] conn(0x7f21dc104610 0x7f21dc19a080 unknown :-1 s=NONE pgs=0 cs=0 l=1 rev1=0 crypto rx=0 tx=0 comp rx=0 tx=0).connect
2024-02-20T08:03:24.702 INFO:teuthology.orchestra.run.smithi152.stdout:/usr/bin/ceph: stderr
2024-02-20T08:03:18.426+0000 7f21e3925700 1 -- --> [v2:172.21.15.152:3300/0,v1:172.21.15.152:6789/0] -- mon_getmap magic: 0 v1 -- 0x7f21dc19a5c0 con 0x7f21dc104610
2024-02-20T08:03:24.702 INFO:teuthology.orchestra.run.smithi152.stdout:/usr/bin/ceph: stderr
2024-02-20T08:03:18.426+0000 7f21e16c1700 1 --2- >> [v2:172.21.15.152:3300/0,v1:172.21.15.152:6789/0] conn(0x7f21dc104610 0x7f21dc19a080 unknown :-1 s=BANNER_CONNECTING pgs=0 cs=0 l=1 rev1=0 crypto rx=0 tx=0 comp rx=0 tx=0)._handle_peer_banner_payload supported=3 required=0
2024-02-20T08:03:24.702 INFO:teuthology.orchestra.run.smithi152.stdout:/usr/bin/ceph: stderr
2024-02-20T08:03:18.426+0000 7f21e16c1700 1 --2- >> [v2:172.21.15.152:3300/0,v1:172.21.15.152:6789/0] conn(0x7f21dc104610 0x7f21dc19a080 unknown :-1 s=HELLO_CONNECTING pgs=0 cs=0 l=1 rev1=1 crypto rx=0 tx=0 comp rx=0 tx=0).handle_hello peer v2:172.21.15.152:3300/0 says I am v2:172.21.15.152:39292/0 (socket says 172.21.15.152:39292)
2024-02-20T08:03:24.703 INFO:teuthology.orchestra.run.smithi152.stdout:/usr/bin/ceph: stderr
2024-02-20T08:03:18.426+0000 7f21e16c1700 1 -- 172.21.15.152:0/461671042 learned_addr learned my addr 172.21.15.152:0/461671042 (peer_addr_for_me v2:172.21.15.152:0/0)
2024-02-20T08:03:24.703 INFO:teuthology.orchestra.run.smithi152.stdout:/usr/bin/ceph: stderr
2024-02-20T08:03:18.427+0000 7f21e16c1700 1 -- 172.21.15.152:0/461671042 --> [v2:172.21.15.152:3300/0,v1:172.21.15.152:6789/0] -- mon_subscribe({config=0+,monmap=0+}) v3 -- 0x7f21d8009550 con 0x7f21dc104610
2024-02-20T08:03:24.703 INFO:teuthology.orchestra.run.smithi152.stdout:/usr/bin/ceph: stderr
2024-02-20T08:03:18.427+0000 7f21e16c1700 1 --2- 172.21.15.152:0/461671042 >> [v2:172.21.15.152:3300/0,v1:172.21.15.152:6789/0] conn(0x7f21dc104610 0x7f21dc19a080 secure :-1 s=READY pgs=74 cs=0 l=1 rev1=1 crypto rx=0x7f21d8009fb0 tx=0x7f21d8011890 comp rx=0 tx=0).ready entity=mon.0 client_cookie=0 server_cookie=0 in_seq=0 out_seq=0
2024-02-20T08:03:24.703 INFO:teuthology.orchestra.run.smithi152.stdout:/usr/bin/ceph: stderr
2024-02-20T08:03:18.427+0000 7f21d27fc700 1 -- 172.21.15.152:0/461671042 <== mon.0 v2:172.21.15.152:3300/0 1 ==== mon_map magic: 0 v1 ==== 229+0+0 (secure 0 0 0) 0x7f21d80038b0 con 0x7f21dc104610
2024-02-20T08:03:24.703 INFO:teuthology.orchestra.run.smithi152.stdout:/usr/bin/ceph: stderr
2024-02-20T08:03:18.427+0000 7f21d27fc700 1 -- 172.21.15.152:0/461671042 <== mon.0 v2:172.21.15.152:3300/0 2 ==== config(27 keys) v1 ==== 1109+0+0 (secure 0 0 0) 0x7f21d8003a10 con 0x7f21dc104610
2024-02-20T08:03:24.703 INFO:teuthology.orchestra.run.smithi152.stdout:/usr/bin/ceph: stderr
2024-02-20T08:03:18.427+0000 7f21e3925700 1 -- 172.21.15.152:0/461671042 --> [v2:172.21.15.152:3300/0,v1:172.21.15.152:6789/0] -- mon_subscribe({mgrmap=0+}) v3 -- 0x7f21dc19a7c0 con 0x7f21dc104610
2024-02-20T08:03:24.703 INFO:teuthology.orchestra.run.smithi152.stdout:/usr/bin/ceph: stderr
2024-02-20T08:03:18.427+0000 7f21d27fc700 1 -- 172.21.15.152:0/461671042 <== mon.0 v2:172.21.15.152:3300/0 3 ==== mon_map magic: 0 v1 ==== 229+0+0 (secure 0 0 0) 0x7f21d8019770 con 0x7f21dc104610
2024-02-20T08:03:24.703 INFO:teuthology.orchestra.run.smithi152.stdout:/usr/bin/ceph: stderr
2024-02-20T08:03:18.427+0000 7f21e3925700 1 -- 172.21.15.152:0/461671042 --> [v2:172.21.15.152:3300/0,v1:172.21.15.152:6789/0] -- mon_subscribe({osdmap=0}) v3 -- 0x7f21dc19ac60 con 0x7f21dc104610
2024-02-20T08:03:24.703 INFO:teuthology.orchestra.run.smithi152.stdout:/usr/bin/ceph: stderr
2024-02-20T08:03:18.428+0000 7f21d27fc700 1 -- 172.21.15.152:0/461671042 <== mon.0 v2:172.21.15.152:3300/0 4 ==== mgrmap(e 9) v1 ==== 45565+0+0 (secure 0 0 0) 0x7f21d80198d0 con 0x7f21dc104610
2024-02-20T08:03:24.703 INFO:teuthology.orchestra.run.smithi152.stdout:/usr/bin/ceph: stderr
2024-02-20T08:03:18.428+0000 7f21d27fc700 1 --2- 172.21.15.152:0/461671042 >> [v2:172.21.15.152:6800/3791375786,v1:172.21.15.152:6801/3791375786] conn(0x7f21c8038780 0x7f21c803ac40 unknown :-1 s=NONE pgs=0 cs=0 l=1 rev1=0 crypto rx=0 tx=0 comp rx=0 tx=0).connect
2024-02-20T08:03:24.703 INFO:teuthology.orchestra.run.smithi152.stdout:/usr/bin/ceph: stderr
2024-02-20T08:03:18.428+0000 7f21d27fc700 1 -- 172.21.15.152:0/461671042 --> [v2:172.21.15.152:6800/3791375786,v1:172.21.15.152:6801/3791375786] -- command(tid 0: {"prefix": "get_command_descriptions"}) v1 -- 0x7f21c803b350 con 0x7f21c8038780
2024-02-20T08:03:24.703 INFO:teuthology.orchestra.run.smithi152.stdout:/usr/bin/ceph: stderr
2024-02-20T08:03:18.428+0000 7f21d27fc700 1 -- 172.21.15.152:0/461671042 <== mon.0 v2:172.21.15.152:3300/0 5 ==== osd_map(2..2 src has 1..2) v4 ==== 940+0+0 (secure 0 0 0) 0x7f21d804c7f0 con 0x7f21dc104610
2024-02-20T08:03:24.703 INFO:teuthology.orchestra.run.smithi152.stdout:/usr/bin/ceph: stderr
2024-02-20T08:03:18.428+0000 7f21e0ec0700 1 -- 172.21.15.152:0/461671042 >> [v2:172.21.15.152:6800/3791375786,v1:172.21.15.152:6801/3791375786] conn(0x7f21c8038780 msgr2=0x7f21c803ac40 unknown :-1 s=STATE_CONNECTING_RE l=1).process reconnect failed to v2:172.21.15.152:6800/3791375786
2024-02-20T08:03:24.703 INFO:teuthology.orchestra.run.smithi152.stdout:/usr/bin/ceph: stderr
2024-02-20T08:03:18.428+0000 7f21e0ec0700 1 --2- 172.21.15.152:0/461671042 >> [v2:172.21.15.152:6800/3791375786,v1:172.21.15.152:6801/3791375786] conn(0x7f21c8038780 0x7f21c803ac40 unknown :-1 s=START_CONNECT pgs=0 cs=0 l=1 rev1=0 crypto rx=0 tx=0 comp rx=0 tx=0)._fault waiting 0.200000
2024-02-20T08:03:24.704 INFO:teuthology.orchestra.run.smithi152.stdout:/usr/bin/ceph: stderr
2024-02-20T08:03:18.629+0000 7f21e0ec0700 1 -- 172.21.15.152:0/461671042 >> [v2:172.21.15.152:6800/3791375786,v1:172.21.15.152:6801/3791375786] conn(0x7f21c8038780 msgr2=0x7f21c803ac40 unknown :-1 s=STATE_CONNECTING_RE l=1).process reconnect failed to v2:172.21.15.152:6800/3791375786
2024-02-20T08:03:24.704 INFO:teuthology.orchestra.run.smithi152.stdout:/usr/bin/ceph: stderr
2024-02-20T08:03:18.629+0000 7f21e0ec0700 1 --2- 172.21.15.152:0/461671042 >> [v2:172.21.15.152:6800/3791375786,v1:172.21.15.152:6801/3791375786] conn(0x7f21c8038780 0x7f21c803ac40 unknown :-1 s=START_CONNECT pgs=0 cs=0 l=1 rev1=0 crypto rx=0 tx=0 comp rx=0 tx=0)._fault waiting 0.400000
2024-02-20T08:03:24.704 INFO:teuthology.orchestra.run.smithi152.stdout:/usr/bin/ceph: stderr
2024-02-20T08:03:19.030+0000 7f21e0ec0700 1 -- 172.21.15.152:0/461671042 >> [v2:172.21.15.152:6800/3791375786,v1:172.21.15.152:6801/3791375786] conn(0x7f21c8038780 msgr2=0x7f21c803ac40 unknown :-1 s=STATE_CONNECTING_RE l=1).process reconnect failed to v2:172.21.15.152:6800/3791375786
2024-02-20T08:03:24.704 INFO:teuthology.orchestra.run.smithi152.stdout:/usr/bin/ceph: stderr
2024-02-20T08:03:19.030+0000 7f21e0ec0700 1 --2- 172.21.15.152:0/461671042 >> [v2:172.21.15.152:6800/3791375786,v1:172.21.15.152:6801/3791375786] conn(0x7f21c8038780 0x7f21c803ac40 unknown :-1 s=START_CONNECT pgs=0 cs=0 l=1 rev1=0 crypto rx=0 tx=0 comp rx=0 tx=0)._fault waiting 0.800000
2024-02-20T08:03:24.704 INFO:teuthology.orchestra.run.smithi152.stdout:/usr/bin/ceph: stderr
2024-02-20T08:03:19.831+0000 7f21e0ec0700 1 -- 172.21.15.152:0/461671042 >> [v2:172.21.15.152:6800/3791375786,v1:172.21.15.152:6801/3791375786] conn(0x7f21c8038780 msgr2=0x7f21c803ac40 unknown :-1 s=STATE_CONNECTING_RE l=1).process reconnect failed to v2:172.21.15.152:6800/3791375786
2024-02-20T08:03:24.704 INFO:teuthology.orchestra.run.smithi152.stdout:/usr/bin/ceph: stderr
2024-02-20T08:03:19.831+0000 7f21e0ec0700 1 --2- 172.21.15.152:0/461671042 >> [v2:172.21.15.152:6800/3791375786,v1:172.21.15.152:6801/3791375786] conn(0x7f21c8038780 0x7f21c803ac40 unknown :-1 s=START_CONNECT pgs=0 cs=0 l=1 rev1=0 crypto rx=0 tx=0 comp rx=0 tx=0)._fault waiting 1.600000
2024-02-20T08:03:24.704 INFO:teuthology.orchestra.run.smithi152.stdout:/usr/bin/ceph: stderr
2024-02-20T08:03:21.431+0000 7f21e0ec0700 1 -- 172.21.15.152:0/461671042 >> [v2:172.21.15.152:6800/3791375786,v1:172.21.15.152:6801/3791375786] conn(0x7f21c8038780 msgr2=0x7f21c803ac40 unknown :-1 s=STATE_CONNECTING_RE l=1).process reconnect failed to v2:172.21.15.152:6800/3791375786
2024-02-20T08:03:24.704 INFO:teuthology.orchestra.run.smithi152.stdout:/usr/bin/ceph: stderr
2024-02-20T08:03:21.431+0000 7f21e0ec0700 1 --2- 172.21.15.152:0/461671042 >> [v2:172.21.15.152:6800/3791375786,v1:172.21.15.152:6801/3791375786] conn(0x7f21c8038780 0x7f21c803ac40 unknown :-1 s=START_CONNECT pgs=0 cs=0 l=1 rev1=0 crypto rx=0 tx=0 comp rx=0 tx=0)._fault waiting 3.200000
2024-02-20T08:03:24.704 INFO:teuthology.orchestra.run.smithi152.stdout:/usr/bin/ceph: stderr
2024-02-20T08:03:22.971+0000 7f21d27fc700 1 -- 172.21.15.152:0/461671042 <== mon.0 v2:172.21.15.152:3300/0 6 ==== mgrmap(e 10) v1 ==== 45332+0+0 (secure 0 0 0) 0x7f21d801ac10 con 0x7f21dc104610
2024-02-20T08:03:24.704 INFO:teuthology.orchestra.run.smithi152.stdout:/usr/bin/ceph: stderr
2024-02-20T08:03:22.971+0000 7f21d27fc700 1 -- 172.21.15.152:0/461671042 >> [v2:172.21.15.152:6800/3791375786,v1:172.21.15.152:6801/3791375786] conn(0x7f21c8038780 msgr2=0x7f21c803ac40 unknown :-1 s=STATE_CONNECTING l=1).mark_down
2024-02-20T08:03:24.704 INFO:teuthology.orchestra.run.smithi152.stdout:/usr/bin/ceph: stderr
2024-02-20T08:03:22.971+0000 7f21d27fc700 1 --2- 172.21.15.152:0/461671042 >> [v2:172.21.15.152:6800/3791375786,v1:172.21.15.152:6801/3791375786] conn(0x7f21c8038780 0x7f21c803ac40 unknown :-1 s=START_CONNECT pgs=0 cs=0 l=1 rev1=0 crypto rx=0 tx=0 comp rx=0 tx=0).stop
2024-02-20T08:03:24.704 INFO:teuthology.orchestra.run.smithi152.stdout:/usr/bin/ceph: stderr
2024-02-20T08:03:23.972+0000 7f21d27fc700 1 -- 172.21.15.152:0/461671042 <== mon.0 v2:172.21.15.152:3300/0 7 ==== mgrmap(e 11) v1 ==== 45459+0+0 (secure 0 0 0) 0x7f21d8018c50 con 0x7f21dc104610
2024-02-20T08:03:24.704 INFO:teuthology.orchestra.run.smithi152.stdout:/usr/bin/ceph: stderr
2024-02-20T08:03:23.972+0000 7f21d27fc700 1 --2- 172.21.15.152:0/461671042 >> [v2:172.21.15.152:6800/3162731956,v1:172.21.15.152:6801/3162731956] conn(0x7f21c803bfd0 0x7f21c803e3c0 unknown :-1 s=NONE pgs=0 cs=0 l=1 rev1=0 crypto rx=0 tx=0 comp rx=0 tx=0).connect
2024-02-20T08:03:24.704 INFO:teuthology.orchestra.run.smithi152.stdout:/usr/bin/ceph: stderr
2024-02-20T08:03:23.972+0000 7f21d27fc700 1 -- 172.21.15.152:0/461671042 --> [v2:172.21.15.152:6800/3162731956,v1:172.21.15.152:6801/3162731956] -- command(tid 0: {"prefix": "get_command_descriptions"}) v1 -- 0x7f21c803b350 con 0x7f21c803bfd0
2024-02-20T08:03:24.705 INFO:teuthology.orchestra.run.smithi152.stdout:/usr/bin/ceph: stderr
2024-02-20T08:03:23.973+0000 7f21e0ec0700 1 --2- 172.21.15.152:0/461671042 >> [v2:172.21.15.152:6800/3162731956,v1:172.21.15.152:6801/3162731956] conn(0x7f21c803bfd0 0x7f21c803e3c0 unknown :-1 s=BANNER_CONNECTING pgs=0 cs=0 l=1 rev1=0 crypto rx=0 tx=0 comp rx=0 tx=0)._handle_peer_banner_payload supported=3 required=0
2024-02-20T08:03:24.705 INFO:teuthology.orchestra.run.smithi152.stdout:/usr/bin/ceph: stderr
2024-02-20T08:03:23.973+0000 7f21e0ec0700 1 --2- 172.21.15.152:0/461671042 >> [v2:172.21.15.152:6800/3162731956,v1:172.21.15.152:6801/3162731956] conn(0x7f21c803bfd0 0x7f21c803e3c0 secure :-1 s=READY pgs=2 cs=0 l=1 rev1=1 crypto rx=0x7f21cc003a10 tx=0x7f21cc009270 comp rx=0 tx=0).ready entity=mgr.14164 client_cookie=0 server_cookie=0 in_seq=0 out_seq=0
2024-02-20T08:03:24.705 INFO:teuthology.orchestra.run.smithi152.stdout:/usr/bin/ceph: stderr
2024-02-20T08:03:23.974+0000 7f21d27fc700 1 -- 172.21.15.152:0/461671042 <== mgr.14164 v2:172.21.15.152:6800/3162731956 1 ==== command_reply(tid 0: 0 ) v1 ==== 8+0+6910 (secure 0 0 0) 0x7f21c803b350 con 0x7f21c803bfd0
2024-02-20T08:03:24.705 INFO:teuthology.orchestra.run.smithi152.stdout:/usr/bin/ceph: stderr
2024-02-20T08:03:23.980+0000 7f21e3925700 1 -- 172.21.15.152:0/461671042 --> [v2:172.21.15.152:6800/3162731956,v1:172.21.15.152:6801/3162731956] -- command(tid 1: {"prefix": "mgr_status"}) v1 -- 0x7f21dc0623a0 con 0x7f21c803bfd0
2024-02-20T08:03:24.705 INFO:teuthology.orchestra.run.smithi152.stdout:/usr/bin/ceph: stderr
2024-02-20T08:03:23.980+0000 7f21d27fc700 1 -- 172.21.15.152:0/461671042 <== mgr.14164 v2:172.21.15.152:6800/3162731956 2 ==== command_reply(tid 1: 0 ) v1 ==== 8+0+52 (secure 0 0 0) 0x7f21dc0623a0 con 0x7f21c803bfd0
2024-02-20T08:03:24.705 INFO:teuthology.orchestra.run.smithi152.stdout:/usr/bin/ceph: stderr
2024-02-20T08:03:23.981+0000 7f21e3925700 1 -- 172.21.15.152:0/461671042 >> [v2:172.21.15.152:6800/3162731956,v1:172.21.15.152:6801/3162731956] conn(0x7f21c803bfd0 msgr2=0x7f21c803e3c0 secure :-1 s=STATE_CONNECTION_ESTABLISHED l=1).mark_down
2024-02-20T08:03:24.705 INFO:teuthology.orchestra.run.smithi152.stdout:/usr/bin/ceph: stderr
2024-02-20T08:03:23.981+0000 7f21e3925700 1 --2- 172.21.15.152:0/461671042 >> [v2:172.21.15.152:6800/3162731956,v1:172.21.15.152:6801/3162731956] conn(0x7f21c803bfd0 0x7f21c803e3c0 secure :-1 s=READY pgs=2 cs=0 l=1 rev1=1 crypto rx=0x7f21cc003a10 tx=0x7f21cc009270 comp rx=0 tx=0).stop
2024-02-20T08:03:24.705 INFO:teuthology.orchestra.run.smithi152.stdout:/usr/bin/ceph: stderr
2024-02-20T08:03:23.981+0000 7f21e3925700 1 -- 172.21.15.152:0/461671042 >> [v2:172.21.15.152:3300/0,v1:172.21.15.152:6789/0] conn(0x7f21dc104610 msgr2=0x7f21dc19a080 secure :-1 s=STATE_CONNECTION_ESTABLISHED l=1).mark_down
2024-02-20T08:03:24.705 INFO:teuthology.orchestra.run.smithi152.stdout:/usr/bin/ceph: stderr
2024-02-20T08:03:23.981+0000 7f21e3925700 1 --2- 172.21.15.152:0/461671042 >> [v2:172.21.15.152:3300/0,v1:172.21.15.152:6789/0] conn(0x7f21dc104610 0x7f21dc19a080 secure :-1 s=READY pgs=74 cs=0 l=1 rev1=1 crypto rx=0x7f21d8009fb0 tx=0x7f21d8011890 comp rx=0 tx=0).stop
2024-02-20T08:03:24.705 INFO:teuthology.orchestra.run.smithi152.stdout:/usr/bin/ceph: stderr
2024-02-20T08:03:23.981+0000 7f21e3925700 1 -- 172.21.15.152:0/461671042 shutdown_connections
2024-02-20T08:03:24.705 INFO:teuthology.orchestra.run.smithi152.stdout:/usr/bin/ceph: stderr
2024-02-20T08:03:23.981+0000 7f21e3925700 1 --2- 172.21.15.152:0/461671042 >> [v2:172.21.15.152:3300/0,v1:172.21.15.152:6789/0] conn(0x7f21dc104610 0x7f21dc19a080 unknown :-1 s=CLOSED pgs=74 cs=0 l=1 rev1=1 crypto rx=0 tx=0 comp rx=0 tx=0).stop
2024-02-20T08:03:24.705 INFO:teuthology.orchestra.run.smithi152.stdout:/usr/bin/ceph: stderr
2024-02-20T08:03:23.981+0000 7f21e3925700 1 --2- 172.21.15.152:0/461671042 >> [v2:172.21.15.152:6800/3162731956,v1:172.21.15.152:6801/3162731956] conn(0x7f21c803bfd0 0x7f21c803e3c0 unknown :-1 s=CLOSED pgs=2 cs=0 l=1 rev1=1 crypto rx=0 tx=0 comp rx=0 tx=0).stop
2024-02-20T08:03:24.705 INFO:teuthology.orchestra.run.smithi152.stdout:/usr/bin/ceph: stderr
2024-02-20T08:03:23.981+0000 7f21e3925700 1 --2- 172.21.15.152:0/461671042 >> [v2:172.21.15.152:6800/3791375786,v1:172.21.15.152:6801/3791375786] conn(0x7f21c8038780 0x7f21c803ac40 unknown :-1 s=CLOSED pgs=0 cs=0 l=1 rev1=0 crypto rx=0 tx=0 comp rx=0 tx=0).stop
2024-02-20T08:03:24.705 INFO:teuthology.orchestra.run.smithi152.stdout:/usr/bin/ceph: stderr
2024-02-20T08:03:23.981+0000 7f21e3925700 1 -- 172.21.15.152:0/461671042 >> 172.21.15.152:0/461671042 conn(0x7f21dc0fff20 msgr2=0x7f21dc100ad0 unknown :-1 s=STATE_NONE l=0).mark_down
2024-02-20T08:03:24.705 INFO:teuthology.orchestra.run.smithi152.stdout:/usr/bin/ceph: stderr
2024-02-20T08:03:23.981+0000 7f21e3925700 1 -- 172.21.15.152:0/461671042 shutdown_connections
2024-02-20T08:03:24.706 INFO:teuthology.orchestra.run.smithi152.stdout:/usr/bin/ceph: stderr
2024-02-20T08:03:23.981+0000 7f21e3925700 1 -- 172.21.15.152:0/461671042 wait complete.
2024-02-20T08:03:24.706 INFO:teuthology.orchestra.run.smithi152.stdout:mgr epoch 9 is available
2024-02-20T08:03:24.706 INFO:teuthology.orchestra.run.smithi152.stdout:Generating a dashboard self-signed certificate...
2024-02-20T08:03:25.250 INFO:journalctl@ceph.mon.smithi152.smithi152.stdout:Feb 20 08:03:25 smithi152 ceph-mon[29456]: [20/Feb/2024:08:03:23] ENGINE Bus STARTING
2024-02-20T08:03:25.250 INFO:journalctl@ceph.mon.smithi152.smithi152.stdout:Feb 20 08:03:25 smithi152 ceph-mon[29456]: [20/Feb/2024:08:03:23] ENGINE Serving on https://172.21.15.152:7150
2024-02-20T08:03:25.250 INFO:journalctl@ceph.mon.smithi152.smithi152.stdout:Feb 20 08:03:25 smithi152 ceph-mon[29456]: from='client.14168 -' entity='client.admin' cmd=[{"prefix": "get_command_descriptions"}]: dispatch
2024-02-20T08:03:25.250 INFO:journalctl@ceph.mon.smithi152.smithi152.stdout:Feb 20 08:03:25 smithi152 ceph-mon[29456]: from='client.14168 -' entity='client.admin' cmd=[{"prefix": "mgr_status"}]: dispatch
2024-02-20T08:03:25.250 INFO:journalctl@ceph.mon.smithi152.smithi152.stdout:Feb 20 08:03:25 smithi152 ceph-mon[29456]: [20/Feb/2024:08:03:24] ENGINE Serving on http://172.21.15.152:8765
2024-02-20T08:03:25.250 INFO:journalctl@ceph.mon.smithi152.smithi152.stdout:Feb 20 08:03:25 smithi152 ceph-mon[29456]: [20/Feb/2024:08:03:24] ENGINE Bus STARTED
2024-02-20T08:03:25.251 INFO:journalctl@ceph.mon.smithi152.smithi152.stdout:Feb 20 08:03:25 smithi152 ceph-mon[29456]: from='mgr.14164 172.21.15.152:0/604612461' entity='mgr.smithi152.acyjyu'
2024-02-20T08:03:26.124 INFO:teuthology.orchestra.run.smithi152.stdout:/usr/bin/ceph: stdout Self-signed certificate created
2024-02-20T08:03:26.125 INFO:teuthology.orchestra.run.smithi152.stdout:/usr/bin/ceph: stderr
2024-02-20T08:03:25.212+0000 7f68a2bd5700 1 Processor -- start
2024-02-20T08:03:26.125 INFO:teuthology.orchestra.run.smithi152.stdout:/usr/bin/ceph: stderr
2024-02-20T08:03:25.212+0000 7f68a2bd5700 1 -- start start
2024-02-20T08:03:26.125 INFO:teuthology.orchestra.run.smithi152.stdout:/usr/bin/ceph: stderr
2024-02-20T08:03:25.213+0000 7f68a2bd5700 1 --2- >> [v2:172.21.15.152:3300/0,v1:172.21.15.152:6789/0] conn(0x7f689c105710 0x7f689c105b30 unknown :-1 s=NONE pgs=0 cs=0 l=0 rev1=0 crypto rx=0 tx=0 comp rx=0 tx=0).connect
2024-02-20T08:03:26.125 INFO:teuthology.orchestra.run.smithi152.stdout:/usr/bin/ceph: stderr
2024-02-20T08:03:25.213+0000 7f68a2bd5700 1 -- --> [v2:172.21.15.152:3300/0,v1:172.21.15.152:6789/0] -- mon_getmap magic: 0 v1 -- 0x7f689c106100 con 0x7f689c105710
2024-02-20T08:03:26.125 INFO:teuthology.orchestra.run.smithi152.stdout:/usr/bin/ceph: stderr
2024-02-20T08:03:25.213+0000 7f68a0971700 1 --2- >> [v2:172.21.15.152:3300/0,v1:172.21.15.152:6789/0] conn(0x7f689c105710 0x7f689c105b30 unknown :-1 s=BANNER_CONNECTING pgs=0 cs=0 l=0 rev1=0 crypto rx=0 tx=0 comp rx=0 tx=0)._handle_peer_banner_payload supported=3 required=0
2024-02-20T08:03:26.125 INFO:teuthology.orchestra.run.smithi152.stdout:/usr/bin/ceph: stderr
2024-02-20T08:03:25.213+0000 7f68a0971700 1 --2- >> [v2:172.21.15.152:3300/0,v1:172.21.15.152:6789/0] conn(0x7f689c105710 0x7f689c105b30 unknown :-1 s=HELLO_CONNECTING pgs=0 cs=0 l=0 rev1=1 crypto rx=0 tx=0 comp rx=0 tx=0).handle_hello peer v2:172.21.15.152:3300/0 says I am v2:172.21.15.152:39366/0 (socket says 172.21.15.152:39366)
2024-02-20T08:03:26.125 INFO:teuthology.orchestra.run.smithi152.stdout:/usr/bin/ceph: stderr
2024-02-20T08:03:25.213+0000 7f68a0971700 1 -- 172.21.15.152:0/2153024483 learned_addr learned my addr 172.21.15.152:0/2153024483 (peer_addr_for_me v2:172.21.15.152:0/0)
2024-02-20T08:03:26.125 INFO:teuthology.orchestra.run.smithi152.stdout:/usr/bin/ceph: stderr
2024-02-20T08:03:25.213+0000 7f68a0971700 1 -- 172.21.15.152:0/2153024483 --> [v2:172.21.15.152:3300/0,v1:172.21.15.152:6789/0] -- mon_subscribe({config=0+,monmap=0+}) v3 -- 0x7f689c106430 con 0x7f689c105710
2024-02-20T08:03:26.125 INFO:teuthology.orchestra.run.smithi152.stdout:/usr/bin/ceph: stderr
2024-02-20T08:03:25.213+0000 7f68a0971700 1 --2- 172.21.15.152:0/2153024483 >> [v2:172.21.15.152:3300/0,v1:172.21.15.152:6789/0] conn(0x7f689c105710 0x7f689c105b30 secure :-1 s=READY pgs=82 cs=0 l=1 rev1=1 crypto rx=0x7f68900098a0 tx=0x7f6890009bb0 comp rx=0 tx=0).ready entity=mon.0 client_cookie=75797f81a15fe0ad server_cookie=0 in_seq=0 out_seq=0
2024-02-20T08:03:26.125 INFO:teuthology.orchestra.run.smithi152.stdout:/usr/bin/ceph: stderr
2024-02-20T08:03:25.213+0000 7f689b7fe700 1 -- 172.21.15.152:0/2153024483 <== mon.0 v2:172.21.15.152:3300/0 1 ==== mon_map magic: 0 v1 ==== 229+0+0 (secure 0 0 0) 0x7f6890004180 con 0x7f689c105710
2024-02-20T08:03:26.125 INFO:teuthology.orchestra.run.smithi152.stdout:/usr/bin/ceph: stderr
2024-02-20T08:03:25.213+0000 7f689b7fe700 1 -- 172.21.15.152:0/2153024483 <== mon.0 v2:172.21.15.152:3300/0 2 ==== config(27 keys) v1 ==== 1109+0+0 (secure 0 0 0) 0x7f68900042e0 con 0x7f689c105710
2024-02-20T08:03:26.125 INFO:teuthology.orchestra.run.smithi152.stdout:/usr/bin/ceph: stderr
2024-02-20T08:03:25.213+0000 7f689b7fe700 1 -- 172.21.15.152:0/2153024483 <== mon.0 v2:172.21.15.152:3300/0 3 ==== mon_map magic: 0 v1 ==== 229+0+0 (secure 0 0 0) 0x7f6890011b10 con 0x7f689c105710
2024-02-20T08:03:26.125 INFO:teuthology.orchestra.run.smithi152.stdout:/usr/bin/ceph: stderr
2024-02-20T08:03:25.214+0000 7f68a2bd5700 1 -- 172.21.15.152:0/2153024483 >> [v2:172.21.15.152:3300/0,v1:172.21.15.152:6789/0] conn(0x7f689c105710 msgr2=0x7f689c105b30 secure :-1 s=STATE_CONNECTION_ESTABLISHED l=1).mark_down
2024-02-20T08:03:26.126 INFO:teuthology.orchestra.run.smithi152.stdout:/usr/bin/ceph: stderr
2024-02-20T08:03:25.214+0000 7f68a2bd5700 1 --2- 172.21.15.152:0/2153024483 >> [v2:172.21.15.152:3300/0,v1:172.21.15.152:6789/0] conn(0x7f689c105710 0x7f689c105b30 secure :-1 s=READY pgs=82 cs=0 l=1 rev1=1 crypto rx=0x7f68900098a0 tx=0x7f6890009bb0 comp rx=0 tx=0).stop
2024-02-20T08:03:26.126 INFO:teuthology.orchestra.run.smithi152.stdout:/usr/bin/ceph: stderr
2024-02-20T08:03:25.214+0000 7f68a2bd5700 1 -- 172.21.15.152:0/2153024483 shutdown_connections
2024-02-20T08:03:26.126 INFO:teuthology.orchestra.run.smithi152.stdout:/usr/bin/ceph: stderr
2024-02-20T08:03:25.214+0000 7f68a2bd5700 1 --2- 172.21.15.152:0/2153024483 >> [v2:172.21.15.152:3300/0,v1:172.21.15.152:6789/0] conn(0x7f689c105710 0x7f689c105b30 unknown :-1 s=CLOSED pgs=82 cs=0 l=1 rev1=1 crypto rx=0 tx=0 comp rx=0 tx=0).stop
2024-02-20T08:03:26.126 INFO:teuthology.orchestra.run.smithi152.stdout:/usr/bin/ceph: stderr
2024-02-20T08:03:25.214+0000 7f68a2bd5700 1 -- 172.21.15.152:0/2153024483 >> 172.21.15.152:0/2153024483 conn(0x7f689c0fff30 msgr2=0x7f689c102370 unknown :-1 s=STATE_NONE l=0).mark_down
2024-02-20T08:03:26.126 INFO:teuthology.orchestra.run.smithi152.stdout:/usr/bin/ceph: stderr
2024-02-20T08:03:25.214+0000 7f68a2bd5700 1 -- 172.21.15.152:0/2153024483 shutdown_connections
2024-02-20T08:03:26.126 INFO:teuthology.orchestra.run.smithi152.stdout:/usr/bin/ceph: stderr
2024-02-20T08:03:25.214+0000 7f68a2bd5700 1 -- 172.21.15.152:0/2153024483 wait complete.
2024-02-20T08:03:26.126 INFO:teuthology.orchestra.run.smithi152.stdout:/usr/bin/ceph: stderr
2024-02-20T08:03:25.215+0000 7f68a2bd5700 1 Processor -- start
2024-02-20T08:03:26.126 INFO:teuthology.orchestra.run.smithi152.stdout:/usr/bin/ceph: stderr
2024-02-20T08:03:25.215+0000 7f68a2bd5700 1 -- start start
2024-02-20T08:03:26.126 INFO:teuthology.orchestra.run.smithi152.stdout:/usr/bin/ceph: stderr
2024-02-20T08:03:25.215+0000 7f68a2bd5700 1 --2- >> [v2:172.21.15.152:3300/0,v1:172.21.15.152:6789/0] conn(0x7f689c105710 0x7f689c198f90 unknown :-1 s=NONE pgs=0 cs=0 l=1 rev1=0 crypto rx=0 tx=0 comp rx=0 tx=0).connect
2024-02-20T08:03:26.126 INFO:teuthology.orchestra.run.smithi152.stdout:/usr/bin/ceph: stderr
2024-02-20T08:03:25.215+0000 7f68a2bd5700 1 -- --> [v2:172.21.15.152:3300/0,v1:172.21.15.152:6789/0] -- mon_getmap magic: 0 v1 -- 0x7f689c1994d0 con 0x7f689c105710
2024-02-20T08:03:26.126 INFO:teuthology.orchestra.run.smithi152.stdout:/usr/bin/ceph: stderr
2024-02-20T08:03:25.215+0000 7f68a0971700 1 --2- >> [v2:172.21.15.152:3300/0,v1:172.21.15.152:6789/0] conn(0x7f689c105710 0x7f689c198f90 unknown :-1 s=BANNER_CONNECTING pgs=0 cs=0 l=1 rev1=0 crypto rx=0 tx=0 comp rx=0 tx=0)._handle_peer_banner_payload supported=3 required=0
2024-02-20T08:03:26.126 INFO:teuthology.orchestra.run.smithi152.stdout:/usr/bin/ceph: stderr
2024-02-20T08:03:25.215+0000 7f68a0971700 1 --2- >> [v2:172.21.15.152:3300/0,v1:172.21.15.152:6789/0] conn(0x7f689c105710 0x7f689c198f90 unknown :-1 s=HELLO_CONNECTING pgs=0 cs=0 l=1 rev1=1 crypto rx=0 tx=0 comp rx=0 tx=0).handle_hello peer v2:172.21.15.152:3300/0 says I am v2:172.21.15.152:39378/0 (socket says 172.21.15.152:39378)
2024-02-20T08:03:26.126 INFO:teuthology.orchestra.run.smithi152.stdout:/usr/bin/ceph: stderr
2024-02-20T08:03:25.215+0000 7f68a0971700 1 -- 172.21.15.152:0/4089225217 learned_addr learned my addr 172.21.15.152:0/4089225217 (peer_addr_for_me v2:172.21.15.152:0/0)
2024-02-20T08:03:26.126 INFO:teuthology.orchestra.run.smithi152.stdout:/usr/bin/ceph: stderr
2024-02-20T08:03:25.216+0000 7f68a0971700 1 -- 172.21.15.152:0/4089225217 --> [v2:172.21.15.152:3300/0,v1:172.21.15.152:6789/0] -- mon_subscribe({config=0+,monmap=0+}) v3 -- 0x7f6890009550 con 0x7f689c105710
2024-02-20T08:03:26.127 INFO:teuthology.orchestra.run.smithi152.stdout:/usr/bin/ceph: stderr
2024-02-20T08:03:25.216+0000 7f68a0971700 1 --2- 172.21.15.152:0/4089225217 >> [v2:172.21.15.152:3300/0,v1:172.21.15.152:6789/0] conn(0x7f689c105710 0x7f689c198f90 secure :-1 s=READY pgs=83 cs=0 l=1 rev1=1 crypto rx=0x7f68900117b0 tx=0x7f6890011890 comp rx=0 tx=0).ready entity=mon.0 client_cookie=0 server_cookie=0 in_seq=0 out_seq=0
2024-02-20T08:03:26.127 INFO:teuthology.orchestra.run.smithi152.stdout:/usr/bin/ceph: stderr
2024-02-20T08:03:25.216+0000 7f6899ffb700 1 -- 172.21.15.152:0/4089225217 <== mon.0 v2:172.21.15.152:3300/0 1 ==== mon_map magic: 0 v1 ==== 229+0+0 (secure 0 0 0) 0x7f68900038b0 con 0x7f689c105710
2024-02-20T08:03:26.127 INFO:teuthology.orchestra.run.smithi152.stdout:/usr/bin/ceph: stderr
2024-02-20T08:03:25.216+0000 7f6899ffb700 1 -- 172.21.15.152:0/4089225217 <== mon.0 v2:172.21.15.152:3300/0 2 ==== config(27 keys) v1 ==== 1109+0+0 (secure 0 0 0) 0x7f6890003a10 con 0x7f689c105710
2024-02-20T08:03:26.127 INFO:teuthology.orchestra.run.smithi152.stdout:/usr/bin/ceph: stderr
2024-02-20T08:03:25.216+0000 7f6899ffb700 1 -- 172.21.15.152:0/4089225217 <== mon.0 v2:172.21.15.152:3300/0 3 ==== mon_map magic: 0 v1 ==== 229+0+0 (secure 0 0 0) 0x7f6890024780 con 0x7f689c105710
2024-02-20T08:03:26.127 INFO:teuthology.orchestra.run.smithi152.stdout:/usr/bin/ceph: stderr
2024-02-20T08:03:25.216+0000 7f68a2bd5700 1 -- 172.21.15.152:0/4089225217 --> [v2:172.21.15.152:3300/0,v1:172.21.15.152:6789/0] -- mon_subscribe({mgrmap=0+}) v3 -- 0x7f689c1996d0 con 0x7f689c105710
2024-02-20T08:03:26.127 INFO:teuthology.orchestra.run.smithi152.stdout:/usr/bin/ceph: stderr
2024-02-20T08:03:25.216+0000 7f68a2bd5700 1 -- 172.21.15.152:0/4089225217 --> [v2:172.21.15.152:3300/0,v1:172.21.15.152:6789/0] -- mon_subscribe({osdmap=0}) v3 -- 0x7f689c199b70 con 0x7f689c105710
2024-02-20T08:03:26.127 INFO:teuthology.orchestra.run.smithi152.stdout:/usr/bin/ceph: stderr
2024-02-20T08:03:25.217+0000 7f6899ffb700 1 -- 172.21.15.152:0/4089225217 <== mon.0 v2:172.21.15.152:3300/0 4 ==== mgrmap(e 11) v1 ==== 45459+0+0 (secure 0 0 0) 0x7f689001a430 con 0x7f689c105710
2024-02-20T08:03:26.127 INFO:teuthology.orchestra.run.smithi152.stdout:/usr/bin/ceph: stderr
2024-02-20T08:03:25.217+0000 7f6899ffb700 1 --2- 172.21.15.152:0/4089225217 >> [v2:172.21.15.152:6800/3162731956,v1:172.21.15.152:6801/3162731956] conn(0x7f688c0386a0 0x7f688c03ab60 unknown :-1 s=NONE pgs=0 cs=0 l=1 rev1=0 crypto rx=0 tx=0 comp rx=0 tx=0).connect
2024-02-20T08:03:26.127 INFO:teuthology.orchestra.run.smithi152.stdout:/usr/bin/ceph: stderr
2024-02-20T08:03:25.217+0000 7f68a2bd5700 1 -- 172.21.15.152:0/4089225217 --> [v2:172.21.15.152:3300/0,v1:172.21.15.152:6789/0] -- mon_command({"prefix": "get_command_descriptions"} v 0) v1 -- 0x7f689c109660 con 0x7f689c105710
2024-02-20T08:03:26.127 INFO:teuthology.orchestra.run.smithi152.stdout:/usr/bin/ceph: stderr
2024-02-20T08:03:25.217+0000 7f6899ffb700 1 -- 172.21.15.152:0/4089225217 <== mon.0 v2:172.21.15.152:3300/0 5 ==== osd_map(3..3 src has 1..3) v4 ==== 1155+0+0 (secure 0 0 0) 0x7f689004c730 con 0x7f689c105710
2024-02-20T08:03:26.127 INFO:teuthology.orchestra.run.smithi152.stdout:/usr/bin/ceph: stderr
2024-02-20T08:03:25.217+0000 7f689bfff700 1 --2- 172.21.15.152:0/4089225217 >> [v2:172.21.15.152:6800/3162731956,v1:172.21.15.152:6801/3162731956] conn(0x7f688c0386a0 0x7f688c03ab60 unknown :-1 s=BANNER_CONNECTING pgs=0 cs=0 l=1 rev1=0 crypto rx=0 tx=0 comp rx=0 tx=0)._handle_peer_banner_payload supported=3 required=0
2024-02-20T08:03:26.127 INFO:teuthology.orchestra.run.smithi152.stdout:/usr/bin/ceph: stderr
2024-02-20T08:03:25.218+0000 7f689bfff700 1 --2- 172.21.15.152:0/4089225217 >> [v2:172.21.15.152:6800/3162731956,v1:172.21.15.152:6801/3162731956] conn(0x7f688c0386a0 0x7f688c03ab60 secure :-1 s=READY pgs=7 cs=0 l=1 rev1=1 crypto rx=0x7f6888006fd0 tx=0x7f6888006e40 comp rx=0 tx=0).ready entity=mgr.14164 client_cookie=0 server_cookie=0 in_seq=0 out_seq=0
2024-02-20T08:03:26.127 INFO:teuthology.orchestra.run.smithi152.stdout:/usr/bin/ceph: stderr
2024-02-20T08:03:25.223+0000 7f6899ffb700 1 -- 172.21.15.152:0/4089225217 <== mon.0 v2:172.21.15.152:3300/0 6 ==== mon_command_ack([{"prefix": "get_command_descriptions"}]=0 v0) v1 ==== 72+0+182595 (secure 0 0 0) 0x7f689002d3f0 con 0x7f689c105710
2024-02-20T08:03:26.127 INFO:teuthology.orchestra.run.smithi152.stdout:/usr/bin/ceph: stderr
2024-02-20T08:03:25.432+0000 7f68a2bd5700 1 -- 172.21.15.152:0/4089225217 --> [v2:172.21.15.152:6800/3162731956,v1:172.21.15.152:6801/3162731956] -- mgr_command(tid 0: {"prefix": "dashboard create-self-signed-cert", "target": ["mon-mgr", ""]}) v1 -- 0x7f689c101130 con 0x7f688c0386a0
2024-02-20T08:03:26.128 INFO:teuthology.orchestra.run.smithi152.stdout:/usr/bin/ceph: stderr
2024-02-20T08:03:25.505+0000 7f6899ffb700 1 -- 172.21.15.152:0/4089225217 <== mgr.14164 v2:172.21.15.152:6800/3162731956 1 ==== mgr_command_reply(tid 0: 0 ) v1 ==== 8+0+32 (secure 0 0 0) 0x7f689c101130 con 0x7f688c0386a0
2024-02-20T08:03:26.128 INFO:teuthology.orchestra.run.smithi152.stdout:/usr/bin/ceph: stderr
2024-02-20T08:03:25.508+0000 7f68a2bd5700 1 -- 172.21.15.152:0/4089225217 >> [v2:172.21.15.152:6800/3162731956,v1:172.21.15.152:6801/3162731956] conn(0x7f688c0386a0 msgr2=0x7f688c03ab60 secure :-1 s=STATE_CONNECTION_ESTABLISHED l=1).mark_down
2024-02-20T08:03:26.128 INFO:teuthology.orchestra.run.smithi152.stdout:/usr/bin/ceph: stderr
2024-02-20T08:03:25.508+0000 7f68a2bd5700 1 --2- 172.21.15.152:0/4089225217 >> [v2:172.21.15.152:6800/3162731956,v1:172.21.15.152:6801/3162731956] conn(0x7f688c0386a0 0x7f688c03ab60 secure :-1 s=READY pgs=7 cs=0 l=1 rev1=1 crypto rx=0x7f6888006fd0 tx=0x7f6888006e40 comp rx=0 tx=0).stop
2024-02-20T08:03:26.128 INFO:teuthology.orchestra.run.smithi152.stdout:/usr/bin/ceph: stderr
2024-02-20T08:03:25.508+0000 7f68a2bd5700 1 -- 172.21.15.152:0/4089225217 >> [v2:172.21.15.152:3300/0,v1:172.21.15.152:6789/0] conn(0x7f689c105710 msgr2=0x7f689c198f90 secure :-1 s=STATE_CONNECTION_ESTABLISHED l=1).mark_down
2024-02-20T08:03:26.128 INFO:teuthology.orchestra.run.smithi152.stdout:/usr/bin/ceph: stderr
2024-02-20T08:03:25.508+0000 7f68a2bd5700 1 --2- 172.21.15.152:0/4089225217 >> [v2:172.21.15.152:3300/0,v1:172.21.15.152:6789/0] conn(0x7f689c105710 0x7f689c198f90 secure :-1 s=READY pgs=83 cs=0 l=1 rev1=1 crypto rx=0x7f68900117b0 tx=0x7f6890011890 comp rx=0 tx=0).stop
2024-02-20T08:03:26.128 INFO:teuthology.orchestra.run.smithi152.stdout:/usr/bin/ceph: stderr
2024-02-20T08:03:25.508+0000 7f68a2bd5700 1 -- 172.21.15.152:0/4089225217 shutdown_connections
2024-02-20T08:03:26.128 INFO:teuthology.orchestra.run.smithi152.stdout:/usr/bin/ceph: stderr
2024-02-20T08:03:25.508+0000 7f68a2bd5700 1 --2- 172.21.15.152:0/4089225217 >> [v2:172.21.15.152:6800/3162731956,v1:172.21.15.152:6801/3162731956] conn(0x7f688c0386a0 0x7f688c03ab60 unknown :-1 s=CLOSED pgs=7 cs=0 l=1 rev1=1 crypto rx=0 tx=0 comp rx=0 tx=0).stop
2024-02-20T08:03:26.128 INFO:teuthology.orchestra.run.smithi152.stdout:/usr/bin/ceph: stderr
2024-02-20T08:03:25.508+0000 7f68a2bd5700 1 --2- 172.21.15.152:0/4089225217 >> [v2:172.21.15.152:3300/0,v1:172.21.15.152:6789/0] conn(0x7f689c105710 0x7f689c198f90 unknown :-1 s=CLOSED pgs=83 cs=0 l=1 rev1=1 crypto rx=0 tx=0 comp rx=0 tx=0).stop
2024-02-20T08:03:26.128 INFO:teuthology.orchestra.run.smithi152.stdout:/usr/bin/ceph: stderr
2024-02-20T08:03:25.508+0000 7f68a2bd5700 1 -- 172.21.15.152:0/4089225217 >> 172.21.15.152:0/4089225217 conn(0x7f689c0fff30 msgr2=0x7f689c100a20 unknown :-1 s=STATE_NONE l=0).mark_down
2024-02-20T08:03:26.128 INFO:teuthology.orchestra.run.smithi152.stdout:/usr/bin/ceph: stderr
2024-02-20T08:03:25.508+0000 7f68a2bd5700 1 -- 172.21.15.152:0/4089225217 shutdown_connections
2024-02-20T08:03:26.128 INFO:teuthology.orchestra.run.smithi152.stdout:/usr/bin/ceph: stderr
2024-02-20T08:03:25.508+0000 7f68a2bd5700 1 -- 172.21.15.152:0/4089225217 wait complete.
2024-02-20T08:03:26.128 INFO:teuthology.orchestra.run.smithi152.stdout:Creating initial admin user...
2024-02-20T08:03:26.750 INFO:journalctl@ceph.mon.smithi152.smithi152.stdout:Feb 20 08:03:26 smithi152 ceph-mon[29456]: from='client.14176 -' entity='client.admin' cmd=[{"prefix": "dashboard create-self-signed-cert", "target": ["mon-mgr", ""]}]: dispatch
2024-02-20T08:03:26.750 INFO:journalctl@ceph.mon.smithi152.smithi152.stdout:Feb 20 08:03:26 smithi152 ceph-mon[29456]: from='mgr.14164 172.21.15.152:0/604612461' entity='mgr.smithi152.acyjyu'
2024-02-20T08:03:26.750 INFO:journalctl@ceph.mon.smithi152.smithi152.stdout:Feb 20 08:03:26 smithi152 ceph-mon[29456]: from='mgr.14164 172.21.15.152:0/604612461' entity='mgr.smithi152.acyjyu'
2024-02-20T08:03:26.750 INFO:journalctl@ceph.mon.smithi152.smithi152.stdout:Feb 20 08:03:26 smithi152 ceph-mon[29456]: from='mgr.14164 172.21.15.152:0/604612461' entity='mgr.smithi152.acyjyu'
2024-02-20T08:03:26.750 INFO:journalctl@ceph.mon.smithi152.smithi152.stdout:Feb 20 08:03:26 smithi152 ceph-mon[29456]: mgrmap e12: smithi152.acyjyu(active, since 2s)
2024-02-20T08:03:27.761 INFO:teuthology.orchestra.run.smithi152.stdout:/usr/bin/ceph: stdout {"username": "admin", "password": "$2b$12$5Xz8yhKVfmNDgSyTtmk4Guh7wVssN4dsI3xHJ9b7kSlXD.hhZC7B6", "roles": ["administrator"], "name": null, "email": null, "lastUpdate": 1708416206, "enabled": true, "pwdExpirationDate": null, "pwdUpdateRequired": true}
2024-02-20T08:03:27.761 INFO:teuthology.orchestra.run.smithi152.stdout:/usr/bin/ceph: stderr
2024-02-20T08:03:26.528+0000 7f6434018700 1 Processor -- start
2024-02-20T08:03:27.761 INFO:teuthology.orchestra.run.smithi152.stdout:/usr/bin/ceph: stderr
2024-02-20T08:03:26.529+0000 7f6434018700 1 -- start start
2024-02-20T08:03:27.761 INFO:teuthology.orchestra.run.smithi152.stdout:/usr/bin/ceph: stderr
2024-02-20T08:03:26.529+0000 7f6434018700 1 --2- >> [v2:172.21.15.152:3300/0,v1:172.21.15.152:6789/0] conn(0x7f642c106350 0x7f642c106770 unknown :-1 s=NONE pgs=0 cs=0 l=0 rev1=0 crypto rx=0 tx=0 comp rx=0 tx=0).connect
2024-02-20T08:03:27.761 INFO:teuthology.orchestra.run.smithi152.stdout:/usr/bin/ceph: stderr
2024-02-20T08:03:26.529+0000 7f6434018700 1 -- --> [v2:172.21.15.152:3300/0,v1:172.21.15.152:6789/0] -- mon_getmap magic: 0 v1 -- 0x7f642c106d40 con 0x7f642c106350
2024-02-20T08:03:27.761 INFO:teuthology.orchestra.run.smithi152.stdout:/usr/bin/ceph: stderr
2024-02-20T08:03:26.529+0000 7f6431db4700 1 --2- >> [v2:172.21.15.152:3300/0,v1:172.21.15.152:6789/0] conn(0x7f642c106350 0x7f642c106770 unknown :-1 s=BANNER_CONNECTING pgs=0 cs=0 l=0 rev1=0 crypto rx=0 tx=0 comp rx=0 tx=0)._handle_peer_banner_payload supported=3 required=0
2024-02-20T08:03:27.761 INFO:teuthology.orchestra.run.smithi152.stdout:/usr/bin/ceph: stderr
2024-02-20T08:03:26.529+0000 7f6431db4700 1 --2- >> [v2:172.21.15.152:3300/0,v1:172.21.15.152:6789/0] conn(0x7f642c106350 0x7f642c106770 unknown :-1 s=HELLO_CONNECTING pgs=0 cs=0 l=0 rev1=1 crypto rx=0 tx=0 comp rx=0 tx=0).handle_hello peer v2:172.21.15.152:3300/0 says I am v2:172.21.15.152:45120/0 (socket says 172.21.15.152:45120)
2024-02-20T08:03:27.761 INFO:teuthology.orchestra.run.smithi152.stdout:/usr/bin/ceph: stderr
2024-02-20T08:03:26.529+0000 7f6431db4700 1 -- 172.21.15.152:0/2442279599 learned_addr learned my addr 172.21.15.152:0/2442279599 (peer_addr_for_me v2:172.21.15.152:0/0)
2024-02-20T08:03:27.761 INFO:teuthology.orchestra.run.smithi152.stdout:/usr/bin/ceph: stderr
2024-02-20T08:03:26.529+0000 7f6431db4700 1 -- 172.21.15.152:0/2442279599 --> [v2:172.21.15.152:3300/0,v1:172.21.15.152:6789/0] -- mon_subscribe({config=0+,monmap=0+}) v3 -- 0x7f642c107500 con 0x7f642c106350
2024-02-20T08:03:27.761 INFO:teuthology.orchestra.run.smithi152.stdout:/usr/bin/ceph: stderr
2024-02-20T08:03:26.529+0000 7f6431db4700 1 --2- 172.21.15.152:0/2442279599 >> [v2:172.21.15.152:3300/0,v1:172.21.15.152:6789/0] conn(0x7f642c106350 0x7f642c106770 secure :-1 s=READY pgs=84 cs=0 l=1 rev1=1 crypto rx=0x7f64280098a0 tx=0x7f6428009bb0 comp rx=0 tx=0).ready entity=mon.0 client_cookie=a6ef700bc78efe3f server_cookie=0 in_seq=0 out_seq=0
2024-02-20T08:03:27.761 INFO:teuthology.orchestra.run.smithi152.stdout:/usr/bin/ceph: stderr
2024-02-20T08:03:26.530+0000 7f6430db2700 1 -- 172.21.15.152:0/2442279599 <== mon.0 v2:172.21.15.152:3300/0 1 ==== mon_map magic: 0 v1 ==== 229+0+0 (secure 0 0 0) 0x7f6428004180 con 0x7f642c106350
2024-02-20T08:03:27.761 INFO:teuthology.orchestra.run.smithi152.stdout:/usr/bin/ceph: stderr
2024-02-20T08:03:26.530+0000 7f6430db2700 1 -- 172.21.15.152:0/2442279599 <== mon.0 v2:172.21.15.152:3300/0 2 ==== config(27 keys) v1 ==== 1109+0+0 (secure 0 0 0) 0x7f64280042e0 con 0x7f642c106350
2024-02-20T08:03:27.761 INFO:teuthology.orchestra.run.smithi152.stdout:/usr/bin/ceph: stderr
2024-02-20T08:03:26.530+0000 7f6430db2700 1 -- 172.21.15.152:0/2442279599 <== mon.0 v2:172.21.15.152:3300/0 3 ==== mon_map magic: 0 v1 ==== 229+0+0 (secure 0 0 0) 0x7f6428011b10 con 0x7f642c106350
2024-02-20T08:03:27.762 INFO:teuthology.orchestra.run.smithi152.stdout:/usr/bin/ceph: stderr
2024-02-20T08:03:26.530+0000 7f6434018700 1 -- 172.21.15.152:0/2442279599 >> [v2:172.21.15.152:3300/0,v1:172.21.15.152:6789/0] conn(0x7f642c106350 msgr2=0x7f642c106770 secure :-1 s=STATE_CONNECTION_ESTABLISHED l=1).mark_down
2024-02-20T08:03:27.762 INFO:teuthology.orchestra.run.smithi152.stdout:/usr/bin/ceph: stderr
2024-02-20T08:03:26.530+0000 7f6434018700 1 --2- 172.21.15.152:0/2442279599 >> [v2:172.21.15.152:3300/0,v1:172.21.15.152:6789/0] conn(0x7f642c106350 0x7f642c106770 secure :-1 s=READY pgs=84 cs=0 l=1 rev1=1 crypto rx=0x7f64280098a0 tx=0x7f6428009bb0 comp rx=0 tx=0).stop
2024-02-20T08:03:27.762 INFO:teuthology.orchestra.run.smithi152.stdout:/usr/bin/ceph: stderr
2024-02-20T08:03:26.530+0000 7f6434018700 1 -- 172.21.15.152:0/2442279599 shutdown_connections
2024-02-20T08:03:27.762 INFO:teuthology.orchestra.run.smithi152.stdout:/usr/bin/ceph: stderr
2024-02-20T08:03:26.530+0000 7f6434018700 1 --2- 172.21.15.152:0/2442279599 >> [v2:172.21.15.152:3300/0,v1:172.21.15.152:6789/0] conn(0x7f642c106350 0x7f642c106770 unknown :-1 s=CLOSED pgs=84 cs=0 l=1 rev1=1 crypto rx=0 tx=0 comp rx=0 tx=0).stop
2024-02-20T08:03:27.762 INFO:teuthology.orchestra.run.smithi152.stdout:/usr/bin/ceph: stderr
2024-02-20T08:03:26.530+0000 7f6434018700 1 -- 172.21.15.152:0/2442279599 >> 172.21.15.152:0/2442279599 conn(0x7f642c1018f0 msgr2=0x7f642c103d30 unknown :-1 s=STATE_NONE l=0).mark_down
2024-02-20T08:03:27.762 INFO:teuthology.orchestra.run.smithi152.stdout:/usr/bin/ceph: stderr
2024-02-20T08:03:26.531+0000 7f6434018700 1 -- 172.21.15.152:0/2442279599 shutdown_connections
2024-02-20T08:03:27.762 INFO:teuthology.orchestra.run.smithi152.stdout:/usr/bin/ceph: stderr
2024-02-20T08:03:26.531+0000 7f6434018700 1 -- 172.21.15.152:0/2442279599 wait complete.
2024-02-20T08:03:27.762 INFO:teuthology.orchestra.run.smithi152.stdout:/usr/bin/ceph: stderr
2024-02-20T08:03:26.531+0000 7f6434018700 1 Processor -- start
2024-02-20T08:03:27.762 INFO:teuthology.orchestra.run.smithi152.stdout:/usr/bin/ceph: stderr
2024-02-20T08:03:26.531+0000 7f6434018700 1 -- start start
2024-02-20T08:03:27.762 INFO:teuthology.orchestra.run.smithi152.stdout:/usr/bin/ceph: stderr
2024-02-20T08:03:26.532+0000 7f6434018700 1 --2- >> [v2:172.21.15.152:3300/0,v1:172.21.15.152:6789/0] conn(0x7f642c106350 0x7f642c07bb20 unknown :-1 s=NONE pgs=0 cs=0 l=1 rev1=0 crypto rx=0 tx=0 comp rx=0 tx=0).connect
2024-02-20T08:03:27.762 INFO:teuthology.orchestra.run.smithi152.stdout:/usr/bin/ceph: stderr
