2024-02-20T08:02:45.487+0000 7f1642f79700 1 Processor -- start
2024-02-20T08:02:51.660 INFO:teuthology.orchestra.run.smithi152.stdout:/usr/bin/ceph: stderr
2024-02-20T08:02:45.487+0000 7f1642f79700 1 -- start start
2024-02-20T08:02:51.660 INFO:teuthology.orchestra.run.smithi152.stdout:/usr/bin/ceph: stderr
2024-02-20T08:02:45.488+0000 7f1642f79700 1 --2- >> [v2:172.21.15.152:3300/0,v1:172.21.15.152:6789/0] conn(0x7f163c106de0 0x7f163c19a010 unknown :-1 s=NONE pgs=0 cs=0 l=1 rev1=0 crypto rx=0 tx=0 comp rx=0 tx=0).connect
2024-02-20T08:02:51.660 INFO:teuthology.orchestra.run.smithi152.stdout:/usr/bin/ceph: stderr
2024-02-20T08:02:45.488+0000 7f1642f79700 1 -- --> [v2:172.21.15.152:3300/0,v1:172.21.15.152:6789/0] -- mon_getmap magic: 0 v1 -- 0x7f163c19a550 con 0x7f163c106de0
2024-02-20T08:02:51.660 INFO:teuthology.orchestra.run.smithi152.stdout:/usr/bin/ceph: stderr
2024-02-20T08:02:45.488+0000 7f1640d15700 1 --2- >> [v2:172.21.15.152:3300/0,v1:172.21.15.152:6789/0] conn(0x7f163c106de0 0x7f163c19a010 unknown :-1 s=BANNER_CONNECTING pgs=0 cs=0 l=1 rev1=0 crypto rx=0 tx=0 comp rx=0 tx=0)._handle_peer_banner_payload supported=3 required=0
2024-02-20T08:02:51.660 INFO:teuthology.orchestra.run.smithi152.stdout:/usr/bin/ceph: stderr
2024-02-20T08:02:45.488+0000 7f1640d15700 1 --2- >> [v2:172.21.15.152:3300/0,v1:172.21.15.152:6789/0] conn(0x7f163c106de0 0x7f163c19a010 unknown :-1 s=HELLO_CONNECTING pgs=0 cs=0 l=1 rev1=1 crypto rx=0 tx=0 comp rx=0 tx=0).handle_hello peer v2:172.21.15.152:3300/0 says I am v2:172.21.15.152:52886/0 (socket says 172.21.15.152:52886)
2024-02-20T08:02:51.660 INFO:teuthology.orchestra.run.smithi152.stdout:/usr/bin/ceph: stderr
2024-02-20T08:02:45.488+0000 7f1640d15700 1 -- 172.21.15.152:0/1295972661 learned_addr learned my addr 172.21.15.152:0/1295972661 (peer_addr_for_me v2:172.21.15.152:0/0)
2024-02-20T08:02:51.660 INFO:teuthology.orchestra.run.smithi152.stdout:/usr/bin/ceph: stderr
2024-02-20T08:02:45.488+0000 7f1640d15700 1 -- 172.21.15.152:0/1295972661 --> [v2:172.21.15.152:3300/0,v1:172.21.15.152:6789/0] -- mon_subscribe({config=0+,monmap=0+}) v3 -- 0x7f1630009550 con 0x7f163c106de0
2024-02-20T08:02:51.660 INFO:teuthology.orchestra.run.smithi152.stdout:/usr/bin/ceph: stderr
2024-02-20T08:02:45.488+0000 7f1640d15700 1 --2- 172.21.15.152:0/1295972661 >> [v2:172.21.15.152:3300/0,v1:172.21.15.152:6789/0] conn(0x7f163c106de0 0x7f163c19a010 secure :-1 s=READY pgs=29 cs=0 l=1 rev1=1 crypto rx=0x7f1630011710 tx=0x7f16300047c0 comp rx=0 tx=0).ready entity=mon.0 client_cookie=0 server_cookie=0 in_seq=0 out_seq=0
2024-02-20T08:02:51.660 INFO:teuthology.orchestra.run.smithi152.stdout:/usr/bin/ceph: stderr
2024-02-20T08:02:45.488+0000 7f1639ffb700 1 -- 172.21.15.152:0/1295972661 <== mon.0 v2:172.21.15.152:3300/0 1 ==== mon_map magic: 0 v1 ==== 229+0+0 (secure 0 0 0) 0x7f1630003b10 con 0x7f163c106de0
2024-02-20T08:02:51.660 INFO:teuthology.orchestra.run.smithi152.stdout:/usr/bin/ceph: stderr
2024-02-20T08:02:45.488+0000 7f1639ffb700 1 -- 172.21.15.152:0/1295972661 <== mon.0 v2:172.21.15.152:3300/0 2 ==== config(27 keys) v1 ==== 1042+0+0 (secure 0 0 0) 0x7f163001b8c0 con 0x7f163c106de0
2024-02-20T08:02:51.660 INFO:teuthology.orchestra.run.smithi152.stdout:/usr/bin/ceph: stderr
2024-02-20T08:02:45.488+0000 7f1639ffb700 1 -- 172.21.15.152:0/1295972661 <== mon.0 v2:172.21.15.152:3300/0 3 ==== mon_map magic: 0 v1 ==== 229+0+0 (secure 0 0 0) 0x7f16300197e0 con 0x7f163c106de0
2024-02-20T08:02:51.660 INFO:teuthology.orchestra.run.smithi152.stdout:/usr/bin/ceph: stderr
2024-02-20T08:02:45.488+0000 7f1642f79700 1 -- 172.21.15.152:0/1295972661 --> [v2:172.21.15.152:3300/0,v1:172.21.15.152:6789/0] -- mon_subscribe({mgrmap=0+}) v3 -- 0x7f163c19a750 con 0x7f163c106de0
2024-02-20T08:02:51.660 INFO:teuthology.orchestra.run.smithi152.stdout:/usr/bin/ceph: stderr
2024-02-20T08:02:45.489+0000 7f1642f79700 1 -- 172.21.15.152:0/1295972661 --> [v2:172.21.15.152:3300/0,v1:172.21.15.152:6789/0] -- mon_subscribe({osdmap=0}) v3 -- 0x7f163c19abf0 con 0x7f163c106de0
2024-02-20T08:02:51.660 INFO:teuthology.orchestra.run.smithi152.stdout:/usr/bin/ceph: stderr
2024-02-20T08:02:45.489+0000 7f1639ffb700 1 -- 172.21.15.152:0/1295972661 <== mon.0 v2:172.21.15.152:3300/0 4 ==== mgrmap(e 5) v1 ==== 45552+0+0 (secure 0 0 0) 0x7f1630019a20 con 0x7f163c106de0
2024-02-20T08:02:51.661 INFO:teuthology.orchestra.run.smithi152.stdout:/usr/bin/ceph: stderr
2024-02-20T08:02:45.490+0000 7f1639ffb700 1 --2- 172.21.15.152:0/1295972661 >> [v2:172.21.15.152:6800/836502819,v1:172.21.15.152:6801/836502819] conn(0x7f162c038720 0x7f162c03abe0 unknown :-1 s=NONE pgs=0 cs=0 l=1 rev1=0 crypto rx=0 tx=0 comp rx=0 tx=0).connect
2024-02-20T08:02:51.661 INFO:teuthology.orchestra.run.smithi152.stdout:/usr/bin/ceph: stderr
2024-02-20T08:02:45.490+0000 7f1639ffb700 1 -- 172.21.15.152:0/1295972661 --> [v2:172.21.15.152:6800/836502819,v1:172.21.15.152:6801/836502819] -- command(tid 0: {"prefix": "get_command_descriptions"}) v1 -- 0x7f162c03b2f0 con 0x7f162c038720
2024-02-20T08:02:51.661 INFO:teuthology.orchestra.run.smithi152.stdout:/usr/bin/ceph: stderr
2024-02-20T08:02:45.490+0000 7f163bfff700 1 -- 172.21.15.152:0/1295972661 >> [v2:172.21.15.152:6800/836502819,v1:172.21.15.152:6801/836502819] conn(0x7f162c038720 msgr2=0x7f162c03abe0 unknown :-1 s=STATE_CONNECTING_RE l=1).process reconnect failed to v2:172.21.15.152:6800/836502819
2024-02-20T08:02:51.661 INFO:teuthology.orchestra.run.smithi152.stdout:/usr/bin/ceph: stderr
2024-02-20T08:02:45.490+0000 7f1639ffb700 1 -- 172.21.15.152:0/1295972661 <== mon.0 v2:172.21.15.152:3300/0 5 ==== osd_map(1..1 src has 1..1) v4 ==== 725+0+0 (secure 0 0 0) 0x7f163004c950 con 0x7f163c106de0
2024-02-20T08:02:51.661 INFO:teuthology.orchestra.run.smithi152.stdout:/usr/bin/ceph: stderr
2024-02-20T08:02:45.490+0000 7f163bfff700 1 --2- 172.21.15.152:0/1295972661 >> [v2:172.21.15.152:6800/836502819,v1:172.21.15.152:6801/836502819] conn(0x7f162c038720 0x7f162c03abe0 unknown :-1 s=START_CONNECT pgs=0 cs=0 l=1 rev1=0 crypto rx=0 tx=0 comp rx=0 tx=0)._fault waiting 0.200000
2024-02-20T08:02:51.661 INFO:teuthology.orchestra.run.smithi152.stdout:/usr/bin/ceph: stderr
2024-02-20T08:02:45.691+0000 7f163bfff700 1 -- 172.21.15.152:0/1295972661 >> [v2:172.21.15.152:6800/836502819,v1:172.21.15.152:6801/836502819] conn(0x7f162c038720 msgr2=0x7f162c03abe0 unknown :-1 s=STATE_CONNECTING_RE l=1).process reconnect failed to v2:172.21.15.152:6800/836502819
2024-02-20T08:02:51.661 INFO:teuthology.orchestra.run.smithi152.stdout:/usr/bin/ceph: stderr
2024-02-20T08:02:45.691+0000 7f163bfff700 1 --2- 172.21.15.152:0/1295972661 >> [v2:172.21.15.152:6800/836502819,v1:172.21.15.152:6801/836502819] conn(0x7f162c038720 0x7f162c03abe0 unknown :-1 s=START_CONNECT pgs=0 cs=0 l=1 rev1=0 crypto rx=0 tx=0 comp rx=0 tx=0)._fault waiting 0.400000
2024-02-20T08:02:51.661 INFO:teuthology.orchestra.run.smithi152.stdout:/usr/bin/ceph: stderr
2024-02-20T08:02:46.092+0000 7f163bfff700 1 -- 172.21.15.152:0/1295972661 >> [v2:172.21.15.152:6800/836502819,v1:172.21.15.152:6801/836502819] conn(0x7f162c038720 msgr2=0x7f162c03abe0 unknown :-1 s=STATE_CONNECTING_RE l=1).process reconnect failed to v2:172.21.15.152:6800/836502819
2024-02-20T08:02:51.661 INFO:teuthology.orchestra.run.smithi152.stdout:/usr/bin/ceph: stderr
2024-02-20T08:02:46.092+0000 7f163bfff700 1 --2- 172.21.15.152:0/1295972661 >> [v2:172.21.15.152:6800/836502819,v1:172.21.15.152:6801/836502819] conn(0x7f162c038720 0x7f162c03abe0 unknown :-1 s=START_CONNECT pgs=0 cs=0 l=1 rev1=0 crypto rx=0 tx=0 comp rx=0 tx=0)._fault waiting 0.800000
2024-02-20T08:02:51.661 INFO:teuthology.orchestra.run.smithi152.stdout:/usr/bin/ceph: stderr
2024-02-20T08:02:46.893+0000 7f163bfff700 1 -- 172.21.15.152:0/1295972661 >> [v2:172.21.15.152:6800/836502819,v1:172.21.15.152:6801/836502819] conn(0x7f162c038720 msgr2=0x7f162c03abe0 unknown :-1 s=STATE_CONNECTING_RE l=1).process reconnect failed to v2:172.21.15.152:6800/836502819
2024-02-20T08:02:51.661 INFO:teuthology.orchestra.run.smithi152.stdout:/usr/bin/ceph: stderr
2024-02-20T08:02:46.893+0000 7f163bfff700 1 --2- 172.21.15.152:0/1295972661 >> [v2:172.21.15.152:6800/836502819,v1:172.21.15.152:6801/836502819] conn(0x7f162c038720 0x7f162c03abe0 unknown :-1 s=START_CONNECT pgs=0 cs=0 l=1 rev1=0 crypto rx=0 tx=0 comp rx=0 tx=0)._fault waiting 1.600000
2024-02-20T08:02:51.661 INFO:teuthology.orchestra.run.smithi152.stdout:/usr/bin/ceph: stderr
2024-02-20T08:02:48.494+0000 7f163bfff700 1 -- 172.21.15.152:0/1295972661 >> [v2:172.21.15.152:6800/836502819,v1:172.21.15.152:6801/836502819] conn(0x7f162c038720 msgr2=0x7f162c03abe0 unknown :-1 s=STATE_CONNECTING_RE l=1).process reconnect failed to v2:172.21.15.152:6800/836502819
2024-02-20T08:02:51.661 INFO:teuthology.orchestra.run.smithi152.stdout:/usr/bin/ceph: stderr
2024-02-20T08:02:48.494+0000 7f163bfff700 1 --2- 172.21.15.152:0/1295972661 >> [v2:172.21.15.152:6800/836502819,v1:172.21.15.152:6801/836502819] conn(0x7f162c038720 0x7f162c03abe0 unknown :-1 s=START_CONNECT pgs=0 cs=0 l=1 rev1=0 crypto rx=0 tx=0 comp rx=0 tx=0)._fault waiting 3.200000
2024-02-20T08:02:51.661 INFO:teuthology.orchestra.run.smithi152.stdout:/usr/bin/ceph: stderr
2024-02-20T08:02:50.014+0000 7f1639ffb700 1 -- 172.21.15.152:0/1295972661 <== mon.0 v2:172.21.15.152:3300/0 6 ==== mgrmap(e 6) v1 ==== 45319+0+0 (secure 0 0 0) 0x7f163000ed00 con 0x7f163c106de0
2024-02-20T08:02:51.662 INFO:teuthology.orchestra.run.smithi152.stdout:/usr/bin/ceph: stderr
2024-02-20T08:02:50.014+0000 7f1639ffb700 1 -- 172.21.15.152:0/1295972661 >> [v2:172.21.15.152:6800/836502819,v1:172.21.15.152:6801/836502819] conn(0x7f162c038720 msgr2=0x7f162c03abe0 unknown :-1 s=STATE_CONNECTING l=1).mark_down
2024-02-20T08:02:51.662 INFO:teuthology.orchestra.run.smithi152.stdout:/usr/bin/ceph: stderr
2024-02-20T08:02:50.014+0000 7f1639ffb700 1 --2- 172.21.15.152:0/1295972661 >> [v2:172.21.15.152:6800/836502819,v1:172.21.15.152:6801/836502819] conn(0x7f162c038720 0x7f162c03abe0 unknown :-1 s=START_CONNECT pgs=0 cs=0 l=1 rev1=0 crypto rx=0 tx=0 comp rx=0 tx=0).stop
2024-02-20T08:02:51.662 INFO:teuthology.orchestra.run.smithi152.stdout:/usr/bin/ceph: stderr
2024-02-20T08:02:51.015+0000 7f1639ffb700 1 -- 172.21.15.152:0/1295972661 <== mon.0 v2:172.21.15.152:3300/0 7 ==== mgrmap(e 7) v1 ==== 45446+0+0 (secure 0 0 0) 0x7f1630022ba0 con 0x7f163c106de0
2024-02-20T08:02:51.662 INFO:teuthology.orchestra.run.smithi152.stdout:/usr/bin/ceph: stderr
2024-02-20T08:02:51.015+0000 7f1639ffb700 1 --2- 172.21.15.152:0/1295972661 >> [v2:172.21.15.152:6800/3791375786,v1:172.21.15.152:6801/3791375786] conn(0x7f162c03bfb0 0x7f162c03e3a0 unknown :-1 s=NONE pgs=0 cs=0 l=1 rev1=0 crypto rx=0 tx=0 comp rx=0 tx=0).connect
2024-02-20T08:02:51.662 INFO:teuthology.orchestra.run.smithi152.stdout:/usr/bin/ceph: stderr
2024-02-20T08:02:51.015+0000 7f1639ffb700 1 -- 172.21.15.152:0/1295972661 --> [v2:172.21.15.152:6800/3791375786,v1:172.21.15.152:6801/3791375786] -- command(tid 0: {"prefix": "get_command_descriptions"}) v1 -- 0x7f162c03b2f0 con 0x7f162c03bfb0
2024-02-20T08:02:51.662 INFO:teuthology.orchestra.run.smithi152.stdout:/usr/bin/ceph: stderr
2024-02-20T08:02:51.016+0000 7f163bfff700 1 --2- 172.21.15.152:0/1295972661 >> [v2:172.21.15.152:6800/3791375786,v1:172.21.15.152:6801/3791375786] conn(0x7f162c03bfb0 0x7f162c03e3a0 unknown :-1 s=BANNER_CONNECTING pgs=0 cs=0 l=1 rev1=0 crypto rx=0 tx=0 comp rx=0 tx=0)._handle_peer_banner_payload supported=3 required=0
2024-02-20T08:02:51.662 INFO:teuthology.orchestra.run.smithi152.stdout:/usr/bin/ceph: stderr
2024-02-20T08:02:51.016+0000 7f163bfff700 1 --2- 172.21.15.152:0/1295972661 >> [v2:172.21.15.152:6800/3791375786,v1:172.21.15.152:6801/3791375786] conn(0x7f162c03bfb0 0x7f162c03e3a0 secure :-1 s=READY pgs=1 cs=0 l=1 rev1=1 crypto rx=0x7f1628003a10 tx=0x7f1628009290 comp rx=0 tx=0).ready entity=mgr.14120 client_cookie=0 server_cookie=0 in_seq=0 out_seq=0
2024-02-20T08:02:51.662 INFO:teuthology.orchestra.run.smithi152.stdout:/usr/bin/ceph: stderr
2024-02-20T08:02:51.017+0000 7f1639ffb700 1 -- 172.21.15.152:0/1295972661 <== mgr.14120 v2:172.21.15.152:6800/3791375786 1 ==== command_reply(tid 0: 0 ) v1 ==== 8+0+6910 (secure 0 0 0) 0x7f162c03b2f0 con 0x7f162c03bfb0
2024-02-20T08:02:51.662 INFO:teuthology.orchestra.run.smithi152.stdout:/usr/bin/ceph: stderr
2024-02-20T08:02:51.023+0000 7f1642f79700 1 -- 172.21.15.152:0/1295972661 --> [v2:172.21.15.152:6800/3791375786,v1:172.21.15.152:6801/3791375786] -- command(tid 1: {"prefix": "mgr_status"}) v1 -- 0x7f163c10a460 con 0x7f162c03bfb0
2024-02-20T08:02:51.662 INFO:teuthology.orchestra.run.smithi152.stdout:/usr/bin/ceph: stderr
2024-02-20T08:02:51.023+0000 7f1639ffb700 1 -- 172.21.15.152:0/1295972661 <== mgr.14120 v2:172.21.15.152:6800/3791375786 2 ==== command_reply(tid 1: 0 ) v1 ==== 8+0+51 (secure 0 0 0) 0x7f163c10a460 con 0x7f162c03bfb0
2024-02-20T08:02:51.662 INFO:teuthology.orchestra.run.smithi152.stdout:/usr/bin/ceph: stderr
2024-02-20T08:02:51.023+0000 7f1642f79700 1 -- 172.21.15.152:0/1295972661 >> [v2:172.21.15.152:6800/3791375786,v1:172.21.15.152:6801/3791375786] conn(0x7f162c03bfb0 msgr2=0x7f162c03e3a0 secure :-1 s=STATE_CONNECTION_ESTABLISHED l=1).mark_down
2024-02-20T08:02:51.662 INFO:teuthology.orchestra.run.smithi152.stdout:/usr/bin/ceph: stderr
2024-02-20T08:02:51.023+0000 7f1642f79700 1 --2- 172.21.15.152:0/1295972661 >> [v2:172.21.15.152:6800/3791375786,v1:172.21.15.152:6801/3791375786] conn(0x7f162c03bfb0 0x7f162c03e3a0 secure :-1 s=READY pgs=1 cs=0 l=1 rev1=1 crypto rx=0x7f1628003a10 tx=0x7f1628009290 comp rx=0 tx=0).stop
2024-02-20T08:02:51.662 INFO:teuthology.orchestra.run.smithi152.stdout:/usr/bin/ceph: stderr
2024-02-20T08:02:51.023+0000 7f1642f79700 1 -- 172.21.15.152:0/1295972661 >> [v2:172.21.15.152:3300/0,v1:172.21.15.152:6789/0] conn(0x7f163c106de0 msgr2=0x7f163c19a010 secure :-1 s=STATE_CONNECTION_ESTABLISHED l=1).mark_down
2024-02-20T08:02:51.662 INFO:teuthology.orchestra.run.smithi152.stdout:/usr/bin/ceph: stderr
2024-02-20T08:02:51.023+0000 7f1642f79700 1 --2- 172.21.15.152:0/1295972661 >> [v2:172.21.15.152:3300/0,v1:172.21.15.152:6789/0] conn(0x7f163c106de0 0x7f163c19a010 secure :-1 s=READY pgs=29 cs=0 l=1 rev1=1 crypto rx=0x7f1630011710 tx=0x7f16300047c0 comp rx=0 tx=0).stop
2024-02-20T08:02:51.663 INFO:teuthology.orchestra.run.smithi152.stdout:/usr/bin/ceph: stderr
2024-02-20T08:02:51.024+0000 7f1642f79700 1 -- 172.21.15.152:0/1295972661 shutdown_connections
2024-02-20T08:02:51.663 INFO:teuthology.orchestra.run.smithi152.stdout:/usr/bin/ceph: stderr
2024-02-20T08:02:51.024+0000 7f1642f79700 1 --2- 172.21.15.152:0/1295972661 >> [v2:172.21.15.152:6800/3791375786,v1:172.21.15.152:6801/3791375786] conn(0x7f162c03bfb0 0x7f162c03e3a0 unknown :-1 s=CLOSED pgs=1 cs=0 l=1 rev1=1 crypto rx=0 tx=0 comp rx=0 tx=0).stop
2024-02-20T08:02:51.663 INFO:teuthology.orchestra.run.smithi152.stdout:/usr/bin/ceph: stderr
2024-02-20T08:02:51.024+0000 7f1642f79700 1 --2- 172.21.15.152:0/1295972661 >> [v2:172.21.15.152:3300/0,v1:172.21.15.152:6789/0] conn(0x7f163c106de0 0x7f163c19a010 unknown :-1 s=CLOSED pgs=29 cs=0 l=1 rev1=1 crypto rx=0 tx=0 comp rx=0 tx=0).stop
2024-02-20T08:02:51.663 INFO:teuthology.orchestra.run.smithi152.stdout:/usr/bin/ceph: stderr
2024-02-20T08:02:51.024+0000 7f1642f79700 1 --2- 172.21.15.152:0/1295972661 >> [v2:172.21.15.152:6800/836502819,v1:172.21.15.152:6801/836502819] conn(0x7f162c038720 0x7f162c03abe0 unknown :-1 s=CLOSED pgs=0 cs=0 l=1 rev1=0 crypto rx=0 tx=0 comp rx=0 tx=0).stop
2024-02-20T08:02:51.663 INFO:teuthology.orchestra.run.smithi152.stdout:/usr/bin/ceph: stderr
2024-02-20T08:02:51.024+0000 7f1642f79700 1 -- 172.21.15.152:0/1295972661 >> 172.21.15.152:0/1295972661 conn(0x7f163c100790 msgr2=0x7f163c1012e0 unknown :-1 s=STATE_NONE l=0).mark_down
2024-02-20T08:02:51.663 INFO:teuthology.orchestra.run.smithi152.stdout:/usr/bin/ceph: stderr
2024-02-20T08:02:51.024+0000 7f1642f79700 1 -- 172.21.15.152:0/1295972661 shutdown_connections
2024-02-20T08:02:51.663 INFO:teuthology.orchestra.run.smithi152.stdout:/usr/bin/ceph: stderr
2024-02-20T08:02:51.024+0000 7f1642f79700 1 -- 172.21.15.152:0/1295972661 wait complete.
2024-02-20T08:02:51.663 INFO:teuthology.orchestra.run.smithi152.stdout:mgr epoch 5 is available
2024-02-20T08:02:51.663 INFO:teuthology.orchestra.run.smithi152.stdout:Setting orchestrator backend to cephadm...
2024-02-20T08:02:51.901 INFO:journalctl@ceph.mon.smithi152.smithi152.stdout:Feb 20 08:02:51 smithi152 ceph-mon[29456]: from='mgr.14120 172.21.15.152:0/3433989' entity='mgr.smithi152.acyjyu'
2024-02-20T08:02:51.901 INFO:journalctl@ceph.mon.smithi152.smithi152.stdout:Feb 20 08:02:51 smithi152 ceph-mon[29456]: from='mgr.14120 172.21.15.152:0/3433989' entity='mgr.smithi152.acyjyu'
2024-02-20T08:02:51.901 INFO:journalctl@ceph.mon.smithi152.smithi152.stdout:Feb 20 08:02:51 smithi152 ceph-mon[29456]: [20/Feb/2024:08:02:50] ENGINE Bus STARTING
2024-02-20T08:02:51.901 INFO:journalctl@ceph.mon.smithi152.smithi152.stdout:Feb 20 08:02:51 smithi152 ceph-mon[29456]: from='client.14124 -' entity='client.admin' cmd=[{"prefix": "get_command_descriptions"}]: dispatch
2024-02-20T08:02:51.901 INFO:journalctl@ceph.mon.smithi152.smithi152.stdout:Feb 20 08:02:51 smithi152 ceph-mon[29456]: mgrmap e7: smithi152.acyjyu(active, since 1.00524s)
2024-02-20T08:02:51.901 INFO:journalctl@ceph.mon.smithi152.smithi152.stdout:Feb 20 08:02:51 smithi152 ceph-mon[29456]: from='client.14124 -' entity='client.admin' cmd=[{"prefix": "mgr_status"}]: dispatch
2024-02-20T08:02:51.901 INFO:journalctl@ceph.mon.smithi152.smithi152.stdout:Feb 20 08:02:51 smithi152 ceph-mon[29456]: [20/Feb/2024:08:02:51] ENGINE Serving on https://172.21.15.152:7150
2024-02-20T08:02:51.901 INFO:journalctl@ceph.mon.smithi152.smithi152.stdout:Feb 20 08:02:51 smithi152 ceph-mon[29456]: from='mgr.14120 172.21.15.152:0/3433989' entity='mgr.smithi152.acyjyu' cmd=[{"prefix": "config dump", "format": "json"}]: dispatch
2024-02-20T08:02:52.930 INFO:journalctl@ceph.mon.smithi152.smithi152.stdout:Feb 20 08:02:52 smithi152 ceph-mon[29456]: [20/Feb/2024:08:02:51] ENGINE Serving on http://172.21.15.152:8765
2024-02-20T08:02:52.930 INFO:journalctl@ceph.mon.smithi152.smithi152.stdout:Feb 20 08:02:52 smithi152 ceph-mon[29456]: [20/Feb/2024:08:02:51] ENGINE Bus STARTED
2024-02-20T08:02:52.930 INFO:journalctl@ceph.mon.smithi152.smithi152.stdout:Feb 20 08:02:52 smithi152 ceph-mon[29456]: from='mgr.14120 172.21.15.152:0/3433989' entity='mgr.smithi152.acyjyu'
2024-02-20T08:02:52.931 INFO:journalctl@ceph.mon.smithi152.smithi152.stdout:Feb 20 08:02:52 smithi152 ceph-mon[29456]: from='mgr.14120 172.21.15.152:0/3433989' entity='mgr.smithi152.acyjyu' cmd=[{"prefix": "config dump", "format": "json"}]: dispatch
2024-02-20T08:02:52.938 INFO:teuthology.orchestra.run.smithi152.stdout:/usr/bin/ceph: stderr
2024-02-20T08:02:52.104+0000 7efe4415d700 1 Processor -- start
2024-02-20T08:02:52.938 INFO:teuthology.orchestra.run.smithi152.stdout:/usr/bin/ceph: stderr
2024-02-20T08:02:52.104+0000 7efe4415d700 1 -- start start
2024-02-20T08:02:52.938 INFO:teuthology.orchestra.run.smithi152.stdout:/usr/bin/ceph: stderr
2024-02-20T08:02:52.104+0000 7efe4415d700 1 --2- >> [v2:172.21.15.152:3300/0,v1:172.21.15.152:6789/0] conn(0x7efe3c104600 0x7efe3c104a20 unknown :-1 s=NONE pgs=0 cs=0 l=0 rev1=0 crypto rx=0 tx=0 comp rx=0 tx=0).connect
2024-02-20T08:02:52.938 INFO:teuthology.orchestra.run.smithi152.stdout:/usr/bin/ceph: stderr
2024-02-20T08:02:52.104+0000 7efe4415d700 1 -- --> [v2:172.21.15.152:3300/0,v1:172.21.15.152:6789/0] -- mon_getmap magic: 0 v1 -- 0x7efe3c104ff0 con 0x7efe3c104600
2024-02-20T08:02:52.938 INFO:teuthology.orchestra.run.smithi152.stdout:/usr/bin/ceph: stderr
2024-02-20T08:02:52.105+0000 7efe41ef9700 1 --2- >> [v2:172.21.15.152:3300/0,v1:172.21.15.152:6789/0] conn(0x7efe3c104600 0x7efe3c104a20 unknown :-1 s=BANNER_CONNECTING pgs=0 cs=0 l=0 rev1=0 crypto rx=0 tx=0 comp rx=0 tx=0)._handle_peer_banner_payload supported=3 required=0
2024-02-20T08:02:52.938 INFO:teuthology.orchestra.run.smithi152.stdout:/usr/bin/ceph: stderr
2024-02-20T08:02:52.105+0000 7efe41ef9700 1 --2- >> [v2:172.21.15.152:3300/0,v1:172.21.15.152:6789/0] conn(0x7efe3c104600 0x7efe3c104a20 unknown :-1 s=HELLO_CONNECTING pgs=0 cs=0 l=0 rev1=1 crypto rx=0 tx=0 comp rx=0 tx=0).handle_hello peer v2:172.21.15.152:3300/0 says I am v2:172.21.15.152:56246/0 (socket says 172.21.15.152:56246)
2024-02-20T08:02:52.938 INFO:teuthology.orchestra.run.smithi152.stdout:/usr/bin/ceph: stderr
2024-02-20T08:02:52.105+0000 7efe41ef9700 1 -- 172.21.15.152:0/1438761381 learned_addr learned my addr 172.21.15.152:0/1438761381 (peer_addr_for_me v2:172.21.15.152:0/0)
2024-02-20T08:02:52.938 INFO:teuthology.orchestra.run.smithi152.stdout:/usr/bin/ceph: stderr
2024-02-20T08:02:52.105+0000 7efe41ef9700 1 -- 172.21.15.152:0/1438761381 --> [v2:172.21.15.152:3300/0,v1:172.21.15.152:6789/0] -- mon_subscribe({config=0+,monmap=0+}) v3 -- 0x7efe3c105130 con 0x7efe3c104600
2024-02-20T08:02:52.938 INFO:teuthology.orchestra.run.smithi152.stdout:/usr/bin/ceph: stderr
2024-02-20T08:02:52.105+0000 7efe41ef9700 1 --2- 172.21.15.152:0/1438761381 >> [v2:172.21.15.152:3300/0,v1:172.21.15.152:6789/0] conn(0x7efe3c104600 0x7efe3c104a20 secure :-1 s=READY pgs=37 cs=0 l=1 rev1=1 crypto rx=0x7efe2c0098a0 tx=0x7efe2c009bb0 comp rx=0 tx=0).ready entity=mon.0 client_cookie=15fbb9792aad21d3 server_cookie=0 in_seq=0 out_seq=0
2024-02-20T08:02:52.938 INFO:teuthology.orchestra.run.smithi152.stdout:/usr/bin/ceph: stderr
2024-02-20T08:02:52.105+0000 7efe40ef7700 1 -- 172.21.15.152:0/1438761381 <== mon.0 v2:172.21.15.152:3300/0 1 ==== mon_map magic: 0 v1 ==== 229+0+0 (secure 0 0 0) 0x7efe2c004180 con 0x7efe3c104600
2024-02-20T08:02:52.939 INFO:teuthology.orchestra.run.smithi152.stdout:/usr/bin/ceph: stderr
2024-02-20T08:02:52.105+0000 7efe40ef7700 1 -- 172.21.15.152:0/1438761381 <== mon.0 v2:172.21.15.152:3300/0 2 ==== config(27 keys) v1 ==== 1042+0+0 (secure 0 0 0) 0x7efe2c0042e0 con 0x7efe3c104600
2024-02-20T08:02:52.939 INFO:teuthology.orchestra.run.smithi152.stdout:/usr/bin/ceph: stderr
2024-02-20T08:02:52.105+0000 7efe40ef7700 1 -- 172.21.15.152:0/1438761381 <== mon.0 v2:172.21.15.152:3300/0 3 ==== mon_map magic: 0 v1 ==== 229+0+0 (secure 0 0 0) 0x7efe2c011a70 con 0x7efe3c104600
2024-02-20T08:02:52.939 INFO:teuthology.orchestra.run.smithi152.stdout:/usr/bin/ceph: stderr
2024-02-20T08:02:52.106+0000 7efe4415d700 1 -- 172.21.15.152:0/1438761381 >> [v2:172.21.15.152:3300/0,v1:172.21.15.152:6789/0] conn(0x7efe3c104600 msgr2=0x7efe3c104a20 secure :-1 s=STATE_CONNECTION_ESTABLISHED l=1).mark_down
2024-02-20T08:02:52.939 INFO:teuthology.orchestra.run.smithi152.stdout:/usr/bin/ceph: stderr
2024-02-20T08:02:52.106+0000 7efe4415d700 1 --2- 172.21.15.152:0/1438761381 >> [v2:172.21.15.152:3300/0,v1:172.21.15.152:6789/0] conn(0x7efe3c104600 0x7efe3c104a20 secure :-1 s=READY pgs=37 cs=0 l=1 rev1=1 crypto rx=0x7efe2c0098a0 tx=0x7efe2c009bb0 comp rx=0 tx=0).stop
2024-02-20T08:02:52.939 INFO:teuthology.orchestra.run.smithi152.stdout:/usr/bin/ceph: stderr
2024-02-20T08:02:52.106+0000 7efe4415d700 1 -- 172.21.15.152:0/1438761381 shutdown_connections
2024-02-20T08:02:52.939 INFO:teuthology.orchestra.run.smithi152.stdout:/usr/bin/ceph: stderr
2024-02-20T08:02:52.106+0000 7efe4415d700 1 --2- 172.21.15.152:0/1438761381 >> [v2:172.21.15.152:3300/0,v1:172.21.15.152:6789/0] conn(0x7efe3c104600 0x7efe3c104a20 unknown :-1 s=CLOSED pgs=37 cs=0 l=1 rev1=1 crypto rx=0 tx=0 comp rx=0 tx=0).stop
2024-02-20T08:02:52.939 INFO:teuthology.orchestra.run.smithi152.stdout:/usr/bin/ceph: stderr
2024-02-20T08:02:52.106+0000 7efe4415d700 1 -- 172.21.15.152:0/1438761381 >> 172.21.15.152:0/1438761381 conn(0x7efe3c0fffa0 msgr2=0x7efe3c1023c0 unknown :-1 s=STATE_NONE l=0).mark_down
2024-02-20T08:02:52.939 INFO:teuthology.orchestra.run.smithi152.stdout:/usr/bin/ceph: stderr
2024-02-20T08:02:52.106+0000 7efe4415d700 1 -- 172.21.15.152:0/1438761381 shutdown_connections
2024-02-20T08:02:52.939 INFO:teuthology.orchestra.run.smithi152.stdout:/usr/bin/ceph: stderr
2024-02-20T08:02:52.106+0000 7efe4415d700 1 -- 172.21.15.152:0/1438761381 wait complete.
2024-02-20T08:02:52.939 INFO:teuthology.orchestra.run.smithi152.stdout:/usr/bin/ceph: stderr
2024-02-20T08:02:52.106+0000 7efe4415d700 1 Processor -- start
2024-02-20T08:02:52.939 INFO:teuthology.orchestra.run.smithi152.stdout:/usr/bin/ceph: stderr
2024-02-20T08:02:52.106+0000 7efe4415d700 1 -- start start
2024-02-20T08:02:52.939 INFO:teuthology.orchestra.run.smithi152.stdout:/usr/bin/ceph: stderr
2024-02-20T08:02:52.107+0000 7efe4415d700 1 --2- >> [v2:172.21.15.152:3300/0,v1:172.21.15.152:6789/0] conn(0x7efe3c104600 0x7efe3c19a040 unknown :-1 s=NONE pgs=0 cs=0 l=1 rev1=0 crypto rx=0 tx=0 comp rx=0 tx=0).connect
2024-02-20T08:02:52.939 INFO:teuthology.orchestra.run.smithi152.stdout:/usr/bin/ceph: stderr
2024-02-20T08:02:52.107+0000 7efe4415d700 1 -- --> [v2:172.21.15.152:3300/0,v1:172.21.15.152:6789/0] -- mon_getmap magic: 0 v1 -- 0x7efe3c19a580 con 0x7efe3c104600
2024-02-20T08:02:52.940 INFO:teuthology.orchestra.run.smithi152.stdout:/usr/bin/ceph: stderr
2024-02-20T08:02:52.107+0000 7efe41ef9700 1 --2- >> [v2:172.21.15.152:3300/0,v1:172.21.15.152:6789/0] conn(0x7efe3c104600 0x7efe3c19a040 unknown :-1 s=BANNER_CONNECTING pgs=0 cs=0 l=1 rev1=0 crypto rx=0 tx=0 comp rx=0 tx=0)._handle_peer_banner_payload supported=3 required=0
2024-02-20T08:02:52.940 INFO:teuthology.orchestra.run.smithi152.stdout:/usr/bin/ceph: stderr
2024-02-20T08:02:52.107+0000 7efe41ef9700 1 --2- >> [v2:172.21.15.152:3300/0,v1:172.21.15.152:6789/0] conn(0x7efe3c104600 0x7efe3c19a040 unknown :-1 s=HELLO_CONNECTING pgs=0 cs=0 l=1 rev1=1 crypto rx=0 tx=0 comp rx=0 tx=0).handle_hello peer v2:172.21.15.152:3300/0 says I am v2:172.21.15.152:56254/0 (socket says 172.21.15.152:56254)
2024-02-20T08:02:52.940 INFO:teuthology.orchestra.run.smithi152.stdout:/usr/bin/ceph: stderr
2024-02-20T08:02:52.107+0000 7efe41ef9700 1 -- 172.21.15.152:0/3689205586 learned_addr learned my addr 172.21.15.152:0/3689205586 (peer_addr_for_me v2:172.21.15.152:0/0)
2024-02-20T08:02:52.940 INFO:teuthology.orchestra.run.smithi152.stdout:/usr/bin/ceph: stderr
2024-02-20T08:02:52.107+0000 7efe41ef9700 1 -- 172.21.15.152:0/3689205586 --> [v2:172.21.15.152:3300/0,v1:172.21.15.152:6789/0] -- mon_subscribe({config=0+,monmap=0+}) v3 -- 0x7efe2c009550 con 0x7efe3c104600
2024-02-20T08:02:52.940 INFO:teuthology.orchestra.run.smithi152.stdout:/usr/bin/ceph: stderr
2024-02-20T08:02:52.107+0000 7efe41ef9700 1 --2- 172.21.15.152:0/3689205586 >> [v2:172.21.15.152:3300/0,v1:172.21.15.152:6789/0] conn(0x7efe3c104600 0x7efe3c19a040 secure :-1 s=READY pgs=38 cs=0 l=1 rev1=1 crypto rx=0x7efe2c011710 tx=0x7efe2c0047c0 comp rx=0 tx=0).ready entity=mon.0 client_cookie=0 server_cookie=0 in_seq=0 out_seq=0
2024-02-20T08:02:52.940 INFO:teuthology.orchestra.run.smithi152.stdout:/usr/bin/ceph: stderr
2024-02-20T08:02:52.107+0000 7efe3affd700 1 -- 172.21.15.152:0/3689205586 <== mon.0 v2:172.21.15.152:3300/0 1 ==== mon_map magic: 0 v1 ==== 229+0+0 (secure 0 0 0) 0x7efe2c003b10 con 0x7efe3c104600
2024-02-20T08:02:52.940 INFO:teuthology.orchestra.run.smithi152.stdout:/usr/bin/ceph: stderr
2024-02-20T08:02:52.107+0000 7efe3affd700 1 -- 172.21.15.152:0/3689205586 <== mon.0 v2:172.21.15.152:3300/0 2 ==== config(27 keys) v1 ==== 1042+0+0 (secure 0 0 0) 0x7efe2c01b8c0 con 0x7efe3c104600
2024-02-20T08:02:52.940 INFO:teuthology.orchestra.run.smithi152.stdout:/usr/bin/ceph: stderr
2024-02-20T08:02:52.107+0000 7efe4415d700 1 -- 172.21.15.152:0/3689205586 --> [v2:172.21.15.152:3300/0,v1:172.21.15.152:6789/0] -- mon_subscribe({mgrmap=0+}) v3 -- 0x7efe3c19a780 con 0x7efe3c104600
2024-02-20T08:02:52.940 INFO:teuthology.orchestra.run.smithi152.stdout:/usr/bin/ceph: stderr
2024-02-20T08:02:52.107+0000 7efe3affd700 1 -- 172.21.15.152:0/3689205586 <== mon.0 v2:172.21.15.152:3300/0 3 ==== mon_map magic: 0 v1 ==== 229+0+0 (secure 0 0 0) 0x7efe2c019770 con 0x7efe3c104600
2024-02-20T08:02:52.940 INFO:teuthology.orchestra.run.smithi152.stdout:/usr/bin/ceph: stderr
2024-02-20T08:02:52.107+0000 7efe4415d700 1 -- 172.21.15.152:0/3689205586 --> [v2:172.21.15.152:3300/0,v1:172.21.15.152:6789/0] -- mon_subscribe({osdmap=0}) v3 -- 0x7efe3c19ac20 con 0x7efe3c104600
2024-02-20T08:02:52.940 INFO:teuthology.orchestra.run.smithi152.stdout:/usr/bin/ceph: stderr
2024-02-20T08:02:52.108+0000 7efe3affd700 1 -- 172.21.15.152:0/3689205586 <== mon.0 v2:172.21.15.152:3300/0 4 ==== mgrmap(e 7) v1 ==== 45446+0+0 (secure 0 0 0) 0x7efe2c01ba30 con 0x7efe3c104600
2024-02-20T08:02:52.940 INFO:teuthology.orchestra.run.smithi152.stdout:/usr/bin/ceph: stderr
2024-02-20T08:02:52.108+0000 7efe4415d700 1 -- 172.21.15.152:0/3689205586 --> [v2:172.21.15.152:3300/0,v1:172.21.15.152:6789/0] -- mon_command({"prefix": "get_command_descriptions"} v 0) v1 -- 0x7efe3c1082b0 con 0x7efe3c104600
2024-02-20T08:02:52.940 INFO:teuthology.orchestra.run.smithi152.stdout:/usr/bin/ceph: stderr
2024-02-20T08:02:52.108+0000 7efe3affd700 1 --2- 172.21.15.152:0/3689205586 >> [v2:172.21.15.152:6800/3791375786,v1:172.21.15.152:6801/3791375786] conn(0x7efe24038650 0x7efe2403ab10 unknown :-1 s=NONE pgs=0 cs=0 l=1 rev1=0 crypto rx=0 tx=0 comp rx=0 tx=0).connect
2024-02-20T08:02:52.940 INFO:teuthology.orchestra.run.smithi152.stdout:/usr/bin/ceph: stderr
2024-02-20T08:02:52.108+0000 7efe3affd700 1 -- 172.21.15.152:0/3689205586 <== mon.0 v2:172.21.15.152:3300/0 5 ==== osd_map(2..2 src has 1..2) v4 ==== 940+0+0 (secure 0 0 0) 0x7efe2c04c700 con 0x7efe3c104600
2024-02-20T08:02:52.941 INFO:teuthology.orchestra.run.smithi152.stdout:/usr/bin/ceph: stderr
2024-02-20T08:02:52.108+0000 7efe416f8700 1 --2- 172.21.15.152:0/3689205586 >> [v2:172.21.15.152:6800/3791375786,v1:172.21.15.152:6801/3791375786] conn(0x7efe24038650 0x7efe2403ab10 unknown :-1 s=BANNER_CONNECTING pgs=0 cs=0 l=1 rev1=0 crypto rx=0 tx=0 comp rx=0 tx=0)._handle_peer_banner_payload supported=3 required=0
2024-02-20T08:02:52.941 INFO:teuthology.orchestra.run.smithi152.stdout:/usr/bin/ceph: stderr
2024-02-20T08:02:52.109+0000 7efe416f8700 1 --2- 172.21.15.152:0/3689205586 >> [v2:172.21.15.152:6800/3791375786,v1:172.21.15.152:6801/3791375786] conn(0x7efe24038650 0x7efe2403ab10 secure :-1 s=READY pgs=7 cs=0 l=1 rev1=1 crypto rx=0x7efe30006fd0 tx=0x7efe30006e40 comp rx=0 tx=0).ready entity=mgr.14120 client_cookie=0 server_cookie=0 in_seq=0 out_seq=0
2024-02-20T08:02:52.941 INFO:teuthology.orchestra.run.smithi152.stdout:/usr/bin/ceph: stderr
2024-02-20T08:02:52.113+0000 7efe3affd700 1 -- 172.21.15.152:0/3689205586 <== mon.0 v2:172.21.15.152:3300/0 6 ==== mon_command_ack([{"prefix": "get_command_descriptions"}]=0 v0) v1 ==== 72+0+182595 (secure 0 0 0) 0x7efe2c02c9a0 con 0x7efe3c104600
2024-02-20T08:02:52.941 INFO:teuthology.orchestra.run.smithi152.stdout:/usr/bin/ceph: stderr
2024-02-20T08:02:52.324+0000 7efe4415d700 1 -- 172.21.15.152:0/3689205586 --> [v2:172.21.15.152:6800/3791375786,v1:172.21.15.152:6801/3791375786] -- mgr_command(tid 0: {"prefix": "orch set backend", "module_name": "cephadm", "target": ["mon-mgr", ""]}) v1 -- 0x7efe3c101240 con 0x7efe24038650
2024-02-20T08:02:52.941 INFO:teuthology.orchestra.run.smithi152.stdout:/usr/bin/ceph: stderr
2024-02-20T08:02:52.333+0000 7efe3affd700 1 -- 172.21.15.152:0/3689205586 <== mgr.14120 v2:172.21.15.152:6800/3791375786 1 ==== mgr_command_reply(tid 0: 0 ) v1 ==== 8+0+0 (secure 0 0 0) 0x7efe3c101240 con 0x7efe24038650
2024-02-20T08:02:52.941 INFO:teuthology.orchestra.run.smithi152.stdout:/usr/bin/ceph: stderr
2024-02-20T08:02:52.335+0000 7efe4415d700 1 -- 172.21.15.152:0/3689205586 >> [v2:172.21.15.152:6800/3791375786,v1:172.21.15.152:6801/3791375786] conn(0x7efe24038650 msgr2=0x7efe2403ab10 secure :-1 s=STATE_CONNECTION_ESTABLISHED l=1).mark_down
2024-02-20T08:02:52.941 INFO:teuthology.orchestra.run.smithi152.stdout:/usr/bin/ceph: stderr
2024-02-20T08:02:52.335+0000 7efe4415d700 1 --2- 172.21.15.152:0/3689205586 >> [v2:172.21.15.152:6800/3791375786,v1:172.21.15.152:6801/3791375786] conn(0x7efe24038650 0x7efe2403ab10 secure :-1 s=READY pgs=7 cs=0 l=1 rev1=1 crypto rx=0x7efe30006fd0 tx=0x7efe30006e40 comp rx=0 tx=0).stop
2024-02-20T08:02:52.941 INFO:teuthology.orchestra.run.smithi152.stdout:/usr/bin/ceph: stderr
2024-02-20T08:02:52.335+0000 7efe4415d700 1 -- 172.21.15.152:0/3689205586 >> [v2:172.21.15.152:3300/0,v1:172.21.15.152:6789/0] conn(0x7efe3c104600 msgr2=0x7efe3c19a040 secure :-1 s=STATE_CONNECTION_ESTABLISHED l=1).mark_down
2024-02-20T08:02:52.941 INFO:teuthology.orchestra.run.smithi152.stdout:/usr/bin/ceph: stderr
2024-02-20T08:02:52.335+0000 7efe4415d700 1 --2- 172.21.15.152:0/3689205586 >> [v2:172.21.15.152:3300/0,v1:172.21.15.152:6789/0] conn(0x7efe3c104600 0x7efe3c19a040 secure :-1 s=READY pgs=38 cs=0 l=1 rev1=1 crypto rx=0x7efe2c011710 tx=0x7efe2c0047c0 comp rx=0 tx=0).stop
2024-02-20T08:02:52.941 INFO:teuthology.orchestra.run.smithi152.stdout:/usr/bin/ceph: stderr
2024-02-20T08:02:52.335+0000 7efe4415d700 1 -- 172.21.15.152:0/3689205586 shutdown_connections
2024-02-20T08:02:52.941 INFO:teuthology.orchestra.run.smithi152.stdout:/usr/bin/ceph: stderr
2024-02-20T08:02:52.335+0000 7efe4415d700 1 --2- 172.21.15.152:0/3689205586 >> [v2:172.21.15.152:6800/3791375786,v1:172.21.15.152:6801/3791375786] conn(0x7efe24038650 0x7efe2403ab10 unknown :-1 s=CLOSED pgs=7 cs=0 l=1 rev1=1 crypto rx=0 tx=0 comp rx=0 tx=0).stop
2024-02-20T08:02:52.941 INFO:teuthology.orchestra.run.smithi152.stdout:/usr/bin/ceph: stderr
2024-02-20T08:02:52.335+0000 7efe4415d700 1 --2- 172.21.15.152:0/3689205586 >> [v2:172.21.15.152:3300/0,v1:172.21.15.152:6789/0] conn(0x7efe3c104600 0x7efe3c19a040 unknown :-1 s=CLOSED pgs=38 cs=0 l=1 rev1=1 crypto rx=0 tx=0 comp rx=0 tx=0).stop
2024-02-20T08:02:52.941 INFO:teuthology.orchestra.run.smithi152.stdout:/usr/bin/ceph: stderr
2024-02-20T08:02:52.335+0000 7efe4415d700 1 -- 172.21.15.152:0/3689205586 >> 172.21.15.152:0/3689205586 conn(0x7efe3c0fffa0 msgr2=0x7efe3c100b30 unknown :-1 s=STATE_NONE l=0).mark_down
2024-02-20T08:02:52.941 INFO:teuthology.orchestra.run.smithi152.stdout:/usr/bin/ceph: stderr
2024-02-20T08:02:52.335+0000 7efe4415d700 1 -- 172.21.15.152:0/3689205586 shutdown_connections
2024-02-20T08:02:52.942 INFO:teuthology.orchestra.run.smithi152.stdout:/usr/bin/ceph: stderr
2024-02-20T08:02:52.335+0000 7efe4415d700 1 -- 172.21.15.152:0/3689205586 wait complete.
2024-02-20T08:02:53.827 INFO:journalctl@ceph.mon.smithi152.smithi152.stdout:Feb 20 08:02:53 smithi152 ceph-mon[29456]: from='client.14132 -' entity='client.admin' cmd=[{"prefix": "orch set backend", "module_name": "cephadm", "target": ["mon-mgr", ""]}]: dispatch
2024-02-20T08:02:53.828 INFO:journalctl@ceph.mon.smithi152.smithi152.stdout:Feb 20 08:02:53 smithi152 ceph-mon[29456]: mgrmap e8: smithi152.acyjyu(active, since 2s)
2024-02-20T08:02:54.062 INFO:teuthology.orchestra.run.smithi152.stdout:/usr/bin/ceph: stdout value unchanged
2024-02-20T08:02:54.062 INFO:teuthology.orchestra.run.smithi152.stdout:/usr/bin/ceph: stderr
2024-02-20T08:02:53.339+0000 7efceb835700 1 Processor -- start
2024-02-20T08:02:54.062 INFO:teuthology.orchestra.run.smithi152.stdout:/usr/bin/ceph: stderr
2024-02-20T08:02:53.339+0000 7efceb835700 1 -- start start
2024-02-20T08:02:54.062 INFO:teuthology.orchestra.run.smithi152.stdout:/usr/bin/ceph: stderr
2024-02-20T08:02:53.339+0000 7efceb835700 1 --2- >> [v2:172.21.15.152:3300/0,v1:172.21.15.152:6789/0] conn(0x7efce407bea0 0x7efce407a300 unknown :-1 s=NONE pgs=0 cs=0 l=0 rev1=0 crypto rx=0 tx=0 comp rx=0 tx=0).connect
2024-02-20T08:02:54.062 INFO:teuthology.orchestra.run.smithi152.stdout:/usr/bin/ceph: stderr
2024-02-20T08:02:53.339+0000 7efceb835700 1 -- --> [v2:172.21.15.152:3300/0,v1:172.21.15.152:6789/0] -- mon_getmap magic: 0 v1 -- 0x7efce407a8d0 con 0x7efce407bea0
2024-02-20T08:02:54.063 INFO:teuthology.orchestra.run.smithi152.stdout:/usr/bin/ceph: stderr
2024-02-20T08:02:53.340+0000 7efce95d1700 1 --2- >> [v2:172.21.15.152:3300/0,v1:172.21.15.152:6789/0] conn(0x7efce407bea0 0x7efce407a300 unknown :-1 s=BANNER_CONNECTING pgs=0 cs=0 l=0 rev1=0 crypto rx=0 tx=0 comp rx=0 tx=0)._handle_peer_banner_payload supported=3 required=0
2024-02-20T08:02:54.063 INFO:teuthology.orchestra.run.smithi152.stdout:/usr/bin/ceph: stderr
2024-02-20T08:02:53.340+0000 7efce95d1700 1 --2- >> [v2:172.21.15.152:3300/0,v1:172.21.15.152:6789/0] conn(0x7efce407bea0 0x7efce407a300 unknown :-1 s=HELLO_CONNECTING pgs=0 cs=0 l=0 rev1=1 crypto rx=0 tx=0 comp rx=0 tx=0).handle_hello peer v2:172.21.15.152:3300/0 says I am v2:172.21.15.152:56264/0 (socket says 172.21.15.152:56264)
2024-02-20T08:02:54.063 INFO:teuthology.orchestra.run.smithi152.stdout:/usr/bin/ceph: stderr
2024-02-20T08:02:53.340+0000 7efce95d1700 1 -- 172.21.15.152:0/3613208273 learned_addr learned my addr 172.21.15.152:0/3613208273 (peer_addr_for_me v2:172.21.15.152:0/0)
2024-02-20T08:02:54.063 INFO:teuthology.orchestra.run.smithi152.stdout:/usr/bin/ceph: stderr
2024-02-20T08:02:53.340+0000 7efce95d1700 1 -- 172.21.15.152:0/3613208273 --> [v2:172.21.15.152:3300/0,v1:172.21.15.152:6789/0] -- mon_subscribe({config=0+,monmap=0+}) v3 -- 0x7efce407aa10 con 0x7efce407bea0
2024-02-20T08:02:54.063 INFO:teuthology.orchestra.run.smithi152.stdout:/usr/bin/ceph: stderr
2024-02-20T08:02:53.340+0000 7efce95d1700 1 --2- 172.21.15.152:0/3613208273 >> [v2:172.21.15.152:3300/0,v1:172.21.15.152:6789/0] conn(0x7efce407bea0 0x7efce407a300 secure :-1 s=READY pgs=39 cs=0 l=1 rev1=1 crypto rx=0x7efce0009e80 tx=0x7efce000b330 comp rx=0 tx=0).ready entity=mon.0 client_cookie=a10b860772ed0567 server_cookie=0 in_seq=0 out_seq=0
2024-02-20T08:02:54.063 INFO:teuthology.orchestra.run.smithi152.stdout:/usr/bin/ceph: stderr
2024-02-20T08:02:53.340+0000 7efcdbfff700 1 -- 172.21.15.152:0/3613208273 <== mon.0 v2:172.21.15.152:3300/0 1 ==== mon_map magic: 0 v1 ==== 229+0+0 (secure 0 0 0) 0x7efce000e070 con 0x7efce407bea0
2024-02-20T08:02:54.063 INFO:teuthology.orchestra.run.smithi152.stdout:/usr/bin/ceph: stderr
2024-02-20T08:02:53.340+0000 7efcdbfff700 1 -- 172.21.15.152:0/3613208273 <== mon.0 v2:172.21.15.152:3300/0 2 ==== config(27 keys) v1 ==== 1042+0+0 (secure 0 0 0) 0x7efce000b8c0 con 0x7efce407bea0
2024-02-20T08:02:54.063 INFO:teuthology.orchestra.run.smithi152.stdout:/usr/bin/ceph: stderr
2024-02-20T08:02:53.340+0000 7efcdbfff700 1 -- 172.21.15.152:0/3613208273 <== mon.0 v2:172.21.15.152:3300/0 3 ==== mon_map magic: 0 v1 ==== 229+0+0 (secure 0 0 0) 0x7efce0004440 con 0x7efce407bea0
2024-02-20T08:02:54.063 INFO:teuthology.orchestra.run.smithi152.stdout:/usr/bin/ceph: stderr
2024-02-20T08:02:53.341+0000 7efceb835700 1 -- 172.21.15.152:0/3613208273 >> [v2:172.21.15.152:3300/0,v1:172.21.15.152:6789/0] conn(0x7efce407bea0 msgr2=0x7efce407a300 secure :-1 s=STATE_CONNECTION_ESTABLISHED l=1).mark_down
2024-02-20T08:02:54.063 INFO:teuthology.orchestra.run.smithi152.stdout:/usr/bin/ceph: stderr
2024-02-20T08:02:53.341+0000 7efceb835700 1 --2- 172.21.15.152:0/3613208273 >> [v2:172.21.15.152:3300/0,v1:172.21.15.152:6789/0] conn(0x7efce407bea0 0x7efce407a300 secure :-1 s=READY pgs=39 cs=0 l=1 rev1=1 crypto rx=0x7efce0009e80 tx=0x7efce000b330 comp rx=0 tx=0).stop
2024-02-20T08:02:54.063 INFO:teuthology.orchestra.run.smithi152.stdout:/usr/bin/ceph: stderr
2024-02-20T08:02:53.341+0000 7efceb835700 1 -- 172.21.15.152:0/3613208273 shutdown_connections
2024-02-20T08:02:54.063 INFO:teuthology.orchestra.run.smithi152.stdout:/usr/bin/ceph: stderr
2024-02-20T08:02:53.341+0000 7efceb835700 1 --2- 172.21.15.152:0/3613208273 >> [v2:172.21.15.152:3300/0,v1:172.21.15.152:6789/0] conn(0x7efce407bea0 0x7efce407a300 unknown :-1 s=CLOSED pgs=39 cs=0 l=1 rev1=1 crypto rx=0 tx=0 comp rx=0 tx=0).stop
2024-02-20T08:02:54.063 INFO:teuthology.orchestra.run.smithi152.stdout:/usr/bin/ceph: stderr
2024-02-20T08:02:53.341+0000 7efceb835700 1 -- 172.21.15.152:0/3613208273 >> 172.21.15.152:0/3613208273 conn(0x7efce41018c0 msgr2=0x7efce4103d20 unknown :-1 s=STATE_NONE l=0).mark_down
2024-02-20T08:02:54.064 INFO:teuthology.orchestra.run.smithi152.stdout:/usr/bin/ceph: stderr
2024-02-20T08:02:53.341+0000 7efceb835700 1 -- 172.21.15.152:0/3613208273 shutdown_connections
2024-02-20T08:02:54.064 INFO:teuthology.orchestra.run.smithi152.stdout:/usr/bin/ceph: stderr
2024-02-20T08:02:53.341+0000 7efceb835700 1 -- 172.21.15.152:0/3613208273 wait complete.
2024-02-20T08:02:54.064 INFO:teuthology.orchestra.run.smithi152.stdout:/usr/bin/ceph: stderr
2024-02-20T08:02:53.341+0000 7efceb835700 1 Processor -- start
2024-02-20T08:02:54.064 INFO:teuthology.orchestra.run.smithi152.stdout:/usr/bin/ceph: stderr
2024-02-20T08:02:53.341+0000 7efceb835700 1 -- start start
2024-02-20T08:02:54.064 INFO:teuthology.orchestra.run.smithi152.stdout:/usr/bin/ceph: stderr
2024-02-20T08:02:53.342+0000 7efceb835700 1 --2- >> [v2:172.21.15.152:3300/0,v1:172.21.15.152:6789/0] conn(0x7efce407bea0 0x7efce419c550 unknown :-1 s=NONE pgs=0 cs=0 l=1 rev1=0 crypto rx=0 tx=0 comp rx=0 tx=0).connect
2024-02-20T08:02:54.064 INFO:teuthology.orchestra.run.smithi152.stdout:/usr/bin/ceph: stderr
2024-02-20T08:02:53.342+0000 7efceb835700 1 -- --> [v2:172.21.15.152:3300/0,v1:172.21.15.152:6789/0] -- mon_getmap magic: 0 v1 -- 0x7efce419ca90 con 0x7efce407bea0
2024-02-20T08:02:54.064 INFO:teuthology.orchestra.run.smithi152.stdout:/usr/bin/ceph: stderr
2024-02-20T08:02:53.342+0000 7efce95d1700 1 --2- >> [v2:172.21.15.152:3300/0,v1:172.21.15.152:6789/0] conn(0x7efce407bea0 0x7efce419c550 unknown :-1 s=BANNER_CONNECTING pgs=0 cs=0 l=1 rev1=0 crypto rx=0 tx=0 comp rx=0 tx=0)._handle_peer_banner_payload supported=3 required=0
2024-02-20T08:02:54.064 INFO:teuthology.orchestra.run.smithi152.stdout:/usr/bin/ceph: stderr
2024-02-20T08:02:53.342+0000 7efce95d1700 1 --2- >> [v2:172.21.15.152:3300/0,v1:172.21.15.152:6789/0] conn(0x7efce407bea0 0x7efce419c550 unknown :-1 s=HELLO_CONNECTING pgs=0 cs=0 l=1 rev1=1 crypto rx=0 tx=0 comp rx=0 tx=0).handle_hello peer v2:172.21.15.152:3300/0 says I am v2:172.21.15.152:56266/0 (socket says 172.21.15.152:56266)
2024-02-20T08:02:54.064 INFO:teuthology.orchestra.run.smithi152.stdout:/usr/bin/ceph: stderr
2024-02-20T08:02:53.342+0000 7efce95d1700 1 -- 172.21.15.152:0/2123189859 learned_addr learned my addr 172.21.15.152:0/2123189859 (peer_addr_for_me v2:172.21.15.152:0/0)
2024-02-20T08:02:54.064 INFO:teuthology.orchestra.run.smithi152.stdout:/usr/bin/ceph: stderr
2024-02-20T08:02:53.342+0000 7efce95d1700 1 -- 172.21.15.152:0/2123189859 --> [v2:172.21.15.152:3300/0,v1:172.21.15.152:6789/0] -- mon_subscribe({config=0+,monmap=0+}) v3 -- 0x7efce0009b30 con 0x7efce407bea0
2024-02-20T08:02:54.064 INFO:teuthology.orchestra.run.smithi152.stdout:/usr/bin/ceph: stderr
2024-02-20T08:02:53.342+0000 7efce95d1700 1 --2- 172.21.15.152:0/2123189859 >> [v2:172.21.15.152:3300/0,v1:172.21.15.152:6789/0] conn(0x7efce407bea0 0x7efce419c550 secure :-1 s=READY pgs=40 cs=0 l=1 rev1=1 crypto rx=0x7efce00099e0 tx=0x7efce0003d00 comp rx=0 tx=0).ready entity=mon.0 client_cookie=0 server_cookie=0 in_seq=0 out_seq=0
2024-02-20T08:02:54.064 INFO:teuthology.orchestra.run.smithi152.stdout:/usr/bin/ceph: stderr
2024-02-20T08:02:53.342+0000 7efcda7fc700 1 -- 172.21.15.152:0/2123189859 <== mon.0 v2:172.21.15.152:3300/0 1 ==== mon_map magic: 0 v1 ==== 229+0+0 (secure 0 0 0) 0x7efce000e040 con 0x7efce407bea0
2024-02-20T08:02:54.064 INFO:teuthology.orchestra.run.smithi152.stdout:/usr/bin/ceph: stderr
2024-02-20T08:02:53.342+0000 7efceb835700 1 -- 172.21.15.152:0/2123189859 --> [v2:172.21.15.152:3300/0,v1:172.21.15.152:6789/0] -- mon_subscribe({mgrmap=0+}) v3 -- 0x7efce419cc90 con 0x7efce407bea0
2024-02-20T08:02:54.064 INFO:teuthology.orchestra.run.smithi152.stdout:/usr/bin/ceph: stderr
2024-02-20T08:02:53.342+0000 7efcda7fc700 1 -- 172.21.15.152:0/2123189859 <== mon.0 v2:172.21.15.152:3300/0 2 ==== config(27 keys) v1 ==== 1042+0+0 (secure 0 0 0) 0x7efce000bc40 con 0x7efce407bea0
2024-02-20T08:02:54.065 INFO:teuthology.orchestra.run.smithi152.stdout:/usr/bin/ceph: stderr
2024-02-20T08:02:53.342+0000 7efcda7fc700 1 -- 172.21.15.152:0/2123189859 <== mon.0 v2:172.21.15.152:3300/0 3 ==== mon_map magic: 0 v1 ==== 229+0+0 (secure 0 0 0) 0x7efce00125e0 con 0x7efce407bea0
2024-02-20T08:02:54.065 INFO:teuthology.orchestra.run.smithi152.stdout:/usr/bin/ceph: stderr
2024-02-20T08:02:53.342+0000 7efceb835700 1 -- 172.21.15.152:0/2123189859 --> [v2:172.21.15.152:3300/0,v1:172.21.15.152:6789/0] -- mon_subscribe({osdmap=0}) v3 -- 0x7efce419d190 con 0x7efce407bea0
2024-02-20T08:02:54.065 INFO:teuthology.orchestra.run.smithi152.stdout:/usr/bin/ceph: stderr
2024-02-20T08:02:53.343+0000 7efcda7fc700 1 -- 172.21.15.152:0/2123189859 <== mon.0 v2:172.21.15.152:3300/0 4 ==== mgrmap(e 8) v1 ==== 45552+0+0 (secure 0 0 0) 0x7efce0019040 con 0x7efce407bea0
2024-02-20T08:02:54.065 INFO:teuthology.orchestra.run.smithi152.stdout:/usr/bin/ceph: stderr
2024-02-20T08:02:53.343+0000 7efceb835700 1 -- 172.21.15.152:0/2123189859 --> [v2:172.21.15.152:3300/0,v1:172.21.15.152:6789/0] -- mon_command({"prefix": "get_command_descriptions"} v 0) v1 -- 0x7efce4196340 con 0x7efce407bea0
2024-02-20T08:02:54.065 INFO:teuthology.orchestra.run.smithi152.stdout:/usr/bin/ceph: stderr
2024-02-20T08:02:53.343+0000 7efcda7fc700 1 --2- 172.21.15.152:0/2123189859 >> [v2:172.21.15.152:6800/3791375786,v1:172.21.15.152:6801/3791375786] conn(0x7efcd0038700 0x7efcd003abc0 unknown :-1 s=NONE pgs=0 cs=0 l=1 rev1=0 crypto rx=0 tx=0 comp rx=0 tx=0).connect
2024-02-20T08:02:54.065 INFO:teuthology.orchestra.run.smithi152.stdout:/usr/bin/ceph: stderr
2024-02-20T08:02:53.343+0000 7efcda7fc700 1 -- 172.21.15.152:0/2123189859 <== mon.0 v2:172.21.15.152:3300/0 5 ==== osd_map(2..2 src has 1..2) v4 ==== 940+0+0 (secure 0 0 0) 0x7efce004c110 con 0x7efce407bea0
2024-02-20T08:02:54.065 INFO:teuthology.orchestra.run.smithi152.stdout:/usr/bin/ceph: stderr
2024-02-20T08:02:53.343+0000 7efce8dd0700 1 --2- 172.21.15.152:0/2123189859 >> [v2:172.21.15.152:6800/3791375786,v1:172.21.15.152:6801/3791375786] conn(0x7efcd0038700 0x7efcd003abc0 unknown :-1 s=BANNER_CONNECTING pgs=0 cs=0 l=1 rev1=0 crypto rx=0 tx=0 comp rx=0 tx=0)._handle_peer_banner_payload supported=3 required=0
2024-02-20T08:02:54.065 INFO:teuthology.orchestra.run.smithi152.stdout:/usr/bin/ceph: stderr
2024-02-20T08:02:53.344+0000 7efce8dd0700 1 --2- 172.21.15.152:0/2123189859 >> [v2:172.21.15.152:6800/3791375786,v1:172.21.15.152:6801/3791375786] conn(0x7efcd0038700 0x7efcd003abc0 secure :-1 s=READY pgs=8 cs=0 l=1 rev1=1 crypto rx=0x7efcd4006fd0 tx=0x7efcd4006e40 comp rx=0 tx=0).ready entity=mgr.14120 client_cookie=0 server_cookie=0 in_seq=0 out_seq=0
2024-02-20T08:02:54.065 INFO:teuthology.orchestra.run.smithi152.stdout:/usr/bin/ceph: stderr
2024-02-20T08:02:53.348+0000 7efcda7fc700 1 -- 172.21.15.152:0/2123189859 <== mon.0 v2:172.21.15.152:3300/0 6 ==== mon_command_ack([{"prefix": "get_command_descriptions"}]=0 v0) v1 ==== 72+0+182595 (secure 0 0 0) 0x7efce001b430 con 0x7efce407bea0
2024-02-20T08:02:54.065 INFO:teuthology.orchestra.run.smithi152.stdout:/usr/bin/ceph: stderr
2024-02-20T08:02:53.542+0000 7efceb835700 1 -- 172.21.15.152:0/2123189859 --> [v2:172.21.15.152:6800/3791375786,v1:172.21.15.152:6801/3791375786] -- mgr_command(tid 0: {"prefix": "cephadm set-user", "user": "root", "target": ["mon-mgr", ""]}) v1 -- 0x7efce40611b0 con 0x7efcd0038700
2024-02-20T08:02:54.065 INFO:teuthology.orchestra.run.smithi152.stdout:/usr/bin/ceph: stderr
2024-02-20T08:02:53.543+0000 7efcda7fc700 1 -- 172.21.15.152:0/2123189859 <== mgr.14120 v2:172.21.15.152:6800/3791375786 1 ==== mgr_command_reply(tid 0: 0 ) v1 ==== 8+0+16 (secure 0 0 0) 0x7efce40611b0 con 0x7efcd0038700
2024-02-20T08:02:54.065 INFO:teuthology.orchestra.run.smithi152.stdout:/usr/bin/ceph: stderr
2024-02-20T08:02:53.545+0000 7efceb835700 1 -- 172.21.15.152:0/2123189859 >> [v2:172.21.15.152:6800/3791375786,v1:172.21.15.152:6801/3791375786] conn(0x7efcd0038700 msgr2=0x7efcd003abc0 secure :-1 s=STATE_CONNECTION_ESTABLISHED l=1).mark_down
2024-02-20T08:02:54.065 INFO:teuthology.orchestra.run.smithi152.stdout:/usr/bin/ceph: stderr
2024-02-20T08:02:53.545+0000 7efceb835700 1 --2- 172.21.15.152:0/2123189859 >> [v2:172.21.15.152:6800/3791375786,v1:172.21.15.152:6801/3791375786] conn(0x7efcd0038700 0x7efcd003abc0 secure :-1 s=READY pgs=8 cs=0 l=1 rev1=1 crypto rx=0x7efcd4006fd0 tx=0x7efcd4006e40 comp rx=0 tx=0).stop
2024-02-20T08:02:54.065 INFO:teuthology.orchestra.run.smithi152.stdout:/usr/bin/ceph: stderr
2024-02-20T08:02:53.545+0000 7efceb835700 1 -- 172.21.15.152:0/2123189859 >> [v2:172.21.15.152:3300/0,v1:172.21.15.152:6789/0] conn(0x7efce407bea0 msgr2=0x7efce419c550 secure :-1 s=STATE_CONNECTION_ESTABLISHED l=1).mark_down
2024-02-20T08:02:54.065 INFO:teuthology.orchestra.run.smithi152.stdout:/usr/bin/ceph: stderr
2024-02-20T08:02:53.545+0000 7efceb835700 1 --2- 172.21.15.152:0/2123189859 >> [v2:172.21.15.152:3300/0,v1:172.21.15.152:6789/0] conn(0x7efce407bea0 0x7efce419c550 secure :-1 s=READY pgs=40 cs=0 l=1 rev1=1 crypto rx=0x7efce00099e0 tx=0x7efce0003d00 comp rx=0 tx=0).stop
2024-02-20T08:02:54.066 INFO:teuthology.orchestra.run.smithi152.stdout:/usr/bin/ceph: stderr
2024-02-20T08:02:53.545+0000 7efceb835700 1 -- 172.21.15.152:0/2123189859 shutdown_connections
2024-02-20T08:02:54.066 INFO:teuthology.orchestra.run.smithi152.stdout:/usr/bin/ceph: stderr
2024-02-20T08:02:53.545+0000 7efceb835700 1 --2- 172.21.15.152:0/2123189859 >> [v2:172.21.15.152:6800/3791375786,v1:172.21.15.152:6801/3791375786] conn(0x7efcd0038700 0x7efcd003abc0 unknown :-1 s=CLOSED pgs=8 cs=0 l=1 rev1=1 crypto rx=0 tx=0 comp rx=0 tx=0).stop
2024-02-20T08:02:54.066 INFO:teuthology.orchestra.run.smithi152.stdout:/usr/bin/ceph: stderr
2024-02-20T08:02:53.545+0000 7efceb835700 1 --2- 172.21.15.152:0/2123189859 >> [v2:172.21.15.152:3300/0,v1:172.21.15.152:6789/0] conn(0x7efce407bea0 0x7efce419c550 unknown :-1 s=CLOSED pgs=40 cs=0 l=1 rev1=1 crypto rx=0 tx=0 comp rx=0 tx=0).stop
2024-02-20T08:02:54.066 INFO:teuthology.orchestra.run.smithi152.stdout:/usr/bin/ceph: stderr
