2024-02-20T08:03:38.469+0000 7f7fceb1d700 1 --2- 172.21.15.19:0/4106922178 >> [v2:172.21.15.19:3300/0,v1:172.21.15.19:6789/0] conn(0x7f7fc8102770 0x7f7fc8102b80 secure :-1 s=READY pgs=43 cs=0 l=1 rev1=1 crypto rx=0x7f7fbc0098e0 tx=0x7f7fbc009250 comp rx=0 tx=0).stop
2024-02-20T08:03:39.624 INFO:teuthology.orchestra.run.smithi019.stdout:/usr/bin/ceph: stderr
2024-02-20T08:03:38.469+0000 7f7fceb1d700 1 -- 172.21.15.19:0/4106922178 shutdown_connections
2024-02-20T08:03:39.624 INFO:teuthology.orchestra.run.smithi019.stdout:/usr/bin/ceph: stderr
2024-02-20T08:03:38.469+0000 7f7fceb1d700 1 --2- 172.21.15.19:0/4106922178 >> [v2:172.21.15.19:3300/0,v1:172.21.15.19:6789/0] conn(0x7f7fc8102770 0x7f7fc8102b80 unknown :-1 s=CLOSED pgs=43 cs=0 l=1 rev1=1 crypto rx=0 tx=0 comp rx=0 tx=0).stop
2024-02-20T08:03:39.624 INFO:teuthology.orchestra.run.smithi019.stdout:/usr/bin/ceph: stderr
2024-02-20T08:03:38.469+0000 7f7fceb1d700 1 -- 172.21.15.19:0/4106922178 >> 172.21.15.19:0/4106922178 conn(0x7f7fc80fded0 msgr2=0x7f7fc8100300 unknown :-1 s=STATE_NONE l=0).mark_down
2024-02-20T08:03:39.624 INFO:teuthology.orchestra.run.smithi019.stdout:/usr/bin/ceph: stderr
2024-02-20T08:03:38.469+0000 7f7fceb1d700 1 -- 172.21.15.19:0/4106922178 shutdown_connections
2024-02-20T08:03:39.624 INFO:teuthology.orchestra.run.smithi019.stdout:/usr/bin/ceph: stderr
2024-02-20T08:03:38.469+0000 7f7fceb1d700 1 -- 172.21.15.19:0/4106922178 wait complete.
2024-02-20T08:03:39.624 INFO:teuthology.orchestra.run.smithi019.stdout:/usr/bin/ceph: stderr
2024-02-20T08:03:38.470+0000 7f7fceb1d700 1 Processor -- start
2024-02-20T08:03:39.625 INFO:teuthology.orchestra.run.smithi019.stdout:/usr/bin/ceph: stderr
2024-02-20T08:03:38.470+0000 7f7fceb1d700 1 -- start start
2024-02-20T08:03:39.625 INFO:teuthology.orchestra.run.smithi019.stdout:/usr/bin/ceph: stderr
2024-02-20T08:03:38.470+0000 7f7fceb1d700 1 --2- >> [v2:172.21.15.19:3300/0,v1:172.21.15.19:6789/0] conn(0x7f7fc8102770 0x7f7fc8111560 unknown :-1 s=NONE pgs=0 cs=0 l=1 rev1=0 crypto rx=0 tx=0 comp rx=0 tx=0).connect
2024-02-20T08:03:39.625 INFO:teuthology.orchestra.run.smithi019.stdout:/usr/bin/ceph: stderr
2024-02-20T08:03:38.470+0000 7f7fceb1d700 1 -- --> [v2:172.21.15.19:3300/0,v1:172.21.15.19:6789/0] -- mon_getmap magic: 0 v1 -- 0x7f7fc8111aa0 con 0x7f7fc8102770
2024-02-20T08:03:39.625 INFO:teuthology.orchestra.run.smithi019.stdout:/usr/bin/ceph: stderr
2024-02-20T08:03:38.470+0000 7f7fcc8b9700 1 --2- >> [v2:172.21.15.19:3300/0,v1:172.21.15.19:6789/0] conn(0x7f7fc8102770 0x7f7fc8111560 unknown :-1 s=BANNER_CONNECTING pgs=0 cs=0 l=1 rev1=0 crypto rx=0 tx=0 comp rx=0 tx=0)._handle_peer_banner_payload supported=3 required=0
2024-02-20T08:03:39.625 INFO:teuthology.orchestra.run.smithi019.stdout:/usr/bin/ceph: stderr
2024-02-20T08:03:38.470+0000 7f7fcc8b9700 1 --2- >> [v2:172.21.15.19:3300/0,v1:172.21.15.19:6789/0] conn(0x7f7fc8102770 0x7f7fc8111560 unknown :-1 s=HELLO_CONNECTING pgs=0 cs=0 l=1 rev1=1 crypto rx=0 tx=0 comp rx=0 tx=0).handle_hello peer v2:172.21.15.19:3300/0 says I am v2:172.21.15.19:53310/0 (socket says 172.21.15.19:53310)
2024-02-20T08:03:39.625 INFO:teuthology.orchestra.run.smithi019.stdout:/usr/bin/ceph: stderr
2024-02-20T08:03:38.470+0000 7f7fcc8b9700 1 -- 172.21.15.19:0/2584577689 learned_addr learned my addr 172.21.15.19:0/2584577689 (peer_addr_for_me v2:172.21.15.19:0/0)
2024-02-20T08:03:39.625 INFO:teuthology.orchestra.run.smithi019.stdout:/usr/bin/ceph: stderr
2024-02-20T08:03:38.471+0000 7f7fcc8b9700 1 -- 172.21.15.19:0/2584577689 --> [v2:172.21.15.19:3300/0,v1:172.21.15.19:6789/0] -- mon_subscribe({config=0+,monmap=0+}) v3 -- 0x7f7fbc0094f0 con 0x7f7fc8102770
2024-02-20T08:03:39.625 INFO:teuthology.orchestra.run.smithi019.stdout:/usr/bin/ceph: stderr
2024-02-20T08:03:38.471+0000 7f7fcc8b9700 1 --2- 172.21.15.19:0/2584577689 >> [v2:172.21.15.19:3300/0,v1:172.21.15.19:6789/0] conn(0x7f7fc8102770 0x7f7fc8111560 secure :-1 s=READY pgs=44 cs=0 l=1 rev1=1 crypto rx=0x7f7fbc000c00 tx=0x7f7fbc009250 comp rx=0 tx=0).ready entity=mon.0 client_cookie=0 server_cookie=0 in_seq=0 out_seq=0
2024-02-20T08:03:39.625 INFO:teuthology.orchestra.run.smithi019.stdout:/usr/bin/ceph: stderr
2024-02-20T08:03:38.471+0000 7f7fc57fa700 1 -- 172.21.15.19:0/2584577689 <== mon.0 v2:172.21.15.19:3300/0 1 ==== mon_map magic: 0 v1 ==== 229+0+0 (secure 0 0 0) 0x7f7fbc0107c0 con 0x7f7fc8102770
2024-02-20T08:03:39.625 INFO:teuthology.orchestra.run.smithi019.stdout:/usr/bin/ceph: stderr
2024-02-20T08:03:38.471+0000 7f7fc57fa700 1 -- 172.21.15.19:0/2584577689 <== mon.0 v2:172.21.15.19:3300/0 2 ==== config(27 keys) v1 ==== 1044+0+0 (secure 0 0 0) 0x7f7fbc010db0 con 0x7f7fc8102770
2024-02-20T08:03:39.625 INFO:teuthology.orchestra.run.smithi019.stdout:/usr/bin/ceph: stderr
2024-02-20T08:03:38.471+0000 7f7fc57fa700 1 -- 172.21.15.19:0/2584577689 <== mon.0 v2:172.21.15.19:3300/0 3 ==== mon_map magic: 0 v1 ==== 229+0+0 (secure 0 0 0) 0x7f7fbc01ad00 con 0x7f7fc8102770
2024-02-20T08:03:39.625 INFO:teuthology.orchestra.run.smithi019.stdout:/usr/bin/ceph: stderr
2024-02-20T08:03:38.471+0000 7f7fceb1d700 1 -- 172.21.15.19:0/2584577689 --> [v2:172.21.15.19:3300/0,v1:172.21.15.19:6789/0] -- mon_subscribe({mgrmap=0+}) v3 -- 0x7f7fc8111ca0 con 0x7f7fc8102770
2024-02-20T08:03:39.625 INFO:teuthology.orchestra.run.smithi019.stdout:/usr/bin/ceph: stderr
2024-02-20T08:03:38.471+0000 7f7fceb1d700 1 -- 172.21.15.19:0/2584577689 --> [v2:172.21.15.19:3300/0,v1:172.21.15.19:6789/0] -- mon_subscribe({osdmap=0}) v3 -- 0x7f7fc8112940 con 0x7f7fc8102770
2024-02-20T08:03:39.625 INFO:teuthology.orchestra.run.smithi019.stdout:/usr/bin/ceph: stderr
2024-02-20T08:03:38.472+0000 7f7fc57fa700 1 -- 172.21.15.19:0/2584577689 <== mon.0 v2:172.21.15.19:3300/0 4 ==== mgrmap(e 8) v1 ==== 43368+0+0 (secure 0 0 0) 0x7f7fbc010920 con 0x7f7fc8102770
2024-02-20T08:03:39.625 INFO:teuthology.orchestra.run.smithi019.stdout:/usr/bin/ceph: stderr
2024-02-20T08:03:38.472+0000 7f7fceb1d700 1 -- 172.21.15.19:0/2584577689 --> [v2:172.21.15.19:3300/0,v1:172.21.15.19:6789/0] -- mon_command({"prefix": "get_command_descriptions"} v 0) v1 -- 0x7f7fc805f5c0 con 0x7f7fc8102770
2024-02-20T08:03:39.626 INFO:teuthology.orchestra.run.smithi019.stdout:/usr/bin/ceph: stderr
2024-02-20T08:03:38.472+0000 7f7fc57fa700 1 --2- 172.21.15.19:0/2584577689 >> [v2:172.21.15.19:6800/4038635461,v1:172.21.15.19:6801/4038635461] conn(0x7f7fb80367e0 0x7f7fb8038c90 unknown :-1 s=NONE pgs=0 cs=0 l=1 rev1=0 crypto rx=0 tx=0 comp rx=0 tx=0).connect
2024-02-20T08:03:39.626 INFO:teuthology.orchestra.run.smithi019.stdout:/usr/bin/ceph: stderr
2024-02-20T08:03:38.472+0000 7f7fc57fa700 1 -- 172.21.15.19:0/2584577689 <== mon.0 v2:172.21.15.19:3300/0 5 ==== osd_map(2..2 src has 1..2) v4 ==== 936+0+0 (secure 0 0 0) 0x7f7fbc04a600 con 0x7f7fc8102770
2024-02-20T08:03:39.626 INFO:teuthology.orchestra.run.smithi019.stdout:/usr/bin/ceph: stderr
2024-02-20T08:03:38.472+0000 7f7fc7fff700 1 --2- 172.21.15.19:0/2584577689 >> [v2:172.21.15.19:6800/4038635461,v1:172.21.15.19:6801/4038635461] conn(0x7f7fb80367e0 0x7f7fb8038c90 unknown :-1 s=BANNER_CONNECTING pgs=0 cs=0 l=1 rev1=0 crypto rx=0 tx=0 comp rx=0 tx=0)._handle_peer_banner_payload supported=3 required=0
2024-02-20T08:03:39.626 INFO:teuthology.orchestra.run.smithi019.stdout:/usr/bin/ceph: stderr
2024-02-20T08:03:38.473+0000 7f7fc7fff700 1 --2- 172.21.15.19:0/2584577689 >> [v2:172.21.15.19:6800/4038635461,v1:172.21.15.19:6801/4038635461] conn(0x7f7fb80367e0 0x7f7fb8038c90 secure :-1 s=READY pgs=12 cs=0 l=1 rev1=1 crypto rx=0x7f7fb4009990 tx=0x7f7fb4006e40 comp rx=0 tx=0).ready entity=mgr.14116 client_cookie=0 server_cookie=0 in_seq=0 out_seq=0
2024-02-20T08:03:39.626 INFO:teuthology.orchestra.run.smithi019.stdout:/usr/bin/ceph: stderr
2024-02-20T08:03:38.477+0000 7f7fc57fa700 1 -- 172.21.15.19:0/2584577689 <== mon.0 v2:172.21.15.19:3300/0 6 ==== mon_command_ack([{"prefix": "get_command_descriptions"}]=0 v0) v1 ==== 72+0+175031 (secure 0 0 0) 0x7f7fbc01a530 con 0x7f7fc8102770
2024-02-20T08:03:39.626 INFO:teuthology.orchestra.run.smithi019.stdout:/usr/bin/ceph: stderr
2024-02-20T08:03:38.706+0000 7f7fceb1d700 1 -- 172.21.15.19:0/2584577689 --> [v2:172.21.15.19:6800/4038635461,v1:172.21.15.19:6801/4038635461] -- mgr_command(tid 0: {"prefix": "orch apply", "service_type": "mon", "target": ["mon-mgr", ""]}) v1 -- 0x7f7fc8100190 con 0x7f7fb80367e0
2024-02-20T08:03:39.626 INFO:teuthology.orchestra.run.smithi019.stdout:/usr/bin/ceph: stderr
2024-02-20T08:03:38.713+0000 7f7fc57fa700 1 -- 172.21.15.19:0/2584577689 <== mgr.14116 v2:172.21.15.19:6800/4038635461 1 ==== mgr_command_reply(tid 0: 0 ) v1 ==== 8+0+24 (secure 0 0 0) 0x7f7fc8100190 con 0x7f7fb80367e0
2024-02-20T08:03:39.626 INFO:teuthology.orchestra.run.smithi019.stdout:/usr/bin/ceph: stderr
2024-02-20T08:03:38.715+0000 7f7fceb1d700 1 -- 172.21.15.19:0/2584577689 >> [v2:172.21.15.19:6800/4038635461,v1:172.21.15.19:6801/4038635461] conn(0x7f7fb80367e0 msgr2=0x7f7fb8038c90 secure :-1 s=STATE_CONNECTION_ESTABLISHED l=1).mark_down
2024-02-20T08:03:39.626 INFO:teuthology.orchestra.run.smithi019.stdout:/usr/bin/ceph: stderr
2024-02-20T08:03:38.715+0000 7f7fceb1d700 1 --2- 172.21.15.19:0/2584577689 >> [v2:172.21.15.19:6800/4038635461,v1:172.21.15.19:6801/4038635461] conn(0x7f7fb80367e0 0x7f7fb8038c90 secure :-1 s=READY pgs=12 cs=0 l=1 rev1=1 crypto rx=0x7f7fb4009990 tx=0x7f7fb4006e40 comp rx=0 tx=0).stop
2024-02-20T08:03:39.626 INFO:teuthology.orchestra.run.smithi019.stdout:/usr/bin/ceph: stderr
2024-02-20T08:03:38.715+0000 7f7fceb1d700 1 -- 172.21.15.19:0/2584577689 >> [v2:172.21.15.19:3300/0,v1:172.21.15.19:6789/0] conn(0x7f7fc8102770 msgr2=0x7f7fc8111560 secure :-1 s=STATE_CONNECTION_ESTABLISHED l=1).mark_down
2024-02-20T08:03:39.626 INFO:teuthology.orchestra.run.smithi019.stdout:/usr/bin/ceph: stderr
2024-02-20T08:03:38.715+0000 7f7fceb1d700 1 --2- 172.21.15.19:0/2584577689 >> [v2:172.21.15.19:3300/0,v1:172.21.15.19:6789/0] conn(0x7f7fc8102770 0x7f7fc8111560 secure :-1 s=READY pgs=44 cs=0 l=1 rev1=1 crypto rx=0x7f7fbc000c00 tx=0x7f7fbc009250 comp rx=0 tx=0).stop
2024-02-20T08:03:39.626 INFO:teuthology.orchestra.run.smithi019.stdout:/usr/bin/ceph: stderr
2024-02-20T08:03:38.715+0000 7f7fceb1d700 1 -- 172.21.15.19:0/2584577689 shutdown_connections
2024-02-20T08:03:39.626 INFO:teuthology.orchestra.run.smithi019.stdout:/usr/bin/ceph: stderr
2024-02-20T08:03:38.715+0000 7f7fceb1d700 1 --2- 172.21.15.19:0/2584577689 >> [v2:172.21.15.19:6800/4038635461,v1:172.21.15.19:6801/4038635461] conn(0x7f7fb80367e0 0x7f7fb8038c90 unknown :-1 s=CLOSED pgs=12 cs=0 l=1 rev1=1 crypto rx=0 tx=0 comp rx=0 tx=0).stop
2024-02-20T08:03:39.626 INFO:teuthology.orchestra.run.smithi019.stdout:/usr/bin/ceph: stderr
2024-02-20T08:03:38.715+0000 7f7fceb1d700 1 --2- 172.21.15.19:0/2584577689 >> [v2:172.21.15.19:3300/0,v1:172.21.15.19:6789/0] conn(0x7f7fc8102770 0x7f7fc8111560 unknown :-1 s=CLOSED pgs=44 cs=0 l=1 rev1=1 crypto rx=0 tx=0 comp rx=0 tx=0).stop
2024-02-20T08:03:39.627 INFO:teuthology.orchestra.run.smithi019.stdout:/usr/bin/ceph: stderr
2024-02-20T08:03:38.715+0000 7f7fceb1d700 1 -- 172.21.15.19:0/2584577689 >> 172.21.15.19:0/2584577689 conn(0x7f7fc80fded0 msgr2=0x7f7fc80ff570 unknown :-1 s=STATE_NONE l=0).mark_down
2024-02-20T08:03:39.627 INFO:teuthology.orchestra.run.smithi019.stdout:/usr/bin/ceph: stderr
2024-02-20T08:03:38.715+0000 7f7fceb1d700 1 -- 172.21.15.19:0/2584577689 shutdown_connections
2024-02-20T08:03:39.627 INFO:teuthology.orchestra.run.smithi019.stdout:/usr/bin/ceph: stderr
2024-02-20T08:03:38.715+0000 7f7fceb1d700 1 -- 172.21.15.19:0/2584577689 wait complete.
2024-02-20T08:03:39.627 INFO:teuthology.orchestra.run.smithi019.stdout:Deploying mgr service with default placement...
2024-02-20T08:03:39.900 INFO:journalctl@ceph.mon.smithi019.smithi019.stdout:Feb 20 08:03:39 smithi019 ceph-mon[28876]: from='client.14138 -' entity='client.admin' cmd=[{"prefix": "orch apply", "service_type": "mon", "target": ["mon-mgr", ""]}]: dispatch
2024-02-20T08:03:39.900 INFO:journalctl@ceph.mon.smithi019.smithi019.stdout:Feb 20 08:03:39 smithi019 ceph-mon[28876]: Saving service mon spec with placement count:5
2024-02-20T08:03:39.900 INFO:journalctl@ceph.mon.smithi019.smithi019.stdout:Feb 20 08:03:39 smithi019 ceph-mon[28876]: from='mgr.14116 172.21.15.19:0/2537241251' entity='mgr.smithi019.unfomv'
2024-02-20T08:03:40.899 INFO:teuthology.orchestra.run.smithi019.stdout:/usr/bin/ceph: stdout Scheduled mgr update...
2024-02-20T08:03:40.900 INFO:teuthology.orchestra.run.smithi019.stdout:/usr/bin/ceph: stderr
2024-02-20T08:03:40.039+0000 7f80df45d700 1 Processor -- start
2024-02-20T08:03:40.900 INFO:teuthology.orchestra.run.smithi019.stdout:/usr/bin/ceph: stderr
2024-02-20T08:03:40.039+0000 7f80df45d700 1 -- start start
2024-02-20T08:03:40.900 INFO:teuthology.orchestra.run.smithi019.stdout:/usr/bin/ceph: stderr
2024-02-20T08:03:40.039+0000 7f80df45d700 1 --2- >> [v2:172.21.15.19:3300/0,v1:172.21.15.19:6789/0] conn(0x7f80d8078ce0 0x7f80d80771f0 unknown :-1 s=NONE pgs=0 cs=0 l=0 rev1=0 crypto rx=0 tx=0 comp rx=0 tx=0).connect
2024-02-20T08:03:40.900 INFO:teuthology.orchestra.run.smithi019.stdout:/usr/bin/ceph: stderr
2024-02-20T08:03:40.039+0000 7f80df45d700 1 -- --> [v2:172.21.15.19:3300/0,v1:172.21.15.19:6789/0] -- mon_getmap magic: 0 v1 -- 0x7f80d80790f0 con 0x7f80d8078ce0
2024-02-20T08:03:40.900 INFO:teuthology.orchestra.run.smithi019.stdout:/usr/bin/ceph: stderr
2024-02-20T08:03:40.039+0000 7f80dd1f9700 1 --2- >> [v2:172.21.15.19:3300/0,v1:172.21.15.19:6789/0] conn(0x7f80d8078ce0 0x7f80d80771f0 unknown :-1 s=BANNER_CONNECTING pgs=0 cs=0 l=0 rev1=0 crypto rx=0 tx=0 comp rx=0 tx=0)._handle_peer_banner_payload supported=3 required=0
2024-02-20T08:03:40.900 INFO:teuthology.orchestra.run.smithi019.stdout:/usr/bin/ceph: stderr
2024-02-20T08:03:40.039+0000 7f80dd1f9700 1 --2- >> [v2:172.21.15.19:3300/0,v1:172.21.15.19:6789/0] conn(0x7f80d8078ce0 0x7f80d80771f0 unknown :-1 s=HELLO_CONNECTING pgs=0 cs=0 l=0 rev1=1 crypto rx=0 tx=0 comp rx=0 tx=0).handle_hello peer v2:172.21.15.19:3300/0 says I am v2:172.21.15.19:53318/0 (socket says 172.21.15.19:53318)
2024-02-20T08:03:40.900 INFO:teuthology.orchestra.run.smithi019.stdout:/usr/bin/ceph: stderr
2024-02-20T08:03:40.039+0000 7f80dd1f9700 1 -- 172.21.15.19:0/542409792 learned_addr learned my addr 172.21.15.19:0/542409792 (peer_addr_for_me v2:172.21.15.19:0/0)
2024-02-20T08:03:40.900 INFO:teuthology.orchestra.run.smithi019.stdout:/usr/bin/ceph: stderr
2024-02-20T08:03:40.040+0000 7f80dd1f9700 1 -- 172.21.15.19:0/542409792 --> [v2:172.21.15.19:3300/0,v1:172.21.15.19:6789/0] -- mon_subscribe({config=0+,monmap=0+}) v3 -- 0x7f80d8077730 con 0x7f80d8078ce0
2024-02-20T08:03:40.900 INFO:teuthology.orchestra.run.smithi019.stdout:/usr/bin/ceph: stderr
2024-02-20T08:03:40.040+0000 7f80dd1f9700 1 --2- 172.21.15.19:0/542409792 >> [v2:172.21.15.19:3300/0,v1:172.21.15.19:6789/0] conn(0x7f80d8078ce0 0x7f80d80771f0 secure :-1 s=READY pgs=45 cs=0 l=1 rev1=1 crypto rx=0x7f80d40098e0 tx=0x7f80d4009250 comp rx=0 tx=0).ready entity=mon.0 client_cookie=1ddc438358382ecb server_cookie=0 in_seq=0 out_seq=0
2024-02-20T08:03:40.900 INFO:teuthology.orchestra.run.smithi019.stdout:/usr/bin/ceph: stderr
2024-02-20T08:03:40.040+0000 7f80cffff700 1 -- 172.21.15.19:0/542409792 <== mon.0 v2:172.21.15.19:3300/0 1 ==== mon_map magic: 0 v1 ==== 229+0+0 (secure 0 0 0) 0x7f80d400b860 con 0x7f80d8078ce0
2024-02-20T08:03:40.900 INFO:teuthology.orchestra.run.smithi019.stdout:/usr/bin/ceph: stderr
2024-02-20T08:03:40.040+0000 7f80cffff700 1 -- 172.21.15.19:0/542409792 <== mon.0 v2:172.21.15.19:3300/0 2 ==== config(27 keys) v1 ==== 1044+0+0 (secure 0 0 0) 0x7f80d400be50 con 0x7f80d8078ce0
2024-02-20T08:03:40.900 INFO:teuthology.orchestra.run.smithi019.stdout:/usr/bin/ceph: stderr
2024-02-20T08:03:40.040+0000 7f80cffff700 1 -- 172.21.15.19:0/542409792 <== mon.0 v2:172.21.15.19:3300/0 3 ==== mon_map magic: 0 v1 ==== 229+0+0 (secure 0 0 0) 0x7f80d4010380 con 0x7f80d8078ce0
2024-02-20T08:03:40.900 INFO:teuthology.orchestra.run.smithi019.stdout:/usr/bin/ceph: stderr
2024-02-20T08:03:40.041+0000 7f80df45d700 1 -- 172.21.15.19:0/542409792 >> [v2:172.21.15.19:3300/0,v1:172.21.15.19:6789/0] conn(0x7f80d8078ce0 msgr2=0x7f80d80771f0 secure :-1 s=STATE_CONNECTION_ESTABLISHED l=1).mark_down
2024-02-20T08:03:40.901 INFO:teuthology.orchestra.run.smithi019.stdout:/usr/bin/ceph: stderr
2024-02-20T08:03:40.041+0000 7f80df45d700 1 --2- 172.21.15.19:0/542409792 >> [v2:172.21.15.19:3300/0,v1:172.21.15.19:6789/0] conn(0x7f80d8078ce0 0x7f80d80771f0 secure :-1 s=READY pgs=45 cs=0 l=1 rev1=1 crypto rx=0x7f80d40098e0 tx=0x7f80d4009250 comp rx=0 tx=0).stop
2024-02-20T08:03:40.901 INFO:teuthology.orchestra.run.smithi019.stdout:/usr/bin/ceph: stderr
2024-02-20T08:03:40.041+0000 7f80df45d700 1 -- 172.21.15.19:0/542409792 shutdown_connections
2024-02-20T08:03:40.901 INFO:teuthology.orchestra.run.smithi019.stdout:/usr/bin/ceph: stderr
2024-02-20T08:03:40.041+0000 7f80df45d700 1 --2- 172.21.15.19:0/542409792 >> [v2:172.21.15.19:3300/0,v1:172.21.15.19:6789/0] conn(0x7f80d8078ce0 0x7f80d80771f0 unknown :-1 s=CLOSED pgs=45 cs=0 l=1 rev1=1 crypto rx=0 tx=0 comp rx=0 tx=0).stop
2024-02-20T08:03:40.901 INFO:teuthology.orchestra.run.smithi019.stdout:/usr/bin/ceph: stderr
2024-02-20T08:03:40.041+0000 7f80df45d700 1 -- 172.21.15.19:0/542409792 >> 172.21.15.19:0/542409792 conn(0x7f80d80fdf00 msgr2=0x7f80d8100310 unknown :-1 s=STATE_NONE l=0).mark_down
2024-02-20T08:03:40.901 INFO:teuthology.orchestra.run.smithi019.stdout:/usr/bin/ceph: stderr
2024-02-20T08:03:40.041+0000 7f80df45d700 1 -- 172.21.15.19:0/542409792 shutdown_connections
2024-02-20T08:03:40.901 INFO:teuthology.orchestra.run.smithi019.stdout:/usr/bin/ceph: stderr
2024-02-20T08:03:40.041+0000 7f80df45d700 1 -- 172.21.15.19:0/542409792 wait complete.
2024-02-20T08:03:40.901 INFO:teuthology.orchestra.run.smithi019.stdout:/usr/bin/ceph: stderr
2024-02-20T08:03:40.041+0000 7f80df45d700 1 Processor -- start
2024-02-20T08:03:40.901 INFO:teuthology.orchestra.run.smithi019.stdout:/usr/bin/ceph: stderr
2024-02-20T08:03:40.041+0000 7f80df45d700 1 -- start start
2024-02-20T08:03:40.901 INFO:teuthology.orchestra.run.smithi019.stdout:/usr/bin/ceph: stderr
2024-02-20T08:03:40.042+0000 7f80df45d700 1 --2- >> [v2:172.21.15.19:3300/0,v1:172.21.15.19:6789/0] conn(0x7f80d8078ce0 0x7f80d81137f0 unknown :-1 s=NONE pgs=0 cs=0 l=1 rev1=0 crypto rx=0 tx=0 comp rx=0 tx=0).connect
2024-02-20T08:03:40.901 INFO:teuthology.orchestra.run.smithi019.stdout:/usr/bin/ceph: stderr
2024-02-20T08:03:40.042+0000 7f80df45d700 1 -- --> [v2:172.21.15.19:3300/0,v1:172.21.15.19:6789/0] -- mon_getmap magic: 0 v1 -- 0x7f80d8113d30 con 0x7f80d8078ce0
2024-02-20T08:03:40.901 INFO:teuthology.orchestra.run.smithi019.stdout:/usr/bin/ceph: stderr
2024-02-20T08:03:40.042+0000 7f80dd1f9700 1 --2- >> [v2:172.21.15.19:3300/0,v1:172.21.15.19:6789/0] conn(0x7f80d8078ce0 0x7f80d81137f0 unknown :-1 s=BANNER_CONNECTING pgs=0 cs=0 l=1 rev1=0 crypto rx=0 tx=0 comp rx=0 tx=0)._handle_peer_banner_payload supported=3 required=0
2024-02-20T08:03:40.901 INFO:teuthology.orchestra.run.smithi019.stdout:/usr/bin/ceph: stderr
2024-02-20T08:03:40.042+0000 7f80dd1f9700 1 --2- >> [v2:172.21.15.19:3300/0,v1:172.21.15.19:6789/0] conn(0x7f80d8078ce0 0x7f80d81137f0 unknown :-1 s=HELLO_CONNECTING pgs=0 cs=0 l=1 rev1=1 crypto rx=0 tx=0 comp rx=0 tx=0).handle_hello peer v2:172.21.15.19:3300/0 says I am v2:172.21.15.19:53324/0 (socket says 172.21.15.19:53324)
2024-02-20T08:03:40.901 INFO:teuthology.orchestra.run.smithi019.stdout:/usr/bin/ceph: stderr
2024-02-20T08:03:40.042+0000 7f80dd1f9700 1 -- 172.21.15.19:0/4011229615 learned_addr learned my addr 172.21.15.19:0/4011229615 (peer_addr_for_me v2:172.21.15.19:0/0)
2024-02-20T08:03:40.901 INFO:teuthology.orchestra.run.smithi019.stdout:/usr/bin/ceph: stderr
2024-02-20T08:03:40.042+0000 7f80dd1f9700 1 -- 172.21.15.19:0/4011229615 --> [v2:172.21.15.19:3300/0,v1:172.21.15.19:6789/0] -- mon_subscribe({config=0+,monmap=0+}) v3 -- 0x7f80d40094f0 con 0x7f80d8078ce0
2024-02-20T08:03:40.902 INFO:teuthology.orchestra.run.smithi019.stdout:/usr/bin/ceph: stderr
2024-02-20T08:03:40.042+0000 7f80dd1f9700 1 --2- 172.21.15.19:0/4011229615 >> [v2:172.21.15.19:3300/0,v1:172.21.15.19:6789/0] conn(0x7f80d8078ce0 0x7f80d81137f0 secure :-1 s=READY pgs=46 cs=0 l=1 rev1=1 crypto rx=0x7f80d400b440 tx=0x7f80d4009250 comp rx=0 tx=0).ready entity=mon.0 client_cookie=0 server_cookie=0 in_seq=0 out_seq=0
2024-02-20T08:03:40.902 INFO:teuthology.orchestra.run.smithi019.stdout:/usr/bin/ceph: stderr
2024-02-20T08:03:40.042+0000 7f80cdffb700 1 -- 172.21.15.19:0/4011229615 <== mon.0 v2:172.21.15.19:3300/0 1 ==== mon_map magic: 0 v1 ==== 229+0+0 (secure 0 0 0) 0x7f80d4010760 con 0x7f80d8078ce0
2024-02-20T08:03:40.902 INFO:teuthology.orchestra.run.smithi019.stdout:/usr/bin/ceph: stderr
2024-02-20T08:03:40.042+0000 7f80cdffb700 1 -- 172.21.15.19:0/4011229615 <== mon.0 v2:172.21.15.19:3300/0 2 ==== config(27 keys) v1 ==== 1044+0+0 (secure 0 0 0) 0x7f80d4010d50 con 0x7f80d8078ce0
2024-02-20T08:03:40.902 INFO:teuthology.orchestra.run.smithi019.stdout:/usr/bin/ceph: stderr
2024-02-20T08:03:40.042+0000 7f80cdffb700 1 -- 172.21.15.19:0/4011229615 <== mon.0 v2:172.21.15.19:3300/0 3 ==== mon_map magic: 0 v1 ==== 229+0+0 (secure 0 0 0) 0x7f80d401adc0 con 0x7f80d8078ce0
2024-02-20T08:03:40.902 INFO:teuthology.orchestra.run.smithi019.stdout:/usr/bin/ceph: stderr
2024-02-20T08:03:40.042+0000 7f80df45d700 1 -- 172.21.15.19:0/4011229615 --> [v2:172.21.15.19:3300/0,v1:172.21.15.19:6789/0] -- mon_subscribe({mgrmap=0+}) v3 -- 0x7f80d8113f30 con 0x7f80d8078ce0
2024-02-20T08:03:40.902 INFO:teuthology.orchestra.run.smithi019.stdout:/usr/bin/ceph: stderr
2024-02-20T08:03:40.043+0000 7f80df45d700 1 -- 172.21.15.19:0/4011229615 --> [v2:172.21.15.19:3300/0,v1:172.21.15.19:6789/0] -- mon_subscribe({osdmap=0}) v3 -- 0x7f80d8114bd0 con 0x7f80d8078ce0
2024-02-20T08:03:40.902 INFO:teuthology.orchestra.run.smithi019.stdout:/usr/bin/ceph: stderr
2024-02-20T08:03:40.043+0000 7f80cdffb700 1 -- 172.21.15.19:0/4011229615 <== mon.0 v2:172.21.15.19:3300/0 4 ==== mgrmap(e 8) v1 ==== 43368+0+0 (secure 0 0 0) 0x7f80d40108c0 con 0x7f80d8078ce0
2024-02-20T08:03:40.902 INFO:teuthology.orchestra.run.smithi019.stdout:/usr/bin/ceph: stderr
2024-02-20T08:03:40.043+0000 7f80cdffb700 1 --2- 172.21.15.19:0/4011229615 >> [v2:172.21.15.19:6800/4038635461,v1:172.21.15.19:6801/4038635461] conn(0x7f80c4036770 0x7f80c4038c20 unknown :-1 s=NONE pgs=0 cs=0 l=1 rev1=0 crypto rx=0 tx=0 comp rx=0 tx=0).connect
2024-02-20T08:03:40.902 INFO:teuthology.orchestra.run.smithi019.stdout:/usr/bin/ceph: stderr
2024-02-20T08:03:40.043+0000 7f80df45d700 1 -- 172.21.15.19:0/4011229615 --> [v2:172.21.15.19:3300/0,v1:172.21.15.19:6789/0] -- mon_command({"prefix": "get_command_descriptions"} v 0) v1 -- 0x7f80d805f5c0 con 0x7f80d8078ce0
2024-02-20T08:03:40.902 INFO:teuthology.orchestra.run.smithi019.stdout:/usr/bin/ceph: stderr
2024-02-20T08:03:40.044+0000 7f80cdffb700 1 -- 172.21.15.19:0/4011229615 <== mon.0 v2:172.21.15.19:3300/0 5 ==== osd_map(2..2 src has 1..2) v4 ==== 936+0+0 (secure 0 0 0) 0x7f80d4049fd0 con 0x7f80d8078ce0
2024-02-20T08:03:40.902 INFO:teuthology.orchestra.run.smithi019.stdout:/usr/bin/ceph: stderr
2024-02-20T08:03:40.044+0000 7f80dc9f8700 1 --2- 172.21.15.19:0/4011229615 >> [v2:172.21.15.19:6800/4038635461,v1:172.21.15.19:6801/4038635461] conn(0x7f80c4036770 0x7f80c4038c20 unknown :-1 s=BANNER_CONNECTING pgs=0 cs=0 l=1 rev1=0 crypto rx=0 tx=0 comp rx=0 tx=0)._handle_peer_banner_payload supported=3 required=0
2024-02-20T08:03:40.902 INFO:teuthology.orchestra.run.smithi019.stdout:/usr/bin/ceph: stderr
2024-02-20T08:03:40.044+0000 7f80dc9f8700 1 --2- 172.21.15.19:0/4011229615 >> [v2:172.21.15.19:6800/4038635461,v1:172.21.15.19:6801/4038635461] conn(0x7f80c4036770 0x7f80c4038c20 secure :-1 s=READY pgs=13 cs=0 l=1 rev1=1 crypto rx=0x7f80c8009990 tx=0x7f80c8006e40 comp rx=0 tx=0).ready entity=mgr.14116 client_cookie=0 server_cookie=0 in_seq=0 out_seq=0
2024-02-20T08:03:40.902 INFO:teuthology.orchestra.run.smithi019.stdout:/usr/bin/ceph: stderr
2024-02-20T08:03:40.048+0000 7f80cdffb700 1 -- 172.21.15.19:0/4011229615 <== mon.0 v2:172.21.15.19:3300/0 6 ==== mon_command_ack([{"prefix": "get_command_descriptions"}]=0 v0) v1 ==== 72+0+175031 (secure 0 0 0) 0x7f80d4022d40 con 0x7f80d8078ce0
2024-02-20T08:03:40.902 INFO:teuthology.orchestra.run.smithi019.stdout:/usr/bin/ceph: stderr
2024-02-20T08:03:40.255+0000 7f80df45d700 1 -- 172.21.15.19:0/4011229615 --> [v2:172.21.15.19:6800/4038635461,v1:172.21.15.19:6801/4038635461] -- mgr_command(tid 0: {"prefix": "orch apply", "service_type": "mgr", "target": ["mon-mgr", ""]}) v1 -- 0x7f80d8100200 con 0x7f80c4036770
2024-02-20T08:03:40.903 INFO:teuthology.orchestra.run.smithi019.stdout:/usr/bin/ceph: stderr
2024-02-20T08:03:40.259+0000 7f80cdffb700 1 -- 172.21.15.19:0/4011229615 <== mgr.14116 v2:172.21.15.19:6800/4038635461 1 ==== mgr_command_reply(tid 0: 0 ) v1 ==== 8+0+24 (secure 0 0 0) 0x7f80d8100200 con 0x7f80c4036770
2024-02-20T08:03:40.903 INFO:teuthology.orchestra.run.smithi019.stdout:/usr/bin/ceph: stderr
2024-02-20T08:03:40.261+0000 7f80df45d700 1 -- 172.21.15.19:0/4011229615 >> [v2:172.21.15.19:6800/4038635461,v1:172.21.15.19:6801/4038635461] conn(0x7f80c4036770 msgr2=0x7f80c4038c20 secure :-1 s=STATE_CONNECTION_ESTABLISHED l=1).mark_down
2024-02-20T08:03:40.903 INFO:teuthology.orchestra.run.smithi019.stdout:/usr/bin/ceph: stderr
2024-02-20T08:03:40.261+0000 7f80df45d700 1 --2- 172.21.15.19:0/4011229615 >> [v2:172.21.15.19:6800/4038635461,v1:172.21.15.19:6801/4038635461] conn(0x7f80c4036770 0x7f80c4038c20 secure :-1 s=READY pgs=13 cs=0 l=1 rev1=1 crypto rx=0x7f80c8009990 tx=0x7f80c8006e40 comp rx=0 tx=0).stop
2024-02-20T08:03:40.903 INFO:teuthology.orchestra.run.smithi019.stdout:/usr/bin/ceph: stderr
2024-02-20T08:03:40.261+0000 7f80df45d700 1 -- 172.21.15.19:0/4011229615 >> [v2:172.21.15.19:3300/0,v1:172.21.15.19:6789/0] conn(0x7f80d8078ce0 msgr2=0x7f80d81137f0 secure :-1 s=STATE_CONNECTION_ESTABLISHED l=1).mark_down
2024-02-20T08:03:40.903 INFO:teuthology.orchestra.run.smithi019.stdout:/usr/bin/ceph: stderr
2024-02-20T08:03:40.261+0000 7f80df45d700 1 --2- 172.21.15.19:0/4011229615 >> [v2:172.21.15.19:3300/0,v1:172.21.15.19:6789/0] conn(0x7f80d8078ce0 0x7f80d81137f0 secure :-1 s=READY pgs=46 cs=0 l=1 rev1=1 crypto rx=0x7f80d400b440 tx=0x7f80d4009250 comp rx=0 tx=0).stop
2024-02-20T08:03:40.903 INFO:teuthology.orchestra.run.smithi019.stdout:/usr/bin/ceph: stderr
2024-02-20T08:03:40.261+0000 7f80df45d700 1 -- 172.21.15.19:0/4011229615 shutdown_connections
2024-02-20T08:03:40.903 INFO:teuthology.orchestra.run.smithi019.stdout:/usr/bin/ceph: stderr
2024-02-20T08:03:40.261+0000 7f80df45d700 1 --2- 172.21.15.19:0/4011229615 >> [v2:172.21.15.19:6800/4038635461,v1:172.21.15.19:6801/4038635461] conn(0x7f80c4036770 0x7f80c4038c20 unknown :-1 s=CLOSED pgs=13 cs=0 l=1 rev1=1 crypto rx=0 tx=0 comp rx=0 tx=0).stop
2024-02-20T08:03:40.903 INFO:teuthology.orchestra.run.smithi019.stdout:/usr/bin/ceph: stderr
2024-02-20T08:03:40.261+0000 7f80df45d700 1 --2- 172.21.15.19:0/4011229615 >> [v2:172.21.15.19:3300/0,v1:172.21.15.19:6789/0] conn(0x7f80d8078ce0 0x7f80d81137f0 unknown :-1 s=CLOSED pgs=46 cs=0 l=1 rev1=1 crypto rx=0 tx=0 comp rx=0 tx=0).stop
2024-02-20T08:03:40.903 INFO:teuthology.orchestra.run.smithi019.stdout:/usr/bin/ceph: stderr
2024-02-20T08:03:40.261+0000 7f80df45d700 1 -- 172.21.15.19:0/4011229615 >> 172.21.15.19:0/4011229615 conn(0x7f80d80fdf00 msgr2=0x7f80d80ff5e0 unknown :-1 s=STATE_NONE l=0).mark_down
2024-02-20T08:03:40.903 INFO:teuthology.orchestra.run.smithi019.stdout:/usr/bin/ceph: stderr
2024-02-20T08:03:40.261+0000 7f80df45d700 1 -- 172.21.15.19:0/4011229615 shutdown_connections
2024-02-20T08:03:40.904 INFO:teuthology.orchestra.run.smithi019.stdout:/usr/bin/ceph: stderr
2024-02-20T08:03:40.261+0000 7f80df45d700 1 -- 172.21.15.19:0/4011229615 wait complete.
2024-02-20T08:03:40.904 INFO:teuthology.orchestra.run.smithi019.stdout:Deploying crash service with default placement...
2024-02-20T08:03:41.504 INFO:journalctl@ceph.mon.smithi019.smithi019.stdout:Feb 20 08:03:41 smithi019 ceph-mon[28876]: from='client.14140 -' entity='client.admin' cmd=[{"prefix": "orch apply", "service_type": "mgr", "target": ["mon-mgr", ""]}]: dispatch
2024-02-20T08:03:41.504 INFO:journalctl@ceph.mon.smithi019.smithi019.stdout:Feb 20 08:03:41 smithi019 ceph-mon[28876]: Saving service mgr spec with placement count:2
2024-02-20T08:03:41.504 INFO:journalctl@ceph.mon.smithi019.smithi019.stdout:Feb 20 08:03:41 smithi019 ceph-mon[28876]: from='mgr.14116 172.21.15.19:0/2537241251' entity='mgr.smithi019.unfomv'
2024-02-20T08:03:42.649 INFO:journalctl@ceph.mon.smithi019.smithi019.stdout:Feb 20 08:03:42 smithi019 ceph-mon[28876]: from='client.14142 -' entity='client.admin' cmd=[{"prefix": "orch apply", "service_type": "crash", "target": ["mon-mgr", ""]}]: dispatch
2024-02-20T08:03:42.649 INFO:journalctl@ceph.mon.smithi019.smithi019.stdout:Feb 20 08:03:42 smithi019 ceph-mon[28876]: Saving service crash spec with placement *
2024-02-20T08:03:42.650 INFO:journalctl@ceph.mon.smithi019.smithi019.stdout:Feb 20 08:03:42 smithi019 ceph-mon[28876]: from='mgr.14116 172.21.15.19:0/2537241251' entity='mgr.smithi019.unfomv'
2024-02-20T08:03:42.650 INFO:journalctl@ceph.mon.smithi019.smithi019.stdout:Feb 20 08:03:42 smithi019 ceph-mon[28876]: from='mgr.14116 172.21.15.19:0/2537241251' entity='mgr.smithi019.unfomv'
2024-02-20T08:03:42.650 INFO:journalctl@ceph.mon.smithi019.smithi019.stdout:Feb 20 08:03:42 smithi019 ceph-mon[28876]: from='mgr.14116 172.21.15.19:0/2537241251' entity='mgr.smithi019.unfomv'
2024-02-20T08:03:42.695 INFO:teuthology.orchestra.run.smithi019.stdout:/usr/bin/ceph: stdout Scheduled crash update...
2024-02-20T08:03:42.695 INFO:teuthology.orchestra.run.smithi019.stdout:/usr/bin/ceph: stderr
2024-02-20T08:03:41.350+0000 7ff355931700 1 Processor -- start
2024-02-20T08:03:42.695 INFO:teuthology.orchestra.run.smithi019.stdout:/usr/bin/ceph: stderr
2024-02-20T08:03:41.350+0000 7ff355931700 1 -- start start
2024-02-20T08:03:42.695 INFO:teuthology.orchestra.run.smithi019.stdout:/usr/bin/ceph: stderr
2024-02-20T08:03:41.350+0000 7ff355931700 1 --2- >> [v2:172.21.15.19:3300/0,v1:172.21.15.19:6789/0] conn(0x7ff350078ce0 0x7ff3500771f0 unknown :-1 s=NONE pgs=0 cs=0 l=0 rev1=0 crypto rx=0 tx=0 comp rx=0 tx=0).connect
2024-02-20T08:03:42.695 INFO:teuthology.orchestra.run.smithi019.stdout:/usr/bin/ceph: stderr
2024-02-20T08:03:41.350+0000 7ff355931700 1 -- --> [v2:172.21.15.19:3300/0,v1:172.21.15.19:6789/0] -- mon_getmap magic: 0 v1 -- 0x7ff3500790f0 con 0x7ff350078ce0
2024-02-20T08:03:42.695 INFO:teuthology.orchestra.run.smithi019.stdout:/usr/bin/ceph: stderr
2024-02-20T08:03:41.351+0000 7ff34effd700 1 --2- >> [v2:172.21.15.19:3300/0,v1:172.21.15.19:6789/0] conn(0x7ff350078ce0 0x7ff3500771f0 unknown :-1 s=BANNER_CONNECTING pgs=0 cs=0 l=0 rev1=0 crypto rx=0 tx=0 comp rx=0 tx=0)._handle_peer_banner_payload supported=3 required=0
2024-02-20T08:03:42.695 INFO:teuthology.orchestra.run.smithi019.stdout:/usr/bin/ceph: stderr
2024-02-20T08:03:41.351+0000 7ff34effd700 1 --2- >> [v2:172.21.15.19:3300/0,v1:172.21.15.19:6789/0] conn(0x7ff350078ce0 0x7ff3500771f0 unknown :-1 s=HELLO_CONNECTING pgs=0 cs=0 l=0 rev1=1 crypto rx=0 tx=0 comp rx=0 tx=0).handle_hello peer v2:172.21.15.19:3300/0 says I am v2:172.21.15.19:53326/0 (socket says 172.21.15.19:53326)
2024-02-20T08:03:42.695 INFO:teuthology.orchestra.run.smithi019.stdout:/usr/bin/ceph: stderr
2024-02-20T08:03:41.351+0000 7ff34effd700 1 -- 172.21.15.19:0/2339854684 learned_addr learned my addr 172.21.15.19:0/2339854684 (peer_addr_for_me v2:172.21.15.19:0/0)
2024-02-20T08:03:42.695 INFO:teuthology.orchestra.run.smithi019.stdout:/usr/bin/ceph: stderr
2024-02-20T08:03:41.351+0000 7ff34effd700 1 -- 172.21.15.19:0/2339854684 --> [v2:172.21.15.19:3300/0,v1:172.21.15.19:6789/0] -- mon_subscribe({config=0+,monmap=0+}) v3 -- 0x7ff350077730 con 0x7ff350078ce0
2024-02-20T08:03:42.695 INFO:teuthology.orchestra.run.smithi019.stdout:/usr/bin/ceph: stderr
2024-02-20T08:03:41.351+0000 7ff34effd700 1 --2- 172.21.15.19:0/2339854684 >> [v2:172.21.15.19:3300/0,v1:172.21.15.19:6789/0] conn(0x7ff350078ce0 0x7ff3500771f0 secure :-1 s=READY pgs=47 cs=0 l=1 rev1=1 crypto rx=0x7ff3400098e0 tx=0x7ff340009250 comp rx=0 tx=0).ready entity=mon.0 client_cookie=2cc18cbb7af751e8 server_cookie=0 in_seq=0 out_seq=0
2024-02-20T08:03:42.695 INFO:teuthology.orchestra.run.smithi019.stdout:/usr/bin/ceph: stderr
2024-02-20T08:03:41.351+0000 7ff34e7fc700 1 -- 172.21.15.19:0/2339854684 <== mon.0 v2:172.21.15.19:3300/0 1 ==== mon_map magic: 0 v1 ==== 229+0+0 (secure 0 0 0) 0x7ff34000b860 con 0x7ff350078ce0
2024-02-20T08:03:42.696 INFO:teuthology.orchestra.run.smithi019.stdout:/usr/bin/ceph: stderr
2024-02-20T08:03:41.351+0000 7ff34e7fc700 1 -- 172.21.15.19:0/2339854684 <== mon.0 v2:172.21.15.19:3300/0 2 ==== config(27 keys) v1 ==== 1044+0+0 (secure 0 0 0) 0x7ff34000be50 con 0x7ff350078ce0
2024-02-20T08:03:42.696 INFO:teuthology.orchestra.run.smithi019.stdout:/usr/bin/ceph: stderr
2024-02-20T08:03:41.351+0000 7ff34e7fc700 1 -- 172.21.15.19:0/2339854684 <== mon.0 v2:172.21.15.19:3300/0 3 ==== mon_map magic: 0 v1 ==== 229+0+0 (secure 0 0 0) 0x7ff340010380 con 0x7ff350078ce0
2024-02-20T08:03:42.696 INFO:teuthology.orchestra.run.smithi019.stdout:/usr/bin/ceph: stderr
2024-02-20T08:03:41.352+0000 7ff355931700 1 -- 172.21.15.19:0/2339854684 >> [v2:172.21.15.19:3300/0,v1:172.21.15.19:6789/0] conn(0x7ff350078ce0 msgr2=0x7ff3500771f0 secure :-1 s=STATE_CONNECTION_ESTABLISHED l=1).mark_down
2024-02-20T08:03:42.696 INFO:teuthology.orchestra.run.smithi019.stdout:/usr/bin/ceph: stderr
2024-02-20T08:03:41.352+0000 7ff355931700 1 --2- 172.21.15.19:0/2339854684 >> [v2:172.21.15.19:3300/0,v1:172.21.15.19:6789/0] conn(0x7ff350078ce0 0x7ff3500771f0 secure :-1 s=READY pgs=47 cs=0 l=1 rev1=1 crypto rx=0x7ff3400098e0 tx=0x7ff340009250 comp rx=0 tx=0).stop
2024-02-20T08:03:42.696 INFO:teuthology.orchestra.run.smithi019.stdout:/usr/bin/ceph: stderr
2024-02-20T08:03:41.352+0000 7ff355931700 1 -- 172.21.15.19:0/2339854684 shutdown_connections
2024-02-20T08:03:42.696 INFO:teuthology.orchestra.run.smithi019.stdout:/usr/bin/ceph: stderr
2024-02-20T08:03:41.352+0000 7ff355931700 1 --2- 172.21.15.19:0/2339854684 >> [v2:172.21.15.19:3300/0,v1:172.21.15.19:6789/0] conn(0x7ff350078ce0 0x7ff3500771f0 unknown :-1 s=CLOSED pgs=47 cs=0 l=1 rev1=1 crypto rx=0 tx=0 comp rx=0 tx=0).stop
2024-02-20T08:03:42.696 INFO:teuthology.orchestra.run.smithi019.stdout:/usr/bin/ceph: stderr
2024-02-20T08:03:41.352+0000 7ff355931700 1 -- 172.21.15.19:0/2339854684 >> 172.21.15.19:0/2339854684 conn(0x7ff3500fded0 msgr2=0x7ff350100300 unknown :-1 s=STATE_NONE l=0).mark_down
2024-02-20T08:03:42.696 INFO:teuthology.orchestra.run.smithi019.stdout:/usr/bin/ceph: stderr
2024-02-20T08:03:41.352+0000 7ff355931700 1 -- 172.21.15.19:0/2339854684 shutdown_connections
2024-02-20T08:03:42.696 INFO:teuthology.orchestra.run.smithi019.stdout:/usr/bin/ceph: stderr
2024-02-20T08:03:41.352+0000 7ff355931700 1 -- 172.21.15.19:0/2339854684 wait complete.
2024-02-20T08:03:42.696 INFO:teuthology.orchestra.run.smithi019.stdout:/usr/bin/ceph: stderr
2024-02-20T08:03:41.352+0000 7ff355931700 1 Processor -- start
2024-02-20T08:03:42.696 INFO:teuthology.orchestra.run.smithi019.stdout:/usr/bin/ceph: stderr
2024-02-20T08:03:41.352+0000 7ff355931700 1 -- start start
2024-02-20T08:03:42.696 INFO:teuthology.orchestra.run.smithi019.stdout:/usr/bin/ceph: stderr
2024-02-20T08:03:41.353+0000 7ff355931700 1 --2- >> [v2:172.21.15.19:3300/0,v1:172.21.15.19:6789/0] conn(0x7ff350078ce0 0x7ff350113750 unknown :-1 s=NONE pgs=0 cs=0 l=1 rev1=0 crypto rx=0 tx=0 comp rx=0 tx=0).connect
2024-02-20T08:03:42.697 INFO:teuthology.orchestra.run.smithi019.stdout:/usr/bin/ceph: stderr
2024-02-20T08:03:41.353+0000 7ff355931700 1 -- --> [v2:172.21.15.19:3300/0,v1:172.21.15.19:6789/0] -- mon_getmap magic: 0 v1 -- 0x7ff350113c90 con 0x7ff350078ce0
2024-02-20T08:03:42.697 INFO:teuthology.orchestra.run.smithi019.stdout:/usr/bin/ceph: stderr
2024-02-20T08:03:41.353+0000 7ff34effd700 1 --2- >> [v2:172.21.15.19:3300/0,v1:172.21.15.19:6789/0] conn(0x7ff350078ce0 0x7ff350113750 unknown :-1 s=BANNER_CONNECTING pgs=0 cs=0 l=1 rev1=0 crypto rx=0 tx=0 comp rx=0 tx=0)._handle_peer_banner_payload supported=3 required=0
2024-02-20T08:03:42.697 INFO:teuthology.orchestra.run.smithi019.stdout:/usr/bin/ceph: stderr
2024-02-20T08:03:41.353+0000 7ff34effd700 1 --2- >> [v2:172.21.15.19:3300/0,v1:172.21.15.19:6789/0] conn(0x7ff350078ce0 0x7ff350113750 unknown :-1 s=HELLO_CONNECTING pgs=0 cs=0 l=1 rev1=1 crypto rx=0 tx=0 comp rx=0 tx=0).handle_hello peer v2:172.21.15.19:3300/0 says I am v2:172.21.15.19:53342/0 (socket says 172.21.15.19:53342)
2024-02-20T08:03:42.697 INFO:teuthology.orchestra.run.smithi019.stdout:/usr/bin/ceph: stderr
2024-02-20T08:03:41.353+0000 7ff34effd700 1 -- 172.21.15.19:0/2274824771 learned_addr learned my addr 172.21.15.19:0/2274824771 (peer_addr_for_me v2:172.21.15.19:0/0)
2024-02-20T08:03:42.697 INFO:teuthology.orchestra.run.smithi019.stdout:/usr/bin/ceph: stderr
2024-02-20T08:03:41.353+0000 7ff34effd700 1 -- 172.21.15.19:0/2274824771 --> [v2:172.21.15.19:3300/0,v1:172.21.15.19:6789/0] -- mon_subscribe({config=0+,monmap=0+}) v3 -- 0x7ff3400094f0 con 0x7ff350078ce0
2024-02-20T08:03:42.697 INFO:teuthology.orchestra.run.smithi019.stdout:/usr/bin/ceph: stderr
2024-02-20T08:03:41.353+0000 7ff34effd700 1 --2- 172.21.15.19:0/2274824771 >> [v2:172.21.15.19:3300/0,v1:172.21.15.19:6789/0] conn(0x7ff350078ce0 0x7ff350113750 secure :-1 s=READY pgs=48 cs=0 l=1 rev1=1 crypto rx=0x7ff340013030 tx=0x7ff340009250 comp rx=0 tx=0).ready entity=mon.0 client_cookie=0 server_cookie=0 in_seq=0 out_seq=0
2024-02-20T08:03:42.697 INFO:teuthology.orchestra.run.smithi019.stdout:/usr/bin/ceph: stderr
2024-02-20T08:03:41.353+0000 7ff3477fe700 1 -- 172.21.15.19:0/2274824771 <== mon.0 v2:172.21.15.19:3300/0 1 ==== mon_map magic: 0 v1 ==== 229+0+0 (secure 0 0 0) 0x7ff340010760 con 0x7ff350078ce0
2024-02-20T08:03:42.697 INFO:teuthology.orchestra.run.smithi019.stdout:/usr/bin/ceph: stderr
2024-02-20T08:03:41.353+0000 7ff3477fe700 1 -- 172.21.15.19:0/2274824771 <== mon.0 v2:172.21.15.19:3300/0 2 ==== config(27 keys) v1 ==== 1044+0+0 (secure 0 0 0) 0x7ff340010d50 con 0x7ff350078ce0
2024-02-20T08:03:42.697 INFO:teuthology.orchestra.run.smithi019.stdout:/usr/bin/ceph: stderr
2024-02-20T08:03:41.353+0000 7ff355931700 1 -- 172.21.15.19:0/2274824771 --> [v2:172.21.15.19:3300/0,v1:172.21.15.19:6789/0] -- mon_subscribe({mgrmap=0+}) v3 -- 0x7ff350113e90 con 0x7ff350078ce0
2024-02-20T08:03:42.697 INFO:teuthology.orchestra.run.smithi019.stdout:/usr/bin/ceph: stderr
2024-02-20T08:03:41.353+0000 7ff3477fe700 1 -- 172.21.15.19:0/2274824771 <== mon.0 v2:172.21.15.19:3300/0 3 ==== mon_map magic: 0 v1 ==== 229+0+0 (secure 0 0 0) 0x7ff34001ae60 con 0x7ff350078ce0
2024-02-20T08:03:42.697 INFO:teuthology.orchestra.run.smithi019.stdout:/usr/bin/ceph: stderr
2024-02-20T08:03:41.353+0000 7ff355931700 1 -- 172.21.15.19:0/2274824771 --> [v2:172.21.15.19:3300/0,v1:172.21.15.19:6789/0] -- mon_subscribe({osdmap=0}) v3 -- 0x7ff350114b30 con 0x7ff350078ce0
2024-02-20T08:03:42.697 INFO:teuthology.orchestra.run.smithi019.stdout:/usr/bin/ceph: stderr
2024-02-20T08:03:41.354+0000 7ff3477fe700 1 -- 172.21.15.19:0/2274824771 <== mon.0 v2:172.21.15.19:3300/0 4 ==== mgrmap(e 8) v1 ==== 43368+0+0 (secure 0 0 0) 0x7ff340019450 con 0x7ff350078ce0
2024-02-20T08:03:42.697 INFO:teuthology.orchestra.run.smithi019.stdout:/usr/bin/ceph: stderr
2024-02-20T08:03:41.354+0000 7ff355931700 1 -- 172.21.15.19:0/2274824771 --> [v2:172.21.15.19:3300/0,v1:172.21.15.19:6789/0] -- mon_command({"prefix": "get_command_descriptions"} v 0) v1 -- 0x7ff35005f5c0 con 0x7ff350078ce0
2024-02-20T08:03:42.698 INFO:teuthology.orchestra.run.smithi019.stdout:/usr/bin/ceph: stderr
2024-02-20T08:03:41.354+0000 7ff3477fe700 1 --2- 172.21.15.19:0/2274824771 >> [v2:172.21.15.19:6800/4038635461,v1:172.21.15.19:6801/4038635461] conn(0x7ff33c0367e0 0x7ff33c038c90 unknown :-1 s=NONE pgs=0 cs=0 l=1 rev1=0 crypto rx=0 tx=0 comp rx=0 tx=0).connect
2024-02-20T08:03:42.698 INFO:teuthology.orchestra.run.smithi019.stdout:/usr/bin/ceph: stderr
2024-02-20T08:03:41.354+0000 7ff3477fe700 1 -- 172.21.15.19:0/2274824771 <== mon.0 v2:172.21.15.19:3300/0 5 ==== osd_map(2..2 src has 1..2) v4 ==== 936+0+0 (secure 0 0 0) 0x7ff34004a280 con 0x7ff350078ce0
2024-02-20T08:03:42.698 INFO:teuthology.orchestra.run.smithi019.stdout:/usr/bin/ceph: stderr
2024-02-20T08:03:41.354+0000 7ff347fff700 1 --2- 172.21.15.19:0/2274824771 >> [v2:172.21.15.19:6800/4038635461,v1:172.21.15.19:6801/4038635461] conn(0x7ff33c0367e0 0x7ff33c038c90 unknown :-1 s=BANNER_CONNECTING pgs=0 cs=0 l=1 rev1=0 crypto rx=0 tx=0 comp rx=0 tx=0)._handle_peer_banner_payload supported=3 required=0
2024-02-20T08:03:42.698 INFO:teuthology.orchestra.run.smithi019.stdout:/usr/bin/ceph: stderr
2024-02-20T08:03:41.355+0000 7ff347fff700 1 --2- 172.21.15.19:0/2274824771 >> [v2:172.21.15.19:6800/4038635461,v1:172.21.15.19:6801/4038635461] conn(0x7ff33c0367e0 0x7ff33c038c90 secure :-1 s=READY pgs=14 cs=0 l=1 rev1=1 crypto rx=0x7ff338009990 tx=0x7ff338006e40 comp rx=0 tx=0).ready entity=mgr.14116 client_cookie=0 server_cookie=0 in_seq=0 out_seq=0
2024-02-20T08:03:42.698 INFO:teuthology.orchestra.run.smithi019.stdout:/usr/bin/ceph: stderr
2024-02-20T08:03:41.359+0000 7ff3477fe700 1 -- 172.21.15.19:0/2274824771 <== mon.0 v2:172.21.15.19:3300/0 6 ==== mon_command_ack([{"prefix": "get_command_descriptions"}]=0 v0) v1 ==== 72+0+175031 (secure 0 0 0) 0x7ff340023940 con 0x7ff350078ce0
2024-02-20T08:03:42.698 INFO:teuthology.orchestra.run.smithi019.stdout:/usr/bin/ceph: stderr
2024-02-20T08:03:41.569+0000 7ff355931700 1 -- 172.21.15.19:0/2274824771 --> [v2:172.21.15.19:6800/4038635461,v1:172.21.15.19:6801/4038635461] -- mgr_command(tid 0: {"prefix": "orch apply", "service_type": "crash", "target": ["mon-mgr", ""]}) v1 -- 0x7ff3501001b0 con 0x7ff33c0367e0
2024-02-20T08:03:42.698 INFO:teuthology.orchestra.run.smithi019.stdout:/usr/bin/ceph: stderr
2024-02-20T08:03:41.573+0000 7ff3477fe700 1 -- 172.21.15.19:0/2274824771 <== mgr.14116 v2:172.21.15.19:6800/4038635461 1 ==== mgr_command_reply(tid 0: 0 ) v1 ==== 8+0+26 (secure 0 0 0) 0x7ff3501001b0 con 0x7ff33c0367e0
2024-02-20T08:03:42.698 INFO:teuthology.orchestra.run.smithi019.stdout:/usr/bin/ceph: stderr
2024-02-20T08:03:41.575+0000 7ff355931700 1 -- 172.21.15.19:0/2274824771 >> [v2:172.21.15.19:6800/4038635461,v1:172.21.15.19:6801/4038635461] conn(0x7ff33c0367e0 msgr2=0x7ff33c038c90 secure :-1 s=STATE_CONNECTION_ESTABLISHED l=1).mark_down
2024-02-20T08:03:42.698 INFO:teuthology.orchestra.run.smithi019.stdout:/usr/bin/ceph: stderr
2024-02-20T08:03:41.575+0000 7ff355931700 1 --2- 172.21.15.19:0/2274824771 >> [v2:172.21.15.19:6800/4038635461,v1:172.21.15.19:6801/4038635461] conn(0x7ff33c0367e0 0x7ff33c038c90 secure :-1 s=READY pgs=14 cs=0 l=1 rev1=1 crypto rx=0x7ff338009990 tx=0x7ff338006e40 comp rx=0 tx=0).stop
2024-02-20T08:03:42.698 INFO:teuthology.orchestra.run.smithi019.stdout:/usr/bin/ceph: stderr
2024-02-20T08:03:41.575+0000 7ff355931700 1 -- 172.21.15.19:0/2274824771 >> [v2:172.21.15.19:3300/0,v1:172.21.15.19:6789/0] conn(0x7ff350078ce0 msgr2=0x7ff350113750 secure :-1 s=STATE_CONNECTION_ESTABLISHED l=1).mark_down
2024-02-20T08:03:42.698 INFO:teuthology.orchestra.run.smithi019.stdout:/usr/bin/ceph: stderr
2024-02-20T08:03:41.575+0000 7ff355931700 1 --2- 172.21.15.19:0/2274824771 >> [v2:172.21.15.19:3300/0,v1:172.21.15.19:6789/0] conn(0x7ff350078ce0 0x7ff350113750 secure :-1 s=READY pgs=48 cs=0 l=1 rev1=1 crypto rx=0x7ff340013030 tx=0x7ff340009250 comp rx=0 tx=0).stop
2024-02-20T08:03:42.698 INFO:teuthology.orchestra.run.smithi019.stdout:/usr/bin/ceph: stderr
2024-02-20T08:03:41.575+0000 7ff355931700 1 -- 172.21.15.19:0/2274824771 shutdown_connections
2024-02-20T08:03:42.698 INFO:teuthology.orchestra.run.smithi019.stdout:/usr/bin/ceph: stderr
2024-02-20T08:03:41.575+0000 7ff355931700 1 --2- 172.21.15.19:0/2274824771 >> [v2:172.21.15.19:6800/4038635461,v1:172.21.15.19:6801/4038635461] conn(0x7ff33c0367e0 0x7ff33c038c90 unknown :-1 s=CLOSED pgs=14 cs=0 l=1 rev1=1 crypto rx=0 tx=0 comp rx=0 tx=0).stop
2024-02-20T08:03:42.699 INFO:teuthology.orchestra.run.smithi019.stdout:/usr/bin/ceph: stderr
2024-02-20T08:03:41.575+0000 7ff355931700 1 --2- 172.21.15.19:0/2274824771 >> [v2:172.21.15.19:3300/0,v1:172.21.15.19:6789/0] conn(0x7ff350078ce0 0x7ff350113750 unknown :-1 s=CLOSED pgs=48 cs=0 l=1 rev1=1 crypto rx=0 tx=0 comp rx=0 tx=0).stop
2024-02-20T08:03:42.699 INFO:teuthology.orchestra.run.smithi019.stdout:/usr/bin/ceph: stderr
2024-02-20T08:03:41.575+0000 7ff355931700 1 -- 172.21.15.19:0/2274824771 >> 172.21.15.19:0/2274824771 conn(0x7ff3500fded0 msgr2=0x7ff3500ff590 unknown :-1 s=STATE_NONE l=0).mark_down
2024-02-20T08:03:42.699 INFO:teuthology.orchestra.run.smithi019.stdout:/usr/bin/ceph: stderr
2024-02-20T08:03:41.575+0000 7ff355931700 1 -- 172.21.15.19:0/2274824771 shutdown_connections
2024-02-20T08:03:42.699 INFO:teuthology.orchestra.run.smithi019.stdout:/usr/bin/ceph: stderr
2024-02-20T08:03:41.575+0000 7ff355931700 1 -- 172.21.15.19:0/2274824771 wait complete.
2024-02-20T08:03:42.699 INFO:teuthology.orchestra.run.smithi019.stdout:Deploying prometheus service with default placement...
2024-02-20T08:03:44.446 INFO:journalctl@ceph.mon.smithi019.smithi019.stdout:Feb 20 08:03:44 smithi019 ceph-mon[28876]: from='client.14144 -' entity='client.admin' cmd=[{"prefix": "orch apply", "service_type": "prometheus", "target": ["mon-mgr", ""]}]: dispatch
2024-02-20T08:03:44.447 INFO:journalctl@ceph.mon.smithi019.smithi019.stdout:Feb 20 08:03:44 smithi019 ceph-mon[28876]: Saving service prometheus spec with placement count:1
2024-02-20T08:03:44.447 INFO:journalctl@ceph.mon.smithi019.smithi019.stdout:Feb 20 08:03:44 smithi019 ceph-mon[28876]: from='mgr.14116 172.21.15.19:0/2537241251' entity='mgr.smithi019.unfomv'
2024-02-20T08:03:44.447 INFO:journalctl@ceph.mon.smithi019.smithi019.stdout:Feb 20 08:03:44 smithi019 ceph-mon[28876]: from='mgr.14116 172.21.15.19:0/2537241251' entity='mgr.smithi019.unfomv'
2024-02-20T08:03:44.454 INFO:teuthology.orchestra.run.smithi019.stdout:/usr/bin/ceph: stdout Scheduled prometheus update...
2024-02-20T08:03:44.454 INFO:teuthology.orchestra.run.smithi019.stdout:/usr/bin/ceph: stderr
2024-02-20T08:03:43.093+0000 7f92a4b3f700 1 Processor -- start
2024-02-20T08:03:44.454 INFO:teuthology.orchestra.run.smithi019.stdout:/usr/bin/ceph: stderr
2024-02-20T08:03:43.093+0000 7f92a4b3f700 1 -- start start
2024-02-20T08:03:44.454 INFO:teuthology.orchestra.run.smithi019.stdout:/usr/bin/ceph: stderr
2024-02-20T08:03:43.094+0000 7f92a4b3f700 1 --2- >> [v2:172.21.15.19:3300/0,v1:172.21.15.19:6789/0] conn(0x7f92a0102770 0x7f92a0102b80 unknown :-1 s=NONE pgs=0 cs=0 l=0 rev1=0 crypto rx=0 tx=0 comp rx=0 tx=0).connect
2024-02-20T08:03:44.454 INFO:teuthology.orchestra.run.smithi019.stdout:/usr/bin/ceph: stderr
2024-02-20T08:03:43.094+0000 7f92a4b3f700 1 -- --> [v2:172.21.15.19:3300/0,v1:172.21.15.19:6789/0] -- mon_getmap magic: 0 v1 -- 0x7f92a01030c0 con 0x7f92a0102770
2024-02-20T08:03:44.454 INFO:teuthology.orchestra.run.smithi019.stdout:/usr/bin/ceph: stderr
2024-02-20T08:03:43.094+0000 7f929e59c700 1 --2- >> [v2:172.21.15.19:3300/0,v1:172.21.15.19:6789/0] conn(0x7f92a0102770 0x7f92a0102b80 unknown :-1 s=BANNER_CONNECTING pgs=0 cs=0 l=0 rev1=0 crypto rx=0 tx=0 comp rx=0 tx=0)._handle_peer_banner_payload supported=3 required=0
2024-02-20T08:03:44.454 INFO:teuthology.orchestra.run.smithi019.stdout:/usr/bin/ceph: stderr
2024-02-20T08:03:43.094+0000 7f929e59c700 1 --2- >> [v2:172.21.15.19:3300/0,v1:172.21.15.19:6789/0] conn(0x7f92a0102770 0x7f92a0102b80 unknown :-1 s=HELLO_CONNECTING pgs=0 cs=0 l=0 rev1=1 crypto rx=0 tx=0 comp rx=0 tx=0).handle_hello peer v2:172.21.15.19:3300/0 says I am v2:172.21.15.19:53346/0 (socket says 172.21.15.19:53346)
2024-02-20T08:03:44.454 INFO:teuthology.orchestra.run.smithi019.stdout:/usr/bin/ceph: stderr
2024-02-20T08:03:43.094+0000 7f929e59c700 1 -- 172.21.15.19:0/3594397801 learned_addr learned my addr 172.21.15.19:0/3594397801 (peer_addr_for_me v2:172.21.15.19:0/0)
2024-02-20T08:03:44.455 INFO:teuthology.orchestra.run.smithi019.stdout:/usr/bin/ceph: stderr
2024-02-20T08:03:43.094+0000 7f929e59c700 1 -- 172.21.15.19:0/3594397801 --> [v2:172.21.15.19:3300/0,v1:172.21.15.19:6789/0] -- mon_subscribe({config=0+,monmap=0+}) v3 -- 0x7f92a0103200 con 0x7f92a0102770
2024-02-20T08:03:44.455 INFO:teuthology.orchestra.run.smithi019.stdout:/usr/bin/ceph: stderr
2024-02-20T08:03:43.094+0000 7f929e59c700 1 --2- 172.21.15.19:0/3594397801 >> [v2:172.21.15.19:3300/0,v1:172.21.15.19:6789/0] conn(0x7f92a0102770 0x7f92a0102b80 secure :-1 s=READY pgs=49 cs=0 l=1 rev1=1 crypto rx=0x7f92940098e0 tx=0x7f9294009250 comp rx=0 tx=0).ready entity=mon.0 client_cookie=c10204c5d309c80e server_cookie=0 in_seq=0 out_seq=0
2024-02-20T08:03:44.455 INFO:teuthology.orchestra.run.smithi019.stdout:/usr/bin/ceph: stderr
2024-02-20T08:03:43.095+0000 7f929d59a700 1 -- 172.21.15.19:0/3594397801 <== mon.0 v2:172.21.15.19:3300/0 1 ==== mon_map magic: 0 v1 ==== 229+0+0 (secure 0 0 0) 0x7f929400b860 con 0x7f92a0102770
2024-02-20T08:03:44.455 INFO:teuthology.orchestra.run.smithi019.stdout:/usr/bin/ceph: stderr
2024-02-20T08:03:43.095+0000 7f929d59a700 1 -- 172.21.15.19:0/3594397801 <== mon.0 v2:172.21.15.19:3300/0 2 ==== config(27 keys) v1 ==== 1109+0+0 (secure 0 0 0) 0x7f929400be90 con 0x7f92a0102770
2024-02-20T08:03:44.455 INFO:teuthology.orchestra.run.smithi019.stdout:/usr/bin/ceph: stderr
2024-02-20T08:03:43.095+0000 7f929d59a700 1 -- 172.21.15.19:0/3594397801 <== mon.0 v2:172.21.15.19:3300/0 3 ==== mon_map magic: 0 v1 ==== 229+0+0 (secure 0 0 0) 0x7f92940103c0 con 0x7f92a0102770
2024-02-20T08:03:44.455 INFO:teuthology.orchestra.run.smithi019.stdout:/usr/bin/ceph: stderr
