2024-02-20T08:03:32.370+0000 7f36a2305700 1 --2- 172.21.15.19:0/2384689468 >> [v2:172.21.15.19:3300/0,v1:172.21.15.19:6789/0] conn(0x7f369c102770 0x7f369c102b80 secure :-1 s=READY pgs=37 cs=0 l=1 rev1=1 crypto rx=0x7f368c0098e0 tx=0x7f368c009250 comp rx=0 tx=0).stop
2024-02-20T08:03:33.406 INFO:teuthology.orchestra.run.smithi019.stdout:/usr/bin/ceph: stderr
2024-02-20T08:03:32.370+0000 7f36a2305700 1 -- 172.21.15.19:0/2384689468 shutdown_connections
2024-02-20T08:03:33.406 INFO:teuthology.orchestra.run.smithi019.stdout:/usr/bin/ceph: stderr
2024-02-20T08:03:32.370+0000 7f36a2305700 1 --2- 172.21.15.19:0/2384689468 >> [v2:172.21.15.19:3300/0,v1:172.21.15.19:6789/0] conn(0x7f369c102770 0x7f369c102b80 unknown :-1 s=CLOSED pgs=37 cs=0 l=1 rev1=1 crypto rx=0 tx=0 comp rx=0 tx=0).stop
2024-02-20T08:03:33.406 INFO:teuthology.orchestra.run.smithi019.stdout:/usr/bin/ceph: stderr
2024-02-20T08:03:32.370+0000 7f36a2305700 1 -- 172.21.15.19:0/2384689468 >> 172.21.15.19:0/2384689468 conn(0x7f369c0fded0 msgr2=0x7f369c100300 unknown :-1 s=STATE_NONE l=0).mark_down
2024-02-20T08:03:33.406 INFO:teuthology.orchestra.run.smithi019.stdout:/usr/bin/ceph: stderr
2024-02-20T08:03:32.370+0000 7f36a2305700 1 -- 172.21.15.19:0/2384689468 shutdown_connections
2024-02-20T08:03:33.407 INFO:teuthology.orchestra.run.smithi019.stdout:/usr/bin/ceph: stderr
2024-02-20T08:03:32.370+0000 7f36a2305700 1 -- 172.21.15.19:0/2384689468 wait complete.
2024-02-20T08:03:33.407 INFO:teuthology.orchestra.run.smithi019.stdout:/usr/bin/ceph: stderr
2024-02-20T08:03:32.370+0000 7f36a2305700 1 Processor -- start
2024-02-20T08:03:33.407 INFO:teuthology.orchestra.run.smithi019.stdout:/usr/bin/ceph: stderr
2024-02-20T08:03:32.370+0000 7f36a2305700 1 -- start start
2024-02-20T08:03:33.407 INFO:teuthology.orchestra.run.smithi019.stdout:/usr/bin/ceph: stderr
2024-02-20T08:03:32.371+0000 7f36a2305700 1 --2- >> [v2:172.21.15.19:3300/0,v1:172.21.15.19:6789/0] conn(0x7f369c102770 0x7f369c111560 unknown :-1 s=NONE pgs=0 cs=0 l=1 rev1=0 crypto rx=0 tx=0 comp rx=0 tx=0).connect
2024-02-20T08:03:33.407 INFO:teuthology.orchestra.run.smithi019.stdout:/usr/bin/ceph: stderr
2024-02-20T08:03:32.371+0000 7f36a2305700 1 -- --> [v2:172.21.15.19:3300/0,v1:172.21.15.19:6789/0] -- mon_getmap magic: 0 v1 -- 0x7f369c111aa0 con 0x7f369c102770
2024-02-20T08:03:33.407 INFO:teuthology.orchestra.run.smithi019.stdout:/usr/bin/ceph: stderr
2024-02-20T08:03:32.371+0000 7f369bfff700 1 --2- >> [v2:172.21.15.19:3300/0,v1:172.21.15.19:6789/0] conn(0x7f369c102770 0x7f369c111560 unknown :-1 s=BANNER_CONNECTING pgs=0 cs=0 l=1 rev1=0 crypto rx=0 tx=0 comp rx=0 tx=0)._handle_peer_banner_payload supported=3 required=0
2024-02-20T08:03:33.407 INFO:teuthology.orchestra.run.smithi019.stdout:/usr/bin/ceph: stderr
2024-02-20T08:03:32.371+0000 7f369bfff700 1 --2- >> [v2:172.21.15.19:3300/0,v1:172.21.15.19:6789/0] conn(0x7f369c102770 0x7f369c111560 unknown :-1 s=HELLO_CONNECTING pgs=0 cs=0 l=1 rev1=1 crypto rx=0 tx=0 comp rx=0 tx=0).handle_hello peer v2:172.21.15.19:3300/0 says I am v2:172.21.15.19:51222/0 (socket says 172.21.15.19:51222)
2024-02-20T08:03:33.407 INFO:teuthology.orchestra.run.smithi019.stdout:/usr/bin/ceph: stderr
2024-02-20T08:03:32.371+0000 7f369bfff700 1 -- 172.21.15.19:0/1055668256 learned_addr learned my addr 172.21.15.19:0/1055668256 (peer_addr_for_me v2:172.21.15.19:0/0)
2024-02-20T08:03:33.407 INFO:teuthology.orchestra.run.smithi019.stdout:/usr/bin/ceph: stderr
2024-02-20T08:03:32.371+0000 7f369bfff700 1 -- 172.21.15.19:0/1055668256 --> [v2:172.21.15.19:3300/0,v1:172.21.15.19:6789/0] -- mon_subscribe({config=0+,monmap=0+}) v3 -- 0x7f368c0094f0 con 0x7f369c102770
2024-02-20T08:03:33.407 INFO:teuthology.orchestra.run.smithi019.stdout:/usr/bin/ceph: stderr
2024-02-20T08:03:32.371+0000 7f369bfff700 1 --2- 172.21.15.19:0/1055668256 >> [v2:172.21.15.19:3300/0,v1:172.21.15.19:6789/0] conn(0x7f369c102770 0x7f369c111560 secure :-1 s=READY pgs=38 cs=0 l=1 rev1=1 crypto rx=0x7f368c00b440 tx=0x7f368c009250 comp rx=0 tx=0).ready entity=mon.0 client_cookie=0 server_cookie=0 in_seq=0 out_seq=0
2024-02-20T08:03:33.408 INFO:teuthology.orchestra.run.smithi019.stdout:/usr/bin/ceph: stderr
2024-02-20T08:03:32.371+0000 7f3698ff9700 1 -- 172.21.15.19:0/1055668256 <== mon.0 v2:172.21.15.19:3300/0 1 ==== mon_map magic: 0 v1 ==== 229+0+0 (secure 0 0 0) 0x7f368c010760 con 0x7f369c102770
2024-02-20T08:03:33.408 INFO:teuthology.orchestra.run.smithi019.stdout:/usr/bin/ceph: stderr
2024-02-20T08:03:32.371+0000 7f36a2305700 1 -- 172.21.15.19:0/1055668256 --> [v2:172.21.15.19:3300/0,v1:172.21.15.19:6789/0] -- mon_subscribe({mgrmap=0+}) v3 -- 0x7f369c111ca0 con 0x7f369c102770
2024-02-20T08:03:33.408 INFO:teuthology.orchestra.run.smithi019.stdout:/usr/bin/ceph: stderr
2024-02-20T08:03:32.371+0000 7f3698ff9700 1 -- 172.21.15.19:0/1055668256 <== mon.0 v2:172.21.15.19:3300/0 2 ==== config(27 keys) v1 ==== 1044+0+0 (secure 0 0 0) 0x7f368c010d50 con 0x7f369c102770
2024-02-20T08:03:33.408 INFO:teuthology.orchestra.run.smithi019.stdout:/usr/bin/ceph: stderr
2024-02-20T08:03:32.371+0000 7f3698ff9700 1 -- 172.21.15.19:0/1055668256 <== mon.0 v2:172.21.15.19:3300/0 3 ==== mon_map magic: 0 v1 ==== 229+0+0 (secure 0 0 0) 0x7f368c01ae20 con 0x7f369c102770
2024-02-20T08:03:33.408 INFO:teuthology.orchestra.run.smithi019.stdout:/usr/bin/ceph: stderr
2024-02-20T08:03:32.371+0000 7f36a2305700 1 -- 172.21.15.19:0/1055668256 --> [v2:172.21.15.19:3300/0,v1:172.21.15.19:6789/0] -- mon_subscribe({osdmap=0}) v3 -- 0x7f369c112940 con 0x7f369c102770
2024-02-20T08:03:33.408 INFO:teuthology.orchestra.run.smithi019.stdout:/usr/bin/ceph: stderr
2024-02-20T08:03:32.372+0000 7f3698ff9700 1 -- 172.21.15.19:0/1055668256 <== mon.0 v2:172.21.15.19:3300/0 4 ==== mgrmap(e 8) v1 ==== 43368+0+0 (secure 0 0 0) 0x7f368c024450 con 0x7f369c102770
2024-02-20T08:03:33.408 INFO:teuthology.orchestra.run.smithi019.stdout:/usr/bin/ceph: stderr
2024-02-20T08:03:32.372+0000 7f3698ff9700 1 --2- 172.21.15.19:0/1055668256 >> [v2:172.21.15.19:6800/4038635461,v1:172.21.15.19:6801/4038635461] conn(0x7f3684036770 0x7f3684038c20 unknown :-1 s=NONE pgs=0 cs=0 l=1 rev1=0 crypto rx=0 tx=0 comp rx=0 tx=0).connect
2024-02-20T08:03:33.408 INFO:teuthology.orchestra.run.smithi019.stdout:/usr/bin/ceph: stderr
2024-02-20T08:03:32.372+0000 7f3698ff9700 1 -- 172.21.15.19:0/1055668256 <== mon.0 v2:172.21.15.19:3300/0 5 ==== osd_map(2..2 src has 1..2) v4 ==== 936+0+0 (secure 0 0 0) 0x7f368c04a5f0 con 0x7f369c102770
2024-02-20T08:03:33.409 INFO:teuthology.orchestra.run.smithi019.stdout:/usr/bin/ceph: stderr
2024-02-20T08:03:32.372+0000 7f369b7fe700 1 --2- 172.21.15.19:0/1055668256 >> [v2:172.21.15.19:6800/4038635461,v1:172.21.15.19:6801/4038635461] conn(0x7f3684036770 0x7f3684038c20 unknown :-1 s=BANNER_CONNECTING pgs=0 cs=0 l=1 rev1=0 crypto rx=0 tx=0 comp rx=0 tx=0)._handle_peer_banner_payload supported=3 required=0
2024-02-20T08:03:33.409 INFO:teuthology.orchestra.run.smithi019.stdout:/usr/bin/ceph: stderr
2024-02-20T08:03:32.372+0000 7f36a2305700 1 -- 172.21.15.19:0/1055668256 --> [v2:172.21.15.19:3300/0,v1:172.21.15.19:6789/0] -- mon_command({"prefix": "get_command_descriptions"} v 0) v1 -- 0x7f369c05f5c0 con 0x7f369c102770
2024-02-20T08:03:33.409 INFO:teuthology.orchestra.run.smithi019.stdout:/usr/bin/ceph: stderr
2024-02-20T08:03:32.373+0000 7f369b7fe700 1 --2- 172.21.15.19:0/1055668256 >> [v2:172.21.15.19:6800/4038635461,v1:172.21.15.19:6801/4038635461] conn(0x7f3684036770 0x7f3684038c20 secure :-1 s=READY pgs=9 cs=0 l=1 rev1=1 crypto rx=0x7f3690009990 tx=0x7f3690006e40 comp rx=0 tx=0).ready entity=mgr.14116 client_cookie=0 server_cookie=0 in_seq=0 out_seq=0
2024-02-20T08:03:33.409 INFO:teuthology.orchestra.run.smithi019.stdout:/usr/bin/ceph: stderr
2024-02-20T08:03:32.377+0000 7f3698ff9700 1 -- 172.21.15.19:0/1055668256 <== mon.0 v2:172.21.15.19:3300/0 6 ==== mon_command_ack([{"prefix": "get_command_descriptions"}]=0 v0) v1 ==== 72+0+175031 (secure 0 0 0) 0x7f368c018940 con 0x7f369c102770
2024-02-20T08:03:33.409 INFO:teuthology.orchestra.run.smithi019.stdout:/usr/bin/ceph: stderr
2024-02-20T08:03:32.571+0000 7f36a2305700 1 -- 172.21.15.19:0/1055668256 --> [v2:172.21.15.19:6800/4038635461,v1:172.21.15.19:6801/4038635461] -- mgr_command(tid 0: {"prefix": "cephadm generate-key", "target": ["mon-mgr", ""]}) v1 -- 0x7f369c100190 con 0x7f3684036770
2024-02-20T08:03:33.409 INFO:teuthology.orchestra.run.smithi019.stdout:/usr/bin/ceph: stderr
2024-02-20T08:03:32.831+0000 7f3698ff9700 1 -- 172.21.15.19:0/1055668256 <== mgr.14116 v2:172.21.15.19:6800/4038635461 1 ==== mgr_command_reply(tid 0: 0 ) v1 ==== 8+0+0 (secure 0 0 0) 0x7f369c100190 con 0x7f3684036770
2024-02-20T08:03:33.409 INFO:teuthology.orchestra.run.smithi019.stdout:/usr/bin/ceph: stderr
2024-02-20T08:03:32.833+0000 7f36a2305700 1 -- 172.21.15.19:0/1055668256 >> [v2:172.21.15.19:6800/4038635461,v1:172.21.15.19:6801/4038635461] conn(0x7f3684036770 msgr2=0x7f3684038c20 secure :-1 s=STATE_CONNECTION_ESTABLISHED l=1).mark_down
2024-02-20T08:03:33.409 INFO:teuthology.orchestra.run.smithi019.stdout:/usr/bin/ceph: stderr
2024-02-20T08:03:32.833+0000 7f36a2305700 1 --2- 172.21.15.19:0/1055668256 >> [v2:172.21.15.19:6800/4038635461,v1:172.21.15.19:6801/4038635461] conn(0x7f3684036770 0x7f3684038c20 secure :-1 s=READY pgs=9 cs=0 l=1 rev1=1 crypto rx=0x7f3690009990 tx=0x7f3690006e40 comp rx=0 tx=0).stop
2024-02-20T08:03:33.409 INFO:teuthology.orchestra.run.smithi019.stdout:/usr/bin/ceph: stderr
2024-02-20T08:03:32.833+0000 7f36a2305700 1 -- 172.21.15.19:0/1055668256 >> [v2:172.21.15.19:3300/0,v1:172.21.15.19:6789/0] conn(0x7f369c102770 msgr2=0x7f369c111560 secure :-1 s=STATE_CONNECTION_ESTABLISHED l=1).mark_down
2024-02-20T08:03:33.410 INFO:teuthology.orchestra.run.smithi019.stdout:/usr/bin/ceph: stderr
2024-02-20T08:03:32.833+0000 7f36a2305700 1 --2- 172.21.15.19:0/1055668256 >> [v2:172.21.15.19:3300/0,v1:172.21.15.19:6789/0] conn(0x7f369c102770 0x7f369c111560 secure :-1 s=READY pgs=38 cs=0 l=1 rev1=1 crypto rx=0x7f368c00b440 tx=0x7f368c009250 comp rx=0 tx=0).stop
2024-02-20T08:03:33.410 INFO:teuthology.orchestra.run.smithi019.stdout:/usr/bin/ceph: stderr
2024-02-20T08:03:32.833+0000 7f36a2305700 1 -- 172.21.15.19:0/1055668256 shutdown_connections
2024-02-20T08:03:33.410 INFO:teuthology.orchestra.run.smithi019.stdout:/usr/bin/ceph: stderr
2024-02-20T08:03:32.833+0000 7f36a2305700 1 --2- 172.21.15.19:0/1055668256 >> [v2:172.21.15.19:6800/4038635461,v1:172.21.15.19:6801/4038635461] conn(0x7f3684036770 0x7f3684038c20 unknown :-1 s=CLOSED pgs=9 cs=0 l=1 rev1=1 crypto rx=0 tx=0 comp rx=0 tx=0).stop
2024-02-20T08:03:33.410 INFO:teuthology.orchestra.run.smithi019.stdout:/usr/bin/ceph: stderr
2024-02-20T08:03:32.833+0000 7f36a2305700 1 --2- 172.21.15.19:0/1055668256 >> [v2:172.21.15.19:3300/0,v1:172.21.15.19:6789/0] conn(0x7f369c102770 0x7f369c111560 unknown :-1 s=CLOSED pgs=38 cs=0 l=1 rev1=1 crypto rx=0 tx=0 comp rx=0 tx=0).stop
2024-02-20T08:03:33.410 INFO:teuthology.orchestra.run.smithi019.stdout:/usr/bin/ceph: stderr
2024-02-20T08:03:32.833+0000 7f36a2305700 1 -- 172.21.15.19:0/1055668256 >> 172.21.15.19:0/1055668256 conn(0x7f369c0fded0 msgr2=0x7f369c0ff570 unknown :-1 s=STATE_NONE l=0).mark_down
2024-02-20T08:03:33.410 INFO:teuthology.orchestra.run.smithi019.stdout:/usr/bin/ceph: stderr
2024-02-20T08:03:32.833+0000 7f36a2305700 1 -- 172.21.15.19:0/1055668256 shutdown_connections
2024-02-20T08:03:33.410 INFO:teuthology.orchestra.run.smithi019.stdout:/usr/bin/ceph: stderr
2024-02-20T08:03:32.833+0000 7f36a2305700 1 -- 172.21.15.19:0/1055668256 wait complete.
2024-02-20T08:03:33.649 INFO:journalctl@ceph.mon.smithi019.smithi019.stdout:Feb 20 08:03:33 smithi019 ceph-mon[28876]: from='client.14132 -' entity='client.admin' cmd=[{"prefix": "cephadm generate-key", "target": ["mon-mgr", ""]}]: dispatch
2024-02-20T08:03:33.661 INFO:journalctl@ceph.mon.smithi019.smithi019.stdout:Feb 20 08:03:33 smithi019 ceph-mon[28876]: Generating ssh key...
2024-02-20T08:03:33.661 INFO:journalctl@ceph.mon.smithi019.smithi019.stdout:Feb 20 08:03:33 smithi019 ceph-mon[28876]: from='mgr.14116 172.21.15.19:0/2537241251' entity='mgr.smithi019.unfomv'
2024-02-20T08:03:33.662 INFO:journalctl@ceph.mon.smithi019.smithi019.stdout:Feb 20 08:03:33 smithi019 ceph-mon[28876]: from='mgr.14116 172.21.15.19:0/2537241251' entity='mgr.smithi019.unfomv'
2024-02-20T08:03:34.605 INFO:teuthology.orchestra.run.smithi019.stdout:/usr/bin/ceph: stdout ssh-rsa AAAAB3NzaC1yc2EAAAADAQABAAABgQDg/TEOdX0aGLiPqm7f/YbtXyAH1R6z/OYDFHeJFt/ft/DzLIzSRs8F+c2e/qZvr0qAn2wEmlSDQ/VMkLmacZxMFHdnWl6U4ORYBDwScVxBZ2soFonJOTJUC8qK9tkdeEC0vorJ83gml4JqXnX1dF2FPdOg79Go36WoOKW2HCq6/KWVfqH3Ntaru7sSnUSzzEpaRxqXAnH7e1PkwVwRCEMiIEq40AbmKaFeqkRp4zJwEtctIf3veyV5BJEGjQY9hy1T7yQPjdF77UiWnPUQOus04CW5FnB1F/XvO+nBir+U/SDmEmn+DAV2+HjW6az88D5L0H1OFklMIebjkQ+7wJ/Dr+G7U2p9fLQqPK0Ys9XBrlCEaMtWHMCApGEnQkfZn+1ag6fBt6DnB7utXh6O88azRw+t08KapzxXC5ey1I6YYJMTuy9AvyCcH9sa5xpVqJ0xOmlBBOGXOgJ8LUuAlQFOps0qFuUdeUjPq4jN9oipIGVxo6WDRzVl2GDz19wIoIs= ceph-54113de0-cfc6-11ee-95bb-87774f69a715
2024-02-20T08:03:34.605 INFO:teuthology.orchestra.run.smithi019.stdout:/usr/bin/ceph: stderr
2024-02-20T08:03:33.855+0000 7f643ab9a700 1 Processor -- start
2024-02-20T08:03:34.605 INFO:teuthology.orchestra.run.smithi019.stdout:/usr/bin/ceph: stderr
2024-02-20T08:03:33.855+0000 7f643ab9a700 1 -- start start
2024-02-20T08:03:34.605 INFO:teuthology.orchestra.run.smithi019.stdout:/usr/bin/ceph: stderr
2024-02-20T08:03:33.855+0000 7f643ab9a700 1 --2- >> [v2:172.21.15.19:3300/0,v1:172.21.15.19:6789/0] conn(0x7f6434101670 0x7f6434101a80 unknown :-1 s=NONE pgs=0 cs=0 l=0 rev1=0 crypto rx=0 tx=0 comp rx=0 tx=0).connect
2024-02-20T08:03:34.605 INFO:teuthology.orchestra.run.smithi019.stdout:/usr/bin/ceph: stderr
2024-02-20T08:03:33.855+0000 7f643ab9a700 1 -- --> [v2:172.21.15.19:3300/0,v1:172.21.15.19:6789/0] -- mon_getmap magic: 0 v1 -- 0x7f6434101fc0 con 0x7f6434101670
2024-02-20T08:03:34.605 INFO:teuthology.orchestra.run.smithi019.stdout:/usr/bin/ceph: stderr
2024-02-20T08:03:33.855+0000 7f6438936700 1 --2- >> [v2:172.21.15.19:3300/0,v1:172.21.15.19:6789/0] conn(0x7f6434101670 0x7f6434101a80 unknown :-1 s=BANNER_CONNECTING pgs=0 cs=0 l=0 rev1=0 crypto rx=0 tx=0 comp rx=0 tx=0)._handle_peer_banner_payload supported=3 required=0
2024-02-20T08:03:34.605 INFO:teuthology.orchestra.run.smithi019.stdout:/usr/bin/ceph: stderr
2024-02-20T08:03:33.855+0000 7f6438936700 1 --2- >> [v2:172.21.15.19:3300/0,v1:172.21.15.19:6789/0] conn(0x7f6434101670 0x7f6434101a80 unknown :-1 s=HELLO_CONNECTING pgs=0 cs=0 l=0 rev1=1 crypto rx=0 tx=0 comp rx=0 tx=0).handle_hello peer v2:172.21.15.19:3300/0 says I am v2:172.21.15.19:51230/0 (socket says 172.21.15.19:51230)
2024-02-20T08:03:34.605 INFO:teuthology.orchestra.run.smithi019.stdout:/usr/bin/ceph: stderr
2024-02-20T08:03:33.855+0000 7f6438936700 1 -- 172.21.15.19:0/1025155128 learned_addr learned my addr 172.21.15.19:0/1025155128 (peer_addr_for_me v2:172.21.15.19:0/0)
2024-02-20T08:03:34.606 INFO:teuthology.orchestra.run.smithi019.stdout:/usr/bin/ceph: stderr
2024-02-20T08:03:33.855+0000 7f6438936700 1 -- 172.21.15.19:0/1025155128 --> [v2:172.21.15.19:3300/0,v1:172.21.15.19:6789/0] -- mon_subscribe({config=0+,monmap=0+}) v3 -- 0x7f6434102100 con 0x7f6434101670
2024-02-20T08:03:34.606 INFO:teuthology.orchestra.run.smithi019.stdout:/usr/bin/ceph: stderr
2024-02-20T08:03:33.855+0000 7f6438936700 1 --2- 172.21.15.19:0/1025155128 >> [v2:172.21.15.19:3300/0,v1:172.21.15.19:6789/0] conn(0x7f6434101670 0x7f6434101a80 secure :-1 s=READY pgs=39 cs=0 l=1 rev1=1 crypto rx=0x7f64280098e0 tx=0x7f6428009250 comp rx=0 tx=0).ready entity=mon.0 client_cookie=35c234556aeb9ba8 server_cookie=0 in_seq=0 out_seq=0
2024-02-20T08:03:34.606 INFO:teuthology.orchestra.run.smithi019.stdout:/usr/bin/ceph: stderr
2024-02-20T08:03:33.856+0000 7f64337fe700 1 -- 172.21.15.19:0/1025155128 <== mon.0 v2:172.21.15.19:3300/0 1 ==== mon_map magic: 0 v1 ==== 229+0+0 (secure 0 0 0) 0x7f642800b860 con 0x7f6434101670
2024-02-20T08:03:34.606 INFO:teuthology.orchestra.run.smithi019.stdout:/usr/bin/ceph: stderr
2024-02-20T08:03:33.856+0000 7f64337fe700 1 -- 172.21.15.19:0/1025155128 <== mon.0 v2:172.21.15.19:3300/0 2 ==== config(27 keys) v1 ==== 1044+0+0 (secure 0 0 0) 0x7f642800be50 con 0x7f6434101670
2024-02-20T08:03:34.606 INFO:teuthology.orchestra.run.smithi019.stdout:/usr/bin/ceph: stderr
2024-02-20T08:03:33.856+0000 7f64337fe700 1 -- 172.21.15.19:0/1025155128 <== mon.0 v2:172.21.15.19:3300/0 3 ==== mon_map magic: 0 v1 ==== 229+0+0 (secure 0 0 0) 0x7f6428010380 con 0x7f6434101670
2024-02-20T08:03:34.606 INFO:teuthology.orchestra.run.smithi019.stdout:/usr/bin/ceph: stderr
2024-02-20T08:03:33.856+0000 7f643ab9a700 1 -- 172.21.15.19:0/1025155128 >> [v2:172.21.15.19:3300/0,v1:172.21.15.19:6789/0] conn(0x7f6434101670 msgr2=0x7f6434101a80 secure :-1 s=STATE_CONNECTION_ESTABLISHED l=1).mark_down
2024-02-20T08:03:34.606 INFO:teuthology.orchestra.run.smithi019.stdout:/usr/bin/ceph: stderr
2024-02-20T08:03:33.856+0000 7f643ab9a700 1 --2- 172.21.15.19:0/1025155128 >> [v2:172.21.15.19:3300/0,v1:172.21.15.19:6789/0] conn(0x7f6434101670 0x7f6434101a80 secure :-1 s=READY pgs=39 cs=0 l=1 rev1=1 crypto rx=0x7f64280098e0 tx=0x7f6428009250 comp rx=0 tx=0).stop
2024-02-20T08:03:34.606 INFO:teuthology.orchestra.run.smithi019.stdout:/usr/bin/ceph: stderr
2024-02-20T08:03:33.856+0000 7f643ab9a700 1 -- 172.21.15.19:0/1025155128 shutdown_connections
2024-02-20T08:03:34.606 INFO:teuthology.orchestra.run.smithi019.stdout:/usr/bin/ceph: stderr
2024-02-20T08:03:33.856+0000 7f643ab9a700 1 --2- 172.21.15.19:0/1025155128 >> [v2:172.21.15.19:3300/0,v1:172.21.15.19:6789/0] conn(0x7f6434101670 0x7f6434101a80 unknown :-1 s=CLOSED pgs=39 cs=0 l=1 rev1=1 crypto rx=0 tx=0 comp rx=0 tx=0).stop
2024-02-20T08:03:34.606 INFO:teuthology.orchestra.run.smithi019.stdout:/usr/bin/ceph: stderr
2024-02-20T08:03:33.856+0000 7f643ab9a700 1 -- 172.21.15.19:0/1025155128 >> 172.21.15.19:0/1025155128 conn(0x7f64340fcdd0 msgr2=0x7f64340ff200 unknown :-1 s=STATE_NONE l=0).mark_down
2024-02-20T08:03:34.606 INFO:teuthology.orchestra.run.smithi019.stdout:/usr/bin/ceph: stderr
2024-02-20T08:03:33.856+0000 7f643ab9a700 1 -- 172.21.15.19:0/1025155128 shutdown_connections
2024-02-20T08:03:34.606 INFO:teuthology.orchestra.run.smithi019.stdout:/usr/bin/ceph: stderr
2024-02-20T08:03:33.856+0000 7f643ab9a700 1 -- 172.21.15.19:0/1025155128 wait complete.
2024-02-20T08:03:34.606 INFO:teuthology.orchestra.run.smithi019.stdout:/usr/bin/ceph: stderr
2024-02-20T08:03:33.857+0000 7f643ab9a700 1 Processor -- start
2024-02-20T08:03:34.607 INFO:teuthology.orchestra.run.smithi019.stdout:/usr/bin/ceph: stderr
2024-02-20T08:03:33.857+0000 7f643ab9a700 1 -- start start
2024-02-20T08:03:34.607 INFO:teuthology.orchestra.run.smithi019.stdout:/usr/bin/ceph: stderr
2024-02-20T08:03:33.857+0000 7f643ab9a700 1 --2- >> [v2:172.21.15.19:3300/0,v1:172.21.15.19:6789/0] conn(0x7f6434101670 0x7f6434107a90 unknown :-1 s=NONE pgs=0 cs=0 l=1 rev1=0 crypto rx=0 tx=0 comp rx=0 tx=0).connect
2024-02-20T08:03:34.607 INFO:teuthology.orchestra.run.smithi019.stdout:/usr/bin/ceph: stderr
2024-02-20T08:03:33.857+0000 7f643ab9a700 1 -- --> [v2:172.21.15.19:3300/0,v1:172.21.15.19:6789/0] -- mon_getmap magic: 0 v1 -- 0x7f6434105f10 con 0x7f6434101670
2024-02-20T08:03:34.607 INFO:teuthology.orchestra.run.smithi019.stdout:/usr/bin/ceph: stderr
2024-02-20T08:03:33.857+0000 7f6438936700 1 --2- >> [v2:172.21.15.19:3300/0,v1:172.21.15.19:6789/0] conn(0x7f6434101670 0x7f6434107a90 unknown :-1 s=BANNER_CONNECTING pgs=0 cs=0 l=1 rev1=0 crypto rx=0 tx=0 comp rx=0 tx=0)._handle_peer_banner_payload supported=3 required=0
2024-02-20T08:03:34.607 INFO:teuthology.orchestra.run.smithi019.stdout:/usr/bin/ceph: stderr
2024-02-20T08:03:33.857+0000 7f6438936700 1 --2- >> [v2:172.21.15.19:3300/0,v1:172.21.15.19:6789/0] conn(0x7f6434101670 0x7f6434107a90 unknown :-1 s=HELLO_CONNECTING pgs=0 cs=0 l=1 rev1=1 crypto rx=0 tx=0 comp rx=0 tx=0).handle_hello peer v2:172.21.15.19:3300/0 says I am v2:172.21.15.19:51240/0 (socket says 172.21.15.19:51240)
2024-02-20T08:03:34.607 INFO:teuthology.orchestra.run.smithi019.stdout:/usr/bin/ceph: stderr
2024-02-20T08:03:33.857+0000 7f6438936700 1 -- 172.21.15.19:0/2654885314 learned_addr learned my addr 172.21.15.19:0/2654885314 (peer_addr_for_me v2:172.21.15.19:0/0)
2024-02-20T08:03:34.607 INFO:teuthology.orchestra.run.smithi019.stdout:/usr/bin/ceph: stderr
2024-02-20T08:03:33.858+0000 7f6438936700 1 -- 172.21.15.19:0/2654885314 --> [v2:172.21.15.19:3300/0,v1:172.21.15.19:6789/0] -- mon_subscribe({config=0+,monmap=0+}) v3 -- 0x7f64280094f0 con 0x7f6434101670
2024-02-20T08:03:34.607 INFO:teuthology.orchestra.run.smithi019.stdout:/usr/bin/ceph: stderr
2024-02-20T08:03:33.858+0000 7f6438936700 1 --2- 172.21.15.19:0/2654885314 >> [v2:172.21.15.19:3300/0,v1:172.21.15.19:6789/0] conn(0x7f6434101670 0x7f6434107a90 secure :-1 s=READY pgs=40 cs=0 l=1 rev1=1 crypto rx=0x7f6428000c00 tx=0x7f6428009250 comp rx=0 tx=0).ready entity=mon.0 client_cookie=0 server_cookie=0 in_seq=0 out_seq=0
2024-02-20T08:03:34.607 INFO:teuthology.orchestra.run.smithi019.stdout:/usr/bin/ceph: stderr
2024-02-20T08:03:33.858+0000 7f64317fa700 1 -- 172.21.15.19:0/2654885314 <== mon.0 v2:172.21.15.19:3300/0 1 ==== mon_map magic: 0 v1 ==== 229+0+0 (secure 0 0 0) 0x7f64280107c0 con 0x7f6434101670
2024-02-20T08:03:34.607 INFO:teuthology.orchestra.run.smithi019.stdout:/usr/bin/ceph: stderr
2024-02-20T08:03:33.858+0000 7f64317fa700 1 -- 172.21.15.19:0/2654885314 <== mon.0 v2:172.21.15.19:3300/0 2 ==== config(27 keys) v1 ==== 1044+0+0 (secure 0 0 0) 0x7f6428010db0 con 0x7f6434101670
2024-02-20T08:03:34.607 INFO:teuthology.orchestra.run.smithi019.stdout:/usr/bin/ceph: stderr
2024-02-20T08:03:33.858+0000 7f643ab9a700 1 -- 172.21.15.19:0/2654885314 --> [v2:172.21.15.19:3300/0,v1:172.21.15.19:6789/0] -- mon_subscribe({mgrmap=0+}) v3 -- 0x7f6434106110 con 0x7f6434101670
2024-02-20T08:03:34.607 INFO:teuthology.orchestra.run.smithi019.stdout:/usr/bin/ceph: stderr
2024-02-20T08:03:33.858+0000 7f64317fa700 1 -- 172.21.15.19:0/2654885314 <== mon.0 v2:172.21.15.19:3300/0 3 ==== mon_map magic: 0 v1 ==== 229+0+0 (secure 0 0 0) 0x7f642801ad00 con 0x7f6434101670
2024-02-20T08:03:34.607 INFO:teuthology.orchestra.run.smithi019.stdout:/usr/bin/ceph: stderr
2024-02-20T08:03:33.858+0000 7f643ab9a700 1 -- 172.21.15.19:0/2654885314 --> [v2:172.21.15.19:3300/0,v1:172.21.15.19:6789/0] -- mon_subscribe({osdmap=0}) v3 -- 0x7f64341065a0 con 0x7f6434101670
2024-02-20T08:03:34.607 INFO:teuthology.orchestra.run.smithi019.stdout:/usr/bin/ceph: stderr
2024-02-20T08:03:33.859+0000 7f64317fa700 1 -- 172.21.15.19:0/2654885314 <== mon.0 v2:172.21.15.19:3300/0 4 ==== mgrmap(e 8) v1 ==== 43368+0+0 (secure 0 0 0) 0x7f642801a530 con 0x7f6434101670
2024-02-20T08:03:34.608 INFO:teuthology.orchestra.run.smithi019.stdout:/usr/bin/ceph: stderr
2024-02-20T08:03:33.859+0000 7f64317fa700 1 --2- 172.21.15.19:0/2654885314 >> [v2:172.21.15.19:6800/4038635461,v1:172.21.15.19:6801/4038635461] conn(0x7f64240367e0 0x7f6424038c90 unknown :-1 s=NONE pgs=0 cs=0 l=1 rev1=0 crypto rx=0 tx=0 comp rx=0 tx=0).connect
2024-02-20T08:03:34.608 INFO:teuthology.orchestra.run.smithi019.stdout:/usr/bin/ceph: stderr
2024-02-20T08:03:33.859+0000 7f643ab9a700 1 -- 172.21.15.19:0/2654885314 --> [v2:172.21.15.19:3300/0,v1:172.21.15.19:6789/0] -- mon_command({"prefix": "get_command_descriptions"} v 0) v1 -- 0x7f643404bed0 con 0x7f6434101670
2024-02-20T08:03:34.608 INFO:teuthology.orchestra.run.smithi019.stdout:/usr/bin/ceph: stderr
2024-02-20T08:03:33.859+0000 7f64317fa700 1 -- 172.21.15.19:0/2654885314 <== mon.0 v2:172.21.15.19:3300/0 5 ==== osd_map(2..2 src has 1..2) v4 ==== 936+0+0 (secure 0 0 0) 0x7f642804a600 con 0x7f6434101670
2024-02-20T08:03:34.608 INFO:teuthology.orchestra.run.smithi019.stdout:/usr/bin/ceph: stderr
2024-02-20T08:03:33.859+0000 7f6433fff700 1 --2- 172.21.15.19:0/2654885314 >> [v2:172.21.15.19:6800/4038635461,v1:172.21.15.19:6801/4038635461] conn(0x7f64240367e0 0x7f6424038c90 unknown :-1 s=BANNER_CONNECTING pgs=0 cs=0 l=1 rev1=0 crypto rx=0 tx=0 comp rx=0 tx=0)._handle_peer_banner_payload supported=3 required=0
2024-02-20T08:03:34.608 INFO:teuthology.orchestra.run.smithi019.stdout:/usr/bin/ceph: stderr
2024-02-20T08:03:33.860+0000 7f6433fff700 1 --2- 172.21.15.19:0/2654885314 >> [v2:172.21.15.19:6800/4038635461,v1:172.21.15.19:6801/4038635461] conn(0x7f64240367e0 0x7f6424038c90 secure :-1 s=READY pgs=10 cs=0 l=1 rev1=1 crypto rx=0x7f6420009990 tx=0x7f6420006e40 comp rx=0 tx=0).ready entity=mgr.14116 client_cookie=0 server_cookie=0 in_seq=0 out_seq=0
2024-02-20T08:03:34.608 INFO:teuthology.orchestra.run.smithi019.stdout:/usr/bin/ceph: stderr
2024-02-20T08:03:33.864+0000 7f64317fa700 1 -- 172.21.15.19:0/2654885314 <== mon.0 v2:172.21.15.19:3300/0 6 ==== mon_command_ack([{"prefix": "get_command_descriptions"}]=0 v0) v1 ==== 72+0+175031 (secure 0 0 0) 0x7f6428010920 con 0x7f6434101670
2024-02-20T08:03:34.608 INFO:teuthology.orchestra.run.smithi019.stdout:/usr/bin/ceph: stderr
2024-02-20T08:03:34.055+0000 7f643ab9a700 1 -- 172.21.15.19:0/2654885314 --> [v2:172.21.15.19:6800/4038635461,v1:172.21.15.19:6801/4038635461] -- mgr_command(tid 0: {"prefix": "cephadm get-pub-key", "target": ["mon-mgr", ""]}) v1 -- 0x7f6434106db0 con 0x7f64240367e0
2024-02-20T08:03:34.608 INFO:teuthology.orchestra.run.smithi019.stdout:/usr/bin/ceph: stderr
2024-02-20T08:03:34.056+0000 7f64317fa700 1 -- 172.21.15.19:0/2654885314 <== mgr.14116 v2:172.21.15.19:6800/4038635461 1 ==== mgr_command_reply(tid 0: 0 ) v1 ==== 8+0+595 (secure 0 0 0) 0x7f6434106db0 con 0x7f64240367e0
2024-02-20T08:03:34.608 INFO:teuthology.orchestra.run.smithi019.stdout:/usr/bin/ceph: stderr
2024-02-20T08:03:34.057+0000 7f643ab9a700 1 -- 172.21.15.19:0/2654885314 >> [v2:172.21.15.19:6800/4038635461,v1:172.21.15.19:6801/4038635461] conn(0x7f64240367e0 msgr2=0x7f6424038c90 secure :-1 s=STATE_CONNECTION_ESTABLISHED l=1).mark_down
2024-02-20T08:03:34.608 INFO:teuthology.orchestra.run.smithi019.stdout:/usr/bin/ceph: stderr
2024-02-20T08:03:34.057+0000 7f643ab9a700 1 --2- 172.21.15.19:0/2654885314 >> [v2:172.21.15.19:6800/4038635461,v1:172.21.15.19:6801/4038635461] conn(0x7f64240367e0 0x7f6424038c90 secure :-1 s=READY pgs=10 cs=0 l=1 rev1=1 crypto rx=0x7f6420009990 tx=0x7f6420006e40 comp rx=0 tx=0).stop
2024-02-20T08:03:34.608 INFO:teuthology.orchestra.run.smithi019.stdout:/usr/bin/ceph: stderr
2024-02-20T08:03:34.057+0000 7f643ab9a700 1 -- 172.21.15.19:0/2654885314 >> [v2:172.21.15.19:3300/0,v1:172.21.15.19:6789/0] conn(0x7f6434101670 msgr2=0x7f6434107a90 secure :-1 s=STATE_CONNECTION_ESTABLISHED l=1).mark_down
2024-02-20T08:03:34.608 INFO:teuthology.orchestra.run.smithi019.stdout:/usr/bin/ceph: stderr
2024-02-20T08:03:34.057+0000 7f643ab9a700 1 --2- 172.21.15.19:0/2654885314 >> [v2:172.21.15.19:3300/0,v1:172.21.15.19:6789/0] conn(0x7f6434101670 0x7f6434107a90 secure :-1 s=READY pgs=40 cs=0 l=1 rev1=1 crypto rx=0x7f6428000c00 tx=0x7f6428009250 comp rx=0 tx=0).stop
2024-02-20T08:03:34.608 INFO:teuthology.orchestra.run.smithi019.stdout:/usr/bin/ceph: stderr
2024-02-20T08:03:34.058+0000 7f643ab9a700 1 -- 172.21.15.19:0/2654885314 shutdown_connections
2024-02-20T08:03:34.609 INFO:teuthology.orchestra.run.smithi019.stdout:/usr/bin/ceph: stderr
2024-02-20T08:03:34.058+0000 7f643ab9a700 1 --2- 172.21.15.19:0/2654885314 >> [v2:172.21.15.19:6800/4038635461,v1:172.21.15.19:6801/4038635461] conn(0x7f64240367e0 0x7f6424038c90 unknown :-1 s=CLOSED pgs=10 cs=0 l=1 rev1=1 crypto rx=0 tx=0 comp rx=0 tx=0).stop
2024-02-20T08:03:34.609 INFO:teuthology.orchestra.run.smithi019.stdout:/usr/bin/ceph: stderr
2024-02-20T08:03:34.058+0000 7f643ab9a700 1 --2- 172.21.15.19:0/2654885314 >> [v2:172.21.15.19:3300/0,v1:172.21.15.19:6789/0] conn(0x7f6434101670 0x7f6434107a90 unknown :-1 s=CLOSED pgs=40 cs=0 l=1 rev1=1 crypto rx=0 tx=0 comp rx=0 tx=0).stop
2024-02-20T08:03:34.609 INFO:teuthology.orchestra.run.smithi019.stdout:/usr/bin/ceph: stderr
2024-02-20T08:03:34.058+0000 7f643ab9a700 1 -- 172.21.15.19:0/2654885314 >> 172.21.15.19:0/2654885314 conn(0x7f64340fcdd0 msgr2=0x7f6434076850 unknown :-1 s=STATE_NONE l=0).mark_down
2024-02-20T08:03:34.609 INFO:teuthology.orchestra.run.smithi019.stdout:/usr/bin/ceph: stderr
2024-02-20T08:03:34.058+0000 7f643ab9a700 1 -- 172.21.15.19:0/2654885314 shutdown_connections
2024-02-20T08:03:34.609 INFO:teuthology.orchestra.run.smithi019.stdout:/usr/bin/ceph: stderr
2024-02-20T08:03:34.058+0000 7f643ab9a700 1 -- 172.21.15.19:0/2654885314 wait complete.
2024-02-20T08:03:34.609 INFO:teuthology.orchestra.run.smithi019.stdout:Wrote public SSH key to /home/ubuntu/cephtest/ceph.pub
2024-02-20T08:03:34.609 INFO:teuthology.orchestra.run.smithi019.stdout:Adding key to root@localhost authorized_keys...
2024-02-20T08:03:34.609 INFO:teuthology.orchestra.run.smithi019.stdout:Adding host smithi019...
2024-02-20T08:03:34.899 INFO:journalctl@ceph.mon.smithi019.smithi019.stdout:Feb 20 08:03:34 smithi019 ceph-mon[28876]: from='client.14134 -' entity='client.admin' cmd=[{"prefix": "cephadm get-pub-key", "target": ["mon-mgr", ""]}]: dispatch
2024-02-20T08:03:35.899 INFO:journalctl@ceph.mon.smithi019.smithi019.stdout:Feb 20 08:03:35 smithi019 ceph-mon[28876]: from='client.14136 -' entity='client.admin' cmd=[{"prefix": "orch host add", "hostname": "smithi019", "addr": "172.21.15.19", "target": ["mon-mgr", ""]}]: dispatch
2024-02-20T08:03:37.107 INFO:journalctl@ceph.mon.smithi019.smithi019.stdout:Feb 20 08:03:36 smithi019 ceph-mon[28876]: Deploying cephadm binary to smithi019
2024-02-20T08:03:38.039 INFO:teuthology.orchestra.run.smithi019.stdout:/usr/bin/ceph: stdout Added host 'smithi019' with addr '172.21.15.19'
2024-02-20T08:03:38.039 INFO:teuthology.orchestra.run.smithi019.stdout:/usr/bin/ceph: stderr
2024-02-20T08:03:35.147+0000 7fd5a3d7b700 1 Processor -- start
2024-02-20T08:03:38.039 INFO:teuthology.orchestra.run.smithi019.stdout:/usr/bin/ceph: stderr
2024-02-20T08:03:35.147+0000 7fd5a3d7b700 1 -- start start
2024-02-20T08:03:38.039 INFO:teuthology.orchestra.run.smithi019.stdout:/usr/bin/ceph: stderr
2024-02-20T08:03:35.147+0000 7fd5a3d7b700 1 --2- >> [v2:172.21.15.19:3300/0,v1:172.21.15.19:6789/0] conn(0x7fd59c102780 0x7fd59c102b90 unknown :-1 s=NONE pgs=0 cs=0 l=0 rev1=0 crypto rx=0 tx=0 comp rx=0 tx=0).connect
2024-02-20T08:03:38.039 INFO:teuthology.orchestra.run.smithi019.stdout:/usr/bin/ceph: stderr
2024-02-20T08:03:35.147+0000 7fd5a3d7b700 1 -- --> [v2:172.21.15.19:3300/0,v1:172.21.15.19:6789/0] -- mon_getmap magic: 0 v1 -- 0x7fd59c1030d0 con 0x7fd59c102780
2024-02-20T08:03:38.040 INFO:teuthology.orchestra.run.smithi019.stdout:/usr/bin/ceph: stderr
2024-02-20T08:03:35.147+0000 7fd5a1b17700 1 --2- >> [v2:172.21.15.19:3300/0,v1:172.21.15.19:6789/0] conn(0x7fd59c102780 0x7fd59c102b90 unknown :-1 s=BANNER_CONNECTING pgs=0 cs=0 l=0 rev1=0 crypto rx=0 tx=0 comp rx=0 tx=0)._handle_peer_banner_payload supported=3 required=0
2024-02-20T08:03:38.040 INFO:teuthology.orchestra.run.smithi019.stdout:/usr/bin/ceph: stderr
2024-02-20T08:03:35.147+0000 7fd5a1b17700 1 --2- >> [v2:172.21.15.19:3300/0,v1:172.21.15.19:6789/0] conn(0x7fd59c102780 0x7fd59c102b90 unknown :-1 s=HELLO_CONNECTING pgs=0 cs=0 l=0 rev1=1 crypto rx=0 tx=0 comp rx=0 tx=0).handle_hello peer v2:172.21.15.19:3300/0 says I am v2:172.21.15.19:51254/0 (socket says 172.21.15.19:51254)
2024-02-20T08:03:38.040 INFO:teuthology.orchestra.run.smithi019.stdout:/usr/bin/ceph: stderr
2024-02-20T08:03:35.147+0000 7fd5a1b17700 1 -- 172.21.15.19:0/4244274086 learned_addr learned my addr 172.21.15.19:0/4244274086 (peer_addr_for_me v2:172.21.15.19:0/0)
2024-02-20T08:03:38.040 INFO:teuthology.orchestra.run.smithi019.stdout:/usr/bin/ceph: stderr
2024-02-20T08:03:35.148+0000 7fd5a1b17700 1 -- 172.21.15.19:0/4244274086 --> [v2:172.21.15.19:3300/0,v1:172.21.15.19:6789/0] -- mon_subscribe({config=0+,monmap=0+}) v3 -- 0x7fd59c103210 con 0x7fd59c102780
2024-02-20T08:03:38.040 INFO:teuthology.orchestra.run.smithi019.stdout:/usr/bin/ceph: stderr
2024-02-20T08:03:35.148+0000 7fd5a1b17700 1 --2- 172.21.15.19:0/4244274086 >> [v2:172.21.15.19:3300/0,v1:172.21.15.19:6789/0] conn(0x7fd59c102780 0x7fd59c102b90 secure :-1 s=READY pgs=41 cs=0 l=1 rev1=1 crypto rx=0x7fd5980098e0 tx=0x7fd598009250 comp rx=0 tx=0).ready entity=mon.0 client_cookie=c120d1589ea023ac server_cookie=0 in_seq=0 out_seq=0
2024-02-20T08:03:38.040 INFO:teuthology.orchestra.run.smithi019.stdout:/usr/bin/ceph: stderr
2024-02-20T08:03:35.148+0000 7fd5a0b15700 1 -- 172.21.15.19:0/4244274086 <== mon.0 v2:172.21.15.19:3300/0 1 ==== mon_map magic: 0 v1 ==== 229+0+0 (secure 0 0 0) 0x7fd59800b860 con 0x7fd59c102780
2024-02-20T08:03:38.040 INFO:teuthology.orchestra.run.smithi019.stdout:/usr/bin/ceph: stderr
2024-02-20T08:03:35.148+0000 7fd5a0b15700 1 -- 172.21.15.19:0/4244274086 <== mon.0 v2:172.21.15.19:3300/0 2 ==== config(27 keys) v1 ==== 1044+0+0 (secure 0 0 0) 0x7fd59800be50 con 0x7fd59c102780
2024-02-20T08:03:38.040 INFO:teuthology.orchestra.run.smithi019.stdout:/usr/bin/ceph: stderr
2024-02-20T08:03:35.148+0000 7fd5a0b15700 1 -- 172.21.15.19:0/4244274086 <== mon.0 v2:172.21.15.19:3300/0 3 ==== mon_map magic: 0 v1 ==== 229+0+0 (secure 0 0 0) 0x7fd598010380 con 0x7fd59c102780
2024-02-20T08:03:38.040 INFO:teuthology.orchestra.run.smithi019.stdout:/usr/bin/ceph: stderr
2024-02-20T08:03:35.149+0000 7fd5a3d7b700 1 -- 172.21.15.19:0/4244274086 >> [v2:172.21.15.19:3300/0,v1:172.21.15.19:6789/0] conn(0x7fd59c102780 msgr2=0x7fd59c102b90 secure :-1 s=STATE_CONNECTION_ESTABLISHED l=1).mark_down
2024-02-20T08:03:38.040 INFO:teuthology.orchestra.run.smithi019.stdout:/usr/bin/ceph: stderr
2024-02-20T08:03:35.149+0000 7fd5a3d7b700 1 --2- 172.21.15.19:0/4244274086 >> [v2:172.21.15.19:3300/0,v1:172.21.15.19:6789/0] conn(0x7fd59c102780 0x7fd59c102b90 secure :-1 s=READY pgs=41 cs=0 l=1 rev1=1 crypto rx=0x7fd5980098e0 tx=0x7fd598009250 comp rx=0 tx=0).stop
2024-02-20T08:03:38.040 INFO:teuthology.orchestra.run.smithi019.stdout:/usr/bin/ceph: stderr
2024-02-20T08:03:35.149+0000 7fd5a3d7b700 1 -- 172.21.15.19:0/4244274086 shutdown_connections
2024-02-20T08:03:38.040 INFO:teuthology.orchestra.run.smithi019.stdout:/usr/bin/ceph: stderr
2024-02-20T08:03:35.149+0000 7fd5a3d7b700 1 --2- 172.21.15.19:0/4244274086 >> [v2:172.21.15.19:3300/0,v1:172.21.15.19:6789/0] conn(0x7fd59c102780 0x7fd59c102b90 unknown :-1 s=CLOSED pgs=41 cs=0 l=1 rev1=1 crypto rx=0 tx=0 comp rx=0 tx=0).stop
2024-02-20T08:03:38.040 INFO:teuthology.orchestra.run.smithi019.stdout:/usr/bin/ceph: stderr
2024-02-20T08:03:35.149+0000 7fd5a3d7b700 1 -- 172.21.15.19:0/4244274086 >> 172.21.15.19:0/4244274086 conn(0x7fd59c0fdf00 msgr2=0x7fd59c100310 unknown :-1 s=STATE_NONE l=0).mark_down
2024-02-20T08:03:38.040 INFO:teuthology.orchestra.run.smithi019.stdout:/usr/bin/ceph: stderr
2024-02-20T08:03:35.149+0000 7fd5a3d7b700 1 -- 172.21.15.19:0/4244274086 shutdown_connections
2024-02-20T08:03:38.041 INFO:teuthology.orchestra.run.smithi019.stdout:/usr/bin/ceph: stderr
2024-02-20T08:03:35.149+0000 7fd5a3d7b700 1 -- 172.21.15.19:0/4244274086 wait complete.
2024-02-20T08:03:38.041 INFO:teuthology.orchestra.run.smithi019.stdout:/usr/bin/ceph: stderr
2024-02-20T08:03:35.149+0000 7fd5a3d7b700 1 Processor -- start
2024-02-20T08:03:38.041 INFO:teuthology.orchestra.run.smithi019.stdout:/usr/bin/ceph: stderr
2024-02-20T08:03:35.149+0000 7fd5a3d7b700 1 -- start start
2024-02-20T08:03:38.041 INFO:teuthology.orchestra.run.smithi019.stdout:/usr/bin/ceph: stderr
2024-02-20T08:03:35.149+0000 7fd5a3d7b700 1 --2- >> [v2:172.21.15.19:3300/0,v1:172.21.15.19:6789/0] conn(0x7fd59c102780 0x7fd59c111560 unknown :-1 s=NONE pgs=0 cs=0 l=1 rev1=0 crypto rx=0 tx=0 comp rx=0 tx=0).connect
2024-02-20T08:03:38.041 INFO:teuthology.orchestra.run.smithi019.stdout:/usr/bin/ceph: stderr
2024-02-20T08:03:35.149+0000 7fd5a3d7b700 1 -- --> [v2:172.21.15.19:3300/0,v1:172.21.15.19:6789/0] -- mon_getmap magic: 0 v1 -- 0x7fd59c111aa0 con 0x7fd59c102780
2024-02-20T08:03:38.041 INFO:teuthology.orchestra.run.smithi019.stdout:/usr/bin/ceph: stderr
2024-02-20T08:03:35.150+0000 7fd5a1b17700 1 --2- >> [v2:172.21.15.19:3300/0,v1:172.21.15.19:6789/0] conn(0x7fd59c102780 0x7fd59c111560 unknown :-1 s=BANNER_CONNECTING pgs=0 cs=0 l=1 rev1=0 crypto rx=0 tx=0 comp rx=0 tx=0)._handle_peer_banner_payload supported=3 required=0
2024-02-20T08:03:38.041 INFO:teuthology.orchestra.run.smithi019.stdout:/usr/bin/ceph: stderr
2024-02-20T08:03:35.150+0000 7fd5a1b17700 1 --2- >> [v2:172.21.15.19:3300/0,v1:172.21.15.19:6789/0] conn(0x7fd59c102780 0x7fd59c111560 unknown :-1 s=HELLO_CONNECTING pgs=0 cs=0 l=1 rev1=1 crypto rx=0 tx=0 comp rx=0 tx=0).handle_hello peer v2:172.21.15.19:3300/0 says I am v2:172.21.15.19:51270/0 (socket says 172.21.15.19:51270)
2024-02-20T08:03:38.041 INFO:teuthology.orchestra.run.smithi019.stdout:/usr/bin/ceph: stderr
2024-02-20T08:03:35.150+0000 7fd5a1b17700 1 -- 172.21.15.19:0/2558120298 learned_addr learned my addr 172.21.15.19:0/2558120298 (peer_addr_for_me v2:172.21.15.19:0/0)
2024-02-20T08:03:38.041 INFO:teuthology.orchestra.run.smithi019.stdout:/usr/bin/ceph: stderr
2024-02-20T08:03:35.150+0000 7fd5a1b17700 1 -- 172.21.15.19:0/2558120298 --> [v2:172.21.15.19:3300/0,v1:172.21.15.19:6789/0] -- mon_subscribe({config=0+,monmap=0+}) v3 -- 0x7fd5980094f0 con 0x7fd59c102780
2024-02-20T08:03:38.041 INFO:teuthology.orchestra.run.smithi019.stdout:/usr/bin/ceph: stderr
2024-02-20T08:03:35.150+0000 7fd5a1b17700 1 --2- 172.21.15.19:0/2558120298 >> [v2:172.21.15.19:3300/0,v1:172.21.15.19:6789/0] conn(0x7fd59c102780 0x7fd59c111560 secure :-1 s=READY pgs=42 cs=0 l=1 rev1=1 crypto rx=0x7fd59800b440 tx=0x7fd598009250 comp rx=0 tx=0).ready entity=mon.0 client_cookie=0 server_cookie=0 in_seq=0 out_seq=0
2024-02-20T08:03:38.041 INFO:teuthology.orchestra.run.smithi019.stdout:/usr/bin/ceph: stderr
2024-02-20T08:03:35.150+0000 7fd5927fc700 1 -- 172.21.15.19:0/2558120298 <== mon.0 v2:172.21.15.19:3300/0 1 ==== mon_map magic: 0 v1 ==== 229+0+0 (secure 0 0 0) 0x7fd598010760 con 0x7fd59c102780
2024-02-20T08:03:38.041 INFO:teuthology.orchestra.run.smithi019.stdout:/usr/bin/ceph: stderr
2024-02-20T08:03:35.150+0000 7fd5927fc700 1 -- 172.21.15.19:0/2558120298 <== mon.0 v2:172.21.15.19:3300/0 2 ==== config(27 keys) v1 ==== 1044+0+0 (secure 0 0 0) 0x7fd598010d50 con 0x7fd59c102780
2024-02-20T08:03:38.042 INFO:teuthology.orchestra.run.smithi019.stdout:/usr/bin/ceph: stderr
2024-02-20T08:03:35.150+0000 7fd5a3d7b700 1 -- 172.21.15.19:0/2558120298 --> [v2:172.21.15.19:3300/0,v1:172.21.15.19:6789/0] -- mon_subscribe({mgrmap=0+}) v3 -- 0x7fd59c111ca0 con 0x7fd59c102780
2024-02-20T08:03:38.042 INFO:teuthology.orchestra.run.smithi019.stdout:/usr/bin/ceph: stderr
2024-02-20T08:03:35.150+0000 7fd5927fc700 1 -- 172.21.15.19:0/2558120298 <== mon.0 v2:172.21.15.19:3300/0 3 ==== mon_map magic: 0 v1 ==== 229+0+0 (secure 0 0 0) 0x7fd59801ae20 con 0x7fd59c102780
2024-02-20T08:03:38.042 INFO:teuthology.orchestra.run.smithi019.stdout:/usr/bin/ceph: stderr
2024-02-20T08:03:35.150+0000 7fd5a3d7b700 1 -- 172.21.15.19:0/2558120298 --> [v2:172.21.15.19:3300/0,v1:172.21.15.19:6789/0] -- mon_subscribe({osdmap=0}) v3 -- 0x7fd59c112940 con 0x7fd59c102780
2024-02-20T08:03:38.042 INFO:teuthology.orchestra.run.smithi019.stdout:/usr/bin/ceph: stderr
2024-02-20T08:03:35.151+0000 7fd5927fc700 1 -- 172.21.15.19:0/2558120298 <== mon.0 v2:172.21.15.19:3300/0 4 ==== mgrmap(e 8) v1 ==== 43368+0+0 (secure 0 0 0) 0x7fd5980108c0 con 0x7fd59c102780
2024-02-20T08:03:38.042 INFO:teuthology.orchestra.run.smithi019.stdout:/usr/bin/ceph: stderr
2024-02-20T08:03:35.151+0000 7fd5a3d7b700 1 -- 172.21.15.19:0/2558120298 --> [v2:172.21.15.19:3300/0,v1:172.21.15.19:6789/0] -- mon_command({"prefix": "get_command_descriptions"} v 0) v1 -- 0x7fd59c05f5c0 con 0x7fd59c102780
2024-02-20T08:03:38.042 INFO:teuthology.orchestra.run.smithi019.stdout:/usr/bin/ceph: stderr
2024-02-20T08:03:35.151+0000 7fd5927fc700 1 --2- 172.21.15.19:0/2558120298 >> [v2:172.21.15.19:6800/4038635461,v1:172.21.15.19:6801/4038635461] conn(0x7fd5880367e0 0x7fd588038c90 unknown :-1 s=NONE pgs=0 cs=0 l=1 rev1=0 crypto rx=0 tx=0 comp rx=0 tx=0).connect
2024-02-20T08:03:38.042 INFO:teuthology.orchestra.run.smithi019.stdout:/usr/bin/ceph: stderr
2024-02-20T08:03:35.151+0000 7fd5927fc700 1 -- 172.21.15.19:0/2558120298 <== mon.0 v2:172.21.15.19:3300/0 5 ==== osd_map(2..2 src has 1..2) v4 ==== 936+0+0 (secure 0 0 0) 0x7fd59804a590 con 0x7fd59c102780
2024-02-20T08:03:38.042 INFO:teuthology.orchestra.run.smithi019.stdout:/usr/bin/ceph: stderr
2024-02-20T08:03:35.151+0000 7fd5a1316700 1 --2- 172.21.15.19:0/2558120298 >> [v2:172.21.15.19:6800/4038635461,v1:172.21.15.19:6801/4038635461] conn(0x7fd5880367e0 0x7fd588038c90 unknown :-1 s=BANNER_CONNECTING pgs=0 cs=0 l=1 rev1=0 crypto rx=0 tx=0 comp rx=0 tx=0)._handle_peer_banner_payload supported=3 required=0
2024-02-20T08:03:38.042 INFO:teuthology.orchestra.run.smithi019.stdout:/usr/bin/ceph: stderr
2024-02-20T08:03:35.152+0000 7fd5a1316700 1 --2- 172.21.15.19:0/2558120298 >> [v2:172.21.15.19:6800/4038635461,v1:172.21.15.19:6801/4038635461] conn(0x7fd5880367e0 0x7fd588038c90 secure :-1 s=READY pgs=11 cs=0 l=1 rev1=1 crypto rx=0x7fd58c009990 tx=0x7fd58c006e40 comp rx=0 tx=0).ready entity=mgr.14116 client_cookie=0 server_cookie=0 in_seq=0 out_seq=0
2024-02-20T08:03:38.043 INFO:teuthology.orchestra.run.smithi019.stdout:/usr/bin/ceph: stderr
2024-02-20T08:03:35.156+0000 7fd5927fc700 1 -- 172.21.15.19:0/2558120298 <== mon.0 v2:172.21.15.19:3300/0 6 ==== mon_command_ack([{"prefix": "get_command_descriptions"}]=0 v0) v1 ==== 72+0+175031 (secure 0 0 0) 0x7fd598018530 con 0x7fd59c102780
2024-02-20T08:03:38.043 INFO:teuthology.orchestra.run.smithi019.stdout:/usr/bin/ceph: stderr
2024-02-20T08:03:35.350+0000 7fd5a3d7b700 1 -- 172.21.15.19:0/2558120298 --> [v2:172.21.15.19:6800/4038635461,v1:172.21.15.19:6801/4038635461] -- mgr_command(tid 0: {"prefix": "orch host add", "hostname": "smithi019", "addr": "172.21.15.19", "target": ["mon-mgr", ""]}) v1 -- 0x7fd59c0ff3a0 con 0x7fd5880367e0
2024-02-20T08:03:38.043 INFO:teuthology.orchestra.run.smithi019.stdout:/usr/bin/ceph: stderr
2024-02-20T08:03:37.434+0000 7fd5927fc700 1 -- 172.21.15.19:0/2558120298 <== mgr.14116 v2:172.21.15.19:6800/4038635461 1 ==== mgr_command_reply(tid 0: 0 ) v1 ==== 8+0+48 (secure 0 0 0) 0x7fd59c0ff3a0 con 0x7fd5880367e0
2024-02-20T08:03:38.043 INFO:teuthology.orchestra.run.smithi019.stdout:/usr/bin/ceph: stderr
2024-02-20T08:03:37.436+0000 7fd5a3d7b700 1 -- 172.21.15.19:0/2558120298 >> [v2:172.21.15.19:6800/4038635461,v1:172.21.15.19:6801/4038635461] conn(0x7fd5880367e0 msgr2=0x7fd588038c90 secure :-1 s=STATE_CONNECTION_ESTABLISHED l=1).mark_down
2024-02-20T08:03:38.043 INFO:teuthology.orchestra.run.smithi019.stdout:/usr/bin/ceph: stderr
2024-02-20T08:03:37.436+0000 7fd5a3d7b700 1 --2- 172.21.15.19:0/2558120298 >> [v2:172.21.15.19:6800/4038635461,v1:172.21.15.19:6801/4038635461] conn(0x7fd5880367e0 0x7fd588038c90 secure :-1 s=READY pgs=11 cs=0 l=1 rev1=1 crypto rx=0x7fd58c009990 tx=0x7fd58c006e40 comp rx=0 tx=0).stop
2024-02-20T08:03:38.043 INFO:teuthology.orchestra.run.smithi019.stdout:/usr/bin/ceph: stderr
2024-02-20T08:03:37.436+0000 7fd5a3d7b700 1 -- 172.21.15.19:0/2558120298 >> [v2:172.21.15.19:3300/0,v1:172.21.15.19:6789/0] conn(0x7fd59c102780 msgr2=0x7fd59c111560 secure :-1 s=STATE_CONNECTION_ESTABLISHED l=1).mark_down
2024-02-20T08:03:38.043 INFO:teuthology.orchestra.run.smithi019.stdout:/usr/bin/ceph: stderr
2024-02-20T08:03:37.436+0000 7fd5a3d7b700 1 --2- 172.21.15.19:0/2558120298 >> [v2:172.21.15.19:3300/0,v1:172.21.15.19:6789/0] conn(0x7fd59c102780 0x7fd59c111560 secure :-1 s=READY pgs=42 cs=0 l=1 rev1=1 crypto rx=0x7fd59800b440 tx=0x7fd598009250 comp rx=0 tx=0).stop
2024-02-20T08:03:38.043 INFO:teuthology.orchestra.run.smithi019.stdout:/usr/bin/ceph: stderr
2024-02-20T08:03:37.436+0000 7fd5a3d7b700 1 -- 172.21.15.19:0/2558120298 shutdown_connections
2024-02-20T08:03:38.043 INFO:teuthology.orchestra.run.smithi019.stdout:/usr/bin/ceph: stderr
2024-02-20T08:03:37.436+0000 7fd5a3d7b700 1 --2- 172.21.15.19:0/2558120298 >> [v2:172.21.15.19:6800/4038635461,v1:172.21.15.19:6801/4038635461] conn(0x7fd5880367e0 0x7fd588038c90 unknown :-1 s=CLOSED pgs=11 cs=0 l=1 rev1=1 crypto rx=0 tx=0 comp rx=0 tx=0).stop
2024-02-20T08:03:38.043 INFO:teuthology.orchestra.run.smithi019.stdout:/usr/bin/ceph: stderr
2024-02-20T08:03:37.436+0000 7fd5a3d7b700 1 --2- 172.21.15.19:0/2558120298 >> [v2:172.21.15.19:3300/0,v1:172.21.15.19:6789/0] conn(0x7fd59c102780 0x7fd59c111560 unknown :-1 s=CLOSED pgs=42 cs=0 l=1 rev1=1 crypto rx=0 tx=0 comp rx=0 tx=0).stop
2024-02-20T08:03:38.043 INFO:teuthology.orchestra.run.smithi019.stdout:/usr/bin/ceph: stderr
2024-02-20T08:03:37.437+0000 7fd5a3d7b700 1 -- 172.21.15.19:0/2558120298 >> 172.21.15.19:0/2558120298 conn(0x7fd59c0fdf00 msgr2=0x7fd59c0fec90 unknown :-1 s=STATE_NONE l=0).mark_down
2024-02-20T08:03:38.043 INFO:teuthology.orchestra.run.smithi019.stdout:/usr/bin/ceph: stderr
2024-02-20T08:03:37.437+0000 7fd5a3d7b700 1 -- 172.21.15.19:0/2558120298 shutdown_connections
2024-02-20T08:03:38.043 INFO:teuthology.orchestra.run.smithi019.stdout:/usr/bin/ceph: stderr
2024-02-20T08:03:37.437+0000 7fd5a3d7b700 1 -- 172.21.15.19:0/2558120298 wait complete.
2024-02-20T08:03:38.043 INFO:teuthology.orchestra.run.smithi019.stdout:Deploying mon service with default placement...
2024-02-20T08:03:38.649 INFO:journalctl@ceph.mon.smithi019.smithi019.stdout:Feb 20 08:03:38 smithi019 ceph-mon[28876]: from='mgr.14116 172.21.15.19:0/2537241251' entity='mgr.smithi019.unfomv'
2024-02-20T08:03:38.649 INFO:journalctl@ceph.mon.smithi019.smithi019.stdout:Feb 20 08:03:38 smithi019 ceph-mon[28876]: Added host smithi019
2024-02-20T08:03:38.649 INFO:journalctl@ceph.mon.smithi019.smithi019.stdout:Feb 20 08:03:38 smithi019 ceph-mon[28876]: from='mgr.14116 172.21.15.19:0/2537241251' entity='mgr.smithi019.unfomv' cmd=[{"prefix": "config dump", "format": "json"}]: dispatch
2024-02-20T08:03:39.623 INFO:teuthology.orchestra.run.smithi019.stdout:/usr/bin/ceph: stdout Scheduled mon update...
2024-02-20T08:03:39.623 INFO:teuthology.orchestra.run.smithi019.stdout:/usr/bin/ceph: stderr
2024-02-20T08:03:38.468+0000 7f7fceb1d700 1 Processor -- start
2024-02-20T08:03:39.623 INFO:teuthology.orchestra.run.smithi019.stdout:/usr/bin/ceph: stderr
2024-02-20T08:03:38.468+0000 7f7fceb1d700 1 -- start start
2024-02-20T08:03:39.623 INFO:teuthology.orchestra.run.smithi019.stdout:/usr/bin/ceph: stderr
2024-02-20T08:03:38.468+0000 7f7fceb1d700 1 --2- >> [v2:172.21.15.19:3300/0,v1:172.21.15.19:6789/0] conn(0x7f7fc8102770 0x7f7fc8102b80 unknown :-1 s=NONE pgs=0 cs=0 l=0 rev1=0 crypto rx=0 tx=0 comp rx=0 tx=0).connect
2024-02-20T08:03:39.623 INFO:teuthology.orchestra.run.smithi019.stdout:/usr/bin/ceph: stderr
2024-02-20T08:03:38.468+0000 7f7fceb1d700 1 -- --> [v2:172.21.15.19:3300/0,v1:172.21.15.19:6789/0] -- mon_getmap magic: 0 v1 -- 0x7f7fc81030c0 con 0x7f7fc8102770
2024-02-20T08:03:39.623 INFO:teuthology.orchestra.run.smithi019.stdout:/usr/bin/ceph: stderr
2024-02-20T08:03:38.468+0000 7f7fcc8b9700 1 --2- >> [v2:172.21.15.19:3300/0,v1:172.21.15.19:6789/0] conn(0x7f7fc8102770 0x7f7fc8102b80 unknown :-1 s=BANNER_CONNECTING pgs=0 cs=0 l=0 rev1=0 crypto rx=0 tx=0 comp rx=0 tx=0)._handle_peer_banner_payload supported=3 required=0
2024-02-20T08:03:39.623 INFO:teuthology.orchestra.run.smithi019.stdout:/usr/bin/ceph: stderr
2024-02-20T08:03:38.468+0000 7f7fcc8b9700 1 --2- >> [v2:172.21.15.19:3300/0,v1:172.21.15.19:6789/0] conn(0x7f7fc8102770 0x7f7fc8102b80 unknown :-1 s=HELLO_CONNECTING pgs=0 cs=0 l=0 rev1=1 crypto rx=0 tx=0 comp rx=0 tx=0).handle_hello peer v2:172.21.15.19:3300/0 says I am v2:172.21.15.19:53300/0 (socket says 172.21.15.19:53300)
2024-02-20T08:03:39.624 INFO:teuthology.orchestra.run.smithi019.stdout:/usr/bin/ceph: stderr
2024-02-20T08:03:38.468+0000 7f7fcc8b9700 1 -- 172.21.15.19:0/4106922178 learned_addr learned my addr 172.21.15.19:0/4106922178 (peer_addr_for_me v2:172.21.15.19:0/0)
2024-02-20T08:03:39.624 INFO:teuthology.orchestra.run.smithi019.stdout:/usr/bin/ceph: stderr
2024-02-20T08:03:38.468+0000 7f7fcc8b9700 1 -- 172.21.15.19:0/4106922178 --> [v2:172.21.15.19:3300/0,v1:172.21.15.19:6789/0] -- mon_subscribe({config=0+,monmap=0+}) v3 -- 0x7f7fc8103200 con 0x7f7fc8102770
2024-02-20T08:03:39.624 INFO:teuthology.orchestra.run.smithi019.stdout:/usr/bin/ceph: stderr
2024-02-20T08:03:38.469+0000 7f7fcc8b9700 1 --2- 172.21.15.19:0/4106922178 >> [v2:172.21.15.19:3300/0,v1:172.21.15.19:6789/0] conn(0x7f7fc8102770 0x7f7fc8102b80 secure :-1 s=READY pgs=43 cs=0 l=1 rev1=1 crypto rx=0x7f7fbc0098e0 tx=0x7f7fbc009250 comp rx=0 tx=0).ready entity=mon.0 client_cookie=34aa22c7c8fb1f22 server_cookie=0 in_seq=0 out_seq=0
2024-02-20T08:03:39.624 INFO:teuthology.orchestra.run.smithi019.stdout:/usr/bin/ceph: stderr
2024-02-20T08:03:38.469+0000 7f7fc77fe700 1 -- 172.21.15.19:0/4106922178 <== mon.0 v2:172.21.15.19:3300/0 1 ==== mon_map magic: 0 v1 ==== 229+0+0 (secure 0 0 0) 0x7f7fbc00b860 con 0x7f7fc8102770
2024-02-20T08:03:39.624 INFO:teuthology.orchestra.run.smithi019.stdout:/usr/bin/ceph: stderr
2024-02-20T08:03:38.469+0000 7f7fc77fe700 1 -- 172.21.15.19:0/4106922178 <== mon.0 v2:172.21.15.19:3300/0 2 ==== config(27 keys) v1 ==== 1044+0+0 (secure 0 0 0) 0x7f7fbc00be50 con 0x7f7fc8102770
2024-02-20T08:03:39.624 INFO:teuthology.orchestra.run.smithi019.stdout:/usr/bin/ceph: stderr
2024-02-20T08:03:38.469+0000 7f7fc77fe700 1 -- 172.21.15.19:0/4106922178 <== mon.0 v2:172.21.15.19:3300/0 3 ==== mon_map magic: 0 v1 ==== 229+0+0 (secure 0 0 0) 0x7f7fbc010380 con 0x7f7fc8102770
2024-02-20T08:03:39.624 INFO:teuthology.orchestra.run.smithi019.stdout:/usr/bin/ceph: stderr
2024-02-20T08:03:38.469+0000 7f7fceb1d700 1 -- 172.21.15.19:0/4106922178 >> [v2:172.21.15.19:3300/0,v1:172.21.15.19:6789/0] conn(0x7f7fc8102770 msgr2=0x7f7fc8102b80 secure :-1 s=STATE_CONNECTION_ESTABLISHED l=1).mark_down
2024-02-20T08:03:39.624 INFO:teuthology.orchestra.run.smithi019.stdout:/usr/bin/ceph: stderr
