2024-02-20T08:12:18.181 INFO:teuthology.orchestra.run.smithi145.stdout:/usr/bin/ceph: stderr
2024-02-20T08:12:17.433+0000 7f2eda198700 1 -- 172.21.15.145:0/789386105 wait complete.
2024-02-20T08:12:18.181 INFO:teuthology.orchestra.run.smithi145.stdout:/usr/bin/ceph: stderr
2024-02-20T08:12:17.433+0000 7f2eda198700 1 Processor -- start
2024-02-20T08:12:18.181 INFO:teuthology.orchestra.run.smithi145.stdout:/usr/bin/ceph: stderr
2024-02-20T08:12:17.434+0000 7f2eda198700 1 -- start start
2024-02-20T08:12:18.181 INFO:teuthology.orchestra.run.smithi145.stdout:/usr/bin/ceph: stderr
2024-02-20T08:12:17.434+0000 7f2eda198700 1 --2- >> [v2:172.21.15.145:3300/0,v1:172.21.15.145:6789/0] conn(0x7f2ed41048e0 0x7f2ed418fa80 unknown :-1 s=NONE pgs=0 cs=0 l=1 rev1=0 crypto rx=0 tx=0 comp rx=0 tx=0).connect
2024-02-20T08:12:18.181 INFO:teuthology.orchestra.run.smithi145.stdout:/usr/bin/ceph: stderr
2024-02-20T08:12:17.434+0000 7f2eda198700 1 -- --> [v2:172.21.15.145:3300/0,v1:172.21.15.145:6789/0] -- mon_getmap magic: 0 v1 -- 0x7f2ed418ffc0 con 0x7f2ed41048e0
2024-02-20T08:12:18.181 INFO:teuthology.orchestra.run.smithi145.stdout:/usr/bin/ceph: stderr
2024-02-20T08:12:17.434+0000 7f2ed37fe700 1 --2- >> [v2:172.21.15.145:3300/0,v1:172.21.15.145:6789/0] conn(0x7f2ed41048e0 0x7f2ed418fa80 unknown :-1 s=BANNER_CONNECTING pgs=0 cs=0 l=1 rev1=0 crypto rx=0 tx=0 comp rx=0 tx=0)._handle_peer_banner_payload supported=3 required=0
2024-02-20T08:12:18.181 INFO:teuthology.orchestra.run.smithi145.stdout:/usr/bin/ceph: stderr
2024-02-20T08:12:17.434+0000 7f2ed37fe700 1 --2- >> [v2:172.21.15.145:3300/0,v1:172.21.15.145:6789/0] conn(0x7f2ed41048e0 0x7f2ed418fa80 unknown :-1 s=HELLO_CONNECTING pgs=0 cs=0 l=1 rev1=1 crypto rx=0 tx=0 comp rx=0 tx=0).handle_hello peer v2:172.21.15.145:3300/0 says I am v2:172.21.15.145:51694/0 (socket says 172.21.15.145:51694)
2024-02-20T08:12:18.181 INFO:teuthology.orchestra.run.smithi145.stdout:/usr/bin/ceph: stderr
2024-02-20T08:12:17.434+0000 7f2ed37fe700 1 -- 172.21.15.145:0/3588821846 learned_addr learned my addr 172.21.15.145:0/3588821846 (peer_addr_for_me v2:172.21.15.145:0/0)
2024-02-20T08:12:18.181 INFO:teuthology.orchestra.run.smithi145.stdout:/usr/bin/ceph: stderr
2024-02-20T08:12:17.434+0000 7f2ed37fe700 1 -- 172.21.15.145:0/3588821846 --> [v2:172.21.15.145:3300/0,v1:172.21.15.145:6789/0] -- mon_subscribe({config=0+,monmap=0+}) v3 -- 0x7f2ec8009550 con 0x7f2ed41048e0
2024-02-20T08:12:18.181 INFO:teuthology.orchestra.run.smithi145.stdout:/usr/bin/ceph: stderr
2024-02-20T08:12:17.434+0000 7f2ed37fe700 1 --2- 172.21.15.145:0/3588821846 >> [v2:172.21.15.145:3300/0,v1:172.21.15.145:6789/0] conn(0x7f2ed41048e0 0x7f2ed418fa80 secure :-1 s=READY pgs=42 cs=0 l=1 rev1=1 crypto rx=0x7f2ec8003de0 tx=0x7f2ec8011ab0 comp rx=0 tx=0).ready entity=mon.0 client_cookie=0 server_cookie=0 in_seq=0 out_seq=0
2024-02-20T08:12:18.181 INFO:teuthology.orchestra.run.smithi145.stdout:/usr/bin/ceph: stderr
2024-02-20T08:12:17.434+0000 7f2ed0ff9700 1 -- 172.21.15.145:0/3588821846 <== mon.0 v2:172.21.15.145:3300/0 1 ==== mon_map magic: 0 v1 ==== 229+0+0 (secure 0 0 0) 0x7f2ec8003930 con 0x7f2ed41048e0
2024-02-20T08:12:18.181 INFO:teuthology.orchestra.run.smithi145.stdout:/usr/bin/ceph: stderr
2024-02-20T08:12:17.434+0000 7f2ed0ff9700 1 -- 172.21.15.145:0/3588821846 <== mon.0 v2:172.21.15.145:3300/0 2 ==== config(27 keys) v1 ==== 1037+0+0 (secure 0 0 0) 0x7f2ec8003a90 con 0x7f2ed41048e0
2024-02-20T08:12:18.182 INFO:teuthology.orchestra.run.smithi145.stdout:/usr/bin/ceph: stderr
2024-02-20T08:12:17.434+0000 7f2eda198700 1 -- 172.21.15.145:0/3588821846 --> [v2:172.21.15.145:3300/0,v1:172.21.15.145:6789/0] -- mon_subscribe({mgrmap=0+}) v3 -- 0x7f2ed418e0d0 con 0x7f2ed41048e0
2024-02-20T08:12:18.182 INFO:teuthology.orchestra.run.smithi145.stdout:/usr/bin/ceph: stderr
2024-02-20T08:12:17.434+0000 7f2ed0ff9700 1 -- 172.21.15.145:0/3588821846 <== mon.0 v2:172.21.15.145:3300/0 3 ==== mon_map magic: 0 v1 ==== 229+0+0 (secure 0 0 0) 0x7f2ec8019730 con 0x7f2ed41048e0
2024-02-20T08:12:18.182 INFO:teuthology.orchestra.run.smithi145.stdout:/usr/bin/ceph: stderr
2024-02-20T08:12:17.435+0000 7f2eda198700 1 -- 172.21.15.145:0/3588821846 --> [v2:172.21.15.145:3300/0,v1:172.21.15.145:6789/0] -- mon_subscribe({osdmap=0}) v3 -- 0x7f2ed418e570 con 0x7f2ed41048e0
2024-02-20T08:12:18.182 INFO:teuthology.orchestra.run.smithi145.stdout:/usr/bin/ceph: stderr
2024-02-20T08:12:17.435+0000 7f2ed0ff9700 1 -- 172.21.15.145:0/3588821846 <== mon.0 v2:172.21.15.145:3300/0 4 ==== mgrmap(e 8) v1 ==== 45084+0+0 (secure 0 0 0) 0x7f2ec80199d0 con 0x7f2ed41048e0
2024-02-20T08:12:18.182 INFO:teuthology.orchestra.run.smithi145.stdout:/usr/bin/ceph: stderr
2024-02-20T08:12:17.435+0000 7f2eda198700 1 -- 172.21.15.145:0/3588821846 --> [v2:172.21.15.145:3300/0,v1:172.21.15.145:6789/0] -- mon_command({"prefix": "get_command_descriptions"} v 0) v1 -- 0x7f2ed4062380 con 0x7f2ed41048e0
2024-02-20T08:12:18.182 INFO:teuthology.orchestra.run.smithi145.stdout:/usr/bin/ceph: stderr
2024-02-20T08:12:17.435+0000 7f2ed0ff9700 1 --2- 172.21.15.145:0/3588821846 >> [v2:172.21.15.145:6800/402050778,v1:172.21.15.145:6801/402050778] conn(0x7f2ebc0383f0 0x7f2ebc03a8a0 unknown :-1 s=NONE pgs=0 cs=0 l=1 rev1=0 crypto rx=0 tx=0 comp rx=0 tx=0).connect
2024-02-20T08:12:18.182 INFO:teuthology.orchestra.run.smithi145.stdout:/usr/bin/ceph: stderr
2024-02-20T08:12:17.436+0000 7f2ed0ff9700 1 -- 172.21.15.145:0/3588821846 <== mon.0 v2:172.21.15.145:3300/0 5 ==== osd_map(2..2 src has 1..2) v4 ==== 940+0+0 (secure 0 0 0) 0x7f2ec804c490 con 0x7f2ed41048e0
2024-02-20T08:12:18.182 INFO:teuthology.orchestra.run.smithi145.stdout:/usr/bin/ceph: stderr
2024-02-20T08:12:17.436+0000 7f2ed2ffd700 1 --2- 172.21.15.145:0/3588821846 >> [v2:172.21.15.145:6800/402050778,v1:172.21.15.145:6801/402050778] conn(0x7f2ebc0383f0 0x7f2ebc03a8a0 unknown :-1 s=BANNER_CONNECTING pgs=0 cs=0 l=1 rev1=0 crypto rx=0 tx=0 comp rx=0 tx=0)._handle_peer_banner_payload supported=3 required=0
2024-02-20T08:12:18.182 INFO:teuthology.orchestra.run.smithi145.stdout:/usr/bin/ceph: stderr
2024-02-20T08:12:17.436+0000 7f2ed2ffd700 1 --2- 172.21.15.145:0/3588821846 >> [v2:172.21.15.145:6800/402050778,v1:172.21.15.145:6801/402050778] conn(0x7f2ebc0383f0 0x7f2ebc03a8a0 secure :-1 s=READY pgs=10 cs=0 l=1 rev1=1 crypto rx=0x7f2ec4006fd0 tx=0x7f2ec4006e40 comp rx=0 tx=0).ready entity=mgr.14118 client_cookie=0 server_cookie=0 in_seq=0 out_seq=0
2024-02-20T08:12:18.182 INFO:teuthology.orchestra.run.smithi145.stdout:/usr/bin/ceph: stderr
2024-02-20T08:12:17.440+0000 7f2ed0ff9700 1 -- 172.21.15.145:0/3588821846 <== mon.0 v2:172.21.15.145:3300/0 6 ==== mon_command_ack([{"prefix": "get_command_descriptions"}]=0 v0) v1 ==== 72+0+177933 (secure 0 0 0) 0x7f2ec8010770 con 0x7f2ed41048e0
2024-02-20T08:12:18.182 INFO:teuthology.orchestra.run.smithi145.stdout:/usr/bin/ceph: stderr
2024-02-20T08:12:17.632+0000 7f2eda198700 1 -- 172.21.15.145:0/3588821846 --> [v2:172.21.15.145:6800/402050778,v1:172.21.15.145:6801/402050778] -- mgr_command(tid 0: {"prefix": "cephadm get-pub-key", "target": ["mon-mgr", ""]}) v1 -- 0x7f2ed4102120 con 0x7f2ebc0383f0
2024-02-20T08:12:18.182 INFO:teuthology.orchestra.run.smithi145.stdout:/usr/bin/ceph: stderr
2024-02-20T08:12:17.633+0000 7f2ed0ff9700 1 -- 172.21.15.145:0/3588821846 <== mgr.14118 v2:172.21.15.145:6800/402050778 1 ==== mgr_command_reply(tid 0: 0 ) v1 ==== 8+0+595 (secure 0 0 0) 0x7f2ed4102120 con 0x7f2ebc0383f0
2024-02-20T08:12:18.182 INFO:teuthology.orchestra.run.smithi145.stdout:/usr/bin/ceph: stderr
2024-02-20T08:12:17.635+0000 7f2eda198700 1 -- 172.21.15.145:0/3588821846 >> [v2:172.21.15.145:6800/402050778,v1:172.21.15.145:6801/402050778] conn(0x7f2ebc0383f0 msgr2=0x7f2ebc03a8a0 secure :-1 s=STATE_CONNECTION_ESTABLISHED l=1).mark_down
2024-02-20T08:12:18.182 INFO:teuthology.orchestra.run.smithi145.stdout:/usr/bin/ceph: stderr
2024-02-20T08:12:17.635+0000 7f2eda198700 1 --2- 172.21.15.145:0/3588821846 >> [v2:172.21.15.145:6800/402050778,v1:172.21.15.145:6801/402050778] conn(0x7f2ebc0383f0 0x7f2ebc03a8a0 secure :-1 s=READY pgs=10 cs=0 l=1 rev1=1 crypto rx=0x7f2ec4006fd0 tx=0x7f2ec4006e40 comp rx=0 tx=0).stop
2024-02-20T08:12:18.182 INFO:teuthology.orchestra.run.smithi145.stdout:/usr/bin/ceph: stderr
2024-02-20T08:12:17.635+0000 7f2eda198700 1 -- 172.21.15.145:0/3588821846 >> [v2:172.21.15.145:3300/0,v1:172.21.15.145:6789/0] conn(0x7f2ed41048e0 msgr2=0x7f2ed418fa80 secure :-1 s=STATE_CONNECTION_ESTABLISHED l=1).mark_down
2024-02-20T08:12:18.183 INFO:teuthology.orchestra.run.smithi145.stdout:/usr/bin/ceph: stderr
2024-02-20T08:12:17.635+0000 7f2eda198700 1 --2- 172.21.15.145:0/3588821846 >> [v2:172.21.15.145:3300/0,v1:172.21.15.145:6789/0] conn(0x7f2ed41048e0 0x7f2ed418fa80 secure :-1 s=READY pgs=42 cs=0 l=1 rev1=1 crypto rx=0x7f2ec8003de0 tx=0x7f2ec8011ab0 comp rx=0 tx=0).stop
2024-02-20T08:12:18.183 INFO:teuthology.orchestra.run.smithi145.stdout:/usr/bin/ceph: stderr
2024-02-20T08:12:17.635+0000 7f2eda198700 1 -- 172.21.15.145:0/3588821846 shutdown_connections
2024-02-20T08:12:18.183 INFO:teuthology.orchestra.run.smithi145.stdout:/usr/bin/ceph: stderr
2024-02-20T08:12:17.635+0000 7f2eda198700 1 --2- 172.21.15.145:0/3588821846 >> [v2:172.21.15.145:6800/402050778,v1:172.21.15.145:6801/402050778] conn(0x7f2ebc0383f0 0x7f2ebc03a8a0 unknown :-1 s=CLOSED pgs=10 cs=0 l=1 rev1=1 crypto rx=0 tx=0 comp rx=0 tx=0).stop
2024-02-20T08:12:18.183 INFO:teuthology.orchestra.run.smithi145.stdout:/usr/bin/ceph: stderr
2024-02-20T08:12:17.635+0000 7f2eda198700 1 --2- 172.21.15.145:0/3588821846 >> [v2:172.21.15.145:3300/0,v1:172.21.15.145:6789/0] conn(0x7f2ed41048e0 0x7f2ed418fa80 unknown :-1 s=CLOSED pgs=42 cs=0 l=1 rev1=1 crypto rx=0 tx=0 comp rx=0 tx=0).stop
2024-02-20T08:12:18.183 INFO:teuthology.orchestra.run.smithi145.stdout:/usr/bin/ceph: stderr
2024-02-20T08:12:17.635+0000 7f2eda198700 1 -- 172.21.15.145:0/3588821846 >> 172.21.15.145:0/3588821846 conn(0x7f2ed40fff10 msgr2=0x7f2ed4074010 unknown :-1 s=STATE_NONE l=0).mark_down
2024-02-20T08:12:18.183 INFO:teuthology.orchestra.run.smithi145.stdout:/usr/bin/ceph: stderr
2024-02-20T08:12:17.635+0000 7f2eda198700 1 -- 172.21.15.145:0/3588821846 shutdown_connections
2024-02-20T08:12:18.183 INFO:teuthology.orchestra.run.smithi145.stdout:/usr/bin/ceph: stderr
2024-02-20T08:12:17.635+0000 7f2eda198700 1 -- 172.21.15.145:0/3588821846 wait complete.
2024-02-20T08:12:18.183 INFO:teuthology.orchestra.run.smithi145.stdout:Wrote public SSH key to /home/ubuntu/cephtest/ceph.pub
2024-02-20T08:12:18.183 INFO:teuthology.orchestra.run.smithi145.stdout:Adding key to root@localhost authorized_keys...
2024-02-20T08:12:18.183 INFO:teuthology.orchestra.run.smithi145.stdout:Adding host smithi145...
2024-02-20T08:12:19.063 INFO:journalctl@ceph.mon.smithi145.smithi145.stdout:Feb 20 08:12:19 smithi145 ceph-mon[29099]: from='client.14136 -' entity='client.admin' cmd=[{"prefix": "cephadm get-pub-key", "target": ["mon-mgr", ""]}]: dispatch
2024-02-20T08:12:20.281 INFO:journalctl@ceph.mon.smithi145.smithi145.stdout:Feb 20 08:12:20 smithi145 ceph-mon[29099]: from='client.14138 -' entity='client.admin' cmd=[{"prefix": "orch host add", "hostname": "smithi145", "addr": "172.21.15.145", "target": ["mon-mgr", ""]}]: dispatch
2024-02-20T08:12:21.051 INFO:journalctl@ceph.mon.smithi145.smithi145.stdout:Feb 20 08:12:21 smithi145 ceph-mon[29099]: Deploying cephadm binary to smithi145
2024-02-20T08:12:21.922 INFO:teuthology.orchestra.run.smithi145.stdout:/usr/bin/ceph: stdout Added host 'smithi145' with addr '172.21.15.145'
2024-02-20T08:12:21.922 INFO:teuthology.orchestra.run.smithi145.stdout:/usr/bin/ceph: stderr
2024-02-20T08:12:18.609+0000 7f7318e30700 1 Processor -- start
2024-02-20T08:12:21.922 INFO:teuthology.orchestra.run.smithi145.stdout:/usr/bin/ceph: stderr
2024-02-20T08:12:18.609+0000 7f7318e30700 1 -- start start
2024-02-20T08:12:21.922 INFO:teuthology.orchestra.run.smithi145.stdout:/usr/bin/ceph: stderr
2024-02-20T08:12:18.609+0000 7f7318e30700 1 --2- >> [v2:172.21.15.145:3300/0,v1:172.21.15.145:6789/0] conn(0x7f7314105f10 0x7f7314106320 unknown :-1 s=NONE pgs=0 cs=0 l=0 rev1=0 crypto rx=0 tx=0 comp rx=0 tx=0).connect
2024-02-20T08:12:21.922 INFO:teuthology.orchestra.run.smithi145.stdout:/usr/bin/ceph: stderr
2024-02-20T08:12:18.609+0000 7f7318e30700 1 -- --> [v2:172.21.15.145:3300/0,v1:172.21.15.145:6789/0] -- mon_getmap magic: 0 v1 -- 0x7f7314106860 con 0x7f7314105f10
2024-02-20T08:12:21.922 INFO:teuthology.orchestra.run.smithi145.stdout:/usr/bin/ceph: stderr
2024-02-20T08:12:18.610+0000 7f731259c700 1 --2- >> [v2:172.21.15.145:3300/0,v1:172.21.15.145:6789/0] conn(0x7f7314105f10 0x7f7314106320 unknown :-1 s=BANNER_CONNECTING pgs=0 cs=0 l=0 rev1=0 crypto rx=0 tx=0 comp rx=0 tx=0)._handle_peer_banner_payload supported=3 required=0
2024-02-20T08:12:21.922 INFO:teuthology.orchestra.run.smithi145.stdout:/usr/bin/ceph: stderr
2024-02-20T08:12:18.610+0000 7f731259c700 1 --2- >> [v2:172.21.15.145:3300/0,v1:172.21.15.145:6789/0] conn(0x7f7314105f10 0x7f7314106320 unknown :-1 s=HELLO_CONNECTING pgs=0 cs=0 l=0 rev1=1 crypto rx=0 tx=0 comp rx=0 tx=0).handle_hello peer v2:172.21.15.145:3300/0 says I am v2:172.21.15.145:51710/0 (socket says 172.21.15.145:51710)
2024-02-20T08:12:21.923 INFO:teuthology.orchestra.run.smithi145.stdout:/usr/bin/ceph: stderr
2024-02-20T08:12:18.610+0000 7f731259c700 1 -- 172.21.15.145:0/522697678 learned_addr learned my addr 172.21.15.145:0/522697678 (peer_addr_for_me v2:172.21.15.145:0/0)
2024-02-20T08:12:21.923 INFO:teuthology.orchestra.run.smithi145.stdout:/usr/bin/ceph: stderr
2024-02-20T08:12:18.610+0000 7f731259c700 1 -- 172.21.15.145:0/522697678 --> [v2:172.21.15.145:3300/0,v1:172.21.15.145:6789/0] -- mon_subscribe({config=0+,monmap=0+}) v3 -- 0x7f73141069a0 con 0x7f7314105f10
2024-02-20T08:12:21.923 INFO:teuthology.orchestra.run.smithi145.stdout:/usr/bin/ceph: stderr
2024-02-20T08:12:18.610+0000 7f731259c700 1 --2- 172.21.15.145:0/522697678 >> [v2:172.21.15.145:3300/0,v1:172.21.15.145:6789/0] conn(0x7f7314105f10 0x7f7314106320 secure :-1 s=READY pgs=43 cs=0 l=1 rev1=1 crypto rx=0x7f730c009e80 tx=0x7f730c00b330 comp rx=0 tx=0).ready entity=mon.0 client_cookie=3402d4f2fbca9fe4 server_cookie=0 in_seq=0 out_seq=0
2024-02-20T08:12:21.923 INFO:teuthology.orchestra.run.smithi145.stdout:/usr/bin/ceph: stderr
2024-02-20T08:12:18.610+0000 7f731159a700 1 -- 172.21.15.145:0/522697678 <== mon.0 v2:172.21.15.145:3300/0 1 ==== mon_map magic: 0 v1 ==== 229+0+0 (secure 0 0 0) 0x7f730c00e070 con 0x7f7314105f10
2024-02-20T08:12:21.923 INFO:teuthology.orchestra.run.smithi145.stdout:/usr/bin/ceph: stderr
2024-02-20T08:12:18.610+0000 7f731159a700 1 -- 172.21.15.145:0/522697678 <== mon.0 v2:172.21.15.145:3300/0 2 ==== config(27 keys) v1 ==== 1037+0+0 (secure 0 0 0) 0x7f730c003e90 con 0x7f7314105f10
2024-02-20T08:12:21.923 INFO:teuthology.orchestra.run.smithi145.stdout:/usr/bin/ceph: stderr
2024-02-20T08:12:18.610+0000 7f731159a700 1 -- 172.21.15.145:0/522697678 <== mon.0 v2:172.21.15.145:3300/0 3 ==== mon_map magic: 0 v1 ==== 229+0+0 (secure 0 0 0) 0x7f730c004380 con 0x7f7314105f10
2024-02-20T08:12:21.923 INFO:teuthology.orchestra.run.smithi145.stdout:/usr/bin/ceph: stderr
2024-02-20T08:12:18.611+0000 7f7318e30700 1 -- 172.21.15.145:0/522697678 >> [v2:172.21.15.145:3300/0,v1:172.21.15.145:6789/0] conn(0x7f7314105f10 msgr2=0x7f7314106320 secure :-1 s=STATE_CONNECTION_ESTABLISHED l=1).mark_down
2024-02-20T08:12:21.923 INFO:teuthology.orchestra.run.smithi145.stdout:/usr/bin/ceph: stderr
2024-02-20T08:12:18.611+0000 7f7318e30700 1 --2- 172.21.15.145:0/522697678 >> [v2:172.21.15.145:3300/0,v1:172.21.15.145:6789/0] conn(0x7f7314105f10 0x7f7314106320 secure :-1 s=READY pgs=43 cs=0 l=1 rev1=1 crypto rx=0x7f730c009e80 tx=0x7f730c00b330 comp rx=0 tx=0).stop
2024-02-20T08:12:21.923 INFO:teuthology.orchestra.run.smithi145.stdout:/usr/bin/ceph: stderr
2024-02-20T08:12:18.611+0000 7f7318e30700 1 -- 172.21.15.145:0/522697678 shutdown_connections
2024-02-20T08:12:21.923 INFO:teuthology.orchestra.run.smithi145.stdout:/usr/bin/ceph: stderr
2024-02-20T08:12:18.611+0000 7f7318e30700 1 --2- 172.21.15.145:0/522697678 >> [v2:172.21.15.145:3300/0,v1:172.21.15.145:6789/0] conn(0x7f7314105f10 0x7f7314106320 unknown :-1 s=CLOSED pgs=43 cs=0 l=1 rev1=1 crypto rx=0 tx=0 comp rx=0 tx=0).stop
2024-02-20T08:12:21.923 INFO:teuthology.orchestra.run.smithi145.stdout:/usr/bin/ceph: stderr
2024-02-20T08:12:18.611+0000 7f7318e30700 1 -- 172.21.15.145:0/522697678 >> 172.21.15.145:0/522697678 conn(0x7f73140ff670 msgr2=0x7f7314101ac0 unknown :-1 s=STATE_NONE l=0).mark_down
2024-02-20T08:12:21.923 INFO:teuthology.orchestra.run.smithi145.stdout:/usr/bin/ceph: stderr
2024-02-20T08:12:18.611+0000 7f7318e30700 1 -- 172.21.15.145:0/522697678 shutdown_connections
2024-02-20T08:12:21.923 INFO:teuthology.orchestra.run.smithi145.stdout:/usr/bin/ceph: stderr
2024-02-20T08:12:18.611+0000 7f7318e30700 1 -- 172.21.15.145:0/522697678 wait complete.
2024-02-20T08:12:21.923 INFO:teuthology.orchestra.run.smithi145.stdout:/usr/bin/ceph: stderr
2024-02-20T08:12:18.611+0000 7f7318e30700 1 Processor -- start
2024-02-20T08:12:21.924 INFO:teuthology.orchestra.run.smithi145.stdout:/usr/bin/ceph: stderr
2024-02-20T08:12:18.611+0000 7f7318e30700 1 -- start start
2024-02-20T08:12:21.924 INFO:teuthology.orchestra.run.smithi145.stdout:/usr/bin/ceph: stderr
2024-02-20T08:12:18.612+0000 7f7318e30700 1 --2- >> [v2:172.21.15.145:3300/0,v1:172.21.15.145:6789/0] conn(0x7f7314105f10 0x7f731419b910 unknown :-1 s=NONE pgs=0 cs=0 l=1 rev1=0 crypto rx=0 tx=0 comp rx=0 tx=0).connect
2024-02-20T08:12:21.924 INFO:teuthology.orchestra.run.smithi145.stdout:/usr/bin/ceph: stderr
2024-02-20T08:12:18.612+0000 7f7318e30700 1 -- --> [v2:172.21.15.145:3300/0,v1:172.21.15.145:6789/0] -- mon_getmap magic: 0 v1 -- 0x7f731419be50 con 0x7f7314105f10
2024-02-20T08:12:21.924 INFO:teuthology.orchestra.run.smithi145.stdout:/usr/bin/ceph: stderr
2024-02-20T08:12:18.612+0000 7f731259c700 1 --2- >> [v2:172.21.15.145:3300/0,v1:172.21.15.145:6789/0] conn(0x7f7314105f10 0x7f731419b910 unknown :-1 s=BANNER_CONNECTING pgs=0 cs=0 l=1 rev1=0 crypto rx=0 tx=0 comp rx=0 tx=0)._handle_peer_banner_payload supported=3 required=0
2024-02-20T08:12:21.924 INFO:teuthology.orchestra.run.smithi145.stdout:/usr/bin/ceph: stderr
2024-02-20T08:12:18.612+0000 7f731259c700 1 --2- >> [v2:172.21.15.145:3300/0,v1:172.21.15.145:6789/0] conn(0x7f7314105f10 0x7f731419b910 unknown :-1 s=HELLO_CONNECTING pgs=0 cs=0 l=1 rev1=1 crypto rx=0 tx=0 comp rx=0 tx=0).handle_hello peer v2:172.21.15.145:3300/0 says I am v2:172.21.15.145:51724/0 (socket says 172.21.15.145:51724)
2024-02-20T08:12:21.924 INFO:teuthology.orchestra.run.smithi145.stdout:/usr/bin/ceph: stderr
2024-02-20T08:12:18.612+0000 7f731259c700 1 -- 172.21.15.145:0/1374776969 learned_addr learned my addr 172.21.15.145:0/1374776969 (peer_addr_for_me v2:172.21.15.145:0/0)
2024-02-20T08:12:21.924 INFO:teuthology.orchestra.run.smithi145.stdout:/usr/bin/ceph: stderr
2024-02-20T08:12:18.612+0000 7f731259c700 1 -- 172.21.15.145:0/1374776969 --> [v2:172.21.15.145:3300/0,v1:172.21.15.145:6789/0] -- mon_subscribe({config=0+,monmap=0+}) v3 -- 0x7f730c009b30 con 0x7f7314105f10
2024-02-20T08:12:21.924 INFO:teuthology.orchestra.run.smithi145.stdout:/usr/bin/ceph: stderr
2024-02-20T08:12:18.612+0000 7f731259c700 1 --2- 172.21.15.145:0/1374776969 >> [v2:172.21.15.145:3300/0,v1:172.21.15.145:6789/0] conn(0x7f7314105f10 0x7f731419b910 secure :-1 s=READY pgs=44 cs=0 l=1 rev1=1 crypto rx=0x7f730c00d010 tx=0x7f730c004430 comp rx=0 tx=0).ready entity=mon.0 client_cookie=0 server_cookie=0 in_seq=0 out_seq=0
2024-02-20T08:12:21.924 INFO:teuthology.orchestra.run.smithi145.stdout:/usr/bin/ceph: stderr
2024-02-20T08:12:18.612+0000 7f73037fe700 1 -- 172.21.15.145:0/1374776969 <== mon.0 v2:172.21.15.145:3300/0 1 ==== mon_map magic: 0 v1 ==== 229+0+0 (secure 0 0 0) 0x7f730c00e040 con 0x7f7314105f10
2024-02-20T08:12:21.924 INFO:teuthology.orchestra.run.smithi145.stdout:/usr/bin/ceph: stderr
2024-02-20T08:12:18.612+0000 7f7318e30700 1 -- 172.21.15.145:0/1374776969 --> [v2:172.21.15.145:3300/0,v1:172.21.15.145:6789/0] -- mon_subscribe({mgrmap=0+}) v3 -- 0x7f731419c050 con 0x7f7314105f10
2024-02-20T08:12:21.924 INFO:teuthology.orchestra.run.smithi145.stdout:/usr/bin/ceph: stderr
2024-02-20T08:12:18.612+0000 7f7318e30700 1 -- 172.21.15.145:0/1374776969 --> [v2:172.21.15.145:3300/0,v1:172.21.15.145:6789/0] -- mon_subscribe({osdmap=0}) v3 -- 0x7f731419c550 con 0x7f7314105f10
2024-02-20T08:12:21.924 INFO:teuthology.orchestra.run.smithi145.stdout:/usr/bin/ceph: stderr
2024-02-20T08:12:18.612+0000 7f73037fe700 1 -- 172.21.15.145:0/1374776969 <== mon.0 v2:172.21.15.145:3300/0 2 ==== config(27 keys) v1 ==== 1037+0+0 (secure 0 0 0) 0x7f730c003c30 con 0x7f7314105f10
2024-02-20T08:12:21.924 INFO:teuthology.orchestra.run.smithi145.stdout:/usr/bin/ceph: stderr
2024-02-20T08:12:18.612+0000 7f73037fe700 1 -- 172.21.15.145:0/1374776969 <== mon.0 v2:172.21.15.145:3300/0 3 ==== mon_map magic: 0 v1 ==== 229+0+0 (secure 0 0 0) 0x7f730c01b560 con 0x7f7314105f10
2024-02-20T08:12:21.924 INFO:teuthology.orchestra.run.smithi145.stdout:/usr/bin/ceph: stderr
2024-02-20T08:12:18.613+0000 7f73037fe700 1 -- 172.21.15.145:0/1374776969 <== mon.0 v2:172.21.15.145:3300/0 4 ==== mgrmap(e 8) v1 ==== 45084+0+0 (secure 0 0 0) 0x7f730c019040 con 0x7f7314105f10
2024-02-20T08:12:21.925 INFO:teuthology.orchestra.run.smithi145.stdout:/usr/bin/ceph: stderr
2024-02-20T08:12:18.613+0000 7f7318e30700 1 -- 172.21.15.145:0/1374776969 --> [v2:172.21.15.145:3300/0,v1:172.21.15.145:6789/0] -- mon_command({"prefix": "get_command_descriptions"} v 0) v1 -- 0x7f72f4005320 con 0x7f7314105f10
2024-02-20T08:12:21.925 INFO:teuthology.orchestra.run.smithi145.stdout:/usr/bin/ceph: stderr
2024-02-20T08:12:18.613+0000 7f73037fe700 1 --2- 172.21.15.145:0/1374776969 >> [v2:172.21.15.145:6800/402050778,v1:172.21.15.145:6801/402050778] conn(0x7f72fc0383b0 0x7f72fc03a860 unknown :-1 s=NONE pgs=0 cs=0 l=1 rev1=0 crypto rx=0 tx=0 comp rx=0 tx=0).connect
2024-02-20T08:12:21.925 INFO:teuthology.orchestra.run.smithi145.stdout:/usr/bin/ceph: stderr
2024-02-20T08:12:18.613+0000 7f73037fe700 1 -- 172.21.15.145:0/1374776969 <== mon.0 v2:172.21.15.145:3300/0 5 ==== osd_map(2..2 src has 1..2) v4 ==== 940+0+0 (secure 0 0 0) 0x7f730c04bd10 con 0x7f7314105f10
2024-02-20T08:12:21.925 INFO:teuthology.orchestra.run.smithi145.stdout:/usr/bin/ceph: stderr
2024-02-20T08:12:18.614+0000 7f7311d9b700 1 --2- 172.21.15.145:0/1374776969 >> [v2:172.21.15.145:6800/402050778,v1:172.21.15.145:6801/402050778] conn(0x7f72fc0383b0 0x7f72fc03a860 unknown :-1 s=BANNER_CONNECTING pgs=0 cs=0 l=1 rev1=0 crypto rx=0 tx=0 comp rx=0 tx=0)._handle_peer_banner_payload supported=3 required=0
2024-02-20T08:12:21.925 INFO:teuthology.orchestra.run.smithi145.stdout:/usr/bin/ceph: stderr
2024-02-20T08:12:18.614+0000 7f7311d9b700 1 --2- 172.21.15.145:0/1374776969 >> [v2:172.21.15.145:6800/402050778,v1:172.21.15.145:6801/402050778] conn(0x7f72fc0383b0 0x7f72fc03a860 secure :-1 s=READY pgs=11 cs=0 l=1 rev1=1 crypto rx=0x7f7308006fd0 tx=0x7f7308006e40 comp rx=0 tx=0).ready entity=mgr.14118 client_cookie=0 server_cookie=0 in_seq=0 out_seq=0
2024-02-20T08:12:21.925 INFO:teuthology.orchestra.run.smithi145.stdout:/usr/bin/ceph: stderr
2024-02-20T08:12:18.618+0000 7f73037fe700 1 -- 172.21.15.145:0/1374776969 <== mon.0 v2:172.21.15.145:3300/0 6 ==== mon_command_ack([{"prefix": "get_command_descriptions"}]=0 v0) v1 ==== 72+0+177933 (secure 0 0 0) 0x7f730c0117a0 con 0x7f7314105f10
2024-02-20T08:12:21.925 INFO:teuthology.orchestra.run.smithi145.stdout:/usr/bin/ceph: stderr
2024-02-20T08:12:18.809+0000 7f7318e30700 1 -- 172.21.15.145:0/1374776969 --> [v2:172.21.15.145:6800/402050778,v1:172.21.15.145:6801/402050778] -- mgr_command(tid 0: {"prefix": "orch host add", "hostname": "smithi145", "addr": "172.21.15.145", "target": ["mon-mgr", ""]}) v1 -- 0x7f72f4000bf0 con 0x7f72fc0383b0
2024-02-20T08:12:21.925 INFO:teuthology.orchestra.run.smithi145.stdout:/usr/bin/ceph: stderr
2024-02-20T08:12:21.371+0000 7f73037fe700 1 -- 172.21.15.145:0/1374776969 <== mgr.14118 v2:172.21.15.145:6800/402050778 1 ==== mgr_command_reply(tid 0: 0 ) v1 ==== 8+0+49 (secure 0 0 0) 0x7f72f4000bf0 con 0x7f72fc0383b0
2024-02-20T08:12:21.925 INFO:teuthology.orchestra.run.smithi145.stdout:/usr/bin/ceph: stderr
2024-02-20T08:12:21.374+0000 7f7318e30700 1 -- 172.21.15.145:0/1374776969 >> [v2:172.21.15.145:6800/402050778,v1:172.21.15.145:6801/402050778] conn(0x7f72fc0383b0 msgr2=0x7f72fc03a860 secure :-1 s=STATE_CONNECTION_ESTABLISHED l=1).mark_down
2024-02-20T08:12:21.925 INFO:teuthology.orchestra.run.smithi145.stdout:/usr/bin/ceph: stderr
2024-02-20T08:12:21.374+0000 7f7318e30700 1 --2- 172.21.15.145:0/1374776969 >> [v2:172.21.15.145:6800/402050778,v1:172.21.15.145:6801/402050778] conn(0x7f72fc0383b0 0x7f72fc03a860 secure :-1 s=READY pgs=11 cs=0 l=1 rev1=1 crypto rx=0x7f7308006fd0 tx=0x7f7308006e40 comp rx=0 tx=0).stop
2024-02-20T08:12:21.925 INFO:teuthology.orchestra.run.smithi145.stdout:/usr/bin/ceph: stderr
2024-02-20T08:12:21.374+0000 7f7318e30700 1 -- 172.21.15.145:0/1374776969 >> [v2:172.21.15.145:3300/0,v1:172.21.15.145:6789/0] conn(0x7f7314105f10 msgr2=0x7f731419b910 secure :-1 s=STATE_CONNECTION_ESTABLISHED l=1).mark_down
2024-02-20T08:12:21.925 INFO:teuthology.orchestra.run.smithi145.stdout:/usr/bin/ceph: stderr
2024-02-20T08:12:21.374+0000 7f7318e30700 1 --2- 172.21.15.145:0/1374776969 >> [v2:172.21.15.145:3300/0,v1:172.21.15.145:6789/0] conn(0x7f7314105f10 0x7f731419b910 secure :-1 s=READY pgs=44 cs=0 l=1 rev1=1 crypto rx=0x7f730c00d010 tx=0x7f730c004430 comp rx=0 tx=0).stop
2024-02-20T08:12:21.925 INFO:teuthology.orchestra.run.smithi145.stdout:/usr/bin/ceph: stderr
2024-02-20T08:12:21.375+0000 7f7318e30700 1 -- 172.21.15.145:0/1374776969 shutdown_connections
2024-02-20T08:12:21.925 INFO:teuthology.orchestra.run.smithi145.stdout:/usr/bin/ceph: stderr
2024-02-20T08:12:21.375+0000 7f7318e30700 1 --2- 172.21.15.145:0/1374776969 >> [v2:172.21.15.145:6800/402050778,v1:172.21.15.145:6801/402050778] conn(0x7f72fc0383b0 0x7f72fc03a860 unknown :-1 s=CLOSED pgs=11 cs=0 l=1 rev1=1 crypto rx=0 tx=0 comp rx=0 tx=0).stop
2024-02-20T08:12:21.925 INFO:teuthology.orchestra.run.smithi145.stdout:/usr/bin/ceph: stderr
2024-02-20T08:12:21.375+0000 7f7318e30700 1 --2- 172.21.15.145:0/1374776969 >> [v2:172.21.15.145:3300/0,v1:172.21.15.145:6789/0] conn(0x7f7314105f10 0x7f731419b910 unknown :-1 s=CLOSED pgs=44 cs=0 l=1 rev1=1 crypto rx=0 tx=0 comp rx=0 tx=0).stop
2024-02-20T08:12:21.926 INFO:teuthology.orchestra.run.smithi145.stdout:/usr/bin/ceph: stderr
2024-02-20T08:12:21.375+0000 7f7318e30700 1 -- 172.21.15.145:0/1374776969 >> 172.21.15.145:0/1374776969 conn(0x7f73140ff670 msgr2=0x7f7314100480 unknown :-1 s=STATE_NONE l=0).mark_down
2024-02-20T08:12:21.926 INFO:teuthology.orchestra.run.smithi145.stdout:/usr/bin/ceph: stderr
2024-02-20T08:12:21.375+0000 7f7318e30700 1 -- 172.21.15.145:0/1374776969 shutdown_connections
2024-02-20T08:12:21.926 INFO:teuthology.orchestra.run.smithi145.stdout:/usr/bin/ceph: stderr
2024-02-20T08:12:21.375+0000 7f7318e30700 1 -- 172.21.15.145:0/1374776969 wait complete.
2024-02-20T08:12:21.926 INFO:teuthology.orchestra.run.smithi145.stdout:Deploying mon service with default placement...
2024-02-20T08:12:22.551 INFO:journalctl@ceph.mon.smithi145.smithi145.stdout:Feb 20 08:12:22 smithi145 ceph-mon[29099]: from='mgr.14118 172.21.15.145:0/1360071165' entity='mgr.smithi145.wvpxez'
2024-02-20T08:12:22.551 INFO:journalctl@ceph.mon.smithi145.smithi145.stdout:Feb 20 08:12:22 smithi145 ceph-mon[29099]: Added host smithi145
2024-02-20T08:12:22.551 INFO:journalctl@ceph.mon.smithi145.smithi145.stdout:Feb 20 08:12:22 smithi145 ceph-mon[29099]: from='mgr.14118 172.21.15.145:0/1360071165' entity='mgr.smithi145.wvpxez' cmd=[{"prefix": "config dump", "format": "json"}]: dispatch
2024-02-20T08:12:23.366 INFO:teuthology.orchestra.run.smithi145.stdout:/usr/bin/ceph: stdout Scheduled mon update...
2024-02-20T08:12:23.366 INFO:teuthology.orchestra.run.smithi145.stdout:/usr/bin/ceph: stderr
2024-02-20T08:12:22.367+0000 7f4b2cc0f700 1 Processor -- start
2024-02-20T08:12:23.366 INFO:teuthology.orchestra.run.smithi145.stdout:/usr/bin/ceph: stderr
2024-02-20T08:12:22.367+0000 7f4b2cc0f700 1 -- start start
2024-02-20T08:12:23.366 INFO:teuthology.orchestra.run.smithi145.stdout:/usr/bin/ceph: stderr
2024-02-20T08:12:22.367+0000 7f4b2cc0f700 1 --2- >> [v2:172.21.15.145:3300/0,v1:172.21.15.145:6789/0] conn(0x7f4b2807acc0 0x7f4b280791c0 unknown :-1 s=NONE pgs=0 cs=0 l=0 rev1=0 crypto rx=0 tx=0 comp rx=0 tx=0).connect
2024-02-20T08:12:23.366 INFO:teuthology.orchestra.run.smithi145.stdout:/usr/bin/ceph: stderr
2024-02-20T08:12:22.367+0000 7f4b2cc0f700 1 -- --> [v2:172.21.15.145:3300/0,v1:172.21.15.145:6789/0] -- mon_getmap magic: 0 v1 -- 0x7f4b28079700 con 0x7f4b2807acc0
2024-02-20T08:12:23.367 INFO:teuthology.orchestra.run.smithi145.stdout:/usr/bin/ceph: stderr
2024-02-20T08:12:22.368+0000 7f4b2659c700 1 --2- >> [v2:172.21.15.145:3300/0,v1:172.21.15.145:6789/0] conn(0x7f4b2807acc0 0x7f4b280791c0 unknown :-1 s=BANNER_CONNECTING pgs=0 cs=0 l=0 rev1=0 crypto rx=0 tx=0 comp rx=0 tx=0)._handle_peer_banner_payload supported=3 required=0
2024-02-20T08:12:23.367 INFO:teuthology.orchestra.run.smithi145.stdout:/usr/bin/ceph: stderr
2024-02-20T08:12:22.368+0000 7f4b2659c700 1 --2- >> [v2:172.21.15.145:3300/0,v1:172.21.15.145:6789/0] conn(0x7f4b2807acc0 0x7f4b280791c0 unknown :-1 s=HELLO_CONNECTING pgs=0 cs=0 l=0 rev1=1 crypto rx=0 tx=0 comp rx=0 tx=0).handle_hello peer v2:172.21.15.145:3300/0 says I am v2:172.21.15.145:54428/0 (socket says 172.21.15.145:54428)
2024-02-20T08:12:23.367 INFO:teuthology.orchestra.run.smithi145.stdout:/usr/bin/ceph: stderr
2024-02-20T08:12:22.368+0000 7f4b2659c700 1 -- 172.21.15.145:0/1969976515 learned_addr learned my addr 172.21.15.145:0/1969976515 (peer_addr_for_me v2:172.21.15.145:0/0)
2024-02-20T08:12:23.367 INFO:teuthology.orchestra.run.smithi145.stdout:/usr/bin/ceph: stderr
2024-02-20T08:12:22.368+0000 7f4b2659c700 1 -- 172.21.15.145:0/1969976515 --> [v2:172.21.15.145:3300/0,v1:172.21.15.145:6789/0] -- mon_subscribe({config=0+,monmap=0+}) v3 -- 0x7f4b28079840 con 0x7f4b2807acc0
2024-02-20T08:12:23.367 INFO:teuthology.orchestra.run.smithi145.stdout:/usr/bin/ceph: stderr
2024-02-20T08:12:22.368+0000 7f4b2659c700 1 --2- 172.21.15.145:0/1969976515 >> [v2:172.21.15.145:3300/0,v1:172.21.15.145:6789/0] conn(0x7f4b2807acc0 0x7f4b280791c0 secure :-1 s=READY pgs=45 cs=0 l=1 rev1=1 crypto rx=0x7f4b180098a0 tx=0x7f4b18009bb0 comp rx=0 tx=0).ready entity=mon.0 client_cookie=3180b99c2e31312b server_cookie=0 in_seq=0 out_seq=0
2024-02-20T08:12:23.367 INFO:teuthology.orchestra.run.smithi145.stdout:/usr/bin/ceph: stderr
2024-02-20T08:12:22.368+0000 7f4b25d9b700 1 -- 172.21.15.145:0/1969976515 <== mon.0 v2:172.21.15.145:3300/0 1 ==== mon_map magic: 0 v1 ==== 229+0+0 (secure 0 0 0) 0x7f4b18004180 con 0x7f4b2807acc0
2024-02-20T08:12:23.367 INFO:teuthology.orchestra.run.smithi145.stdout:/usr/bin/ceph: stderr
2024-02-20T08:12:22.368+0000 7f4b25d9b700 1 -- 172.21.15.145:0/1969976515 <== mon.0 v2:172.21.15.145:3300/0 2 ==== config(27 keys) v1 ==== 1037+0+0 (secure 0 0 0) 0x7f4b180042e0 con 0x7f4b2807acc0
2024-02-20T08:12:23.367 INFO:teuthology.orchestra.run.smithi145.stdout:/usr/bin/ceph: stderr
2024-02-20T08:12:22.368+0000 7f4b25d9b700 1 -- 172.21.15.145:0/1969976515 <== mon.0 v2:172.21.15.145:3300/0 3 ==== mon_map magic: 0 v1 ==== 229+0+0 (secure 0 0 0) 0x7f4b18011a50 con 0x7f4b2807acc0
2024-02-20T08:12:23.367 INFO:teuthology.orchestra.run.smithi145.stdout:/usr/bin/ceph: stderr
2024-02-20T08:12:22.369+0000 7f4b2cc0f700 1 -- 172.21.15.145:0/1969976515 >> [v2:172.21.15.145:3300/0,v1:172.21.15.145:6789/0] conn(0x7f4b2807acc0 msgr2=0x7f4b280791c0 secure :-1 s=STATE_CONNECTION_ESTABLISHED l=1).mark_down
2024-02-20T08:12:23.367 INFO:teuthology.orchestra.run.smithi145.stdout:/usr/bin/ceph: stderr
2024-02-20T08:12:22.369+0000 7f4b2cc0f700 1 --2- 172.21.15.145:0/1969976515 >> [v2:172.21.15.145:3300/0,v1:172.21.15.145:6789/0] conn(0x7f4b2807acc0 0x7f4b280791c0 secure :-1 s=READY pgs=45 cs=0 l=1 rev1=1 crypto rx=0x7f4b180098a0 tx=0x7f4b18009bb0 comp rx=0 tx=0).stop
2024-02-20T08:12:23.367 INFO:teuthology.orchestra.run.smithi145.stdout:/usr/bin/ceph: stderr
2024-02-20T08:12:22.369+0000 7f4b2cc0f700 1 -- 172.21.15.145:0/1969976515 shutdown_connections
2024-02-20T08:12:23.367 INFO:teuthology.orchestra.run.smithi145.stdout:/usr/bin/ceph: stderr
2024-02-20T08:12:22.369+0000 7f4b2cc0f700 1 --2- 172.21.15.145:0/1969976515 >> [v2:172.21.15.145:3300/0,v1:172.21.15.145:6789/0] conn(0x7f4b2807acc0 0x7f4b280791c0 unknown :-1 s=CLOSED pgs=45 cs=0 l=1 rev1=1 crypto rx=0 tx=0 comp rx=0 tx=0).stop
2024-02-20T08:12:23.367 INFO:teuthology.orchestra.run.smithi145.stdout:/usr/bin/ceph: stderr
2024-02-20T08:12:22.369+0000 7f4b2cc0f700 1 -- 172.21.15.145:0/1969976515 >> 172.21.15.145:0/1969976515 conn(0x7f4b28100fd0 msgr2=0x7f4b28103440 unknown :-1 s=STATE_NONE l=0).mark_down
2024-02-20T08:12:23.367 INFO:teuthology.orchestra.run.smithi145.stdout:/usr/bin/ceph: stderr
2024-02-20T08:12:22.369+0000 7f4b2cc0f700 1 -- 172.21.15.145:0/1969976515 shutdown_connections
2024-02-20T08:12:23.368 INFO:teuthology.orchestra.run.smithi145.stdout:/usr/bin/ceph: stderr
2024-02-20T08:12:22.369+0000 7f4b2cc0f700 1 -- 172.21.15.145:0/1969976515 wait complete.
2024-02-20T08:12:23.368 INFO:teuthology.orchestra.run.smithi145.stdout:/usr/bin/ceph: stderr
2024-02-20T08:12:22.369+0000 7f4b2cc0f700 1 Processor -- start
2024-02-20T08:12:23.368 INFO:teuthology.orchestra.run.smithi145.stdout:/usr/bin/ceph: stderr
2024-02-20T08:12:22.370+0000 7f4b2cc0f700 1 -- start start
2024-02-20T08:12:23.368 INFO:teuthology.orchestra.run.smithi145.stdout:/usr/bin/ceph: stderr
2024-02-20T08:12:22.370+0000 7f4b2cc0f700 1 --2- >> [v2:172.21.15.145:3300/0,v1:172.21.15.145:6789/0] conn(0x7f4b2807acc0 0x7f4b2819b940 unknown :-1 s=NONE pgs=0 cs=0 l=1 rev1=0 crypto rx=0 tx=0 comp rx=0 tx=0).connect
2024-02-20T08:12:23.368 INFO:teuthology.orchestra.run.smithi145.stdout:/usr/bin/ceph: stderr
2024-02-20T08:12:22.370+0000 7f4b2cc0f700 1 -- --> [v2:172.21.15.145:3300/0,v1:172.21.15.145:6789/0] -- mon_getmap magic: 0 v1 -- 0x7f4b2819be80 con 0x7f4b2807acc0
2024-02-20T08:12:23.368 INFO:teuthology.orchestra.run.smithi145.stdout:/usr/bin/ceph: stderr
2024-02-20T08:12:22.370+0000 7f4b2659c700 1 --2- >> [v2:172.21.15.145:3300/0,v1:172.21.15.145:6789/0] conn(0x7f4b2807acc0 0x7f4b2819b940 unknown :-1 s=BANNER_CONNECTING pgs=0 cs=0 l=1 rev1=0 crypto rx=0 tx=0 comp rx=0 tx=0)._handle_peer_banner_payload supported=3 required=0
2024-02-20T08:12:23.368 INFO:teuthology.orchestra.run.smithi145.stdout:/usr/bin/ceph: stderr
2024-02-20T08:12:22.370+0000 7f4b2659c700 1 --2- >> [v2:172.21.15.145:3300/0,v1:172.21.15.145:6789/0] conn(0x7f4b2807acc0 0x7f4b2819b940 unknown :-1 s=HELLO_CONNECTING pgs=0 cs=0 l=1 rev1=1 crypto rx=0 tx=0 comp rx=0 tx=0).handle_hello peer v2:172.21.15.145:3300/0 says I am v2:172.21.15.145:54444/0 (socket says 172.21.15.145:54444)
2024-02-20T08:12:23.368 INFO:teuthology.orchestra.run.smithi145.stdout:/usr/bin/ceph: stderr
2024-02-20T08:12:22.370+0000 7f4b2659c700 1 -- 172.21.15.145:0/2290093194 learned_addr learned my addr 172.21.15.145:0/2290093194 (peer_addr_for_me v2:172.21.15.145:0/0)
2024-02-20T08:12:23.368 INFO:teuthology.orchestra.run.smithi145.stdout:/usr/bin/ceph: stderr
2024-02-20T08:12:22.370+0000 7f4b2659c700 1 -- 172.21.15.145:0/2290093194 --> [v2:172.21.15.145:3300/0,v1:172.21.15.145:6789/0] -- mon_subscribe({config=0+,monmap=0+}) v3 -- 0x7f4b18009550 con 0x7f4b2807acc0
2024-02-20T08:12:23.368 INFO:teuthology.orchestra.run.smithi145.stdout:/usr/bin/ceph: stderr
2024-02-20T08:12:22.371+0000 7f4b2659c700 1 --2- 172.21.15.145:0/2290093194 >> [v2:172.21.15.145:3300/0,v1:172.21.15.145:6789/0] conn(0x7f4b2807acc0 0x7f4b2819b940 secure :-1 s=READY pgs=46 cs=0 l=1 rev1=1 crypto rx=0x7f4b18009520 tx=0x7f4b18011ab0 comp rx=0 tx=0).ready entity=mon.0 client_cookie=0 server_cookie=0 in_seq=0 out_seq=0
2024-02-20T08:12:23.368 INFO:teuthology.orchestra.run.smithi145.stdout:/usr/bin/ceph: stderr
2024-02-20T08:12:22.372+0000 7f4b1ffff700 1 -- 172.21.15.145:0/2290093194 <== mon.0 v2:172.21.15.145:3300/0 1 ==== mon_map magic: 0 v1 ==== 229+0+0 (secure 0 0 0) 0x7f4b18003a80 con 0x7f4b2807acc0
2024-02-20T08:12:23.368 INFO:teuthology.orchestra.run.smithi145.stdout:/usr/bin/ceph: stderr
2024-02-20T08:12:22.372+0000 7f4b2cc0f700 1 -- 172.21.15.145:0/2290093194 --> [v2:172.21.15.145:3300/0,v1:172.21.15.145:6789/0] -- mon_subscribe({mgrmap=0+}) v3 -- 0x7f4b2819c080 con 0x7f4b2807acc0
2024-02-20T08:12:23.368 INFO:teuthology.orchestra.run.smithi145.stdout:/usr/bin/ceph: stderr
2024-02-20T08:12:22.372+0000 7f4b1ffff700 1 -- 172.21.15.145:0/2290093194 <== mon.0 v2:172.21.15.145:3300/0 2 ==== config(27 keys) v1 ==== 1037+0+0 (secure 0 0 0) 0x7f4b18003be0 con 0x7f4b2807acc0
2024-02-20T08:12:23.368 INFO:teuthology.orchestra.run.smithi145.stdout:/usr/bin/ceph: stderr
2024-02-20T08:12:22.372+0000 7f4b1ffff700 1 -- 172.21.15.145:0/2290093194 <== mon.0 v2:172.21.15.145:3300/0 3 ==== mon_map magic: 0 v1 ==== 229+0+0 (secure 0 0 0) 0x7f4b180197b0 con 0x7f4b2807acc0
2024-02-20T08:12:23.369 INFO:teuthology.orchestra.run.smithi145.stdout:/usr/bin/ceph: stderr
2024-02-20T08:12:22.372+0000 7f4b2cc0f700 1 -- 172.21.15.145:0/2290093194 --> [v2:172.21.15.145:3300/0,v1:172.21.15.145:6789/0] -- mon_subscribe({osdmap=0}) v3 -- 0x7f4b2819c520 con 0x7f4b2807acc0
2024-02-20T08:12:23.369 INFO:teuthology.orchestra.run.smithi145.stdout:/usr/bin/ceph: stderr
2024-02-20T08:12:22.373+0000 7f4b1ffff700 1 -- 172.21.15.145:0/2290093194 <== mon.0 v2:172.21.15.145:3300/0 4 ==== mgrmap(e 8) v1 ==== 45084+0+0 (secure 0 0 0) 0x7f4b18019a70 con 0x7f4b2807acc0
2024-02-20T08:12:23.369 INFO:teuthology.orchestra.run.smithi145.stdout:/usr/bin/ceph: stderr
2024-02-20T08:12:22.373+0000 7f4b1ffff700 1 --2- 172.21.15.145:0/2290093194 >> [v2:172.21.15.145:6800/402050778,v1:172.21.15.145:6801/402050778] conn(0x7f4b140383a0 0x7f4b1403a850 unknown :-1 s=NONE pgs=0 cs=0 l=1 rev1=0 crypto rx=0 tx=0 comp rx=0 tx=0).connect
2024-02-20T08:12:23.369 INFO:teuthology.orchestra.run.smithi145.stdout:/usr/bin/ceph: stderr
2024-02-20T08:12:22.373+0000 7f4b1ffff700 1 -- 172.21.15.145:0/2290093194 <== mon.0 v2:172.21.15.145:3300/0 5 ==== osd_map(2..2 src has 1..2) v4 ==== 940+0+0 (secure 0 0 0) 0x7f4b1804d540 con 0x7f4b2807acc0
2024-02-20T08:12:23.369 INFO:teuthology.orchestra.run.smithi145.stdout:/usr/bin/ceph: stderr
2024-02-20T08:12:22.373+0000 7f4b1dd9b700 1 --2- 172.21.15.145:0/2290093194 >> [v2:172.21.15.145:6800/402050778,v1:172.21.15.145:6801/402050778] conn(0x7f4b140383a0 0x7f4b1403a850 unknown :-1 s=BANNER_CONNECTING pgs=0 cs=0 l=1 rev1=0 crypto rx=0 tx=0 comp rx=0 tx=0)._handle_peer_banner_payload supported=3 required=0
2024-02-20T08:12:23.369 INFO:teuthology.orchestra.run.smithi145.stdout:/usr/bin/ceph: stderr
2024-02-20T08:12:22.373+0000 7f4b2cc0f700 1 -- 172.21.15.145:0/2290093194 --> [v2:172.21.15.145:3300/0,v1:172.21.15.145:6789/0] -- mon_command({"prefix": "get_command_descriptions"} v 0) v1 -- 0x7f4b28062380 con 0x7f4b2807acc0
2024-02-20T08:12:23.369 INFO:teuthology.orchestra.run.smithi145.stdout:/usr/bin/ceph: stderr
2024-02-20T08:12:22.373+0000 7f4b1dd9b700 1 --2- 172.21.15.145:0/2290093194 >> [v2:172.21.15.145:6800/402050778,v1:172.21.15.145:6801/402050778] conn(0x7f4b140383a0 0x7f4b1403a850 secure :-1 s=READY pgs=12 cs=0 l=1 rev1=1 crypto rx=0x7f4b10006fd0 tx=0x7f4b10006e40 comp rx=0 tx=0).ready entity=mgr.14118 client_cookie=0 server_cookie=0 in_seq=0 out_seq=0
2024-02-20T08:12:23.369 INFO:teuthology.orchestra.run.smithi145.stdout:/usr/bin/ceph: stderr
2024-02-20T08:12:22.378+0000 7f4b1ffff700 1 -- 172.21.15.145:0/2290093194 <== mon.0 v2:172.21.15.145:3300/0 6 ==== mon_command_ack([{"prefix": "get_command_descriptions"}]=0 v0) v1 ==== 72+0+177933 (secure 0 0 0) 0x7f4b1802c3a0 con 0x7f4b2807acc0
2024-02-20T08:12:23.369 INFO:teuthology.orchestra.run.smithi145.stdout:/usr/bin/ceph: stderr
2024-02-20T08:12:22.587+0000 7f4b2cc0f700 1 -- 172.21.15.145:0/2290093194 --> [v2:172.21.15.145:6800/402050778,v1:172.21.15.145:6801/402050778] -- mgr_command(tid 0: {"prefix": "orch apply", "service_type": "mon", "target": ["mon-mgr", ""]}) v1 -- 0x7f4b28103310 con 0x7f4b140383a0
2024-02-20T08:12:23.369 INFO:teuthology.orchestra.run.smithi145.stdout:/usr/bin/ceph: stderr
2024-02-20T08:12:22.594+0000 7f4b1ffff700 1 -- 172.21.15.145:0/2290093194 <== mgr.14118 v2:172.21.15.145:6800/402050778 1 ==== mgr_command_reply(tid 0: 0 ) v1 ==== 8+0+24 (secure 0 0 0) 0x7f4b28103310 con 0x7f4b140383a0
2024-02-20T08:12:23.369 INFO:teuthology.orchestra.run.smithi145.stdout:/usr/bin/ceph: stderr
2024-02-20T08:12:22.596+0000 7f4b2cc0f700 1 -- 172.21.15.145:0/2290093194 >> [v2:172.21.15.145:6800/402050778,v1:172.21.15.145:6801/402050778] conn(0x7f4b140383a0 msgr2=0x7f4b1403a850 secure :-1 s=STATE_CONNECTION_ESTABLISHED l=1).mark_down
2024-02-20T08:12:23.369 INFO:teuthology.orchestra.run.smithi145.stdout:/usr/bin/ceph: stderr
2024-02-20T08:12:22.596+0000 7f4b2cc0f700 1 --2- 172.21.15.145:0/2290093194 >> [v2:172.21.15.145:6800/402050778,v1:172.21.15.145:6801/402050778] conn(0x7f4b140383a0 0x7f4b1403a850 secure :-1 s=READY pgs=12 cs=0 l=1 rev1=1 crypto rx=0x7f4b10006fd0 tx=0x7f4b10006e40 comp rx=0 tx=0).stop
2024-02-20T08:12:23.369 INFO:teuthology.orchestra.run.smithi145.stdout:/usr/bin/ceph: stderr
2024-02-20T08:12:22.596+0000 7f4b2cc0f700 1 -- 172.21.15.145:0/2290093194 >> [v2:172.21.15.145:3300/0,v1:172.21.15.145:6789/0] conn(0x7f4b2807acc0 msgr2=0x7f4b2819b940 secure :-1 s=STATE_CONNECTION_ESTABLISHED l=1).mark_down
2024-02-20T08:12:23.369 INFO:teuthology.orchestra.run.smithi145.stdout:/usr/bin/ceph: stderr
2024-02-20T08:12:22.596+0000 7f4b2cc0f700 1 --2- 172.21.15.145:0/2290093194 >> [v2:172.21.15.145:3300/0,v1:172.21.15.145:6789/0] conn(0x7f4b2807acc0 0x7f4b2819b940 secure :-1 s=READY pgs=46 cs=0 l=1 rev1=1 crypto rx=0x7f4b18009520 tx=0x7f4b18011ab0 comp rx=0 tx=0).stop
2024-02-20T08:12:23.370 INFO:teuthology.orchestra.run.smithi145.stdout:/usr/bin/ceph: stderr
2024-02-20T08:12:22.596+0000 7f4b2cc0f700 1 -- 172.21.15.145:0/2290093194 shutdown_connections
2024-02-20T08:12:23.370 INFO:teuthology.orchestra.run.smithi145.stdout:/usr/bin/ceph: stderr
2024-02-20T08:12:22.596+0000 7f4b2cc0f700 1 --2- 172.21.15.145:0/2290093194 >> [v2:172.21.15.145:6800/402050778,v1:172.21.15.145:6801/402050778] conn(0x7f4b140383a0 0x7f4b1403a850 unknown :-1 s=CLOSED pgs=12 cs=0 l=1 rev1=1 crypto rx=0 tx=0 comp rx=0 tx=0).stop
2024-02-20T08:12:23.370 INFO:teuthology.orchestra.run.smithi145.stdout:/usr/bin/ceph: stderr
2024-02-20T08:12:22.596+0000 7f4b2cc0f700 1 --2- 172.21.15.145:0/2290093194 >> [v2:172.21.15.145:3300/0,v1:172.21.15.145:6789/0] conn(0x7f4b2807acc0 0x7f4b2819b940 unknown :-1 s=CLOSED pgs=46 cs=0 l=1 rev1=1 crypto rx=0 tx=0 comp rx=0 tx=0).stop
2024-02-20T08:12:23.370 INFO:teuthology.orchestra.run.smithi145.stdout:/usr/bin/ceph: stderr
2024-02-20T08:12:22.596+0000 7f4b2cc0f700 1 -- 172.21.15.145:0/2290093194 >> 172.21.15.145:0/2290093194 conn(0x7f4b28100fd0 msgr2=0x7f4b281026f0 unknown :-1 s=STATE_NONE l=0).mark_down
2024-02-20T08:12:23.370 INFO:teuthology.orchestra.run.smithi145.stdout:/usr/bin/ceph: stderr
2024-02-20T08:12:22.597+0000 7f4b2cc0f700 1 -- 172.21.15.145:0/2290093194 shutdown_connections
2024-02-20T08:12:23.370 INFO:teuthology.orchestra.run.smithi145.stdout:/usr/bin/ceph: stderr
2024-02-20T08:12:22.597+0000 7f4b2cc0f700 1 -- 172.21.15.145:0/2290093194 wait complete.
2024-02-20T08:12:23.370 INFO:teuthology.orchestra.run.smithi145.stdout:Deploying mgr service with default placement...
2024-02-20T08:12:23.611 INFO:journalctl@ceph.mon.smithi145.smithi145.stdout:Feb 20 08:12:23 smithi145 ceph-mon[29099]: from='client.14140 -' entity='client.admin' cmd=[{"prefix": "orch apply", "service_type": "mon", "target": ["mon-mgr", ""]}]: dispatch
2024-02-20T08:12:23.612 INFO:journalctl@ceph.mon.smithi145.smithi145.stdout:Feb 20 08:12:23 smithi145 ceph-mon[29099]: Saving service mon spec with placement count:5
2024-02-20T08:12:23.612 INFO:journalctl@ceph.mon.smithi145.smithi145.stdout:Feb 20 08:12:23 smithi145 ceph-mon[29099]: from='mgr.14118 172.21.15.145:0/1360071165' entity='mgr.smithi145.wvpxez'
2024-02-20T08:12:24.884 INFO:teuthology.orchestra.run.smithi145.stdout:/usr/bin/ceph: stdout Scheduled mgr update...
2024-02-20T08:12:24.885 INFO:teuthology.orchestra.run.smithi145.stdout:/usr/bin/ceph: stderr
2024-02-20T08:12:23.806+0000 7f58ad2f0700 1 Processor -- start
2024-02-20T08:12:24.885 INFO:teuthology.orchestra.run.smithi145.stdout:/usr/bin/ceph: stderr
2024-02-20T08:12:23.806+0000 7f58ad2f0700 1 -- start start
2024-02-20T08:12:24.885 INFO:teuthology.orchestra.run.smithi145.stdout:/usr/bin/ceph: stderr
2024-02-20T08:12:23.806+0000 7f58ad2f0700 1 --2- >> [v2:172.21.15.145:3300/0,v1:172.21.15.145:6789/0] conn(0x7f58a81048d0 0x7f58a8104ce0 unknown :-1 s=NONE pgs=0 cs=0 l=0 rev1=0 crypto rx=0 tx=0 comp rx=0 tx=0).connect
2024-02-20T08:12:24.885 INFO:teuthology.orchestra.run.smithi145.stdout:/usr/bin/ceph: stderr
2024-02-20T08:12:23.806+0000 7f58ad2f0700 1 -- --> [v2:172.21.15.145:3300/0,v1:172.21.15.145:6789/0] -- mon_getmap magic: 0 v1 -- 0x7f58a8105220 con 0x7f58a81048d0
2024-02-20T08:12:24.885 INFO:teuthology.orchestra.run.smithi145.stdout:/usr/bin/ceph: stderr
2024-02-20T08:12:23.806+0000 7f58a6ffd700 1 --2- >> [v2:172.21.15.145:3300/0,v1:172.21.15.145:6789/0] conn(0x7f58a81048d0 0x7f58a8104ce0 unknown :-1 s=BANNER_CONNECTING pgs=0 cs=0 l=0 rev1=0 crypto rx=0 tx=0 comp rx=0 tx=0)._handle_peer_banner_payload supported=3 required=0
2024-02-20T08:12:24.885 INFO:teuthology.orchestra.run.smithi145.stdout:/usr/bin/ceph: stderr
2024-02-20T08:12:23.806+0000 7f58a6ffd700 1 --2- >> [v2:172.21.15.145:3300/0,v1:172.21.15.145:6789/0] conn(0x7f58a81048d0 0x7f58a8104ce0 unknown :-1 s=HELLO_CONNECTING pgs=0 cs=0 l=0 rev1=1 crypto rx=0 tx=0 comp rx=0 tx=0).handle_hello peer v2:172.21.15.145:3300/0 says I am v2:172.21.15.145:54456/0 (socket says 172.21.15.145:54456)
2024-02-20T08:12:24.885 INFO:teuthology.orchestra.run.smithi145.stdout:/usr/bin/ceph: stderr
2024-02-20T08:12:23.806+0000 7f58a6ffd700 1 -- 172.21.15.145:0/2286560917 learned_addr learned my addr 172.21.15.145:0/2286560917 (peer_addr_for_me v2:172.21.15.145:0/0)
2024-02-20T08:12:24.885 INFO:teuthology.orchestra.run.smithi145.stdout:/usr/bin/ceph: stderr
2024-02-20T08:12:23.806+0000 7f58a6ffd700 1 -- 172.21.15.145:0/2286560917 --> [v2:172.21.15.145:3300/0,v1:172.21.15.145:6789/0] -- mon_subscribe({config=0+,monmap=0+}) v3 -- 0x7f58a8105360 con 0x7f58a81048d0
2024-02-20T08:12:24.885 INFO:teuthology.orchestra.run.smithi145.stdout:/usr/bin/ceph: stderr
2024-02-20T08:12:23.806+0000 7f58a6ffd700 1 --2- 172.21.15.145:0/2286560917 >> [v2:172.21.15.145:3300/0,v1:172.21.15.145:6789/0] conn(0x7f58a81048d0 0x7f58a8104ce0 secure :-1 s=READY pgs=47 cs=0 l=1 rev1=1 crypto rx=0x7f58980098a0 tx=0x7f5898009bb0 comp rx=0 tx=0).ready entity=mon.0 client_cookie=70939621907e45e7 server_cookie=0 in_seq=0 out_seq=0
2024-02-20T08:12:24.885 INFO:teuthology.orchestra.run.smithi145.stdout:/usr/bin/ceph: stderr
2024-02-20T08:12:23.807+0000 7f58a5ffb700 1 -- 172.21.15.145:0/2286560917 <== mon.0 v2:172.21.15.145:3300/0 1 ==== mon_map magic: 0 v1 ==== 229+0+0 (secure 0 0 0) 0x7f5898004180 con 0x7f58a81048d0
2024-02-20T08:12:24.885 INFO:teuthology.orchestra.run.smithi145.stdout:/usr/bin/ceph: stderr
2024-02-20T08:12:23.807+0000 7f58a5ffb700 1 -- 172.21.15.145:0/2286560917 <== mon.0 v2:172.21.15.145:3300/0 2 ==== config(27 keys) v1 ==== 1037+0+0 (secure 0 0 0) 0x7f58980042e0 con 0x7f58a81048d0
2024-02-20T08:12:24.885 INFO:teuthology.orchestra.run.smithi145.stdout:/usr/bin/ceph: stderr
2024-02-20T08:12:23.807+0000 7f58a5ffb700 1 -- 172.21.15.145:0/2286560917 <== mon.0 v2:172.21.15.145:3300/0 3 ==== mon_map magic: 0 v1 ==== 229+0+0 (secure 0 0 0) 0x7f5898011a50 con 0x7f58a81048d0
2024-02-20T08:12:24.885 INFO:teuthology.orchestra.run.smithi145.stdout:/usr/bin/ceph: stderr
2024-02-20T08:12:23.807+0000 7f58ad2f0700 1 -- 172.21.15.145:0/2286560917 >> [v2:172.21.15.145:3300/0,v1:172.21.15.145:6789/0] conn(0x7f58a81048d0 msgr2=0x7f58a8104ce0 secure :-1 s=STATE_CONNECTION_ESTABLISHED l=1).mark_down
2024-02-20T08:12:24.886 INFO:teuthology.orchestra.run.smithi145.stdout:/usr/bin/ceph: stderr
2024-02-20T08:12:23.807+0000 7f58ad2f0700 1 --2- 172.21.15.145:0/2286560917 >> [v2:172.21.15.145:3300/0,v1:172.21.15.145:6789/0] conn(0x7f58a81048d0 0x7f58a8104ce0 secure :-1 s=READY pgs=47 cs=0 l=1 rev1=1 crypto rx=0x7f58980098a0 tx=0x7f5898009bb0 comp rx=0 tx=0).stop
2024-02-20T08:12:24.886 INFO:teuthology.orchestra.run.smithi145.stdout:/usr/bin/ceph: stderr
2024-02-20T08:12:23.807+0000 7f58ad2f0700 1 -- 172.21.15.145:0/2286560917 shutdown_connections
2024-02-20T08:12:24.886 INFO:teuthology.orchestra.run.smithi145.stdout:/usr/bin/ceph: stderr
2024-02-20T08:12:23.807+0000 7f58ad2f0700 1 --2- 172.21.15.145:0/2286560917 >> [v2:172.21.15.145:3300/0,v1:172.21.15.145:6789/0] conn(0x7f58a81048d0 0x7f58a8104ce0 unknown :-1 s=CLOSED pgs=47 cs=0 l=1 rev1=1 crypto rx=0 tx=0 comp rx=0 tx=0).stop
2024-02-20T08:12:24.886 INFO:teuthology.orchestra.run.smithi145.stdout:/usr/bin/ceph: stderr
2024-02-20T08:12:23.807+0000 7f58ad2f0700 1 -- 172.21.15.145:0/2286560917 >> 172.21.15.145:0/2286560917 conn(0x7f58a80fff00 msgr2=0x7f58a8102350 unknown :-1 s=STATE_NONE l=0).mark_down
2024-02-20T08:12:24.886 INFO:teuthology.orchestra.run.smithi145.stdout:/usr/bin/ceph: stderr
2024-02-20T08:12:23.807+0000 7f58ad2f0700 1 -- 172.21.15.145:0/2286560917 shutdown_connections
2024-02-20T08:12:24.886 INFO:teuthology.orchestra.run.smithi145.stdout:/usr/bin/ceph: stderr
2024-02-20T08:12:23.807+0000 7f58ad2f0700 1 -- 172.21.15.145:0/2286560917 wait complete.
2024-02-20T08:12:24.886 INFO:teuthology.orchestra.run.smithi145.stdout:/usr/bin/ceph: stderr
2024-02-20T08:12:23.808+0000 7f58ad2f0700 1 Processor -- start
