2024-02-20T08:12:36.150+0000 7fdf1259c700 1 -- 172.21.15.145:0/3286302397 learned_addr learned my addr 172.21.15.145:0/3286302397 (peer_addr_for_me v2:172.21.15.145:0/0)
2024-02-20T08:12:37.750 INFO:teuthology.orchestra.run.smithi145.stdout:/usr/bin/ceph: stderr
2024-02-20T08:12:36.150+0000 7fdf1259c700 1 -- 172.21.15.145:0/3286302397 --> [v2:172.21.15.145:3300/0,v1:172.21.15.145:6789/0] -- mon_subscribe({config=0+,monmap=0+}) v3 -- 0x7fdf04009550 con 0x7fdf14103cb0
2024-02-20T08:12:37.750 INFO:teuthology.orchestra.run.smithi145.stdout:/usr/bin/ceph: stderr
2024-02-20T08:12:36.150+0000 7fdf1259c700 1 --2- 172.21.15.145:0/3286302397 >> [v2:172.21.15.145:3300/0,v1:172.21.15.145:6789/0] conn(0x7fdf14103cb0 0x7fdf14199770 secure :-1 s=READY pgs=66 cs=0 l=1 rev1=1 crypto rx=0x7fdf04011670 tx=0x7fdf04011aa0 comp rx=0 tx=0).ready entity=mon.0 client_cookie=0 server_cookie=0 in_seq=0 out_seq=0
2024-02-20T08:12:37.750 INFO:teuthology.orchestra.run.smithi145.stdout:/usr/bin/ceph: stderr
2024-02-20T08:12:36.150+0000 7fdf037fe700 1 -- 172.21.15.145:0/3286302397 <== mon.0 v2:172.21.15.145:3300/0 1 ==== mon_map magic: 0 v1 ==== 229+0+0 (secure 0 0 0) 0x7fdf040039c0 con 0x7fdf14103cb0
2024-02-20T08:12:37.750 INFO:teuthology.orchestra.run.smithi145.stdout:/usr/bin/ceph: stderr
2024-02-20T08:12:36.150+0000 7fdf037fe700 1 -- 172.21.15.145:0/3286302397 <== mon.0 v2:172.21.15.145:3300/0 2 ==== config(27 keys) v1 ==== 1101+0+0 (secure 0 0 0) 0x7fdf04003b20 con 0x7fdf14103cb0
2024-02-20T08:12:37.750 INFO:teuthology.orchestra.run.smithi145.stdout:/usr/bin/ceph: stderr
2024-02-20T08:12:36.150+0000 7fdf037fe700 1 -- 172.21.15.145:0/3286302397 <== mon.0 v2:172.21.15.145:3300/0 3 ==== mon_map magic: 0 v1 ==== 229+0+0 (secure 0 0 0) 0x7fdf040247f0 con 0x7fdf14103cb0
2024-02-20T08:12:37.750 INFO:teuthology.orchestra.run.smithi145.stdout:/usr/bin/ceph: stderr
2024-02-20T08:12:36.150+0000 7fdf18c9c700 1 -- 172.21.15.145:0/3286302397 --> [v2:172.21.15.145:3300/0,v1:172.21.15.145:6789/0] -- mon_subscribe({mgrmap=0+}) v3 -- 0x7fdf14199eb0 con 0x7fdf14103cb0
2024-02-20T08:12:37.750 INFO:teuthology.orchestra.run.smithi145.stdout:/usr/bin/ceph: stderr
2024-02-20T08:12:36.150+0000 7fdf18c9c700 1 -- 172.21.15.145:0/3286302397 --> [v2:172.21.15.145:3300/0,v1:172.21.15.145:6789/0] -- mon_subscribe({osdmap=0}) v3 -- 0x7fdf1419a350 con 0x7fdf14103cb0
2024-02-20T08:12:37.750 INFO:teuthology.orchestra.run.smithi145.stdout:/usr/bin/ceph: stderr
2024-02-20T08:12:36.151+0000 7fdf037fe700 1 -- 172.21.15.145:0/3286302397 <== mon.0 v2:172.21.15.145:3300/0 4 ==== mgrmap(e 8) v1 ==== 45084+0+0 (secure 0 0 0) 0x7fdf0401a430 con 0x7fdf14103cb0
2024-02-20T08:12:37.750 INFO:teuthology.orchestra.run.smithi145.stdout:/usr/bin/ceph: stderr
2024-02-20T08:12:36.151+0000 7fdf18c9c700 1 -- 172.21.15.145:0/3286302397 --> [v2:172.21.15.145:3300/0,v1:172.21.15.145:6789/0] -- mon_command({"prefix": "get_command_descriptions"} v 0) v1 -- 0x7fdf14062380 con 0x7fdf14103cb0
2024-02-20T08:12:37.750 INFO:teuthology.orchestra.run.smithi145.stdout:/usr/bin/ceph: stderr
2024-02-20T08:12:36.151+0000 7fdf037fe700 1 --2- 172.21.15.145:0/3286302397 >> [v2:172.21.15.145:6800/402050778,v1:172.21.15.145:6801/402050778] conn(0x7fdefc038400 0x7fdefc03a8b0 unknown :-1 s=NONE pgs=0 cs=0 l=1 rev1=0 crypto rx=0 tx=0 comp rx=0 tx=0).connect
2024-02-20T08:12:37.750 INFO:teuthology.orchestra.run.smithi145.stdout:/usr/bin/ceph: stderr
2024-02-20T08:12:36.151+0000 7fdf037fe700 1 -- 172.21.15.145:0/3286302397 <== mon.0 v2:172.21.15.145:3300/0 5 ==== osd_map(2..2 src has 1..2) v4 ==== 940+0+0 (secure 0 0 0) 0x7fdf0404c260 con 0x7fdf14103cb0
2024-02-20T08:12:37.750 INFO:teuthology.orchestra.run.smithi145.stdout:/usr/bin/ceph: stderr
2024-02-20T08:12:36.151+0000 7fdf11d9b700 1 --2- 172.21.15.145:0/3286302397 >> [v2:172.21.15.145:6800/402050778,v1:172.21.15.145:6801/402050778] conn(0x7fdefc038400 0x7fdefc03a8b0 unknown :-1 s=BANNER_CONNECTING pgs=0 cs=0 l=1 rev1=0 crypto rx=0 tx=0 comp rx=0 tx=0)._handle_peer_banner_payload supported=3 required=0
2024-02-20T08:12:37.750 INFO:teuthology.orchestra.run.smithi145.stdout:/usr/bin/ceph: stderr
2024-02-20T08:12:36.152+0000 7fdf11d9b700 1 --2- 172.21.15.145:0/3286302397 >> [v2:172.21.15.145:6800/402050778,v1:172.21.15.145:6801/402050778] conn(0x7fdefc038400 0x7fdefc03a8b0 secure :-1 s=READY pgs=22 cs=0 l=1 rev1=1 crypto rx=0x7fdf08006fd0 tx=0x7fdf08006e40 comp rx=0 tx=0).ready entity=mgr.14118 client_cookie=0 server_cookie=0 in_seq=0 out_seq=0
2024-02-20T08:12:37.750 INFO:teuthology.orchestra.run.smithi145.stdout:/usr/bin/ceph: stderr
2024-02-20T08:12:36.156+0000 7fdf037fe700 1 -- 172.21.15.145:0/3286302397 <== mon.0 v2:172.21.15.145:3300/0 6 ==== mon_command_ack([{"prefix": "get_command_descriptions"}]=0 v0) v1 ==== 72+0+177933 (secure 0 0 0) 0x7fdf04018530 con 0x7fdf14103cb0
2024-02-20T08:12:37.751 INFO:teuthology.orchestra.run.smithi145.stdout:/usr/bin/ceph: stderr
2024-02-20T08:12:36.400+0000 7fdf18c9c700 1 -- 172.21.15.145:0/3286302397 --> [v2:172.21.15.145:3300/0,v1:172.21.15.145:6789/0] -- mon_command({"prefix": "mgr module enable", "module": "dashboard"} v 0) v1 -- 0x7fdf1419d4e0 con 0x7fdf14103cb0
2024-02-20T08:12:37.751 INFO:teuthology.orchestra.run.smithi145.stdout:/usr/bin/ceph: stderr
2024-02-20T08:12:37.139+0000 7fdf037fe700 1 -- 172.21.15.145:0/3286302397 <== mon.0 v2:172.21.15.145:3300/0 7 ==== mgrmap(e 9) v1 ==== 45097+0+0 (secure 0 0 0) 0x7fdf0401a6e0 con 0x7fdf14103cb0
2024-02-20T08:12:37.751 INFO:teuthology.orchestra.run.smithi145.stdout:/usr/bin/ceph: stderr
2024-02-20T08:12:37.141+0000 7fdf037fe700 1 -- 172.21.15.145:0/3286302397 <== mon.0 v2:172.21.15.145:3300/0 8 ==== mon_command_ack([{"prefix": "mgr module enable", "module": "dashboard"}]=0 v9) v1 ==== 88+0+0 (secure 0 0 0) 0x7fdf0404e720 con 0x7fdf14103cb0
2024-02-20T08:12:37.751 INFO:teuthology.orchestra.run.smithi145.stdout:/usr/bin/ceph: stderr
2024-02-20T08:12:37.144+0000 7fdf18c9c700 1 -- 172.21.15.145:0/3286302397 >> [v2:172.21.15.145:6800/402050778,v1:172.21.15.145:6801/402050778] conn(0x7fdefc038400 msgr2=0x7fdefc03a8b0 secure :-1 s=STATE_CONNECTION_ESTABLISHED l=1).mark_down
2024-02-20T08:12:37.751 INFO:teuthology.orchestra.run.smithi145.stdout:/usr/bin/ceph: stderr
2024-02-20T08:12:37.144+0000 7fdf18c9c700 1 --2- 172.21.15.145:0/3286302397 >> [v2:172.21.15.145:6800/402050778,v1:172.21.15.145:6801/402050778] conn(0x7fdefc038400 0x7fdefc03a8b0 secure :-1 s=READY pgs=22 cs=0 l=1 rev1=1 crypto rx=0x7fdf08006fd0 tx=0x7fdf08006e40 comp rx=0 tx=0).stop
2024-02-20T08:12:37.751 INFO:teuthology.orchestra.run.smithi145.stdout:/usr/bin/ceph: stderr
2024-02-20T08:12:37.144+0000 7fdf18c9c700 1 -- 172.21.15.145:0/3286302397 >> [v2:172.21.15.145:3300/0,v1:172.21.15.145:6789/0] conn(0x7fdf14103cb0 msgr2=0x7fdf14199770 secure :-1 s=STATE_CONNECTION_ESTABLISHED l=1).mark_down
2024-02-20T08:12:37.751 INFO:teuthology.orchestra.run.smithi145.stdout:/usr/bin/ceph: stderr
2024-02-20T08:12:37.144+0000 7fdf18c9c700 1 --2- 172.21.15.145:0/3286302397 >> [v2:172.21.15.145:3300/0,v1:172.21.15.145:6789/0] conn(0x7fdf14103cb0 0x7fdf14199770 secure :-1 s=READY pgs=66 cs=0 l=1 rev1=1 crypto rx=0x7fdf04011670 tx=0x7fdf04011aa0 comp rx=0 tx=0).stop
2024-02-20T08:12:37.751 INFO:teuthology.orchestra.run.smithi145.stdout:/usr/bin/ceph: stderr
2024-02-20T08:12:37.144+0000 7fdf18c9c700 1 -- 172.21.15.145:0/3286302397 shutdown_connections
2024-02-20T08:12:37.751 INFO:teuthology.orchestra.run.smithi145.stdout:/usr/bin/ceph: stderr
2024-02-20T08:12:37.144+0000 7fdf18c9c700 1 --2- 172.21.15.145:0/3286302397 >> [v2:172.21.15.145:6800/402050778,v1:172.21.15.145:6801/402050778] conn(0x7fdefc038400 0x7fdefc03a8b0 unknown :-1 s=CLOSED pgs=22 cs=0 l=1 rev1=1 crypto rx=0 tx=0 comp rx=0 tx=0).stop
2024-02-20T08:12:37.751 INFO:teuthology.orchestra.run.smithi145.stdout:/usr/bin/ceph: stderr
2024-02-20T08:12:37.144+0000 7fdf18c9c700 1 --2- 172.21.15.145:0/3286302397 >> [v2:172.21.15.145:3300/0,v1:172.21.15.145:6789/0] conn(0x7fdf14103cb0 0x7fdf14199770 unknown :-1 s=CLOSED pgs=66 cs=0 l=1 rev1=1 crypto rx=0 tx=0 comp rx=0 tx=0).stop
2024-02-20T08:12:37.751 INFO:teuthology.orchestra.run.smithi145.stdout:/usr/bin/ceph: stderr
2024-02-20T08:12:37.144+0000 7fdf18c9c700 1 -- 172.21.15.145:0/3286302397 >> 172.21.15.145:0/3286302397 conn(0x7fdf140ff670 msgr2=0x7fdf14100d50 unknown :-1 s=STATE_NONE l=0).mark_down
2024-02-20T08:12:37.751 INFO:teuthology.orchestra.run.smithi145.stdout:/usr/bin/ceph: stderr
2024-02-20T08:12:37.144+0000 7fdf18c9c700 1 -- 172.21.15.145:0/3286302397 shutdown_connections
2024-02-20T08:12:37.751 INFO:teuthology.orchestra.run.smithi145.stdout:/usr/bin/ceph: stderr
2024-02-20T08:12:37.144+0000 7fdf18c9c700 1 -- 172.21.15.145:0/3286302397 wait complete.
2024-02-20T08:12:38.301 INFO:journalctl@ceph.mon.smithi145.smithi145.stdout:Feb 20 08:12:38 smithi145 ceph-mon[29099]: from='client.? 172.21.15.145:0/3286302397' entity='client.admin' cmd='[{"prefix": "mgr module enable", "module": "dashboard"}]': finished
2024-02-20T08:12:38.301 INFO:journalctl@ceph.mon.smithi145.smithi145.stdout:Feb 20 08:12:38 smithi145 ceph-mon[29099]: mgrmap e9: smithi145.wvpxez(active, since 25s)
2024-02-20T08:12:39.230 INFO:teuthology.orchestra.run.smithi145.stdout:/usr/bin/ceph: stdout {
2024-02-20T08:12:39.231 INFO:teuthology.orchestra.run.smithi145.stdout:/usr/bin/ceph: stdout "epoch": 9,
2024-02-20T08:12:39.231 INFO:teuthology.orchestra.run.smithi145.stdout:/usr/bin/ceph: stdout "available": true,
2024-02-20T08:12:39.231 INFO:teuthology.orchestra.run.smithi145.stdout:/usr/bin/ceph: stdout "active_name": "smithi145.wvpxez",
2024-02-20T08:12:39.231 INFO:teuthology.orchestra.run.smithi145.stdout:/usr/bin/ceph: stdout "num_standby": 0
2024-02-20T08:12:39.231 INFO:teuthology.orchestra.run.smithi145.stdout:/usr/bin/ceph: stdout }
2024-02-20T08:12:39.231 INFO:teuthology.orchestra.run.smithi145.stdout:/usr/bin/ceph: stderr
2024-02-20T08:12:38.218+0000 7fcd72773700 1 Processor -- start
2024-02-20T08:12:39.231 INFO:teuthology.orchestra.run.smithi145.stdout:/usr/bin/ceph: stderr
2024-02-20T08:12:38.219+0000 7fcd72773700 1 -- start start
2024-02-20T08:12:39.231 INFO:teuthology.orchestra.run.smithi145.stdout:/usr/bin/ceph: stderr
2024-02-20T08:12:38.219+0000 7fcd72773700 1 --2- >> [v2:172.21.15.145:3300/0,v1:172.21.15.145:6789/0] conn(0x7fcd6c074430 0x7fcd6c1085e0 unknown :-1 s=NONE pgs=0 cs=0 l=0 rev1=0 crypto rx=0 tx=0 comp rx=0 tx=0).connect
2024-02-20T08:12:39.231 INFO:teuthology.orchestra.run.smithi145.stdout:/usr/bin/ceph: stderr
2024-02-20T08:12:38.219+0000 7fcd72773700 1 -- --> [v2:172.21.15.145:3300/0,v1:172.21.15.145:6789/0] -- mon_getmap magic: 0 v1 -- 0x7fcd6c108b20 con 0x7fcd6c074430
2024-02-20T08:12:39.231 INFO:teuthology.orchestra.run.smithi145.stdout:/usr/bin/ceph: stderr
2024-02-20T08:12:38.219+0000 7fcd6bfff700 1 --2- >> [v2:172.21.15.145:3300/0,v1:172.21.15.145:6789/0] conn(0x7fcd6c074430 0x7fcd6c1085e0 unknown :-1 s=BANNER_CONNECTING pgs=0 cs=0 l=0 rev1=0 crypto rx=0 tx=0 comp rx=0 tx=0)._handle_peer_banner_payload supported=3 required=0
2024-02-20T08:12:39.231 INFO:teuthology.orchestra.run.smithi145.stdout:/usr/bin/ceph: stderr
2024-02-20T08:12:38.219+0000 7fcd6bfff700 1 --2- >> [v2:172.21.15.145:3300/0,v1:172.21.15.145:6789/0] conn(0x7fcd6c074430 0x7fcd6c1085e0 unknown :-1 s=HELLO_CONNECTING pgs=0 cs=0 l=0 rev1=1 crypto rx=0 tx=0 comp rx=0 tx=0).handle_hello peer v2:172.21.15.145:3300/0 says I am v2:172.21.15.145:55504/0 (socket says 172.21.15.145:55504)
2024-02-20T08:12:39.231 INFO:teuthology.orchestra.run.smithi145.stdout:/usr/bin/ceph: stderr
2024-02-20T08:12:38.219+0000 7fcd6bfff700 1 -- 172.21.15.145:0/125867050 learned_addr learned my addr 172.21.15.145:0/125867050 (peer_addr_for_me v2:172.21.15.145:0/0)
2024-02-20T08:12:39.231 INFO:teuthology.orchestra.run.smithi145.stdout:/usr/bin/ceph: stderr
2024-02-20T08:12:38.219+0000 7fcd6bfff700 1 -- 172.21.15.145:0/125867050 --> [v2:172.21.15.145:3300/0,v1:172.21.15.145:6789/0] -- mon_subscribe({config=0+,monmap=0+}) v3 -- 0x7fcd6c108c60 con 0x7fcd6c074430
2024-02-20T08:12:39.232 INFO:teuthology.orchestra.run.smithi145.stdout:/usr/bin/ceph: stderr
2024-02-20T08:12:38.219+0000 7fcd6bfff700 1 --2- 172.21.15.145:0/125867050 >> [v2:172.21.15.145:3300/0,v1:172.21.15.145:6789/0] conn(0x7fcd6c074430 0x7fcd6c1085e0 secure :-1 s=READY pgs=69 cs=0 l=1 rev1=1 crypto rx=0x7fcd5c0098a0 tx=0x7fcd5c009bb0 comp rx=0 tx=0).ready entity=mon.0 client_cookie=d8b399fb0bb96253 server_cookie=0 in_seq=0 out_seq=0
2024-02-20T08:12:39.232 INFO:teuthology.orchestra.run.smithi145.stdout:/usr/bin/ceph: stderr
2024-02-20T08:12:38.219+0000 7fcd6affd700 1 -- 172.21.15.145:0/125867050 <== mon.0 v2:172.21.15.145:3300/0 1 ==== mon_map magic: 0 v1 ==== 229+0+0 (secure 0 0 0) 0x7fcd5c004180 con 0x7fcd6c074430
2024-02-20T08:12:39.232 INFO:teuthology.orchestra.run.smithi145.stdout:/usr/bin/ceph: stderr
2024-02-20T08:12:38.219+0000 7fcd6affd700 1 -- 172.21.15.145:0/125867050 <== mon.0 v2:172.21.15.145:3300/0 2 ==== config(27 keys) v1 ==== 1101+0+0 (secure 0 0 0) 0x7fcd5c0042e0 con 0x7fcd6c074430
2024-02-20T08:12:39.232 INFO:teuthology.orchestra.run.smithi145.stdout:/usr/bin/ceph: stderr
2024-02-20T08:12:38.219+0000 7fcd6affd700 1 -- 172.21.15.145:0/125867050 <== mon.0 v2:172.21.15.145:3300/0 3 ==== mon_map magic: 0 v1 ==== 229+0+0 (secure 0 0 0) 0x7fcd5c011af0 con 0x7fcd6c074430
2024-02-20T08:12:39.232 INFO:teuthology.orchestra.run.smithi145.stdout:/usr/bin/ceph: stderr
2024-02-20T08:12:38.220+0000 7fcd72773700 1 -- 172.21.15.145:0/125867050 >> [v2:172.21.15.145:3300/0,v1:172.21.15.145:6789/0] conn(0x7fcd6c074430 msgr2=0x7fcd6c1085e0 secure :-1 s=STATE_CONNECTION_ESTABLISHED l=1).mark_down
2024-02-20T08:12:39.232 INFO:teuthology.orchestra.run.smithi145.stdout:/usr/bin/ceph: stderr
2024-02-20T08:12:38.220+0000 7fcd72773700 1 --2- 172.21.15.145:0/125867050 >> [v2:172.21.15.145:3300/0,v1:172.21.15.145:6789/0] conn(0x7fcd6c074430 0x7fcd6c1085e0 secure :-1 s=READY pgs=69 cs=0 l=1 rev1=1 crypto rx=0x7fcd5c0098a0 tx=0x7fcd5c009bb0 comp rx=0 tx=0).stop
2024-02-20T08:12:39.232 INFO:teuthology.orchestra.run.smithi145.stdout:/usr/bin/ceph: stderr
2024-02-20T08:12:38.220+0000 7fcd72773700 1 -- 172.21.15.145:0/125867050 shutdown_connections
2024-02-20T08:12:39.232 INFO:teuthology.orchestra.run.smithi145.stdout:/usr/bin/ceph: stderr
2024-02-20T08:12:38.220+0000 7fcd72773700 1 --2- 172.21.15.145:0/125867050 >> [v2:172.21.15.145:3300/0,v1:172.21.15.145:6789/0] conn(0x7fcd6c074430 0x7fcd6c1085e0 unknown :-1 s=CLOSED pgs=69 cs=0 l=1 rev1=1 crypto rx=0 tx=0 comp rx=0 tx=0).stop
2024-02-20T08:12:39.232 INFO:teuthology.orchestra.run.smithi145.stdout:/usr/bin/ceph: stderr
2024-02-20T08:12:38.220+0000 7fcd72773700 1 -- 172.21.15.145:0/125867050 >> 172.21.15.145:0/125867050 conn(0x7fcd6c0fff10 msgr2=0x7fcd6c102360 unknown :-1 s=STATE_NONE l=0).mark_down
2024-02-20T08:12:39.232 INFO:teuthology.orchestra.run.smithi145.stdout:/usr/bin/ceph: stderr
2024-02-20T08:12:38.220+0000 7fcd72773700 1 -- 172.21.15.145:0/125867050 shutdown_connections
2024-02-20T08:12:39.232 INFO:teuthology.orchestra.run.smithi145.stdout:/usr/bin/ceph: stderr
2024-02-20T08:12:38.220+0000 7fcd72773700 1 -- 172.21.15.145:0/125867050 wait complete.
2024-02-20T08:12:39.232 INFO:teuthology.orchestra.run.smithi145.stdout:/usr/bin/ceph: stderr
2024-02-20T08:12:38.221+0000 7fcd72773700 1 Processor -- start
2024-02-20T08:12:39.232 INFO:teuthology.orchestra.run.smithi145.stdout:/usr/bin/ceph: stderr
2024-02-20T08:12:38.221+0000 7fcd72773700 1 -- start start
2024-02-20T08:12:39.233 INFO:teuthology.orchestra.run.smithi145.stdout:/usr/bin/ceph: stderr
2024-02-20T08:12:38.221+0000 7fcd72773700 1 --2- >> [v2:172.21.15.145:3300/0,v1:172.21.15.145:6789/0] conn(0x7fcd6c074430 0x7fcd6c1997b0 unknown :-1 s=NONE pgs=0 cs=0 l=1 rev1=0 crypto rx=0 tx=0 comp rx=0 tx=0).connect
2024-02-20T08:12:39.233 INFO:teuthology.orchestra.run.smithi145.stdout:/usr/bin/ceph: stderr
2024-02-20T08:12:38.221+0000 7fcd72773700 1 -- --> [v2:172.21.15.145:3300/0,v1:172.21.15.145:6789/0] -- mon_getmap magic: 0 v1 -- 0x7fcd6c199cf0 con 0x7fcd6c074430
2024-02-20T08:12:39.233 INFO:teuthology.orchestra.run.smithi145.stdout:/usr/bin/ceph: stderr
2024-02-20T08:12:38.221+0000 7fcd6bfff700 1 --2- >> [v2:172.21.15.145:3300/0,v1:172.21.15.145:6789/0] conn(0x7fcd6c074430 0x7fcd6c1997b0 unknown :-1 s=BANNER_CONNECTING pgs=0 cs=0 l=1 rev1=0 crypto rx=0 tx=0 comp rx=0 tx=0)._handle_peer_banner_payload supported=3 required=0
2024-02-20T08:12:39.233 INFO:teuthology.orchestra.run.smithi145.stdout:/usr/bin/ceph: stderr
2024-02-20T08:12:38.221+0000 7fcd6bfff700 1 --2- >> [v2:172.21.15.145:3300/0,v1:172.21.15.145:6789/0] conn(0x7fcd6c074430 0x7fcd6c1997b0 unknown :-1 s=HELLO_CONNECTING pgs=0 cs=0 l=1 rev1=1 crypto rx=0 tx=0 comp rx=0 tx=0).handle_hello peer v2:172.21.15.145:3300/0 says I am v2:172.21.15.145:55516/0 (socket says 172.21.15.145:55516)
2024-02-20T08:12:39.233 INFO:teuthology.orchestra.run.smithi145.stdout:/usr/bin/ceph: stderr
2024-02-20T08:12:38.221+0000 7fcd6bfff700 1 -- 172.21.15.145:0/2390971875 learned_addr learned my addr 172.21.15.145:0/2390971875 (peer_addr_for_me v2:172.21.15.145:0/0)
2024-02-20T08:12:39.233 INFO:teuthology.orchestra.run.smithi145.stdout:/usr/bin/ceph: stderr
2024-02-20T08:12:38.221+0000 7fcd6bfff700 1 -- 172.21.15.145:0/2390971875 --> [v2:172.21.15.145:3300/0,v1:172.21.15.145:6789/0] -- mon_subscribe({config=0+,monmap=0+}) v3 -- 0x7fcd5c009550 con 0x7fcd6c074430
2024-02-20T08:12:39.233 INFO:teuthology.orchestra.run.smithi145.stdout:/usr/bin/ceph: stderr
2024-02-20T08:12:38.222+0000 7fcd6bfff700 1 --2- 172.21.15.145:0/2390971875 >> [v2:172.21.15.145:3300/0,v1:172.21.15.145:6789/0] conn(0x7fcd6c074430 0x7fcd6c1997b0 secure :-1 s=READY pgs=70 cs=0 l=1 rev1=1 crypto rx=0x7fcd5c011670 tx=0x7fcd5c011aa0 comp rx=0 tx=0).ready entity=mon.0 client_cookie=0 server_cookie=0 in_seq=0 out_seq=0
2024-02-20T08:12:39.233 INFO:teuthology.orchestra.run.smithi145.stdout:/usr/bin/ceph: stderr
2024-02-20T08:12:38.222+0000 7fcd697fa700 1 -- 172.21.15.145:0/2390971875 <== mon.0 v2:172.21.15.145:3300/0 1 ==== mon_map magic: 0 v1 ==== 229+0+0 (secure 0 0 0) 0x7fcd5c0039c0 con 0x7fcd6c074430
2024-02-20T08:12:39.233 INFO:teuthology.orchestra.run.smithi145.stdout:/usr/bin/ceph: stderr
2024-02-20T08:12:38.222+0000 7fcd72773700 1 -- 172.21.15.145:0/2390971875 --> [v2:172.21.15.145:3300/0,v1:172.21.15.145:6789/0] -- mon_subscribe({mgrmap=0+}) v3 -- 0x7fcd6c199ef0 con 0x7fcd6c074430
2024-02-20T08:12:39.233 INFO:teuthology.orchestra.run.smithi145.stdout:/usr/bin/ceph: stderr
2024-02-20T08:12:38.222+0000 7fcd697fa700 1 -- 172.21.15.145:0/2390971875 <== mon.0 v2:172.21.15.145:3300/0 2 ==== config(27 keys) v1 ==== 1101+0+0 (secure 0 0 0) 0x7fcd5c003b20 con 0x7fcd6c074430
2024-02-20T08:12:39.233 INFO:teuthology.orchestra.run.smithi145.stdout:/usr/bin/ceph: stderr
2024-02-20T08:12:38.222+0000 7fcd697fa700 1 -- 172.21.15.145:0/2390971875 <== mon.0 v2:172.21.15.145:3300/0 3 ==== mon_map magic: 0 v1 ==== 229+0+0 (secure 0 0 0) 0x7fcd5c0247f0 con 0x7fcd6c074430
2024-02-20T08:12:39.233 INFO:teuthology.orchestra.run.smithi145.stdout:/usr/bin/ceph: stderr
2024-02-20T08:12:38.222+0000 7fcd72773700 1 -- 172.21.15.145:0/2390971875 --> [v2:172.21.15.145:3300/0,v1:172.21.15.145:6789/0] -- mon_subscribe({osdmap=0}) v3 -- 0x7fcd6c19a390 con 0x7fcd6c074430
2024-02-20T08:12:39.233 INFO:teuthology.orchestra.run.smithi145.stdout:/usr/bin/ceph: stderr
2024-02-20T08:12:38.223+0000 7fcd697fa700 1 -- 172.21.15.145:0/2390971875 <== mon.0 v2:172.21.15.145:3300/0 4 ==== mgrmap(e 9) v1 ==== 45097+0+0 (secure 0 0 0) 0x7fcd5c01a430 con 0x7fcd6c074430
2024-02-20T08:12:39.233 INFO:teuthology.orchestra.run.smithi145.stdout:/usr/bin/ceph: stderr
2024-02-20T08:12:38.223+0000 7fcd72773700 1 -- 172.21.15.145:0/2390971875 --> [v2:172.21.15.145:3300/0,v1:172.21.15.145:6789/0] -- mon_command({"prefix": "get_command_descriptions"} v 0) v1 -- 0x7fcd6c109ab0 con 0x7fcd6c074430
2024-02-20T08:12:39.234 INFO:teuthology.orchestra.run.smithi145.stdout:/usr/bin/ceph: stderr
2024-02-20T08:12:38.223+0000 7fcd697fa700 1 --2- 172.21.15.145:0/2390971875 >> [v2:172.21.15.145:6800/402050778,v1:172.21.15.145:6801/402050778] conn(0x7fcd54038400 0x7fcd5403a8b0 unknown :-1 s=NONE pgs=0 cs=0 l=1 rev1=0 crypto rx=0 tx=0 comp rx=0 tx=0).connect
2024-02-20T08:12:39.234 INFO:teuthology.orchestra.run.smithi145.stdout:/usr/bin/ceph: stderr
2024-02-20T08:12:38.223+0000 7fcd697fa700 1 -- 172.21.15.145:0/2390971875 <== mon.0 v2:172.21.15.145:3300/0 5 ==== osd_map(2..2 src has 1..2) v4 ==== 940+0+0 (secure 0 0 0) 0x7fcd5c04c3f0 con 0x7fcd6c074430
2024-02-20T08:12:39.234 INFO:teuthology.orchestra.run.smithi145.stdout:/usr/bin/ceph: stderr
2024-02-20T08:12:38.223+0000 7fcd6b7fe700 1 -- 172.21.15.145:0/2390971875 >> [v2:172.21.15.145:6800/402050778,v1:172.21.15.145:6801/402050778] conn(0x7fcd54038400 msgr2=0x7fcd5403a8b0 unknown :-1 s=STATE_CONNECTING_RE l=1).process reconnect failed to v2:172.21.15.145:6800/402050778
2024-02-20T08:12:39.234 INFO:teuthology.orchestra.run.smithi145.stdout:/usr/bin/ceph: stderr
2024-02-20T08:12:38.223+0000 7fcd6b7fe700 1 --2- 172.21.15.145:0/2390971875 >> [v2:172.21.15.145:6800/402050778,v1:172.21.15.145:6801/402050778] conn(0x7fcd54038400 0x7fcd5403a8b0 unknown :-1 s=START_CONNECT pgs=0 cs=0 l=1 rev1=0 crypto rx=0 tx=0 comp rx=0 tx=0)._fault waiting 0.200000
2024-02-20T08:12:39.234 INFO:teuthology.orchestra.run.smithi145.stdout:/usr/bin/ceph: stderr
2024-02-20T08:12:38.228+0000 7fcd697fa700 1 -- 172.21.15.145:0/2390971875 <== mon.0 v2:172.21.15.145:3300/0 6 ==== mon_command_ack([{"prefix": "get_command_descriptions"}]=0 v0) v1 ==== 72+0+177933 (secure 0 0 0) 0x7fcd5c018530 con 0x7fcd6c074430
2024-02-20T08:12:39.234 INFO:teuthology.orchestra.run.smithi145.stdout:/usr/bin/ceph: stderr
2024-02-20T08:12:38.424+0000 7fcd6b7fe700 1 -- 172.21.15.145:0/2390971875 >> [v2:172.21.15.145:6800/402050778,v1:172.21.15.145:6801/402050778] conn(0x7fcd54038400 msgr2=0x7fcd5403a8b0 unknown :-1 s=STATE_CONNECTING_RE l=1).process reconnect failed to v2:172.21.15.145:6800/402050778
2024-02-20T08:12:39.234 INFO:teuthology.orchestra.run.smithi145.stdout:/usr/bin/ceph: stderr
2024-02-20T08:12:38.424+0000 7fcd6b7fe700 1 --2- 172.21.15.145:0/2390971875 >> [v2:172.21.15.145:6800/402050778,v1:172.21.15.145:6801/402050778] conn(0x7fcd54038400 0x7fcd5403a8b0 unknown :-1 s=START_CONNECT pgs=0 cs=0 l=1 rev1=0 crypto rx=0 tx=0 comp rx=0 tx=0)._fault waiting 0.400000
2024-02-20T08:12:39.234 INFO:teuthology.orchestra.run.smithi145.stdout:/usr/bin/ceph: stderr
2024-02-20T08:12:38.479+0000 7fcd72773700 1 -- 172.21.15.145:0/2390971875 --> [v2:172.21.15.145:3300/0,v1:172.21.15.145:6789/0] -- mon_command({"prefix": "mgr stat"} v 0) v1 -- 0x7fcd6c19d170 con 0x7fcd6c074430
2024-02-20T08:12:39.234 INFO:teuthology.orchestra.run.smithi145.stdout:/usr/bin/ceph: stderr
2024-02-20T08:12:38.479+0000 7fcd697fa700 1 -- 172.21.15.145:0/2390971875 <== mon.0 v2:172.21.15.145:3300/0 7 ==== mon_command_ack([{"prefix": "mgr stat"}]=0 v9) v1 ==== 56+0+103 (secure 0 0 0) 0x7fcd5c018350 con 0x7fcd6c074430
2024-02-20T08:12:39.234 INFO:teuthology.orchestra.run.smithi145.stdout:/usr/bin/ceph: stderr
2024-02-20T08:12:38.481+0000 7fcd72773700 1 -- 172.21.15.145:0/2390971875 >> [v2:172.21.15.145:6800/402050778,v1:172.21.15.145:6801/402050778] conn(0x7fcd54038400 msgr2=0x7fcd5403a8b0 unknown :-1 s=STATE_CONNECTING l=1).mark_down
2024-02-20T08:12:39.234 INFO:teuthology.orchestra.run.smithi145.stdout:/usr/bin/ceph: stderr
2024-02-20T08:12:38.481+0000 7fcd72773700 1 --2- 172.21.15.145:0/2390971875 >> [v2:172.21.15.145:6800/402050778,v1:172.21.15.145:6801/402050778] conn(0x7fcd54038400 0x7fcd5403a8b0 unknown :-1 s=START_CONNECT pgs=0 cs=0 l=1 rev1=0 crypto rx=0 tx=0 comp rx=0 tx=0).stop
2024-02-20T08:12:39.234 INFO:teuthology.orchestra.run.smithi145.stdout:/usr/bin/ceph: stderr
2024-02-20T08:12:38.481+0000 7fcd72773700 1 -- 172.21.15.145:0/2390971875 >> [v2:172.21.15.145:3300/0,v1:172.21.15.145:6789/0] conn(0x7fcd6c074430 msgr2=0x7fcd6c1997b0 secure :-1 s=STATE_CONNECTION_ESTABLISHED l=1).mark_down
2024-02-20T08:12:39.234 INFO:teuthology.orchestra.run.smithi145.stdout:/usr/bin/ceph: stderr
2024-02-20T08:12:38.481+0000 7fcd72773700 1 --2- 172.21.15.145:0/2390971875 >> [v2:172.21.15.145:3300/0,v1:172.21.15.145:6789/0] conn(0x7fcd6c074430 0x7fcd6c1997b0 secure :-1 s=READY pgs=70 cs=0 l=1 rev1=1 crypto rx=0x7fcd5c011670 tx=0x7fcd5c011aa0 comp rx=0 tx=0).stop
2024-02-20T08:12:39.234 INFO:teuthology.orchestra.run.smithi145.stdout:/usr/bin/ceph: stderr
2024-02-20T08:12:38.481+0000 7fcd72773700 1 -- 172.21.15.145:0/2390971875 shutdown_connections
2024-02-20T08:12:39.235 INFO:teuthology.orchestra.run.smithi145.stdout:/usr/bin/ceph: stderr
2024-02-20T08:12:38.481+0000 7fcd72773700 1 --2- 172.21.15.145:0/2390971875 >> [v2:172.21.15.145:6800/402050778,v1:172.21.15.145:6801/402050778] conn(0x7fcd54038400 0x7fcd5403a8b0 unknown :-1 s=CLOSED pgs=0 cs=0 l=1 rev1=0 crypto rx=0 tx=0 comp rx=0 tx=0).stop
2024-02-20T08:12:39.235 INFO:teuthology.orchestra.run.smithi145.stdout:/usr/bin/ceph: stderr
2024-02-20T08:12:38.481+0000 7fcd72773700 1 --2- 172.21.15.145:0/2390971875 >> [v2:172.21.15.145:3300/0,v1:172.21.15.145:6789/0] conn(0x7fcd6c074430 0x7fcd6c1997b0 unknown :-1 s=CLOSED pgs=70 cs=0 l=1 rev1=1 crypto rx=0 tx=0 comp rx=0 tx=0).stop
2024-02-20T08:12:39.235 INFO:teuthology.orchestra.run.smithi145.stdout:/usr/bin/ceph: stderr
2024-02-20T08:12:38.481+0000 7fcd72773700 1 -- 172.21.15.145:0/2390971875 >> 172.21.15.145:0/2390971875 conn(0x7fcd6c0fff10 msgr2=0x7fcd6c101610 unknown :-1 s=STATE_NONE l=0).mark_down
2024-02-20T08:12:39.235 INFO:teuthology.orchestra.run.smithi145.stdout:/usr/bin/ceph: stderr
2024-02-20T08:12:38.481+0000 7fcd72773700 1 -- 172.21.15.145:0/2390971875 shutdown_connections
2024-02-20T08:12:39.235 INFO:teuthology.orchestra.run.smithi145.stdout:/usr/bin/ceph: stderr
2024-02-20T08:12:38.481+0000 7fcd72773700 1 -- 172.21.15.145:0/2390971875 wait complete.
2024-02-20T08:12:39.235 INFO:teuthology.orchestra.run.smithi145.stdout:Waiting for the mgr to restart...
2024-02-20T08:12:39.235 INFO:teuthology.orchestra.run.smithi145.stdout:Waiting for mgr epoch 9...
2024-02-20T08:12:39.372 INFO:journalctl@ceph.mon.smithi145.smithi145.stdout:Feb 20 08:12:39 smithi145 ceph-mon[29099]: from='client.? 172.21.15.145:0/2390971875' entity='client.admin' cmd=[{"prefix": "mgr stat"}]: dispatch
2024-02-20T08:12:44.301 INFO:journalctl@ceph.mon.smithi145.smithi145.stdout:Feb 20 08:12:44 smithi145 ceph-mon[29099]: Active manager daemon smithi145.wvpxez restarted
2024-02-20T08:12:44.302 INFO:journalctl@ceph.mon.smithi145.smithi145.stdout:Feb 20 08:12:44 smithi145 ceph-mon[29099]: Activating manager daemon smithi145.wvpxez
2024-02-20T08:12:44.302 INFO:journalctl@ceph.mon.smithi145.smithi145.stdout:Feb 20 08:12:44 smithi145 ceph-mon[29099]: osdmap e3: 0 total, 0 up, 0 in
2024-02-20T08:12:44.302 INFO:journalctl@ceph.mon.smithi145.smithi145.stdout:Feb 20 08:12:44 smithi145 ceph-mon[29099]: mgrmap e10: smithi145.wvpxez(active, starting, since 0.00396448s)
2024-02-20T08:12:44.302 INFO:journalctl@ceph.mon.smithi145.smithi145.stdout:Feb 20 08:12:44 smithi145 ceph-mon[29099]: from='mgr.14162 172.21.15.145:0/1213183237' entity='mgr.smithi145.wvpxez' cmd=[{"prefix": "mon metadata", "id": "smithi145"}]: dispatch
2024-02-20T08:12:44.302 INFO:journalctl@ceph.mon.smithi145.smithi145.stdout:Feb 20 08:12:44 smithi145 ceph-mon[29099]: from='mgr.14162 172.21.15.145:0/1213183237' entity='mgr.smithi145.wvpxez' cmd=[{"prefix": "mgr metadata", "who": "smithi145.wvpxez", "id": "smithi145.wvpxez"}]: dispatch
2024-02-20T08:12:44.302 INFO:journalctl@ceph.mon.smithi145.smithi145.stdout:Feb 20 08:12:44 smithi145 ceph-mon[29099]: from='mgr.14162 172.21.15.145:0/1213183237' entity='mgr.smithi145.wvpxez' cmd=[{"prefix": "mds metadata"}]: dispatch
2024-02-20T08:12:44.302 INFO:journalctl@ceph.mon.smithi145.smithi145.stdout:Feb 20 08:12:44 smithi145 ceph-mon[29099]: from='mgr.14162 172.21.15.145:0/1213183237' entity='mgr.smithi145.wvpxez' cmd=[{"prefix": "osd metadata"}]: dispatch
2024-02-20T08:12:44.302 INFO:journalctl@ceph.mon.smithi145.smithi145.stdout:Feb 20 08:12:44 smithi145 ceph-mon[29099]: from='mgr.14162 172.21.15.145:0/1213183237' entity='mgr.smithi145.wvpxez' cmd=[{"prefix": "mon metadata"}]: dispatch
2024-02-20T08:12:44.303 INFO:journalctl@ceph.mon.smithi145.smithi145.stdout:Feb 20 08:12:44 smithi145 ceph-mon[29099]: Manager daemon smithi145.wvpxez is now available
2024-02-20T08:12:44.303 INFO:journalctl@ceph.mon.smithi145.smithi145.stdout:Feb 20 08:12:44 smithi145 ceph-mon[29099]: from='mgr.14162 172.21.15.145:0/1213183237' entity='mgr.smithi145.wvpxez' cmd=[{"prefix": "config dump", "format": "json"}]: dispatch
2024-02-20T08:12:44.303 INFO:journalctl@ceph.mon.smithi145.smithi145.stdout:Feb 20 08:12:44 smithi145 ceph-mon[29099]: from='mgr.14162 172.21.15.145:0/1213183237' entity='mgr.smithi145.wvpxez' cmd=[{"prefix": "config dump", "format": "json"}]: dispatch
2024-02-20T08:12:44.303 INFO:journalctl@ceph.mon.smithi145.smithi145.stdout:Feb 20 08:12:44 smithi145 ceph-mon[29099]: from='mgr.14162 172.21.15.145:0/1213183237' entity='mgr.smithi145.wvpxez' cmd=[{"prefix":"config rm","who":"mgr","name":"mgr/rbd_support/smithi145.wvpxez/mirror_snapshot_schedule"}]: dispatch
2024-02-20T08:12:44.303 INFO:journalctl@ceph.mon.smithi145.smithi145.stdout:Feb 20 08:12:44 smithi145 ceph-mon[29099]: from='mgr.14162 172.21.15.145:0/1213183237' entity='mgr.smithi145.wvpxez' cmd=[{"prefix":"config rm","who":"mgr","name":"mgr/rbd_support/smithi145.wvpxez/trash_purge_schedule"}]: dispatch
2024-02-20T08:12:45.230 INFO:journalctl@ceph.mon.smithi145.smithi145.stdout:Feb 20 08:12:45 smithi145 ceph-mon[29099]: [20/Feb/2024:08:12:44] ENGINE Bus STARTING
2024-02-20T08:12:45.230 INFO:journalctl@ceph.mon.smithi145.smithi145.stdout:Feb 20 08:12:45 smithi145 ceph-mon[29099]: mgrmap e11: smithi145.wvpxez(active, since 1.00577s)
2024-02-20T08:12:45.533 INFO:teuthology.orchestra.run.smithi145.stdout:/usr/bin/ceph: stdout {
2024-02-20T08:12:45.533 INFO:teuthology.orchestra.run.smithi145.stdout:/usr/bin/ceph: stdout "mgrmap_epoch": 11,
2024-02-20T08:12:45.533 INFO:teuthology.orchestra.run.smithi145.stdout:/usr/bin/ceph: stdout "initialized": true
2024-02-20T08:12:45.533 INFO:teuthology.orchestra.run.smithi145.stdout:/usr/bin/ceph: stdout }
2024-02-20T08:12:45.533 INFO:teuthology.orchestra.run.smithi145.stdout:/usr/bin/ceph: stderr
2024-02-20T08:12:39.699+0000 7f41c841c700 1 Processor -- start
2024-02-20T08:12:45.533 INFO:teuthology.orchestra.run.smithi145.stdout:/usr/bin/ceph: stderr
2024-02-20T08:12:39.699+0000 7f41c841c700 1 -- start start
2024-02-20T08:12:45.533 INFO:teuthology.orchestra.run.smithi145.stdout:/usr/bin/ceph: stderr
2024-02-20T08:12:39.700+0000 7f41c841c700 1 --2- >> [v2:172.21.15.145:3300/0,v1:172.21.15.145:6789/0] conn(0x7f41c0079cd0 0x7f41c010a950 unknown :-1 s=NONE pgs=0 cs=0 l=0 rev1=0 crypto rx=0 tx=0 comp rx=0 tx=0).connect
2024-02-20T08:12:45.534 INFO:teuthology.orchestra.run.smithi145.stdout:/usr/bin/ceph: stderr
2024-02-20T08:12:39.700+0000 7f41c841c700 1 -- --> [v2:172.21.15.145:3300/0,v1:172.21.15.145:6789/0] -- mon_getmap magic: 0 v1 -- 0x7f41c0106340 con 0x7f41c0079cd0
2024-02-20T08:12:45.534 INFO:teuthology.orchestra.run.smithi145.stdout:/usr/bin/ceph: stderr
2024-02-20T08:12:39.700+0000 7f41c61b8700 1 --2- >> [v2:172.21.15.145:3300/0,v1:172.21.15.145:6789/0] conn(0x7f41c0079cd0 0x7f41c010a950 unknown :-1 s=BANNER_CONNECTING pgs=0 cs=0 l=0 rev1=0 crypto rx=0 tx=0 comp rx=0 tx=0)._handle_peer_banner_payload supported=3 required=0
2024-02-20T08:12:45.534 INFO:teuthology.orchestra.run.smithi145.stdout:/usr/bin/ceph: stderr
2024-02-20T08:12:39.700+0000 7f41c61b8700 1 --2- >> [v2:172.21.15.145:3300/0,v1:172.21.15.145:6789/0] conn(0x7f41c0079cd0 0x7f41c010a950 unknown :-1 s=HELLO_CONNECTING pgs=0 cs=0 l=0 rev1=1 crypto rx=0 tx=0 comp rx=0 tx=0).handle_hello peer v2:172.21.15.145:3300/0 says I am v2:172.21.15.145:43256/0 (socket says 172.21.15.145:43256)
2024-02-20T08:12:45.534 INFO:teuthology.orchestra.run.smithi145.stdout:/usr/bin/ceph: stderr
2024-02-20T08:12:39.700+0000 7f41c61b8700 1 -- 172.21.15.145:0/3878751286 learned_addr learned my addr 172.21.15.145:0/3878751286 (peer_addr_for_me v2:172.21.15.145:0/0)
2024-02-20T08:12:45.534 INFO:teuthology.orchestra.run.smithi145.stdout:/usr/bin/ceph: stderr
2024-02-20T08:12:39.700+0000 7f41c61b8700 1 -- 172.21.15.145:0/3878751286 --> [v2:172.21.15.145:3300/0,v1:172.21.15.145:6789/0] -- mon_subscribe({config=0+,monmap=0+}) v3 -- 0x7f41c010ae90 con 0x7f41c0079cd0
2024-02-20T08:12:45.534 INFO:teuthology.orchestra.run.smithi145.stdout:/usr/bin/ceph: stderr
2024-02-20T08:12:39.700+0000 7f41c61b8700 1 --2- 172.21.15.145:0/3878751286 >> [v2:172.21.15.145:3300/0,v1:172.21.15.145:6789/0] conn(0x7f41c0079cd0 0x7f41c010a950 secure :-1 s=READY pgs=71 cs=0 l=1 rev1=1 crypto rx=0x7f41bc0098a0 tx=0x7f41bc009bb0 comp rx=0 tx=0).ready entity=mon.0 client_cookie=77093f48241026ce server_cookie=0 in_seq=0 out_seq=0
2024-02-20T08:12:45.534 INFO:teuthology.orchestra.run.smithi145.stdout:/usr/bin/ceph: stderr
2024-02-20T08:12:39.700+0000 7f41c51b6700 1 -- 172.21.15.145:0/3878751286 <== mon.0 v2:172.21.15.145:3300/0 1 ==== mon_map magic: 0 v1 ==== 229+0+0 (secure 0 0 0) 0x7f41bc004180 con 0x7f41c0079cd0
2024-02-20T08:12:45.534 INFO:teuthology.orchestra.run.smithi145.stdout:/usr/bin/ceph: stderr
2024-02-20T08:12:39.700+0000 7f41c51b6700 1 -- 172.21.15.145:0/3878751286 <== mon.0 v2:172.21.15.145:3300/0 2 ==== config(27 keys) v1 ==== 1101+0+0 (secure 0 0 0) 0x7f41bc0042e0 con 0x7f41c0079cd0
2024-02-20T08:12:45.534 INFO:teuthology.orchestra.run.smithi145.stdout:/usr/bin/ceph: stderr
2024-02-20T08:12:39.701+0000 7f41c51b6700 1 -- 172.21.15.145:0/3878751286 <== mon.0 v2:172.21.15.145:3300/0 3 ==== mon_map magic: 0 v1 ==== 229+0+0 (secure 0 0 0) 0x7f41bc011af0 con 0x7f41c0079cd0
2024-02-20T08:12:45.534 INFO:teuthology.orchestra.run.smithi145.stdout:/usr/bin/ceph: stderr
2024-02-20T08:12:39.701+0000 7f41c841c700 1 -- 172.21.15.145:0/3878751286 >> [v2:172.21.15.145:3300/0,v1:172.21.15.145:6789/0] conn(0x7f41c0079cd0 msgr2=0x7f41c010a950 secure :-1 s=STATE_CONNECTION_ESTABLISHED l=1).mark_down
2024-02-20T08:12:45.534 INFO:teuthology.orchestra.run.smithi145.stdout:/usr/bin/ceph: stderr
2024-02-20T08:12:39.701+0000 7f41c841c700 1 --2- 172.21.15.145:0/3878751286 >> [v2:172.21.15.145:3300/0,v1:172.21.15.145:6789/0] conn(0x7f41c0079cd0 0x7f41c010a950 secure :-1 s=READY pgs=71 cs=0 l=1 rev1=1 crypto rx=0x7f41bc0098a0 tx=0x7f41bc009bb0 comp rx=0 tx=0).stop
2024-02-20T08:12:45.534 INFO:teuthology.orchestra.run.smithi145.stdout:/usr/bin/ceph: stderr
2024-02-20T08:12:39.701+0000 7f41c841c700 1 -- 172.21.15.145:0/3878751286 shutdown_connections
2024-02-20T08:12:45.534 INFO:teuthology.orchestra.run.smithi145.stdout:/usr/bin/ceph: stderr
2024-02-20T08:12:39.701+0000 7f41c841c700 1 --2- 172.21.15.145:0/3878751286 >> [v2:172.21.15.145:3300/0,v1:172.21.15.145:6789/0] conn(0x7f41c0079cd0 0x7f41c010a950 unknown :-1 s=CLOSED pgs=71 cs=0 l=1 rev1=1 crypto rx=0 tx=0 comp rx=0 tx=0).stop
2024-02-20T08:12:45.535 INFO:teuthology.orchestra.run.smithi145.stdout:/usr/bin/ceph: stderr
2024-02-20T08:12:39.701+0000 7f41c841c700 1 -- 172.21.15.145:0/3878751286 >> 172.21.15.145:0/3878751286 conn(0x7f41c00ffee0 msgr2=0x7f41c0102330 unknown :-1 s=STATE_NONE l=0).mark_down
2024-02-20T08:12:45.535 INFO:teuthology.orchestra.run.smithi145.stdout:/usr/bin/ceph: stderr
2024-02-20T08:12:39.701+0000 7f41c841c700 1 -- 172.21.15.145:0/3878751286 shutdown_connections
2024-02-20T08:12:45.535 INFO:teuthology.orchestra.run.smithi145.stdout:/usr/bin/ceph: stderr
2024-02-20T08:12:39.701+0000 7f41c841c700 1 -- 172.21.15.145:0/3878751286 wait complete.
2024-02-20T08:12:45.535 INFO:teuthology.orchestra.run.smithi145.stdout:/usr/bin/ceph: stderr
2024-02-20T08:12:39.702+0000 7f41c841c700 1 Processor -- start
2024-02-20T08:12:45.535 INFO:teuthology.orchestra.run.smithi145.stdout:/usr/bin/ceph: stderr
2024-02-20T08:12:39.702+0000 7f41c841c700 1 -- start start
2024-02-20T08:12:45.535 INFO:teuthology.orchestra.run.smithi145.stdout:/usr/bin/ceph: stderr
2024-02-20T08:12:39.702+0000 7f41c841c700 1 --2- >> [v2:172.21.15.145:3300/0,v1:172.21.15.145:6789/0] conn(0x7f41c019b910 0x7f41c019bd20 unknown :-1 s=NONE pgs=0 cs=0 l=1 rev1=0 crypto rx=0 tx=0 comp rx=0 tx=0).connect
2024-02-20T08:12:45.535 INFO:teuthology.orchestra.run.smithi145.stdout:/usr/bin/ceph: stderr
2024-02-20T08:12:39.702+0000 7f41c841c700 1 -- --> [v2:172.21.15.145:3300/0,v1:172.21.15.145:6789/0] -- mon_getmap magic: 0 v1 -- 0x7f41c019c260 con 0x7f41c019b910
2024-02-20T08:12:45.535 INFO:teuthology.orchestra.run.smithi145.stdout:/usr/bin/ceph: stderr
2024-02-20T08:12:39.702+0000 7f41c61b8700 1 --2- >> [v2:172.21.15.145:3300/0,v1:172.21.15.145:6789/0] conn(0x7f41c019b910 0x7f41c019bd20 unknown :-1 s=BANNER_CONNECTING pgs=0 cs=0 l=1 rev1=0 crypto rx=0 tx=0 comp rx=0 tx=0)._handle_peer_banner_payload supported=3 required=0
2024-02-20T08:12:45.535 INFO:teuthology.orchestra.run.smithi145.stdout:/usr/bin/ceph: stderr
2024-02-20T08:12:39.702+0000 7f41c61b8700 1 --2- >> [v2:172.21.15.145:3300/0,v1:172.21.15.145:6789/0] conn(0x7f41c019b910 0x7f41c019bd20 unknown :-1 s=HELLO_CONNECTING pgs=0 cs=0 l=1 rev1=1 crypto rx=0 tx=0 comp rx=0 tx=0).handle_hello peer v2:172.21.15.145:3300/0 says I am v2:172.21.15.145:43266/0 (socket says 172.21.15.145:43266)
2024-02-20T08:12:45.535 INFO:teuthology.orchestra.run.smithi145.stdout:/usr/bin/ceph: stderr
2024-02-20T08:12:39.702+0000 7f41c61b8700 1 -- 172.21.15.145:0/3947825804 learned_addr learned my addr 172.21.15.145:0/3947825804 (peer_addr_for_me v2:172.21.15.145:0/0)
2024-02-20T08:12:45.535 INFO:teuthology.orchestra.run.smithi145.stdout:/usr/bin/ceph: stderr
2024-02-20T08:12:39.702+0000 7f41c61b8700 1 -- 172.21.15.145:0/3947825804 --> [v2:172.21.15.145:3300/0,v1:172.21.15.145:6789/0] -- mon_subscribe({config=0+,monmap=0+}) v3 -- 0x7f41bc009550 con 0x7f41c019b910
2024-02-20T08:12:45.535 INFO:teuthology.orchestra.run.smithi145.stdout:/usr/bin/ceph: stderr
2024-02-20T08:12:39.703+0000 7f41c61b8700 1 --2- 172.21.15.145:0/3947825804 >> [v2:172.21.15.145:3300/0,v1:172.21.15.145:6789/0] conn(0x7f41c019b910 0x7f41c019bd20 secure :-1 s=READY pgs=72 cs=0 l=1 rev1=1 crypto rx=0x7f41bc011670 tx=0x7f41bc011aa0 comp rx=0 tx=0).ready entity=mon.0 client_cookie=0 server_cookie=0 in_seq=0 out_seq=0
2024-02-20T08:12:45.535 INFO:teuthology.orchestra.run.smithi145.stdout:/usr/bin/ceph: stderr
2024-02-20T08:12:39.703+0000 7f41b77fe700 1 -- 172.21.15.145:0/3947825804 <== mon.0 v2:172.21.15.145:3300/0 1 ==== mon_map magic: 0 v1 ==== 229+0+0 (secure 0 0 0) 0x7f41bc0039c0 con 0x7f41c019b910
2024-02-20T08:12:45.535 INFO:teuthology.orchestra.run.smithi145.stdout:/usr/bin/ceph: stderr
2024-02-20T08:12:39.703+0000 7f41b77fe700 1 -- 172.21.15.145:0/3947825804 <== mon.0 v2:172.21.15.145:3300/0 2 ==== config(27 keys) v1 ==== 1101+0+0 (secure 0 0 0) 0x7f41bc003b20 con 0x7f41c019b910
2024-02-20T08:12:45.535 INFO:teuthology.orchestra.run.smithi145.stdout:/usr/bin/ceph: stderr
2024-02-20T08:12:39.703+0000 7f41b77fe700 1 -- 172.21.15.145:0/3947825804 <== mon.0 v2:172.21.15.145:3300/0 3 ==== mon_map magic: 0 v1 ==== 229+0+0 (secure 0 0 0) 0x7f41bc0247f0 con 0x7f41c019b910
2024-02-20T08:12:45.536 INFO:teuthology.orchestra.run.smithi145.stdout:/usr/bin/ceph: stderr
2024-02-20T08:12:39.703+0000 7f41c841c700 1 -- 172.21.15.145:0/3947825804 --> [v2:172.21.15.145:3300/0,v1:172.21.15.145:6789/0] -- mon_subscribe({mgrmap=0+}) v3 -- 0x7f41c019c460 con 0x7f41c019b910
2024-02-20T08:12:45.536 INFO:teuthology.orchestra.run.smithi145.stdout:/usr/bin/ceph: stderr
2024-02-20T08:12:39.703+0000 7f41c841c700 1 -- 172.21.15.145:0/3947825804 --> [v2:172.21.15.145:3300/0,v1:172.21.15.145:6789/0] -- mon_subscribe({osdmap=0}) v3 -- 0x7f41c019f0c0 con 0x7f41c019b910
2024-02-20T08:12:45.536 INFO:teuthology.orchestra.run.smithi145.stdout:/usr/bin/ceph: stderr
2024-02-20T08:12:39.704+0000 7f41b77fe700 1 -- 172.21.15.145:0/3947825804 <== mon.0 v2:172.21.15.145:3300/0 4 ==== mgrmap(e 9) v1 ==== 45097+0+0 (secure 0 0 0) 0x7f41bc01ac70 con 0x7f41c019b910
2024-02-20T08:12:45.536 INFO:teuthology.orchestra.run.smithi145.stdout:/usr/bin/ceph: stderr
2024-02-20T08:12:39.704+0000 7f41b77fe700 1 --2- 172.21.15.145:0/3947825804 >> [v2:172.21.15.145:6800/402050778,v1:172.21.15.145:6801/402050778] conn(0x7f41ac038450 0x7f41ac03a900 unknown :-1 s=NONE pgs=0 cs=0 l=1 rev1=0 crypto rx=0 tx=0 comp rx=0 tx=0).connect
2024-02-20T08:12:45.536 INFO:teuthology.orchestra.run.smithi145.stdout:/usr/bin/ceph: stderr
2024-02-20T08:12:39.704+0000 7f41b77fe700 1 -- 172.21.15.145:0/3947825804 --> [v2:172.21.15.145:6800/402050778,v1:172.21.15.145:6801/402050778] -- command(tid 0: {"prefix": "get_command_descriptions"}) v1 -- 0x7f41ac03b010 con 0x7f41ac038450
2024-02-20T08:12:45.536 INFO:teuthology.orchestra.run.smithi145.stdout:/usr/bin/ceph: stderr
2024-02-20T08:12:39.704+0000 7f41c59b7700 1 -- 172.21.15.145:0/3947825804 >> [v2:172.21.15.145:6800/402050778,v1:172.21.15.145:6801/402050778] conn(0x7f41ac038450 msgr2=0x7f41ac03a900 unknown :-1 s=STATE_CONNECTING_RE l=1).process reconnect failed to v2:172.21.15.145:6800/402050778
2024-02-20T08:12:45.536 INFO:teuthology.orchestra.run.smithi145.stdout:/usr/bin/ceph: stderr
2024-02-20T08:12:39.705+0000 7f41b77fe700 1 -- 172.21.15.145:0/3947825804 <== mon.0 v2:172.21.15.145:3300/0 5 ==== osd_map(2..2 src has 1..2) v4 ==== 940+0+0 (secure 0 0 0) 0x7f41bc04c330 con 0x7f41c019b910
2024-02-20T08:12:45.536 INFO:teuthology.orchestra.run.smithi145.stdout:/usr/bin/ceph: stderr
2024-02-20T08:12:39.705+0000 7f41c59b7700 1 --2- 172.21.15.145:0/3947825804 >> [v2:172.21.15.145:6800/402050778,v1:172.21.15.145:6801/402050778] conn(0x7f41ac038450 0x7f41ac03a900 unknown :-1 s=START_CONNECT pgs=0 cs=0 l=1 rev1=0 crypto rx=0 tx=0 comp rx=0 tx=0)._fault waiting 0.200000
2024-02-20T08:12:45.536 INFO:teuthology.orchestra.run.smithi145.stdout:/usr/bin/ceph: stderr
2024-02-20T08:12:39.906+0000 7f41c59b7700 1 -- 172.21.15.145:0/3947825804 >> [v2:172.21.15.145:6800/402050778,v1:172.21.15.145:6801/402050778] conn(0x7f41ac038450 msgr2=0x7f41ac03a900 unknown :-1 s=STATE_CONNECTING_RE l=1).process reconnect failed to v2:172.21.15.145:6800/402050778
2024-02-20T08:12:45.536 INFO:teuthology.orchestra.run.smithi145.stdout:/usr/bin/ceph: stderr
2024-02-20T08:12:39.906+0000 7f41c59b7700 1 --2- 172.21.15.145:0/3947825804 >> [v2:172.21.15.145:6800/402050778,v1:172.21.15.145:6801/402050778] conn(0x7f41ac038450 0x7f41ac03a900 unknown :-1 s=START_CONNECT pgs=0 cs=0 l=1 rev1=0 crypto rx=0 tx=0 comp rx=0 tx=0)._fault waiting 0.400000
2024-02-20T08:12:45.536 INFO:teuthology.orchestra.run.smithi145.stdout:/usr/bin/ceph: stderr
2024-02-20T08:12:40.307+0000 7f41c59b7700 1 -- 172.21.15.145:0/3947825804 >> [v2:172.21.15.145:6800/402050778,v1:172.21.15.145:6801/402050778] conn(0x7f41ac038450 msgr2=0x7f41ac03a900 unknown :-1 s=STATE_CONNECTING_RE l=1).process reconnect failed to v2:172.21.15.145:6800/402050778
2024-02-20T08:12:45.536 INFO:teuthology.orchestra.run.smithi145.stdout:/usr/bin/ceph: stderr
2024-02-20T08:12:40.307+0000 7f41c59b7700 1 --2- 172.21.15.145:0/3947825804 >> [v2:172.21.15.145:6800/402050778,v1:172.21.15.145:6801/402050778] conn(0x7f41ac038450 0x7f41ac03a900 unknown :-1 s=START_CONNECT pgs=0 cs=0 l=1 rev1=0 crypto rx=0 tx=0 comp rx=0 tx=0)._fault waiting 0.800000
2024-02-20T08:12:45.536 INFO:teuthology.orchestra.run.smithi145.stdout:/usr/bin/ceph: stderr
2024-02-20T08:12:41.108+0000 7f41c59b7700 1 -- 172.21.15.145:0/3947825804 >> [v2:172.21.15.145:6800/402050778,v1:172.21.15.145:6801/402050778] conn(0x7f41ac038450 msgr2=0x7f41ac03a900 unknown :-1 s=STATE_CONNECTING_RE l=1).process reconnect failed to v2:172.21.15.145:6800/402050778
2024-02-20T08:12:45.537 INFO:teuthology.orchestra.run.smithi145.stdout:/usr/bin/ceph: stderr
2024-02-20T08:12:41.108+0000 7f41c59b7700 1 --2- 172.21.15.145:0/3947825804 >> [v2:172.21.15.145:6800/402050778,v1:172.21.15.145:6801/402050778] conn(0x7f41ac038450 0x7f41ac03a900 unknown :-1 s=START_CONNECT pgs=0 cs=0 l=1 rev1=0 crypto rx=0 tx=0 comp rx=0 tx=0)._fault waiting 1.600000
2024-02-20T08:12:45.537 INFO:teuthology.orchestra.run.smithi145.stdout:/usr/bin/ceph: stderr
2024-02-20T08:12:42.709+0000 7f41c59b7700 1 -- 172.21.15.145:0/3947825804 >> [v2:172.21.15.145:6800/402050778,v1:172.21.15.145:6801/402050778] conn(0x7f41ac038450 msgr2=0x7f41ac03a900 unknown :-1 s=STATE_CONNECTING_RE l=1).process reconnect failed to v2:172.21.15.145:6800/402050778
2024-02-20T08:12:45.537 INFO:teuthology.orchestra.run.smithi145.stdout:/usr/bin/ceph: stderr
2024-02-20T08:12:42.709+0000 7f41c59b7700 1 --2- 172.21.15.145:0/3947825804 >> [v2:172.21.15.145:6800/402050778,v1:172.21.15.145:6801/402050778] conn(0x7f41ac038450 0x7f41ac03a900 unknown :-1 s=START_CONNECT pgs=0 cs=0 l=1 rev1=0 crypto rx=0 tx=0 comp rx=0 tx=0)._fault waiting 3.200000
2024-02-20T08:12:45.537 INFO:teuthology.orchestra.run.smithi145.stdout:/usr/bin/ceph: stderr
2024-02-20T08:12:43.846+0000 7f41b77fe700 1 -- 172.21.15.145:0/3947825804 <== mon.0 v2:172.21.15.145:3300/0 6 ==== mgrmap(e 10) v1 ==== 44864+0+0 (secure 0 0 0) 0x7f41bc01a950 con 0x7f41c019b910
2024-02-20T08:12:45.537 INFO:teuthology.orchestra.run.smithi145.stdout:/usr/bin/ceph: stderr
2024-02-20T08:12:43.846+0000 7f41b77fe700 1 -- 172.21.15.145:0/3947825804 >> [v2:172.21.15.145:6800/402050778,v1:172.21.15.145:6801/402050778] conn(0x7f41ac038450 msgr2=0x7f41ac03a900 unknown :-1 s=STATE_CONNECTING l=1).mark_down
2024-02-20T08:12:45.537 INFO:teuthology.orchestra.run.smithi145.stdout:/usr/bin/ceph: stderr
2024-02-20T08:12:43.846+0000 7f41b77fe700 1 --2- 172.21.15.145:0/3947825804 >> [v2:172.21.15.145:6800/402050778,v1:172.21.15.145:6801/402050778] conn(0x7f41ac038450 0x7f41ac03a900 unknown :-1 s=START_CONNECT pgs=0 cs=0 l=1 rev1=0 crypto rx=0 tx=0 comp rx=0 tx=0).stop
2024-02-20T08:12:45.537 INFO:teuthology.orchestra.run.smithi145.stdout:/usr/bin/ceph: stderr
2024-02-20T08:12:44.846+0000 7f41b77fe700 1 -- 172.21.15.145:0/3947825804 <== mon.0 v2:172.21.15.145:3300/0 7 ==== mgrmap(e 11) v1 ==== 44991+0+0 (secure 0 0 0) 0x7f41bc02ab70 con 0x7f41c019b910
2024-02-20T08:12:45.537 INFO:teuthology.orchestra.run.smithi145.stdout:/usr/bin/ceph: stderr
2024-02-20T08:12:44.846+0000 7f41b77fe700 1 --2- 172.21.15.145:0/3947825804 >> [v2:172.21.15.145:6800/1012465197,v1:172.21.15.145:6801/1012465197] conn(0x7f41ac03bf00 0x7f41ac03e2e0 unknown :-1 s=NONE pgs=0 cs=0 l=1 rev1=0 crypto rx=0 tx=0 comp rx=0 tx=0).connect
2024-02-20T08:12:45.537 INFO:teuthology.orchestra.run.smithi145.stdout:/usr/bin/ceph: stderr
2024-02-20T08:12:44.846+0000 7f41b77fe700 1 -- 172.21.15.145:0/3947825804 --> [v2:172.21.15.145:6800/1012465197,v1:172.21.15.145:6801/1012465197] -- command(tid 0: {"prefix": "get_command_descriptions"}) v1 -- 0x7f41ac03b010 con 0x7f41ac03bf00
2024-02-20T08:12:45.537 INFO:teuthology.orchestra.run.smithi145.stdout:/usr/bin/ceph: stderr
2024-02-20T08:12:44.847+0000 7f41c59b7700 1 --2- 172.21.15.145:0/3947825804 >> [v2:172.21.15.145:6800/1012465197,v1:172.21.15.145:6801/1012465197] conn(0x7f41ac03bf00 0x7f41ac03e2e0 unknown :-1 s=BANNER_CONNECTING pgs=0 cs=0 l=1 rev1=0 crypto rx=0 tx=0 comp rx=0 tx=0)._handle_peer_banner_payload supported=3 required=0
2024-02-20T08:12:45.537 INFO:teuthology.orchestra.run.smithi145.stdout:/usr/bin/ceph: stderr
2024-02-20T08:12:44.847+0000 7f41c59b7700 1 --2- 172.21.15.145:0/3947825804 >> [v2:172.21.15.145:6800/1012465197,v1:172.21.15.145:6801/1012465197] conn(0x7f41ac03bf00 0x7f41ac03e2e0 secure :-1 s=READY pgs=1 cs=0 l=1 rev1=1 crypto rx=0x7f41b0003a10 tx=0x7f41b0009270 comp rx=0 tx=0).ready entity=mgr.14162 client_cookie=0 server_cookie=0 in_seq=0 out_seq=0
2024-02-20T08:12:45.537 INFO:teuthology.orchestra.run.smithi145.stdout:/usr/bin/ceph: stderr
2024-02-20T08:12:44.848+0000 7f41b77fe700 1 -- 172.21.15.145:0/3947825804 <== mgr.14162 v2:172.21.15.145:6800/1012465197 1 ==== command_reply(tid 0: 0 ) v1 ==== 8+0+6910 (secure 0 0 0) 0x7f41ac03b010 con 0x7f41ac03bf00
2024-02-20T08:12:45.537 INFO:teuthology.orchestra.run.smithi145.stdout:/usr/bin/ceph: stderr
2024-02-20T08:12:44.855+0000 7f41c841c700 1 -- 172.21.15.145:0/3947825804 --> [v2:172.21.15.145:6800/1012465197,v1:172.21.15.145:6801/1012465197] -- command(tid 1: {"prefix": "mgr_status"}) v1 -- 0x7f41c019cc90 con 0x7f41ac03bf00
2024-02-20T08:12:45.537 INFO:teuthology.orchestra.run.smithi145.stdout:/usr/bin/ceph: stderr
2024-02-20T08:12:44.855+0000 7f41b77fe700 1 -- 172.21.15.145:0/3947825804 <== mgr.14162 v2:172.21.15.145:6800/1012465197 2 ==== command_reply(tid 1: 0 ) v1 ==== 8+0+52 (secure 0 0 0) 0x7f41c019cc90 con 0x7f41ac03bf00
2024-02-20T08:12:45.538 INFO:teuthology.orchestra.run.smithi145.stdout:/usr/bin/ceph: stderr
2024-02-20T08:12:44.855+0000 7f41c841c700 1 -- 172.21.15.145:0/3947825804 >> [v2:172.21.15.145:6800/1012465197,v1:172.21.15.145:6801/1012465197] conn(0x7f41ac03bf00 msgr2=0x7f41ac03e2e0 secure :-1 s=STATE_CONNECTION_ESTABLISHED l=1).mark_down
2024-02-20T08:12:45.538 INFO:teuthology.orchestra.run.smithi145.stdout:/usr/bin/ceph: stderr
2024-02-20T08:12:44.855+0000 7f41c841c700 1 --2- 172.21.15.145:0/3947825804 >> [v2:172.21.15.145:6800/1012465197,v1:172.21.15.145:6801/1012465197] conn(0x7f41ac03bf00 0x7f41ac03e2e0 secure :-1 s=READY pgs=1 cs=0 l=1 rev1=1 crypto rx=0x7f41b0003a10 tx=0x7f41b0009270 comp rx=0 tx=0).stop
2024-02-20T08:12:45.538 INFO:teuthology.orchestra.run.smithi145.stdout:/usr/bin/ceph: stderr
2024-02-20T08:12:44.855+0000 7f41c841c700 1 -- 172.21.15.145:0/3947825804 >> [v2:172.21.15.145:3300/0,v1:172.21.15.145:6789/0] conn(0x7f41c019b910 msgr2=0x7f41c019bd20 secure :-1 s=STATE_CONNECTION_ESTABLISHED l=1).mark_down
2024-02-20T08:12:45.538 INFO:teuthology.orchestra.run.smithi145.stdout:/usr/bin/ceph: stderr
