2024-02-20T08:24:33.002+0000 7f253a7fc700 1 -- 172.21.15.80:0/3368307620 <== mon.0 v2:172.21.15.80:3300/0 6 ==== mon_command_ack([{"prefix": "get_command_descriptions"}]=0 v0) v1 ==== 72+0+175031 (secure 0 0 0) 0x7f2534018940 con 0x7f2544101670
2024-02-20T08:24:34.211 INFO:teuthology.orchestra.run.smithi080.stdout:/usr/bin/ceph: stderr
2024-02-20T08:24:33.182+0000 7f254bca2700 1 -- 172.21.15.80:0/3368307620 --> [v2:172.21.15.80:6800/2109027064,v1:172.21.15.80:6801/2109027064] -- mgr_command(tid 0: {"prefix": "cephadm generate-key", "target": ["mon-mgr", ""]}) v1 -- 0x7f25440ff090 con 0x7f2530036770
2024-02-20T08:24:34.211 INFO:teuthology.orchestra.run.smithi080.stdout:/usr/bin/ceph: stderr
2024-02-20T08:24:33.592+0000 7f253a7fc700 1 -- 172.21.15.80:0/3368307620 <== mgr.14120 v2:172.21.15.80:6800/2109027064 1 ==== mgr_command_reply(tid 0: 0 ) v1 ==== 8+0+0 (secure 0 0 0) 0x7f25440ff090 con 0x7f2530036770
2024-02-20T08:24:34.211 INFO:teuthology.orchestra.run.smithi080.stdout:/usr/bin/ceph: stderr
2024-02-20T08:24:33.594+0000 7f254bca2700 1 -- 172.21.15.80:0/3368307620 >> [v2:172.21.15.80:6800/2109027064,v1:172.21.15.80:6801/2109027064] conn(0x7f2530036770 msgr2=0x7f2530038c20 secure :-1 s=STATE_CONNECTION_ESTABLISHED l=1).mark_down
2024-02-20T08:24:34.211 INFO:teuthology.orchestra.run.smithi080.stdout:/usr/bin/ceph: stderr
2024-02-20T08:24:33.594+0000 7f254bca2700 1 --2- 172.21.15.80:0/3368307620 >> [v2:172.21.15.80:6800/2109027064,v1:172.21.15.80:6801/2109027064] conn(0x7f2530036770 0x7f2530038c20 secure :-1 s=READY pgs=9 cs=0 l=1 rev1=1 crypto rx=0x7f2540009990 tx=0x7f2540006e40 comp rx=0 tx=0).stop
2024-02-20T08:24:34.211 INFO:teuthology.orchestra.run.smithi080.stdout:/usr/bin/ceph: stderr
2024-02-20T08:24:33.594+0000 7f254bca2700 1 -- 172.21.15.80:0/3368307620 >> [v2:172.21.15.80:3300/0,v1:172.21.15.80:6789/0] conn(0x7f2544101670 msgr2=0x7f2544110470 secure :-1 s=STATE_CONNECTION_ESTABLISHED l=1).mark_down
2024-02-20T08:24:34.211 INFO:teuthology.orchestra.run.smithi080.stdout:/usr/bin/ceph: stderr
2024-02-20T08:24:33.594+0000 7f254bca2700 1 --2- 172.21.15.80:0/3368307620 >> [v2:172.21.15.80:3300/0,v1:172.21.15.80:6789/0] conn(0x7f2544101670 0x7f2544110470 secure :-1 s=READY pgs=42 cs=0 l=1 rev1=1 crypto rx=0x7f253400b440 tx=0x7f2534009250 comp rx=0 tx=0).stop
2024-02-20T08:24:34.211 INFO:teuthology.orchestra.run.smithi080.stdout:/usr/bin/ceph: stderr
2024-02-20T08:24:33.594+0000 7f254bca2700 1 -- 172.21.15.80:0/3368307620 shutdown_connections
2024-02-20T08:24:34.211 INFO:teuthology.orchestra.run.smithi080.stdout:/usr/bin/ceph: stderr
2024-02-20T08:24:33.594+0000 7f254bca2700 1 --2- 172.21.15.80:0/3368307620 >> [v2:172.21.15.80:6800/2109027064,v1:172.21.15.80:6801/2109027064] conn(0x7f2530036770 0x7f2530038c20 unknown :-1 s=CLOSED pgs=9 cs=0 l=1 rev1=1 crypto rx=0 tx=0 comp rx=0 tx=0).stop
2024-02-20T08:24:34.211 INFO:teuthology.orchestra.run.smithi080.stdout:/usr/bin/ceph: stderr
2024-02-20T08:24:33.594+0000 7f254bca2700 1 --2- 172.21.15.80:0/3368307620 >> [v2:172.21.15.80:3300/0,v1:172.21.15.80:6789/0] conn(0x7f2544101670 0x7f2544110470 unknown :-1 s=CLOSED pgs=42 cs=0 l=1 rev1=1 crypto rx=0 tx=0 comp rx=0 tx=0).stop
2024-02-20T08:24:34.211 INFO:teuthology.orchestra.run.smithi080.stdout:/usr/bin/ceph: stderr
2024-02-20T08:24:33.594+0000 7f254bca2700 1 -- 172.21.15.80:0/3368307620 >> 172.21.15.80:0/3368307620 conn(0x7f25440fcdd0 msgr2=0x7f25440fe470 unknown :-1 s=STATE_NONE l=0).mark_down
2024-02-20T08:24:34.211 INFO:teuthology.orchestra.run.smithi080.stdout:/usr/bin/ceph: stderr
2024-02-20T08:24:33.594+0000 7f254bca2700 1 -- 172.21.15.80:0/3368307620 shutdown_connections
2024-02-20T08:24:34.212 INFO:teuthology.orchestra.run.smithi080.stdout:/usr/bin/ceph: stderr
2024-02-20T08:24:33.594+0000 7f254bca2700 1 -- 172.21.15.80:0/3368307620 wait complete.
2024-02-20T08:24:35.307 INFO:teuthology.orchestra.run.smithi080.stdout:/usr/bin/ceph: stdout ssh-rsa AAAAB3NzaC1yc2EAAAADAQABAAABgQCmWjXyyd1yNPPf0oi3BndmMlapV6LD0XCM8UD2jVmFNC/Y/gNpnZmoTf1F6n9gf/uCD6XYu4CoEuii1y3zPoaFBZ+nEJDBUkpsCMXcWYt8nsvq7LSI4lrUPI83RZQYeZhiwY03DElCsk0FPLp2/9zeDztRzZTjKjAhp8P+qgFyTuiihnr7Y+2SNnbILWsC5Nxv9RWC96bVLoFdFg/+jsV6xDyvBHEBHNmPmG/Z0FCx5mu9gRDetdpG8e0q6wAO5+Ug/WOqFIgjPSro2f2QjwXRcZ7wOoeadBs9UXXWFaln3MmJoTnCBjS4HVVcEfN3jXoS9IsWWggVHj1neS/4qStg2bXwyOyQPZUqUDaOjuEKcjOcDbUu9UapU4sjFn9MbABFxBoyp25HpufaxJ00d9ObQV/pXAgnDCs0/LoP/TUs4W0sZotsX0UAgYRQCGdtVD5r4byJUDAQcFR+dqXX7iRKIyijb3qcOO3TKgtzlFZEmjgpDu67jPPf9u8rTfVOMn8= ceph-49984284-cfc9-11ee-95bb-87774f69a715
2024-02-20T08:24:35.307 INFO:teuthology.orchestra.run.smithi080.stdout:/usr/bin/ceph: stderr
2024-02-20T08:24:34.643+0000 7fa9bda94700 1 Processor -- start
2024-02-20T08:24:35.307 INFO:teuthology.orchestra.run.smithi080.stdout:/usr/bin/ceph: stderr
2024-02-20T08:24:34.643+0000 7fa9bda94700 1 -- start start
2024-02-20T08:24:35.307 INFO:teuthology.orchestra.run.smithi080.stdout:/usr/bin/ceph: stderr
2024-02-20T08:24:34.643+0000 7fa9bda94700 1 --2- >> [v2:172.21.15.80:3300/0,v1:172.21.15.80:6789/0] conn(0x7fa9b8102770 0x7fa9b8102b80 unknown :-1 s=NONE pgs=0 cs=0 l=0 rev1=0 crypto rx=0 tx=0 comp rx=0 tx=0).connect
2024-02-20T08:24:35.307 INFO:teuthology.orchestra.run.smithi080.stdout:/usr/bin/ceph: stderr
2024-02-20T08:24:34.643+0000 7fa9bda94700 1 -- --> [v2:172.21.15.80:3300/0,v1:172.21.15.80:6789/0] -- mon_getmap magic: 0 v1 -- 0x7fa9b81030c0 con 0x7fa9b8102770
2024-02-20T08:24:35.307 INFO:teuthology.orchestra.run.smithi080.stdout:/usr/bin/ceph: stderr
2024-02-20T08:24:34.643+0000 7fa9b77fe700 1 --2- >> [v2:172.21.15.80:3300/0,v1:172.21.15.80:6789/0] conn(0x7fa9b8102770 0x7fa9b8102b80 unknown :-1 s=BANNER_CONNECTING pgs=0 cs=0 l=0 rev1=0 crypto rx=0 tx=0 comp rx=0 tx=0)._handle_peer_banner_payload supported=3 required=0
2024-02-20T08:24:35.307 INFO:teuthology.orchestra.run.smithi080.stdout:/usr/bin/ceph: stderr
2024-02-20T08:24:34.643+0000 7fa9b77fe700 1 --2- >> [v2:172.21.15.80:3300/0,v1:172.21.15.80:6789/0] conn(0x7fa9b8102770 0x7fa9b8102b80 unknown :-1 s=HELLO_CONNECTING pgs=0 cs=0 l=0 rev1=1 crypto rx=0 tx=0 comp rx=0 tx=0).handle_hello peer v2:172.21.15.80:3300/0 says I am v2:172.21.15.80:55922/0 (socket says 172.21.15.80:55922)
2024-02-20T08:24:35.307 INFO:teuthology.orchestra.run.smithi080.stdout:/usr/bin/ceph: stderr
2024-02-20T08:24:34.643+0000 7fa9b77fe700 1 -- 172.21.15.80:0/3667343409 learned_addr learned my addr 172.21.15.80:0/3667343409 (peer_addr_for_me v2:172.21.15.80:0/0)
2024-02-20T08:24:35.307 INFO:teuthology.orchestra.run.smithi080.stdout:/usr/bin/ceph: stderr
2024-02-20T08:24:34.643+0000 7fa9b77fe700 1 -- 172.21.15.80:0/3667343409 --> [v2:172.21.15.80:3300/0,v1:172.21.15.80:6789/0] -- mon_subscribe({config=0+,monmap=0+}) v3 -- 0x7fa9b8103200 con 0x7fa9b8102770
2024-02-20T08:24:35.308 INFO:teuthology.orchestra.run.smithi080.stdout:/usr/bin/ceph: stderr
2024-02-20T08:24:34.644+0000 7fa9b77fe700 1 --2- 172.21.15.80:0/3667343409 >> [v2:172.21.15.80:3300/0,v1:172.21.15.80:6789/0] conn(0x7fa9b8102770 0x7fa9b8102b80 secure :-1 s=READY pgs=43 cs=0 l=1 rev1=1 crypto rx=0x7fa9a80098e0 tx=0x7fa9a8009250 comp rx=0 tx=0).ready entity=mon.0 client_cookie=67503c326c00f051 server_cookie=0 in_seq=0 out_seq=0
2024-02-20T08:24:35.308 INFO:teuthology.orchestra.run.smithi080.stdout:/usr/bin/ceph: stderr
2024-02-20T08:24:34.644+0000 7fa9b67fc700 1 -- 172.21.15.80:0/3667343409 <== mon.0 v2:172.21.15.80:3300/0 1 ==== mon_map magic: 0 v1 ==== 229+0+0 (secure 0 0 0) 0x7fa9a800b860 con 0x7fa9b8102770
2024-02-20T08:24:35.308 INFO:teuthology.orchestra.run.smithi080.stdout:/usr/bin/ceph: stderr
2024-02-20T08:24:34.644+0000 7fa9b67fc700 1 -- 172.21.15.80:0/3667343409 <== mon.0 v2:172.21.15.80:3300/0 2 ==== config(27 keys) v1 ==== 1044+0+0 (secure 0 0 0) 0x7fa9a800be50 con 0x7fa9b8102770
2024-02-20T08:24:35.308 INFO:teuthology.orchestra.run.smithi080.stdout:/usr/bin/ceph: stderr
2024-02-20T08:24:34.644+0000 7fa9b67fc700 1 -- 172.21.15.80:0/3667343409 <== mon.0 v2:172.21.15.80:3300/0 3 ==== mon_map magic: 0 v1 ==== 229+0+0 (secure 0 0 0) 0x7fa9a8010380 con 0x7fa9b8102770
2024-02-20T08:24:35.308 INFO:teuthology.orchestra.run.smithi080.stdout:/usr/bin/ceph: stderr
2024-02-20T08:24:34.644+0000 7fa9bda94700 1 -- 172.21.15.80:0/3667343409 >> [v2:172.21.15.80:3300/0,v1:172.21.15.80:6789/0] conn(0x7fa9b8102770 msgr2=0x7fa9b8102b80 secure :-1 s=STATE_CONNECTION_ESTABLISHED l=1).mark_down
2024-02-20T08:24:35.308 INFO:teuthology.orchestra.run.smithi080.stdout:/usr/bin/ceph: stderr
2024-02-20T08:24:34.644+0000 7fa9bda94700 1 --2- 172.21.15.80:0/3667343409 >> [v2:172.21.15.80:3300/0,v1:172.21.15.80:6789/0] conn(0x7fa9b8102770 0x7fa9b8102b80 secure :-1 s=READY pgs=43 cs=0 l=1 rev1=1 crypto rx=0x7fa9a80098e0 tx=0x7fa9a8009250 comp rx=0 tx=0).stop
2024-02-20T08:24:35.308 INFO:teuthology.orchestra.run.smithi080.stdout:/usr/bin/ceph: stderr
2024-02-20T08:24:34.644+0000 7fa9bda94700 1 -- 172.21.15.80:0/3667343409 shutdown_connections
2024-02-20T08:24:35.308 INFO:teuthology.orchestra.run.smithi080.stdout:/usr/bin/ceph: stderr
2024-02-20T08:24:34.644+0000 7fa9bda94700 1 --2- 172.21.15.80:0/3667343409 >> [v2:172.21.15.80:3300/0,v1:172.21.15.80:6789/0] conn(0x7fa9b8102770 0x7fa9b8102b80 unknown :-1 s=CLOSED pgs=43 cs=0 l=1 rev1=1 crypto rx=0 tx=0 comp rx=0 tx=0).stop
2024-02-20T08:24:35.308 INFO:teuthology.orchestra.run.smithi080.stdout:/usr/bin/ceph: stderr
2024-02-20T08:24:34.644+0000 7fa9bda94700 1 -- 172.21.15.80:0/3667343409 >> 172.21.15.80:0/3667343409 conn(0x7fa9b80fded0 msgr2=0x7fa9b8100300 unknown :-1 s=STATE_NONE l=0).mark_down
2024-02-20T08:24:35.308 INFO:teuthology.orchestra.run.smithi080.stdout:/usr/bin/ceph: stderr
2024-02-20T08:24:34.644+0000 7fa9bda94700 1 -- 172.21.15.80:0/3667343409 shutdown_connections
2024-02-20T08:24:35.308 INFO:teuthology.orchestra.run.smithi080.stdout:/usr/bin/ceph: stderr
2024-02-20T08:24:34.644+0000 7fa9bda94700 1 -- 172.21.15.80:0/3667343409 wait complete.
2024-02-20T08:24:35.308 INFO:teuthology.orchestra.run.smithi080.stdout:/usr/bin/ceph: stderr
2024-02-20T08:24:34.645+0000 7fa9bda94700 1 Processor -- start
2024-02-20T08:24:35.308 INFO:teuthology.orchestra.run.smithi080.stdout:/usr/bin/ceph: stderr
2024-02-20T08:24:34.645+0000 7fa9bda94700 1 -- start start
2024-02-20T08:24:35.308 INFO:teuthology.orchestra.run.smithi080.stdout:/usr/bin/ceph: stderr
2024-02-20T08:24:34.645+0000 7fa9bda94700 1 --2- >> [v2:172.21.15.80:3300/0,v1:172.21.15.80:6789/0] conn(0x7fa9b8102770 0x7fa9b8111560 unknown :-1 s=NONE pgs=0 cs=0 l=1 rev1=0 crypto rx=0 tx=0 comp rx=0 tx=0).connect
2024-02-20T08:24:35.309 INFO:teuthology.orchestra.run.smithi080.stdout:/usr/bin/ceph: stderr
2024-02-20T08:24:34.645+0000 7fa9bda94700 1 -- --> [v2:172.21.15.80:3300/0,v1:172.21.15.80:6789/0] -- mon_getmap magic: 0 v1 -- 0x7fa9b8111aa0 con 0x7fa9b8102770
2024-02-20T08:24:35.309 INFO:teuthology.orchestra.run.smithi080.stdout:/usr/bin/ceph: stderr
2024-02-20T08:24:34.645+0000 7fa9b77fe700 1 --2- >> [v2:172.21.15.80:3300/0,v1:172.21.15.80:6789/0] conn(0x7fa9b8102770 0x7fa9b8111560 unknown :-1 s=BANNER_CONNECTING pgs=0 cs=0 l=1 rev1=0 crypto rx=0 tx=0 comp rx=0 tx=0)._handle_peer_banner_payload supported=3 required=0
2024-02-20T08:24:35.309 INFO:teuthology.orchestra.run.smithi080.stdout:/usr/bin/ceph: stderr
2024-02-20T08:24:34.645+0000 7fa9b77fe700 1 --2- >> [v2:172.21.15.80:3300/0,v1:172.21.15.80:6789/0] conn(0x7fa9b8102770 0x7fa9b8111560 unknown :-1 s=HELLO_CONNECTING pgs=0 cs=0 l=1 rev1=1 crypto rx=0 tx=0 comp rx=0 tx=0).handle_hello peer v2:172.21.15.80:3300/0 says I am v2:172.21.15.80:55924/0 (socket says 172.21.15.80:55924)
2024-02-20T08:24:35.309 INFO:teuthology.orchestra.run.smithi080.stdout:/usr/bin/ceph: stderr
2024-02-20T08:24:34.645+0000 7fa9b77fe700 1 -- 172.21.15.80:0/1815950785 learned_addr learned my addr 172.21.15.80:0/1815950785 (peer_addr_for_me v2:172.21.15.80:0/0)
2024-02-20T08:24:35.309 INFO:teuthology.orchestra.run.smithi080.stdout:/usr/bin/ceph: stderr
2024-02-20T08:24:34.646+0000 7fa9b77fe700 1 -- 172.21.15.80:0/1815950785 --> [v2:172.21.15.80:3300/0,v1:172.21.15.80:6789/0] -- mon_subscribe({config=0+,monmap=0+}) v3 -- 0x7fa9a80094f0 con 0x7fa9b8102770
2024-02-20T08:24:35.309 INFO:teuthology.orchestra.run.smithi080.stdout:/usr/bin/ceph: stderr
2024-02-20T08:24:34.646+0000 7fa9b77fe700 1 --2- 172.21.15.80:0/1815950785 >> [v2:172.21.15.80:3300/0,v1:172.21.15.80:6789/0] conn(0x7fa9b8102770 0x7fa9b8111560 secure :-1 s=READY pgs=44 cs=0 l=1 rev1=1 crypto rx=0x7fa9a8000c00 tx=0x7fa9a8009250 comp rx=0 tx=0).ready entity=mon.0 client_cookie=0 server_cookie=0 in_seq=0 out_seq=0
2024-02-20T08:24:35.309 INFO:teuthology.orchestra.run.smithi080.stdout:/usr/bin/ceph: stderr
2024-02-20T08:24:34.646+0000 7fa99ffff700 1 -- 172.21.15.80:0/1815950785 <== mon.0 v2:172.21.15.80:3300/0 1 ==== mon_map magic: 0 v1 ==== 229+0+0 (secure 0 0 0) 0x7fa9a80107c0 con 0x7fa9b8102770
2024-02-20T08:24:35.309 INFO:teuthology.orchestra.run.smithi080.stdout:/usr/bin/ceph: stderr
2024-02-20T08:24:34.646+0000 7fa99ffff700 1 -- 172.21.15.80:0/1815950785 <== mon.0 v2:172.21.15.80:3300/0 2 ==== config(27 keys) v1 ==== 1044+0+0 (secure 0 0 0) 0x7fa9a8010db0 con 0x7fa9b8102770
2024-02-20T08:24:35.309 INFO:teuthology.orchestra.run.smithi080.stdout:/usr/bin/ceph: stderr
2024-02-20T08:24:34.646+0000 7fa9bda94700 1 -- 172.21.15.80:0/1815950785 --> [v2:172.21.15.80:3300/0,v1:172.21.15.80:6789/0] -- mon_subscribe({mgrmap=0+}) v3 -- 0x7fa9b8111ca0 con 0x7fa9b8102770
2024-02-20T08:24:35.309 INFO:teuthology.orchestra.run.smithi080.stdout:/usr/bin/ceph: stderr
2024-02-20T08:24:34.646+0000 7fa99ffff700 1 -- 172.21.15.80:0/1815950785 <== mon.0 v2:172.21.15.80:3300/0 3 ==== mon_map magic: 0 v1 ==== 229+0+0 (secure 0 0 0) 0x7fa9a801ad00 con 0x7fa9b8102770
2024-02-20T08:24:35.309 INFO:teuthology.orchestra.run.smithi080.stdout:/usr/bin/ceph: stderr
2024-02-20T08:24:34.646+0000 7fa9bda94700 1 -- 172.21.15.80:0/1815950785 --> [v2:172.21.15.80:3300/0,v1:172.21.15.80:6789/0] -- mon_subscribe({osdmap=0}) v3 -- 0x7fa9b8112940 con 0x7fa9b8102770
2024-02-20T08:24:35.309 INFO:teuthology.orchestra.run.smithi080.stdout:/usr/bin/ceph: stderr
2024-02-20T08:24:34.647+0000 7fa99ffff700 1 -- 172.21.15.80:0/1815950785 <== mon.0 v2:172.21.15.80:3300/0 4 ==== mgrmap(e 8) v1 ==== 43368+0+0 (secure 0 0 0) 0x7fa9a80193c0 con 0x7fa9b8102770
2024-02-20T08:24:35.309 INFO:teuthology.orchestra.run.smithi080.stdout:/usr/bin/ceph: stderr
2024-02-20T08:24:34.647+0000 7fa99ffff700 1 --2- 172.21.15.80:0/1815950785 >> [v2:172.21.15.80:6800/2109027064,v1:172.21.15.80:6801/2109027064] conn(0x7fa9a00367e0 0x7fa9a0038c90 unknown :-1 s=NONE pgs=0 cs=0 l=1 rev1=0 crypto rx=0 tx=0 comp rx=0 tx=0).connect
2024-02-20T08:24:35.309 INFO:teuthology.orchestra.run.smithi080.stdout:/usr/bin/ceph: stderr
2024-02-20T08:24:34.647+0000 7fa99ffff700 1 -- 172.21.15.80:0/1815950785 <== mon.0 v2:172.21.15.80:3300/0 5 ==== osd_map(2..2 src has 1..2) v4 ==== 936+0+0 (secure 0 0 0) 0x7fa9a804b6e0 con 0x7fa9b8102770
2024-02-20T08:24:35.310 INFO:teuthology.orchestra.run.smithi080.stdout:/usr/bin/ceph: stderr
2024-02-20T08:24:34.647+0000 7fa9b6ffd700 1 --2- 172.21.15.80:0/1815950785 >> [v2:172.21.15.80:6800/2109027064,v1:172.21.15.80:6801/2109027064] conn(0x7fa9a00367e0 0x7fa9a0038c90 unknown :-1 s=BANNER_CONNECTING pgs=0 cs=0 l=1 rev1=0 crypto rx=0 tx=0 comp rx=0 tx=0)._handle_peer_banner_payload supported=3 required=0
2024-02-20T08:24:35.310 INFO:teuthology.orchestra.run.smithi080.stdout:/usr/bin/ceph: stderr
2024-02-20T08:24:34.647+0000 7fa9bda94700 1 -- 172.21.15.80:0/1815950785 --> [v2:172.21.15.80:3300/0,v1:172.21.15.80:6789/0] -- mon_command({"prefix": "get_command_descriptions"} v 0) v1 -- 0x7fa9b8112130 con 0x7fa9b8102770
2024-02-20T08:24:35.310 INFO:teuthology.orchestra.run.smithi080.stdout:/usr/bin/ceph: stderr
2024-02-20T08:24:34.647+0000 7fa9b6ffd700 1 --2- 172.21.15.80:0/1815950785 >> [v2:172.21.15.80:6800/2109027064,v1:172.21.15.80:6801/2109027064] conn(0x7fa9a00367e0 0x7fa9a0038c90 secure :-1 s=READY pgs=10 cs=0 l=1 rev1=1 crypto rx=0x7fa9ac009990 tx=0x7fa9ac006e40 comp rx=0 tx=0).ready entity=mgr.14120 client_cookie=0 server_cookie=0 in_seq=0 out_seq=0
2024-02-20T08:24:35.310 INFO:teuthology.orchestra.run.smithi080.stdout:/usr/bin/ceph: stderr
2024-02-20T08:24:34.652+0000 7fa99ffff700 1 -- 172.21.15.80:0/1815950785 <== mon.0 v2:172.21.15.80:3300/0 6 ==== mon_command_ack([{"prefix": "get_command_descriptions"}]=0 v0) v1 ==== 72+0+175031 (secure 0 0 0) 0x7fa9a80196c0 con 0x7fa9b8102770
2024-02-20T08:24:35.310 INFO:teuthology.orchestra.run.smithi080.stdout:/usr/bin/ceph: stderr
2024-02-20T08:24:34.834+0000 7fa9bda94700 1 -- 172.21.15.80:0/1815950785 --> [v2:172.21.15.80:6800/2109027064,v1:172.21.15.80:6801/2109027064] -- mgr_command(tid 0: {"prefix": "cephadm get-pub-key", "target": ["mon-mgr", ""]}) v1 -- 0x7fa9b8100190 con 0x7fa9a00367e0
2024-02-20T08:24:35.310 INFO:teuthology.orchestra.run.smithi080.stdout:/usr/bin/ceph: stderr
2024-02-20T08:24:34.835+0000 7fa99ffff700 1 -- 172.21.15.80:0/1815950785 <== mgr.14120 v2:172.21.15.80:6800/2109027064 1 ==== mgr_command_reply(tid 0: 0 ) v1 ==== 8+0+595 (secure 0 0 0) 0x7fa9b8100190 con 0x7fa9a00367e0
2024-02-20T08:24:35.310 INFO:teuthology.orchestra.run.smithi080.stdout:/usr/bin/ceph: stderr
2024-02-20T08:24:34.837+0000 7fa9bda94700 1 -- 172.21.15.80:0/1815950785 >> [v2:172.21.15.80:6800/2109027064,v1:172.21.15.80:6801/2109027064] conn(0x7fa9a00367e0 msgr2=0x7fa9a0038c90 secure :-1 s=STATE_CONNECTION_ESTABLISHED l=1).mark_down
2024-02-20T08:24:35.310 INFO:teuthology.orchestra.run.smithi080.stdout:/usr/bin/ceph: stderr
2024-02-20T08:24:34.837+0000 7fa9bda94700 1 --2- 172.21.15.80:0/1815950785 >> [v2:172.21.15.80:6800/2109027064,v1:172.21.15.80:6801/2109027064] conn(0x7fa9a00367e0 0x7fa9a0038c90 secure :-1 s=READY pgs=10 cs=0 l=1 rev1=1 crypto rx=0x7fa9ac009990 tx=0x7fa9ac006e40 comp rx=0 tx=0).stop
2024-02-20T08:24:35.310 INFO:teuthology.orchestra.run.smithi080.stdout:/usr/bin/ceph: stderr
2024-02-20T08:24:34.837+0000 7fa9bda94700 1 -- 172.21.15.80:0/1815950785 >> [v2:172.21.15.80:3300/0,v1:172.21.15.80:6789/0] conn(0x7fa9b8102770 msgr2=0x7fa9b8111560 secure :-1 s=STATE_CONNECTION_ESTABLISHED l=1).mark_down
2024-02-20T08:24:35.310 INFO:teuthology.orchestra.run.smithi080.stdout:/usr/bin/ceph: stderr
2024-02-20T08:24:34.837+0000 7fa9bda94700 1 --2- 172.21.15.80:0/1815950785 >> [v2:172.21.15.80:3300/0,v1:172.21.15.80:6789/0] conn(0x7fa9b8102770 0x7fa9b8111560 secure :-1 s=READY pgs=44 cs=0 l=1 rev1=1 crypto rx=0x7fa9a8000c00 tx=0x7fa9a8009250 comp rx=0 tx=0).stop
2024-02-20T08:24:35.310 INFO:teuthology.orchestra.run.smithi080.stdout:/usr/bin/ceph: stderr
2024-02-20T08:24:34.838+0000 7fa9bda94700 1 -- 172.21.15.80:0/1815950785 shutdown_connections
2024-02-20T08:24:35.310 INFO:teuthology.orchestra.run.smithi080.stdout:/usr/bin/ceph: stderr
2024-02-20T08:24:34.838+0000 7fa9bda94700 1 --2- 172.21.15.80:0/1815950785 >> [v2:172.21.15.80:6800/2109027064,v1:172.21.15.80:6801/2109027064] conn(0x7fa9a00367e0 0x7fa9a0038c90 unknown :-1 s=CLOSED pgs=10 cs=0 l=1 rev1=1 crypto rx=0 tx=0 comp rx=0 tx=0).stop
2024-02-20T08:24:35.310 INFO:teuthology.orchestra.run.smithi080.stdout:/usr/bin/ceph: stderr
2024-02-20T08:24:34.838+0000 7fa9bda94700 1 --2- 172.21.15.80:0/1815950785 >> [v2:172.21.15.80:3300/0,v1:172.21.15.80:6789/0] conn(0x7fa9b8102770 0x7fa9b8111560 unknown :-1 s=CLOSED pgs=44 cs=0 l=1 rev1=1 crypto rx=0 tx=0 comp rx=0 tx=0).stop
2024-02-20T08:24:35.310 INFO:teuthology.orchestra.run.smithi080.stdout:/usr/bin/ceph: stderr
2024-02-20T08:24:34.838+0000 7fa9bda94700 1 -- 172.21.15.80:0/1815950785 >> 172.21.15.80:0/1815950785 conn(0x7fa9b80fded0 msgr2=0x7fa9b80ff570 unknown :-1 s=STATE_NONE l=0).mark_down
2024-02-20T08:24:35.310 INFO:teuthology.orchestra.run.smithi080.stdout:/usr/bin/ceph: stderr
2024-02-20T08:24:34.838+0000 7fa9bda94700 1 -- 172.21.15.80:0/1815950785 shutdown_connections
2024-02-20T08:24:35.310 INFO:teuthology.orchestra.run.smithi080.stdout:/usr/bin/ceph: stderr
2024-02-20T08:24:34.838+0000 7fa9bda94700 1 -- 172.21.15.80:0/1815950785 wait complete.
2024-02-20T08:24:35.311 INFO:teuthology.orchestra.run.smithi080.stdout:Wrote public SSH key to /home/ubuntu/cephtest/ceph.pub
2024-02-20T08:24:35.311 INFO:teuthology.orchestra.run.smithi080.stdout:Adding key to root@localhost authorized_keys...
2024-02-20T08:24:35.311 INFO:teuthology.orchestra.run.smithi080.stdout:Adding host smithi080...
2024-02-20T08:24:35.644 INFO:journalctl@ceph.mon.smithi080.smithi080.stdout:Feb 20 08:24:35 smithi080 ceph-mon[29176]: from='client.14138 -' entity='client.admin' cmd=[{"prefix": "cephadm get-pub-key", "target": ["mon-mgr", ""]}]: dispatch
2024-02-20T08:24:36.596 INFO:journalctl@ceph.mon.smithi080.smithi080.stdout:Feb 20 08:24:36 smithi080 ceph-mon[29176]: from='client.14140 -' entity='client.admin' cmd=[{"prefix": "orch host add", "hostname": "smithi080", "addr": "172.21.15.80", "target": ["mon-mgr", ""]}]: dispatch
2024-02-20T08:24:37.618 INFO:journalctl@ceph.mon.smithi080.smithi080.stdout:Feb 20 08:24:37 smithi080 ceph-mon[29176]: Deploying cephadm binary to smithi080
2024-02-20T08:24:38.566 INFO:teuthology.orchestra.run.smithi080.stdout:/usr/bin/ceph: stdout Added host 'smithi080' with addr '172.21.15.80'
2024-02-20T08:24:38.566 INFO:teuthology.orchestra.run.smithi080.stdout:/usr/bin/ceph: stderr
2024-02-20T08:24:35.741+0000 7f209c9cd700 1 Processor -- start
2024-02-20T08:24:38.566 INFO:teuthology.orchestra.run.smithi080.stdout:/usr/bin/ceph: stderr
2024-02-20T08:24:35.741+0000 7f209c9cd700 1 -- start start
2024-02-20T08:24:38.567 INFO:teuthology.orchestra.run.smithi080.stdout:/usr/bin/ceph: stderr
2024-02-20T08:24:35.741+0000 7f209c9cd700 1 --2- >> [v2:172.21.15.80:3300/0,v1:172.21.15.80:6789/0] conn(0x7f2098102770 0x7f2098102b80 unknown :-1 s=NONE pgs=0 cs=0 l=0 rev1=0 crypto rx=0 tx=0 comp rx=0 tx=0).connect
2024-02-20T08:24:38.567 INFO:teuthology.orchestra.run.smithi080.stdout:/usr/bin/ceph: stderr
2024-02-20T08:24:35.741+0000 7f209c9cd700 1 -- --> [v2:172.21.15.80:3300/0,v1:172.21.15.80:6789/0] -- mon_getmap magic: 0 v1 -- 0x7f20981030c0 con 0x7f2098102770
2024-02-20T08:24:38.567 INFO:teuthology.orchestra.run.smithi080.stdout:/usr/bin/ceph: stderr
2024-02-20T08:24:35.741+0000 7f209659c700 1 --2- >> [v2:172.21.15.80:3300/0,v1:172.21.15.80:6789/0] conn(0x7f2098102770 0x7f2098102b80 unknown :-1 s=BANNER_CONNECTING pgs=0 cs=0 l=0 rev1=0 crypto rx=0 tx=0 comp rx=0 tx=0)._handle_peer_banner_payload supported=3 required=0
2024-02-20T08:24:38.567 INFO:teuthology.orchestra.run.smithi080.stdout:/usr/bin/ceph: stderr
2024-02-20T08:24:35.741+0000 7f209659c700 1 --2- >> [v2:172.21.15.80:3300/0,v1:172.21.15.80:6789/0] conn(0x7f2098102770 0x7f2098102b80 unknown :-1 s=HELLO_CONNECTING pgs=0 cs=0 l=0 rev1=1 crypto rx=0 tx=0 comp rx=0 tx=0).handle_hello peer v2:172.21.15.80:3300/0 says I am v2:172.21.15.80:55934/0 (socket says 172.21.15.80:55934)
2024-02-20T08:24:38.567 INFO:teuthology.orchestra.run.smithi080.stdout:/usr/bin/ceph: stderr
2024-02-20T08:24:35.741+0000 7f209659c700 1 -- 172.21.15.80:0/3014964730 learned_addr learned my addr 172.21.15.80:0/3014964730 (peer_addr_for_me v2:172.21.15.80:0/0)
2024-02-20T08:24:38.567 INFO:teuthology.orchestra.run.smithi080.stdout:/usr/bin/ceph: stderr
2024-02-20T08:24:35.741+0000 7f209659c700 1 -- 172.21.15.80:0/3014964730 --> [v2:172.21.15.80:3300/0,v1:172.21.15.80:6789/0] -- mon_subscribe({config=0+,monmap=0+}) v3 -- 0x7f2098103200 con 0x7f2098102770
2024-02-20T08:24:38.567 INFO:teuthology.orchestra.run.smithi080.stdout:/usr/bin/ceph: stderr
2024-02-20T08:24:35.742+0000 7f209659c700 1 --2- 172.21.15.80:0/3014964730 >> [v2:172.21.15.80:3300/0,v1:172.21.15.80:6789/0] conn(0x7f2098102770 0x7f2098102b80 secure :-1 s=READY pgs=45 cs=0 l=1 rev1=1 crypto rx=0x7f20880098e0 tx=0x7f2088009250 comp rx=0 tx=0).ready entity=mon.0 client_cookie=2577f981b95c0daa server_cookie=0 in_seq=0 out_seq=0
2024-02-20T08:24:38.567 INFO:teuthology.orchestra.run.smithi080.stdout:/usr/bin/ceph: stderr
2024-02-20T08:24:35.742+0000 7f209559a700 1 -- 172.21.15.80:0/3014964730 <== mon.0 v2:172.21.15.80:3300/0 1 ==== mon_map magic: 0 v1 ==== 229+0+0 (secure 0 0 0) 0x7f208800b860 con 0x7f2098102770
2024-02-20T08:24:38.567 INFO:teuthology.orchestra.run.smithi080.stdout:/usr/bin/ceph: stderr
2024-02-20T08:24:35.742+0000 7f209559a700 1 -- 172.21.15.80:0/3014964730 <== mon.0 v2:172.21.15.80:3300/0 2 ==== config(27 keys) v1 ==== 1044+0+0 (secure 0 0 0) 0x7f208800be50 con 0x7f2098102770
2024-02-20T08:24:38.567 INFO:teuthology.orchestra.run.smithi080.stdout:/usr/bin/ceph: stderr
2024-02-20T08:24:35.742+0000 7f209559a700 1 -- 172.21.15.80:0/3014964730 <== mon.0 v2:172.21.15.80:3300/0 3 ==== mon_map magic: 0 v1 ==== 229+0+0 (secure 0 0 0) 0x7f2088010380 con 0x7f2098102770
2024-02-20T08:24:38.567 INFO:teuthology.orchestra.run.smithi080.stdout:/usr/bin/ceph: stderr
2024-02-20T08:24:35.742+0000 7f209c9cd700 1 -- 172.21.15.80:0/3014964730 >> [v2:172.21.15.80:3300/0,v1:172.21.15.80:6789/0] conn(0x7f2098102770 msgr2=0x7f2098102b80 secure :-1 s=STATE_CONNECTION_ESTABLISHED l=1).mark_down
2024-02-20T08:24:38.567 INFO:teuthology.orchestra.run.smithi080.stdout:/usr/bin/ceph: stderr
2024-02-20T08:24:35.742+0000 7f209c9cd700 1 --2- 172.21.15.80:0/3014964730 >> [v2:172.21.15.80:3300/0,v1:172.21.15.80:6789/0] conn(0x7f2098102770 0x7f2098102b80 secure :-1 s=READY pgs=45 cs=0 l=1 rev1=1 crypto rx=0x7f20880098e0 tx=0x7f2088009250 comp rx=0 tx=0).stop
2024-02-20T08:24:38.567 INFO:teuthology.orchestra.run.smithi080.stdout:/usr/bin/ceph: stderr
2024-02-20T08:24:35.742+0000 7f209c9cd700 1 -- 172.21.15.80:0/3014964730 shutdown_connections
2024-02-20T08:24:38.567 INFO:teuthology.orchestra.run.smithi080.stdout:/usr/bin/ceph: stderr
2024-02-20T08:24:35.742+0000 7f209c9cd700 1 --2- 172.21.15.80:0/3014964730 >> [v2:172.21.15.80:3300/0,v1:172.21.15.80:6789/0] conn(0x7f2098102770 0x7f2098102b80 unknown :-1 s=CLOSED pgs=45 cs=0 l=1 rev1=1 crypto rx=0 tx=0 comp rx=0 tx=0).stop
2024-02-20T08:24:38.568 INFO:teuthology.orchestra.run.smithi080.stdout:/usr/bin/ceph: stderr
2024-02-20T08:24:35.742+0000 7f209c9cd700 1 -- 172.21.15.80:0/3014964730 >> 172.21.15.80:0/3014964730 conn(0x7f20980fded0 msgr2=0x7f2098100300 unknown :-1 s=STATE_NONE l=0).mark_down
2024-02-20T08:24:38.568 INFO:teuthology.orchestra.run.smithi080.stdout:/usr/bin/ceph: stderr
2024-02-20T08:24:35.742+0000 7f209c9cd700 1 -- 172.21.15.80:0/3014964730 shutdown_connections
2024-02-20T08:24:38.568 INFO:teuthology.orchestra.run.smithi080.stdout:/usr/bin/ceph: stderr
2024-02-20T08:24:35.742+0000 7f209c9cd700 1 -- 172.21.15.80:0/3014964730 wait complete.
2024-02-20T08:24:38.568 INFO:teuthology.orchestra.run.smithi080.stdout:/usr/bin/ceph: stderr
2024-02-20T08:24:35.743+0000 7f209c9cd700 1 Processor -- start
2024-02-20T08:24:38.568 INFO:teuthology.orchestra.run.smithi080.stdout:/usr/bin/ceph: stderr
2024-02-20T08:24:35.743+0000 7f209c9cd700 1 -- start start
2024-02-20T08:24:38.568 INFO:teuthology.orchestra.run.smithi080.stdout:/usr/bin/ceph: stderr
2024-02-20T08:24:35.743+0000 7f209c9cd700 1 --2- >> [v2:172.21.15.80:3300/0,v1:172.21.15.80:6789/0] conn(0x7f2098102770 0x7f2098111590 unknown :-1 s=NONE pgs=0 cs=0 l=1 rev1=0 crypto rx=0 tx=0 comp rx=0 tx=0).connect
2024-02-20T08:24:38.568 INFO:teuthology.orchestra.run.smithi080.stdout:/usr/bin/ceph: stderr
2024-02-20T08:24:35.743+0000 7f209c9cd700 1 -- --> [v2:172.21.15.80:3300/0,v1:172.21.15.80:6789/0] -- mon_getmap magic: 0 v1 -- 0x7f2098111ad0 con 0x7f2098102770
2024-02-20T08:24:38.568 INFO:teuthology.orchestra.run.smithi080.stdout:/usr/bin/ceph: stderr
2024-02-20T08:24:35.743+0000 7f209659c700 1 --2- >> [v2:172.21.15.80:3300/0,v1:172.21.15.80:6789/0] conn(0x7f2098102770 0x7f2098111590 unknown :-1 s=BANNER_CONNECTING pgs=0 cs=0 l=1 rev1=0 crypto rx=0 tx=0 comp rx=0 tx=0)._handle_peer_banner_payload supported=3 required=0
2024-02-20T08:24:38.568 INFO:teuthology.orchestra.run.smithi080.stdout:/usr/bin/ceph: stderr
2024-02-20T08:24:35.743+0000 7f209659c700 1 --2- >> [v2:172.21.15.80:3300/0,v1:172.21.15.80:6789/0] conn(0x7f2098102770 0x7f2098111590 unknown :-1 s=HELLO_CONNECTING pgs=0 cs=0 l=1 rev1=1 crypto rx=0 tx=0 comp rx=0 tx=0).handle_hello peer v2:172.21.15.80:3300/0 says I am v2:172.21.15.80:55944/0 (socket says 172.21.15.80:55944)
2024-02-20T08:24:38.568 INFO:teuthology.orchestra.run.smithi080.stdout:/usr/bin/ceph: stderr
2024-02-20T08:24:35.743+0000 7f209659c700 1 -- 172.21.15.80:0/4222291570 learned_addr learned my addr 172.21.15.80:0/4222291570 (peer_addr_for_me v2:172.21.15.80:0/0)
2024-02-20T08:24:38.568 INFO:teuthology.orchestra.run.smithi080.stdout:/usr/bin/ceph: stderr
2024-02-20T08:24:35.743+0000 7f209659c700 1 -- 172.21.15.80:0/4222291570 --> [v2:172.21.15.80:3300/0,v1:172.21.15.80:6789/0] -- mon_subscribe({config=0+,monmap=0+}) v3 -- 0x7f20880094f0 con 0x7f2098102770
2024-02-20T08:24:38.568 INFO:teuthology.orchestra.run.smithi080.stdout:/usr/bin/ceph: stderr
2024-02-20T08:24:35.744+0000 7f209659c700 1 --2- 172.21.15.80:0/4222291570 >> [v2:172.21.15.80:3300/0,v1:172.21.15.80:6789/0] conn(0x7f2098102770 0x7f2098111590 secure :-1 s=READY pgs=46 cs=0 l=1 rev1=1 crypto rx=0x7f208800b440 tx=0x7f2088009250 comp rx=0 tx=0).ready entity=mon.0 client_cookie=0 server_cookie=0 in_seq=0 out_seq=0
2024-02-20T08:24:38.568 INFO:teuthology.orchestra.run.smithi080.stdout:/usr/bin/ceph: stderr
2024-02-20T08:24:35.744+0000 7f2086ffd700 1 -- 172.21.15.80:0/4222291570 <== mon.0 v2:172.21.15.80:3300/0 1 ==== mon_map magic: 0 v1 ==== 229+0+0 (secure 0 0 0) 0x7f2088010760 con 0x7f2098102770
2024-02-20T08:24:38.568 INFO:teuthology.orchestra.run.smithi080.stdout:/usr/bin/ceph: stderr
2024-02-20T08:24:35.744+0000 7f2086ffd700 1 -- 172.21.15.80:0/4222291570 <== mon.0 v2:172.21.15.80:3300/0 2 ==== config(27 keys) v1 ==== 1044+0+0 (secure 0 0 0) 0x7f2088010d50 con 0x7f2098102770
2024-02-20T08:24:38.569 INFO:teuthology.orchestra.run.smithi080.stdout:/usr/bin/ceph: stderr
2024-02-20T08:24:35.744+0000 7f209c9cd700 1 -- 172.21.15.80:0/4222291570 --> [v2:172.21.15.80:3300/0,v1:172.21.15.80:6789/0] -- mon_subscribe({mgrmap=0+}) v3 -- 0x7f2098111cd0 con 0x7f2098102770
2024-02-20T08:24:38.569 INFO:teuthology.orchestra.run.smithi080.stdout:/usr/bin/ceph: stderr
2024-02-20T08:24:35.744+0000 7f2086ffd700 1 -- 172.21.15.80:0/4222291570 <== mon.0 v2:172.21.15.80:3300/0 3 ==== mon_map magic: 0 v1 ==== 229+0+0 (secure 0 0 0) 0x7f208801ae20 con 0x7f2098102770
2024-02-20T08:24:38.569 INFO:teuthology.orchestra.run.smithi080.stdout:/usr/bin/ceph: stderr
2024-02-20T08:24:35.744+0000 7f209c9cd700 1 -- 172.21.15.80:0/4222291570 --> [v2:172.21.15.80:3300/0,v1:172.21.15.80:6789/0] -- mon_subscribe({osdmap=0}) v3 -- 0x7f2098112970 con 0x7f2098102770
2024-02-20T08:24:38.569 INFO:teuthology.orchestra.run.smithi080.stdout:/usr/bin/ceph: stderr
2024-02-20T08:24:35.744+0000 7f2086ffd700 1 -- 172.21.15.80:0/4222291570 <== mon.0 v2:172.21.15.80:3300/0 4 ==== mgrmap(e 8) v1 ==== 43368+0+0 (secure 0 0 0) 0x7f208802e440 con 0x7f2098102770
2024-02-20T08:24:38.569 INFO:teuthology.orchestra.run.smithi080.stdout:/usr/bin/ceph: stderr
2024-02-20T08:24:35.745+0000 7f2086ffd700 1 --2- 172.21.15.80:0/4222291570 >> [v2:172.21.15.80:6800/2109027064,v1:172.21.15.80:6801/2109027064] conn(0x7f2080036770 0x7f2080038c20 unknown :-1 s=NONE pgs=0 cs=0 l=1 rev1=0 crypto rx=0 tx=0 comp rx=0 tx=0).connect
2024-02-20T08:24:38.569 INFO:teuthology.orchestra.run.smithi080.stdout:/usr/bin/ceph: stderr
2024-02-20T08:24:35.745+0000 7f2086ffd700 1 -- 172.21.15.80:0/4222291570 <== mon.0 v2:172.21.15.80:3300/0 5 ==== osd_map(2..2 src has 1..2) v4 ==== 936+0+0 (secure 0 0 0) 0x7f208804b5a0 con 0x7f2098102770
2024-02-20T08:24:38.569 INFO:teuthology.orchestra.run.smithi080.stdout:/usr/bin/ceph: stderr
2024-02-20T08:24:35.745+0000 7f2095d9b700 1 --2- 172.21.15.80:0/4222291570 >> [v2:172.21.15.80:6800/2109027064,v1:172.21.15.80:6801/2109027064] conn(0x7f2080036770 0x7f2080038c20 unknown :-1 s=BANNER_CONNECTING pgs=0 cs=0 l=1 rev1=0 crypto rx=0 tx=0 comp rx=0 tx=0)._handle_peer_banner_payload supported=3 required=0
2024-02-20T08:24:38.569 INFO:teuthology.orchestra.run.smithi080.stdout:/usr/bin/ceph: stderr
2024-02-20T08:24:35.745+0000 7f209c9cd700 1 -- 172.21.15.80:0/4222291570 --> [v2:172.21.15.80:3300/0,v1:172.21.15.80:6789/0] -- mon_command({"prefix": "get_command_descriptions"} v 0) v1 -- 0x7f2098112160 con 0x7f2098102770
2024-02-20T08:24:38.569 INFO:teuthology.orchestra.run.smithi080.stdout:/usr/bin/ceph: stderr
2024-02-20T08:24:35.745+0000 7f2095d9b700 1 --2- 172.21.15.80:0/4222291570 >> [v2:172.21.15.80:6800/2109027064,v1:172.21.15.80:6801/2109027064] conn(0x7f2080036770 0x7f2080038c20 secure :-1 s=READY pgs=11 cs=0 l=1 rev1=1 crypto rx=0x7f208c009990 tx=0x7f208c006e40 comp rx=0 tx=0).ready entity=mgr.14120 client_cookie=0 server_cookie=0 in_seq=0 out_seq=0
2024-02-20T08:24:38.569 INFO:teuthology.orchestra.run.smithi080.stdout:/usr/bin/ceph: stderr
2024-02-20T08:24:35.750+0000 7f2086ffd700 1 -- 172.21.15.80:0/4222291570 <== mon.0 v2:172.21.15.80:3300/0 6 ==== mon_command_ack([{"prefix": "get_command_descriptions"}]=0 v0) v1 ==== 72+0+175031 (secure 0 0 0) 0x7f2088018940 con 0x7f2098102770
2024-02-20T08:24:38.569 INFO:teuthology.orchestra.run.smithi080.stdout:/usr/bin/ceph: stderr
2024-02-20T08:24:35.934+0000 7f209c9cd700 1 -- 172.21.15.80:0/4222291570 --> [v2:172.21.15.80:6800/2109027064,v1:172.21.15.80:6801/2109027064] -- mgr_command(tid 0: {"prefix": "orch host add", "hostname": "smithi080", "addr": "172.21.15.80", "target": ["mon-mgr", ""]}) v1 -- 0x7f20981001b0 con 0x7f2080036770
2024-02-20T08:24:38.569 INFO:teuthology.orchestra.run.smithi080.stdout:/usr/bin/ceph: stderr
2024-02-20T08:24:37.967+0000 7f2086ffd700 1 -- 172.21.15.80:0/4222291570 <== mgr.14120 v2:172.21.15.80:6800/2109027064 1 ==== mgr_command_reply(tid 0: 0 ) v1 ==== 8+0+48 (secure 0 0 0) 0x7f20981001b0 con 0x7f2080036770
2024-02-20T08:24:38.569 INFO:teuthology.orchestra.run.smithi080.stdout:/usr/bin/ceph: stderr
2024-02-20T08:24:37.970+0000 7f209c9cd700 1 -- 172.21.15.80:0/4222291570 >> [v2:172.21.15.80:6800/2109027064,v1:172.21.15.80:6801/2109027064] conn(0x7f2080036770 msgr2=0x7f2080038c20 secure :-1 s=STATE_CONNECTION_ESTABLISHED l=1).mark_down
2024-02-20T08:24:38.569 INFO:teuthology.orchestra.run.smithi080.stdout:/usr/bin/ceph: stderr
2024-02-20T08:24:37.970+0000 7f209c9cd700 1 --2- 172.21.15.80:0/4222291570 >> [v2:172.21.15.80:6800/2109027064,v1:172.21.15.80:6801/2109027064] conn(0x7f2080036770 0x7f2080038c20 secure :-1 s=READY pgs=11 cs=0 l=1 rev1=1 crypto rx=0x7f208c009990 tx=0x7f208c006e40 comp rx=0 tx=0).stop
2024-02-20T08:24:38.570 INFO:teuthology.orchestra.run.smithi080.stdout:/usr/bin/ceph: stderr
2024-02-20T08:24:37.970+0000 7f209c9cd700 1 -- 172.21.15.80:0/4222291570 >> [v2:172.21.15.80:3300/0,v1:172.21.15.80:6789/0] conn(0x7f2098102770 msgr2=0x7f2098111590 secure :-1 s=STATE_CONNECTION_ESTABLISHED l=1).mark_down
2024-02-20T08:24:38.570 INFO:teuthology.orchestra.run.smithi080.stdout:/usr/bin/ceph: stderr
2024-02-20T08:24:37.970+0000 7f209c9cd700 1 --2- 172.21.15.80:0/4222291570 >> [v2:172.21.15.80:3300/0,v1:172.21.15.80:6789/0] conn(0x7f2098102770 0x7f2098111590 secure :-1 s=READY pgs=46 cs=0 l=1 rev1=1 crypto rx=0x7f208800b440 tx=0x7f2088009250 comp rx=0 tx=0).stop
2024-02-20T08:24:38.570 INFO:teuthology.orchestra.run.smithi080.stdout:/usr/bin/ceph: stderr
2024-02-20T08:24:37.970+0000 7f209c9cd700 1 -- 172.21.15.80:0/4222291570 shutdown_connections
2024-02-20T08:24:38.570 INFO:teuthology.orchestra.run.smithi080.stdout:/usr/bin/ceph: stderr
2024-02-20T08:24:37.970+0000 7f209c9cd700 1 --2- 172.21.15.80:0/4222291570 >> [v2:172.21.15.80:6800/2109027064,v1:172.21.15.80:6801/2109027064] conn(0x7f2080036770 0x7f2080038c20 unknown :-1 s=CLOSED pgs=11 cs=0 l=1 rev1=1 crypto rx=0 tx=0 comp rx=0 tx=0).stop
2024-02-20T08:24:38.570 INFO:teuthology.orchestra.run.smithi080.stdout:/usr/bin/ceph: stderr
2024-02-20T08:24:37.970+0000 7f209c9cd700 1 --2- 172.21.15.80:0/4222291570 >> [v2:172.21.15.80:3300/0,v1:172.21.15.80:6789/0] conn(0x7f2098102770 0x7f2098111590 unknown :-1 s=CLOSED pgs=46 cs=0 l=1 rev1=1 crypto rx=0 tx=0 comp rx=0 tx=0).stop
2024-02-20T08:24:38.570 INFO:teuthology.orchestra.run.smithi080.stdout:/usr/bin/ceph: stderr
2024-02-20T08:24:37.970+0000 7f209c9cd700 1 -- 172.21.15.80:0/4222291570 >> 172.21.15.80:0/4222291570 conn(0x7f20980fded0 msgr2=0x7f20980ff590 unknown :-1 s=STATE_NONE l=0).mark_down
2024-02-20T08:24:38.570 INFO:teuthology.orchestra.run.smithi080.stdout:/usr/bin/ceph: stderr
2024-02-20T08:24:37.971+0000 7f209c9cd700 1 -- 172.21.15.80:0/4222291570 shutdown_connections
2024-02-20T08:24:38.570 INFO:teuthology.orchestra.run.smithi080.stdout:/usr/bin/ceph: stderr
2024-02-20T08:24:37.971+0000 7f209c9cd700 1 -- 172.21.15.80:0/4222291570 wait complete.
2024-02-20T08:24:38.570 INFO:teuthology.orchestra.run.smithi080.stdout:Deploying mon service with default placement...
2024-02-20T08:24:39.157 INFO:journalctl@ceph.mon.smithi080.smithi080.stdout:Feb 20 08:24:38 smithi080 ceph-mon[29176]: from='mgr.14120 172.21.15.80:0/4048301275' entity='mgr.smithi080.flhlxd'
2024-02-20T08:24:39.157 INFO:journalctl@ceph.mon.smithi080.smithi080.stdout:Feb 20 08:24:38 smithi080 ceph-mon[29176]: Added host smithi080
2024-02-20T08:24:39.158 INFO:journalctl@ceph.mon.smithi080.smithi080.stdout:Feb 20 08:24:38 smithi080 ceph-mon[29176]: from='mgr.14120 172.21.15.80:0/4048301275' entity='mgr.smithi080.flhlxd' cmd=[{"prefix": "config dump", "format": "json"}]: dispatch
2024-02-20T08:24:39.935 INFO:teuthology.orchestra.run.smithi080.stdout:/usr/bin/ceph: stdout Scheduled mon update...
2024-02-20T08:24:39.935 INFO:teuthology.orchestra.run.smithi080.stdout:/usr/bin/ceph: stderr
2024-02-20T08:24:38.933+0000 7f77af13d700 1 Processor -- start
2024-02-20T08:24:39.935 INFO:teuthology.orchestra.run.smithi080.stdout:/usr/bin/ceph: stderr
2024-02-20T08:24:38.933+0000 7f77af13d700 1 -- start start
2024-02-20T08:24:39.935 INFO:teuthology.orchestra.run.smithi080.stdout:/usr/bin/ceph: stderr
2024-02-20T08:24:38.934+0000 7f77af13d700 1 --2- >> [v2:172.21.15.80:3300/0,v1:172.21.15.80:6789/0] conn(0x7f77a8102770 0x7f77a8102b80 unknown :-1 s=NONE pgs=0 cs=0 l=0 rev1=0 crypto rx=0 tx=0 comp rx=0 tx=0).connect
2024-02-20T08:24:39.935 INFO:teuthology.orchestra.run.smithi080.stdout:/usr/bin/ceph: stderr
2024-02-20T08:24:38.934+0000 7f77af13d700 1 -- --> [v2:172.21.15.80:3300/0,v1:172.21.15.80:6789/0] -- mon_getmap magic: 0 v1 -- 0x7f77a81030c0 con 0x7f77a8102770
2024-02-20T08:24:39.935 INFO:teuthology.orchestra.run.smithi080.stdout:/usr/bin/ceph: stderr
2024-02-20T08:24:38.934+0000 7f77aced9700 1 --2- >> [v2:172.21.15.80:3300/0,v1:172.21.15.80:6789/0] conn(0x7f77a8102770 0x7f77a8102b80 unknown :-1 s=BANNER_CONNECTING pgs=0 cs=0 l=0 rev1=0 crypto rx=0 tx=0 comp rx=0 tx=0)._handle_peer_banner_payload supported=3 required=0
2024-02-20T08:24:39.935 INFO:teuthology.orchestra.run.smithi080.stdout:/usr/bin/ceph: stderr
2024-02-20T08:24:38.934+0000 7f77aced9700 1 --2- >> [v2:172.21.15.80:3300/0,v1:172.21.15.80:6789/0] conn(0x7f77a8102770 0x7f77a8102b80 unknown :-1 s=HELLO_CONNECTING pgs=0 cs=0 l=0 rev1=1 crypto rx=0 tx=0 comp rx=0 tx=0).handle_hello peer v2:172.21.15.80:3300/0 says I am v2:172.21.15.80:48252/0 (socket says 172.21.15.80:48252)
2024-02-20T08:24:39.935 INFO:teuthology.orchestra.run.smithi080.stdout:/usr/bin/ceph: stderr
2024-02-20T08:24:38.934+0000 7f77aced9700 1 -- 172.21.15.80:0/3527867078 learned_addr learned my addr 172.21.15.80:0/3527867078 (peer_addr_for_me v2:172.21.15.80:0/0)
2024-02-20T08:24:39.936 INFO:teuthology.orchestra.run.smithi080.stdout:/usr/bin/ceph: stderr
2024-02-20T08:24:38.934+0000 7f77aced9700 1 -- 172.21.15.80:0/3527867078 --> [v2:172.21.15.80:3300/0,v1:172.21.15.80:6789/0] -- mon_subscribe({config=0+,monmap=0+}) v3 -- 0x7f77a8103200 con 0x7f77a8102770
2024-02-20T08:24:39.936 INFO:teuthology.orchestra.run.smithi080.stdout:/usr/bin/ceph: stderr
2024-02-20T08:24:38.934+0000 7f77aced9700 1 --2- 172.21.15.80:0/3527867078 >> [v2:172.21.15.80:3300/0,v1:172.21.15.80:6789/0] conn(0x7f77a8102770 0x7f77a8102b80 secure :-1 s=READY pgs=47 cs=0 l=1 rev1=1 crypto rx=0x7f77a0009e50 tx=0x7f77a0009840 comp rx=0 tx=0).ready entity=mon.0 client_cookie=fe2240fdfd2c9a3c server_cookie=0 in_seq=0 out_seq=0
2024-02-20T08:24:39.936 INFO:teuthology.orchestra.run.smithi080.stdout:/usr/bin/ceph: stderr
2024-02-20T08:24:38.935+0000 7f77a77fe700 1 -- 172.21.15.80:0/3527867078 <== mon.0 v2:172.21.15.80:3300/0 1 ==== mon_map magic: 0 v1 ==== 229+0+0 (secure 0 0 0) 0x7f77a00092e0 con 0x7f77a8102770
2024-02-20T08:24:39.936 INFO:teuthology.orchestra.run.smithi080.stdout:/usr/bin/ceph: stderr
2024-02-20T08:24:38.935+0000 7f77a77fe700 1 -- 172.21.15.80:0/3527867078 <== mon.0 v2:172.21.15.80:3300/0 2 ==== config(27 keys) v1 ==== 1044+0+0 (secure 0 0 0) 0x7f77a0012430 con 0x7f77a8102770
2024-02-20T08:24:39.936 INFO:teuthology.orchestra.run.smithi080.stdout:/usr/bin/ceph: stderr
2024-02-20T08:24:38.935+0000 7f77a77fe700 1 -- 172.21.15.80:0/3527867078 <== mon.0 v2:172.21.15.80:3300/0 3 ==== mon_map magic: 0 v1 ==== 229+0+0 (secure 0 0 0) 0x7f77a00075c0 con 0x7f77a8102770
2024-02-20T08:24:39.936 INFO:teuthology.orchestra.run.smithi080.stdout:/usr/bin/ceph: stderr
2024-02-20T08:24:38.936+0000 7f77af13d700 1 -- 172.21.15.80:0/3527867078 >> [v2:172.21.15.80:3300/0,v1:172.21.15.80:6789/0] conn(0x7f77a8102770 msgr2=0x7f77a8102b80 secure :-1 s=STATE_CONNECTION_ESTABLISHED l=1).mark_down
2024-02-20T08:24:39.936 INFO:teuthology.orchestra.run.smithi080.stdout:/usr/bin/ceph: stderr
2024-02-20T08:24:38.936+0000 7f77af13d700 1 --2- 172.21.15.80:0/3527867078 >> [v2:172.21.15.80:3300/0,v1:172.21.15.80:6789/0] conn(0x7f77a8102770 0x7f77a8102b80 secure :-1 s=READY pgs=47 cs=0 l=1 rev1=1 crypto rx=0x7f77a0009e50 tx=0x7f77a0009840 comp rx=0 tx=0).stop
2024-02-20T08:24:39.936 INFO:teuthology.orchestra.run.smithi080.stdout:/usr/bin/ceph: stderr
2024-02-20T08:24:38.936+0000 7f77af13d700 1 -- 172.21.15.80:0/3527867078 shutdown_connections
2024-02-20T08:24:39.936 INFO:teuthology.orchestra.run.smithi080.stdout:/usr/bin/ceph: stderr
2024-02-20T08:24:38.936+0000 7f77af13d700 1 --2- 172.21.15.80:0/3527867078 >> [v2:172.21.15.80:3300/0,v1:172.21.15.80:6789/0] conn(0x7f77a8102770 0x7f77a8102b80 unknown :-1 s=CLOSED pgs=47 cs=0 l=1 rev1=1 crypto rx=0 tx=0 comp rx=0 tx=0).stop
2024-02-20T08:24:39.936 INFO:teuthology.orchestra.run.smithi080.stdout:/usr/bin/ceph: stderr
2024-02-20T08:24:38.936+0000 7f77af13d700 1 -- 172.21.15.80:0/3527867078 >> 172.21.15.80:0/3527867078 conn(0x7f77a80fded0 msgr2=0x7f77a8100300 unknown :-1 s=STATE_NONE l=0).mark_down
2024-02-20T08:24:39.936 INFO:teuthology.orchestra.run.smithi080.stdout:/usr/bin/ceph: stderr
2024-02-20T08:24:38.936+0000 7f77af13d700 1 -- 172.21.15.80:0/3527867078 shutdown_connections
2024-02-20T08:24:39.936 INFO:teuthology.orchestra.run.smithi080.stdout:/usr/bin/ceph: stderr
2024-02-20T08:24:38.936+0000 7f77af13d700 1 -- 172.21.15.80:0/3527867078 wait complete.
2024-02-20T08:24:39.936 INFO:teuthology.orchestra.run.smithi080.stdout:/usr/bin/ceph: stderr
2024-02-20T08:24:38.936+0000 7f77af13d700 1 Processor -- start
2024-02-20T08:24:39.937 INFO:teuthology.orchestra.run.smithi080.stdout:/usr/bin/ceph: stderr
2024-02-20T08:24:38.936+0000 7f77af13d700 1 -- start start
2024-02-20T08:24:39.937 INFO:teuthology.orchestra.run.smithi080.stdout:/usr/bin/ceph: stderr
2024-02-20T08:24:38.937+0000 7f77af13d700 1 --2- >> [v2:172.21.15.80:3300/0,v1:172.21.15.80:6789/0] conn(0x7f77a8102770 0x7f77a8111530 unknown :-1 s=NONE pgs=0 cs=0 l=1 rev1=0 crypto rx=0 tx=0 comp rx=0 tx=0).connect
2024-02-20T08:24:39.937 INFO:teuthology.orchestra.run.smithi080.stdout:/usr/bin/ceph: stderr
2024-02-20T08:24:38.937+0000 7f77af13d700 1 -- --> [v2:172.21.15.80:3300/0,v1:172.21.15.80:6789/0] -- mon_getmap magic: 0 v1 -- 0x7f77a8111a70 con 0x7f77a8102770
2024-02-20T08:24:39.937 INFO:teuthology.orchestra.run.smithi080.stdout:/usr/bin/ceph: stderr
2024-02-20T08:24:38.937+0000 7f77aced9700 1 --2- >> [v2:172.21.15.80:3300/0,v1:172.21.15.80:6789/0] conn(0x7f77a8102770 0x7f77a8111530 unknown :-1 s=BANNER_CONNECTING pgs=0 cs=0 l=1 rev1=0 crypto rx=0 tx=0 comp rx=0 tx=0)._handle_peer_banner_payload supported=3 required=0
2024-02-20T08:24:39.937 INFO:teuthology.orchestra.run.smithi080.stdout:/usr/bin/ceph: stderr
2024-02-20T08:24:38.937+0000 7f77aced9700 1 --2- >> [v2:172.21.15.80:3300/0,v1:172.21.15.80:6789/0] conn(0x7f77a8102770 0x7f77a8111530 unknown :-1 s=HELLO_CONNECTING pgs=0 cs=0 l=1 rev1=1 crypto rx=0 tx=0 comp rx=0 tx=0).handle_hello peer v2:172.21.15.80:3300/0 says I am v2:172.21.15.80:48262/0 (socket says 172.21.15.80:48262)
2024-02-20T08:24:39.937 INFO:teuthology.orchestra.run.smithi080.stdout:/usr/bin/ceph: stderr
2024-02-20T08:24:38.937+0000 7f77aced9700 1 -- 172.21.15.80:0/2337746062 learned_addr learned my addr 172.21.15.80:0/2337746062 (peer_addr_for_me v2:172.21.15.80:0/0)
2024-02-20T08:24:39.937 INFO:teuthology.orchestra.run.smithi080.stdout:/usr/bin/ceph: stderr
2024-02-20T08:24:38.937+0000 7f77aced9700 1 -- 172.21.15.80:0/2337746062 --> [v2:172.21.15.80:3300/0,v1:172.21.15.80:6789/0] -- mon_subscribe({config=0+,monmap=0+}) v3 -- 0x7f77a0009ae0 con 0x7f77a8102770
2024-02-20T08:24:39.937 INFO:teuthology.orchestra.run.smithi080.stdout:/usr/bin/ceph: stderr
2024-02-20T08:24:38.937+0000 7f77aced9700 1 --2- 172.21.15.80:0/2337746062 >> [v2:172.21.15.80:3300/0,v1:172.21.15.80:6789/0] conn(0x7f77a8102770 0x7f77a8111530 secure :-1 s=READY pgs=48 cs=0 l=1 rev1=1 crypto rx=0x7f77a0000f80 tx=0x7f77a0009840 comp rx=0 tx=0).ready entity=mon.0 client_cookie=0 server_cookie=0 in_seq=0 out_seq=0
2024-02-20T08:24:39.937 INFO:teuthology.orchestra.run.smithi080.stdout:/usr/bin/ceph: stderr
2024-02-20T08:24:38.937+0000 7f77a57fa700 1 -- 172.21.15.80:0/2337746062 <== mon.0 v2:172.21.15.80:3300/0 1 ==== mon_map magic: 0 v1 ==== 229+0+0 (secure 0 0 0) 0x7f77a00092e0 con 0x7f77a8102770
2024-02-20T08:24:39.937 INFO:teuthology.orchestra.run.smithi080.stdout:/usr/bin/ceph: stderr
2024-02-20T08:24:38.937+0000 7f77a57fa700 1 -- 172.21.15.80:0/2337746062 <== mon.0 v2:172.21.15.80:3300/0 2 ==== config(27 keys) v1 ==== 1044+0+0 (secure 0 0 0) 0x7f77a0007cc0 con 0x7f77a8102770
2024-02-20T08:24:39.937 INFO:teuthology.orchestra.run.smithi080.stdout:/usr/bin/ceph: stderr
2024-02-20T08:24:38.937+0000 7f77a57fa700 1 -- 172.21.15.80:0/2337746062 <== mon.0 v2:172.21.15.80:3300/0 3 ==== mon_map magic: 0 v1 ==== 229+0+0 (secure 0 0 0) 0x7f77a001c990 con 0x7f77a8102770
2024-02-20T08:24:39.937 INFO:teuthology.orchestra.run.smithi080.stdout:/usr/bin/ceph: stderr
2024-02-20T08:24:38.937+0000 7f77af13d700 1 -- 172.21.15.80:0/2337746062 --> [v2:172.21.15.80:3300/0,v1:172.21.15.80:6789/0] -- mon_subscribe({mgrmap=0+}) v3 -- 0x7f77a8111c70 con 0x7f77a8102770
2024-02-20T08:24:39.937 INFO:teuthology.orchestra.run.smithi080.stdout:/usr/bin/ceph: stderr
2024-02-20T08:24:38.938+0000 7f77af13d700 1 -- 172.21.15.80:0/2337746062 --> [v2:172.21.15.80:3300/0,v1:172.21.15.80:6789/0] -- mon_subscribe({osdmap=0}) v3 -- 0x7f77a8112910 con 0x7f77a8102770
2024-02-20T08:24:39.937 INFO:teuthology.orchestra.run.smithi080.stdout:/usr/bin/ceph: stderr
2024-02-20T08:24:38.938+0000 7f77a57fa700 1 -- 172.21.15.80:0/2337746062 <== mon.0 v2:172.21.15.80:3300/0 4 ==== mgrmap(e 8) v1 ==== 43368+0+0 (secure 0 0 0) 0x7f77a0019070 con 0x7f77a8102770
2024-02-20T08:24:39.937 INFO:teuthology.orchestra.run.smithi080.stdout:/usr/bin/ceph: stderr
2024-02-20T08:24:38.938+0000 7f77a57fa700 1 --2- 172.21.15.80:0/2337746062 >> [v2:172.21.15.80:6800/2109027064,v1:172.21.15.80:6801/2109027064] conn(0x7f7794036790 0x7f7794038c40 unknown :-1 s=NONE pgs=0 cs=0 l=1 rev1=0 crypto rx=0 tx=0 comp rx=0 tx=0).connect
2024-02-20T08:24:39.938 INFO:teuthology.orchestra.run.smithi080.stdout:/usr/bin/ceph: stderr
2024-02-20T08:24:38.938+0000 7f77a57fa700 1 -- 172.21.15.80:0/2337746062 <== mon.0 v2:172.21.15.80:3300/0 5 ==== osd_map(2..2 src has 1..2) v4 ==== 936+0+0 (secure 0 0 0) 0x7f77a004ad70 con 0x7f77a8102770
2024-02-20T08:24:39.938 INFO:teuthology.orchestra.run.smithi080.stdout:/usr/bin/ceph: stderr
2024-02-20T08:24:38.939+0000 7f77a7fff700 1 --2- 172.21.15.80:0/2337746062 >> [v2:172.21.15.80:6800/2109027064,v1:172.21.15.80:6801/2109027064] conn(0x7f7794036790 0x7f7794038c40 unknown :-1 s=BANNER_CONNECTING pgs=0 cs=0 l=1 rev1=0 crypto rx=0 tx=0 comp rx=0 tx=0)._handle_peer_banner_payload supported=3 required=0
2024-02-20T08:24:39.938 INFO:teuthology.orchestra.run.smithi080.stdout:/usr/bin/ceph: stderr
2024-02-20T08:24:38.939+0000 7f77af13d700 1 -- 172.21.15.80:0/2337746062 --> [v2:172.21.15.80:3300/0,v1:172.21.15.80:6789/0] -- mon_command({"prefix": "get_command_descriptions"} v 0) v1 -- 0x7f77a805f5c0 con 0x7f77a8102770
2024-02-20T08:24:39.938 INFO:teuthology.orchestra.run.smithi080.stdout:/usr/bin/ceph: stderr
2024-02-20T08:24:38.939+0000 7f77a7fff700 1 --2- 172.21.15.80:0/2337746062 >> [v2:172.21.15.80:6800/2109027064,v1:172.21.15.80:6801/2109027064] conn(0x7f7794036790 0x7f7794038c40 secure :-1 s=READY pgs=12 cs=0 l=1 rev1=1 crypto rx=0x7f7798009990 tx=0x7f7798006e40 comp rx=0 tx=0).ready entity=mgr.14120 client_cookie=0 server_cookie=0 in_seq=0 out_seq=0
2024-02-20T08:24:39.938 INFO:teuthology.orchestra.run.smithi080.stdout:/usr/bin/ceph: stderr
2024-02-20T08:24:38.944+0000 7f77a57fa700 1 -- 172.21.15.80:0/2337746062 <== mon.0 v2:172.21.15.80:3300/0 6 ==== mon_command_ack([{"prefix": "get_command_descriptions"}]=0 v0) v1 ==== 72+0+175031 (secure 0 0 0) 0x7f77a0017080 con 0x7f77a8102770
2024-02-20T08:24:39.938 INFO:teuthology.orchestra.run.smithi080.stdout:/usr/bin/ceph: stderr
2024-02-20T08:24:39.156+0000 7f77af13d700 1 -- 172.21.15.80:0/2337746062 --> [v2:172.21.15.80:6800/2109027064,v1:172.21.15.80:6801/2109027064] -- mgr_command(tid 0: {"prefix": "orch apply", "service_type": "mon", "target": ["mon-mgr", ""]}) v1 -- 0x7f77a81001a0 con 0x7f7794036790
2024-02-20T08:24:39.938 INFO:teuthology.orchestra.run.smithi080.stdout:/usr/bin/ceph: stderr
