2024-02-20T08:25:06.460+0000 7f1193a09700 1 --2- 172.21.15.80:0/1684454953 >> [v2:172.21.15.80:3300/0,v1:172.21.15.80:6789/0] conn(0x7f118c102770 0x7f118c102b80 secure :-1 s=READY pgs=86 cs=0 l=1 rev1=1 crypto rx=0x7f11880098e0 tx=0x7f1188009250 comp rx=0 tx=0).stop
2024-02-20T08:25:07.250 INFO:teuthology.orchestra.run.smithi080.stdout:/usr/bin/ceph: stderr
2024-02-20T08:25:06.460+0000 7f1193a09700 1 -- 172.21.15.80:0/1684454953 shutdown_connections
2024-02-20T08:25:07.250 INFO:teuthology.orchestra.run.smithi080.stdout:/usr/bin/ceph: stderr
2024-02-20T08:25:06.460+0000 7f1193a09700 1 --2- 172.21.15.80:0/1684454953 >> [v2:172.21.15.80:3300/0,v1:172.21.15.80:6789/0] conn(0x7f118c102770 0x7f118c102b80 unknown :-1 s=CLOSED pgs=86 cs=0 l=1 rev1=1 crypto rx=0 tx=0 comp rx=0 tx=0).stop
2024-02-20T08:25:07.250 INFO:teuthology.orchestra.run.smithi080.stdout:/usr/bin/ceph: stderr
2024-02-20T08:25:06.460+0000 7f1193a09700 1 -- 172.21.15.80:0/1684454953 >> 172.21.15.80:0/1684454953 conn(0x7f118c0fded0 msgr2=0x7f118c100300 unknown :-1 s=STATE_NONE l=0).mark_down
2024-02-20T08:25:07.250 INFO:teuthology.orchestra.run.smithi080.stdout:/usr/bin/ceph: stderr
2024-02-20T08:25:06.460+0000 7f1193a09700 1 -- 172.21.15.80:0/1684454953 shutdown_connections
2024-02-20T08:25:07.250 INFO:teuthology.orchestra.run.smithi080.stdout:/usr/bin/ceph: stderr
2024-02-20T08:25:06.460+0000 7f1193a09700 1 -- 172.21.15.80:0/1684454953 wait complete.
2024-02-20T08:25:07.250 INFO:teuthology.orchestra.run.smithi080.stdout:/usr/bin/ceph: stderr
2024-02-20T08:25:06.461+0000 7f1193a09700 1 Processor -- start
2024-02-20T08:25:07.250 INFO:teuthology.orchestra.run.smithi080.stdout:/usr/bin/ceph: stderr
2024-02-20T08:25:06.461+0000 7f1193a09700 1 -- start start
2024-02-20T08:25:07.250 INFO:teuthology.orchestra.run.smithi080.stdout:/usr/bin/ceph: stderr
2024-02-20T08:25:06.461+0000 7f1193a09700 1 --2- >> [v2:172.21.15.80:3300/0,v1:172.21.15.80:6789/0] conn(0x7f118c102770 0x7f118c111560 unknown :-1 s=NONE pgs=0 cs=0 l=1 rev1=0 crypto rx=0 tx=0 comp rx=0 tx=0).connect
2024-02-20T08:25:07.250 INFO:teuthology.orchestra.run.smithi080.stdout:/usr/bin/ceph: stderr
2024-02-20T08:25:06.461+0000 7f1193a09700 1 -- --> [v2:172.21.15.80:3300/0,v1:172.21.15.80:6789/0] -- mon_getmap magic: 0 v1 -- 0x7f118c111aa0 con 0x7f118c102770
2024-02-20T08:25:07.250 INFO:teuthology.orchestra.run.smithi080.stdout:/usr/bin/ceph: stderr
2024-02-20T08:25:06.461+0000 7f11917a5700 1 --2- >> [v2:172.21.15.80:3300/0,v1:172.21.15.80:6789/0] conn(0x7f118c102770 0x7f118c111560 unknown :-1 s=BANNER_CONNECTING pgs=0 cs=0 l=1 rev1=0 crypto rx=0 tx=0 comp rx=0 tx=0)._handle_peer_banner_payload supported=3 required=0
2024-02-20T08:25:07.251 INFO:teuthology.orchestra.run.smithi080.stdout:/usr/bin/ceph: stderr
2024-02-20T08:25:06.461+0000 7f11917a5700 1 --2- >> [v2:172.21.15.80:3300/0,v1:172.21.15.80:6789/0] conn(0x7f118c102770 0x7f118c111560 unknown :-1 s=HELLO_CONNECTING pgs=0 cs=0 l=1 rev1=1 crypto rx=0 tx=0 comp rx=0 tx=0).handle_hello peer v2:172.21.15.80:3300/0 says I am v2:172.21.15.80:41916/0 (socket says 172.21.15.80:41916)
2024-02-20T08:25:07.251 INFO:teuthology.orchestra.run.smithi080.stdout:/usr/bin/ceph: stderr
2024-02-20T08:25:06.461+0000 7f11917a5700 1 -- 172.21.15.80:0/2470690073 learned_addr learned my addr 172.21.15.80:0/2470690073 (peer_addr_for_me v2:172.21.15.80:0/0)
2024-02-20T08:25:07.251 INFO:teuthology.orchestra.run.smithi080.stdout:/usr/bin/ceph: stderr
2024-02-20T08:25:06.461+0000 7f11917a5700 1 -- 172.21.15.80:0/2470690073 --> [v2:172.21.15.80:3300/0,v1:172.21.15.80:6789/0] -- mon_subscribe({config=0+,monmap=0+}) v3 -- 0x7f11880094f0 con 0x7f118c102770
2024-02-20T08:25:07.251 INFO:teuthology.orchestra.run.smithi080.stdout:/usr/bin/ceph: stderr
2024-02-20T08:25:06.461+0000 7f11917a5700 1 --2- 172.21.15.80:0/2470690073 >> [v2:172.21.15.80:3300/0,v1:172.21.15.80:6789/0] conn(0x7f118c102770 0x7f118c111560 secure :-1 s=READY pgs=87 cs=0 l=1 rev1=1 crypto rx=0x7f1188006b00 tx=0x7f1188009250 comp rx=0 tx=0).ready entity=mon.0 client_cookie=0 server_cookie=0 in_seq=0 out_seq=0
2024-02-20T08:25:07.251 INFO:teuthology.orchestra.run.smithi080.stdout:/usr/bin/ceph: stderr
2024-02-20T08:25:06.462+0000 7f1181ffb700 1 -- 172.21.15.80:0/2470690073 <== mon.0 v2:172.21.15.80:3300/0 1 ==== mon_map magic: 0 v1 ==== 229+0+0 (secure 0 0 0) 0x7f11880109a0 con 0x7f118c102770
2024-02-20T08:25:07.251 INFO:teuthology.orchestra.run.smithi080.stdout:/usr/bin/ceph: stderr
2024-02-20T08:25:06.462+0000 7f1181ffb700 1 -- 172.21.15.80:0/2470690073 <== mon.0 v2:172.21.15.80:3300/0 2 ==== config(27 keys) v1 ==== 1109+0+0 (secure 0 0 0) 0x7f118801a430 con 0x7f118c102770
2024-02-20T08:25:07.251 INFO:teuthology.orchestra.run.smithi080.stdout:/usr/bin/ceph: stderr
2024-02-20T08:25:06.462+0000 7f1193a09700 1 -- 172.21.15.80:0/2470690073 --> [v2:172.21.15.80:3300/0,v1:172.21.15.80:6789/0] -- mon_subscribe({mgrmap=0+}) v3 -- 0x7f118c111ca0 con 0x7f118c102770
2024-02-20T08:25:07.251 INFO:teuthology.orchestra.run.smithi080.stdout:/usr/bin/ceph: stderr
2024-02-20T08:25:06.462+0000 7f1181ffb700 1 -- 172.21.15.80:0/2470690073 <== mon.0 v2:172.21.15.80:3300/0 3 ==== mon_map magic: 0 v1 ==== 229+0+0 (secure 0 0 0) 0x7f11880245b0 con 0x7f118c102770
2024-02-20T08:25:07.251 INFO:teuthology.orchestra.run.smithi080.stdout:/usr/bin/ceph: stderr
2024-02-20T08:25:06.462+0000 7f1193a09700 1 -- 172.21.15.80:0/2470690073 --> [v2:172.21.15.80:3300/0,v1:172.21.15.80:6789/0] -- mon_subscribe({osdmap=0}) v3 -- 0x7f118c112940 con 0x7f118c102770
2024-02-20T08:25:07.251 INFO:teuthology.orchestra.run.smithi080.stdout:/usr/bin/ceph: stderr
2024-02-20T08:25:06.463+0000 7f1181ffb700 1 -- 172.21.15.80:0/2470690073 <== mon.0 v2:172.21.15.80:3300/0 4 ==== mgrmap(e 12) v1 ==== 43381+0+0 (secure 0 0 0) 0x7f1188024830 con 0x7f118c102770
2024-02-20T08:25:07.251 INFO:teuthology.orchestra.run.smithi080.stdout:/usr/bin/ceph: stderr
2024-02-20T08:25:06.463+0000 7f1181ffb700 1 --2- 172.21.15.80:0/2470690073 >> [v2:172.21.15.80:6800/3064708255,v1:172.21.15.80:6801/3064708255] conn(0x7f11780367e0 0x7f1178038c90 unknown :-1 s=NONE pgs=0 cs=0 l=1 rev1=0 crypto rx=0 tx=0 comp rx=0 tx=0).connect
2024-02-20T08:25:07.251 INFO:teuthology.orchestra.run.smithi080.stdout:/usr/bin/ceph: stderr
2024-02-20T08:25:06.463+0000 7f1193a09700 1 -- 172.21.15.80:0/2470690073 --> [v2:172.21.15.80:3300/0,v1:172.21.15.80:6789/0] -- mon_command({"prefix": "get_command_descriptions"} v 0) v1 -- 0x7f118c05f5c0 con 0x7f118c102770
2024-02-20T08:25:07.251 INFO:teuthology.orchestra.run.smithi080.stdout:/usr/bin/ceph: stderr
2024-02-20T08:25:06.463+0000 7f1181ffb700 1 -- 172.21.15.80:0/2470690073 <== mon.0 v2:172.21.15.80:3300/0 5 ==== osd_map(3..3 src has 1..3) v4 ==== 1151+0+0 (secure 0 0 0) 0x7f118804a7c0 con 0x7f118c102770
2024-02-20T08:25:07.251 INFO:teuthology.orchestra.run.smithi080.stdout:/usr/bin/ceph: stderr
2024-02-20T08:25:06.463+0000 7f1190fa4700 1 --2- 172.21.15.80:0/2470690073 >> [v2:172.21.15.80:6800/3064708255,v1:172.21.15.80:6801/3064708255] conn(0x7f11780367e0 0x7f1178038c90 unknown :-1 s=BANNER_CONNECTING pgs=0 cs=0 l=1 rev1=0 crypto rx=0 tx=0 comp rx=0 tx=0)._handle_peer_banner_payload supported=3 required=0
2024-02-20T08:25:07.251 INFO:teuthology.orchestra.run.smithi080.stdout:/usr/bin/ceph: stderr
2024-02-20T08:25:06.463+0000 7f1190fa4700 1 --2- 172.21.15.80:0/2470690073 >> [v2:172.21.15.80:6800/3064708255,v1:172.21.15.80:6801/3064708255] conn(0x7f11780367e0 0x7f1178038c90 secure :-1 s=READY pgs=10 cs=0 l=1 rev1=1 crypto rx=0x7f117c009990 tx=0x7f117c006e40 comp rx=0 tx=0).ready entity=mgr.14162 client_cookie=0 server_cookie=0 in_seq=0 out_seq=0
2024-02-20T08:25:07.251 INFO:teuthology.orchestra.run.smithi080.stdout:/usr/bin/ceph: stderr
2024-02-20T08:25:06.467+0000 7f1181ffb700 1 -- 172.21.15.80:0/2470690073 <== mon.0 v2:172.21.15.80:3300/0 6 ==== mon_command_ack([{"prefix": "get_command_descriptions"}]=0 v0) v1 ==== 72+0+175031 (secure 0 0 0) 0x7f11880189a0 con 0x7f118c102770
2024-02-20T08:25:07.252 INFO:teuthology.orchestra.run.smithi080.stdout:/usr/bin/ceph: stderr
2024-02-20T08:25:06.650+0000 7f1193a09700 1 -- 172.21.15.80:0/2470690073 --> [v2:172.21.15.80:3300/0,v1:172.21.15.80:6789/0] -- mon_command([{prefix=config set, name=osd_memory_target_autotune}] v 0) v1 -- 0x7f118c04bed0 con 0x7f118c102770
2024-02-20T08:25:07.252 INFO:teuthology.orchestra.run.smithi080.stdout:/usr/bin/ceph: stderr
2024-02-20T08:25:06.651+0000 7f1181ffb700 1 -- 172.21.15.80:0/2470690073 <== mon.0 v2:172.21.15.80:3300/0 7 ==== mon_command_ack([{prefix=config set, name=osd_memory_target_autotune}]=0 v8)=0 v8) v1 ==== 127+0+0 (secure 0 0 0) 0x7f1188018350 con 0x7f118c102770
2024-02-20T08:25:07.252 INFO:teuthology.orchestra.run.smithi080.stdout:/usr/bin/ceph: stderr
2024-02-20T08:25:06.653+0000 7f1193a09700 1 -- 172.21.15.80:0/2470690073 >> [v2:172.21.15.80:6800/3064708255,v1:172.21.15.80:6801/3064708255] conn(0x7f11780367e0 msgr2=0x7f1178038c90 secure :-1 s=STATE_CONNECTION_ESTABLISHED l=1).mark_down
2024-02-20T08:25:07.252 INFO:teuthology.orchestra.run.smithi080.stdout:/usr/bin/ceph: stderr
2024-02-20T08:25:06.653+0000 7f1193a09700 1 --2- 172.21.15.80:0/2470690073 >> [v2:172.21.15.80:6800/3064708255,v1:172.21.15.80:6801/3064708255] conn(0x7f11780367e0 0x7f1178038c90 secure :-1 s=READY pgs=10 cs=0 l=1 rev1=1 crypto rx=0x7f117c009990 tx=0x7f117c006e40 comp rx=0 tx=0).stop
2024-02-20T08:25:07.252 INFO:teuthology.orchestra.run.smithi080.stdout:/usr/bin/ceph: stderr
2024-02-20T08:25:06.653+0000 7f1193a09700 1 -- 172.21.15.80:0/2470690073 >> [v2:172.21.15.80:3300/0,v1:172.21.15.80:6789/0] conn(0x7f118c102770 msgr2=0x7f118c111560 secure :-1 s=STATE_CONNECTION_ESTABLISHED l=1).mark_down
2024-02-20T08:25:07.252 INFO:teuthology.orchestra.run.smithi080.stdout:/usr/bin/ceph: stderr
2024-02-20T08:25:06.653+0000 7f1193a09700 1 --2- 172.21.15.80:0/2470690073 >> [v2:172.21.15.80:3300/0,v1:172.21.15.80:6789/0] conn(0x7f118c102770 0x7f118c111560 secure :-1 s=READY pgs=87 cs=0 l=1 rev1=1 crypto rx=0x7f1188006b00 tx=0x7f1188009250 comp rx=0 tx=0).stop
2024-02-20T08:25:07.252 INFO:teuthology.orchestra.run.smithi080.stdout:/usr/bin/ceph: stderr
2024-02-20T08:25:06.653+0000 7f1193a09700 1 -- 172.21.15.80:0/2470690073 shutdown_connections
2024-02-20T08:25:07.252 INFO:teuthology.orchestra.run.smithi080.stdout:/usr/bin/ceph: stderr
2024-02-20T08:25:06.653+0000 7f1193a09700 1 --2- 172.21.15.80:0/2470690073 >> [v2:172.21.15.80:6800/3064708255,v1:172.21.15.80:6801/3064708255] conn(0x7f11780367e0 0x7f1178038c90 unknown :-1 s=CLOSED pgs=10 cs=0 l=1 rev1=1 crypto rx=0 tx=0 comp rx=0 tx=0).stop
2024-02-20T08:25:07.252 INFO:teuthology.orchestra.run.smithi080.stdout:/usr/bin/ceph: stderr
2024-02-20T08:25:06.653+0000 7f1193a09700 1 --2- 172.21.15.80:0/2470690073 >> [v2:172.21.15.80:3300/0,v1:172.21.15.80:6789/0] conn(0x7f118c102770 0x7f118c111560 unknown :-1 s=CLOSED pgs=87 cs=0 l=1 rev1=1 crypto rx=0 tx=0 comp rx=0 tx=0).stop
2024-02-20T08:25:07.252 INFO:teuthology.orchestra.run.smithi080.stdout:/usr/bin/ceph: stderr
2024-02-20T08:25:06.653+0000 7f1193a09700 1 -- 172.21.15.80:0/2470690073 >> 172.21.15.80:0/2470690073 conn(0x7f118c0fded0 msgr2=0x7f118c0fecb0 unknown :-1 s=STATE_NONE l=0).mark_down
2024-02-20T08:25:07.252 INFO:teuthology.orchestra.run.smithi080.stdout:/usr/bin/ceph: stderr
2024-02-20T08:25:06.653+0000 7f1193a09700 1 -- 172.21.15.80:0/2470690073 shutdown_connections
2024-02-20T08:25:07.252 INFO:teuthology.orchestra.run.smithi080.stdout:/usr/bin/ceph: stderr
2024-02-20T08:25:06.653+0000 7f1193a09700 1 -- 172.21.15.80:0/2470690073 wait complete.
2024-02-20T08:25:07.949 INFO:journalctl@ceph.mon.smithi080.smithi080.stdout:Feb 20 08:25:07 smithi080 ceph-mon[29176]: mgrmap e13: smithi080.flhlxd(active, since 6s)
2024-02-20T08:25:08.573 INFO:teuthology.orchestra.run.smithi080.stdout:/usr/bin/ceph: stderr
2024-02-20T08:25:07.667+0000 7f0721078700 1 Processor -- start
2024-02-20T08:25:08.573 INFO:teuthology.orchestra.run.smithi080.stdout:/usr/bin/ceph: stderr
2024-02-20T08:25:07.667+0000 7f0721078700 1 -- start start
2024-02-20T08:25:08.573 INFO:teuthology.orchestra.run.smithi080.stdout:/usr/bin/ceph: stderr
2024-02-20T08:25:07.667+0000 7f0721078700 1 --2- >> [v2:172.21.15.80:3300/0,v1:172.21.15.80:6789/0] conn(0x7f071c101670 0x7f071c101a80 unknown :-1 s=NONE pgs=0 cs=0 l=0 rev1=0 crypto rx=0 tx=0 comp rx=0 tx=0).connect
2024-02-20T08:25:08.574 INFO:teuthology.orchestra.run.smithi080.stdout:/usr/bin/ceph: stderr
2024-02-20T08:25:07.667+0000 7f0721078700 1 -- --> [v2:172.21.15.80:3300/0,v1:172.21.15.80:6789/0] -- mon_getmap magic: 0 v1 -- 0x7f071c101fc0 con 0x7f071c101670
2024-02-20T08:25:08.574 INFO:teuthology.orchestra.run.smithi080.stdout:/usr/bin/ceph: stderr
2024-02-20T08:25:07.667+0000 7f071ad9d700 1 --2- >> [v2:172.21.15.80:3300/0,v1:172.21.15.80:6789/0] conn(0x7f071c101670 0x7f071c101a80 unknown :-1 s=BANNER_CONNECTING pgs=0 cs=0 l=0 rev1=0 crypto rx=0 tx=0 comp rx=0 tx=0)._handle_peer_banner_payload supported=3 required=0
2024-02-20T08:25:08.574 INFO:teuthology.orchestra.run.smithi080.stdout:/usr/bin/ceph: stderr
2024-02-20T08:25:07.667+0000 7f071ad9d700 1 --2- >> [v2:172.21.15.80:3300/0,v1:172.21.15.80:6789/0] conn(0x7f071c101670 0x7f071c101a80 unknown :-1 s=HELLO_CONNECTING pgs=0 cs=0 l=0 rev1=1 crypto rx=0 tx=0 comp rx=0 tx=0).handle_hello peer v2:172.21.15.80:3300/0 says I am v2:172.21.15.80:41922/0 (socket says 172.21.15.80:41922)
2024-02-20T08:25:08.574 INFO:teuthology.orchestra.run.smithi080.stdout:/usr/bin/ceph: stderr
2024-02-20T08:25:07.667+0000 7f071ad9d700 1 -- 172.21.15.80:0/1740688975 learned_addr learned my addr 172.21.15.80:0/1740688975 (peer_addr_for_me v2:172.21.15.80:0/0)
2024-02-20T08:25:08.574 INFO:teuthology.orchestra.run.smithi080.stdout:/usr/bin/ceph: stderr
2024-02-20T08:25:07.667+0000 7f071ad9d700 1 -- 172.21.15.80:0/1740688975 --> [v2:172.21.15.80:3300/0,v1:172.21.15.80:6789/0] -- mon_subscribe({config=0+,monmap=0+}) v3 -- 0x7f071c102100 con 0x7f071c101670
2024-02-20T08:25:08.574 INFO:teuthology.orchestra.run.smithi080.stdout:/usr/bin/ceph: stderr
2024-02-20T08:25:07.667+0000 7f071ad9d700 1 --2- 172.21.15.80:0/1740688975 >> [v2:172.21.15.80:3300/0,v1:172.21.15.80:6789/0] conn(0x7f071c101670 0x7f071c101a80 secure :-1 s=READY pgs=88 cs=0 l=1 rev1=1 crypto rx=0x7f070c0098e0 tx=0x7f070c009250 comp rx=0 tx=0).ready entity=mon.0 client_cookie=769472503d8114 server_cookie=0 in_seq=0 out_seq=0
2024-02-20T08:25:08.574 INFO:teuthology.orchestra.run.smithi080.stdout:/usr/bin/ceph: stderr
2024-02-20T08:25:07.668+0000 7f0719d9b700 1 -- 172.21.15.80:0/1740688975 <== mon.0 v2:172.21.15.80:3300/0 1 ==== mon_map magic: 0 v1 ==== 229+0+0 (secure 0 0 0) 0x7f070c00b860 con 0x7f071c101670
2024-02-20T08:25:08.574 INFO:teuthology.orchestra.run.smithi080.stdout:/usr/bin/ceph: stderr
2024-02-20T08:25:07.668+0000 7f0719d9b700 1 -- 172.21.15.80:0/1740688975 <== mon.0 v2:172.21.15.80:3300/0 2 ==== config(27 keys) v1 ==== 1109+0+0 (secure 0 0 0) 0x7f070c00be90 con 0x7f071c101670
2024-02-20T08:25:08.574 INFO:teuthology.orchestra.run.smithi080.stdout:/usr/bin/ceph: stderr
2024-02-20T08:25:07.668+0000 7f0719d9b700 1 -- 172.21.15.80:0/1740688975 <== mon.0 v2:172.21.15.80:3300/0 3 ==== mon_map magic: 0 v1 ==== 229+0+0 (secure 0 0 0) 0x7f070c0103c0 con 0x7f071c101670
2024-02-20T08:25:08.574 INFO:teuthology.orchestra.run.smithi080.stdout:/usr/bin/ceph: stderr
2024-02-20T08:25:07.668+0000 7f0721078700 1 -- 172.21.15.80:0/1740688975 >> [v2:172.21.15.80:3300/0,v1:172.21.15.80:6789/0] conn(0x7f071c101670 msgr2=0x7f071c101a80 secure :-1 s=STATE_CONNECTION_ESTABLISHED l=1).mark_down
2024-02-20T08:25:08.574 INFO:teuthology.orchestra.run.smithi080.stdout:/usr/bin/ceph: stderr
2024-02-20T08:25:07.668+0000 7f0721078700 1 --2- 172.21.15.80:0/1740688975 >> [v2:172.21.15.80:3300/0,v1:172.21.15.80:6789/0] conn(0x7f071c101670 0x7f071c101a80 secure :-1 s=READY pgs=88 cs=0 l=1 rev1=1 crypto rx=0x7f070c0098e0 tx=0x7f070c009250 comp rx=0 tx=0).stop
2024-02-20T08:25:08.574 INFO:teuthology.orchestra.run.smithi080.stdout:/usr/bin/ceph: stderr
2024-02-20T08:25:07.668+0000 7f0721078700 1 -- 172.21.15.80:0/1740688975 shutdown_connections
2024-02-20T08:25:08.574 INFO:teuthology.orchestra.run.smithi080.stdout:/usr/bin/ceph: stderr
2024-02-20T08:25:07.668+0000 7f0721078700 1 --2- 172.21.15.80:0/1740688975 >> [v2:172.21.15.80:3300/0,v1:172.21.15.80:6789/0] conn(0x7f071c101670 0x7f071c101a80 unknown :-1 s=CLOSED pgs=88 cs=0 l=1 rev1=1 crypto rx=0 tx=0 comp rx=0 tx=0).stop
2024-02-20T08:25:08.574 INFO:teuthology.orchestra.run.smithi080.stdout:/usr/bin/ceph: stderr
2024-02-20T08:25:07.668+0000 7f0721078700 1 -- 172.21.15.80:0/1740688975 >> 172.21.15.80:0/1740688975 conn(0x7f071c0fcdd0 msgr2=0x7f071c0ff200 unknown :-1 s=STATE_NONE l=0).mark_down
2024-02-20T08:25:08.575 INFO:teuthology.orchestra.run.smithi080.stdout:/usr/bin/ceph: stderr
2024-02-20T08:25:07.668+0000 7f0721078700 1 -- 172.21.15.80:0/1740688975 shutdown_connections
2024-02-20T08:25:08.575 INFO:teuthology.orchestra.run.smithi080.stdout:/usr/bin/ceph: stderr
2024-02-20T08:25:07.668+0000 7f0721078700 1 -- 172.21.15.80:0/1740688975 wait complete.
2024-02-20T08:25:08.575 INFO:teuthology.orchestra.run.smithi080.stdout:/usr/bin/ceph: stderr
2024-02-20T08:25:07.669+0000 7f0721078700 1 Processor -- start
2024-02-20T08:25:08.575 INFO:teuthology.orchestra.run.smithi080.stdout:/usr/bin/ceph: stderr
2024-02-20T08:25:07.669+0000 7f0721078700 1 -- start start
2024-02-20T08:25:08.575 INFO:teuthology.orchestra.run.smithi080.stdout:/usr/bin/ceph: stderr
2024-02-20T08:25:07.669+0000 7f0721078700 1 --2- >> [v2:172.21.15.80:3300/0,v1:172.21.15.80:6789/0] conn(0x7f071c101670 0x7f071c114580 unknown :-1 s=NONE pgs=0 cs=0 l=1 rev1=0 crypto rx=0 tx=0 comp rx=0 tx=0).connect
2024-02-20T08:25:08.575 INFO:teuthology.orchestra.run.smithi080.stdout:/usr/bin/ceph: stderr
2024-02-20T08:25:07.669+0000 7f0721078700 1 -- --> [v2:172.21.15.80:3300/0,v1:172.21.15.80:6789/0] -- mon_getmap magic: 0 v1 -- 0x7f071c076c10 con 0x7f071c101670
2024-02-20T08:25:08.575 INFO:teuthology.orchestra.run.smithi080.stdout:/usr/bin/ceph: stderr
2024-02-20T08:25:07.669+0000 7f071ad9d700 1 --2- >> [v2:172.21.15.80:3300/0,v1:172.21.15.80:6789/0] conn(0x7f071c101670 0x7f071c114580 unknown :-1 s=BANNER_CONNECTING pgs=0 cs=0 l=1 rev1=0 crypto rx=0 tx=0 comp rx=0 tx=0)._handle_peer_banner_payload supported=3 required=0
2024-02-20T08:25:08.575 INFO:teuthology.orchestra.run.smithi080.stdout:/usr/bin/ceph: stderr
2024-02-20T08:25:07.669+0000 7f071ad9d700 1 --2- >> [v2:172.21.15.80:3300/0,v1:172.21.15.80:6789/0] conn(0x7f071c101670 0x7f071c114580 unknown :-1 s=HELLO_CONNECTING pgs=0 cs=0 l=1 rev1=1 crypto rx=0 tx=0 comp rx=0 tx=0).handle_hello peer v2:172.21.15.80:3300/0 says I am v2:172.21.15.80:41936/0 (socket says 172.21.15.80:41936)
2024-02-20T08:25:08.575 INFO:teuthology.orchestra.run.smithi080.stdout:/usr/bin/ceph: stderr
2024-02-20T08:25:07.669+0000 7f071ad9d700 1 -- 172.21.15.80:0/165137460 learned_addr learned my addr 172.21.15.80:0/165137460 (peer_addr_for_me v2:172.21.15.80:0/0)
2024-02-20T08:25:08.575 INFO:teuthology.orchestra.run.smithi080.stdout:/usr/bin/ceph: stderr
2024-02-20T08:25:07.669+0000 7f071ad9d700 1 -- 172.21.15.80:0/165137460 --> [v2:172.21.15.80:3300/0,v1:172.21.15.80:6789/0] -- mon_subscribe({config=0+,monmap=0+}) v3 -- 0x7f070c0094f0 con 0x7f071c101670
2024-02-20T08:25:08.575 INFO:teuthology.orchestra.run.smithi080.stdout:/usr/bin/ceph: stderr
2024-02-20T08:25:07.669+0000 7f071ad9d700 1 --2- 172.21.15.80:0/165137460 >> [v2:172.21.15.80:3300/0,v1:172.21.15.80:6789/0] conn(0x7f071c101670 0x7f071c114580 secure :-1 s=READY pgs=89 cs=0 l=1 rev1=1 crypto rx=0x7f070c006b00 tx=0x7f070c009250 comp rx=0 tx=0).ready entity=mon.0 client_cookie=0 server_cookie=0 in_seq=0 out_seq=0
2024-02-20T08:25:08.575 INFO:teuthology.orchestra.run.smithi080.stdout:/usr/bin/ceph: stderr
2024-02-20T08:25:07.670+0000 7f07037fe700 1 -- 172.21.15.80:0/165137460 <== mon.0 v2:172.21.15.80:3300/0 1 ==== mon_map magic: 0 v1 ==== 229+0+0 (secure 0 0 0) 0x7f070c0109a0 con 0x7f071c101670
2024-02-20T08:25:08.575 INFO:teuthology.orchestra.run.smithi080.stdout:/usr/bin/ceph: stderr
2024-02-20T08:25:07.670+0000 7f07037fe700 1 -- 172.21.15.80:0/165137460 <== mon.0 v2:172.21.15.80:3300/0 2 ==== config(27 keys) v1 ==== 1109+0+0 (secure 0 0 0) 0x7f070c01a430 con 0x7f071c101670
2024-02-20T08:25:08.575 INFO:teuthology.orchestra.run.smithi080.stdout:/usr/bin/ceph: stderr
2024-02-20T08:25:07.670+0000 7f0721078700 1 -- 172.21.15.80:0/165137460 --> [v2:172.21.15.80:3300/0,v1:172.21.15.80:6789/0] -- mon_subscribe({mgrmap=0+}) v3 -- 0x7f071c076e10 con 0x7f071c101670
2024-02-20T08:25:08.575 INFO:teuthology.orchestra.run.smithi080.stdout:/usr/bin/ceph: stderr
2024-02-20T08:25:07.670+0000 7f07037fe700 1 -- 172.21.15.80:0/165137460 <== mon.0 v2:172.21.15.80:3300/0 3 ==== mon_map magic: 0 v1 ==== 229+0+0 (secure 0 0 0) 0x7f070c0245b0 con 0x7f071c101670
2024-02-20T08:25:08.576 INFO:teuthology.orchestra.run.smithi080.stdout:/usr/bin/ceph: stderr
2024-02-20T08:25:07.670+0000 7f0721078700 1 -- 172.21.15.80:0/165137460 --> [v2:172.21.15.80:3300/0,v1:172.21.15.80:6789/0] -- mon_subscribe({osdmap=0}) v3 -- 0x7f071c114c80 con 0x7f071c101670
2024-02-20T08:25:08.576 INFO:teuthology.orchestra.run.smithi080.stdout:/usr/bin/ceph: stderr
2024-02-20T08:25:07.670+0000 7f07037fe700 1 -- 172.21.15.80:0/165137460 <== mon.0 v2:172.21.15.80:3300/0 4 ==== mgrmap(e 13) v1 ==== 43424+0+0 (secure 0 0 0) 0x7f070c0247e0 con 0x7f071c101670
2024-02-20T08:25:08.576 INFO:teuthology.orchestra.run.smithi080.stdout:/usr/bin/ceph: stderr
2024-02-20T08:25:07.671+0000 7f0721078700 1 -- 172.21.15.80:0/165137460 --> [v2:172.21.15.80:3300/0,v1:172.21.15.80:6789/0] -- mon_command({"prefix": "get_command_descriptions"} v 0) v1 -- 0x7f071c10a590 con 0x7f071c101670
2024-02-20T08:25:08.576 INFO:teuthology.orchestra.run.smithi080.stdout:/usr/bin/ceph: stderr
2024-02-20T08:25:07.671+0000 7f07037fe700 1 --2- 172.21.15.80:0/165137460 >> [v2:172.21.15.80:6800/3064708255,v1:172.21.15.80:6801/3064708255] conn(0x7f07040368d0 0x7f0704038d80 unknown :-1 s=NONE pgs=0 cs=0 l=1 rev1=0 crypto rx=0 tx=0 comp rx=0 tx=0).connect
2024-02-20T08:25:08.576 INFO:teuthology.orchestra.run.smithi080.stdout:/usr/bin/ceph: stderr
2024-02-20T08:25:07.671+0000 7f07037fe700 1 -- 172.21.15.80:0/165137460 <== mon.0 v2:172.21.15.80:3300/0 5 ==== osd_map(3..3 src has 1..3) v4 ==== 1151+0+0 (secure 0 0 0) 0x7f070c04a860 con 0x7f071c101670
2024-02-20T08:25:08.576 INFO:teuthology.orchestra.run.smithi080.stdout:/usr/bin/ceph: stderr
2024-02-20T08:25:07.671+0000 7f071a59c700 1 --2- 172.21.15.80:0/165137460 >> [v2:172.21.15.80:6800/3064708255,v1:172.21.15.80:6801/3064708255] conn(0x7f07040368d0 0x7f0704038d80 unknown :-1 s=BANNER_CONNECTING pgs=0 cs=0 l=1 rev1=0 crypto rx=0 tx=0 comp rx=0 tx=0)._handle_peer_banner_payload supported=3 required=0
2024-02-20T08:25:08.576 INFO:teuthology.orchestra.run.smithi080.stdout:/usr/bin/ceph: stderr
2024-02-20T08:25:07.671+0000 7f071a59c700 1 --2- 172.21.15.80:0/165137460 >> [v2:172.21.15.80:6800/3064708255,v1:172.21.15.80:6801/3064708255] conn(0x7f07040368d0 0x7f0704038d80 secure :-1 s=READY pgs=11 cs=0 l=1 rev1=1 crypto rx=0x7f0710009990 tx=0x7f0710006e40 comp rx=0 tx=0).ready entity=mgr.14162 client_cookie=0 server_cookie=0 in_seq=0 out_seq=0
2024-02-20T08:25:08.576 INFO:teuthology.orchestra.run.smithi080.stdout:/usr/bin/ceph: stderr
2024-02-20T08:25:07.675+0000 7f07037fe700 1 -- 172.21.15.80:0/165137460 <== mon.0 v2:172.21.15.80:3300/0 6 ==== mon_command_ack([{"prefix": "get_command_descriptions"}]=0 v0) v1 ==== 72+0+175031 (secure 0 0 0) 0x7f070c02c340 con 0x7f071c101670
2024-02-20T08:25:08.576 INFO:teuthology.orchestra.run.smithi080.stdout:/usr/bin/ceph: stderr
2024-02-20T08:25:07.962+0000 7f0721078700 1 -- 172.21.15.80:0/165137460 --> [v2:172.21.15.80:3300/0,v1:172.21.15.80:6789/0] -- mon_command([{prefix=config-key set, key=mgr/dashboard/cluster/status}] v 0) v1 -- 0x7f071c04bed0 con 0x7f071c101670
2024-02-20T08:25:08.576 INFO:teuthology.orchestra.run.smithi080.stdout:/usr/bin/ceph: stderr
2024-02-20T08:25:07.967+0000 7f07037fe700 1 -- 172.21.15.80:0/165137460 <== mon.0 v2:172.21.15.80:3300/0 7 ==== mon_command_ack([{prefix=config-key set, key=mgr/dashboard/cluster/status}]=0 set mgr/dashboard/cluster/status v33)=0 set mgr/dashboard/cluster/status v33) v1 ==== 153+0+0 (secure 0 0 0) 0x7f070c018ab0 con 0x7f071c101670
2024-02-20T08:25:08.576 INFO:teuthology.orchestra.run.smithi080.stdout:/usr/bin/ceph: stderr
2024-02-20T08:25:07.969+0000 7f0721078700 1 -- 172.21.15.80:0/165137460 >> [v2:172.21.15.80:6800/3064708255,v1:172.21.15.80:6801/3064708255] conn(0x7f07040368d0 msgr2=0x7f0704038d80 secure :-1 s=STATE_CONNECTION_ESTABLISHED l=1).mark_down
2024-02-20T08:25:08.576 INFO:teuthology.orchestra.run.smithi080.stdout:/usr/bin/ceph: stderr
2024-02-20T08:25:07.969+0000 7f0721078700 1 --2- 172.21.15.80:0/165137460 >> [v2:172.21.15.80:6800/3064708255,v1:172.21.15.80:6801/3064708255] conn(0x7f07040368d0 0x7f0704038d80 secure :-1 s=READY pgs=11 cs=0 l=1 rev1=1 crypto rx=0x7f0710009990 tx=0x7f0710006e40 comp rx=0 tx=0).stop
2024-02-20T08:25:08.576 INFO:teuthology.orchestra.run.smithi080.stdout:/usr/bin/ceph: stderr
2024-02-20T08:25:07.969+0000 7f0721078700 1 -- 172.21.15.80:0/165137460 >> [v2:172.21.15.80:3300/0,v1:172.21.15.80:6789/0] conn(0x7f071c101670 msgr2=0x7f071c114580 secure :-1 s=STATE_CONNECTION_ESTABLISHED l=1).mark_down
2024-02-20T08:25:08.576 INFO:teuthology.orchestra.run.smithi080.stdout:/usr/bin/ceph: stderr
2024-02-20T08:25:07.969+0000 7f0721078700 1 --2- 172.21.15.80:0/165137460 >> [v2:172.21.15.80:3300/0,v1:172.21.15.80:6789/0] conn(0x7f071c101670 0x7f071c114580 secure :-1 s=READY pgs=89 cs=0 l=1 rev1=1 crypto rx=0x7f070c006b00 tx=0x7f070c009250 comp rx=0 tx=0).stop
2024-02-20T08:25:08.577 INFO:teuthology.orchestra.run.smithi080.stdout:/usr/bin/ceph: stderr
2024-02-20T08:25:07.969+0000 7f0721078700 1 -- 172.21.15.80:0/165137460 shutdown_connections
2024-02-20T08:25:08.577 INFO:teuthology.orchestra.run.smithi080.stdout:/usr/bin/ceph: stderr
2024-02-20T08:25:07.969+0000 7f0721078700 1 --2- 172.21.15.80:0/165137460 >> [v2:172.21.15.80:6800/3064708255,v1:172.21.15.80:6801/3064708255] conn(0x7f07040368d0 0x7f0704038d80 unknown :-1 s=CLOSED pgs=11 cs=0 l=1 rev1=1 crypto rx=0 tx=0 comp rx=0 tx=0).stop
2024-02-20T08:25:08.577 INFO:teuthology.orchestra.run.smithi080.stdout:/usr/bin/ceph: stderr
2024-02-20T08:25:07.969+0000 7f0721078700 1 --2- 172.21.15.80:0/165137460 >> [v2:172.21.15.80:3300/0,v1:172.21.15.80:6789/0] conn(0x7f071c101670 0x7f071c114580 unknown :-1 s=CLOSED pgs=89 cs=0 l=1 rev1=1 crypto rx=0 tx=0 comp rx=0 tx=0).stop
2024-02-20T08:25:08.577 INFO:teuthology.orchestra.run.smithi080.stdout:/usr/bin/ceph: stderr
2024-02-20T08:25:07.969+0000 7f0721078700 1 -- 172.21.15.80:0/165137460 >> 172.21.15.80:0/165137460 conn(0x7f071c0fcdd0 msgr2=0x7f071c0fdd80 unknown :-1 s=STATE_NONE l=0).mark_down
2024-02-20T08:25:08.577 INFO:teuthology.orchestra.run.smithi080.stdout:/usr/bin/ceph: stderr
2024-02-20T08:25:07.969+0000 7f0721078700 1 -- 172.21.15.80:0/165137460 shutdown_connections
2024-02-20T08:25:08.577 INFO:teuthology.orchestra.run.smithi080.stdout:/usr/bin/ceph: stderr
2024-02-20T08:25:07.969+0000 7f0721078700 1 -- 172.21.15.80:0/165137460 wait complete.
2024-02-20T08:25:08.577 INFO:teuthology.orchestra.run.smithi080.stdout:/usr/bin/ceph: stderr set mgr/dashboard/cluster/status
2024-02-20T08:25:08.577 INFO:teuthology.orchestra.run.smithi080.stdout:You can access the Ceph CLI as following in case of multi-cluster or non-default config:
2024-02-20T08:25:08.577 INFO:teuthology.orchestra.run.smithi080.stdout:
2024-02-20T08:25:08.577 INFO:teuthology.orchestra.run.smithi080.stdout: sudo /home/ubuntu/cephtest/cephadm shell --fsid 49984284-cfc9-11ee-95bb-87774f69a715 -c /etc/ceph/ceph.conf -k /etc/ceph/ceph.client.admin.keyring
2024-02-20T08:25:08.577 INFO:teuthology.orchestra.run.smithi080.stdout:
2024-02-20T08:25:08.577 INFO:teuthology.orchestra.run.smithi080.stdout:Or, if you are only running a single cluster on this host:
2024-02-20T08:25:08.577 INFO:teuthology.orchestra.run.smithi080.stdout:
2024-02-20T08:25:08.577 INFO:teuthology.orchestra.run.smithi080.stdout: sudo /home/ubuntu/cephtest/cephadm shell
2024-02-20T08:25:08.577 INFO:teuthology.orchestra.run.smithi080.stdout:
2024-02-20T08:25:08.578 INFO:teuthology.orchestra.run.smithi080.stdout:Please consider enabling telemetry to help improve Ceph:
2024-02-20T08:25:08.578 INFO:teuthology.orchestra.run.smithi080.stdout:
2024-02-20T08:25:08.578 INFO:teuthology.orchestra.run.smithi080.stdout: ceph telemetry on
2024-02-20T08:25:08.578 INFO:teuthology.orchestra.run.smithi080.stdout:
2024-02-20T08:25:08.578 INFO:teuthology.orchestra.run.smithi080.stdout:For more information see:
2024-02-20T08:25:08.578 INFO:teuthology.orchestra.run.smithi080.stdout:
2024-02-20T08:25:08.578 INFO:teuthology.orchestra.run.smithi080.stdout: https://docs.ceph.com/docs/master/mgr/telemetry/
2024-02-20T08:25:08.578 INFO:teuthology.orchestra.run.smithi080.stdout:
2024-02-20T08:25:08.578 INFO:teuthology.orchestra.run.smithi080.stdout:Bootstrap complete.
2024-02-20T08:25:08.608 INFO:tasks.cephadm:Fetching config...
2024-02-20T08:25:08.608 DEBUG:teuthology.orchestra.run.smithi080:> set -ex
2024-02-20T08:25:08.608 DEBUG:teuthology.orchestra.run.smithi080:> dd if=/etc/ceph/ceph.conf of=/dev/stdout
2024-02-20T08:25:08.664 INFO:tasks.cephadm:Fetching client.admin keyring...
2024-02-20T08:25:08.665 DEBUG:teuthology.orchestra.run.smithi080:> set -ex
2024-02-20T08:25:08.665 DEBUG:teuthology.orchestra.run.smithi080:> dd if=/etc/ceph/ceph.client.admin.keyring of=/dev/stdout
2024-02-20T08:25:08.720 INFO:tasks.cephadm:Fetching mon keyring...
2024-02-20T08:25:08.720 DEBUG:teuthology.orchestra.run.smithi080:> set -ex
2024-02-20T08:25:08.720 DEBUG:teuthology.orchestra.run.smithi080:> sudo dd if=/var/lib/ceph/49984284-cfc9-11ee-95bb-87774f69a715/mon.smithi080/keyring of=/dev/stdout
2024-02-20T08:25:08.788 INFO:tasks.cephadm:Fetching pub ssh key...
2024-02-20T08:25:08.788 DEBUG:teuthology.orchestra.run.smithi080:> set -ex
2024-02-20T08:25:08.788 DEBUG:teuthology.orchestra.run.smithi080:> dd if=/home/ubuntu/cephtest/ceph.pub of=/dev/stdout
2024-02-20T08:25:08.843 INFO:tasks.cephadm:Installing pub ssh key for root users...
2024-02-20T08:25:08.843 DEBUG:teuthology.orchestra.run.smithi080:> sudo install -d -m 0700 /root/.ssh && echo 'ssh-rsa AAAAB3NzaC1yc2EAAAADAQABAAABgQCmWjXyyd1yNPPf0oi3BndmMlapV6LD0XCM8UD2jVmFNC/Y/gNpnZmoTf1F6n9gf/uCD6XYu4CoEuii1y3zPoaFBZ+nEJDBUkpsCMXcWYt8nsvq7LSI4lrUPI83RZQYeZhiwY03DElCsk0FPLp2/9zeDztRzZTjKjAhp8P+qgFyTuiihnr7Y+2SNnbILWsC5Nxv9RWC96bVLoFdFg/+jsV6xDyvBHEBHNmPmG/Z0FCx5mu9gRDetdpG8e0q6wAO5+Ug/WOqFIgjPSro2f2QjwXRcZ7wOoeadBs9UXXWFaln3MmJoTnCBjS4HVVcEfN3jXoS9IsWWggVHj1neS/4qStg2bXwyOyQPZUqUDaOjuEKcjOcDbUu9UapU4sjFn9MbABFxBoyp25HpufaxJ00d9ObQV/pXAgnDCs0/LoP/TUs4W0sZotsX0UAgYRQCGdtVD5r4byJUDAQcFR+dqXX7iRKIyijb3qcOO3TKgtzlFZEmjgpDu67jPPf9u8rTfVOMn8= ceph-49984284-cfc9-11ee-95bb-87774f69a715' | sudo tee -a /root/.ssh/authorized_keys && sudo chmod 0600 /root/.ssh/authorized_keys
2024-02-20T08:25:08.923 INFO:teuthology.orchestra.run.smithi080.stdout:ssh-rsa AAAAB3NzaC1yc2EAAAADAQABAAABgQCmWjXyyd1yNPPf0oi3BndmMlapV6LD0XCM8UD2jVmFNC/Y/gNpnZmoTf1F6n9gf/uCD6XYu4CoEuii1y3zPoaFBZ+nEJDBUkpsCMXcWYt8nsvq7LSI4lrUPI83RZQYeZhiwY03DElCsk0FPLp2/9zeDztRzZTjKjAhp8P+qgFyTuiihnr7Y+2SNnbILWsC5Nxv9RWC96bVLoFdFg/+jsV6xDyvBHEBHNmPmG/Z0FCx5mu9gRDetdpG8e0q6wAO5+Ug/WOqFIgjPSro2f2QjwXRcZ7wOoeadBs9UXXWFaln3MmJoTnCBjS4HVVcEfN3jXoS9IsWWggVHj1neS/4qStg2bXwyOyQPZUqUDaOjuEKcjOcDbUu9UapU4sjFn9MbABFxBoyp25HpufaxJ00d9ObQV/pXAgnDCs0/LoP/TUs4W0sZotsX0UAgYRQCGdtVD5r4byJUDAQcFR+dqXX7iRKIyijb3qcOO3TKgtzlFZEmjgpDu67jPPf9u8rTfVOMn8= ceph-49984284-cfc9-11ee-95bb-87774f69a715
2024-02-20T08:25:08.937 DEBUG:teuthology.orchestra.run.smithi131:> sudo install -d -m 0700 /root/.ssh && echo 'ssh-rsa AAAAB3NzaC1yc2EAAAADAQABAAABgQCmWjXyyd1yNPPf0oi3BndmMlapV6LD0XCM8UD2jVmFNC/Y/gNpnZmoTf1F6n9gf/uCD6XYu4CoEuii1y3zPoaFBZ+nEJDBUkpsCMXcWYt8nsvq7LSI4lrUPI83RZQYeZhiwY03DElCsk0FPLp2/9zeDztRzZTjKjAhp8P+qgFyTuiihnr7Y+2SNnbILWsC5Nxv9RWC96bVLoFdFg/+jsV6xDyvBHEBHNmPmG/Z0FCx5mu9gRDetdpG8e0q6wAO5+Ug/WOqFIgjPSro2f2QjwXRcZ7wOoeadBs9UXXWFaln3MmJoTnCBjS4HVVcEfN3jXoS9IsWWggVHj1neS/4qStg2bXwyOyQPZUqUDaOjuEKcjOcDbUu9UapU4sjFn9MbABFxBoyp25HpufaxJ00d9ObQV/pXAgnDCs0/LoP/TUs4W0sZotsX0UAgYRQCGdtVD5r4byJUDAQcFR+dqXX7iRKIyijb3qcOO3TKgtzlFZEmjgpDu67jPPf9u8rTfVOMn8= ceph-49984284-cfc9-11ee-95bb-87774f69a715' | sudo tee -a /root/.ssh/authorized_keys && sudo chmod 0600 /root/.ssh/authorized_keys
2024-02-20T08:25:08.983 INFO:teuthology.orchestra.run.smithi131.stdout:ssh-rsa AAAAB3NzaC1yc2EAAAADAQABAAABgQCmWjXyyd1yNPPf0oi3BndmMlapV6LD0XCM8UD2jVmFNC/Y/gNpnZmoTf1F6n9gf/uCD6XYu4CoEuii1y3zPoaFBZ+nEJDBUkpsCMXcWYt8nsvq7LSI4lrUPI83RZQYeZhiwY03DElCsk0FPLp2/9zeDztRzZTjKjAhp8P+qgFyTuiihnr7Y+2SNnbILWsC5Nxv9RWC96bVLoFdFg/+jsV6xDyvBHEBHNmPmG/Z0FCx5mu9gRDetdpG8e0q6wAO5+Ug/WOqFIgjPSro2f2QjwXRcZ7wOoeadBs9UXXWFaln3MmJoTnCBjS4HVVcEfN3jXoS9IsWWggVHj1neS/4qStg2bXwyOyQPZUqUDaOjuEKcjOcDbUu9UapU4sjFn9MbABFxBoyp25HpufaxJ00d9ObQV/pXAgnDCs0/LoP/TUs4W0sZotsX0UAgYRQCGdtVD5r4byJUDAQcFR+dqXX7iRKIyijb3qcOO3TKgtzlFZEmjgpDu67jPPf9u8rTfVOMn8= ceph-49984284-cfc9-11ee-95bb-87774f69a715
2024-02-20T08:25:08.998 DEBUG:teuthology.orchestra.run.smithi080:> sudo /home/ubuntu/cephtest/cephadm --image quay.ceph.io/ceph-ci/ceph:quincy shell -c /etc/ceph/ceph.conf -k /etc/ceph/ceph.client.admin.keyring --fsid 49984284-cfc9-11ee-95bb-87774f69a715 -- ceph config set mgr mgr/cephadm/allow_ptrace true
2024-02-20T08:25:09.199 INFO:journalctl@ceph.mon.smithi080.smithi080.stdout:Feb 20 08:25:08 smithi080 ceph-mon[29176]: from='client.? 172.21.15.80:0/165137460' entity='client.admin'
2024-02-20T08:25:09.255 INFO:teuthology.orchestra.run.smithi080.stderr:Inferring config /var/lib/ceph/49984284-cfc9-11ee-95bb-87774f69a715/mon.smithi080/config
2024-02-20T08:25:12.637 INFO:teuthology.orchestra.run.smithi080.stderr:2024-02-20T08:25:12.636+0000 7fbdd5060700 1 -- 172.21.15.80:0/2473668704 >> [v2:172.21.15.80:3300/0,v1:172.21.15.80:6789/0] conn(0x7fbdd00fbad0 msgr2=0x7fbdd00fbee0 secure :-1 s=STATE_CONNECTION_ESTABLISHED l=1).mark_down
2024-02-20T08:25:12.637 INFO:teuthology.orchestra.run.smithi080.stderr:2024-02-20T08:25:12.636+0000 7fbdd5060700 1 --2- 172.21.15.80:0/2473668704 >> [v2:172.21.15.80:3300/0,v1:172.21.15.80:6789/0] conn(0x7fbdd00fbad0 0x7fbdd00fbee0 secure :-1 s=READY pgs=90 cs=0 l=1 rev1=1 crypto rx=0x7fbdc40048c0 tx=0x7fbdc4009e30 comp rx=0 tx=0).stop
2024-02-20T08:25:12.637 INFO:teuthology.orchestra.run.smithi080.stderr:2024-02-20T08:25:12.636+0000 7fbdd5060700 1 -- 172.21.15.80:0/2473668704 shutdown_connections
2024-02-20T08:25:12.637 INFO:teuthology.orchestra.run.smithi080.stderr:2024-02-20T08:25:12.636+0000 7fbdd5060700 1 --2- 172.21.15.80:0/2473668704 >> [v2:172.21.15.80:3300/0,v1:172.21.15.80:6789/0] conn(0x7fbdd00fbad0 0x7fbdd00fbee0 unknown :-1 s=CLOSED pgs=90 cs=0 l=1 rev1=1 crypto rx=0 tx=0 comp rx=0 tx=0).stop
2024-02-20T08:25:12.638 INFO:teuthology.orchestra.run.smithi080.stderr:2024-02-20T08:25:12.636+0000 7fbdd5060700 1 -- 172.21.15.80:0/2473668704 >> 172.21.15.80:0/2473668704 conn(0x7fbdd00f7190 msgr2=0x7fbdd00f95c0 unknown :-1 s=STATE_NONE l=0).mark_down
2024-02-20T08:25:12.638 INFO:teuthology.orchestra.run.smithi080.stderr:2024-02-20T08:25:12.636+0000 7fbdd5060700 1 -- 172.21.15.80:0/2473668704 shutdown_connections
2024-02-20T08:25:12.638 INFO:teuthology.orchestra.run.smithi080.stderr:2024-02-20T08:25:12.636+0000 7fbdd5060700 1 -- 172.21.15.80:0/2473668704 wait complete.
2024-02-20T08:25:12.640 INFO:teuthology.orchestra.run.smithi080.stderr:2024-02-20T08:25:12.637+0000 7fbdd5060700 1 Processor -- start
2024-02-20T08:25:12.641 INFO:teuthology.orchestra.run.smithi080.stderr:2024-02-20T08:25:12.637+0000 7fbdd5060700 1 -- start start
2024-02-20T08:25:12.641 INFO:teuthology.orchestra.run.smithi080.stderr:2024-02-20T08:25:12.637+0000 7fbdd5060700 1 --2- >> [v2:172.21.15.80:3300/0,v1:172.21.15.80:6789/0] conn(0x7fbdd0065d40 0x7fbdd010fd40 unknown :-1 s=NONE pgs=0 cs=0 l=1 rev1=0 crypto rx=0 tx=0 comp rx=0 tx=0).connect
2024-02-20T08:25:12.641 INFO:teuthology.orchestra.run.smithi080.stderr:2024-02-20T08:25:12.637+0000 7fbdd5060700 1 -- --> [v2:172.21.15.80:3300/0,v1:172.21.15.80:6789/0] -- mon_getmap magic: 0 v1 -- 0x7fbdd0110280 con 0x7fbdd0065d40
2024-02-20T08:25:12.641 INFO:teuthology.orchestra.run.smithi080.stderr:2024-02-20T08:25:12.637+0000 7fbdced9d700 1 --2- >> [v2:172.21.15.80:3300/0,v1:172.21.15.80:6789/0] conn(0x7fbdd0065d40 0x7fbdd010fd40 unknown :-1 s=BANNER_CONNECTING pgs=0 cs=0 l=1 rev1=0 crypto rx=0 tx=0 comp rx=0 tx=0)._handle_peer_banner_payload supported=3 required=0
2024-02-20T08:25:12.641 INFO:teuthology.orchestra.run.smithi080.stderr:2024-02-20T08:25:12.637+0000 7fbdced9d700 1 --2- >> [v2:172.21.15.80:3300/0,v1:172.21.15.80:6789/0] conn(0x7fbdd0065d40 0x7fbdd010fd40 unknown :-1 s=HELLO_CONNECTING pgs=0 cs=0 l=1 rev1=1 crypto rx=0 tx=0 comp rx=0 tx=0).handle_hello peer v2:172.21.15.80:3300/0 says I am v2:172.21.15.80:34822/0 (socket says 172.21.15.80:34822)
2024-02-20T08:25:12.641 INFO:teuthology.orchestra.run.smithi080.stderr:2024-02-20T08:25:12.637+0000 7fbdced9d700 1 -- 172.21.15.80:0/2531335948 learned_addr learned my addr 172.21.15.80:0/2531335948 (peer_addr_for_me v2:172.21.15.80:0/0)
2024-02-20T08:25:12.641 INFO:teuthology.orchestra.run.smithi080.stderr:2024-02-20T08:25:12.638+0000 7fbdced9d700 1 -- 172.21.15.80:0/2531335948 --> [v2:172.21.15.80:3300/0,v1:172.21.15.80:6789/0] -- mon_subscribe({config=0+,monmap=0+}) v3 -- 0x7fbdc4005040 con 0x7fbdd0065d40
2024-02-20T08:25:12.641 INFO:teuthology.orchestra.run.smithi080.stderr:2024-02-20T08:25:12.638+0000 7fbdced9d700 1 --2- 172.21.15.80:0/2531335948 >> [v2:172.21.15.80:3300/0,v1:172.21.15.80:6789/0] conn(0x7fbdd0065d40 0x7fbdd010fd40 secure :-1 s=READY pgs=91 cs=0 l=1 rev1=1 crypto rx=0x7fbdc4009040 tx=0x7fbdc4009e30 comp rx=0 tx=0).ready entity=mon.0 client_cookie=0 server_cookie=0 in_seq=0 out_seq=0
2024-02-20T08:25:12.641 INFO:teuthology.orchestra.run.smithi080.stderr:2024-02-20T08:25:12.638+0000 7fbdb77fe700 1 -- 172.21.15.80:0/2531335948 <== mon.0 v2:172.21.15.80:3300/0 1 ==== mon_map magic: 0 v1 ==== 229+0+0 (secure 0 0 0) 0x7fbdc400b5c0 con 0x7fbdd0065d40
2024-02-20T08:25:12.641 INFO:teuthology.orchestra.run.smithi080.stderr:2024-02-20T08:25:12.638+0000 7fbdd5060700 1 -- 172.21.15.80:0/2531335948 --> [v2:172.21.15.80:3300/0,v1:172.21.15.80:6789/0] -- mon_subscribe({mgrmap=0+}) v3 -- 0x7fbdd01103c0 con 0x7fbdd0065d40
2024-02-20T08:25:12.641 INFO:teuthology.orchestra.run.smithi080.stderr:2024-02-20T08:25:12.638+0000 7fbdb77fe700 1 -- 172.21.15.80:0/2531335948 <== mon.0 v2:172.21.15.80:3300/0 2 ==== config(27 keys) v1 ==== 1109+0+0 (secure 0 0 0) 0x7fbdc4004e60 con 0x7fbdd0065d40
2024-02-20T08:25:12.642 INFO:teuthology.orchestra.run.smithi080.stderr:2024-02-20T08:25:12.638+0000 7fbdb77fe700 1 -- 172.21.15.80:0/2531335948 <== mon.0 v2:172.21.15.80:3300/0 3 ==== mon_map magic: 0 v1 ==== 229+0+0 (secure 0 0 0) 0x7fbdc401c5b0 con 0x7fbdd0065d40
2024-02-20T08:25:12.642 INFO:teuthology.orchestra.run.smithi080.stderr:2024-02-20T08:25:12.638+0000 7fbdd5060700 1 -- 172.21.15.80:0/2531335948 --> [v2:172.21.15.80:3300/0,v1:172.21.15.80:6789/0] -- mon_subscribe({osdmap=0}) v3 -- 0x7fbdd01108b0 con 0x7fbdd0065d40
2024-02-20T08:25:12.642 INFO:teuthology.orchestra.run.smithi080.stderr:2024-02-20T08:25:12.639+0000 7fbdb77fe700 1 -- 172.21.15.80:0/2531335948 <== mon.0 v2:172.21.15.80:3300/0 4 ==== mgrmap(e 13) v1 ==== 43424+0+0 (secure 0 0 0) 0x7fbdc401c710 con 0x7fbdd0065d40
2024-02-20T08:25:12.642 INFO:teuthology.orchestra.run.smithi080.stderr:2024-02-20T08:25:12.639+0000 7fbdb77fe700 1 --2- 172.21.15.80:0/2531335948 >> [v2:172.21.15.80:6800/3064708255,v1:172.21.15.80:6801/3064708255] conn(0x7fbdb80368c0 0x7fbdb8038d70 unknown :-1 s=NONE pgs=0 cs=0 l=1 rev1=0 crypto rx=0 tx=0 comp rx=0 tx=0).connect
2024-02-20T08:25:12.642 INFO:teuthology.orchestra.run.smithi080.stderr:2024-02-20T08:25:12.639+0000 7fbdb77fe700 1 -- 172.21.15.80:0/2531335948 <== mon.0 v2:172.21.15.80:3300/0 5 ==== osd_map(3..3 src has 1..3) v4 ==== 1151+0+0 (secure 0 0 0) 0x7fbdc404d710 con 0x7fbdd0065d40
2024-02-20T08:25:12.642 INFO:teuthology.orchestra.run.smithi080.stderr:2024-02-20T08:25:12.639+0000 7fbdce59c700 1 --2- 172.21.15.80:0/2531335948 >> [v2:172.21.15.80:6800/3064708255,v1:172.21.15.80:6801/3064708255] conn(0x7fbdb80368c0 0x7fbdb8038d70 unknown :-1 s=BANNER_CONNECTING pgs=0 cs=0 l=1 rev1=0 crypto rx=0 tx=0 comp rx=0 tx=0)._handle_peer_banner_payload supported=3 required=0
2024-02-20T08:25:12.642 INFO:teuthology.orchestra.run.smithi080.stderr:2024-02-20T08:25:12.640+0000 7fbdd5060700 1 -- 172.21.15.80:0/2531335948 --> [v2:172.21.15.80:3300/0,v1:172.21.15.80:6789/0] -- mon_command({"prefix": "get_command_descriptions"} v 0) v1 -- 0x7fbdd01058a0 con 0x7fbdd0065d40
2024-02-20T08:25:12.642 INFO:teuthology.orchestra.run.smithi080.stderr:2024-02-20T08:25:12.640+0000 7fbdce59c700 1 --2- 172.21.15.80:0/2531335948 >> [v2:172.21.15.80:6800/3064708255,v1:172.21.15.80:6801/3064708255] conn(0x7fbdb80368c0 0x7fbdb8038d70 secure :-1 s=READY pgs=12 cs=0 l=1 rev1=1 crypto rx=0x7fbdc0009990 tx=0x7fbdc0006e40 comp rx=0 tx=0).ready entity=mgr.14162 client_cookie=0 server_cookie=0 in_seq=0 out_seq=0
2024-02-20T08:25:12.645 INFO:teuthology.orchestra.run.smithi080.stderr:2024-02-20T08:25:12.644+0000 7fbdb77fe700 1 -- 172.21.15.80:0/2531335948 <== mon.0 v2:172.21.15.80:3300/0 6 ==== mon_command_ack([{"prefix": "get_command_descriptions"}]=0 v0) v1 ==== 72+0+175031 (secure 0 0 0) 0x7fbdc4023300 con 0x7fbdd0065d40
2024-02-20T08:25:12.840 INFO:teuthology.orchestra.run.smithi080.stderr:2024-02-20T08:25:12.839+0000 7fbdd5060700 1 -- 172.21.15.80:0/2531335948 --> [v2:172.21.15.80:3300/0,v1:172.21.15.80:6789/0] -- mon_command([{prefix=config set, name=mgr/cephadm/allow_ptrace}] v 0) v1 -- 0x7fbdd004bed0 con 0x7fbdd0065d40
2024-02-20T08:25:12.846 INFO:teuthology.orchestra.run.smithi080.stderr:2024-02-20T08:25:12.845+0000 7fbdb77fe700 1 -- 172.21.15.80:0/2531335948 <== mon.0 v2:172.21.15.80:3300/0 7 ==== mon_command_ack([{prefix=config set, name=mgr/cephadm/allow_ptrace}]=0 v9)=0 v9) v1 ==== 125+0+0 (secure 0 0 0) 0x7fbdc4011b60 con 0x7fbdd0065d40
2024-02-20T08:25:12.848 INFO:teuthology.orchestra.run.smithi080.stderr:2024-02-20T08:25:12.847+0000 7fbdd5060700 1 -- 172.21.15.80:0/2531335948 >> [v2:172.21.15.80:6800/3064708255,v1:172.21.15.80:6801/3064708255] conn(0x7fbdb80368c0 msgr2=0x7fbdb8038d70 secure :-1 s=STATE_CONNECTION_ESTABLISHED l=1).mark_down
2024-02-20T08:25:12.848 INFO:teuthology.orchestra.run.smithi080.stderr:2024-02-20T08:25:12.847+0000 7fbdd5060700 1 --2- 172.21.15.80:0/2531335948 >> [v2:172.21.15.80:6800/3064708255,v1:172.21.15.80:6801/3064708255] conn(0x7fbdb80368c0 0x7fbdb8038d70 secure :-1 s=READY pgs=12 cs=0 l=1 rev1=1 crypto rx=0x7fbdc0009990 tx=0x7fbdc0006e40 comp rx=0 tx=0).stop
2024-02-20T08:25:12.848 INFO:teuthology.orchestra.run.smithi080.stderr:2024-02-20T08:25:12.847+0000 7fbdd5060700 1 -- 172.21.15.80:0/2531335948 >> [v2:172.21.15.80:3300/0,v1:172.21.15.80:6789/0] conn(0x7fbdd0065d40 msgr2=0x7fbdd010fd40 secure :-1 s=STATE_CONNECTION_ESTABLISHED l=1).mark_down
2024-02-20T08:25:12.848 INFO:teuthology.orchestra.run.smithi080.stderr:2024-02-20T08:25:12.847+0000 7fbdd5060700 1 --2- 172.21.15.80:0/2531335948 >> [v2:172.21.15.80:3300/0,v1:172.21.15.80:6789/0] conn(0x7fbdd0065d40 0x7fbdd010fd40 secure :-1 s=READY pgs=91 cs=0 l=1 rev1=1 crypto rx=0x7fbdc4009040 tx=0x7fbdc4009e30 comp rx=0 tx=0).stop
2024-02-20T08:25:12.848 INFO:teuthology.orchestra.run.smithi080.stderr:2024-02-20T08:25:12.847+0000 7fbdd5060700 1 -- 172.21.15.80:0/2531335948 shutdown_connections
2024-02-20T08:25:12.849 INFO:teuthology.orchestra.run.smithi080.stderr:2024-02-20T08:25:12.847+0000 7fbdd5060700 1 --2- 172.21.15.80:0/2531335948 >> [v2:172.21.15.80:6800/3064708255,v1:172.21.15.80:6801/3064708255] conn(0x7fbdb80368c0 0x7fbdb8038d70 unknown :-1 s=CLOSED pgs=12 cs=0 l=1 rev1=1 crypto rx=0 tx=0 comp rx=0 tx=0).stop
2024-02-20T08:25:12.849 INFO:teuthology.orchestra.run.smithi080.stderr:2024-02-20T08:25:12.847+0000 7fbdd5060700 1 --2- 172.21.15.80:0/2531335948 >> [v2:172.21.15.80:3300/0,v1:172.21.15.80:6789/0] conn(0x7fbdd0065d40 0x7fbdd010fd40 unknown :-1 s=CLOSED pgs=91 cs=0 l=1 rev1=1 crypto rx=0 tx=0 comp rx=0 tx=0).stop
2024-02-20T08:25:12.849 INFO:teuthology.orchestra.run.smithi080.stderr:2024-02-20T08:25:12.847+0000 7fbdd5060700 1 -- 172.21.15.80:0/2531335948 >> 172.21.15.80:0/2531335948 conn(0x7fbdd00f7190 msgr2=0x7fbdd00f7fa0 unknown :-1 s=STATE_NONE l=0).mark_down
2024-02-20T08:25:12.849 INFO:teuthology.orchestra.run.smithi080.stderr:2024-02-20T08:25:12.848+0000 7fbdd5060700 1 -- 172.21.15.80:0/2531335948 shutdown_connections
2024-02-20T08:25:12.849 INFO:teuthology.orchestra.run.smithi080.stderr:2024-02-20T08:25:12.848+0000 7fbdd5060700 1 -- 172.21.15.80:0/2531335948 wait complete.
2024-02-20T08:25:13.546 INFO:tasks.cephadm:Distributing conf and client.admin keyring to all hosts + 0755
2024-02-20T08:25:13.546 DEBUG:teuthology.orchestra.run.smithi080:> sudo /home/ubuntu/cephtest/cephadm --image quay.ceph.io/ceph-ci/ceph:quincy shell -c /etc/ceph/ceph.conf -k /etc/ceph/ceph.client.admin.keyring --fsid 49984284-cfc9-11ee-95bb-87774f69a715 -- ceph orch client-keyring set client.admin '*' --mode 0755
2024-02-20T08:25:13.681 INFO:journalctl@ceph.mon.smithi080.smithi080.stdout:Feb 20 08:25:13 smithi080 ceph-mon[29176]: from='mgr.14162 172.21.15.80:0/403266203' entity='mgr.smithi080.flhlxd'
2024-02-20T08:25:13.681 INFO:journalctl@ceph.mon.smithi080.smithi080.stdout:Feb 20 08:25:13 smithi080 ceph-mon[29176]: from='mgr.14162 172.21.15.80:0/403266203' entity='mgr.smithi080.flhlxd'
2024-02-20T08:25:13.681 INFO:journalctl@ceph.mon.smithi080.smithi080.stdout:Feb 20 08:25:13 smithi080 ceph-mon[29176]: from='mgr.14162 172.21.15.80:0/403266203' entity='mgr.smithi080.flhlxd' cmd=[{"prefix": "config rm", "who": "osd/host:smithi080", "name": "osd_memory_target"}]: dispatch
2024-02-20T08:25:13.681 INFO:journalctl@ceph.mon.smithi080.smithi080.stdout:Feb 20 08:25:13 smithi080 ceph-mon[29176]: from='mgr.14162 172.21.15.80:0/403266203' entity='mgr.smithi080.flhlxd'
2024-02-20T08:25:13.681 INFO:journalctl@ceph.mon.smithi080.smithi080.stdout:Feb 20 08:25:13 smithi080 ceph-mon[29176]: from='mgr.14162 172.21.15.80:0/403266203' entity='mgr.smithi080.flhlxd' cmd=[{"prefix": "auth get-or-create", "entity": "client.crash.smithi080", "caps": ["mon", "profile crash", "mgr", "profile crash"]}]: dispatch
2024-02-20T08:25:13.681 INFO:journalctl@ceph.mon.smithi080.smithi080.stdout:Feb 20 08:25:13 smithi080 ceph-mon[29176]: from='mgr.14162 172.21.15.80:0/403266203' entity='mgr.smithi080.flhlxd' cmd='[{"prefix": "auth get-or-create", "entity": "client.crash.smithi080", "caps": ["mon", "profile crash", "mgr", "profile crash"]}]': finished
2024-02-20T08:25:13.681 INFO:journalctl@ceph.mon.smithi080.smithi080.stdout:Feb 20 08:25:13 smithi080 ceph-mon[29176]: from='mgr.14162 172.21.15.80:0/403266203' entity='mgr.smithi080.flhlxd' cmd=[{"prefix": "config generate-minimal-conf"}]: dispatch
2024-02-20T08:25:13.681 INFO:journalctl@ceph.mon.smithi080.smithi080.stdout:Feb 20 08:25:13 smithi080 ceph-mon[29176]: Deploying daemon crash.smithi080 on smithi080
2024-02-20T08:25:13.681 INFO:journalctl@ceph.mon.smithi080.smithi080.stdout:Feb 20 08:25:13 smithi080 ceph-mon[29176]: from='client.? 172.21.15.80:0/2531335948' entity='client.admin'
2024-02-20T08:25:14.026 INFO:teuthology.orchestra.run.smithi080.stderr:Inferring config /var/lib/ceph/49984284-cfc9-11ee-95bb-87774f69a715/mon.smithi080/config
2024-02-20T08:25:16.024 INFO:teuthology.orchestra.run.smithi080.stderr:2024-02-20T08:25:16.022+0000 7f6f720c4700 1 -- 172.21.15.80:0/2054104150 >> [v2:172.21.15.80:3300/0,v1:172.21.15.80:6789/0] conn(0x7f6f6c0fd710 msgr2=0x7f6f6c0ffaf0 secure :-1 s=STATE_CONNECTION_ESTABLISHED l=1).mark_down
2024-02-20T08:25:16.024 INFO:teuthology.orchestra.run.smithi080.stderr:2024-02-20T08:25:16.022+0000 7f6f720c4700 1 --2- 172.21.15.80:0/2054104150 >> [v2:172.21.15.80:3300/0,v1:172.21.15.80:6789/0] conn(0x7f6f6c0fd710 0x7f6f6c0ffaf0 secure :-1 s=READY pgs=92 cs=0 l=1 rev1=1 crypto rx=0x7f6f5c0048c0 tx=0x7f6f5c009e30 comp rx=0 tx=0).stop
2024-02-20T08:25:16.024 INFO:teuthology.orchestra.run.smithi080.stderr:2024-02-20T08:25:16.022+0000 7f6f720c4700 1 -- 172.21.15.80:0/2054104150 shutdown_connections
2024-02-20T08:25:16.024 INFO:teuthology.orchestra.run.smithi080.stderr:2024-02-20T08:25:16.022+0000 7f6f720c4700 1 --2- 172.21.15.80:0/2054104150 >> [v2:172.21.15.80:3300/0,v1:172.21.15.80:6789/0] conn(0x7f6f6c0fd710 0x7f6f6c0ffaf0 unknown :-1 s=CLOSED pgs=92 cs=0 l=1 rev1=1 crypto rx=0 tx=0 comp rx=0 tx=0).stop
2024-02-20T08:25:16.024 INFO:teuthology.orchestra.run.smithi080.stderr:2024-02-20T08:25:16.022+0000 7f6f720c4700 1 -- 172.21.15.80:0/2054104150 >> 172.21.15.80:0/2054104150 conn(0x7f6f6c0f7190 msgr2=0x7f6f6c0f95c0 unknown :-1 s=STATE_NONE l=0).mark_down
2024-02-20T08:25:16.024 INFO:teuthology.orchestra.run.smithi080.stderr:2024-02-20T08:25:16.022+0000 7f6f720c4700 1 -- 172.21.15.80:0/2054104150 shutdown_connections
2024-02-20T08:25:16.024 INFO:teuthology.orchestra.run.smithi080.stderr:2024-02-20T08:25:16.022+0000 7f6f720c4700 1 -- 172.21.15.80:0/2054104150 wait complete.
2024-02-20T08:25:16.025 INFO:teuthology.orchestra.run.smithi080.stderr:2024-02-20T08:25:16.022+0000 7f6f720c4700 1 Processor -- start
2024-02-20T08:25:16.025 INFO:teuthology.orchestra.run.smithi080.stderr:2024-02-20T08:25:16.023+0000 7f6f720c4700 1 -- start start
2024-02-20T08:25:16.025 INFO:teuthology.orchestra.run.smithi080.stderr:2024-02-20T08:25:16.023+0000 7f6f720c4700 1 --2- >> [v2:172.21.15.80:3300/0,v1:172.21.15.80:6789/0] conn(0x7f6f6c0fd710 0x7f6f6c10ce80 unknown :-1 s=NONE pgs=0 cs=0 l=1 rev1=0 crypto rx=0 tx=0 comp rx=0 tx=0).connect
