2024-03-15T13:42:18.432+0000 7fa1daa00700 1 -- --> [v2:172.21.15.5:3300/0,v1:172.21.15.5:6789/0] -- mon_getmap magic: 0 -- 0x7fa1d4109e70 con 0x7fa1d4106470
2024-03-15T13:42:19.844 INFO:teuthology.orchestra.run.smithi005.stdout:/usr/bin/ceph: stderr
2024-03-15T13:42:18.432+0000 7fa1d3e00700 1 --2- >> [v2:172.21.15.5:3300/0,v1:172.21.15.5:6789/0] conn(0x7fa1d4106470 0x7fa1d41a21a0 unknown :-1 s=BANNER_CONNECTING pgs=0 cs=0 l=1 rev1=0 crypto rx=0 tx=0 comp rx=0 tx=0)._handle_peer_banner_payload supported=3 required=0
2024-03-15T13:42:19.844 INFO:teuthology.orchestra.run.smithi005.stdout:/usr/bin/ceph: stderr
2024-03-15T13:42:18.432+0000 7fa1d3e00700 1 --2- >> [v2:172.21.15.5:3300/0,v1:172.21.15.5:6789/0] conn(0x7fa1d4106470 0x7fa1d41a21a0 unknown :-1 s=HELLO_CONNECTING pgs=0 cs=0 l=1 rev1=1 crypto rx=0 tx=0 comp rx=0 tx=0).handle_hello peer v2:172.21.15.5:3300/0 says I am v2:172.21.15.5:41488/0 (socket says 172.21.15.5:41488)
2024-03-15T13:42:19.844 INFO:teuthology.orchestra.run.smithi005.stdout:/usr/bin/ceph: stderr
2024-03-15T13:42:18.432+0000 7fa1d3e00700 1 -- 172.21.15.5:0/1047212936 learned_addr learned my addr 172.21.15.5:0/1047212936 (peer_addr_for_me v2:172.21.15.5:0/0)
2024-03-15T13:42:19.844 INFO:teuthology.orchestra.run.smithi005.stdout:/usr/bin/ceph: stderr
2024-03-15T13:42:18.432+0000 7fa1d3e00700 1 -- 172.21.15.5:0/1047212936 --> [v2:172.21.15.5:3300/0,v1:172.21.15.5:6789/0] -- mon_subscribe({config=0+,monmap=0+}) -- 0x7fa1d41a26e0 con 0x7fa1d4106470
2024-03-15T13:42:19.844 INFO:teuthology.orchestra.run.smithi005.stdout:/usr/bin/ceph: stderr
2024-03-15T13:42:18.433+0000 7fa1d3e00700 1 --2- 172.21.15.5:0/1047212936 >> [v2:172.21.15.5:3300/0,v1:172.21.15.5:6789/0] conn(0x7fa1d4106470 0x7fa1d41a21a0 secure :-1 s=READY pgs=48 cs=0 l=1 rev1=1 crypto rx=0x7fa1c4011b60 tx=0x7fa1c4011c40 comp rx=0 tx=0).ready entity=mon.0 client_cookie=0 server_cookie=0 in_seq=0 out_seq=0
2024-03-15T13:42:19.844 INFO:teuthology.orchestra.run.smithi005.stdout:/usr/bin/ceph: stderr
2024-03-15T13:42:18.433+0000 7fa1d0c00700 1 -- 172.21.15.5:0/1047212936 <== mon.0 v2:172.21.15.5:3300/0 1 ==== mon_map magic: 0 ==== 205+0+0 (secure 0 0 0) 0x7fa1c4003b20 con 0x7fa1d4106470
2024-03-15T13:42:19.844 INFO:teuthology.orchestra.run.smithi005.stdout:/usr/bin/ceph: stderr
2024-03-15T13:42:18.433+0000 7fa1d0c00700 1 -- 172.21.15.5:0/1047212936 <== mon.0 v2:172.21.15.5:3300/0 2 ==== config(27 keys) ==== 1109+0+0 (secure 0 0 0) 0x7fa1c4003cc0 con 0x7fa1d4106470
2024-03-15T13:42:19.845 INFO:teuthology.orchestra.run.smithi005.stdout:/usr/bin/ceph: stderr
2024-03-15T13:42:18.433+0000 7fa1daa00700 1 -- 172.21.15.5:0/1047212936 --> [v2:172.21.15.5:3300/0,v1:172.21.15.5:6789/0] -- mon_subscribe({mgrmap=0+}) -- 0x7fa1d41a2970 con 0x7fa1d4106470
2024-03-15T13:42:19.845 INFO:teuthology.orchestra.run.smithi005.stdout:/usr/bin/ceph: stderr
2024-03-15T13:42:18.433+0000 7fa1d0c00700 1 -- 172.21.15.5:0/1047212936 <== mon.0 v2:172.21.15.5:3300/0 3 ==== mon_map magic: 0 ==== 205+0+0 (secure 0 0 0) 0x7fa1c4024840 con 0x7fa1d4106470
2024-03-15T13:42:19.845 INFO:teuthology.orchestra.run.smithi005.stdout:/usr/bin/ceph: stderr
2024-03-15T13:42:18.433+0000 7fa1daa00700 1 -- 172.21.15.5:0/1047212936 --> [v2:172.21.15.5:3300/0,v1:172.21.15.5:6789/0] -- mon_subscribe({osdmap=0}) -- 0x7fa1d41a5660 con 0x7fa1d4106470
2024-03-15T13:42:19.845 INFO:teuthology.orchestra.run.smithi005.stdout:/usr/bin/ceph: stderr
2024-03-15T13:42:18.434+0000 7fa1daa00700 1 -- 172.21.15.5:0/1047212936 --> [v2:172.21.15.5:3300/0,v1:172.21.15.5:6789/0] -- mon_command({"prefix": "get_command_descriptions"} v 0) -- 0x7fa1d4063900 con 0x7fa1d4106470
2024-03-15T13:42:19.845 INFO:teuthology.orchestra.run.smithi005.stdout:/usr/bin/ceph: stderr
2024-03-15T13:42:18.434+0000 7fa1d0c00700 1 -- 172.21.15.5:0/1047212936 <== mon.0 v2:172.21.15.5:3300/0 4 ==== mgrmap(e 8) ==== 46106+0+0 (secure 0 0 0) 0x7fa1c4022020 con 0x7fa1d4106470
2024-03-15T13:42:19.847 INFO:teuthology.orchestra.run.smithi005.stdout:/usr/bin/ceph: stderr
2024-03-15T13:42:18.435+0000 7fa1d0c00700 1 --2- 172.21.15.5:0/1047212936 >> [v2:172.21.15.5:6800/879016177,v1:172.21.15.5:6801/879016177] conn(0x7fa1b8038f70 0x7fa1b803b430 unknown :-1 s=NONE pgs=0 cs=0 l=1 rev1=0 crypto rx=0 tx=0 comp rx=0 tx=0).connect
2024-03-15T13:42:19.847 INFO:teuthology.orchestra.run.smithi005.stdout:/usr/bin/ceph: stderr
2024-03-15T13:42:18.435+0000 7fa1d0c00700 1 -- 172.21.15.5:0/1047212936 <== mon.0 v2:172.21.15.5:3300/0 5 ==== osd_map(2..2 src has 1..2) ==== 940+0+0 (secure 0 0 0) 0x7fa1c4011e00 con 0x7fa1d4106470
2024-03-15T13:42:19.847 INFO:teuthology.orchestra.run.smithi005.stdout:/usr/bin/ceph: stderr
2024-03-15T13:42:18.435+0000 7fa1d3400700 1 --2- 172.21.15.5:0/1047212936 >> [v2:172.21.15.5:6800/879016177,v1:172.21.15.5:6801/879016177] conn(0x7fa1b8038f70 0x7fa1b803b430 unknown :-1 s=BANNER_CONNECTING pgs=0 cs=0 l=1 rev1=0 crypto rx=0 tx=0 comp rx=0 tx=0)._handle_peer_banner_payload supported=3 required=0
2024-03-15T13:42:19.847 INFO:teuthology.orchestra.run.smithi005.stdout:/usr/bin/ceph: stderr
2024-03-15T13:42:18.436+0000 7fa1d3400700 1 --2- 172.21.15.5:0/1047212936 >> [v2:172.21.15.5:6800/879016177,v1:172.21.15.5:6801/879016177] conn(0x7fa1b8038f70 0x7fa1b803b430 secure :-1 s=READY pgs=12 cs=0 l=1 rev1=1 crypto rx=0x7fa1c0006fd0 tx=0x7fa1c0006e40 comp rx=0 tx=0).ready entity=mgr.14120 client_cookie=0 server_cookie=0 in_seq=0 out_seq=0
2024-03-15T13:42:19.847 INFO:teuthology.orchestra.run.smithi005.stdout:/usr/bin/ceph: stderr
2024-03-15T13:42:18.441+0000 7fa1d0c00700 1 -- 172.21.15.5:0/1047212936 <== mon.0 v2:172.21.15.5:3300/0 6 ==== mon_command_ack([{"prefix": "get_command_descriptions"}]=0 v0) ==== 72+0+186149 (secure 0 0 0) 0x7fa1c404c950 con 0x7fa1d4106470
2024-03-15T13:42:19.847 INFO:teuthology.orchestra.run.smithi005.stdout:/usr/bin/ceph: stderr
2024-03-15T13:42:18.700+0000 7fa1daa00700 1 -- 172.21.15.5:0/1047212936 --> [v2:172.21.15.5:6800/879016177,v1:172.21.15.5:6801/879016177] -- mgr_command(tid 0: {"prefix": "orch apply", "service_type": "mon", "unmanaged": true, "target": ["mon-mgr", ""]}) -- 0x7fa1d40008d0 con 0x7fa1b8038f70
2024-03-15T13:42:19.847 INFO:teuthology.orchestra.run.smithi005.stdout:/usr/bin/ceph: stderr
2024-03-15T13:42:18.710+0000 7fa1d0c00700 1 -- 172.21.15.5:0/1047212936 <== mgr.14120 v2:172.21.15.5:6800/879016177 1 ==== mgr_command_reply(tid 0: 0 ) ==== 8+0+24 (secure 0 0 0) 0x7fa1d40008d0 con 0x7fa1b8038f70
2024-03-15T13:42:19.848 INFO:teuthology.orchestra.run.smithi005.stdout:/usr/bin/ceph: stderr
2024-03-15T13:42:18.713+0000 7fa1daa00700 1 -- 172.21.15.5:0/1047212936 >> [v2:172.21.15.5:6800/879016177,v1:172.21.15.5:6801/879016177] conn(0x7fa1b8038f70 msgr2=0x7fa1b803b430 secure :-1 s=STATE_CONNECTION_ESTABLISHED l=1).mark_down
2024-03-15T13:42:19.848 INFO:teuthology.orchestra.run.smithi005.stdout:/usr/bin/ceph: stderr
2024-03-15T13:42:18.713+0000 7fa1daa00700 1 --2- 172.21.15.5:0/1047212936 >> [v2:172.21.15.5:6800/879016177,v1:172.21.15.5:6801/879016177] conn(0x7fa1b8038f70 0x7fa1b803b430 secure :-1 s=READY pgs=12 cs=0 l=1 rev1=1 crypto rx=0x7fa1c0006fd0 tx=0x7fa1c0006e40 comp rx=0 tx=0).stop
2024-03-15T13:42:19.848 INFO:teuthology.orchestra.run.smithi005.stdout:/usr/bin/ceph: stderr
2024-03-15T13:42:18.713+0000 7fa1daa00700 1 -- 172.21.15.5:0/1047212936 >> [v2:172.21.15.5:3300/0,v1:172.21.15.5:6789/0] conn(0x7fa1d4106470 msgr2=0x7fa1d41a21a0 secure :-1 s=STATE_CONNECTION_ESTABLISHED l=1).mark_down
2024-03-15T13:42:19.848 INFO:teuthology.orchestra.run.smithi005.stdout:/usr/bin/ceph: stderr
2024-03-15T13:42:18.713+0000 7fa1daa00700 1 --2- 172.21.15.5:0/1047212936 >> [v2:172.21.15.5:3300/0,v1:172.21.15.5:6789/0] conn(0x7fa1d4106470 0x7fa1d41a21a0 secure :-1 s=READY pgs=48 cs=0 l=1 rev1=1 crypto rx=0x7fa1c4011b60 tx=0x7fa1c4011c40 comp rx=0 tx=0).stop
2024-03-15T13:42:19.848 INFO:teuthology.orchestra.run.smithi005.stdout:/usr/bin/ceph: stderr
2024-03-15T13:42:18.713+0000 7fa1daa00700 1 -- 172.21.15.5:0/1047212936 shutdown_connections
2024-03-15T13:42:19.848 INFO:teuthology.orchestra.run.smithi005.stdout:/usr/bin/ceph: stderr
2024-03-15T13:42:18.713+0000 7fa1daa00700 1 --2- 172.21.15.5:0/1047212936 >> [v2:172.21.15.5:6800/879016177,v1:172.21.15.5:6801/879016177] conn(0x7fa1b8038f70 0x7fa1b803b430 unknown :-1 s=CLOSED pgs=12 cs=0 l=1 rev1=1 crypto rx=0 tx=0 comp rx=0 tx=0).stop
2024-03-15T13:42:19.848 INFO:teuthology.orchestra.run.smithi005.stdout:/usr/bin/ceph: stderr
2024-03-15T13:42:18.713+0000 7fa1daa00700 1 --2- 172.21.15.5:0/1047212936 >> [v2:172.21.15.5:3300/0,v1:172.21.15.5:6789/0] conn(0x7fa1d4106470 0x7fa1d41a21a0 unknown :-1 s=CLOSED pgs=48 cs=0 l=1 rev1=1 crypto rx=0 tx=0 comp rx=0 tx=0).stop
2024-03-15T13:42:19.848 INFO:teuthology.orchestra.run.smithi005.stdout:/usr/bin/ceph: stderr
2024-03-15T13:42:18.713+0000 7fa1daa00700 1 -- 172.21.15.5:0/1047212936 >> 172.21.15.5:0/1047212936 conn(0x7fa1d4102090 msgr2=0x7fa1d41044f0 unknown :-1 s=STATE_NONE l=0).mark_down
2024-03-15T13:42:19.848 INFO:teuthology.orchestra.run.smithi005.stdout:/usr/bin/ceph: stderr
2024-03-15T13:42:18.714+0000 7fa1daa00700 1 -- 172.21.15.5:0/1047212936 shutdown_connections
2024-03-15T13:42:19.848 INFO:teuthology.orchestra.run.smithi005.stdout:/usr/bin/ceph: stderr
2024-03-15T13:42:18.714+0000 7fa1daa00700 1 -- 172.21.15.5:0/1047212936 wait complete.
2024-03-15T13:42:19.848 INFO:teuthology.orchestra.run.smithi005.stdout:Deploying unmanaged mgr service...
2024-03-15T13:42:20.002 INFO:journalctl@ceph.mon.a.smithi005.stdout:Mar 15 13:42:19 smithi005 ceph-mon[31736]: from='client.14142 -' entity='client.admin' cmd=[{"prefix": "orch apply", "service_type": "mon", "unmanaged": true, "target": ["mon-mgr", ""]}]: dispatch
2024-03-15T13:42:20.002 INFO:journalctl@ceph.mon.a.smithi005.stdout:Mar 15 13:42:19 smithi005 ceph-mon[31736]: Saving service mon spec with placement count:5
2024-03-15T13:42:20.002 INFO:journalctl@ceph.mon.a.smithi005.stdout:Mar 15 13:42:19 smithi005 ceph-mon[31736]: from='mgr.14120 172.21.15.5:0/2838132382' entity='mgr.x'
2024-03-15T13:42:21.465 INFO:teuthology.orchestra.run.smithi005.stdout:/usr/bin/ceph: stdout Scheduled mgr update...
2024-03-15T13:42:21.465 INFO:teuthology.orchestra.run.smithi005.stdout:/usr/bin/ceph: stderr
2024-03-15T13:42:20.534+0000 7f47ed200700 1 Processor -- start
2024-03-15T13:42:21.465 INFO:teuthology.orchestra.run.smithi005.stdout:/usr/bin/ceph: stderr
2024-03-15T13:42:20.534+0000 7f47ed200700 1 -- start start
2024-03-15T13:42:21.466 INFO:teuthology.orchestra.run.smithi005.stdout:/usr/bin/ceph: stderr
2024-03-15T13:42:20.535+0000 7f47ed200700 1 --2- >> [v2:172.21.15.5:3300/0,v1:172.21.15.5:6789/0] conn(0x7f47e8109e20 0x7f47e810a240 unknown :-1 s=NONE pgs=0 cs=0 l=0 rev1=0 crypto rx=0 tx=0 comp rx=0 tx=0).connect
2024-03-15T13:42:21.466 INFO:teuthology.orchestra.run.smithi005.stdout:/usr/bin/ceph: stderr
2024-03-15T13:42:20.535+0000 7f47ed200700 1 -- --> [v2:172.21.15.5:3300/0,v1:172.21.15.5:6789/0] -- mon_getmap magic: 0 -- 0x7f47e810a810 con 0x7f47e8109e20
2024-03-15T13:42:21.466 INFO:teuthology.orchestra.run.smithi005.stdout:/usr/bin/ceph: stderr
2024-03-15T13:42:20.535+0000 7f47e5e00700 1 --2- >> [v2:172.21.15.5:3300/0,v1:172.21.15.5:6789/0] conn(0x7f47e8109e20 0x7f47e810a240 unknown :-1 s=BANNER_CONNECTING pgs=0 cs=0 l=0 rev1=0 crypto rx=0 tx=0 comp rx=0 tx=0)._handle_peer_banner_payload supported=3 required=0
2024-03-15T13:42:21.466 INFO:teuthology.orchestra.run.smithi005.stdout:/usr/bin/ceph: stderr
2024-03-15T13:42:20.535+0000 7f47e5e00700 1 --2- >> [v2:172.21.15.5:3300/0,v1:172.21.15.5:6789/0] conn(0x7f47e8109e20 0x7f47e810a240 unknown :-1 s=HELLO_CONNECTING pgs=0 cs=0 l=0 rev1=1 crypto rx=0 tx=0 comp rx=0 tx=0).handle_hello peer v2:172.21.15.5:3300/0 says I am v2:172.21.15.5:41500/0 (socket says 172.21.15.5:41500)
2024-03-15T13:42:21.466 INFO:teuthology.orchestra.run.smithi005.stdout:/usr/bin/ceph: stderr
2024-03-15T13:42:20.535+0000 7f47e5e00700 1 -- 172.21.15.5:0/601435195 learned_addr learned my addr 172.21.15.5:0/601435195 (peer_addr_for_me v2:172.21.15.5:0/0)
2024-03-15T13:42:21.466 INFO:teuthology.orchestra.run.smithi005.stdout:/usr/bin/ceph: stderr
2024-03-15T13:42:20.536+0000 7f47e5e00700 1 -- 172.21.15.5:0/601435195 --> [v2:172.21.15.5:3300/0,v1:172.21.15.5:6789/0] -- mon_subscribe({config=0+,monmap=0+}) -- 0x7f47e810afd0 con 0x7f47e8109e20
2024-03-15T13:42:21.466 INFO:teuthology.orchestra.run.smithi005.stdout:/usr/bin/ceph: stderr
2024-03-15T13:42:20.536+0000 7f47e5e00700 1 --2- 172.21.15.5:0/601435195 >> [v2:172.21.15.5:3300/0,v1:172.21.15.5:6789/0] conn(0x7f47e8109e20 0x7f47e810a240 secure :-1 s=READY pgs=49 cs=0 l=1 rev1=1 crypto rx=0x7f47d80098a0 tx=0x7f47d8009bb0 comp rx=0 tx=0).ready entity=mon.0 client_cookie=ca013852042f9d66 server_cookie=0 in_seq=0 out_seq=0
2024-03-15T13:42:21.466 INFO:teuthology.orchestra.run.smithi005.stdout:/usr/bin/ceph: stderr
2024-03-15T13:42:20.536+0000 7f47e4a00700 1 -- 172.21.15.5:0/601435195 <== mon.0 v2:172.21.15.5:3300/0 1 ==== mon_map magic: 0 ==== 205+0+0 (secure 0 0 0) 0x7f47d8004160 con 0x7f47e8109e20
2024-03-15T13:42:21.466 INFO:teuthology.orchestra.run.smithi005.stdout:/usr/bin/ceph: stderr
2024-03-15T13:42:20.537+0000 7f47e4a00700 1 -- 172.21.15.5:0/601435195 <== mon.0 v2:172.21.15.5:3300/0 2 ==== config(27 keys) ==== 1109+0+0 (secure 0 0 0) 0x7f47d8004300 con 0x7f47e8109e20
2024-03-15T13:42:21.466 INFO:teuthology.orchestra.run.smithi005.stdout:/usr/bin/ceph: stderr
2024-03-15T13:42:20.537+0000 7f47e4a00700 1 -- 172.21.15.5:0/601435195 <== mon.0 v2:172.21.15.5:3300/0 3 ==== mon_map magic: 0 ==== 205+0+0 (secure 0 0 0) 0x7f47d8011b50 con 0x7f47e8109e20
2024-03-15T13:42:21.466 INFO:teuthology.orchestra.run.smithi005.stdout:/usr/bin/ceph: stderr
2024-03-15T13:42:20.537+0000 7f47ed200700 1 -- 172.21.15.5:0/601435195 >> [v2:172.21.15.5:3300/0,v1:172.21.15.5:6789/0] conn(0x7f47e8109e20 msgr2=0x7f47e810a240 secure :-1 s=STATE_CONNECTION_ESTABLISHED l=1).mark_down
2024-03-15T13:42:21.466 INFO:teuthology.orchestra.run.smithi005.stdout:/usr/bin/ceph: stderr
2024-03-15T13:42:20.537+0000 7f47ed200700 1 --2- 172.21.15.5:0/601435195 >> [v2:172.21.15.5:3300/0,v1:172.21.15.5:6789/0] conn(0x7f47e8109e20 0x7f47e810a240 secure :-1 s=READY pgs=49 cs=0 l=1 rev1=1 crypto rx=0x7f47d80098a0 tx=0x7f47d8009bb0 comp rx=0 tx=0).stop
2024-03-15T13:42:21.467 INFO:teuthology.orchestra.run.smithi005.stdout:/usr/bin/ceph: stderr
2024-03-15T13:42:20.537+0000 7f47ed200700 1 -- 172.21.15.5:0/601435195 shutdown_connections
2024-03-15T13:42:21.467 INFO:teuthology.orchestra.run.smithi005.stdout:/usr/bin/ceph: stderr
2024-03-15T13:42:20.537+0000 7f47ed200700 1 --2- 172.21.15.5:0/601435195 >> [v2:172.21.15.5:3300/0,v1:172.21.15.5:6789/0] conn(0x7f47e8109e20 0x7f47e810a240 unknown :-1 s=CLOSED pgs=49 cs=0 l=1 rev1=1 crypto rx=0 tx=0 comp rx=0 tx=0).stop
2024-03-15T13:42:21.467 INFO:teuthology.orchestra.run.smithi005.stdout:/usr/bin/ceph: stderr
2024-03-15T13:42:20.537+0000 7f47ed200700 1 -- 172.21.15.5:0/601435195 >> 172.21.15.5:0/601435195 conn(0x7f47e807d260 msgr2=0x7f47e807d6b0 unknown :-1 s=STATE_NONE l=0).mark_down
2024-03-15T13:42:21.467 INFO:teuthology.orchestra.run.smithi005.stdout:/usr/bin/ceph: stderr
2024-03-15T13:42:20.537+0000 7f47ed200700 1 -- 172.21.15.5:0/601435195 shutdown_connections
2024-03-15T13:42:21.467 INFO:teuthology.orchestra.run.smithi005.stdout:/usr/bin/ceph: stderr
2024-03-15T13:42:20.537+0000 7f47ed200700 1 -- 172.21.15.5:0/601435195 wait complete.
2024-03-15T13:42:21.467 INFO:teuthology.orchestra.run.smithi005.stdout:/usr/bin/ceph: stderr
2024-03-15T13:42:20.538+0000 7f47ed200700 1 Processor -- start
2024-03-15T13:42:21.467 INFO:teuthology.orchestra.run.smithi005.stdout:/usr/bin/ceph: stderr
2024-03-15T13:42:20.539+0000 7f47ed200700 1 -- start start
2024-03-15T13:42:21.467 INFO:teuthology.orchestra.run.smithi005.stdout:/usr/bin/ceph: stderr
2024-03-15T13:42:20.539+0000 7f47ed200700 1 --2- >> [v2:172.21.15.5:3300/0,v1:172.21.15.5:6789/0] conn(0x7f47e8109e20 0x7f47e819ddf0 unknown :-1 s=NONE pgs=0 cs=0 l=1 rev1=0 crypto rx=0 tx=0 comp rx=0 tx=0).connect
2024-03-15T13:42:21.467 INFO:teuthology.orchestra.run.smithi005.stdout:/usr/bin/ceph: stderr
2024-03-15T13:42:20.539+0000 7f47ed200700 1 -- --> [v2:172.21.15.5:3300/0,v1:172.21.15.5:6789/0] -- mon_getmap magic: 0 -- 0x7f47e810e380 con 0x7f47e8109e20
2024-03-15T13:42:21.467 INFO:teuthology.orchestra.run.smithi005.stdout:/usr/bin/ceph: stderr
2024-03-15T13:42:20.539+0000 7f47e5e00700 1 --2- >> [v2:172.21.15.5:3300/0,v1:172.21.15.5:6789/0] conn(0x7f47e8109e20 0x7f47e819ddf0 unknown :-1 s=BANNER_CONNECTING pgs=0 cs=0 l=1 rev1=0 crypto rx=0 tx=0 comp rx=0 tx=0)._handle_peer_banner_payload supported=3 required=0
2024-03-15T13:42:21.467 INFO:teuthology.orchestra.run.smithi005.stdout:/usr/bin/ceph: stderr
2024-03-15T13:42:20.539+0000 7f47e5e00700 1 --2- >> [v2:172.21.15.5:3300/0,v1:172.21.15.5:6789/0] conn(0x7f47e8109e20 0x7f47e819ddf0 unknown :-1 s=HELLO_CONNECTING pgs=0 cs=0 l=1 rev1=1 crypto rx=0 tx=0 comp rx=0 tx=0).handle_hello peer v2:172.21.15.5:3300/0 says I am v2:172.21.15.5:41502/0 (socket says 172.21.15.5:41502)
2024-03-15T13:42:21.467 INFO:teuthology.orchestra.run.smithi005.stdout:/usr/bin/ceph: stderr
2024-03-15T13:42:20.539+0000 7f47e5e00700 1 -- 172.21.15.5:0/1640195837 learned_addr learned my addr 172.21.15.5:0/1640195837 (peer_addr_for_me v2:172.21.15.5:0/0)
2024-03-15T13:42:21.467 INFO:teuthology.orchestra.run.smithi005.stdout:/usr/bin/ceph: stderr
2024-03-15T13:42:20.540+0000 7f47e5e00700 1 -- 172.21.15.5:0/1640195837 --> [v2:172.21.15.5:3300/0,v1:172.21.15.5:6789/0] -- mon_subscribe({config=0+,monmap=0+}) -- 0x7f47e819e330 con 0x7f47e8109e20
2024-03-15T13:42:21.468 INFO:teuthology.orchestra.run.smithi005.stdout:/usr/bin/ceph: stderr
2024-03-15T13:42:20.540+0000 7f47e5e00700 1 --2- 172.21.15.5:0/1640195837 >> [v2:172.21.15.5:3300/0,v1:172.21.15.5:6789/0] conn(0x7f47e8109e20 0x7f47e819ddf0 secure :-1 s=READY pgs=50 cs=0 l=1 rev1=1 crypto rx=0x7f47d8009fb0 tx=0x7f47d8011bf0 comp rx=0 tx=0).ready entity=mon.0 client_cookie=0 server_cookie=0 in_seq=0 out_seq=0
2024-03-15T13:42:21.468 INFO:teuthology.orchestra.run.smithi005.stdout:/usr/bin/ceph: stderr
2024-03-15T13:42:20.540+0000 7f47dea00700 1 -- 172.21.15.5:0/1640195837 <== mon.0 v2:172.21.15.5:3300/0 1 ==== mon_map magic: 0 ==== 205+0+0 (secure 0 0 0) 0x7f47d80038b0 con 0x7f47e8109e20
2024-03-15T13:42:21.468 INFO:teuthology.orchestra.run.smithi005.stdout:/usr/bin/ceph: stderr
2024-03-15T13:42:20.540+0000 7f47dea00700 1 -- 172.21.15.5:0/1640195837 <== mon.0 v2:172.21.15.5:3300/0 2 ==== config(27 keys) ==== 1109+0+0 (secure 0 0 0) 0x7f47d8011e50 con 0x7f47e8109e20
2024-03-15T13:42:21.468 INFO:teuthology.orchestra.run.smithi005.stdout:/usr/bin/ceph: stderr
2024-03-15T13:42:20.540+0000 7f47dea00700 1 -- 172.21.15.5:0/1640195837 <== mon.0 v2:172.21.15.5:3300/0 3 ==== mon_map magic: 0 ==== 205+0+0 (secure 0 0 0) 0x7f47d8019550 con 0x7f47e8109e20
2024-03-15T13:42:21.468 INFO:teuthology.orchestra.run.smithi005.stdout:/usr/bin/ceph: stderr
2024-03-15T13:42:20.540+0000 7f47ed200700 1 -- 172.21.15.5:0/1640195837 --> [v2:172.21.15.5:3300/0,v1:172.21.15.5:6789/0] -- mon_subscribe({mgrmap=0+}) -- 0x7f47e819e5c0 con 0x7f47e8109e20
2024-03-15T13:42:21.468 INFO:teuthology.orchestra.run.smithi005.stdout:/usr/bin/ceph: stderr
2024-03-15T13:42:20.540+0000 7f47ed200700 1 -- 172.21.15.5:0/1640195837 --> [v2:172.21.15.5:3300/0,v1:172.21.15.5:6789/0] -- mon_subscribe({osdmap=0}) -- 0x7f47e81a12b0 con 0x7f47e8109e20
2024-03-15T13:42:21.468 INFO:teuthology.orchestra.run.smithi005.stdout:/usr/bin/ceph: stderr
2024-03-15T13:42:20.542+0000 7f47ed200700 1 -- 172.21.15.5:0/1640195837 --> [v2:172.21.15.5:3300/0,v1:172.21.15.5:6789/0] -- mon_command({"prefix": "get_command_descriptions"} v 0) -- 0x7f47e8063900 con 0x7f47e8109e20
2024-03-15T13:42:21.468 INFO:teuthology.orchestra.run.smithi005.stdout:/usr/bin/ceph: stderr
2024-03-15T13:42:20.542+0000 7f47dea00700 1 -- 172.21.15.5:0/1640195837 <== mon.0 v2:172.21.15.5:3300/0 4 ==== mgrmap(e 8) ==== 46106+0+0 (secure 0 0 0) 0x7f47d8003a50 con 0x7f47e8109e20
2024-03-15T13:42:21.468 INFO:teuthology.orchestra.run.smithi005.stdout:/usr/bin/ceph: stderr
2024-03-15T13:42:20.542+0000 7f47dea00700 1 --2- 172.21.15.5:0/1640195837 >> [v2:172.21.15.5:6800/879016177,v1:172.21.15.5:6801/879016177] conn(0x7f47cc038f20 0x7f47cc03b3e0 unknown :-1 s=NONE pgs=0 cs=0 l=1 rev1=0 crypto rx=0 tx=0 comp rx=0 tx=0).connect
2024-03-15T13:42:21.468 INFO:teuthology.orchestra.run.smithi005.stdout:/usr/bin/ceph: stderr
2024-03-15T13:42:20.542+0000 7f47dea00700 1 -- 172.21.15.5:0/1640195837 <== mon.0 v2:172.21.15.5:3300/0 5 ==== osd_map(2..2 src has 1..2) ==== 940+0+0 (secure 0 0 0) 0x7f47d804d160 con 0x7f47e8109e20
2024-03-15T13:42:21.468 INFO:teuthology.orchestra.run.smithi005.stdout:/usr/bin/ceph: stderr
2024-03-15T13:42:20.542+0000 7f47e5400700 1 --2- 172.21.15.5:0/1640195837 >> [v2:172.21.15.5:6800/879016177,v1:172.21.15.5:6801/879016177] conn(0x7f47cc038f20 0x7f47cc03b3e0 unknown :-1 s=BANNER_CONNECTING pgs=0 cs=0 l=1 rev1=0 crypto rx=0 tx=0 comp rx=0 tx=0)._handle_peer_banner_payload supported=3 required=0
2024-03-15T13:42:21.468 INFO:teuthology.orchestra.run.smithi005.stdout:/usr/bin/ceph: stderr
2024-03-15T13:42:20.543+0000 7f47e5400700 1 --2- 172.21.15.5:0/1640195837 >> [v2:172.21.15.5:6800/879016177,v1:172.21.15.5:6801/879016177] conn(0x7f47cc038f20 0x7f47cc03b3e0 secure :-1 s=READY pgs=13 cs=0 l=1 rev1=1 crypto rx=0x7f47d4006fd0 tx=0x7f47d4006e40 comp rx=0 tx=0).ready entity=mgr.14120 client_cookie=0 server_cookie=0 in_seq=0 out_seq=0
2024-03-15T13:42:21.468 INFO:teuthology.orchestra.run.smithi005.stdout:/usr/bin/ceph: stderr
2024-03-15T13:42:20.548+0000 7f47dea00700 1 -- 172.21.15.5:0/1640195837 <== mon.0 v2:172.21.15.5:3300/0 6 ==== mon_command_ack([{"prefix": "get_command_descriptions"}]=0 v0) ==== 72+0+186149 (secure 0 0 0) 0x7f47d804cab0 con 0x7f47e8109e20
2024-03-15T13:42:21.469 INFO:teuthology.orchestra.run.smithi005.stdout:/usr/bin/ceph: stderr
2024-03-15T13:42:20.798+0000 7f47ed200700 1 -- 172.21.15.5:0/1640195837 --> [v2:172.21.15.5:6800/879016177,v1:172.21.15.5:6801/879016177] -- mgr_command(tid 0: {"prefix": "orch apply", "service_type": "mgr", "unmanaged": true, "target": ["mon-mgr", ""]}) -- 0x7f47e8107c20 con 0x7f47cc038f20
2024-03-15T13:42:21.469 INFO:teuthology.orchestra.run.smithi005.stdout:/usr/bin/ceph: stderr
2024-03-15T13:42:20.798+0000 7f47dea00700 1 -- 172.21.15.5:0/1640195837 <== mon.0 v2:172.21.15.5:3300/0 7 ==== config(27 keys) ==== 1140+0+0 (secure 0 0 0) 0x7f47d802ce30 con 0x7f47e8109e20
2024-03-15T13:42:21.469 INFO:teuthology.orchestra.run.smithi005.stdout:/usr/bin/ceph: stderr
2024-03-15T13:42:20.820+0000 7f47dea00700 1 -- 172.21.15.5:0/1640195837 <== mgr.14120 v2:172.21.15.5:6800/879016177 1 ==== mgr_command_reply(tid 0: 0 ) ==== 8+0+24 (secure 0 0 0) 0x7f47e8107c20 con 0x7f47cc038f20
2024-03-15T13:42:21.469 INFO:teuthology.orchestra.run.smithi005.stdout:/usr/bin/ceph: stderr
2024-03-15T13:42:20.823+0000 7f47ed200700 1 -- 172.21.15.5:0/1640195837 >> [v2:172.21.15.5:6800/879016177,v1:172.21.15.5:6801/879016177] conn(0x7f47cc038f20 msgr2=0x7f47cc03b3e0 secure :-1 s=STATE_CONNECTION_ESTABLISHED l=1).mark_down
2024-03-15T13:42:21.469 INFO:teuthology.orchestra.run.smithi005.stdout:/usr/bin/ceph: stderr
2024-03-15T13:42:20.823+0000 7f47ed200700 1 --2- 172.21.15.5:0/1640195837 >> [v2:172.21.15.5:6800/879016177,v1:172.21.15.5:6801/879016177] conn(0x7f47cc038f20 0x7f47cc03b3e0 secure :-1 s=READY pgs=13 cs=0 l=1 rev1=1 crypto rx=0x7f47d4006fd0 tx=0x7f47d4006e40 comp rx=0 tx=0).stop
2024-03-15T13:42:21.469 INFO:teuthology.orchestra.run.smithi005.stdout:/usr/bin/ceph: stderr
2024-03-15T13:42:20.823+0000 7f47ed200700 1 -- 172.21.15.5:0/1640195837 >> [v2:172.21.15.5:3300/0,v1:172.21.15.5:6789/0] conn(0x7f47e8109e20 msgr2=0x7f47e819ddf0 secure :-1 s=STATE_CONNECTION_ESTABLISHED l=1).mark_down
2024-03-15T13:42:21.469 INFO:teuthology.orchestra.run.smithi005.stdout:/usr/bin/ceph: stderr
2024-03-15T13:42:20.823+0000 7f47ed200700 1 --2- 172.21.15.5:0/1640195837 >> [v2:172.21.15.5:3300/0,v1:172.21.15.5:6789/0] conn(0x7f47e8109e20 0x7f47e819ddf0 secure :-1 s=READY pgs=50 cs=0 l=1 rev1=1 crypto rx=0x7f47d8009fb0 tx=0x7f47d8011bf0 comp rx=0 tx=0).stop
2024-03-15T13:42:21.469 INFO:teuthology.orchestra.run.smithi005.stdout:/usr/bin/ceph: stderr
2024-03-15T13:42:20.824+0000 7f47ed200700 1 -- 172.21.15.5:0/1640195837 shutdown_connections
2024-03-15T13:42:21.469 INFO:teuthology.orchestra.run.smithi005.stdout:/usr/bin/ceph: stderr
2024-03-15T13:42:20.824+0000 7f47ed200700 1 --2- 172.21.15.5:0/1640195837 >> [v2:172.21.15.5:6800/879016177,v1:172.21.15.5:6801/879016177] conn(0x7f47cc038f20 0x7f47cc03b3e0 unknown :-1 s=CLOSED pgs=13 cs=0 l=1 rev1=1 crypto rx=0 tx=0 comp rx=0 tx=0).stop
2024-03-15T13:42:21.469 INFO:teuthology.orchestra.run.smithi005.stdout:/usr/bin/ceph: stderr
2024-03-15T13:42:20.824+0000 7f47ed200700 1 --2- 172.21.15.5:0/1640195837 >> [v2:172.21.15.5:3300/0,v1:172.21.15.5:6789/0] conn(0x7f47e8109e20 0x7f47e819ddf0 unknown :-1 s=CLOSED pgs=50 cs=0 l=1 rev1=1 crypto rx=0 tx=0 comp rx=0 tx=0).stop
2024-03-15T13:42:21.469 INFO:teuthology.orchestra.run.smithi005.stdout:/usr/bin/ceph: stderr
2024-03-15T13:42:20.824+0000 7f47ed200700 1 -- 172.21.15.5:0/1640195837 >> 172.21.15.5:0/1640195837 conn(0x7f47e807d260 msgr2=0x7f47e8107510 unknown :-1 s=STATE_NONE l=0).mark_down
2024-03-15T13:42:21.469 INFO:teuthology.orchestra.run.smithi005.stdout:/usr/bin/ceph: stderr
2024-03-15T13:42:20.824+0000 7f47ed200700 1 -- 172.21.15.5:0/1640195837 shutdown_connections
2024-03-15T13:42:21.469 INFO:teuthology.orchestra.run.smithi005.stdout:/usr/bin/ceph: stderr
2024-03-15T13:42:20.824+0000 7f47ed200700 1 -- 172.21.15.5:0/1640195837 wait complete.
2024-03-15T13:42:21.905 INFO:journalctl@ceph.mon.a.smithi005.stdout:Mar 15 13:42:21 smithi005 ceph-mon[31736]: from='mgr.14120 172.21.15.5:0/2838132382' entity='mgr.x'
2024-03-15T13:42:21.905 INFO:journalctl@ceph.mon.a.smithi005.stdout:Mar 15 13:42:21 smithi005 ceph-mon[31736]: from='client.14144 -' entity='client.admin' cmd=[{"prefix": "orch apply", "service_type": "mgr", "unmanaged": true, "target": ["mon-mgr", ""]}]: dispatch
2024-03-15T13:42:21.906 INFO:journalctl@ceph.mon.a.smithi005.stdout:Mar 15 13:42:21 smithi005 ceph-mon[31736]: Saving service mgr spec with placement count:2
2024-03-15T13:42:21.906 INFO:journalctl@ceph.mon.a.smithi005.stdout:Mar 15 13:42:21 smithi005 ceph-mon[31736]: from='mgr.14120 172.21.15.5:0/2838132382' entity='mgr.x'
2024-03-15T13:42:21.906 INFO:journalctl@ceph.mon.a.smithi005.stdout:Mar 15 13:42:21 smithi005 ceph-mon[31736]: from='mgr.14120 172.21.15.5:0/2838132382' entity='mgr.x'
2024-03-15T13:42:23.062 INFO:journalctl@ceph.mon.a.smithi005.stdout:Mar 15 13:42:22 smithi005 ceph-mon[31736]: pgmap v3: 0 pgs: ; 0 B data, 0 B used, 0 B / 0 B avail
2024-03-15T13:42:23.063 INFO:journalctl@ceph.mon.a.smithi005.stdout:Mar 15 13:42:22 smithi005 ceph-mon[31736]: from='client.? 172.21.15.5:0/2524186021' entity='client.admin'
2024-03-15T13:42:23.079 INFO:teuthology.orchestra.run.smithi005.stdout:/usr/bin/ceph: stderr
2024-03-15T13:42:22.081+0000 7f6b37800700 1 Processor -- start
2024-03-15T13:42:23.079 INFO:teuthology.orchestra.run.smithi005.stdout:/usr/bin/ceph: stderr
2024-03-15T13:42:22.081+0000 7f6b37800700 1 -- start start
2024-03-15T13:42:23.079 INFO:teuthology.orchestra.run.smithi005.stdout:/usr/bin/ceph: stderr
2024-03-15T13:42:22.082+0000 7f6b37800700 1 --2- >> [v2:172.21.15.5:3300/0,v1:172.21.15.5:6789/0] conn(0x7f6b3007dd00 0x7f6b3007c2c0 unknown :-1 s=NONE pgs=0 cs=0 l=0 rev1=0 crypto rx=0 tx=0 comp rx=0 tx=0).connect
2024-03-15T13:42:23.079 INFO:teuthology.orchestra.run.smithi005.stdout:/usr/bin/ceph: stderr
2024-03-15T13:42:22.082+0000 7f6b37800700 1 -- --> [v2:172.21.15.5:3300/0,v1:172.21.15.5:6789/0] -- mon_getmap magic: 0 -- 0x7f6b3007e120 con 0x7f6b3007dd00
2024-03-15T13:42:23.079 INFO:teuthology.orchestra.run.smithi005.stdout:/usr/bin/ceph: stderr
2024-03-15T13:42:22.082+0000 7f6b34e00700 1 --2- >> [v2:172.21.15.5:3300/0,v1:172.21.15.5:6789/0] conn(0x7f6b3007dd00 0x7f6b3007c2c0 unknown :-1 s=BANNER_CONNECTING pgs=0 cs=0 l=0 rev1=0 crypto rx=0 tx=0 comp rx=0 tx=0)._handle_peer_banner_payload supported=3 required=0
2024-03-15T13:42:23.080 INFO:teuthology.orchestra.run.smithi005.stdout:/usr/bin/ceph: stderr
2024-03-15T13:42:22.082+0000 7f6b34e00700 1 --2- >> [v2:172.21.15.5:3300/0,v1:172.21.15.5:6789/0] conn(0x7f6b3007dd00 0x7f6b3007c2c0 unknown :-1 s=HELLO_CONNECTING pgs=0 cs=0 l=0 rev1=1 crypto rx=0 tx=0 comp rx=0 tx=0).handle_hello peer v2:172.21.15.5:3300/0 says I am v2:172.21.15.5:41514/0 (socket says 172.21.15.5:41514)
2024-03-15T13:42:23.080 INFO:teuthology.orchestra.run.smithi005.stdout:/usr/bin/ceph: stderr
2024-03-15T13:42:22.082+0000 7f6b34e00700 1 -- 172.21.15.5:0/3286632261 learned_addr learned my addr 172.21.15.5:0/3286632261 (peer_addr_for_me v2:172.21.15.5:0/0)
2024-03-15T13:42:23.080 INFO:teuthology.orchestra.run.smithi005.stdout:/usr/bin/ceph: stderr
2024-03-15T13:42:22.083+0000 7f6b34e00700 1 -- 172.21.15.5:0/3286632261 --> [v2:172.21.15.5:3300/0,v1:172.21.15.5:6789/0] -- mon_subscribe({config=0+,monmap=0+}) -- 0x7f6b3007c800 con 0x7f6b3007dd00
2024-03-15T13:42:23.080 INFO:teuthology.orchestra.run.smithi005.stdout:/usr/bin/ceph: stderr
2024-03-15T13:42:22.083+0000 7f6b34e00700 1 --2- 172.21.15.5:0/3286632261 >> [v2:172.21.15.5:3300/0,v1:172.21.15.5:6789/0] conn(0x7f6b3007dd00 0x7f6b3007c2c0 secure :-1 s=READY pgs=51 cs=0 l=1 rev1=1 crypto rx=0x7f6b240098a0 tx=0x7f6b24009bb0 comp rx=0 tx=0).ready entity=mon.0 client_cookie=fe7ea6db60026522 server_cookie=0 in_seq=0 out_seq=0
2024-03-15T13:42:23.080 INFO:teuthology.orchestra.run.smithi005.stdout:/usr/bin/ceph: stderr
2024-03-15T13:42:22.083+0000 7f6b2f400700 1 -- 172.21.15.5:0/3286632261 <== mon.0 v2:172.21.15.5:3300/0 1 ==== mon_map magic: 0 ==== 205+0+0 (secure 0 0 0) 0x7f6b24004160 con 0x7f6b3007dd00
2024-03-15T13:42:23.080 INFO:teuthology.orchestra.run.smithi005.stdout:/usr/bin/ceph: stderr
2024-03-15T13:42:22.083+0000 7f6b2f400700 1 -- 172.21.15.5:0/3286632261 <== mon.0 v2:172.21.15.5:3300/0 2 ==== config(27 keys) ==== 1140+0+0 (secure 0 0 0) 0x7f6b24004300 con 0x7f6b3007dd00
2024-03-15T13:42:23.080 INFO:teuthology.orchestra.run.smithi005.stdout:/usr/bin/ceph: stderr
2024-03-15T13:42:22.083+0000 7f6b2f400700 1 -- 172.21.15.5:0/3286632261 <== mon.0 v2:172.21.15.5:3300/0 3 ==== mon_map magic: 0 ==== 205+0+0 (secure 0 0 0) 0x7f6b24011b20 con 0x7f6b3007dd00
2024-03-15T13:42:23.080 INFO:teuthology.orchestra.run.smithi005.stdout:/usr/bin/ceph: stderr
2024-03-15T13:42:22.084+0000 7f6b37800700 1 -- 172.21.15.5:0/3286632261 >> [v2:172.21.15.5:3300/0,v1:172.21.15.5:6789/0] conn(0x7f6b3007dd00 msgr2=0x7f6b3007c2c0 secure :-1 s=STATE_CONNECTION_ESTABLISHED l=1).mark_down
2024-03-15T13:42:23.080 INFO:teuthology.orchestra.run.smithi005.stdout:/usr/bin/ceph: stderr
2024-03-15T13:42:22.084+0000 7f6b37800700 1 --2- 172.21.15.5:0/3286632261 >> [v2:172.21.15.5:3300/0,v1:172.21.15.5:6789/0] conn(0x7f6b3007dd00 0x7f6b3007c2c0 secure :-1 s=READY pgs=51 cs=0 l=1 rev1=1 crypto rx=0x7f6b240098a0 tx=0x7f6b24009bb0 comp rx=0 tx=0).stop
2024-03-15T13:42:23.080 INFO:teuthology.orchestra.run.smithi005.stdout:/usr/bin/ceph: stderr
2024-03-15T13:42:22.084+0000 7f6b37800700 1 -- 172.21.15.5:0/3286632261 shutdown_connections
2024-03-15T13:42:23.080 INFO:teuthology.orchestra.run.smithi005.stdout:/usr/bin/ceph: stderr
2024-03-15T13:42:22.084+0000 7f6b37800700 1 --2- 172.21.15.5:0/3286632261 >> [v2:172.21.15.5:3300/0,v1:172.21.15.5:6789/0] conn(0x7f6b3007dd00 0x7f6b3007c2c0 unknown :-1 s=CLOSED pgs=51 cs=0 l=1 rev1=1 crypto rx=0 tx=0 comp rx=0 tx=0).stop
2024-03-15T13:42:23.080 INFO:teuthology.orchestra.run.smithi005.stdout:/usr/bin/ceph: stderr
2024-03-15T13:42:22.084+0000 7f6b37800700 1 -- 172.21.15.5:0/3286632261 >> 172.21.15.5:0/3286632261 conn(0x7f6b30103320 msgr2=0x7f6b30105740 unknown :-1 s=STATE_NONE l=0).mark_down
2024-03-15T13:42:23.080 INFO:teuthology.orchestra.run.smithi005.stdout:/usr/bin/ceph: stderr
2024-03-15T13:42:22.084+0000 7f6b37800700 1 -- 172.21.15.5:0/3286632261 shutdown_connections
2024-03-15T13:42:23.081 INFO:teuthology.orchestra.run.smithi005.stdout:/usr/bin/ceph: stderr
2024-03-15T13:42:22.084+0000 7f6b37800700 1 -- 172.21.15.5:0/3286632261 wait complete.
2024-03-15T13:42:23.081 INFO:teuthology.orchestra.run.smithi005.stdout:/usr/bin/ceph: stderr
2024-03-15T13:42:22.085+0000 7f6b37800700 1 Processor -- start
2024-03-15T13:42:23.081 INFO:teuthology.orchestra.run.smithi005.stdout:/usr/bin/ceph: stderr
2024-03-15T13:42:22.086+0000 7f6b37800700 1 -- start start
2024-03-15T13:42:23.081 INFO:teuthology.orchestra.run.smithi005.stdout:/usr/bin/ceph: stderr
2024-03-15T13:42:22.086+0000 7f6b37800700 1 --2- >> [v2:172.21.15.5:3300/0,v1:172.21.15.5:6789/0] conn(0x7f6b3007dd00 0x7f6b3019ddb0 unknown :-1 s=NONE pgs=0 cs=0 l=1 rev1=0 crypto rx=0 tx=0 comp rx=0 tx=0).connect
2024-03-15T13:42:23.081 INFO:teuthology.orchestra.run.smithi005.stdout:/usr/bin/ceph: stderr
2024-03-15T13:42:22.086+0000 7f6b37800700 1 -- --> [v2:172.21.15.5:3300/0,v1:172.21.15.5:6789/0] -- mon_getmap magic: 0 -- 0x7f6b3010e140 con 0x7f6b3007dd00
2024-03-15T13:42:23.081 INFO:teuthology.orchestra.run.smithi005.stdout:/usr/bin/ceph: stderr
2024-03-15T13:42:22.086+0000 7f6b34e00700 1 --2- >> [v2:172.21.15.5:3300/0,v1:172.21.15.5:6789/0] conn(0x7f6b3007dd00 0x7f6b3019ddb0 unknown :-1 s=BANNER_CONNECTING pgs=0 cs=0 l=1 rev1=0 crypto rx=0 tx=0 comp rx=0 tx=0)._handle_peer_banner_payload supported=3 required=0
2024-03-15T13:42:23.081 INFO:teuthology.orchestra.run.smithi005.stdout:/usr/bin/ceph: stderr
2024-03-15T13:42:22.086+0000 7f6b34e00700 1 --2- >> [v2:172.21.15.5:3300/0,v1:172.21.15.5:6789/0] conn(0x7f6b3007dd00 0x7f6b3019ddb0 unknown :-1 s=HELLO_CONNECTING pgs=0 cs=0 l=1 rev1=1 crypto rx=0 tx=0 comp rx=0 tx=0).handle_hello peer v2:172.21.15.5:3300/0 says I am v2:172.21.15.5:41526/0 (socket says 172.21.15.5:41526)
2024-03-15T13:42:23.081 INFO:teuthology.orchestra.run.smithi005.stdout:/usr/bin/ceph: stderr
2024-03-15T13:42:22.086+0000 7f6b34e00700 1 -- 172.21.15.5:0/2524186021 learned_addr learned my addr 172.21.15.5:0/2524186021 (peer_addr_for_me v2:172.21.15.5:0/0)
2024-03-15T13:42:23.081 INFO:teuthology.orchestra.run.smithi005.stdout:/usr/bin/ceph: stderr
2024-03-15T13:42:22.087+0000 7f6b34e00700 1 -- 172.21.15.5:0/2524186021 --> [v2:172.21.15.5:3300/0,v1:172.21.15.5:6789/0] -- mon_subscribe({config=0+,monmap=0+}) -- 0x7f6b3019e2f0 con 0x7f6b3007dd00
2024-03-15T13:42:23.081 INFO:teuthology.orchestra.run.smithi005.stdout:/usr/bin/ceph: stderr
2024-03-15T13:42:22.087+0000 7f6b34e00700 1 --2- 172.21.15.5:0/2524186021 >> [v2:172.21.15.5:3300/0,v1:172.21.15.5:6789/0] conn(0x7f6b3007dd00 0x7f6b3019ddb0 secure :-1 s=READY pgs=52 cs=0 l=1 rev1=1 crypto rx=0x7f6b24011b60 tx=0x7f6b24011c40 comp rx=0 tx=0).ready entity=mon.0 client_cookie=0 server_cookie=0 in_seq=0 out_seq=0
2024-03-15T13:42:23.081 INFO:teuthology.orchestra.run.smithi005.stdout:/usr/bin/ceph: stderr
2024-03-15T13:42:22.087+0000 7f6b2d600700 1 -- 172.21.15.5:0/2524186021 <== mon.0 v2:172.21.15.5:3300/0 1 ==== mon_map magic: 0 ==== 205+0+0 (secure 0 0 0) 0x7f6b24003b60 con 0x7f6b3007dd00
2024-03-15T13:42:23.081 INFO:teuthology.orchestra.run.smithi005.stdout:/usr/bin/ceph: stderr
2024-03-15T13:42:22.087+0000 7f6b2d600700 1 -- 172.21.15.5:0/2524186021 <== mon.0 v2:172.21.15.5:3300/0 2 ==== config(27 keys) ==== 1140+0+0 (secure 0 0 0) 0x7f6b2401a910 con 0x7f6b3007dd00
2024-03-15T13:42:23.081 INFO:teuthology.orchestra.run.smithi005.stdout:/usr/bin/ceph: stderr
2024-03-15T13:42:22.087+0000 7f6b2d600700 1 -- 172.21.15.5:0/2524186021 <== mon.0 v2:172.21.15.5:3300/0 3 ==== mon_map magic: 0 ==== 205+0+0 (secure 0 0 0) 0x7f6b24024930 con 0x7f6b3007dd00
2024-03-15T13:42:23.081 INFO:teuthology.orchestra.run.smithi005.stdout:/usr/bin/ceph: stderr
2024-03-15T13:42:22.087+0000 7f6b37800700 1 -- 172.21.15.5:0/2524186021 --> [v2:172.21.15.5:3300/0,v1:172.21.15.5:6789/0] -- mon_subscribe({mgrmap=0+}) -- 0x7f6b3019e580 con 0x7f6b3007dd00
2024-03-15T13:42:23.082 INFO:teuthology.orchestra.run.smithi005.stdout:/usr/bin/ceph: stderr
2024-03-15T13:42:22.088+0000 7f6b37800700 1 -- 172.21.15.5:0/2524186021 --> [v2:172.21.15.5:3300/0,v1:172.21.15.5:6789/0] -- mon_subscribe({osdmap=0}) -- 0x7f6b3019e9e0 con 0x7f6b3007dd00
2024-03-15T13:42:23.082 INFO:teuthology.orchestra.run.smithi005.stdout:/usr/bin/ceph: stderr
2024-03-15T13:42:22.089+0000 7f6b2d600700 1 -- 172.21.15.5:0/2524186021 <== mon.0 v2:172.21.15.5:3300/0 4 ==== mgrmap(e 8) ==== 46106+0+0 (secure 0 0 0) 0x7f6b24022020 con 0x7f6b3007dd00
2024-03-15T13:42:23.082 INFO:teuthology.orchestra.run.smithi005.stdout:/usr/bin/ceph: stderr
2024-03-15T13:42:22.089+0000 7f6b37800700 1 -- 172.21.15.5:0/2524186021 --> [v2:172.21.15.5:3300/0,v1:172.21.15.5:6789/0] -- mon_command({"prefix": "get_command_descriptions"} v 0) -- 0x7f6b30063900 con 0x7f6b3007dd00
2024-03-15T13:42:23.082 INFO:teuthology.orchestra.run.smithi005.stdout:/usr/bin/ceph: stderr
2024-03-15T13:42:22.089+0000 7f6b2d600700 1 --2- 172.21.15.5:0/2524186021 >> [v2:172.21.15.5:6800/879016177,v1:172.21.15.5:6801/879016177] conn(0x7f6b18038f70 0x7f6b1803b430 unknown :-1 s=NONE pgs=0 cs=0 l=1 rev1=0 crypto rx=0 tx=0 comp rx=0 tx=0).connect
2024-03-15T13:42:23.082 INFO:teuthology.orchestra.run.smithi005.stdout:/usr/bin/ceph: stderr
2024-03-15T13:42:22.089+0000 7f6b2d600700 1 -- 172.21.15.5:0/2524186021 <== mon.0 v2:172.21.15.5:3300/0 5 ==== osd_map(2..2 src has 1..2) ==== 940+0+0 (secure 0 0 0) 0x7f6b2404d100 con 0x7f6b3007dd00
2024-03-15T13:42:23.082 INFO:teuthology.orchestra.run.smithi005.stdout:/usr/bin/ceph: stderr
2024-03-15T13:42:22.089+0000 7f6b2fe00700 1 --2- 172.21.15.5:0/2524186021 >> [v2:172.21.15.5:6800/879016177,v1:172.21.15.5:6801/879016177] conn(0x7f6b18038f70 0x7f6b1803b430 unknown :-1 s=BANNER_CONNECTING pgs=0 cs=0 l=1 rev1=0 crypto rx=0 tx=0 comp rx=0 tx=0)._handle_peer_banner_payload supported=3 required=0
2024-03-15T13:42:23.082 INFO:teuthology.orchestra.run.smithi005.stdout:/usr/bin/ceph: stderr
2024-03-15T13:42:22.090+0000 7f6b2fe00700 1 --2- 172.21.15.5:0/2524186021 >> [v2:172.21.15.5:6800/879016177,v1:172.21.15.5:6801/879016177] conn(0x7f6b18038f70 0x7f6b1803b430 secure :-1 s=READY pgs=14 cs=0 l=1 rev1=1 crypto rx=0x7f6b1c006fd0 tx=0x7f6b1c006e40 comp rx=0 tx=0).ready entity=mgr.14120 client_cookie=0 server_cookie=0 in_seq=0 out_seq=0
2024-03-15T13:42:23.082 INFO:teuthology.orchestra.run.smithi005.stdout:/usr/bin/ceph: stderr
2024-03-15T13:42:22.095+0000 7f6b2d600700 1 -- 172.21.15.5:0/2524186021 <== mon.0 v2:172.21.15.5:3300/0 6 ==== mon_command_ack([{"prefix": "get_command_descriptions"}]=0 v0) ==== 72+0+186149 (secure 0 0 0) 0x7f6b2404ca50 con 0x7f6b3007dd00
2024-03-15T13:42:23.082 INFO:teuthology.orchestra.run.smithi005.stdout:/usr/bin/ceph: stderr
2024-03-15T13:42:22.328+0000 7f6b37800700 1 -- 172.21.15.5:0/2524186021 --> [v2:172.21.15.5:3300/0,v1:172.21.15.5:6789/0] -- mon_command([{prefix=config set, name=mgr/cephadm/container_init}] v 0) -- 0x7f6b301a1330 con 0x7f6b3007dd00
2024-03-15T13:42:23.082 INFO:teuthology.orchestra.run.smithi005.stdout:/usr/bin/ceph: stderr
2024-03-15T13:42:22.331+0000 7f6b2d600700 1 -- 172.21.15.5:0/2524186021 <== mon.0 v2:172.21.15.5:3300/0 7 ==== mon_command_ack([{prefix=config set, name=mgr/cephadm/container_init}]=0 v7)=0 v7) ==== 142+0+0 (secure 0 0 0) 0x7f6b2401a4e0 con 0x7f6b3007dd00
2024-03-15T13:42:23.082 INFO:teuthology.orchestra.run.smithi005.stdout:/usr/bin/ceph: stderr
2024-03-15T13:42:22.333+0000 7f6b37800700 1 -- 172.21.15.5:0/2524186021 >> [v2:172.21.15.5:6800/879016177,v1:172.21.15.5:6801/879016177] conn(0x7f6b18038f70 msgr2=0x7f6b1803b430 secure :-1 s=STATE_CONNECTION_ESTABLISHED l=1).mark_down
2024-03-15T13:42:23.082 INFO:teuthology.orchestra.run.smithi005.stdout:/usr/bin/ceph: stderr
2024-03-15T13:42:22.333+0000 7f6b37800700 1 --2- 172.21.15.5:0/2524186021 >> [v2:172.21.15.5:6800/879016177,v1:172.21.15.5:6801/879016177] conn(0x7f6b18038f70 0x7f6b1803b430 secure :-1 s=READY pgs=14 cs=0 l=1 rev1=1 crypto rx=0x7f6b1c006fd0 tx=0x7f6b1c006e40 comp rx=0 tx=0).stop
2024-03-15T13:42:23.083 INFO:teuthology.orchestra.run.smithi005.stdout:/usr/bin/ceph: stderr
2024-03-15T13:42:22.333+0000 7f6b37800700 1 -- 172.21.15.5:0/2524186021 >> [v2:172.21.15.5:3300/0,v1:172.21.15.5:6789/0] conn(0x7f6b3007dd00 msgr2=0x7f6b3019ddb0 secure :-1 s=STATE_CONNECTION_ESTABLISHED l=1).mark_down
2024-03-15T13:42:23.083 INFO:teuthology.orchestra.run.smithi005.stdout:/usr/bin/ceph: stderr
2024-03-15T13:42:22.333+0000 7f6b37800700 1 --2- 172.21.15.5:0/2524186021 >> [v2:172.21.15.5:3300/0,v1:172.21.15.5:6789/0] conn(0x7f6b3007dd00 0x7f6b3019ddb0 secure :-1 s=READY pgs=52 cs=0 l=1 rev1=1 crypto rx=0x7f6b24011b60 tx=0x7f6b24011c40 comp rx=0 tx=0).stop
2024-03-15T13:42:23.083 INFO:teuthology.orchestra.run.smithi005.stdout:/usr/bin/ceph: stderr
2024-03-15T13:42:22.334+0000 7f6b37800700 1 -- 172.21.15.5:0/2524186021 shutdown_connections
2024-03-15T13:42:23.083 INFO:teuthology.orchestra.run.smithi005.stdout:/usr/bin/ceph: stderr
2024-03-15T13:42:22.334+0000 7f6b37800700 1 --2- 172.21.15.5:0/2524186021 >> [v2:172.21.15.5:6800/879016177,v1:172.21.15.5:6801/879016177] conn(0x7f6b18038f70 0x7f6b1803b430 unknown :-1 s=CLOSED pgs=14 cs=0 l=1 rev1=1 crypto rx=0 tx=0 comp rx=0 tx=0).stop
2024-03-15T13:42:23.083 INFO:teuthology.orchestra.run.smithi005.stdout:/usr/bin/ceph: stderr
2024-03-15T13:42:22.334+0000 7f6b37800700 1 --2- 172.21.15.5:0/2524186021 >> [v2:172.21.15.5:3300/0,v1:172.21.15.5:6789/0] conn(0x7f6b3007dd00 0x7f6b3019ddb0 unknown :-1 s=CLOSED pgs=52 cs=0 l=1 rev1=1 crypto rx=0 tx=0 comp rx=0 tx=0).stop
2024-03-15T13:42:23.083 INFO:teuthology.orchestra.run.smithi005.stdout:/usr/bin/ceph: stderr
2024-03-15T13:42:22.334+0000 7f6b37800700 1 -- 172.21.15.5:0/2524186021 >> 172.21.15.5:0/2524186021 conn(0x7f6b30103320 msgr2=0x7f6b30103e30 unknown :-1 s=STATE_NONE l=0).mark_down
2024-03-15T13:42:23.083 INFO:teuthology.orchestra.run.smithi005.stdout:/usr/bin/ceph: stderr
2024-03-15T13:42:22.334+0000 7f6b37800700 1 -- 172.21.15.5:0/2524186021 shutdown_connections
2024-03-15T13:42:23.083 INFO:teuthology.orchestra.run.smithi005.stdout:/usr/bin/ceph: stderr
2024-03-15T13:42:22.334+0000 7f6b37800700 1 -- 172.21.15.5:0/2524186021 wait complete.
2024-03-15T13:42:25.046 INFO:journalctl@ceph.mon.a.smithi005.stdout:Mar 15 13:42:24 smithi005 ceph-mon[31736]: pgmap v4: 0 pgs: ; 0 B data, 0 B used, 0 B / 0 B avail
2024-03-15T13:42:25.046 INFO:journalctl@ceph.mon.a.smithi005.stdout:Mar 15 13:42:24 smithi005 ceph-mon[31736]: from='mgr.14120 172.21.15.5:0/2838132382' entity='mgr.x'
2024-03-15T13:42:25.046 INFO:journalctl@ceph.mon.a.smithi005.stdout:Mar 15 13:42:24 smithi005 ceph-mon[31736]: from='client.? 172.21.15.5:0/1177552454' entity='client.admin'
2024-03-15T13:42:25.060 INFO:teuthology.orchestra.run.smithi005.stdout:/usr/bin/ceph: stderr
2024-03-15T13:42:24.202+0000 7fc5e3e00700 1 Processor -- start
2024-03-15T13:42:25.060 INFO:teuthology.orchestra.run.smithi005.stdout:/usr/bin/ceph: stderr
2024-03-15T13:42:24.202+0000 7fc5e3e00700 1 -- start start
2024-03-15T13:42:25.060 INFO:teuthology.orchestra.run.smithi005.stdout:/usr/bin/ceph: stderr
2024-03-15T13:42:24.202+0000 7fc5e3e00700 1 --2- >> [v2:172.21.15.5:3300/0,v1:172.21.15.5:6789/0] conn(0x7fc5e4107a50 0x7fc5e4107e70 unknown :-1 s=NONE pgs=0 cs=0 l=0 rev1=0 crypto rx=0 tx=0 comp rx=0 tx=0).connect
2024-03-15T13:42:25.060 INFO:teuthology.orchestra.run.smithi005.stdout:/usr/bin/ceph: stderr
2024-03-15T13:42:24.202+0000 7fc5e3e00700 1 -- --> [v2:172.21.15.5:3300/0,v1:172.21.15.5:6789/0] -- mon_getmap magic: 0 -- 0x7fc5e4108440 con 0x7fc5e4107a50
2024-03-15T13:42:25.060 INFO:teuthology.orchestra.run.smithi005.stdout:/usr/bin/ceph: stderr
2024-03-15T13:42:24.203+0000 7fc5e2a00700 1 --2- >> [v2:172.21.15.5:3300/0,v1:172.21.15.5:6789/0] conn(0x7fc5e4107a50 0x7fc5e4107e70 unknown :-1 s=BANNER_CONNECTING pgs=0 cs=0 l=0 rev1=0 crypto rx=0 tx=0 comp rx=0 tx=0)._handle_peer_banner_payload supported=3 required=0
2024-03-15T13:42:25.060 INFO:teuthology.orchestra.run.smithi005.stdout:/usr/bin/ceph: stderr
2024-03-15T13:42:24.203+0000 7fc5e2a00700 1 --2- >> [v2:172.21.15.5:3300/0,v1:172.21.15.5:6789/0] conn(0x7fc5e4107a50 0x7fc5e4107e70 unknown :-1 s=HELLO_CONNECTING pgs=0 cs=0 l=0 rev1=1 crypto rx=0 tx=0 comp rx=0 tx=0).handle_hello peer v2:172.21.15.5:3300/0 says I am v2:172.21.15.5:36296/0 (socket says 172.21.15.5:36296)
2024-03-15T13:42:25.060 INFO:teuthology.orchestra.run.smithi005.stdout:/usr/bin/ceph: stderr
2024-03-15T13:42:24.203+0000 7fc5e2a00700 1 -- 172.21.15.5:0/751508640 learned_addr learned my addr 172.21.15.5:0/751508640 (peer_addr_for_me v2:172.21.15.5:0/0)
2024-03-15T13:42:25.060 INFO:teuthology.orchestra.run.smithi005.stdout:/usr/bin/ceph: stderr
2024-03-15T13:42:24.204+0000 7fc5e2a00700 1 -- 172.21.15.5:0/751508640 --> [v2:172.21.15.5:3300/0,v1:172.21.15.5:6789/0] -- mon_subscribe({config=0+,monmap=0+}) -- 0x7fc5e4108c00 con 0x7fc5e4107a50
2024-03-15T13:42:25.060 INFO:teuthology.orchestra.run.smithi005.stdout:/usr/bin/ceph: stderr
2024-03-15T13:42:24.204+0000 7fc5e2a00700 1 --2- 172.21.15.5:0/751508640 >> [v2:172.21.15.5:3300/0,v1:172.21.15.5:6789/0] conn(0x7fc5e4107a50 0x7fc5e4107e70 secure :-1 s=READY pgs=53 cs=0 l=1 rev1=1 crypto rx=0x7fc5d40098a0 tx=0x7fc5d4009bb0 comp rx=0 tx=0).ready entity=mon.0 client_cookie=545438b9f960f0dd server_cookie=0 in_seq=0 out_seq=0
2024-03-15T13:42:25.060 INFO:teuthology.orchestra.run.smithi005.stdout:/usr/bin/ceph: stderr
2024-03-15T13:42:24.204+0000 7fc5e1600700 1 -- 172.21.15.5:0/751508640 <== mon.0 v2:172.21.15.5:3300/0 1 ==== mon_map magic: 0 ==== 205+0+0 (secure 0 0 0) 0x7fc5d4004160 con 0x7fc5e4107a50
2024-03-15T13:42:25.060 INFO:teuthology.orchestra.run.smithi005.stdout:/usr/bin/ceph: stderr
2024-03-15T13:42:24.205+0000 7fc5e1600700 1 -- 172.21.15.5:0/751508640 <== mon.0 v2:172.21.15.5:3300/0 2 ==== config(27 keys) ==== 1140+0+0 (secure 0 0 0) 0x7fc5d4004300 con 0x7fc5e4107a50
2024-03-15T13:42:25.061 INFO:teuthology.orchestra.run.smithi005.stdout:/usr/bin/ceph: stderr
2024-03-15T13:42:24.205+0000 7fc5e1600700 1 -- 172.21.15.5:0/751508640 <== mon.0 v2:172.21.15.5:3300/0 3 ==== mon_map magic: 0 ==== 205+0+0 (secure 0 0 0) 0x7fc5d4011b20 con 0x7fc5e4107a50
2024-03-15T13:42:25.061 INFO:teuthology.orchestra.run.smithi005.stdout:/usr/bin/ceph: stderr
2024-03-15T13:42:24.205+0000 7fc5e3e00700 1 -- 172.21.15.5:0/751508640 >> [v2:172.21.15.5:3300/0,v1:172.21.15.5:6789/0] conn(0x7fc5e4107a50 msgr2=0x7fc5e4107e70 secure :-1 s=STATE_CONNECTION_ESTABLISHED l=1).mark_down
2024-03-15T13:42:25.061 INFO:teuthology.orchestra.run.smithi005.stdout:/usr/bin/ceph: stderr
2024-03-15T13:42:24.205+0000 7fc5e3e00700 1 --2- 172.21.15.5:0/751508640 >> [v2:172.21.15.5:3300/0,v1:172.21.15.5:6789/0] conn(0x7fc5e4107a50 0x7fc5e4107e70 secure :-1 s=READY pgs=53 cs=0 l=1 rev1=1 crypto rx=0x7fc5d40098a0 tx=0x7fc5d4009bb0 comp rx=0 tx=0).stop
2024-03-15T13:42:25.061 INFO:teuthology.orchestra.run.smithi005.stdout:/usr/bin/ceph: stderr
2024-03-15T13:42:24.206+0000 7fc5e3e00700 1 -- 172.21.15.5:0/751508640 shutdown_connections
2024-03-15T13:42:25.061 INFO:teuthology.orchestra.run.smithi005.stdout:/usr/bin/ceph: stderr
2024-03-15T13:42:24.206+0000 7fc5e3e00700 1 --2- 172.21.15.5:0/751508640 >> [v2:172.21.15.5:3300/0,v1:172.21.15.5:6789/0] conn(0x7fc5e4107a50 0x7fc5e4107e70 unknown :-1 s=CLOSED pgs=53 cs=0 l=1 rev1=1 crypto rx=0 tx=0 comp rx=0 tx=0).stop
2024-03-15T13:42:25.061 INFO:teuthology.orchestra.run.smithi005.stdout:/usr/bin/ceph: stderr
2024-03-15T13:42:24.206+0000 7fc5e3e00700 1 -- 172.21.15.5:0/751508640 >> 172.21.15.5:0/751508640 conn(0x7fc5e4103010 msgr2=0x7fc5e4105430 unknown :-1 s=STATE_NONE l=0).mark_down
2024-03-15T13:42:25.061 INFO:teuthology.orchestra.run.smithi005.stdout:/usr/bin/ceph: stderr
2024-03-15T13:42:24.206+0000 7fc5e3e00700 1 -- 172.21.15.5:0/751508640 shutdown_connections
2024-03-15T13:42:25.061 INFO:teuthology.orchestra.run.smithi005.stdout:/usr/bin/ceph: stderr
2024-03-15T13:42:24.206+0000 7fc5e3e00700 1 -- 172.21.15.5:0/751508640 wait complete.
2024-03-15T13:42:25.061 INFO:teuthology.orchestra.run.smithi005.stdout:/usr/bin/ceph: stderr
2024-03-15T13:42:24.207+0000 7fc5e3e00700 1 Processor -- start
2024-03-15T13:42:25.061 INFO:teuthology.orchestra.run.smithi005.stdout:/usr/bin/ceph: stderr
2024-03-15T13:42:24.207+0000 7fc5e3e00700 1 -- start start
2024-03-15T13:42:25.061 INFO:teuthology.orchestra.run.smithi005.stdout:/usr/bin/ceph: stderr
2024-03-15T13:42:24.207+0000 7fc5e3e00700 1 --2- >> [v2:172.21.15.5:3300/0,v1:172.21.15.5:6789/0] conn(0x7fc5e4107a50 0x7fc5e419b990 unknown :-1 s=NONE pgs=0 cs=0 l=1 rev1=0 crypto rx=0 tx=0 comp rx=0 tx=0).connect
2024-03-15T13:42:25.061 INFO:teuthology.orchestra.run.smithi005.stdout:/usr/bin/ceph: stderr
2024-03-15T13:42:24.207+0000 7fc5e3e00700 1 -- --> [v2:172.21.15.5:3300/0,v1:172.21.15.5:6789/0] -- mon_getmap magic: 0 -- 0x7fc5e410bfb0 con 0x7fc5e4107a50
2024-03-15T13:42:25.061 INFO:teuthology.orchestra.run.smithi005.stdout:/usr/bin/ceph: stderr
2024-03-15T13:42:24.208+0000 7fc5e2a00700 1 --2- >> [v2:172.21.15.5:3300/0,v1:172.21.15.5:6789/0] conn(0x7fc5e4107a50 0x7fc5e419b990 unknown :-1 s=BANNER_CONNECTING pgs=0 cs=0 l=1 rev1=0 crypto rx=0 tx=0 comp rx=0 tx=0)._handle_peer_banner_payload supported=3 required=0
2024-03-15T13:42:25.061 INFO:teuthology.orchestra.run.smithi005.stdout:/usr/bin/ceph: stderr
2024-03-15T13:42:24.208+0000 7fc5e2a00700 1 --2- >> [v2:172.21.15.5:3300/0,v1:172.21.15.5:6789/0] conn(0x7fc5e4107a50 0x7fc5e419b990 unknown :-1 s=HELLO_CONNECTING pgs=0 cs=0 l=1 rev1=1 crypto rx=0 tx=0 comp rx=0 tx=0).handle_hello peer v2:172.21.15.5:3300/0 says I am v2:172.21.15.5:36310/0 (socket says 172.21.15.5:36310)
2024-03-15T13:42:25.062 INFO:teuthology.orchestra.run.smithi005.stdout:/usr/bin/ceph: stderr
2024-03-15T13:42:24.208+0000 7fc5e2a00700 1 -- 172.21.15.5:0/1177552454 learned_addr learned my addr 172.21.15.5:0/1177552454 (peer_addr_for_me v2:172.21.15.5:0/0)
