2024-03-15T13:42:25.062 INFO:teuthology.orchestra.run.smithi005.stdout:/usr/bin/ceph: stderr
2024-03-15T13:42:24.208+0000 7fc5e2a00700 1 -- 172.21.15.5:0/1177552454 --> [v2:172.21.15.5:3300/0,v1:172.21.15.5:6789/0] -- mon_subscribe({config=0+,monmap=0+}) -- 0x7fc5e419bed0 con 0x7fc5e4107a50
2024-03-15T13:42:25.062 INFO:teuthology.orchestra.run.smithi005.stdout:/usr/bin/ceph: stderr
2024-03-15T13:42:24.209+0000 7fc5e2a00700 1 --2- 172.21.15.5:0/1177552454 >> [v2:172.21.15.5:3300/0,v1:172.21.15.5:6789/0] conn(0x7fc5e4107a50 0x7fc5e419b990 secure :-1 s=READY pgs=54 cs=0 l=1 rev1=1 crypto rx=0x7fc5d40117e0 tx=0x7fc5d4011ba0 comp rx=0 tx=0).ready entity=mon.0 client_cookie=0 server_cookie=0 in_seq=0 out_seq=0
2024-03-15T13:42:25.062 INFO:teuthology.orchestra.run.smithi005.stdout:/usr/bin/ceph: stderr
2024-03-15T13:42:24.209+0000 7fc5db400700 1 -- 172.21.15.5:0/1177552454 <== mon.0 v2:172.21.15.5:3300/0 1 ==== mon_map magic: 0 ==== 205+0+0 (secure 0 0 0) 0x7fc5d4003bf0 con 0x7fc5e4107a50
2024-03-15T13:42:25.062 INFO:teuthology.orchestra.run.smithi005.stdout:/usr/bin/ceph: stderr
2024-03-15T13:42:24.209+0000 7fc5db400700 1 -- 172.21.15.5:0/1177552454 <== mon.0 v2:172.21.15.5:3300/0 2 ==== config(27 keys) ==== 1140+0+0 (secure 0 0 0) 0x7fc5d401a910 con 0x7fc5e4107a50
2024-03-15T13:42:25.062 INFO:teuthology.orchestra.run.smithi005.stdout:/usr/bin/ceph: stderr
2024-03-15T13:42:24.209+0000 7fc5e3e00700 1 -- 172.21.15.5:0/1177552454 --> [v2:172.21.15.5:3300/0,v1:172.21.15.5:6789/0] -- mon_subscribe({mgrmap=0+}) -- 0x7fc5e419c160 con 0x7fc5e4107a50
2024-03-15T13:42:25.062 INFO:teuthology.orchestra.run.smithi005.stdout:/usr/bin/ceph: stderr
2024-03-15T13:42:24.209+0000 7fc5db400700 1 -- 172.21.15.5:0/1177552454 <== mon.0 v2:172.21.15.5:3300/0 3 ==== mon_map magic: 0 ==== 205+0+0 (secure 0 0 0) 0x7fc5d4024970 con 0x7fc5e4107a50
2024-03-15T13:42:25.062 INFO:teuthology.orchestra.run.smithi005.stdout:/usr/bin/ceph: stderr
2024-03-15T13:42:24.209+0000 7fc5e3e00700 1 -- 172.21.15.5:0/1177552454 --> [v2:172.21.15.5:3300/0,v1:172.21.15.5:6789/0] -- mon_subscribe({osdmap=0}) -- 0x7fc5e419c5c0 con 0x7fc5e4107a50
2024-03-15T13:42:25.062 INFO:teuthology.orchestra.run.smithi005.stdout:/usr/bin/ceph: stderr
2024-03-15T13:42:24.210+0000 7fc5db400700 1 -- 172.21.15.5:0/1177552454 <== mon.0 v2:172.21.15.5:3300/0 4 ==== mgrmap(e 8) ==== 46106+0+0 (secure 0 0 0) 0x7fc5d4022020 con 0x7fc5e4107a50
2024-03-15T13:42:25.062 INFO:teuthology.orchestra.run.smithi005.stdout:/usr/bin/ceph: stderr
2024-03-15T13:42:24.211+0000 7fc5e3e00700 1 -- 172.21.15.5:0/1177552454 --> [v2:172.21.15.5:3300/0,v1:172.21.15.5:6789/0] -- mon_command({"prefix": "get_command_descriptions"} v 0) -- 0x7fc5e4063900 con 0x7fc5e4107a50
2024-03-15T13:42:25.062 INFO:teuthology.orchestra.run.smithi005.stdout:/usr/bin/ceph: stderr
2024-03-15T13:42:24.211+0000 7fc5db400700 1 --2- 172.21.15.5:0/1177552454 >> [v2:172.21.15.5:6800/879016177,v1:172.21.15.5:6801/879016177] conn(0x7fc5c8038f20 0x7fc5c803b3e0 unknown :-1 s=NONE pgs=0 cs=0 l=1 rev1=0 crypto rx=0 tx=0 comp rx=0 tx=0).connect
2024-03-15T13:42:25.062 INFO:teuthology.orchestra.run.smithi005.stdout:/usr/bin/ceph: stderr
2024-03-15T13:42:24.211+0000 7fc5db400700 1 -- 172.21.15.5:0/1177552454 <== mon.0 v2:172.21.15.5:3300/0 5 ==== osd_map(2..2 src has 1..2) ==== 940+0+0 (secure 0 0 0) 0x7fc5d404d620 con 0x7fc5e4107a50
2024-03-15T13:42:25.062 INFO:teuthology.orchestra.run.smithi005.stdout:/usr/bin/ceph: stderr
2024-03-15T13:42:24.211+0000 7fc5e2000700 1 --2- 172.21.15.5:0/1177552454 >> [v2:172.21.15.5:6800/879016177,v1:172.21.15.5:6801/879016177] conn(0x7fc5c8038f20 0x7fc5c803b3e0 unknown :-1 s=BANNER_CONNECTING pgs=0 cs=0 l=1 rev1=0 crypto rx=0 tx=0 comp rx=0 tx=0)._handle_peer_banner_payload supported=3 required=0
2024-03-15T13:42:25.063 INFO:teuthology.orchestra.run.smithi005.stdout:/usr/bin/ceph: stderr
2024-03-15T13:42:24.212+0000 7fc5e2000700 1 --2- 172.21.15.5:0/1177552454 >> [v2:172.21.15.5:6800/879016177,v1:172.21.15.5:6801/879016177] conn(0x7fc5c8038f20 0x7fc5c803b3e0 secure :-1 s=READY pgs=15 cs=0 l=1 rev1=1 crypto rx=0x7fc5d0006fd0 tx=0x7fc5d0006e40 comp rx=0 tx=0).ready entity=mgr.14120 client_cookie=0 server_cookie=0 in_seq=0 out_seq=0
2024-03-15T13:42:25.063 INFO:teuthology.orchestra.run.smithi005.stdout:/usr/bin/ceph: stderr
2024-03-15T13:42:24.221+0000 7fc5db400700 1 -- 172.21.15.5:0/1177552454 <== mon.0 v2:172.21.15.5:3300/0 6 ==== mon_command_ack([{"prefix": "get_command_descriptions"}]=0 v0) ==== 72+0+186149 (secure 0 0 0) 0x7fc5d40172b0 con 0x7fc5e4107a50
2024-03-15T13:42:25.063 INFO:teuthology.orchestra.run.smithi005.stdout:/usr/bin/ceph: stderr
2024-03-15T13:42:24.454+0000 7fc5e3e00700 1 -- 172.21.15.5:0/1177552454 --> [v2:172.21.15.5:3300/0,v1:172.21.15.5:6789/0] -- mon_command([{prefix=config set, name=mgr/dashboard/ssl_server_port}] v 0) -- 0x7fc5e419ef90 con 0x7fc5e4107a50
2024-03-15T13:42:25.063 INFO:teuthology.orchestra.run.smithi005.stdout:/usr/bin/ceph: stderr
2024-03-15T13:42:24.460+0000 7fc5db400700 1 -- 172.21.15.5:0/1177552454 <== mon.0 v2:172.21.15.5:3300/0 7 ==== mon_command_ack([{prefix=config set, name=mgr/dashboard/ssl_server_port}]=0 v8)=0 v8) ==== 130+0+0 (secure 0 0 0) 0x7fc5d402cdf0 con 0x7fc5e4107a50
2024-03-15T13:42:25.063 INFO:teuthology.orchestra.run.smithi005.stdout:/usr/bin/ceph: stderr
2024-03-15T13:42:24.463+0000 7fc5e3e00700 1 -- 172.21.15.5:0/1177552454 >> [v2:172.21.15.5:6800/879016177,v1:172.21.15.5:6801/879016177] conn(0x7fc5c8038f20 msgr2=0x7fc5c803b3e0 secure :-1 s=STATE_CONNECTION_ESTABLISHED l=1).mark_down
2024-03-15T13:42:25.063 INFO:teuthology.orchestra.run.smithi005.stdout:/usr/bin/ceph: stderr
2024-03-15T13:42:24.463+0000 7fc5e3e00700 1 --2- 172.21.15.5:0/1177552454 >> [v2:172.21.15.5:6800/879016177,v1:172.21.15.5:6801/879016177] conn(0x7fc5c8038f20 0x7fc5c803b3e0 secure :-1 s=READY pgs=15 cs=0 l=1 rev1=1 crypto rx=0x7fc5d0006fd0 tx=0x7fc5d0006e40 comp rx=0 tx=0).stop
2024-03-15T13:42:25.063 INFO:teuthology.orchestra.run.smithi005.stdout:/usr/bin/ceph: stderr
2024-03-15T13:42:24.464+0000 7fc5e3e00700 1 -- 172.21.15.5:0/1177552454 >> [v2:172.21.15.5:3300/0,v1:172.21.15.5:6789/0] conn(0x7fc5e4107a50 msgr2=0x7fc5e419b990 secure :-1 s=STATE_CONNECTION_ESTABLISHED l=1).mark_down
2024-03-15T13:42:25.063 INFO:teuthology.orchestra.run.smithi005.stdout:/usr/bin/ceph: stderr
2024-03-15T13:42:24.464+0000 7fc5e3e00700 1 --2- 172.21.15.5:0/1177552454 >> [v2:172.21.15.5:3300/0,v1:172.21.15.5:6789/0] conn(0x7fc5e4107a50 0x7fc5e419b990 secure :-1 s=READY pgs=54 cs=0 l=1 rev1=1 crypto rx=0x7fc5d40117e0 tx=0x7fc5d4011ba0 comp rx=0 tx=0).stop
2024-03-15T13:42:25.063 INFO:teuthology.orchestra.run.smithi005.stdout:/usr/bin/ceph: stderr
2024-03-15T13:42:24.464+0000 7fc5e3e00700 1 -- 172.21.15.5:0/1177552454 shutdown_connections
2024-03-15T13:42:25.063 INFO:teuthology.orchestra.run.smithi005.stdout:/usr/bin/ceph: stderr
2024-03-15T13:42:24.464+0000 7fc5e3e00700 1 --2- 172.21.15.5:0/1177552454 >> [v2:172.21.15.5:6800/879016177,v1:172.21.15.5:6801/879016177] conn(0x7fc5c8038f20 0x7fc5c803b3e0 unknown :-1 s=CLOSED pgs=15 cs=0 l=1 rev1=1 crypto rx=0 tx=0 comp rx=0 tx=0).stop
2024-03-15T13:42:25.063 INFO:teuthology.orchestra.run.smithi005.stdout:/usr/bin/ceph: stderr
2024-03-15T13:42:24.464+0000 7fc5e3e00700 1 --2- 172.21.15.5:0/1177552454 >> [v2:172.21.15.5:3300/0,v1:172.21.15.5:6789/0] conn(0x7fc5e4107a50 0x7fc5e419b990 unknown :-1 s=CLOSED pgs=54 cs=0 l=1 rev1=1 crypto rx=0 tx=0 comp rx=0 tx=0).stop
2024-03-15T13:42:25.063 INFO:teuthology.orchestra.run.smithi005.stdout:/usr/bin/ceph: stderr
2024-03-15T13:42:24.464+0000 7fc5e3e00700 1 -- 172.21.15.5:0/1177552454 >> 172.21.15.5:0/1177552454 conn(0x7fc5e4103010 msgr2=0x7fc5e4103ad0 unknown :-1 s=STATE_NONE l=0).mark_down
2024-03-15T13:42:25.063 INFO:teuthology.orchestra.run.smithi005.stdout:/usr/bin/ceph: stderr
2024-03-15T13:42:24.464+0000 7fc5e3e00700 1 -- 172.21.15.5:0/1177552454 shutdown_connections
2024-03-15T13:42:25.063 INFO:teuthology.orchestra.run.smithi005.stdout:/usr/bin/ceph: stderr
2024-03-15T13:42:24.464+0000 7fc5e3e00700 1 -- 172.21.15.5:0/1177552454 wait complete.
2024-03-15T13:42:25.063 INFO:teuthology.orchestra.run.smithi005.stdout:Enabling the dashboard module...
2024-03-15T13:42:27.155 INFO:journalctl@ceph.mon.a.smithi005.stdout:Mar 15 13:42:26 smithi005 ceph-mon[31736]: pgmap v5: 0 pgs: ; 0 B data, 0 B used, 0 B / 0 B avail
2024-03-15T13:42:27.155 INFO:journalctl@ceph.mon.a.smithi005.stdout:Mar 15 13:42:26 smithi005 ceph-mon[31736]: from='client.? 172.21.15.5:0/1219632625' entity='client.admin' cmd=[{"prefix": "mgr module enable", "module": "dashboard"}]: dispatch
2024-03-15T13:42:27.155 INFO:journalctl@ceph.mon.a.smithi005.stdout:Mar 15 13:42:26 smithi005 ceph-mon[31736]: from='mgr.14120 172.21.15.5:0/2838132382' entity='mgr.x'
2024-03-15T13:42:27.156 INFO:journalctl@ceph.mgr.x.smithi005.stdout:Mar 15 13:42:26 smithi005 ceph-9327226a-e2d1-11ee-95c9-87774f69a715-mgr-x[31962]: ignoring --setuser ceph since I am not root
2024-03-15T13:42:27.156 INFO:journalctl@ceph.mgr.x.smithi005.stdout:Mar 15 13:42:26 smithi005 ceph-9327226a-e2d1-11ee-95c9-87774f69a715-mgr-x[31962]: ignoring --setgroup ceph since I am not root
2024-03-15T13:42:27.617 INFO:teuthology.orchestra.run.smithi005.stdout:/usr/bin/ceph: stderr
2024-03-15T13:42:25.594+0000 7f8bd9600700 1 Processor -- start
2024-03-15T13:42:27.617 INFO:teuthology.orchestra.run.smithi005.stdout:/usr/bin/ceph: stderr
2024-03-15T13:42:25.594+0000 7f8bd9600700 1 -- start start
2024-03-15T13:42:27.617 INFO:teuthology.orchestra.run.smithi005.stdout:/usr/bin/ceph: stderr
2024-03-15T13:42:25.595+0000 7f8bd9600700 1 --2- >> [v2:172.21.15.5:3300/0,v1:172.21.15.5:6789/0] conn(0x7f8bd4107c90 0x7f8bd41080b0 unknown :-1 s=NONE pgs=0 cs=0 l=0 rev1=0 crypto rx=0 tx=0 comp rx=0 tx=0).connect
2024-03-15T13:42:27.617 INFO:teuthology.orchestra.run.smithi005.stdout:/usr/bin/ceph: stderr
2024-03-15T13:42:25.595+0000 7f8bd9600700 1 -- --> [v2:172.21.15.5:3300/0,v1:172.21.15.5:6789/0] -- mon_getmap magic: 0 -- 0x7f8bd41085f0 con 0x7f8bd4107c90
2024-03-15T13:42:27.617 INFO:teuthology.orchestra.run.smithi005.stdout:/usr/bin/ceph: stderr
2024-03-15T13:42:25.595+0000 7f8bd2a00700 1 --2- >> [v2:172.21.15.5:3300/0,v1:172.21.15.5:6789/0] conn(0x7f8bd4107c90 0x7f8bd41080b0 unknown :-1 s=BANNER_CONNECTING pgs=0 cs=0 l=0 rev1=0 crypto rx=0 tx=0 comp rx=0 tx=0)._handle_peer_banner_payload supported=3 required=0
2024-03-15T13:42:27.617 INFO:teuthology.orchestra.run.smithi005.stdout:/usr/bin/ceph: stderr
2024-03-15T13:42:25.595+0000 7f8bd2a00700 1 --2- >> [v2:172.21.15.5:3300/0,v1:172.21.15.5:6789/0] conn(0x7f8bd4107c90 0x7f8bd41080b0 unknown :-1 s=HELLO_CONNECTING pgs=0 cs=0 l=0 rev1=1 crypto rx=0 tx=0 comp rx=0 tx=0).handle_hello peer v2:172.21.15.5:3300/0 says I am v2:172.21.15.5:36318/0 (socket says 172.21.15.5:36318)
2024-03-15T13:42:27.617 INFO:teuthology.orchestra.run.smithi005.stdout:/usr/bin/ceph: stderr
2024-03-15T13:42:25.595+0000 7f8bd2a00700 1 -- 172.21.15.5:0/3182375292 learned_addr learned my addr 172.21.15.5:0/3182375292 (peer_addr_for_me v2:172.21.15.5:0/0)
2024-03-15T13:42:27.617 INFO:teuthology.orchestra.run.smithi005.stdout:/usr/bin/ceph: stderr
2024-03-15T13:42:25.596+0000 7f8bd2a00700 1 -- 172.21.15.5:0/3182375292 --> [v2:172.21.15.5:3300/0,v1:172.21.15.5:6789/0] -- mon_subscribe({config=0+,monmap=0+}) -- 0x7f8bd4108770 con 0x7f8bd4107c90
2024-03-15T13:42:27.617 INFO:teuthology.orchestra.run.smithi005.stdout:/usr/bin/ceph: stderr
2024-03-15T13:42:25.596+0000 7f8bd2a00700 1 --2- 172.21.15.5:0/3182375292 >> [v2:172.21.15.5:3300/0,v1:172.21.15.5:6789/0] conn(0x7f8bd4107c90 0x7f8bd41080b0 secure :-1 s=READY pgs=55 cs=0 l=1 rev1=1 crypto rx=0x7f8bc40098a0 tx=0x7f8bc4009bb0 comp rx=0 tx=0).ready entity=mon.0 client_cookie=98412ed55dd131ef server_cookie=0 in_seq=0 out_seq=0
2024-03-15T13:42:27.618 INFO:teuthology.orchestra.run.smithi005.stdout:/usr/bin/ceph: stderr
2024-03-15T13:42:25.596+0000 7f8bd1600700 1 -- 172.21.15.5:0/3182375292 <== mon.0 v2:172.21.15.5:3300/0 1 ==== mon_map magic: 0 ==== 205+0+0 (secure 0 0 0) 0x7f8bc4004160 con 0x7f8bd4107c90
2024-03-15T13:42:27.618 INFO:teuthology.orchestra.run.smithi005.stdout:/usr/bin/ceph: stderr
2024-03-15T13:42:25.596+0000 7f8bd1600700 1 -- 172.21.15.5:0/3182375292 <== mon.0 v2:172.21.15.5:3300/0 2 ==== config(27 keys) ==== 1140+0+0 (secure 0 0 0) 0x7f8bc4004300 con 0x7f8bd4107c90
2024-03-15T13:42:27.618 INFO:teuthology.orchestra.run.smithi005.stdout:/usr/bin/ceph: stderr
2024-03-15T13:42:25.596+0000 7f8bd1600700 1 -- 172.21.15.5:0/3182375292 <== mon.0 v2:172.21.15.5:3300/0 3 ==== mon_map magic: 0 ==== 205+0+0 (secure 0 0 0) 0x7f8bc4011b20 con 0x7f8bd4107c90
2024-03-15T13:42:27.618 INFO:teuthology.orchestra.run.smithi005.stdout:/usr/bin/ceph: stderr
2024-03-15T13:42:25.597+0000 7f8bd9600700 1 -- 172.21.15.5:0/3182375292 >> [v2:172.21.15.5:3300/0,v1:172.21.15.5:6789/0] conn(0x7f8bd4107c90 msgr2=0x7f8bd41080b0 secure :-1 s=STATE_CONNECTION_ESTABLISHED l=1).mark_down
2024-03-15T13:42:27.618 INFO:teuthology.orchestra.run.smithi005.stdout:/usr/bin/ceph: stderr
2024-03-15T13:42:25.597+0000 7f8bd9600700 1 --2- 172.21.15.5:0/3182375292 >> [v2:172.21.15.5:3300/0,v1:172.21.15.5:6789/0] conn(0x7f8bd4107c90 0x7f8bd41080b0 secure :-1 s=READY pgs=55 cs=0 l=1 rev1=1 crypto rx=0x7f8bc40098a0 tx=0x7f8bc4009bb0 comp rx=0 tx=0).stop
2024-03-15T13:42:27.618 INFO:teuthology.orchestra.run.smithi005.stdout:/usr/bin/ceph: stderr
2024-03-15T13:42:25.597+0000 7f8bd9600700 1 -- 172.21.15.5:0/3182375292 shutdown_connections
2024-03-15T13:42:27.618 INFO:teuthology.orchestra.run.smithi005.stdout:/usr/bin/ceph: stderr
2024-03-15T13:42:25.597+0000 7f8bd9600700 1 --2- 172.21.15.5:0/3182375292 >> [v2:172.21.15.5:3300/0,v1:172.21.15.5:6789/0] conn(0x7f8bd4107c90 0x7f8bd41080b0 unknown :-1 s=CLOSED pgs=55 cs=0 l=1 rev1=1 crypto rx=0 tx=0 comp rx=0 tx=0).stop
2024-03-15T13:42:27.618 INFO:teuthology.orchestra.run.smithi005.stdout:/usr/bin/ceph: stderr
2024-03-15T13:42:25.597+0000 7f8bd9600700 1 -- 172.21.15.5:0/3182375292 >> 172.21.15.5:0/3182375292 conn(0x7f8bd41032d0 msgr2=0x7f8bd4105710 unknown :-1 s=STATE_NONE l=0).mark_down
2024-03-15T13:42:27.618 INFO:teuthology.orchestra.run.smithi005.stdout:/usr/bin/ceph: stderr
2024-03-15T13:42:25.598+0000 7f8bd9600700 1 -- 172.21.15.5:0/3182375292 shutdown_connections
2024-03-15T13:42:27.618 INFO:teuthology.orchestra.run.smithi005.stdout:/usr/bin/ceph: stderr
2024-03-15T13:42:25.598+0000 7f8bd9600700 1 -- 172.21.15.5:0/3182375292 wait complete.
2024-03-15T13:42:27.618 INFO:teuthology.orchestra.run.smithi005.stdout:/usr/bin/ceph: stderr
2024-03-15T13:42:25.599+0000 7f8bd9600700 1 Processor -- start
2024-03-15T13:42:27.618 INFO:teuthology.orchestra.run.smithi005.stdout:/usr/bin/ceph: stderr
2024-03-15T13:42:25.599+0000 7f8bd9600700 1 -- start start
2024-03-15T13:42:27.619 INFO:teuthology.orchestra.run.smithi005.stdout:/usr/bin/ceph: stderr
2024-03-15T13:42:25.599+0000 7f8bd9600700 1 --2- >> [v2:172.21.15.5:3300/0,v1:172.21.15.5:6789/0] conn(0x7f8bd4107c90 0x7f8bd419dd50 unknown :-1 s=NONE pgs=0 cs=0 l=1 rev1=0 crypto rx=0 tx=0 comp rx=0 tx=0).connect
2024-03-15T13:42:27.619 INFO:teuthology.orchestra.run.smithi005.stdout:/usr/bin/ceph: stderr
2024-03-15T13:42:25.599+0000 7f8bd9600700 1 -- --> [v2:172.21.15.5:3300/0,v1:172.21.15.5:6789/0] -- mon_getmap magic: 0 -- 0x7f8bd410c0b0 con 0x7f8bd4107c90
2024-03-15T13:42:27.619 INFO:teuthology.orchestra.run.smithi005.stdout:/usr/bin/ceph: stderr
2024-03-15T13:42:25.600+0000 7f8bd2a00700 1 --2- >> [v2:172.21.15.5:3300/0,v1:172.21.15.5:6789/0] conn(0x7f8bd4107c90 0x7f8bd419dd50 unknown :-1 s=BANNER_CONNECTING pgs=0 cs=0 l=1 rev1=0 crypto rx=0 tx=0 comp rx=0 tx=0)._handle_peer_banner_payload supported=3 required=0
2024-03-15T13:42:27.619 INFO:teuthology.orchestra.run.smithi005.stdout:/usr/bin/ceph: stderr
2024-03-15T13:42:25.600+0000 7f8bd2a00700 1 --2- >> [v2:172.21.15.5:3300/0,v1:172.21.15.5:6789/0] conn(0x7f8bd4107c90 0x7f8bd419dd50 unknown :-1 s=HELLO_CONNECTING pgs=0 cs=0 l=1 rev1=1 crypto rx=0 tx=0 comp rx=0 tx=0).handle_hello peer v2:172.21.15.5:3300/0 says I am v2:172.21.15.5:36332/0 (socket says 172.21.15.5:36332)
2024-03-15T13:42:27.619 INFO:teuthology.orchestra.run.smithi005.stdout:/usr/bin/ceph: stderr
2024-03-15T13:42:25.600+0000 7f8bd2a00700 1 -- 172.21.15.5:0/1219632625 learned_addr learned my addr 172.21.15.5:0/1219632625 (peer_addr_for_me v2:172.21.15.5:0/0)
2024-03-15T13:42:27.619 INFO:teuthology.orchestra.run.smithi005.stdout:/usr/bin/ceph: stderr
2024-03-15T13:42:25.600+0000 7f8bd2a00700 1 -- 172.21.15.5:0/1219632625 --> [v2:172.21.15.5:3300/0,v1:172.21.15.5:6789/0] -- mon_subscribe({config=0+,monmap=0+}) -- 0x7f8bd419e290 con 0x7f8bd4107c90
2024-03-15T13:42:27.619 INFO:teuthology.orchestra.run.smithi005.stdout:/usr/bin/ceph: stderr
2024-03-15T13:42:25.600+0000 7f8bd2a00700 1 --2- 172.21.15.5:0/1219632625 >> [v2:172.21.15.5:3300/0,v1:172.21.15.5:6789/0] conn(0x7f8bd4107c90 0x7f8bd419dd50 secure :-1 s=READY pgs=56 cs=0 l=1 rev1=1 crypto rx=0x7f8bc4011b60 tx=0x7f8bc4011c40 comp rx=0 tx=0).ready entity=mon.0 client_cookie=0 server_cookie=0 in_seq=0 out_seq=0
2024-03-15T13:42:27.619 INFO:teuthology.orchestra.run.smithi005.stdout:/usr/bin/ceph: stderr
2024-03-15T13:42:25.601+0000 7f8bcb400700 1 -- 172.21.15.5:0/1219632625 <== mon.0 v2:172.21.15.5:3300/0 1 ==== mon_map magic: 0 ==== 205+0+0 (secure 0 0 0) 0x7f8bc4003b60 con 0x7f8bd4107c90
2024-03-15T13:42:27.619 INFO:teuthology.orchestra.run.smithi005.stdout:/usr/bin/ceph: stderr
2024-03-15T13:42:25.601+0000 7f8bcb400700 1 -- 172.21.15.5:0/1219632625 <== mon.0 v2:172.21.15.5:3300/0 2 ==== config(27 keys) ==== 1140+0+0 (secure 0 0 0) 0x7f8bc401a910 con 0x7f8bd4107c90
2024-03-15T13:42:27.619 INFO:teuthology.orchestra.run.smithi005.stdout:/usr/bin/ceph: stderr
2024-03-15T13:42:25.601+0000 7f8bcb400700 1 -- 172.21.15.5:0/1219632625 <== mon.0 v2:172.21.15.5:3300/0 3 ==== mon_map magic: 0 ==== 205+0+0 (secure 0 0 0) 0x7f8bc4024930 con 0x7f8bd4107c90
2024-03-15T13:42:27.619 INFO:teuthology.orchestra.run.smithi005.stdout:/usr/bin/ceph: stderr
2024-03-15T13:42:25.601+0000 7f8bd9600700 1 -- 172.21.15.5:0/1219632625 --> [v2:172.21.15.5:3300/0,v1:172.21.15.5:6789/0] -- mon_subscribe({mgrmap=0+}) -- 0x7f8bd419e520 con 0x7f8bd4107c90
2024-03-15T13:42:27.620 INFO:teuthology.orchestra.run.smithi005.stdout:/usr/bin/ceph: stderr
2024-03-15T13:42:25.601+0000 7f8bd9600700 1 -- 172.21.15.5:0/1219632625 --> [v2:172.21.15.5:3300/0,v1:172.21.15.5:6789/0] -- mon_subscribe({osdmap=0}) -- 0x7f8bd419e980 con 0x7f8bd4107c90
2024-03-15T13:42:27.620 INFO:teuthology.orchestra.run.smithi005.stdout:/usr/bin/ceph: stderr
2024-03-15T13:42:25.603+0000 7f8bcb400700 1 -- 172.21.15.5:0/1219632625 <== mon.0 v2:172.21.15.5:3300/0 4 ==== mgrmap(e 8) ==== 46106+0+0 (secure 0 0 0) 0x7f8bc4022020 con 0x7f8bd4107c90
2024-03-15T13:42:27.620 INFO:teuthology.orchestra.run.smithi005.stdout:/usr/bin/ceph: stderr
2024-03-15T13:42:25.603+0000 7f8bcb400700 1 --2- 172.21.15.5:0/1219632625 >> [v2:172.21.15.5:6800/879016177,v1:172.21.15.5:6801/879016177] conn(0x7f8bb8038fd0 0x7f8bb803b490 unknown :-1 s=NONE pgs=0 cs=0 l=1 rev1=0 crypto rx=0 tx=0 comp rx=0 tx=0).connect
2024-03-15T13:42:27.620 INFO:teuthology.orchestra.run.smithi005.stdout:/usr/bin/ceph: stderr
2024-03-15T13:42:25.603+0000 7f8bcb400700 1 -- 172.21.15.5:0/1219632625 <== mon.0 v2:172.21.15.5:3300/0 5 ==== osd_map(2..2 src has 1..2) ==== 940+0+0 (secure 0 0 0) 0x7f8bc404d100 con 0x7f8bd4107c90
2024-03-15T13:42:27.620 INFO:teuthology.orchestra.run.smithi005.stdout:/usr/bin/ceph: stderr
2024-03-15T13:42:25.603+0000 7f8bd9600700 1 -- 172.21.15.5:0/1219632625 --> [v2:172.21.15.5:3300/0,v1:172.21.15.5:6789/0] -- mon_command({"prefix": "get_command_descriptions"} v 0) -- 0x7f8bd4063900 con 0x7f8bd4107c90
2024-03-15T13:42:27.620 INFO:teuthology.orchestra.run.smithi005.stdout:/usr/bin/ceph: stderr
2024-03-15T13:42:25.604+0000 7f8bd2000700 1 --2- 172.21.15.5:0/1219632625 >> [v2:172.21.15.5:6800/879016177,v1:172.21.15.5:6801/879016177] conn(0x7f8bb8038fd0 0x7f8bb803b490 unknown :-1 s=BANNER_CONNECTING pgs=0 cs=0 l=1 rev1=0 crypto rx=0 tx=0 comp rx=0 tx=0)._handle_peer_banner_payload supported=3 required=0
2024-03-15T13:42:27.620 INFO:teuthology.orchestra.run.smithi005.stdout:/usr/bin/ceph: stderr
2024-03-15T13:42:25.605+0000 7f8bd2000700 1 --2- 172.21.15.5:0/1219632625 >> [v2:172.21.15.5:6800/879016177,v1:172.21.15.5:6801/879016177] conn(0x7f8bb8038fd0 0x7f8bb803b490 secure :-1 s=READY pgs=16 cs=0 l=1 rev1=1 crypto rx=0x7f8bc0006fd0 tx=0x7f8bc0006e40 comp rx=0 tx=0).ready entity=mgr.14120 client_cookie=0 server_cookie=0 in_seq=0 out_seq=0
2024-03-15T13:42:27.620 INFO:teuthology.orchestra.run.smithi005.stdout:/usr/bin/ceph: stderr
2024-03-15T13:42:25.614+0000 7f8bcb400700 1 -- 172.21.15.5:0/1219632625 <== mon.0 v2:172.21.15.5:3300/0 6 ==== mon_command_ack([{"prefix": "get_command_descriptions"}]=0 v0) ==== 72+0+186149 (secure 0 0 0) 0x7f8bc404ca50 con 0x7f8bd4107c90
2024-03-15T13:42:27.620 INFO:teuthology.orchestra.run.smithi005.stdout:/usr/bin/ceph: stderr
2024-03-15T13:42:25.941+0000 7f8bd9600700 1 -- 172.21.15.5:0/1219632625 --> [v2:172.21.15.5:3300/0,v1:172.21.15.5:6789/0] -- mon_command({"prefix": "mgr module enable", "module": "dashboard"} v 0) -- 0x7f8bd41a1770 con 0x7f8bd4107c90
2024-03-15T13:42:27.620 INFO:teuthology.orchestra.run.smithi005.stdout:/usr/bin/ceph: stderr
2024-03-15T13:42:26.809+0000 7f8bcb400700 1 -- 172.21.15.5:0/1219632625 <== mon.0 v2:172.21.15.5:3300/0 7 ==== mon_command_ack([{"prefix": "mgr module enable", "module": "dashboard"}]=0 v9) ==== 88+0+0 (secure 0 0 0) 0x7f8bc401a430 con 0x7f8bd4107c90
2024-03-15T13:42:27.620 INFO:teuthology.orchestra.run.smithi005.stdout:/usr/bin/ceph: stderr
2024-03-15T13:42:26.813+0000 7f8bcb400700 1 -- 172.21.15.5:0/1219632625 <== mon.0 v2:172.21.15.5:3300/0 8 ==== mgrmap(e 9) ==== 46119+0+0 (secure 0 0 0) 0x7f8bc402d3f0 con 0x7f8bd4107c90
2024-03-15T13:42:27.620 INFO:teuthology.orchestra.run.smithi005.stdout:/usr/bin/ceph: stderr
2024-03-15T13:42:26.813+0000 7f8bd9600700 1 -- 172.21.15.5:0/1219632625 >> [v2:172.21.15.5:6800/879016177,v1:172.21.15.5:6801/879016177] conn(0x7f8bb8038fd0 msgr2=0x7f8bb803b490 secure :-1 s=STATE_CONNECTION_ESTABLISHED l=1).mark_down
2024-03-15T13:42:27.621 INFO:teuthology.orchestra.run.smithi005.stdout:/usr/bin/ceph: stderr
2024-03-15T13:42:26.813+0000 7f8bd9600700 1 --2- 172.21.15.5:0/1219632625 >> [v2:172.21.15.5:6800/879016177,v1:172.21.15.5:6801/879016177] conn(0x7f8bb8038fd0 0x7f8bb803b490 secure :-1 s=READY pgs=16 cs=0 l=1 rev1=1 crypto rx=0x7f8bc0006fd0 tx=0x7f8bc0006e40 comp rx=0 tx=0).stop
2024-03-15T13:42:27.621 INFO:teuthology.orchestra.run.smithi005.stdout:/usr/bin/ceph: stderr
2024-03-15T13:42:26.813+0000 7f8bd9600700 1 -- 172.21.15.5:0/1219632625 >> [v2:172.21.15.5:3300/0,v1:172.21.15.5:6789/0] conn(0x7f8bd4107c90 msgr2=0x7f8bd419dd50 secure :-1 s=STATE_CONNECTION_ESTABLISHED l=1).mark_down
2024-03-15T13:42:27.621 INFO:teuthology.orchestra.run.smithi005.stdout:/usr/bin/ceph: stderr
2024-03-15T13:42:26.813+0000 7f8bd9600700 1 --2- 172.21.15.5:0/1219632625 >> [v2:172.21.15.5:3300/0,v1:172.21.15.5:6789/0] conn(0x7f8bd4107c90 0x7f8bd419dd50 secure :-1 s=READY pgs=56 cs=0 l=1 rev1=1 crypto rx=0x7f8bc4011b60 tx=0x7f8bc4011c40 comp rx=0 tx=0).stop
2024-03-15T13:42:27.621 INFO:teuthology.orchestra.run.smithi005.stdout:/usr/bin/ceph: stderr
2024-03-15T13:42:26.814+0000 7f8bd9600700 1 -- 172.21.15.5:0/1219632625 shutdown_connections
2024-03-15T13:42:27.621 INFO:teuthology.orchestra.run.smithi005.stdout:/usr/bin/ceph: stderr
2024-03-15T13:42:26.814+0000 7f8bd9600700 1 --2- 172.21.15.5:0/1219632625 >> [v2:172.21.15.5:6800/879016177,v1:172.21.15.5:6801/879016177] conn(0x7f8bb8038fd0 0x7f8bb803b490 unknown :-1 s=CLOSED pgs=16 cs=0 l=1 rev1=1 crypto rx=0 tx=0 comp rx=0 tx=0).stop
2024-03-15T13:42:27.621 INFO:teuthology.orchestra.run.smithi005.stdout:/usr/bin/ceph: stderr
2024-03-15T13:42:26.814+0000 7f8bd9600700 1 --2- 172.21.15.5:0/1219632625 >> [v2:172.21.15.5:3300/0,v1:172.21.15.5:6789/0] conn(0x7f8bd4107c90 0x7f8bd419dd50 secure :-1 s=CLOSED pgs=56 cs=0 l=1 rev1=1 crypto rx=0x7f8bc4011b60 tx=0x7f8bc4011c40 comp rx=0 tx=0).stop
2024-03-15T13:42:27.621 INFO:teuthology.orchestra.run.smithi005.stdout:/usr/bin/ceph: stderr
2024-03-15T13:42:26.814+0000 7f8bd9600700 1 -- 172.21.15.5:0/1219632625 >> 172.21.15.5:0/1219632625 conn(0x7f8bd41032d0 msgr2=0x7f8bd4103d30 unknown :-1 s=STATE_NONE l=0).mark_down
2024-03-15T13:42:27.621 INFO:teuthology.orchestra.run.smithi005.stdout:/usr/bin/ceph: stderr
2024-03-15T13:42:26.814+0000 7f8bcb400700 1 --2- 172.21.15.5:0/1219632625 >> [v2:172.21.15.5:6800/879016177,v1:172.21.15.5:6801/879016177] conn(0x7f8bb80398e0 0x7f8bb8039cc0 unknown :-1 s=NONE pgs=0 cs=0 l=1 rev1=0 crypto rx=0 tx=0 comp rx=0 tx=0).connect
2024-03-15T13:42:27.621 INFO:teuthology.orchestra.run.smithi005.stdout:/usr/bin/ceph: stderr
2024-03-15T13:42:26.815+0000 7f8bd9600700 1 -- 172.21.15.5:0/1219632625 shutdown_connections
2024-03-15T13:42:27.621 INFO:teuthology.orchestra.run.smithi005.stdout:/usr/bin/ceph: stderr
2024-03-15T13:42:26.815+0000 7f8bd9600700 1 --2- 172.21.15.5:0/1219632625 >> [v2:172.21.15.5:6800/879016177,v1:172.21.15.5:6801/879016177] conn(0x7f8bb80398e0 0x7f8bb8039cc0 unknown :-1 s=START_CONNECT pgs=0 cs=0 l=1 rev1=0 crypto rx=0 tx=0 comp rx=0 tx=0).stop
2024-03-15T13:42:27.621 INFO:teuthology.orchestra.run.smithi005.stdout:/usr/bin/ceph: stderr
2024-03-15T13:42:26.815+0000 7f8bd9600700 1 -- 172.21.15.5:0/1219632625 wait complete.
2024-03-15T13:42:27.905 INFO:journalctl@ceph.mon.a.smithi005.stdout:Mar 15 13:42:27 smithi005 ceph-mon[31736]: from='client.? 172.21.15.5:0/1219632625' entity='client.admin' cmd='[{"prefix": "mgr module enable", "module": "dashboard"}]': finished
2024-03-15T13:42:27.905 INFO:journalctl@ceph.mon.a.smithi005.stdout:Mar 15 13:42:27 smithi005 ceph-mon[31736]: mgrmap e9: x(active, since 25s)
2024-03-15T13:42:27.905 INFO:journalctl@ceph.mgr.x.smithi005.stdout:Mar 15 13:42:27 smithi005 ceph-9327226a-e2d1-11ee-95c9-87774f69a715-mgr-x[31962]:
2024-03-15T13:42:27.675+0000 7f9f5a39d200 -1 mgr[py] Module osd_perf_query has missing NOTIFY_TYPES member
2024-03-15T13:42:27.905 INFO:journalctl@ceph.mgr.x.smithi005.stdout:Mar 15 13:42:27 smithi005 ceph-9327226a-e2d1-11ee-95c9-87774f69a715-mgr-x[31962]:
2024-03-15T13:42:27.800+0000 7f9f5a39d200 -1 mgr[py] Module snap_schedule has missing NOTIFY_TYPES member
2024-03-15T13:42:28.817 INFO:journalctl@ceph.mgr.x.smithi005.stdout:Mar 15 13:42:28 smithi005 ceph-9327226a-e2d1-11ee-95c9-87774f69a715-mgr-x[31962]:
2024-03-15T13:42:28.689+0000 7f9f5a39d200 -1 mgr[py] Module zabbix has missing NOTIFY_TYPES member
2024-03-15T13:42:29.137 INFO:journalctl@ceph.mon.a.smithi005.stdout:Mar 15 13:42:28 smithi005 ceph-mon[31736]: from='client.? 172.21.15.5:0/3443827657' entity='client.admin' cmd=[{"prefix": "mgr stat"}]: dispatch
2024-03-15T13:42:29.137 INFO:journalctl@ceph.mgr.x.smithi005.stdout:Mar 15 13:42:28 smithi005 ceph-9327226a-e2d1-11ee-95c9-87774f69a715-mgr-x[31962]:
2024-03-15T13:42:28.816+0000 7f9f5a39d200 -1 mgr[py] Module balancer has missing NOTIFY_TYPES member
2024-03-15T13:42:29.137 INFO:journalctl@ceph.mgr.x.smithi005.stdout:Mar 15 13:42:29 smithi005 ceph-9327226a-e2d1-11ee-95c9-87774f69a715-mgr-x[31962]:
2024-03-15T13:42:29.001+0000 7f9f5a39d200 -1 mgr[py] Module influx has missing NOTIFY_TYPES member
2024-03-15T13:42:29.137 INFO:journalctl@ceph.mgr.x.smithi005.stdout:Mar 15 13:42:29 smithi005 ceph-9327226a-e2d1-11ee-95c9-87774f69a715-mgr-x[31962]:
2024-03-15T13:42:29.131+0000 7f9f5a39d200 -1 mgr[py] Module alerts has missing NOTIFY_TYPES member
2024-03-15T13:42:29.394 INFO:journalctl@ceph.mgr.x.smithi005.stdout:Mar 15 13:42:29 smithi005 ceph-9327226a-e2d1-11ee-95c9-87774f69a715-mgr-x[31962]:
2024-03-15T13:42:29.247+0000 7f9f5a39d200 -1 mgr[py] Module iostat has missing NOTIFY_TYPES member
2024-03-15T13:42:29.760 INFO:journalctl@ceph.mgr.x.smithi005.stdout:Mar 15 13:42:29 smithi005 ceph-9327226a-e2d1-11ee-95c9-87774f69a715-mgr-x[31962]:
2024-03-15T13:42:29.608+0000 7f9f5a39d200 -1 mgr[py] Module rgw has missing NOTIFY_TYPES member
2024-03-15T13:42:29.804 INFO:teuthology.orchestra.run.smithi005.stdout:/usr/bin/ceph: stdout {
2024-03-15T13:42:29.804 INFO:teuthology.orchestra.run.smithi005.stdout:/usr/bin/ceph: stdout "epoch": 9,
2024-03-15T13:42:29.804 INFO:teuthology.orchestra.run.smithi005.stdout:/usr/bin/ceph: stdout "available": true,
2024-03-15T13:42:29.804 INFO:teuthology.orchestra.run.smithi005.stdout:/usr/bin/ceph: stdout "active_name": "x",
2024-03-15T13:42:29.805 INFO:teuthology.orchestra.run.smithi005.stdout:/usr/bin/ceph: stdout "num_standby": 0
2024-03-15T13:42:29.805 INFO:teuthology.orchestra.run.smithi005.stdout:/usr/bin/ceph: stdout }
2024-03-15T13:42:29.811 INFO:teuthology.orchestra.run.smithi005.stdout:/usr/bin/ceph: stderr
2024-03-15T13:42:28.202+0000 7f8190400700 1 Processor -- start
2024-03-15T13:42:29.811 INFO:teuthology.orchestra.run.smithi005.stdout:/usr/bin/ceph: stderr
2024-03-15T13:42:28.203+0000 7f8190400700 1 -- start start
2024-03-15T13:42:29.811 INFO:teuthology.orchestra.run.smithi005.stdout:/usr/bin/ceph: stderr
2024-03-15T13:42:28.203+0000 7f8190400700 1 --2- >> [v2:172.21.15.5:3300/0,v1:172.21.15.5:6789/0] conn(0x7f8188107c90 0x7f81881080b0 unknown :-1 s=NONE pgs=0 cs=0 l=0 rev1=0 crypto rx=0 tx=0 comp rx=0 tx=0).connect
2024-03-15T13:42:29.811 INFO:teuthology.orchestra.run.smithi005.stdout:/usr/bin/ceph: stderr
2024-03-15T13:42:28.203+0000 7f8190400700 1 -- --> [v2:172.21.15.5:3300/0,v1:172.21.15.5:6789/0] -- mon_getmap magic: 0 -- 0x7f81881085f0 con 0x7f8188107c90
2024-03-15T13:42:29.811 INFO:teuthology.orchestra.run.smithi005.stdout:/usr/bin/ceph: stderr
2024-03-15T13:42:28.204+0000 7f818da00700 1 --2- >> [v2:172.21.15.5:3300/0,v1:172.21.15.5:6789/0] conn(0x7f8188107c90 0x7f81881080b0 unknown :-1 s=BANNER_CONNECTING pgs=0 cs=0 l=0 rev1=0 crypto rx=0 tx=0 comp rx=0 tx=0)._handle_peer_banner_payload supported=3 required=0
2024-03-15T13:42:29.811 INFO:teuthology.orchestra.run.smithi005.stdout:/usr/bin/ceph: stderr
2024-03-15T13:42:28.204+0000 7f818da00700 1 --2- >> [v2:172.21.15.5:3300/0,v1:172.21.15.5:6789/0] conn(0x7f8188107c90 0x7f81881080b0 unknown :-1 s=HELLO_CONNECTING pgs=0 cs=0 l=0 rev1=1 crypto rx=0 tx=0 comp rx=0 tx=0).handle_hello peer v2:172.21.15.5:3300/0 says I am v2:172.21.15.5:36370/0 (socket says 172.21.15.5:36370)
2024-03-15T13:42:29.811 INFO:teuthology.orchestra.run.smithi005.stdout:/usr/bin/ceph: stderr
2024-03-15T13:42:28.204+0000 7f818da00700 1 -- 172.21.15.5:0/3151160237 learned_addr learned my addr 172.21.15.5:0/3151160237 (peer_addr_for_me v2:172.21.15.5:0/0)
2024-03-15T13:42:29.812 INFO:teuthology.orchestra.run.smithi005.stdout:/usr/bin/ceph: stderr
2024-03-15T13:42:28.204+0000 7f818da00700 1 -- 172.21.15.5:0/3151160237 --> [v2:172.21.15.5:3300/0,v1:172.21.15.5:6789/0] -- mon_subscribe({config=0+,monmap=0+}) -- 0x7f8188108770 con 0x7f8188107c90
2024-03-15T13:42:29.812 INFO:teuthology.orchestra.run.smithi005.stdout:/usr/bin/ceph: stderr
2024-03-15T13:42:28.204+0000 7f818da00700 1 --2- 172.21.15.5:0/3151160237 >> [v2:172.21.15.5:3300/0,v1:172.21.15.5:6789/0] conn(0x7f8188107c90 0x7f81881080b0 secure :-1 s=READY pgs=59 cs=0 l=1 rev1=1 crypto rx=0x7f817c0098a0 tx=0x7f817c009bb0 comp rx=0 tx=0).ready entity=mon.0 client_cookie=15375dbaf6f82078 server_cookie=0 in_seq=0 out_seq=0
2024-03-15T13:42:29.812 INFO:teuthology.orchestra.run.smithi005.stdout:/usr/bin/ceph: stderr
2024-03-15T13:42:28.205+0000 7f8187e00700 1 -- 172.21.15.5:0/3151160237 <== mon.0 v2:172.21.15.5:3300/0 1 ==== mon_map magic: 0 ==== 205+0+0 (secure 0 0 0) 0x7f817c004160 con 0x7f8188107c90
2024-03-15T13:42:29.812 INFO:teuthology.orchestra.run.smithi005.stdout:/usr/bin/ceph: stderr
2024-03-15T13:42:28.205+0000 7f8187e00700 1 -- 172.21.15.5:0/3151160237 <== mon.0 v2:172.21.15.5:3300/0 2 ==== config(27 keys) ==== 1140+0+0 (secure 0 0 0) 0x7f817c004300 con 0x7f8188107c90
2024-03-15T13:42:29.812 INFO:teuthology.orchestra.run.smithi005.stdout:/usr/bin/ceph: stderr
2024-03-15T13:42:28.205+0000 7f8187e00700 1 -- 172.21.15.5:0/3151160237 <== mon.0 v2:172.21.15.5:3300/0 3 ==== mon_map magic: 0 ==== 205+0+0 (secure 0 0 0) 0x7f817c011b20 con 0x7f8188107c90
2024-03-15T13:42:29.812 INFO:teuthology.orchestra.run.smithi005.stdout:/usr/bin/ceph: stderr
2024-03-15T13:42:28.206+0000 7f8190400700 1 -- 172.21.15.5:0/3151160237 >> [v2:172.21.15.5:3300/0,v1:172.21.15.5:6789/0] conn(0x7f8188107c90 msgr2=0x7f81881080b0 secure :-1 s=STATE_CONNECTION_ESTABLISHED l=1).mark_down
2024-03-15T13:42:29.812 INFO:teuthology.orchestra.run.smithi005.stdout:/usr/bin/ceph: stderr
2024-03-15T13:42:28.206+0000 7f8190400700 1 --2- 172.21.15.5:0/3151160237 >> [v2:172.21.15.5:3300/0,v1:172.21.15.5:6789/0] conn(0x7f8188107c90 0x7f81881080b0 secure :-1 s=READY pgs=59 cs=0 l=1 rev1=1 crypto rx=0x7f817c0098a0 tx=0x7f817c009bb0 comp rx=0 tx=0).stop
2024-03-15T13:42:29.812 INFO:teuthology.orchestra.run.smithi005.stdout:/usr/bin/ceph: stderr
2024-03-15T13:42:28.206+0000 7f8190400700 1 -- 172.21.15.5:0/3151160237 shutdown_connections
2024-03-15T13:42:29.812 INFO:teuthology.orchestra.run.smithi005.stdout:/usr/bin/ceph: stderr
2024-03-15T13:42:28.206+0000 7f8190400700 1 --2- 172.21.15.5:0/3151160237 >> [v2:172.21.15.5:3300/0,v1:172.21.15.5:6789/0] conn(0x7f8188107c90 0x7f81881080b0 unknown :-1 s=CLOSED pgs=59 cs=0 l=1 rev1=1 crypto rx=0 tx=0 comp rx=0 tx=0).stop
2024-03-15T13:42:29.812 INFO:teuthology.orchestra.run.smithi005.stdout:/usr/bin/ceph: stderr
2024-03-15T13:42:28.206+0000 7f8190400700 1 -- 172.21.15.5:0/3151160237 >> 172.21.15.5:0/3151160237 conn(0x7f81881032d0 msgr2=0x7f8188105710 unknown :-1 s=STATE_NONE l=0).mark_down
2024-03-15T13:42:29.812 INFO:teuthology.orchestra.run.smithi005.stdout:/usr/bin/ceph: stderr
2024-03-15T13:42:28.206+0000 7f8190400700 1 -- 172.21.15.5:0/3151160237 shutdown_connections
2024-03-15T13:42:29.812 INFO:teuthology.orchestra.run.smithi005.stdout:/usr/bin/ceph: stderr
2024-03-15T13:42:28.206+0000 7f8190400700 1 -- 172.21.15.5:0/3151160237 wait complete.
2024-03-15T13:42:29.812 INFO:teuthology.orchestra.run.smithi005.stdout:/usr/bin/ceph: stderr
2024-03-15T13:42:28.207+0000 7f8190400700 1 Processor -- start
2024-03-15T13:42:29.812 INFO:teuthology.orchestra.run.smithi005.stdout:/usr/bin/ceph: stderr
2024-03-15T13:42:28.207+0000 7f8190400700 1 -- start start
2024-03-15T13:42:29.813 INFO:teuthology.orchestra.run.smithi005.stdout:/usr/bin/ceph: stderr
2024-03-15T13:42:28.208+0000 7f8190400700 1 --2- >> [v2:172.21.15.5:3300/0,v1:172.21.15.5:6789/0] conn(0x7f8188107c90 0x7f818819bb60 unknown :-1 s=NONE pgs=0 cs=0 l=1 rev1=0 crypto rx=0 tx=0 comp rx=0 tx=0).connect
2024-03-15T13:42:29.813 INFO:teuthology.orchestra.run.smithi005.stdout:/usr/bin/ceph: stderr
2024-03-15T13:42:28.208+0000 7f8190400700 1 -- --> [v2:172.21.15.5:3300/0,v1:172.21.15.5:6789/0] -- mon_getmap magic: 0 -- 0x7f818810c0b0 con 0x7f8188107c90
2024-03-15T13:42:29.813 INFO:teuthology.orchestra.run.smithi005.stdout:/usr/bin/ceph: stderr
2024-03-15T13:42:28.208+0000 7f818da00700 1 --2- >> [v2:172.21.15.5:3300/0,v1:172.21.15.5:6789/0] conn(0x7f8188107c90 0x7f818819bb60 unknown :-1 s=BANNER_CONNECTING pgs=0 cs=0 l=1 rev1=0 crypto rx=0 tx=0 comp rx=0 tx=0)._handle_peer_banner_payload supported=3 required=0
2024-03-15T13:42:29.813 INFO:teuthology.orchestra.run.smithi005.stdout:/usr/bin/ceph: stderr
2024-03-15T13:42:28.208+0000 7f818da00700 1 --2- >> [v2:172.21.15.5:3300/0,v1:172.21.15.5:6789/0] conn(0x7f8188107c90 0x7f818819bb60 unknown :-1 s=HELLO_CONNECTING pgs=0 cs=0 l=1 rev1=1 crypto rx=0 tx=0 comp rx=0 tx=0).handle_hello peer v2:172.21.15.5:3300/0 says I am v2:172.21.15.5:36382/0 (socket says 172.21.15.5:36382)
2024-03-15T13:42:29.813 INFO:teuthology.orchestra.run.smithi005.stdout:/usr/bin/ceph: stderr
2024-03-15T13:42:28.208+0000 7f818da00700 1 -- 172.21.15.5:0/3443827657 learned_addr learned my addr 172.21.15.5:0/3443827657 (peer_addr_for_me v2:172.21.15.5:0/0)
2024-03-15T13:42:29.813 INFO:teuthology.orchestra.run.smithi005.stdout:/usr/bin/ceph: stderr
2024-03-15T13:42:28.209+0000 7f818da00700 1 -- 172.21.15.5:0/3443827657 --> [v2:172.21.15.5:3300/0,v1:172.21.15.5:6789/0] -- mon_subscribe({config=0+,monmap=0+}) -- 0x7f818819c0a0 con 0x7f8188107c90
2024-03-15T13:42:29.813 INFO:teuthology.orchestra.run.smithi005.stdout:/usr/bin/ceph: stderr
2024-03-15T13:42:28.209+0000 7f818da00700 1 --2- 172.21.15.5:0/3443827657 >> [v2:172.21.15.5:3300/0,v1:172.21.15.5:6789/0] conn(0x7f8188107c90 0x7f818819bb60 secure :-1 s=READY pgs=60 cs=0 l=1 rev1=1 crypto rx=0x7f817c0116a0 tx=0x7f817c011ba0 comp rx=0 tx=0).ready entity=mon.0 client_cookie=0 server_cookie=0 in_seq=0 out_seq=0
2024-03-15T13:42:29.813 INFO:teuthology.orchestra.run.smithi005.stdout:/usr/bin/ceph: stderr
2024-03-15T13:42:28.209+0000 7f8186000700 1 -- 172.21.15.5:0/3443827657 <== mon.0 v2:172.21.15.5:3300/0 1 ==== mon_map magic: 0 ==== 205+0+0 (secure 0 0 0) 0x7f817c003a40 con 0x7f8188107c90
2024-03-15T13:42:29.813 INFO:teuthology.orchestra.run.smithi005.stdout:/usr/bin/ceph: stderr
2024-03-15T13:42:28.209+0000 7f8186000700 1 -- 172.21.15.5:0/3443827657 <== mon.0 v2:172.21.15.5:3300/0 2 ==== config(27 keys) ==== 1140+0+0 (secure 0 0 0) 0x7f817c003be0 con 0x7f8188107c90
2024-03-15T13:42:29.813 INFO:teuthology.orchestra.run.smithi005.stdout:/usr/bin/ceph: stderr
2024-03-15T13:42:28.209+0000 7f8186000700 1 -- 172.21.15.5:0/3443827657 <== mon.0 v2:172.21.15.5:3300/0 3 ==== mon_map magic: 0 ==== 205+0+0 (secure 0 0 0) 0x7f817c01a750 con 0x7f8188107c90
2024-03-15T13:42:29.813 INFO:teuthology.orchestra.run.smithi005.stdout:/usr/bin/ceph: stderr
2024-03-15T13:42:28.209+0000 7f8190400700 1 -- 172.21.15.5:0/3443827657 --> [v2:172.21.15.5:3300/0,v1:172.21.15.5:6789/0] -- mon_subscribe({mgrmap=0+}) -- 0x7f818819c330 con 0x7f8188107c90
2024-03-15T13:42:29.813 INFO:teuthology.orchestra.run.smithi005.stdout:/usr/bin/ceph: stderr
2024-03-15T13:42:28.210+0000 7f8190400700 1 -- 172.21.15.5:0/3443827657 --> [v2:172.21.15.5:3300/0,v1:172.21.15.5:6789/0] -- mon_subscribe({osdmap=0}) -- 0x7f818819c790 con 0x7f8188107c90
2024-03-15T13:42:29.813 INFO:teuthology.orchestra.run.smithi005.stdout:/usr/bin/ceph: stderr
2024-03-15T13:42:28.211+0000 7f8190400700 1 -- 172.21.15.5:0/3443827657 --> [v2:172.21.15.5:3300/0,v1:172.21.15.5:6789/0] -- mon_command({"prefix": "get_command_descriptions"} v 0) -- 0x7f8188063900 con 0x7f8188107c90
2024-03-15T13:42:29.813 INFO:teuthology.orchestra.run.smithi005.stdout:/usr/bin/ceph: stderr
2024-03-15T13:42:28.211+0000 7f8186000700 1 -- 172.21.15.5:0/3443827657 <== mon.0 v2:172.21.15.5:3300/0 4 ==== mgrmap(e 9) ==== 46119+0+0 (secure 0 0 0) 0x7f817c024aa0 con 0x7f8188107c90
2024-03-15T13:42:29.814 INFO:teuthology.orchestra.run.smithi005.stdout:/usr/bin/ceph: stderr
2024-03-15T13:42:28.211+0000 7f8186000700 1 --2- 172.21.15.5:0/3443827657 >> [v2:172.21.15.5:6800/879016177,v1:172.21.15.5:6801/879016177] conn(0x7f8170038f20 0x7f817003b3e0 unknown :-1 s=NONE pgs=0 cs=0 l=1 rev1=0 crypto rx=0 tx=0 comp rx=0 tx=0).connect
2024-03-15T13:42:29.814 INFO:teuthology.orchestra.run.smithi005.stdout:/usr/bin/ceph: stderr
2024-03-15T13:42:28.211+0000 7f8186000700 1 -- 172.21.15.5:0/3443827657 <== mon.0 v2:172.21.15.5:3300/0 5 ==== osd_map(2..2 src has 1..2) ==== 940+0+0 (secure 0 0 0) 0x7f817c04d570 con 0x7f8188107c90
2024-03-15T13:42:29.814 INFO:teuthology.orchestra.run.smithi005.stdout:/usr/bin/ceph: stderr
2024-03-15T13:42:28.212+0000 7f818d000700 1 -- 172.21.15.5:0/3443827657 >> [v2:172.21.15.5:6800/879016177,v1:172.21.15.5:6801/879016177] conn(0x7f8170038f20 msgr2=0x7f817003b3e0 unknown :-1 s=STATE_CONNECTING_RE l=1).process reconnect failed to v2:172.21.15.5:6800/879016177
2024-03-15T13:42:29.814 INFO:teuthology.orchestra.run.smithi005.stdout:/usr/bin/ceph: stderr
2024-03-15T13:42:28.212+0000 7f818d000700 1 --2- 172.21.15.5:0/3443827657 >> [v2:172.21.15.5:6800/879016177,v1:172.21.15.5:6801/879016177] conn(0x7f8170038f20 0x7f817003b3e0 unknown :-1 s=START_CONNECT pgs=0 cs=0 l=1 rev1=0 crypto rx=0 tx=0 comp rx=0 tx=0)._fault waiting 0.200000
2024-03-15T13:42:29.814 INFO:teuthology.orchestra.run.smithi005.stdout:/usr/bin/ceph: stderr
2024-03-15T13:42:28.217+0000 7f8186000700 1 -- 172.21.15.5:0/3443827657 <== mon.0 v2:172.21.15.5:3300/0 6 ==== mon_command_ack([{"prefix": "get_command_descriptions"}]=0 v0) ==== 72+0+186149 (secure 0 0 0) 0x7f817c011e20 con 0x7f8188107c90
2024-03-15T13:42:29.814 INFO:teuthology.orchestra.run.smithi005.stdout:/usr/bin/ceph: stderr
2024-03-15T13:42:28.413+0000 7f818d000700 1 -- 172.21.15.5:0/3443827657 >> [v2:172.21.15.5:6800/879016177,v1:172.21.15.5:6801/879016177] conn(0x7f8170038f20 msgr2=0x7f817003b3e0 unknown :-1 s=STATE_CONNECTING_RE l=1).process reconnect failed to v2:172.21.15.5:6800/879016177
2024-03-15T13:42:29.814 INFO:teuthology.orchestra.run.smithi005.stdout:/usr/bin/ceph: stderr
2024-03-15T13:42:28.413+0000 7f818d000700 1 --2- 172.21.15.5:0/3443827657 >> [v2:172.21.15.5:6800/879016177,v1:172.21.15.5:6801/879016177] conn(0x7f8170038f20 0x7f817003b3e0 unknown :-1 s=START_CONNECT pgs=0 cs=0 l=1 rev1=0 crypto rx=0 tx=0 comp rx=0 tx=0)._fault waiting 0.400000
2024-03-15T13:42:29.814 INFO:teuthology.orchestra.run.smithi005.stdout:/usr/bin/ceph: stderr
2024-03-15T13:42:28.498+0000 7f8190400700 1 -- 172.21.15.5:0/3443827657 --> [v2:172.21.15.5:3300/0,v1:172.21.15.5:6789/0] -- mon_command({"prefix": "mgr stat"} v 0) -- 0x7f818819f5b0 con 0x7f8188107c90
2024-03-15T13:42:29.814 INFO:teuthology.orchestra.run.smithi005.stdout:/usr/bin/ceph: stderr
2024-03-15T13:42:28.498+0000 7f8186000700 1 -- 172.21.15.5:0/3443827657 <== mon.0 v2:172.21.15.5:3300/0 7 ==== mon_command_ack([{"prefix": "mgr stat"}]=0 v9) ==== 56+0+88 (secure 0 0 0) 0x7f817c02d770 con 0x7f8188107c90
2024-03-15T13:42:29.814 INFO:teuthology.orchestra.run.smithi005.stdout:/usr/bin/ceph: stderr
2024-03-15T13:42:28.502+0000 7f8190400700 1 -- 172.21.15.5:0/3443827657 >> [v2:172.21.15.5:6800/879016177,v1:172.21.15.5:6801/879016177] conn(0x7f8170038f20 msgr2=0x7f817003b3e0 unknown :-1 s=STATE_CONNECTING l=1).mark_down
2024-03-15T13:42:29.814 INFO:teuthology.orchestra.run.smithi005.stdout:/usr/bin/ceph: stderr
2024-03-15T13:42:28.502+0000 7f8190400700 1 --2- 172.21.15.5:0/3443827657 >> [v2:172.21.15.5:6800/879016177,v1:172.21.15.5:6801/879016177] conn(0x7f8170038f20 0x7f817003b3e0 unknown :-1 s=START_CONNECT pgs=0 cs=0 l=1 rev1=0 crypto rx=0 tx=0 comp rx=0 tx=0).stop
2024-03-15T13:42:29.814 INFO:teuthology.orchestra.run.smithi005.stdout:/usr/bin/ceph: stderr
2024-03-15T13:42:28.502+0000 7f8190400700 1 -- 172.21.15.5:0/3443827657 >> [v2:172.21.15.5:3300/0,v1:172.21.15.5:6789/0] conn(0x7f8188107c90 msgr2=0x7f818819bb60 secure :-1 s=STATE_CONNECTION_ESTABLISHED l=1).mark_down
2024-03-15T13:42:29.814 INFO:teuthology.orchestra.run.smithi005.stdout:/usr/bin/ceph: stderr
2024-03-15T13:42:28.502+0000 7f8190400700 1 --2- 172.21.15.5:0/3443827657 >> [v2:172.21.15.5:3300/0,v1:172.21.15.5:6789/0] conn(0x7f8188107c90 0x7f818819bb60 secure :-1 s=READY pgs=60 cs=0 l=1 rev1=1 crypto rx=0x7f817c0116a0 tx=0x7f817c011ba0 comp rx=0 tx=0).stop
2024-03-15T13:42:29.814 INFO:teuthology.orchestra.run.smithi005.stdout:/usr/bin/ceph: stderr
2024-03-15T13:42:28.502+0000 7f8190400700 1 -- 172.21.15.5:0/3443827657 shutdown_connections
2024-03-15T13:42:29.815 INFO:teuthology.orchestra.run.smithi005.stdout:/usr/bin/ceph: stderr
2024-03-15T13:42:28.502+0000 7f8190400700 1 --2- 172.21.15.5:0/3443827657 >> [v2:172.21.15.5:6800/879016177,v1:172.21.15.5:6801/879016177] conn(0x7f8170038f20 0x7f817003b3e0 unknown :-1 s=CLOSED pgs=0 cs=0 l=1 rev1=0 crypto rx=0 tx=0 comp rx=0 tx=0).stop
2024-03-15T13:42:29.815 INFO:teuthology.orchestra.run.smithi005.stdout:/usr/bin/ceph: stderr
2024-03-15T13:42:28.502+0000 7f8190400700 1 --2- 172.21.15.5:0/3443827657 >> [v2:172.21.15.5:3300/0,v1:172.21.15.5:6789/0] conn(0x7f8188107c90 0x7f818819bb60 unknown :-1 s=CLOSED pgs=60 cs=0 l=1 rev1=1 crypto rx=0 tx=0 comp rx=0 tx=0).stop
2024-03-15T13:42:29.815 INFO:teuthology.orchestra.run.smithi005.stdout:/usr/bin/ceph: stderr
2024-03-15T13:42:28.502+0000 7f8190400700 1 -- 172.21.15.5:0/3443827657 >> 172.21.15.5:0/3443827657 conn(0x7f81881032d0 msgr2=0x7f8188103d30 unknown :-1 s=STATE_NONE l=0).mark_down
2024-03-15T13:42:29.815 INFO:teuthology.orchestra.run.smithi005.stdout:/usr/bin/ceph: stderr
2024-03-15T13:42:28.503+0000 7f8190400700 1 -- 172.21.15.5:0/3443827657 shutdown_connections
2024-03-15T13:42:29.815 INFO:teuthology.orchestra.run.smithi005.stdout:/usr/bin/ceph: stderr
2024-03-15T13:42:28.503+0000 7f8190400700 1 -- 172.21.15.5:0/3443827657 wait complete.
2024-03-15T13:42:29.815 INFO:teuthology.orchestra.run.smithi005.stdout:Waiting for the mgr to restart...
2024-03-15T13:42:29.815 INFO:teuthology.orchestra.run.smithi005.stdout:Waiting for mgr epoch 9...
2024-03-15T13:42:30.031 INFO:journalctl@ceph.mgr.x.smithi005.stdout:Mar 15 13:42:29 smithi005 ceph-9327226a-e2d1-11ee-95c9-87774f69a715-mgr-x[31962]:
2024-03-15T13:42:29.754+0000 7f9f5a39d200 -1 mgr[py] Module rbd_support has missing NOTIFY_TYPES member
2024-03-15T13:42:30.031 INFO:journalctl@ceph.mgr.x.smithi005.stdout:Mar 15 13:42:29 smithi005 ceph-9327226a-e2d1-11ee-95c9-87774f69a715-mgr-x[31962]:
2024-03-15T13:42:29.877+0000 7f9f5a39d200 -1 mgr[py] Module progress has missing NOTIFY_TYPES member
2024-03-15T13:42:30.031 INFO:journalctl@ceph.mgr.x.smithi005.stdout:Mar 15 13:42:30 smithi005 ceph-9327226a-e2d1-11ee-95c9-87774f69a715-mgr-x[31962]:
2024-03-15T13:42:30.025+0000 7f9f5a39d200 -1 mgr[py] Module pg_autoscaler has missing NOTIFY_TYPES member
2024-03-15T13:42:30.284 INFO:journalctl@ceph.mgr.x.smithi005.stdout:Mar 15 13:42:30 smithi005 ceph-9327226a-e2d1-11ee-95c9-87774f69a715-mgr-x[31962]:
2024-03-15T13:42:30.271+0000 7f9f5a39d200 -1 mgr[py] Module devicehealth has missing NOTIFY_TYPES member
2024-03-15T13:42:31.867 INFO:journalctl@ceph.mgr.x.smithi005.stdout:Mar 15 13:42:31 smithi005 ceph-9327226a-e2d1-11ee-95c9-87774f69a715-mgr-x[31962]:
2024-03-15T13:42:31.680+0000 7f9f5a39d200 -1 mgr[py] Module rook has missing NOTIFY_TYPES member
2024-03-15T13:42:31.867 INFO:journalctl@ceph.mgr.x.smithi005.stdout:Mar 15 13:42:31 smithi005 ceph-9327226a-e2d1-11ee-95c9-87774f69a715-mgr-x[31962]:
2024-03-15T13:42:31.860+0000 7f9f5a39d200 -1 mgr[py] Module diskprediction_local has missing NOTIFY_TYPES member
2024-03-15T13:42:32.655 INFO:journalctl@ceph.mgr.x.smithi005.stdout:Mar 15 13:42:32 smithi005 ceph-9327226a-e2d1-11ee-95c9-87774f69a715-mgr-x[31962]:
2024-03-15T13:42:32.292+0000 7f9f5a39d200 -1 mgr[py] Module selftest has missing NOTIFY_TYPES member
2024-03-15T13:42:32.655 INFO:journalctl@ceph.mgr.x.smithi005.stdout:Mar 15 13:42:32 smithi005 ceph-9327226a-e2d1-11ee-95c9-87774f69a715-mgr-x[31962]:
2024-03-15T13:42:32.416+0000 7f9f5a39d200 -1 mgr[py] Module telegraf has missing NOTIFY_TYPES member
2024-03-15T13:42:32.958 INFO:journalctl@ceph.mgr.x.smithi005.stdout:Mar 15 13:42:32 smithi005 ceph-9327226a-e2d1-11ee-95c9-87774f69a715-mgr-x[31962]:
2024-03-15T13:42:32.688+0000 7f9f5a39d200 -1 mgr[py] Module test_orchestrator has missing NOTIFY_TYPES member
2024-03-15T13:42:32.959 INFO:journalctl@ceph.mgr.x.smithi005.stdout:Mar 15 13:42:32 smithi005 ceph-9327226a-e2d1-11ee-95c9-87774f69a715-mgr-x[31962]:
2024-03-15T13:42:32.952+0000 7f9f5a39d200 -1 mgr[py] Module crash has missing NOTIFY_TYPES member
2024-03-15T13:42:33.655 INFO:journalctl@ceph.mgr.x.smithi005.stdout:Mar 15 13:42:33 smithi005 ceph-9327226a-e2d1-11ee-95c9-87774f69a715-mgr-x[31962]:
2024-03-15T13:42:33.357+0000 7f9f5a39d200 -1 mgr[py] Module orchestrator has missing NOTIFY_TYPES member
2024-03-15T13:42:34.014 INFO:journalctl@ceph.mgr.x.smithi005.stdout:Mar 15 13:42:33 smithi005 ceph-9327226a-e2d1-11ee-95c9-87774f69a715-mgr-x[31962]:
2024-03-15T13:42:33.686+0000 7f9f5a39d200 -1 mgr[py] Module osd_support has missing NOTIFY_TYPES member
2024-03-15T13:42:34.405 INFO:journalctl@ceph.mgr.x.smithi005.stdout:Mar 15 13:42:34 smithi005 ceph-9327226a-e2d1-11ee-95c9-87774f69a715-mgr-x[31962]:
2024-03-15T13:42:34.008+0000 7f9f5a39d200 -1 mgr[py] Module volumes has missing NOTIFY_TYPES member
2024-03-15T13:42:35.405 INFO:journalctl@ceph.mgr.x.smithi005.stdout:Mar 15 13:42:35 smithi005 ceph-9327226a-e2d1-11ee-95c9-87774f69a715-mgr-x[31962]:
2024-03-15T13:42:35.091+0000 7f9f5a39d200 -1 mgr[py] Module telemetry has missing NOTIFY_TYPES member
2024-03-15T13:42:36.155 INFO:journalctl@ceph.mgr.x.smithi005.stdout:Mar 15 13:42:35 smithi005 ceph-9327226a-e2d1-11ee-95c9-87774f69a715-mgr-x[31962]:
2024-03-15T13:42:35.817+0000 7f9f5a39d200 -1 mgr[py] Module prometheus has missing NOTIFY_TYPES member
2024-03-15T13:42:36.155 INFO:journalctl@ceph.mgr.x.smithi005.stdout:Mar 15 13:42:35 smithi005 ceph-9327226a-e2d1-11ee-95c9-87774f69a715-mgr-x[31962]:
2024-03-15T13:42:35.952+0000 7f9f5a39d200 -1 mgr[py] Module status has missing NOTIFY_TYPES member
2024-03-15T13:42:36.655 INFO:journalctl@ceph.mgr.x.smithi005.stdout:Mar 15 13:42:36 smithi005 ceph-9327226a-e2d1-11ee-95c9-87774f69a715-mgr-x[31962]:
2024-03-15T13:42:36.247+0000 7f9f5a39d200 -1 mgr[py] Module nfs has missing NOTIFY_TYPES member
2024-03-15T13:42:36.655 INFO:journalctl@ceph.mon.a.smithi005.stdout:Mar 15 13:42:36 smithi005 ceph-mon[31736]: Active manager daemon x restarted
2024-03-15T13:42:36.655 INFO:journalctl@ceph.mon.a.smithi005.stdout:Mar 15 13:42:36 smithi005 ceph-mon[31736]: Activating manager daemon x
2024-03-15T13:42:36.655 INFO:journalctl@ceph.mon.a.smithi005.stdout:Mar 15 13:42:36 smithi005 ceph-mon[31736]: osdmap e3: 0 total, 0 up, 0 in
2024-03-15T13:42:36.655 INFO:journalctl@ceph.mon.a.smithi005.stdout:Mar 15 13:42:36 smithi005 ceph-mon[31736]: mgrmap e10: x(active, starting, since 0.0102388s)
2024-03-15T13:42:36.655 INFO:journalctl@ceph.mon.a.smithi005.stdout:Mar 15 13:42:36 smithi005 ceph-mon[31736]: from='mgr.14152 172.21.15.5:0/3647910739' entity='mgr.x' cmd=[{"prefix": "mon metadata", "id": "a"}]: dispatch
