2024-03-15T13:42:36.655 INFO:journalctl@ceph.mon.a.smithi005.stdout:Mar 15 13:42:36 smithi005 ceph-mon[31736]: from='mgr.14152 172.21.15.5:0/3647910739' entity='mgr.x' cmd=[{"prefix": "mgr metadata", "who": "x", "id": "x"}]: dispatch
2024-03-15T13:42:36.656 INFO:journalctl@ceph.mon.a.smithi005.stdout:Mar 15 13:42:36 smithi005 ceph-mon[31736]: from='mgr.14152 172.21.15.5:0/3647910739' entity='mgr.x' cmd=[{"prefix": "mds metadata"}]: dispatch
2024-03-15T13:42:36.656 INFO:journalctl@ceph.mon.a.smithi005.stdout:Mar 15 13:42:36 smithi005 ceph-mon[31736]: from='mgr.14152 172.21.15.5:0/3647910739' entity='mgr.x' cmd=[{"prefix": "osd metadata"}]: dispatch
2024-03-15T13:42:36.656 INFO:journalctl@ceph.mon.a.smithi005.stdout:Mar 15 13:42:36 smithi005 ceph-mon[31736]: from='mgr.14152 172.21.15.5:0/3647910739' entity='mgr.x' cmd=[{"prefix": "mon metadata"}]: dispatch
2024-03-15T13:42:36.656 INFO:journalctl@ceph.mon.a.smithi005.stdout:Mar 15 13:42:36 smithi005 ceph-mon[31736]: Manager daemon x is now available
2024-03-15T13:42:37.655 INFO:journalctl@ceph.mon.a.smithi005.stdout:Mar 15 13:42:37 smithi005 ceph-mon[31736]: from='mgr.14152 172.21.15.5:0/3647910739' entity='mgr.x' cmd=[{"prefix": "config dump", "format": "json"}]: dispatch
2024-03-15T13:42:37.655 INFO:journalctl@ceph.mon.a.smithi005.stdout:Mar 15 13:42:37 smithi005 ceph-mon[31736]: from='mgr.14152 172.21.15.5:0/3647910739' entity='mgr.x' cmd=[{"prefix": "config dump", "format": "json"}]: dispatch
2024-03-15T13:42:37.655 INFO:journalctl@ceph.mon.a.smithi005.stdout:Mar 15 13:42:37 smithi005 ceph-mon[31736]: from='mgr.14152 172.21.15.5:0/3647910739' entity='mgr.x' cmd=[{"prefix":"config rm","who":"mgr","name":"mgr/rbd_support/x/mirror_snapshot_schedule"}]: dispatch
2024-03-15T13:42:37.655 INFO:journalctl@ceph.mon.a.smithi005.stdout:Mar 15 13:42:37 smithi005 ceph-mon[31736]: from='mgr.14152 172.21.15.5:0/3647910739' entity='mgr.x' cmd=[{"prefix":"config rm","who":"mgr","name":"mgr/rbd_support/x/trash_purge_schedule"}]: dispatch
2024-03-15T13:42:37.656 INFO:journalctl@ceph.mon.a.smithi005.stdout:Mar 15 13:42:37 smithi005 ceph-mon[31736]: [15/Mar/2024:13:42:36] ENGINE Bus STARTING
2024-03-15T13:42:37.656 INFO:journalctl@ceph.mon.a.smithi005.stdout:Mar 15 13:42:37 smithi005 ceph-mon[31736]: [15/Mar/2024:13:42:36] ENGINE Serving on http://172.21.15.5:8765
2024-03-15T13:42:37.656 INFO:journalctl@ceph.mon.a.smithi005.stdout:Mar 15 13:42:37 smithi005 ceph-mon[31736]: [15/Mar/2024:13:42:36] ENGINE Serving on https://172.21.15.5:7150
2024-03-15T13:42:37.656 INFO:journalctl@ceph.mon.a.smithi005.stdout:Mar 15 13:42:37 smithi005 ceph-mon[31736]: [15/Mar/2024:13:42:36] ENGINE Bus STARTED
2024-03-15T13:42:37.656 INFO:journalctl@ceph.mon.a.smithi005.stdout:Mar 15 13:42:37 smithi005 ceph-mon[31736]: mgrmap e11: x(active, since 1.0109s)
2024-03-15T13:42:38.273 INFO:teuthology.orchestra.run.smithi005.stdout:/usr/bin/ceph: stdout {
2024-03-15T13:42:38.274 INFO:teuthology.orchestra.run.smithi005.stdout:/usr/bin/ceph: stdout "mgrmap_epoch": 11,
2024-03-15T13:42:38.274 INFO:teuthology.orchestra.run.smithi005.stdout:/usr/bin/ceph: stdout "initialized": true
2024-03-15T13:42:38.274 INFO:teuthology.orchestra.run.smithi005.stdout:/usr/bin/ceph: stdout }
2024-03-15T13:42:38.274 INFO:teuthology.orchestra.run.smithi005.stdout:/usr/bin/ceph: stderr
2024-03-15T13:42:30.859+0000 7f5f1fc00700 1 Processor -- start
2024-03-15T13:42:38.274 INFO:teuthology.orchestra.run.smithi005.stdout:/usr/bin/ceph: stderr
2024-03-15T13:42:30.859+0000 7f5f1fc00700 1 -- start start
2024-03-15T13:42:38.281 INFO:teuthology.orchestra.run.smithi005.stdout:/usr/bin/ceph: stderr
2024-03-15T13:42:30.860+0000 7f5f1fc00700 1 --2- >> [v2:172.21.15.5:3300/0,v1:172.21.15.5:6789/0] conn(0x7f5f18106b10 0x7f5f18106f30 unknown :-1 s=NONE pgs=0 cs=0 l=0 rev1=0 crypto rx=0 tx=0 comp rx=0 tx=0).connect
2024-03-15T13:42:38.281 INFO:teuthology.orchestra.run.smithi005.stdout:/usr/bin/ceph: stderr
2024-03-15T13:42:30.860+0000 7f5f1fc00700 1 -- --> [v2:172.21.15.5:3300/0,v1:172.21.15.5:6789/0] -- mon_getmap magic: 0 -- 0x7f5f18107500 con 0x7f5f18106b10
2024-03-15T13:42:38.281 INFO:teuthology.orchestra.run.smithi005.stdout:/usr/bin/ceph: stderr
2024-03-15T13:42:30.860+0000 7f5f1d200700 1 --2- >> [v2:172.21.15.5:3300/0,v1:172.21.15.5:6789/0] conn(0x7f5f18106b10 0x7f5f18106f30 unknown :-1 s=BANNER_CONNECTING pgs=0 cs=0 l=0 rev1=0 crypto rx=0 tx=0 comp rx=0 tx=0)._handle_peer_banner_payload supported=3 required=0
2024-03-15T13:42:38.282 INFO:teuthology.orchestra.run.smithi005.stdout:/usr/bin/ceph: stderr
2024-03-15T13:42:30.860+0000 7f5f1d200700 1 --2- >> [v2:172.21.15.5:3300/0,v1:172.21.15.5:6789/0] conn(0x7f5f18106b10 0x7f5f18106f30 unknown :-1 s=HELLO_CONNECTING pgs=0 cs=0 l=0 rev1=1 crypto rx=0 tx=0 comp rx=0 tx=0).handle_hello peer v2:172.21.15.5:3300/0 says I am v2:172.21.15.5:36388/0 (socket says 172.21.15.5:36388)
2024-03-15T13:42:38.282 INFO:teuthology.orchestra.run.smithi005.stdout:/usr/bin/ceph: stderr
2024-03-15T13:42:30.860+0000 7f5f1d200700 1 -- 172.21.15.5:0/3616576386 learned_addr learned my addr 172.21.15.5:0/3616576386 (peer_addr_for_me v2:172.21.15.5:0/0)
2024-03-15T13:42:38.282 INFO:teuthology.orchestra.run.smithi005.stdout:/usr/bin/ceph: stderr
2024-03-15T13:42:30.861+0000 7f5f1d200700 1 -- 172.21.15.5:0/3616576386 --> [v2:172.21.15.5:3300/0,v1:172.21.15.5:6789/0] -- mon_subscribe({config=0+,monmap=0+}) -- 0x7f5f18107d10 con 0x7f5f18106b10
2024-03-15T13:42:38.282 INFO:teuthology.orchestra.run.smithi005.stdout:/usr/bin/ceph: stderr
2024-03-15T13:42:30.861+0000 7f5f1d200700 1 --2- 172.21.15.5:0/3616576386 >> [v2:172.21.15.5:3300/0,v1:172.21.15.5:6789/0] conn(0x7f5f18106b10 0x7f5f18106f30 secure :-1 s=READY pgs=61 cs=0 l=1 rev1=1 crypto rx=0x7f5f0c0098a0 tx=0x7f5f0c009bb0 comp rx=0 tx=0).ready entity=mon.0 client_cookie=d5b0edb3cecb3db7 server_cookie=0 in_seq=0 out_seq=0
2024-03-15T13:42:38.282 INFO:teuthology.orchestra.run.smithi005.stdout:/usr/bin/ceph: stderr
2024-03-15T13:42:30.861+0000 7f5f17400700 1 -- 172.21.15.5:0/3616576386 <== mon.0 v2:172.21.15.5:3300/0 1 ==== mon_map magic: 0 ==== 205+0+0 (secure 0 0 0) 0x7f5f0c004160 con 0x7f5f18106b10
2024-03-15T13:42:38.282 INFO:teuthology.orchestra.run.smithi005.stdout:/usr/bin/ceph: stderr
2024-03-15T13:42:30.861+0000 7f5f17400700 1 -- 172.21.15.5:0/3616576386 <== mon.0 v2:172.21.15.5:3300/0 2 ==== config(27 keys) ==== 1140+0+0 (secure 0 0 0) 0x7f5f0c004300 con 0x7f5f18106b10
2024-03-15T13:42:38.282 INFO:teuthology.orchestra.run.smithi005.stdout:/usr/bin/ceph: stderr
2024-03-15T13:42:30.861+0000 7f5f17400700 1 -- 172.21.15.5:0/3616576386 <== mon.0 v2:172.21.15.5:3300/0 3 ==== mon_map magic: 0 ==== 205+0+0 (secure 0 0 0) 0x7f5f0c011b20 con 0x7f5f18106b10
2024-03-15T13:42:38.282 INFO:teuthology.orchestra.run.smithi005.stdout:/usr/bin/ceph: stderr
2024-03-15T13:42:30.862+0000 7f5f1fc00700 1 -- 172.21.15.5:0/3616576386 >> [v2:172.21.15.5:3300/0,v1:172.21.15.5:6789/0] conn(0x7f5f18106b10 msgr2=0x7f5f18106f30 secure :-1 s=STATE_CONNECTION_ESTABLISHED l=1).mark_down
2024-03-15T13:42:38.282 INFO:teuthology.orchestra.run.smithi005.stdout:/usr/bin/ceph: stderr
2024-03-15T13:42:30.862+0000 7f5f1fc00700 1 --2- 172.21.15.5:0/3616576386 >> [v2:172.21.15.5:3300/0,v1:172.21.15.5:6789/0] conn(0x7f5f18106b10 0x7f5f18106f30 secure :-1 s=READY pgs=61 cs=0 l=1 rev1=1 crypto rx=0x7f5f0c0098a0 tx=0x7f5f0c009bb0 comp rx=0 tx=0).stop
2024-03-15T13:42:38.282 INFO:teuthology.orchestra.run.smithi005.stdout:/usr/bin/ceph: stderr
2024-03-15T13:42:30.862+0000 7f5f1fc00700 1 -- 172.21.15.5:0/3616576386 shutdown_connections
2024-03-15T13:42:38.282 INFO:teuthology.orchestra.run.smithi005.stdout:/usr/bin/ceph: stderr
2024-03-15T13:42:30.862+0000 7f5f1fc00700 1 --2- 172.21.15.5:0/3616576386 >> [v2:172.21.15.5:3300/0,v1:172.21.15.5:6789/0] conn(0x7f5f18106b10 0x7f5f18106f30 unknown :-1 s=CLOSED pgs=61 cs=0 l=1 rev1=1 crypto rx=0 tx=0 comp rx=0 tx=0).stop
2024-03-15T13:42:38.282 INFO:teuthology.orchestra.run.smithi005.stdout:/usr/bin/ceph: stderr
2024-03-15T13:42:30.862+0000 7f5f1fc00700 1 -- 172.21.15.5:0/3616576386 >> 172.21.15.5:0/3616576386 conn(0x7f5f18102090 msgr2=0x7f5f181044f0 unknown :-1 s=STATE_NONE l=0).mark_down
2024-03-15T13:42:38.282 INFO:teuthology.orchestra.run.smithi005.stdout:/usr/bin/ceph: stderr
2024-03-15T13:42:30.862+0000 7f5f1fc00700 1 -- 172.21.15.5:0/3616576386 shutdown_connections
2024-03-15T13:42:38.283 INFO:teuthology.orchestra.run.smithi005.stdout:/usr/bin/ceph: stderr
2024-03-15T13:42:30.862+0000 7f5f1fc00700 1 -- 172.21.15.5:0/3616576386 wait complete.
2024-03-15T13:42:38.283 INFO:teuthology.orchestra.run.smithi005.stdout:/usr/bin/ceph: stderr
2024-03-15T13:42:30.863+0000 7f5f1fc00700 1 Processor -- start
2024-03-15T13:42:38.283 INFO:teuthology.orchestra.run.smithi005.stdout:/usr/bin/ceph: stderr
2024-03-15T13:42:30.864+0000 7f5f1fc00700 1 -- start start
2024-03-15T13:42:38.283 INFO:teuthology.orchestra.run.smithi005.stdout:/usr/bin/ceph: stderr
2024-03-15T13:42:30.864+0000 7f5f1fc00700 1 --2- >> [v2:172.21.15.5:3300/0,v1:172.21.15.5:6789/0] conn(0x7f5f18106b10 0x7f5f1819dda0 unknown :-1 s=NONE pgs=0 cs=0 l=1 rev1=0 crypto rx=0 tx=0 comp rx=0 tx=0).connect
2024-03-15T13:42:38.283 INFO:teuthology.orchestra.run.smithi005.stdout:/usr/bin/ceph: stderr
2024-03-15T13:42:30.864+0000 7f5f1fc00700 1 -- --> [v2:172.21.15.5:3300/0,v1:172.21.15.5:6789/0] -- mon_getmap magic: 0 -- 0x7f5f1810b0c0 con 0x7f5f18106b10
2024-03-15T13:42:38.283 INFO:teuthology.orchestra.run.smithi005.stdout:/usr/bin/ceph: stderr
2024-03-15T13:42:30.864+0000 7f5f1d200700 1 --2- >> [v2:172.21.15.5:3300/0,v1:172.21.15.5:6789/0] conn(0x7f5f18106b10 0x7f5f1819dda0 unknown :-1 s=BANNER_CONNECTING pgs=0 cs=0 l=1 rev1=0 crypto rx=0 tx=0 comp rx=0 tx=0)._handle_peer_banner_payload supported=3 required=0
2024-03-15T13:42:38.283 INFO:teuthology.orchestra.run.smithi005.stdout:/usr/bin/ceph: stderr
2024-03-15T13:42:30.864+0000 7f5f1d200700 1 --2- >> [v2:172.21.15.5:3300/0,v1:172.21.15.5:6789/0] conn(0x7f5f18106b10 0x7f5f1819dda0 unknown :-1 s=HELLO_CONNECTING pgs=0 cs=0 l=1 rev1=1 crypto rx=0 tx=0 comp rx=0 tx=0).handle_hello peer v2:172.21.15.5:3300/0 says I am v2:172.21.15.5:36398/0 (socket says 172.21.15.5:36398)
2024-03-15T13:42:38.283 INFO:teuthology.orchestra.run.smithi005.stdout:/usr/bin/ceph: stderr
2024-03-15T13:42:30.864+0000 7f5f1d200700 1 -- 172.21.15.5:0/3978958479 learned_addr learned my addr 172.21.15.5:0/3978958479 (peer_addr_for_me v2:172.21.15.5:0/0)
2024-03-15T13:42:38.283 INFO:teuthology.orchestra.run.smithi005.stdout:/usr/bin/ceph: stderr
2024-03-15T13:42:30.865+0000 7f5f1d200700 1 -- 172.21.15.5:0/3978958479 --> [v2:172.21.15.5:3300/0,v1:172.21.15.5:6789/0] -- mon_subscribe({config=0+,monmap=0+}) -- 0x7f5f1819e2e0 con 0x7f5f18106b10
2024-03-15T13:42:38.283 INFO:teuthology.orchestra.run.smithi005.stdout:/usr/bin/ceph: stderr
2024-03-15T13:42:30.865+0000 7f5f1d200700 1 --2- 172.21.15.5:0/3978958479 >> [v2:172.21.15.5:3300/0,v1:172.21.15.5:6789/0] conn(0x7f5f18106b10 0x7f5f1819dda0 secure :-1 s=READY pgs=62 cs=0 l=1 rev1=1 crypto rx=0x7f5f0c0117e0 tx=0x7f5f0c011ba0 comp rx=0 tx=0).ready entity=mon.0 client_cookie=0 server_cookie=0 in_seq=0 out_seq=0
2024-03-15T13:42:38.283 INFO:teuthology.orchestra.run.smithi005.stdout:/usr/bin/ceph: stderr
2024-03-15T13:42:30.865+0000 7f5f15600700 1 -- 172.21.15.5:0/3978958479 <== mon.0 v2:172.21.15.5:3300/0 1 ==== mon_map magic: 0 ==== 205+0+0 (secure 0 0 0) 0x7f5f0c003bf0 con 0x7f5f18106b10
2024-03-15T13:42:38.283 INFO:teuthology.orchestra.run.smithi005.stdout:/usr/bin/ceph: stderr
2024-03-15T13:42:30.865+0000 7f5f15600700 1 -- 172.21.15.5:0/3978958479 <== mon.0 v2:172.21.15.5:3300/0 2 ==== config(27 keys) ==== 1140+0+0 (secure 0 0 0) 0x7f5f0c01a910 con 0x7f5f18106b10
2024-03-15T13:42:38.283 INFO:teuthology.orchestra.run.smithi005.stdout:/usr/bin/ceph: stderr
2024-03-15T13:42:30.865+0000 7f5f1fc00700 1 -- 172.21.15.5:0/3978958479 --> [v2:172.21.15.5:3300/0,v1:172.21.15.5:6789/0] -- mon_subscribe({mgrmap=0+}) -- 0x7f5f1819e570 con 0x7f5f18106b10
2024-03-15T13:42:38.283 INFO:teuthology.orchestra.run.smithi005.stdout:/usr/bin/ceph: stderr
2024-03-15T13:42:30.865+0000 7f5f15600700 1 -- 172.21.15.5:0/3978958479 <== mon.0 v2:172.21.15.5:3300/0 3 ==== mon_map magic: 0 ==== 205+0+0 (secure 0 0 0) 0x7f5f0c024970 con 0x7f5f18106b10
2024-03-15T13:42:38.284 INFO:teuthology.orchestra.run.smithi005.stdout:/usr/bin/ceph: stderr
2024-03-15T13:42:30.865+0000 7f5f1fc00700 1 -- 172.21.15.5:0/3978958479 --> [v2:172.21.15.5:3300/0,v1:172.21.15.5:6789/0] -- mon_subscribe({osdmap=0}) -- 0x7f5f181a1220 con 0x7f5f18106b10
2024-03-15T13:42:38.284 INFO:teuthology.orchestra.run.smithi005.stdout:/usr/bin/ceph: stderr
2024-03-15T13:42:30.867+0000 7f5f15600700 1 -- 172.21.15.5:0/3978958479 <== mon.0 v2:172.21.15.5:3300/0 4 ==== mgrmap(e 9) ==== 46119+0+0 (secure 0 0 0) 0x7f5f0c022020 con 0x7f5f18106b10
2024-03-15T13:42:38.284 INFO:teuthology.orchestra.run.smithi005.stdout:/usr/bin/ceph: stderr
2024-03-15T13:42:30.867+0000 7f5f15600700 1 --2- 172.21.15.5:0/3978958479 >> [v2:172.21.15.5:6800/879016177,v1:172.21.15.5:6801/879016177] conn(0x7f5f00038fd0 0x7f5f0003b490 unknown :-1 s=NONE pgs=0 cs=0 l=1 rev1=0 crypto rx=0 tx=0 comp rx=0 tx=0).connect
2024-03-15T13:42:38.284 INFO:teuthology.orchestra.run.smithi005.stdout:/usr/bin/ceph: stderr
2024-03-15T13:42:30.867+0000 7f5f15600700 1 -- 172.21.15.5:0/3978958479 --> [v2:172.21.15.5:6800/879016177,v1:172.21.15.5:6801/879016177] -- command(tid 0: {"prefix": "get_command_descriptions"}) -- 0x7f5f0003bba0 con 0x7f5f00038fd0
2024-03-15T13:42:38.284 INFO:teuthology.orchestra.run.smithi005.stdout:/usr/bin/ceph: stderr
2024-03-15T13:42:30.867+0000 7f5f15600700 1 -- 172.21.15.5:0/3978958479 <== mon.0 v2:172.21.15.5:3300/0 5 ==== osd_map(2..2 src has 1..2) ==== 940+0+0 (secure 0 0 0) 0x7f5f0c04d3e0 con 0x7f5f18106b10
2024-03-15T13:42:38.284 INFO:teuthology.orchestra.run.smithi005.stdout:/usr/bin/ceph: stderr
2024-03-15T13:42:30.867+0000 7f5f17e00700 1 -- 172.21.15.5:0/3978958479 >> [v2:172.21.15.5:6800/879016177,v1:172.21.15.5:6801/879016177] conn(0x7f5f00038fd0 msgr2=0x7f5f0003b490 unknown :-1 s=STATE_CONNECTING_RE l=1).process reconnect failed to v2:172.21.15.5:6800/879016177
2024-03-15T13:42:38.284 INFO:teuthology.orchestra.run.smithi005.stdout:/usr/bin/ceph: stderr
2024-03-15T13:42:30.867+0000 7f5f17e00700 1 --2- 172.21.15.5:0/3978958479 >> [v2:172.21.15.5:6800/879016177,v1:172.21.15.5:6801/879016177] conn(0x7f5f00038fd0 0x7f5f0003b490 unknown :-1 s=START_CONNECT pgs=0 cs=0 l=1 rev1=0 crypto rx=0 tx=0 comp rx=0 tx=0)._fault waiting 0.200000
2024-03-15T13:42:38.284 INFO:teuthology.orchestra.run.smithi005.stdout:/usr/bin/ceph: stderr
2024-03-15T13:42:31.068+0000 7f5f17e00700 1 -- 172.21.15.5:0/3978958479 >> [v2:172.21.15.5:6800/879016177,v1:172.21.15.5:6801/879016177] conn(0x7f5f00038fd0 msgr2=0x7f5f0003b490 unknown :-1 s=STATE_CONNECTING_RE l=1).process reconnect failed to v2:172.21.15.5:6800/879016177
2024-03-15T13:42:38.284 INFO:teuthology.orchestra.run.smithi005.stdout:/usr/bin/ceph: stderr
2024-03-15T13:42:31.068+0000 7f5f17e00700 1 --2- 172.21.15.5:0/3978958479 >> [v2:172.21.15.5:6800/879016177,v1:172.21.15.5:6801/879016177] conn(0x7f5f00038fd0 0x7f5f0003b490 unknown :-1 s=START_CONNECT pgs=0 cs=0 l=1 rev1=0 crypto rx=0 tx=0 comp rx=0 tx=0)._fault waiting 0.400000
2024-03-15T13:42:38.284 INFO:teuthology.orchestra.run.smithi005.stdout:/usr/bin/ceph: stderr
2024-03-15T13:42:31.469+0000 7f5f17e00700 1 -- 172.21.15.5:0/3978958479 >> [v2:172.21.15.5:6800/879016177,v1:172.21.15.5:6801/879016177] conn(0x7f5f00038fd0 msgr2=0x7f5f0003b490 unknown :-1 s=STATE_CONNECTING_RE l=1).process reconnect failed to v2:172.21.15.5:6800/879016177
2024-03-15T13:42:38.284 INFO:teuthology.orchestra.run.smithi005.stdout:/usr/bin/ceph: stderr
2024-03-15T13:42:31.469+0000 7f5f17e00700 1 --2- 172.21.15.5:0/3978958479 >> [v2:172.21.15.5:6800/879016177,v1:172.21.15.5:6801/879016177] conn(0x7f5f00038fd0 0x7f5f0003b490 unknown :-1 s=START_CONNECT pgs=0 cs=0 l=1 rev1=0 crypto rx=0 tx=0 comp rx=0 tx=0)._fault waiting 0.800000
2024-03-15T13:42:38.284 INFO:teuthology.orchestra.run.smithi005.stdout:/usr/bin/ceph: stderr
2024-03-15T13:42:32.270+0000 7f5f17e00700 1 -- 172.21.15.5:0/3978958479 >> [v2:172.21.15.5:6800/879016177,v1:172.21.15.5:6801/879016177] conn(0x7f5f00038fd0 msgr2=0x7f5f0003b490 unknown :-1 s=STATE_CONNECTING_RE l=1).process reconnect failed to v2:172.21.15.5:6800/879016177
2024-03-15T13:42:38.284 INFO:teuthology.orchestra.run.smithi005.stdout:/usr/bin/ceph: stderr
2024-03-15T13:42:32.270+0000 7f5f17e00700 1 --2- 172.21.15.5:0/3978958479 >> [v2:172.21.15.5:6800/879016177,v1:172.21.15.5:6801/879016177] conn(0x7f5f00038fd0 0x7f5f0003b490 unknown :-1 s=START_CONNECT pgs=0 cs=0 l=1 rev1=0 crypto rx=0 tx=0 comp rx=0 tx=0)._fault waiting 1.600000
2024-03-15T13:42:38.285 INFO:teuthology.orchestra.run.smithi005.stdout:/usr/bin/ceph: stderr
2024-03-15T13:42:33.872+0000 7f5f17e00700 1 -- 172.21.15.5:0/3978958479 >> [v2:172.21.15.5:6800/879016177,v1:172.21.15.5:6801/879016177] conn(0x7f5f00038fd0 msgr2=0x7f5f0003b490 unknown :-1 s=STATE_CONNECTING_RE l=1).process reconnect failed to v2:172.21.15.5:6800/879016177
2024-03-15T13:42:38.285 INFO:teuthology.orchestra.run.smithi005.stdout:/usr/bin/ceph: stderr
2024-03-15T13:42:33.872+0000 7f5f17e00700 1 --2- 172.21.15.5:0/3978958479 >> [v2:172.21.15.5:6800/879016177,v1:172.21.15.5:6801/879016177] conn(0x7f5f00038fd0 0x7f5f0003b490 unknown :-1 s=START_CONNECT pgs=0 cs=0 l=1 rev1=0 crypto rx=0 tx=0 comp rx=0 tx=0)._fault waiting 3.200000
2024-03-15T13:42:38.285 INFO:teuthology.orchestra.run.smithi005.stdout:/usr/bin/ceph: stderr
2024-03-15T13:42:36.257+0000 7f5f15600700 1 -- 172.21.15.5:0/3978958479 <== mon.0 v2:172.21.15.5:3300/0 6 ==== mgrmap(e 10) ==== 45886+0+0 (secure 0 0 0) 0x7f5f0c01a430 con 0x7f5f18106b10
2024-03-15T13:42:38.285 INFO:teuthology.orchestra.run.smithi005.stdout:/usr/bin/ceph: stderr
2024-03-15T13:42:36.257+0000 7f5f15600700 1 -- 172.21.15.5:0/3978958479 >> [v2:172.21.15.5:6800/879016177,v1:172.21.15.5:6801/879016177] conn(0x7f5f00038fd0 msgr2=0x7f5f0003b490 unknown :-1 s=STATE_CONNECTING l=1).mark_down
2024-03-15T13:42:38.285 INFO:teuthology.orchestra.run.smithi005.stdout:/usr/bin/ceph: stderr
2024-03-15T13:42:36.257+0000 7f5f15600700 1 --2- 172.21.15.5:0/3978958479 >> [v2:172.21.15.5:6800/879016177,v1:172.21.15.5:6801/879016177] conn(0x7f5f00038fd0 0x7f5f0003b490 unknown :-1 s=START_CONNECT pgs=0 cs=0 l=1 rev1=0 crypto rx=0 tx=0 comp rx=0 tx=0).stop
2024-03-15T13:42:38.285 INFO:teuthology.orchestra.run.smithi005.stdout:/usr/bin/ceph: stderr
2024-03-15T13:42:37.258+0000 7f5f15600700 1 -- 172.21.15.5:0/3978958479 <== mon.0 v2:172.21.15.5:3300/0 7 ==== mgrmap(e 11) ==== 46013+0+0 (secure 0 0 0) 0x7f5f0c0188a0 con 0x7f5f18106b10
2024-03-15T13:42:38.285 INFO:teuthology.orchestra.run.smithi005.stdout:/usr/bin/ceph: stderr
2024-03-15T13:42:37.258+0000 7f5f15600700 1 --2- 172.21.15.5:0/3978958479 >> [v2:172.21.15.5:6800/642542054,v1:172.21.15.5:6801/642542054] conn(0x7f5f0003ca80 0x7f5f0003ee70 unknown :-1 s=NONE pgs=0 cs=0 l=1 rev1=0 crypto rx=0 tx=0 comp rx=0 tx=0).connect
2024-03-15T13:42:38.285 INFO:teuthology.orchestra.run.smithi005.stdout:/usr/bin/ceph: stderr
2024-03-15T13:42:37.259+0000 7f5f15600700 1 -- 172.21.15.5:0/3978958479 --> [v2:172.21.15.5:6800/642542054,v1:172.21.15.5:6801/642542054] -- command(tid 0: {"prefix": "get_command_descriptions"}) -- 0x7f5f0c001d30 con 0x7f5f0003ca80
2024-03-15T13:42:38.285 INFO:teuthology.orchestra.run.smithi005.stdout:/usr/bin/ceph: stderr
2024-03-15T13:42:37.260+0000 7f5f17e00700 1 --2- 172.21.15.5:0/3978958479 >> [v2:172.21.15.5:6800/642542054,v1:172.21.15.5:6801/642542054] conn(0x7f5f0003ca80 0x7f5f0003ee70 unknown :-1 s=BANNER_CONNECTING pgs=0 cs=0 l=1 rev1=0 crypto rx=0 tx=0 comp rx=0 tx=0)._handle_peer_banner_payload supported=3 required=0
2024-03-15T13:42:38.285 INFO:teuthology.orchestra.run.smithi005.stdout:/usr/bin/ceph: stderr
2024-03-15T13:42:37.262+0000 7f5f17e00700 1 --2- 172.21.15.5:0/3978958479 >> [v2:172.21.15.5:6800/642542054,v1:172.21.15.5:6801/642542054] conn(0x7f5f0003ca80 0x7f5f0003ee70 secure :-1 s=READY pgs=3 cs=0 l=1 rev1=1 crypto rx=0x7f5f04003a10 tx=0x7f5f04009270 comp rx=0 tx=0).ready entity=mgr.14152 client_cookie=0 server_cookie=0 in_seq=0 out_seq=0
2024-03-15T13:42:38.285 INFO:teuthology.orchestra.run.smithi005.stdout:/usr/bin/ceph: stderr
2024-03-15T13:42:37.263+0000 7f5f15600700 1 -- 172.21.15.5:0/3978958479 <== mgr.14152 v2:172.21.15.5:6800/642542054 1 ==== command_reply(tid 0: 0 ) ==== 8+0+7774 (secure 0 0 0) 0x7f5f0c001d30 con 0x7f5f0003ca80
2024-03-15T13:42:38.285 INFO:teuthology.orchestra.run.smithi005.stdout:/usr/bin/ceph: stderr
2024-03-15T13:42:37.271+0000 7f5f1fc00700 1 -- 172.21.15.5:0/3978958479 --> [v2:172.21.15.5:6800/642542054,v1:172.21.15.5:6801/642542054] -- command(tid 1: {"prefix": "mgr_status"}) -- 0x7f5f18063900 con 0x7f5f0003ca80
2024-03-15T13:42:38.285 INFO:teuthology.orchestra.run.smithi005.stdout:/usr/bin/ceph: stderr
2024-03-15T13:42:37.271+0000 7f5f15600700 1 -- 172.21.15.5:0/3978958479 <== mgr.14152 v2:172.21.15.5:6800/642542054 2 ==== command_reply(tid 1: 0 ) ==== 8+0+52 (secure 0 0 0) 0x7f5f18063900 con 0x7f5f0003ca80
2024-03-15T13:42:38.286 INFO:teuthology.orchestra.run.smithi005.stdout:/usr/bin/ceph: stderr
2024-03-15T13:42:37.272+0000 7f5f1fc00700 1 -- 172.21.15.5:0/3978958479 >> [v2:172.21.15.5:6800/642542054,v1:172.21.15.5:6801/642542054] conn(0x7f5f0003ca80 msgr2=0x7f5f0003ee70 secure :-1 s=STATE_CONNECTION_ESTABLISHED l=1).mark_down
2024-03-15T13:42:38.286 INFO:teuthology.orchestra.run.smithi005.stdout:/usr/bin/ceph: stderr
2024-03-15T13:42:37.272+0000 7f5f1fc00700 1 --2- 172.21.15.5:0/3978958479 >> [v2:172.21.15.5:6800/642542054,v1:172.21.15.5:6801/642542054] conn(0x7f5f0003ca80 0x7f5f0003ee70 secure :-1 s=READY pgs=3 cs=0 l=1 rev1=1 crypto rx=0x7f5f04003a10 tx=0x7f5f04009270 comp rx=0 tx=0).stop
2024-03-15T13:42:38.286 INFO:teuthology.orchestra.run.smithi005.stdout:/usr/bin/ceph: stderr
2024-03-15T13:42:37.272+0000 7f5f1fc00700 1 -- 172.21.15.5:0/3978958479 >> [v2:172.21.15.5:3300/0,v1:172.21.15.5:6789/0] conn(0x7f5f18106b10 msgr2=0x7f5f1819dda0 secure :-1 s=STATE_CONNECTION_ESTABLISHED l=1).mark_down
2024-03-15T13:42:38.286 INFO:teuthology.orchestra.run.smithi005.stdout:/usr/bin/ceph: stderr
2024-03-15T13:42:37.272+0000 7f5f1fc00700 1 --2- 172.21.15.5:0/3978958479 >> [v2:172.21.15.5:3300/0,v1:172.21.15.5:6789/0] conn(0x7f5f18106b10 0x7f5f1819dda0 secure :-1 s=READY pgs=62 cs=0 l=1 rev1=1 crypto rx=0x7f5f0c0117e0 tx=0x7f5f0c011ba0 comp rx=0 tx=0).stop
2024-03-15T13:42:38.286 INFO:teuthology.orchestra.run.smithi005.stdout:/usr/bin/ceph: stderr
2024-03-15T13:42:37.272+0000 7f5f1fc00700 1 -- 172.21.15.5:0/3978958479 shutdown_connections
2024-03-15T13:42:38.286 INFO:teuthology.orchestra.run.smithi005.stdout:/usr/bin/ceph: stderr
2024-03-15T13:42:37.272+0000 7f5f1fc00700 1 --2- 172.21.15.5:0/3978958479 >> [v2:172.21.15.5:6800/642542054,v1:172.21.15.5:6801/642542054] conn(0x7f5f0003ca80 0x7f5f0003ee70 unknown :-1 s=CLOSED pgs=3 cs=0 l=1 rev1=1 crypto rx=0 tx=0 comp rx=0 tx=0).stop
2024-03-15T13:42:38.286 INFO:teuthology.orchestra.run.smithi005.stdout:/usr/bin/ceph: stderr
2024-03-15T13:42:37.272+0000 7f5f1fc00700 1 --2- 172.21.15.5:0/3978958479 >> [v2:172.21.15.5:3300/0,v1:172.21.15.5:6789/0] conn(0x7f5f18106b10 0x7f5f1819dda0 unknown :-1 s=CLOSED pgs=62 cs=0 l=1 rev1=1 crypto rx=0 tx=0 comp rx=0 tx=0).stop
2024-03-15T13:42:38.286 INFO:teuthology.orchestra.run.smithi005.stdout:/usr/bin/ceph: stderr
2024-03-15T13:42:37.272+0000 7f5f1fc00700 1 --2- 172.21.15.5:0/3978958479 >> [v2:172.21.15.5:6800/879016177,v1:172.21.15.5:6801/879016177] conn(0x7f5f00038fd0 0x7f5f0003b490 unknown :-1 s=CLOSED pgs=0 cs=0 l=1 rev1=0 crypto rx=0 tx=0 comp rx=0 tx=0).stop
2024-03-15T13:42:38.286 INFO:teuthology.orchestra.run.smithi005.stdout:/usr/bin/ceph: stderr
2024-03-15T13:42:37.272+0000 7f5f1fc00700 1 -- 172.21.15.5:0/3978958479 >> 172.21.15.5:0/3978958479 conn(0x7f5f18102090 msgr2=0x7f5f18102ef0 unknown :-1 s=STATE_NONE l=0).mark_down
2024-03-15T13:42:38.286 INFO:teuthology.orchestra.run.smithi005.stdout:/usr/bin/ceph: stderr
2024-03-15T13:42:37.272+0000 7f5f1fc00700 1 -- 172.21.15.5:0/3978958479 shutdown_connections
2024-03-15T13:42:38.286 INFO:teuthology.orchestra.run.smithi005.stdout:/usr/bin/ceph: stderr
2024-03-15T13:42:37.272+0000 7f5f1fc00700 1 -- 172.21.15.5:0/3978958479 wait complete.
2024-03-15T13:42:38.286 INFO:teuthology.orchestra.run.smithi005.stdout:mgr epoch 9 is available
2024-03-15T13:42:38.287 INFO:teuthology.orchestra.run.smithi005.stdout:Generating a dashboard self-signed certificate...
2024-03-15T13:42:38.433 INFO:journalctl@ceph.mon.a.smithi005.stdout:Mar 15 13:42:38 smithi005 ceph-mon[31736]: from='client.14156 -' entity='client.admin' cmd=[{"prefix": "get_command_descriptions"}]: dispatch
2024-03-15T13:42:38.433 INFO:journalctl@ceph.mon.a.smithi005.stdout:Mar 15 13:42:38 smithi005 ceph-mon[31736]: from='client.14156 -' entity='client.admin' cmd=[{"prefix": "mgr_status"}]: dispatch
2024-03-15T13:42:39.655 INFO:journalctl@ceph.mon.a.smithi005.stdout:Mar 15 13:42:39 smithi005 ceph-mon[31736]: mgrmap e12: x(active, since 2s)
2024-03-15T13:42:40.655 INFO:journalctl@ceph.mon.a.smithi005.stdout:Mar 15 13:42:40 smithi005 ceph-mon[31736]: from='mgr.14152 172.21.15.5:0/3647910739' entity='mgr.x'
2024-03-15T13:42:40.656 INFO:journalctl@ceph.mon.a.smithi005.stdout:Mar 15 13:42:40 smithi005 ceph-mon[31736]: from='client.14164 -' entity='client.admin' cmd=[{"prefix": "dashboard create-self-signed-cert", "target": ["mon-mgr", ""]}]: dispatch
2024-03-15T13:42:40.656 INFO:journalctl@ceph.mon.a.smithi005.stdout:Mar 15 13:42:40 smithi005 ceph-mon[31736]: from='mgr.14152 172.21.15.5:0/3647910739' entity='mgr.x'
2024-03-15T13:42:40.656 INFO:journalctl@ceph.mon.a.smithi005.stdout:Mar 15 13:42:40 smithi005 ceph-mon[31736]: from='mgr.14152 172.21.15.5:0/3647910739' entity='mgr.x'
2024-03-15T13:42:40.721 INFO:teuthology.orchestra.run.smithi005.stdout:/usr/bin/ceph: stdout Self-signed certificate created
2024-03-15T13:42:40.721 INFO:teuthology.orchestra.run.smithi005.stdout:/usr/bin/ceph: stderr
2024-03-15T13:42:39.480+0000 7f576ce00700 1 Processor -- start
2024-03-15T13:42:40.721 INFO:teuthology.orchestra.run.smithi005.stdout:/usr/bin/ceph: stderr
2024-03-15T13:42:39.480+0000 7f576ce00700 1 -- start start
2024-03-15T13:42:40.721 INFO:teuthology.orchestra.run.smithi005.stdout:/usr/bin/ceph: stderr
2024-03-15T13:42:39.480+0000 7f576ce00700 1 --2- >> [v2:172.21.15.5:3300/0,v1:172.21.15.5:6789/0] conn(0x7f5768108650 0x7f576810aa40 unknown :-1 s=NONE pgs=0 cs=0 l=0 rev1=0 crypto rx=0 tx=0 comp rx=0 tx=0).connect
2024-03-15T13:42:40.721 INFO:teuthology.orchestra.run.smithi005.stdout:/usr/bin/ceph: stderr
2024-03-15T13:42:39.480+0000 7f576ce00700 1 -- --> [v2:172.21.15.5:3300/0,v1:172.21.15.5:6789/0] -- mon_getmap magic: 0 -- 0x7f576807beb0 con 0x7f5768108650
2024-03-15T13:42:40.721 INFO:teuthology.orchestra.run.smithi005.stdout:/usr/bin/ceph: stderr
2024-03-15T13:42:39.481+0000 7f5765e00700 1 --2- >> [v2:172.21.15.5:3300/0,v1:172.21.15.5:6789/0] conn(0x7f5768108650 0x7f576810aa40 unknown :-1 s=BANNER_CONNECTING pgs=0 cs=0 l=0 rev1=0 crypto rx=0 tx=0 comp rx=0 tx=0)._handle_peer_banner_payload supported=3 required=0
2024-03-15T13:42:40.721 INFO:teuthology.orchestra.run.smithi005.stdout:/usr/bin/ceph: stderr
2024-03-15T13:42:39.481+0000 7f5765e00700 1 --2- >> [v2:172.21.15.5:3300/0,v1:172.21.15.5:6789/0] conn(0x7f5768108650 0x7f576810aa40 unknown :-1 s=HELLO_CONNECTING pgs=0 cs=0 l=0 rev1=1 crypto rx=0 tx=0 comp rx=0 tx=0).handle_hello peer v2:172.21.15.5:3300/0 says I am v2:172.21.15.5:57684/0 (socket says 172.21.15.5:57684)
2024-03-15T13:42:40.721 INFO:teuthology.orchestra.run.smithi005.stdout:/usr/bin/ceph: stderr
2024-03-15T13:42:39.481+0000 7f5765e00700 1 -- 172.21.15.5:0/3064198611 learned_addr learned my addr 172.21.15.5:0/3064198611 (peer_addr_for_me v2:172.21.15.5:0/0)
2024-03-15T13:42:40.721 INFO:teuthology.orchestra.run.smithi005.stdout:/usr/bin/ceph: stderr
2024-03-15T13:42:39.481+0000 7f5765e00700 1 -- 172.21.15.5:0/3064198611 --> [v2:172.21.15.5:3300/0,v1:172.21.15.5:6789/0] -- mon_subscribe({config=0+,monmap=0+}) -- 0x7f576810af80 con 0x7f5768108650
2024-03-15T13:42:40.721 INFO:teuthology.orchestra.run.smithi005.stdout:/usr/bin/ceph: stderr
2024-03-15T13:42:39.482+0000 7f5765e00700 1 --2- 172.21.15.5:0/3064198611 >> [v2:172.21.15.5:3300/0,v1:172.21.15.5:6789/0] conn(0x7f5768108650 0x7f576810aa40 secure :-1 s=READY pgs=70 cs=0 l=1 rev1=1 crypto rx=0x7f57580098a0 tx=0x7f5758009bb0 comp rx=0 tx=0).ready entity=mon.0 client_cookie=24d3e91395870336 server_cookie=0 in_seq=0 out_seq=0
2024-03-15T13:42:40.722 INFO:teuthology.orchestra.run.smithi005.stdout:/usr/bin/ceph: stderr
2024-03-15T13:42:39.482+0000 7f5764a00700 1 -- 172.21.15.5:0/3064198611 <== mon.0 v2:172.21.15.5:3300/0 1 ==== mon_map magic: 0 ==== 205+0+0 (secure 0 0 0) 0x7f5758004160 con 0x7f5768108650
2024-03-15T13:42:40.722 INFO:teuthology.orchestra.run.smithi005.stdout:/usr/bin/ceph: stderr
2024-03-15T13:42:39.482+0000 7f5764a00700 1 -- 172.21.15.5:0/3064198611 <== mon.0 v2:172.21.15.5:3300/0 2 ==== config(27 keys) ==== 1140+0+0 (secure 0 0 0) 0x7f5758004300 con 0x7f5768108650
2024-03-15T13:42:40.722 INFO:teuthology.orchestra.run.smithi005.stdout:/usr/bin/ceph: stderr
2024-03-15T13:42:39.482+0000 7f5764a00700 1 -- 172.21.15.5:0/3064198611 <== mon.0 v2:172.21.15.5:3300/0 3 ==== mon_map magic: 0 ==== 205+0+0 (secure 0 0 0) 0x7f5758011b20 con 0x7f5768108650
2024-03-15T13:42:40.722 INFO:teuthology.orchestra.run.smithi005.stdout:/usr/bin/ceph: stderr
2024-03-15T13:42:39.483+0000 7f576ce00700 1 -- 172.21.15.5:0/3064198611 >> [v2:172.21.15.5:3300/0,v1:172.21.15.5:6789/0] conn(0x7f5768108650 msgr2=0x7f576810aa40 secure :-1 s=STATE_CONNECTION_ESTABLISHED l=1).mark_down
2024-03-15T13:42:40.722 INFO:teuthology.orchestra.run.smithi005.stdout:/usr/bin/ceph: stderr
2024-03-15T13:42:39.483+0000 7f576ce00700 1 --2- 172.21.15.5:0/3064198611 >> [v2:172.21.15.5:3300/0,v1:172.21.15.5:6789/0] conn(0x7f5768108650 0x7f576810aa40 secure :-1 s=READY pgs=70 cs=0 l=1 rev1=1 crypto rx=0x7f57580098a0 tx=0x7f5758009bb0 comp rx=0 tx=0).stop
2024-03-15T13:42:40.722 INFO:teuthology.orchestra.run.smithi005.stdout:/usr/bin/ceph: stderr
2024-03-15T13:42:39.483+0000 7f576ce00700 1 -- 172.21.15.5:0/3064198611 shutdown_connections
2024-03-15T13:42:40.722 INFO:teuthology.orchestra.run.smithi005.stdout:/usr/bin/ceph: stderr
2024-03-15T13:42:39.483+0000 7f576ce00700 1 --2- 172.21.15.5:0/3064198611 >> [v2:172.21.15.5:3300/0,v1:172.21.15.5:6789/0] conn(0x7f5768108650 0x7f576810aa40 unknown :-1 s=CLOSED pgs=70 cs=0 l=1 rev1=1 crypto rx=0 tx=0 comp rx=0 tx=0).stop
2024-03-15T13:42:40.722 INFO:teuthology.orchestra.run.smithi005.stdout:/usr/bin/ceph: stderr
2024-03-15T13:42:39.483+0000 7f576ce00700 1 -- 172.21.15.5:0/3064198611 >> 172.21.15.5:0/3064198611 conn(0x7f5768102060 msgr2=0x7f57681044c0 unknown :-1 s=STATE_NONE l=0).mark_down
2024-03-15T13:42:40.722 INFO:teuthology.orchestra.run.smithi005.stdout:/usr/bin/ceph: stderr
2024-03-15T13:42:39.483+0000 7f576ce00700 1 -- 172.21.15.5:0/3064198611 shutdown_connections
2024-03-15T13:42:40.722 INFO:teuthology.orchestra.run.smithi005.stdout:/usr/bin/ceph: stderr
2024-03-15T13:42:39.483+0000 7f576ce00700 1 -- 172.21.15.5:0/3064198611 wait complete.
2024-03-15T13:42:40.722 INFO:teuthology.orchestra.run.smithi005.stdout:/usr/bin/ceph: stderr
2024-03-15T13:42:39.484+0000 7f576ce00700 1 Processor -- start
2024-03-15T13:42:40.722 INFO:teuthology.orchestra.run.smithi005.stdout:/usr/bin/ceph: stderr
2024-03-15T13:42:39.484+0000 7f576ce00700 1 -- start start
2024-03-15T13:42:40.722 INFO:teuthology.orchestra.run.smithi005.stdout:/usr/bin/ceph: stderr
2024-03-15T13:42:39.485+0000 7f576ce00700 1 --2- >> [v2:172.21.15.5:3300/0,v1:172.21.15.5:6789/0] conn(0x7f5768108650 0x7f5768107ed0 unknown :-1 s=NONE pgs=0 cs=0 l=1 rev1=0 crypto rx=0 tx=0 comp rx=0 tx=0).connect
2024-03-15T13:42:40.723 INFO:teuthology.orchestra.run.smithi005.stdout:/usr/bin/ceph: stderr
2024-03-15T13:42:39.485+0000 7f576ce00700 1 -- --> [v2:172.21.15.5:3300/0,v1:172.21.15.5:6789/0] -- mon_getmap magic: 0 -- 0x7f576810bff0 con 0x7f5768108650
2024-03-15T13:42:40.723 INFO:teuthology.orchestra.run.smithi005.stdout:/usr/bin/ceph: stderr
2024-03-15T13:42:39.485+0000 7f5765e00700 1 --2- >> [v2:172.21.15.5:3300/0,v1:172.21.15.5:6789/0] conn(0x7f5768108650 0x7f5768107ed0 unknown :-1 s=BANNER_CONNECTING pgs=0 cs=0 l=1 rev1=0 crypto rx=0 tx=0 comp rx=0 tx=0)._handle_peer_banner_payload supported=3 required=0
2024-03-15T13:42:40.723 INFO:teuthology.orchestra.run.smithi005.stdout:/usr/bin/ceph: stderr
2024-03-15T13:42:39.485+0000 7f5765e00700 1 --2- >> [v2:172.21.15.5:3300/0,v1:172.21.15.5:6789/0] conn(0x7f5768108650 0x7f5768107ed0 unknown :-1 s=HELLO_CONNECTING pgs=0 cs=0 l=1 rev1=1 crypto rx=0 tx=0 comp rx=0 tx=0).handle_hello peer v2:172.21.15.5:3300/0 says I am v2:172.21.15.5:57700/0 (socket says 172.21.15.5:57700)
2024-03-15T13:42:40.723 INFO:teuthology.orchestra.run.smithi005.stdout:/usr/bin/ceph: stderr
2024-03-15T13:42:39.485+0000 7f5765e00700 1 -- 172.21.15.5:0/3531629487 learned_addr learned my addr 172.21.15.5:0/3531629487 (peer_addr_for_me v2:172.21.15.5:0/0)
2024-03-15T13:42:40.723 INFO:teuthology.orchestra.run.smithi005.stdout:/usr/bin/ceph: stderr
2024-03-15T13:42:39.485+0000 7f5765e00700 1 -- 172.21.15.5:0/3531629487 --> [v2:172.21.15.5:3300/0,v1:172.21.15.5:6789/0] -- mon_subscribe({config=0+,monmap=0+}) -- 0x7f5768108410 con 0x7f5768108650
2024-03-15T13:42:40.723 INFO:teuthology.orchestra.run.smithi005.stdout:/usr/bin/ceph: stderr
2024-03-15T13:42:39.486+0000 7f5765e00700 1 --2- 172.21.15.5:0/3531629487 >> [v2:172.21.15.5:3300/0,v1:172.21.15.5:6789/0] conn(0x7f5768108650 0x7f5768107ed0 secure :-1 s=READY pgs=71 cs=0 l=1 rev1=1 crypto rx=0x7f57580117e0 tx=0x7f5758011ba0 comp rx=0 tx=0).ready entity=mon.0 client_cookie=0 server_cookie=0 in_seq=0 out_seq=0
2024-03-15T13:42:40.723 INFO:teuthology.orchestra.run.smithi005.stdout:/usr/bin/ceph: stderr
2024-03-15T13:42:39.486+0000 7f575ea00700 1 -- 172.21.15.5:0/3531629487 <== mon.0 v2:172.21.15.5:3300/0 1 ==== mon_map magic: 0 ==== 205+0+0 (secure 0 0 0) 0x7f5758003ba0 con 0x7f5768108650
2024-03-15T13:42:40.723 INFO:teuthology.orchestra.run.smithi005.stdout:/usr/bin/ceph: stderr
2024-03-15T13:42:39.486+0000 7f575ea00700 1 -- 172.21.15.5:0/3531629487 <== mon.0 v2:172.21.15.5:3300/0 2 ==== config(27 keys) ==== 1140+0+0 (secure 0 0 0) 0x7f575801a910 con 0x7f5768108650
2024-03-15T13:42:40.723 INFO:teuthology.orchestra.run.smithi005.stdout:/usr/bin/ceph: stderr
2024-03-15T13:42:39.486+0000 7f575ea00700 1 -- 172.21.15.5:0/3531629487 <== mon.0 v2:172.21.15.5:3300/0 3 ==== mon_map magic: 0 ==== 205+0+0 (secure 0 0 0) 0x7f57580248f0 con 0x7f5768108650
2024-03-15T13:42:40.723 INFO:teuthology.orchestra.run.smithi005.stdout:/usr/bin/ceph: stderr
2024-03-15T13:42:39.486+0000 7f576ce00700 1 -- 172.21.15.5:0/3531629487 --> [v2:172.21.15.5:3300/0,v1:172.21.15.5:6789/0] -- mon_subscribe({mgrmap=0+}) -- 0x7f5768106600 con 0x7f5768108650
2024-03-15T13:42:40.723 INFO:teuthology.orchestra.run.smithi005.stdout:/usr/bin/ceph: stderr
2024-03-15T13:42:39.486+0000 7f576ce00700 1 -- 172.21.15.5:0/3531629487 --> [v2:172.21.15.5:3300/0,v1:172.21.15.5:6789/0] -- mon_subscribe({osdmap=0}) -- 0x7f5768106ac0 con 0x7f5768108650
2024-03-15T13:42:40.723 INFO:teuthology.orchestra.run.smithi005.stdout:/usr/bin/ceph: stderr
2024-03-15T13:42:39.487+0000 7f575ea00700 1 -- 172.21.15.5:0/3531629487 <== mon.0 v2:172.21.15.5:3300/0 4 ==== mgrmap(e 12) ==== 46119+0+0 (secure 0 0 0) 0x7f5758022020 con 0x7f5768108650
2024-03-15T13:42:40.723 INFO:teuthology.orchestra.run.smithi005.stdout:/usr/bin/ceph: stderr
2024-03-15T13:42:39.488+0000 7f576ce00700 1 -- 172.21.15.5:0/3531629487 --> [v2:172.21.15.5:3300/0,v1:172.21.15.5:6789/0] -- mon_command({"prefix": "get_command_descriptions"} v 0) -- 0x7f5768063900 con 0x7f5768108650
2024-03-15T13:42:40.723 INFO:teuthology.orchestra.run.smithi005.stdout:/usr/bin/ceph: stderr
2024-03-15T13:42:39.488+0000 7f575ea00700 1 --2- 172.21.15.5:0/3531629487 >> [v2:172.21.15.5:6800/642542054,v1:172.21.15.5:6801/642542054] conn(0x7f574c039020 0x7f574c03b4e0 unknown :-1 s=NONE pgs=0 cs=0 l=1 rev1=0 crypto rx=0 tx=0 comp rx=0 tx=0).connect
2024-03-15T13:42:40.724 INFO:teuthology.orchestra.run.smithi005.stdout:/usr/bin/ceph: stderr
2024-03-15T13:42:39.488+0000 7f575ea00700 1 -- 172.21.15.5:0/3531629487 <== mon.0 v2:172.21.15.5:3300/0 5 ==== osd_map(3..3 src has 1..3) ==== 1155+0+0 (secure 0 0 0) 0x7f575804d480 con 0x7f5768108650
2024-03-15T13:42:40.724 INFO:teuthology.orchestra.run.smithi005.stdout:/usr/bin/ceph: stderr
2024-03-15T13:42:39.488+0000 7f5765400700 1 --2- 172.21.15.5:0/3531629487 >> [v2:172.21.15.5:6800/642542054,v1:172.21.15.5:6801/642542054] conn(0x7f574c039020 0x7f574c03b4e0 unknown :-1 s=BANNER_CONNECTING pgs=0 cs=0 l=1 rev1=0 crypto rx=0 tx=0 comp rx=0 tx=0)._handle_peer_banner_payload supported=3 required=0
2024-03-15T13:42:40.724 INFO:teuthology.orchestra.run.smithi005.stdout:/usr/bin/ceph: stderr
2024-03-15T13:42:39.489+0000 7f5765400700 1 --2- 172.21.15.5:0/3531629487 >> [v2:172.21.15.5:6800/642542054,v1:172.21.15.5:6801/642542054] conn(0x7f574c039020 0x7f574c03b4e0 secure :-1 s=READY pgs=7 cs=0 l=1 rev1=1 crypto rx=0x7f5754006fd0 tx=0x7f5754006e40 comp rx=0 tx=0).ready entity=mgr.14152 client_cookie=0 server_cookie=0 in_seq=0 out_seq=0
2024-03-15T13:42:40.724 INFO:teuthology.orchestra.run.smithi005.stdout:/usr/bin/ceph: stderr
2024-03-15T13:42:39.494+0000 7f575ea00700 1 -- 172.21.15.5:0/3531629487 <== mon.0 v2:172.21.15.5:3300/0 6 ==== mon_command_ack([{"prefix": "get_command_descriptions"}]=0 v0) ==== 72+0+186149 (secure 0 0 0) 0x7f575801ab70 con 0x7f5768108650
2024-03-15T13:42:40.724 INFO:teuthology.orchestra.run.smithi005.stdout:/usr/bin/ceph: stderr
2024-03-15T13:42:39.731+0000 7f576ce00700 1 -- 172.21.15.5:0/3531629487 --> [v2:172.21.15.5:6800/642542054,v1:172.21.15.5:6801/642542054] -- mgr_command(tid 0: {"prefix": "dashboard create-self-signed-cert", "target": ["mon-mgr", ""]}) -- 0x7f57681072a0 con 0x7f574c039020
2024-03-15T13:42:40.724 INFO:teuthology.orchestra.run.smithi005.stdout:/usr/bin/ceph: stderr
2024-03-15T13:42:39.829+0000 7f575ea00700 1 -- 172.21.15.5:0/3531629487 <== mgr.14152 v2:172.21.15.5:6800/642542054 1 ==== mgr_command_reply(tid 0: 0 ) ==== 8+0+32 (secure 0 0 0) 0x7f57681072a0 con 0x7f574c039020
2024-03-15T13:42:40.724 INFO:teuthology.orchestra.run.smithi005.stdout:/usr/bin/ceph: stderr
2024-03-15T13:42:39.832+0000 7f576ce00700 1 -- 172.21.15.5:0/3531629487 >> [v2:172.21.15.5:6800/642542054,v1:172.21.15.5:6801/642542054] conn(0x7f574c039020 msgr2=0x7f574c03b4e0 secure :-1 s=STATE_CONNECTION_ESTABLISHED l=1).mark_down
2024-03-15T13:42:40.724 INFO:teuthology.orchestra.run.smithi005.stdout:/usr/bin/ceph: stderr
2024-03-15T13:42:39.832+0000 7f576ce00700 1 --2- 172.21.15.5:0/3531629487 >> [v2:172.21.15.5:6800/642542054,v1:172.21.15.5:6801/642542054] conn(0x7f574c039020 0x7f574c03b4e0 secure :-1 s=READY pgs=7 cs=0 l=1 rev1=1 crypto rx=0x7f5754006fd0 tx=0x7f5754006e40 comp rx=0 tx=0).stop
2024-03-15T13:42:40.724 INFO:teuthology.orchestra.run.smithi005.stdout:/usr/bin/ceph: stderr
2024-03-15T13:42:39.832+0000 7f576ce00700 1 -- 172.21.15.5:0/3531629487 >> [v2:172.21.15.5:3300/0,v1:172.21.15.5:6789/0] conn(0x7f5768108650 msgr2=0x7f5768107ed0 secure :-1 s=STATE_CONNECTION_ESTABLISHED l=1).mark_down
2024-03-15T13:42:40.724 INFO:teuthology.orchestra.run.smithi005.stdout:/usr/bin/ceph: stderr
2024-03-15T13:42:39.832+0000 7f576ce00700 1 --2- 172.21.15.5:0/3531629487 >> [v2:172.21.15.5:3300/0,v1:172.21.15.5:6789/0] conn(0x7f5768108650 0x7f5768107ed0 secure :-1 s=READY pgs=71 cs=0 l=1 rev1=1 crypto rx=0x7f57580117e0 tx=0x7f5758011ba0 comp rx=0 tx=0).stop
2024-03-15T13:42:40.724 INFO:teuthology.orchestra.run.smithi005.stdout:/usr/bin/ceph: stderr
2024-03-15T13:42:39.833+0000 7f576ce00700 1 -- 172.21.15.5:0/3531629487 shutdown_connections
2024-03-15T13:42:40.724 INFO:teuthology.orchestra.run.smithi005.stdout:/usr/bin/ceph: stderr
2024-03-15T13:42:39.833+0000 7f576ce00700 1 --2- 172.21.15.5:0/3531629487 >> [v2:172.21.15.5:6800/642542054,v1:172.21.15.5:6801/642542054] conn(0x7f574c039020 0x7f574c03b4e0 unknown :-1 s=CLOSED pgs=7 cs=0 l=1 rev1=1 crypto rx=0 tx=0 comp rx=0 tx=0).stop
2024-03-15T13:42:40.724 INFO:teuthology.orchestra.run.smithi005.stdout:/usr/bin/ceph: stderr
2024-03-15T13:42:39.833+0000 7f576ce00700 1 --2- 172.21.15.5:0/3531629487 >> [v2:172.21.15.5:3300/0,v1:172.21.15.5:6789/0] conn(0x7f5768108650 0x7f5768107ed0 unknown :-1 s=CLOSED pgs=71 cs=0 l=1 rev1=1 crypto rx=0 tx=0 comp rx=0 tx=0).stop
2024-03-15T13:42:40.724 INFO:teuthology.orchestra.run.smithi005.stdout:/usr/bin/ceph: stderr
2024-03-15T13:42:39.833+0000 7f576ce00700 1 -- 172.21.15.5:0/3531629487 >> 172.21.15.5:0/3531629487 conn(0x7f5768102060 msgr2=0x7f5768102b50 unknown :-1 s=STATE_NONE l=0).mark_down
2024-03-15T13:42:40.724 INFO:teuthology.orchestra.run.smithi005.stdout:/usr/bin/ceph: stderr
2024-03-15T13:42:39.833+0000 7f576ce00700 1 -- 172.21.15.5:0/3531629487 shutdown_connections
2024-03-15T13:42:40.725 INFO:teuthology.orchestra.run.smithi005.stdout:/usr/bin/ceph: stderr
2024-03-15T13:42:39.833+0000 7f576ce00700 1 -- 172.21.15.5:0/3531629487 wait complete.
2024-03-15T13:42:40.725 INFO:teuthology.orchestra.run.smithi005.stdout:Creating initial admin user...
2024-03-15T13:42:42.586 INFO:teuthology.orchestra.run.smithi005.stdout:/usr/bin/ceph: stdout {"username": "admin", "password": "$2b$12$SPc9oXhyL6Iu7r3waq3cwemvD6Jhii2Kbnixv1.ak9SlbhD7fTbny", "roles": ["administrator"], "name": null, "email": null, "lastUpdate": 1710510161, "enabled": true, "pwdExpirationDate": null, "pwdUpdateRequired": true}
2024-03-15T13:42:42.586 INFO:teuthology.orchestra.run.smithi005.stdout:/usr/bin/ceph: stderr
2024-03-15T13:42:41.400+0000 7f5588800700 1 Processor -- start
2024-03-15T13:42:42.586 INFO:teuthology.orchestra.run.smithi005.stdout:/usr/bin/ceph: stderr
2024-03-15T13:42:41.400+0000 7f5588800700 1 -- start start
2024-03-15T13:42:42.587 INFO:teuthology.orchestra.run.smithi005.stdout:/usr/bin/ceph: stderr
2024-03-15T13:42:41.401+0000 7f5588800700 1 --2- >> [v2:172.21.15.5:3300/0,v1:172.21.15.5:6789/0] conn(0x7f5580107d00 0x7f5580108120 unknown :-1 s=NONE pgs=0 cs=0 l=0 rev1=0 crypto rx=0 tx=0 comp rx=0 tx=0).connect
2024-03-15T13:42:42.587 INFO:teuthology.orchestra.run.smithi005.stdout:/usr/bin/ceph: stderr
2024-03-15T13:42:41.401+0000 7f5588800700 1 -- --> [v2:172.21.15.5:3300/0,v1:172.21.15.5:6789/0] -- mon_getmap magic: 0 -- 0x7f5580108660 con 0x7f5580107d00
2024-03-15T13:42:42.587 INFO:teuthology.orchestra.run.smithi005.stdout:/usr/bin/ceph: stderr
2024-03-15T13:42:41.401+0000 7f5585e00700 1 --2- >> [v2:172.21.15.5:3300/0,v1:172.21.15.5:6789/0] conn(0x7f5580107d00 0x7f5580108120 unknown :-1 s=BANNER_CONNECTING pgs=0 cs=0 l=0 rev1=0 crypto rx=0 tx=0 comp rx=0 tx=0)._handle_peer_banner_payload supported=3 required=0
2024-03-15T13:42:42.587 INFO:teuthology.orchestra.run.smithi005.stdout:/usr/bin/ceph: stderr
2024-03-15T13:42:41.401+0000 7f5585e00700 1 --2- >> [v2:172.21.15.5:3300/0,v1:172.21.15.5:6789/0] conn(0x7f5580107d00 0x7f5580108120 unknown :-1 s=HELLO_CONNECTING pgs=0 cs=0 l=0 rev1=1 crypto rx=0 tx=0 comp rx=0 tx=0).handle_hello peer v2:172.21.15.5:3300/0 says I am v2:172.21.15.5:57702/0 (socket says 172.21.15.5:57702)
2024-03-15T13:42:42.587 INFO:teuthology.orchestra.run.smithi005.stdout:/usr/bin/ceph: stderr
2024-03-15T13:42:41.401+0000 7f5585e00700 1 -- 172.21.15.5:0/368757882 learned_addr learned my addr 172.21.15.5:0/368757882 (peer_addr_for_me v2:172.21.15.5:0/0)
2024-03-15T13:42:42.587 INFO:teuthology.orchestra.run.smithi005.stdout:/usr/bin/ceph: stderr
2024-03-15T13:42:41.402+0000 7f5585e00700 1 -- 172.21.15.5:0/368757882 --> [v2:172.21.15.5:3300/0,v1:172.21.15.5:6789/0] -- mon_subscribe({config=0+,monmap=0+}) -- 0x7f55801087e0 con 0x7f5580107d00
2024-03-15T13:42:42.587 INFO:teuthology.orchestra.run.smithi005.stdout:/usr/bin/ceph: stderr
2024-03-15T13:42:41.402+0000 7f5585e00700 1 --2- 172.21.15.5:0/368757882 >> [v2:172.21.15.5:3300/0,v1:172.21.15.5:6789/0] conn(0x7f5580107d00 0x7f5580108120 secure :-1 s=READY pgs=72 cs=0 l=1 rev1=1 crypto rx=0x7f55740098a0 tx=0x7f5574009bb0 comp rx=0 tx=0).ready entity=mon.0 client_cookie=15149626a0c971e7 server_cookie=0 in_seq=0 out_seq=0
2024-03-15T13:42:42.587 INFO:teuthology.orchestra.run.smithi005.stdout:/usr/bin/ceph: stderr
2024-03-15T13:42:41.402+0000 7f5584a00700 1 -- 172.21.15.5:0/368757882 <== mon.0 v2:172.21.15.5:3300/0 1 ==== mon_map magic: 0 ==== 205+0+0 (secure 0 0 0) 0x7f5574004160 con 0x7f5580107d00
2024-03-15T13:42:42.587 INFO:teuthology.orchestra.run.smithi005.stdout:/usr/bin/ceph: stderr
2024-03-15T13:42:41.402+0000 7f5584a00700 1 -- 172.21.15.5:0/368757882 <== mon.0 v2:172.21.15.5:3300/0 2 ==== config(27 keys) ==== 1140+0+0 (secure 0 0 0) 0x7f5574004300 con 0x7f5580107d00
2024-03-15T13:42:42.587 INFO:teuthology.orchestra.run.smithi005.stdout:/usr/bin/ceph: stderr
2024-03-15T13:42:41.402+0000 7f5584a00700 1 -- 172.21.15.5:0/368757882 <== mon.0 v2:172.21.15.5:3300/0 3 ==== mon_map magic: 0 ==== 205+0+0 (secure 0 0 0) 0x7f5574011b20 con 0x7f5580107d00
2024-03-15T13:42:42.587 INFO:teuthology.orchestra.run.smithi005.stdout:/usr/bin/ceph: stderr
2024-03-15T13:42:41.403+0000 7f5588800700 1 -- 172.21.15.5:0/368757882 >> [v2:172.21.15.5:3300/0,v1:172.21.15.5:6789/0] conn(0x7f5580107d00 msgr2=0x7f5580108120 secure :-1 s=STATE_CONNECTION_ESTABLISHED l=1).mark_down
2024-03-15T13:42:42.587 INFO:teuthology.orchestra.run.smithi005.stdout:/usr/bin/ceph: stderr
2024-03-15T13:42:41.403+0000 7f5588800700 1 --2- 172.21.15.5:0/368757882 >> [v2:172.21.15.5:3300/0,v1:172.21.15.5:6789/0] conn(0x7f5580107d00 0x7f5580108120 secure :-1 s=READY pgs=72 cs=0 l=1 rev1=1 crypto rx=0x7f55740098a0 tx=0x7f5574009bb0 comp rx=0 tx=0).stop
2024-03-15T13:42:42.588 INFO:teuthology.orchestra.run.smithi005.stdout:/usr/bin/ceph: stderr
2024-03-15T13:42:41.403+0000 7f5588800700 1 -- 172.21.15.5:0/368757882 shutdown_connections
2024-03-15T13:42:42.588 INFO:teuthology.orchestra.run.smithi005.stdout:/usr/bin/ceph: stderr
2024-03-15T13:42:41.403+0000 7f5588800700 1 --2- 172.21.15.5:0/368757882 >> [v2:172.21.15.5:3300/0,v1:172.21.15.5:6789/0] conn(0x7f5580107d00 0x7f5580108120 unknown :-1 s=CLOSED pgs=72 cs=0 l=1 rev1=1 crypto rx=0 tx=0 comp rx=0 tx=0).stop
2024-03-15T13:42:42.588 INFO:teuthology.orchestra.run.smithi005.stdout:/usr/bin/ceph: stderr
2024-03-15T13:42:41.403+0000 7f5588800700 1 -- 172.21.15.5:0/368757882 >> 172.21.15.5:0/368757882 conn(0x7f5580103360 msgr2=0x7f5580105780 unknown :-1 s=STATE_NONE l=0).mark_down
2024-03-15T13:42:42.588 INFO:teuthology.orchestra.run.smithi005.stdout:/usr/bin/ceph: stderr
2024-03-15T13:42:41.403+0000 7f5588800700 1 -- 172.21.15.5:0/368757882 shutdown_connections
2024-03-15T13:42:42.588 INFO:teuthology.orchestra.run.smithi005.stdout:/usr/bin/ceph: stderr
2024-03-15T13:42:41.403+0000 7f5588800700 1 -- 172.21.15.5:0/368757882 wait complete.
2024-03-15T13:42:42.588 INFO:teuthology.orchestra.run.smithi005.stdout:/usr/bin/ceph: stderr
2024-03-15T13:42:41.404+0000 7f5588800700 1 Processor -- start
2024-03-15T13:42:42.588 INFO:teuthology.orchestra.run.smithi005.stdout:/usr/bin/ceph: stderr
2024-03-15T13:42:41.405+0000 7f5588800700 1 -- start start
2024-03-15T13:42:42.588 INFO:teuthology.orchestra.run.smithi005.stdout:/usr/bin/ceph: stderr
2024-03-15T13:42:41.405+0000 7f5588800700 1 --2- >> [v2:172.21.15.5:3300/0,v1:172.21.15.5:6789/0] conn(0x7f5580107d00 0x7f558019dd20 unknown :-1 s=NONE pgs=0 cs=0 l=1 rev1=0 crypto rx=0 tx=0 comp rx=0 tx=0).connect
2024-03-15T13:42:42.588 INFO:teuthology.orchestra.run.smithi005.stdout:/usr/bin/ceph: stderr
2024-03-15T13:42:41.405+0000 7f5588800700 1 -- --> [v2:172.21.15.5:3300/0,v1:172.21.15.5:6789/0] -- mon_getmap magic: 0 -- 0x7f558010c120 con 0x7f5580107d00
2024-03-15T13:42:42.588 INFO:teuthology.orchestra.run.smithi005.stdout:/usr/bin/ceph: stderr
2024-03-15T13:42:41.405+0000 7f5585e00700 1 --2- >> [v2:172.21.15.5:3300/0,v1:172.21.15.5:6789/0] conn(0x7f5580107d00 0x7f558019dd20 unknown :-1 s=BANNER_CONNECTING pgs=0 cs=0 l=1 rev1=0 crypto rx=0 tx=0 comp rx=0 tx=0)._handle_peer_banner_payload supported=3 required=0
2024-03-15T13:42:42.588 INFO:teuthology.orchestra.run.smithi005.stdout:/usr/bin/ceph: stderr
2024-03-15T13:42:41.405+0000 7f5585e00700 1 --2- >> [v2:172.21.15.5:3300/0,v1:172.21.15.5:6789/0] conn(0x7f5580107d00 0x7f558019dd20 unknown :-1 s=HELLO_CONNECTING pgs=0 cs=0 l=1 rev1=1 crypto rx=0 tx=0 comp rx=0 tx=0).handle_hello peer v2:172.21.15.5:3300/0 says I am v2:172.21.15.5:57704/0 (socket says 172.21.15.5:57704)
2024-03-15T13:42:42.588 INFO:teuthology.orchestra.run.smithi005.stdout:/usr/bin/ceph: stderr
2024-03-15T13:42:41.405+0000 7f5585e00700 1 -- 172.21.15.5:0/3092634471 learned_addr learned my addr 172.21.15.5:0/3092634471 (peer_addr_for_me v2:172.21.15.5:0/0)
2024-03-15T13:42:42.589 INFO:teuthology.orchestra.run.smithi005.stdout:/usr/bin/ceph: stderr
2024-03-15T13:42:41.406+0000 7f5585e00700 1 -- 172.21.15.5:0/3092634471 --> [v2:172.21.15.5:3300/0,v1:172.21.15.5:6789/0] -- mon_subscribe({config=0+,monmap=0+}) -- 0x7f558019e260 con 0x7f5580107d00
2024-03-15T13:42:42.589 INFO:teuthology.orchestra.run.smithi005.stdout:/usr/bin/ceph: stderr
2024-03-15T13:42:41.406+0000 7f5585e00700 1 --2- 172.21.15.5:0/3092634471 >> [v2:172.21.15.5:3300/0,v1:172.21.15.5:6789/0] conn(0x7f5580107d00 0x7f558019dd20 secure :-1 s=READY pgs=73 cs=0 l=1 rev1=1 crypto rx=0x7f55740117e0 tx=0x7f5574011ba0 comp rx=0 tx=0).ready entity=mon.0 client_cookie=0 server_cookie=0 in_seq=0 out_seq=0
2024-03-15T13:42:42.589 INFO:teuthology.orchestra.run.smithi005.stdout:/usr/bin/ceph: stderr
