2024-03-15T13:42:22.418 INFO:teuthology.orchestra.run.smithi103.stdout:/usr/bin/ceph: stderr
2024-03-15T13:42:21.631+0000 7f4b1affd700 1 --2- 172.21.15.103:0/2015946014 >> [v2:172.21.15.103:6800/1522911166,v1:172.21.15.103:6801/1522911166] conn(0x7f4b140367e0 0x7f4b14038c90 unknown :-1 s=NONE pgs=0 cs=0 l=1 rev1=0 crypto rx=0 tx=0 comp rx=0 tx=0).connect
2024-03-15T13:42:22.418 INFO:teuthology.orchestra.run.smithi103.stdout:/usr/bin/ceph: stderr
2024-03-15T13:42:21.631+0000 7f4b30890700 1 -- 172.21.15.103:0/2015946014 --> [v2:172.21.15.103:3300/0,v1:172.21.15.103:6789/0] -- mon_command({"prefix": "get_command_descriptions"} v 0) v1 -- 0x7f4b2c04bed0 con 0x7f4b2c1015d0
2024-03-15T13:42:22.418 INFO:teuthology.orchestra.run.smithi103.stdout:/usr/bin/ceph: stderr
2024-03-15T13:42:21.631+0000 7f4b1affd700 1 -- 172.21.15.103:0/2015946014 <== mon.0 v2:172.21.15.103:3300/0 5 ==== osd_map(2..2 src has 1..2) v4 ==== 936+0+0 (secure 0 0 0) 0x7f4b1c04a370 con 0x7f4b2c1015d0
2024-03-15T13:42:22.418 INFO:teuthology.orchestra.run.smithi103.stdout:/usr/bin/ceph: stderr
2024-03-15T13:42:21.631+0000 7f4b29d9b700 1 --2- 172.21.15.103:0/2015946014 >> [v2:172.21.15.103:6800/1522911166,v1:172.21.15.103:6801/1522911166] conn(0x7f4b140367e0 0x7f4b14038c90 unknown :-1 s=BANNER_CONNECTING pgs=0 cs=0 l=1 rev1=0 crypto rx=0 tx=0 comp rx=0 tx=0)._handle_peer_banner_payload supported=3 required=0
2024-03-15T13:42:22.418 INFO:teuthology.orchestra.run.smithi103.stdout:/usr/bin/ceph: stderr
2024-03-15T13:42:21.631+0000 7f4b29d9b700 1 --2- 172.21.15.103:0/2015946014 >> [v2:172.21.15.103:6800/1522911166,v1:172.21.15.103:6801/1522911166] conn(0x7f4b140367e0 0x7f4b14038c90 secure :-1 s=READY pgs=18 cs=0 l=1 rev1=1 crypto rx=0x7f4b20009990 tx=0x7f4b20006e40 comp rx=0 tx=0).ready entity=mgr.14120 client_cookie=0 server_cookie=0 in_seq=0 out_seq=0
2024-03-15T13:42:22.418 INFO:teuthology.orchestra.run.smithi103.stdout:/usr/bin/ceph: stderr
2024-03-15T13:42:21.635+0000 7f4b1affd700 1 -- 172.21.15.103:0/2015946014 <== mon.0 v2:172.21.15.103:3300/0 6 ==== mon_command_ack([{"prefix": "get_command_descriptions"}]=0 v0) v1 ==== 72+0+175445 (secure 0 0 0) 0x7f4b1c02b8e0 con 0x7f4b2c1015d0
2024-03-15T13:42:22.418 INFO:teuthology.orchestra.run.smithi103.stdout:/usr/bin/ceph: stderr
2024-03-15T13:42:21.836+0000 7f4b30890700 1 -- 172.21.15.103:0/2015946014 --> [v2:172.21.15.103:6800/1522911166,v1:172.21.15.103:6801/1522911166] -- mgr_command(tid 0: {"prefix": "orch apply", "service_type": "alertmanager", "target": ["mon-mgr", ""]}) v1 -- 0x7f4b2c116ce0 con 0x7f4b140367e0
2024-03-15T13:42:22.418 INFO:teuthology.orchestra.run.smithi103.stdout:/usr/bin/ceph: stderr
2024-03-15T13:42:21.843+0000 7f4b1affd700 1 -- 172.21.15.103:0/2015946014 <== mgr.14120 v2:172.21.15.103:6800/1522911166 1 ==== mgr_command_reply(tid 0: 0 ) v1 ==== 8+0+33 (secure 0 0 0) 0x7f4b2c116ce0 con 0x7f4b140367e0
2024-03-15T13:42:22.419 INFO:teuthology.orchestra.run.smithi103.stdout:/usr/bin/ceph: stderr
2024-03-15T13:42:21.845+0000 7f4b30890700 1 -- 172.21.15.103:0/2015946014 >> [v2:172.21.15.103:6800/1522911166,v1:172.21.15.103:6801/1522911166] conn(0x7f4b140367e0 msgr2=0x7f4b14038c90 secure :-1 s=STATE_CONNECTION_ESTABLISHED l=1).mark_down
2024-03-15T13:42:22.419 INFO:teuthology.orchestra.run.smithi103.stdout:/usr/bin/ceph: stderr
2024-03-15T13:42:21.845+0000 7f4b30890700 1 --2- 172.21.15.103:0/2015946014 >> [v2:172.21.15.103:6800/1522911166,v1:172.21.15.103:6801/1522911166] conn(0x7f4b140367e0 0x7f4b14038c90 secure :-1 s=READY pgs=18 cs=0 l=1 rev1=1 crypto rx=0x7f4b20009990 tx=0x7f4b20006e40 comp rx=0 tx=0).stop
2024-03-15T13:42:22.419 INFO:teuthology.orchestra.run.smithi103.stdout:/usr/bin/ceph: stderr
2024-03-15T13:42:21.845+0000 7f4b30890700 1 -- 172.21.15.103:0/2015946014 >> [v2:172.21.15.103:3300/0,v1:172.21.15.103:6789/0] conn(0x7f4b2c1015d0 msgr2=0x7f4b2c071200 secure :-1 s=STATE_CONNECTION_ESTABLISHED l=1).mark_down
2024-03-15T13:42:22.419 INFO:teuthology.orchestra.run.smithi103.stdout:/usr/bin/ceph: stderr
2024-03-15T13:42:21.845+0000 7f4b30890700 1 --2- 172.21.15.103:0/2015946014 >> [v2:172.21.15.103:3300/0,v1:172.21.15.103:6789/0] conn(0x7f4b2c1015d0 0x7f4b2c071200 secure :-1 s=READY pgs=60 cs=0 l=1 rev1=1 crypto rx=0x7f4b1c011c10 tx=0x7f4b1c009250 comp rx=0 tx=0).stop
2024-03-15T13:42:22.419 INFO:teuthology.orchestra.run.smithi103.stdout:/usr/bin/ceph: stderr
2024-03-15T13:42:21.845+0000 7f4b30890700 1 -- 172.21.15.103:0/2015946014 shutdown_connections
2024-03-15T13:42:22.419 INFO:teuthology.orchestra.run.smithi103.stdout:/usr/bin/ceph: stderr
2024-03-15T13:42:21.845+0000 7f4b30890700 1 --2- 172.21.15.103:0/2015946014 >> [v2:172.21.15.103:6800/1522911166,v1:172.21.15.103:6801/1522911166] conn(0x7f4b140367e0 0x7f4b14038c90 unknown :-1 s=CLOSED pgs=18 cs=0 l=1 rev1=1 crypto rx=0 tx=0 comp rx=0 tx=0).stop
2024-03-15T13:42:22.419 INFO:teuthology.orchestra.run.smithi103.stdout:/usr/bin/ceph: stderr
2024-03-15T13:42:21.845+0000 7f4b30890700 1 --2- 172.21.15.103:0/2015946014 >> [v2:172.21.15.103:3300/0,v1:172.21.15.103:6789/0] conn(0x7f4b2c1015d0 0x7f4b2c071200 unknown :-1 s=CLOSED pgs=60 cs=0 l=1 rev1=1 crypto rx=0 tx=0 comp rx=0 tx=0).stop
2024-03-15T13:42:22.419 INFO:teuthology.orchestra.run.smithi103.stdout:/usr/bin/ceph: stderr
2024-03-15T13:42:21.845+0000 7f4b30890700 1 -- 172.21.15.103:0/2015946014 >> 172.21.15.103:0/2015946014 conn(0x7f4b2c0fcd50 msgr2=0x7f4b2c0fd8d0 unknown :-1 s=STATE_NONE l=0).mark_down
2024-03-15T13:42:22.419 INFO:teuthology.orchestra.run.smithi103.stdout:/usr/bin/ceph: stderr
2024-03-15T13:42:21.845+0000 7f4b30890700 1 -- 172.21.15.103:0/2015946014 shutdown_connections
2024-03-15T13:42:22.419 INFO:teuthology.orchestra.run.smithi103.stdout:/usr/bin/ceph: stderr
2024-03-15T13:42:21.845+0000 7f4b30890700 1 -- 172.21.15.103:0/2015946014 wait complete.
2024-03-15T13:42:23.027 INFO:journalctl@ceph.mon.smithi103.smithi103.stdout:Mar 15 13:42:22 smithi103 ceph-mon[28984]: from='client.14154 -' entity='client.admin' cmd=[{"prefix": "orch apply", "service_type": "alertmanager", "target": ["mon-mgr", ""]}]: dispatch
2024-03-15T13:42:23.027 INFO:journalctl@ceph.mon.smithi103.smithi103.stdout:Mar 15 13:42:22 smithi103 ceph-mon[28984]: Saving service alertmanager spec with placement count:1
2024-03-15T13:42:23.027 INFO:journalctl@ceph.mon.smithi103.smithi103.stdout:Mar 15 13:42:22 smithi103 ceph-mon[28984]: from='mgr.14120 172.21.15.103:0/293766235' entity='mgr.smithi103.mvhcny'
2024-03-15T13:42:23.027 INFO:journalctl@ceph.mon.smithi103.smithi103.stdout:Mar 15 13:42:22 smithi103 ceph-mon[28984]: pgmap v3: 0 pgs: ; 0 B data, 0 B used, 0 B / 0 B avail
2024-03-15T13:42:23.563 INFO:teuthology.orchestra.run.smithi103.stdout:/usr/bin/ceph: stderr
2024-03-15T13:42:22.843+0000 7f0fc9f57700 1 Processor -- start
2024-03-15T13:42:23.563 INFO:teuthology.orchestra.run.smithi103.stdout:/usr/bin/ceph: stderr
2024-03-15T13:42:22.843+0000 7f0fc9f57700 1 -- start start
2024-03-15T13:42:23.564 INFO:teuthology.orchestra.run.smithi103.stdout:/usr/bin/ceph: stderr
2024-03-15T13:42:22.844+0000 7f0fc9f57700 1 --2- >> [v2:172.21.15.103:3300/0,v1:172.21.15.103:6789/0] conn(0x7f0fc4101600 0x7f0fc4101a10 unknown :-1 s=NONE pgs=0 cs=0 l=0 rev1=0 crypto rx=0 tx=0 comp rx=0 tx=0).connect
2024-03-15T13:42:23.564 INFO:teuthology.orchestra.run.smithi103.stdout:/usr/bin/ceph: stderr
2024-03-15T13:42:22.844+0000 7f0fc9f57700 1 -- --> [v2:172.21.15.103:3300/0,v1:172.21.15.103:6789/0] -- mon_getmap magic: 0 v1 -- 0x7f0fc4101f50 con 0x7f0fc4101600
2024-03-15T13:42:23.564 INFO:teuthology.orchestra.run.smithi103.stdout:/usr/bin/ceph: stderr
2024-03-15T13:42:22.844+0000 7f0fc37fe700 1 --2- >> [v2:172.21.15.103:3300/0,v1:172.21.15.103:6789/0] conn(0x7f0fc4101600 0x7f0fc4101a10 unknown :-1 s=BANNER_CONNECTING pgs=0 cs=0 l=0 rev1=0 crypto rx=0 tx=0 comp rx=0 tx=0)._handle_peer_banner_payload supported=3 required=0
2024-03-15T13:42:23.564 INFO:teuthology.orchestra.run.smithi103.stdout:/usr/bin/ceph: stderr
2024-03-15T13:42:22.844+0000 7f0fc37fe700 1 --2- >> [v2:172.21.15.103:3300/0,v1:172.21.15.103:6789/0] conn(0x7f0fc4101600 0x7f0fc4101a10 unknown :-1 s=HELLO_CONNECTING pgs=0 cs=0 l=0 rev1=1 crypto rx=0 tx=0 comp rx=0 tx=0).handle_hello peer v2:172.21.15.103:3300/0 says I am v2:172.21.15.103:43644/0 (socket says 172.21.15.103:43644)
2024-03-15T13:42:23.564 INFO:teuthology.orchestra.run.smithi103.stdout:/usr/bin/ceph: stderr
2024-03-15T13:42:22.844+0000 7f0fc37fe700 1 -- 172.21.15.103:0/1453494241 learned_addr learned my addr 172.21.15.103:0/1453494241 (peer_addr_for_me v2:172.21.15.103:0/0)
2024-03-15T13:42:23.564 INFO:teuthology.orchestra.run.smithi103.stdout:/usr/bin/ceph: stderr
2024-03-15T13:42:22.844+0000 7f0fc37fe700 1 -- 172.21.15.103:0/1453494241 --> [v2:172.21.15.103:3300/0,v1:172.21.15.103:6789/0] -- mon_subscribe({config=0+,monmap=0+}) v3 -- 0x7f0fc4102090 con 0x7f0fc4101600
2024-03-15T13:42:23.564 INFO:teuthology.orchestra.run.smithi103.stdout:/usr/bin/ceph: stderr
2024-03-15T13:42:22.844+0000 7f0fc37fe700 1 --2- 172.21.15.103:0/1453494241 >> [v2:172.21.15.103:3300/0,v1:172.21.15.103:6789/0] conn(0x7f0fc4101600 0x7f0fc4101a10 secure :-1 s=READY pgs=61 cs=0 l=1 rev1=1 crypto rx=0x7f0fb400bb80 tx=0x7f0fb400b4f0 comp rx=0 tx=0).ready entity=mon.0 client_cookie=c846dec828801bbc server_cookie=0 in_seq=0 out_seq=0
2024-03-15T13:42:23.564 INFO:teuthology.orchestra.run.smithi103.stdout:/usr/bin/ceph: stderr
2024-03-15T13:42:22.845+0000 7f0fc27fc700 1 -- 172.21.15.103:0/1453494241 <== mon.0 v2:172.21.15.103:3300/0 1 ==== mon_map magic: 0 v1 ==== 229+0+0 (secure 0 0 0) 0x7f0fb400dd00 con 0x7f0fc4101600
2024-03-15T13:42:23.564 INFO:teuthology.orchestra.run.smithi103.stdout:/usr/bin/ceph: stderr
2024-03-15T13:42:22.845+0000 7f0fc27fc700 1 -- 172.21.15.103:0/1453494241 <== mon.0 v2:172.21.15.103:3300/0 2 ==== config(27 keys) v1 ==== 1109+0+0 (secure 0 0 0) 0x7f0fb400de60 con 0x7f0fc4101600
2024-03-15T13:42:23.564 INFO:teuthology.orchestra.run.smithi103.stdout:/usr/bin/ceph: stderr
2024-03-15T13:42:22.845+0000 7f0fc27fc700 1 -- 172.21.15.103:0/1453494241 <== mon.0 v2:172.21.15.103:3300/0 3 ==== mon_map magic: 0 v1 ==== 229+0+0 (secure 0 0 0) 0x7f0fb4018920 con 0x7f0fc4101600
2024-03-15T13:42:23.564 INFO:teuthology.orchestra.run.smithi103.stdout:/usr/bin/ceph: stderr
2024-03-15T13:42:22.845+0000 7f0fc9f57700 1 -- 172.21.15.103:0/1453494241 >> [v2:172.21.15.103:3300/0,v1:172.21.15.103:6789/0] conn(0x7f0fc4101600 msgr2=0x7f0fc4101a10 secure :-1 s=STATE_CONNECTION_ESTABLISHED l=1).mark_down
2024-03-15T13:42:23.564 INFO:teuthology.orchestra.run.smithi103.stdout:/usr/bin/ceph: stderr
2024-03-15T13:42:22.845+0000 7f0fc9f57700 1 --2- 172.21.15.103:0/1453494241 >> [v2:172.21.15.103:3300/0,v1:172.21.15.103:6789/0] conn(0x7f0fc4101600 0x7f0fc4101a10 secure :-1 s=READY pgs=61 cs=0 l=1 rev1=1 crypto rx=0x7f0fb400bb80 tx=0x7f0fb400b4f0 comp rx=0 tx=0).stop
2024-03-15T13:42:23.565 INFO:teuthology.orchestra.run.smithi103.stdout:/usr/bin/ceph: stderr
2024-03-15T13:42:22.845+0000 7f0fc9f57700 1 -- 172.21.15.103:0/1453494241 shutdown_connections
2024-03-15T13:42:23.565 INFO:teuthology.orchestra.run.smithi103.stdout:/usr/bin/ceph: stderr
2024-03-15T13:42:22.845+0000 7f0fc9f57700 1 --2- 172.21.15.103:0/1453494241 >> [v2:172.21.15.103:3300/0,v1:172.21.15.103:6789/0] conn(0x7f0fc4101600 0x7f0fc4101a10 unknown :-1 s=CLOSED pgs=61 cs=0 l=1 rev1=1 crypto rx=0 tx=0 comp rx=0 tx=0).stop
2024-03-15T13:42:23.565 INFO:teuthology.orchestra.run.smithi103.stdout:/usr/bin/ceph: stderr
2024-03-15T13:42:22.845+0000 7f0fc9f57700 1 -- 172.21.15.103:0/1453494241 >> 172.21.15.103:0/1453494241 conn(0x7f0fc40fcd80 msgr2=0x7f0fc40ff190 unknown :-1 s=STATE_NONE l=0).mark_down
2024-03-15T13:42:23.565 INFO:teuthology.orchestra.run.smithi103.stdout:/usr/bin/ceph: stderr
2024-03-15T13:42:22.845+0000 7f0fc9f57700 1 -- 172.21.15.103:0/1453494241 shutdown_connections
2024-03-15T13:42:23.565 INFO:teuthology.orchestra.run.smithi103.stdout:/usr/bin/ceph: stderr
2024-03-15T13:42:22.845+0000 7f0fc9f57700 1 -- 172.21.15.103:0/1453494241 wait complete.
2024-03-15T13:42:23.565 INFO:teuthology.orchestra.run.smithi103.stdout:/usr/bin/ceph: stderr
2024-03-15T13:42:22.846+0000 7f0fc9f57700 1 Processor -- start
2024-03-15T13:42:23.565 INFO:teuthology.orchestra.run.smithi103.stdout:/usr/bin/ceph: stderr
2024-03-15T13:42:22.846+0000 7f0fc9f57700 1 -- start start
2024-03-15T13:42:23.565 INFO:teuthology.orchestra.run.smithi103.stdout:/usr/bin/ceph: stderr
2024-03-15T13:42:22.846+0000 7f0fc9f57700 1 --2- >> [v2:172.21.15.103:3300/0,v1:172.21.15.103:6789/0] conn(0x7f0fc4101600 0x7f0fc4113770 unknown :-1 s=NONE pgs=0 cs=0 l=1 rev1=0 crypto rx=0 tx=0 comp rx=0 tx=0).connect
2024-03-15T13:42:23.565 INFO:teuthology.orchestra.run.smithi103.stdout:/usr/bin/ceph: stderr
2024-03-15T13:42:22.846+0000 7f0fc9f57700 1 -- --> [v2:172.21.15.103:3300/0,v1:172.21.15.103:6789/0] -- mon_getmap magic: 0 v1 -- 0x7f0fc4113cb0 con 0x7f0fc4101600
2024-03-15T13:42:23.565 INFO:teuthology.orchestra.run.smithi103.stdout:/usr/bin/ceph: stderr
2024-03-15T13:42:22.846+0000 7f0fc37fe700 1 --2- >> [v2:172.21.15.103:3300/0,v1:172.21.15.103:6789/0] conn(0x7f0fc4101600 0x7f0fc4113770 unknown :-1 s=BANNER_CONNECTING pgs=0 cs=0 l=1 rev1=0 crypto rx=0 tx=0 comp rx=0 tx=0)._handle_peer_banner_payload supported=3 required=0
2024-03-15T13:42:23.565 INFO:teuthology.orchestra.run.smithi103.stdout:/usr/bin/ceph: stderr
2024-03-15T13:42:22.846+0000 7f0fc37fe700 1 --2- >> [v2:172.21.15.103:3300/0,v1:172.21.15.103:6789/0] conn(0x7f0fc4101600 0x7f0fc4113770 unknown :-1 s=HELLO_CONNECTING pgs=0 cs=0 l=1 rev1=1 crypto rx=0 tx=0 comp rx=0 tx=0).handle_hello peer v2:172.21.15.103:3300/0 says I am v2:172.21.15.103:43654/0 (socket says 172.21.15.103:43654)
2024-03-15T13:42:23.565 INFO:teuthology.orchestra.run.smithi103.stdout:/usr/bin/ceph: stderr
2024-03-15T13:42:22.846+0000 7f0fc37fe700 1 -- 172.21.15.103:0/3749073391 learned_addr learned my addr 172.21.15.103:0/3749073391 (peer_addr_for_me v2:172.21.15.103:0/0)
2024-03-15T13:42:23.565 INFO:teuthology.orchestra.run.smithi103.stdout:/usr/bin/ceph: stderr
2024-03-15T13:42:22.847+0000 7f0fc37fe700 1 -- 172.21.15.103:0/3749073391 --> [v2:172.21.15.103:3300/0,v1:172.21.15.103:6789/0] -- mon_subscribe({config=0+,monmap=0+}) v3 -- 0x7f0fb400b790 con 0x7f0fc4101600
2024-03-15T13:42:23.565 INFO:teuthology.orchestra.run.smithi103.stdout:/usr/bin/ceph: stderr
2024-03-15T13:42:22.847+0000 7f0fc37fe700 1 --2- 172.21.15.103:0/3749073391 >> [v2:172.21.15.103:3300/0,v1:172.21.15.103:6789/0] conn(0x7f0fc4101600 0x7f0fc4113770 secure :-1 s=READY pgs=62 cs=0 l=1 rev1=1 crypto rx=0x7f0fb40106a0 tx=0x7f0fb400b4f0 comp rx=0 tx=0).ready entity=mon.0 client_cookie=0 server_cookie=0 in_seq=0 out_seq=0
2024-03-15T13:42:23.566 INFO:teuthology.orchestra.run.smithi103.stdout:/usr/bin/ceph: stderr
2024-03-15T13:42:22.847+0000 7f0fabfff700 1 -- 172.21.15.103:0/3749073391 <== mon.0 v2:172.21.15.103:3300/0 1 ==== mon_map magic: 0 v1 ==== 229+0+0 (secure 0 0 0) 0x7f0fb400dc70 con 0x7f0fc4101600
2024-03-15T13:42:23.566 INFO:teuthology.orchestra.run.smithi103.stdout:/usr/bin/ceph: stderr
2024-03-15T13:42:22.847+0000 7f0fc9f57700 1 -- 172.21.15.103:0/3749073391 --> [v2:172.21.15.103:3300/0,v1:172.21.15.103:6789/0] -- mon_subscribe({mgrmap=0+}) v3 -- 0x7f0fc4113eb0 con 0x7f0fc4101600
2024-03-15T13:42:23.566 INFO:teuthology.orchestra.run.smithi103.stdout:/usr/bin/ceph: stderr
2024-03-15T13:42:22.847+0000 7f0fabfff700 1 -- 172.21.15.103:0/3749073391 <== mon.0 v2:172.21.15.103:3300/0 2 ==== config(27 keys) v1 ==== 1109+0+0 (secure 0 0 0) 0x7f0fb4010b80 con 0x7f0fc4101600
2024-03-15T13:42:23.566 INFO:teuthology.orchestra.run.smithi103.stdout:/usr/bin/ceph: stderr
2024-03-15T13:42:22.847+0000 7f0fabfff700 1 -- 172.21.15.103:0/3749073391 <== mon.0 v2:172.21.15.103:3300/0 3 ==== mon_map magic: 0 v1 ==== 229+0+0 (secure 0 0 0) 0x7f0fb4021550 con 0x7f0fc4101600
2024-03-15T13:42:23.566 INFO:teuthology.orchestra.run.smithi103.stdout:/usr/bin/ceph: stderr
2024-03-15T13:42:22.847+0000 7f0fc9f57700 1 -- 172.21.15.103:0/3749073391 --> [v2:172.21.15.103:3300/0,v1:172.21.15.103:6789/0] -- mon_subscribe({osdmap=0}) v3 -- 0x7f0fc4114a20 con 0x7f0fc4101600
2024-03-15T13:42:23.566 INFO:teuthology.orchestra.run.smithi103.stdout:/usr/bin/ceph: stderr
2024-03-15T13:42:22.848+0000 7f0fabfff700 1 -- 172.21.15.103:0/3749073391 <== mon.0 v2:172.21.15.103:3300/0 4 ==== mgrmap(e 8) v1 ==== 43368+0+0 (secure 0 0 0) 0x7f0fb4021810 con 0x7f0fc4101600
2024-03-15T13:42:23.566 INFO:teuthology.orchestra.run.smithi103.stdout:/usr/bin/ceph: stderr
2024-03-15T13:42:22.848+0000 7f0fabfff700 1 --2- 172.21.15.103:0/3749073391 >> [v2:172.21.15.103:6800/1522911166,v1:172.21.15.103:6801/1522911166] conn(0x7f0fac036790 0x7f0fac038c40 unknown :-1 s=NONE pgs=0 cs=0 l=1 rev1=0 crypto rx=0 tx=0 comp rx=0 tx=0).connect
2024-03-15T13:42:23.566 INFO:teuthology.orchestra.run.smithi103.stdout:/usr/bin/ceph: stderr
2024-03-15T13:42:22.848+0000 7f0fabfff700 1 -- 172.21.15.103:0/3749073391 <== mon.0 v2:172.21.15.103:3300/0 5 ==== osd_map(2..2 src has 1..2) v4 ==== 936+0+0 (secure 0 0 0) 0x7f0fb4014070 con 0x7f0fc4101600
2024-03-15T13:42:23.566 INFO:teuthology.orchestra.run.smithi103.stdout:/usr/bin/ceph: stderr
2024-03-15T13:42:22.848+0000 7f0fc9f57700 1 -- 172.21.15.103:0/3749073391 --> [v2:172.21.15.103:3300/0,v1:172.21.15.103:6789/0] -- mon_command({"prefix": "get_command_descriptions"} v 0) v1 -- 0x7f0fc405f5f0 con 0x7f0fc4101600
2024-03-15T13:42:23.566 INFO:teuthology.orchestra.run.smithi103.stdout:/usr/bin/ceph: stderr
2024-03-15T13:42:22.848+0000 7f0fc2ffd700 1 --2- 172.21.15.103:0/3749073391 >> [v2:172.21.15.103:6800/1522911166,v1:172.21.15.103:6801/1522911166] conn(0x7f0fac036790 0x7f0fac038c40 unknown :-1 s=BANNER_CONNECTING pgs=0 cs=0 l=1 rev1=0 crypto rx=0 tx=0 comp rx=0 tx=0)._handle_peer_banner_payload supported=3 required=0
2024-03-15T13:42:23.566 INFO:teuthology.orchestra.run.smithi103.stdout:/usr/bin/ceph: stderr
2024-03-15T13:42:22.848+0000 7f0fc2ffd700 1 --2- 172.21.15.103:0/3749073391 >> [v2:172.21.15.103:6800/1522911166,v1:172.21.15.103:6801/1522911166] conn(0x7f0fac036790 0x7f0fac038c40 secure :-1 s=READY pgs=19 cs=0 l=1 rev1=1 crypto rx=0x7f0fb8009990 tx=0x7f0fb8006e40 comp rx=0 tx=0).ready entity=mgr.14120 client_cookie=0 server_cookie=0 in_seq=0 out_seq=0
2024-03-15T13:42:23.566 INFO:teuthology.orchestra.run.smithi103.stdout:/usr/bin/ceph: stderr
2024-03-15T13:42:22.853+0000 7f0fabfff700 1 -- 172.21.15.103:0/3749073391 <== mon.0 v2:172.21.15.103:3300/0 6 ==== mon_command_ack([{"prefix": "get_command_descriptions"}]=0 v0) v1 ==== 72+0+175445 (secure 0 0 0) 0x7f0fb4021ac0 con 0x7f0fc4101600
2024-03-15T13:42:23.566 INFO:teuthology.orchestra.run.smithi103.stdout:/usr/bin/ceph: stderr
2024-03-15T13:42:23.032+0000 7f0fc9f57700 1 -- 172.21.15.103:0/3749073391 --> [v2:172.21.15.103:3300/0,v1:172.21.15.103:6789/0] -- mon_command([{prefix=config set, name=mgr/cephadm/container_init}] v 0) v1 -- 0x7f0fc404bed0 con 0x7f0fc4101600
2024-03-15T13:42:23.566 INFO:teuthology.orchestra.run.smithi103.stdout:/usr/bin/ceph: stderr
2024-03-15T13:42:23.036+0000 7f0fabfff700 1 -- 172.21.15.103:0/3749073391 <== mon.0 v2:172.21.15.103:3300/0 7 ==== mon_command_ack([{prefix=config set, name=mgr/cephadm/container_init}]=0 v7)=0 v7) v1 ==== 142+0+0 (secure 0 0 0) 0x7f0fb4048030 con 0x7f0fc4101600
2024-03-15T13:42:23.567 INFO:teuthology.orchestra.run.smithi103.stdout:/usr/bin/ceph: stderr
2024-03-15T13:42:23.038+0000 7f0fc9f57700 1 -- 172.21.15.103:0/3749073391 >> [v2:172.21.15.103:6800/1522911166,v1:172.21.15.103:6801/1522911166] conn(0x7f0fac036790 msgr2=0x7f0fac038c40 secure :-1 s=STATE_CONNECTION_ESTABLISHED l=1).mark_down
2024-03-15T13:42:23.567 INFO:teuthology.orchestra.run.smithi103.stdout:/usr/bin/ceph: stderr
2024-03-15T13:42:23.038+0000 7f0fc9f57700 1 --2- 172.21.15.103:0/3749073391 >> [v2:172.21.15.103:6800/1522911166,v1:172.21.15.103:6801/1522911166] conn(0x7f0fac036790 0x7f0fac038c40 secure :-1 s=READY pgs=19 cs=0 l=1 rev1=1 crypto rx=0x7f0fb8009990 tx=0x7f0fb8006e40 comp rx=0 tx=0).stop
2024-03-15T13:42:23.567 INFO:teuthology.orchestra.run.smithi103.stdout:/usr/bin/ceph: stderr
2024-03-15T13:42:23.038+0000 7f0fc9f57700 1 -- 172.21.15.103:0/3749073391 >> [v2:172.21.15.103:3300/0,v1:172.21.15.103:6789/0] conn(0x7f0fc4101600 msgr2=0x7f0fc4113770 secure :-1 s=STATE_CONNECTION_ESTABLISHED l=1).mark_down
2024-03-15T13:42:23.567 INFO:teuthology.orchestra.run.smithi103.stdout:/usr/bin/ceph: stderr
2024-03-15T13:42:23.038+0000 7f0fc9f57700 1 --2- 172.21.15.103:0/3749073391 >> [v2:172.21.15.103:3300/0,v1:172.21.15.103:6789/0] conn(0x7f0fc4101600 0x7f0fc4113770 secure :-1 s=READY pgs=62 cs=0 l=1 rev1=1 crypto rx=0x7f0fb40106a0 tx=0x7f0fb400b4f0 comp rx=0 tx=0).stop
2024-03-15T13:42:23.567 INFO:teuthology.orchestra.run.smithi103.stdout:/usr/bin/ceph: stderr
2024-03-15T13:42:23.038+0000 7f0fc9f57700 1 -- 172.21.15.103:0/3749073391 shutdown_connections
2024-03-15T13:42:23.567 INFO:teuthology.orchestra.run.smithi103.stdout:/usr/bin/ceph: stderr
2024-03-15T13:42:23.038+0000 7f0fc9f57700 1 --2- 172.21.15.103:0/3749073391 >> [v2:172.21.15.103:6800/1522911166,v1:172.21.15.103:6801/1522911166] conn(0x7f0fac036790 0x7f0fac038c40 unknown :-1 s=CLOSED pgs=19 cs=0 l=1 rev1=1 crypto rx=0 tx=0 comp rx=0 tx=0).stop
2024-03-15T13:42:23.567 INFO:teuthology.orchestra.run.smithi103.stdout:/usr/bin/ceph: stderr
2024-03-15T13:42:23.038+0000 7f0fc9f57700 1 --2- 172.21.15.103:0/3749073391 >> [v2:172.21.15.103:3300/0,v1:172.21.15.103:6789/0] conn(0x7f0fc4101600 0x7f0fc4113770 unknown :-1 s=CLOSED pgs=62 cs=0 l=1 rev1=1 crypto rx=0 tx=0 comp rx=0 tx=0).stop
2024-03-15T13:42:23.567 INFO:teuthology.orchestra.run.smithi103.stdout:/usr/bin/ceph: stderr
2024-03-15T13:42:23.038+0000 7f0fc9f57700 1 -- 172.21.15.103:0/3749073391 >> 172.21.15.103:0/3749073391 conn(0x7f0fc40fcd80 msgr2=0x7f0fc40fd610 unknown :-1 s=STATE_NONE l=0).mark_down
2024-03-15T13:42:23.567 INFO:teuthology.orchestra.run.smithi103.stdout:/usr/bin/ceph: stderr
2024-03-15T13:42:23.038+0000 7f0fc9f57700 1 -- 172.21.15.103:0/3749073391 shutdown_connections
2024-03-15T13:42:23.567 INFO:teuthology.orchestra.run.smithi103.stdout:/usr/bin/ceph: stderr
2024-03-15T13:42:23.038+0000 7f0fc9f57700 1 -- 172.21.15.103:0/3749073391 wait complete.
2024-03-15T13:42:24.171 INFO:journalctl@ceph.mon.smithi103.smithi103.stdout:Mar 15 13:42:24 smithi103 ceph-mon[28984]: from='client.? 172.21.15.103:0/3749073391' entity='client.admin'
2024-03-15T13:42:24.779 INFO:teuthology.orchestra.run.smithi103.stdout:/usr/bin/ceph: stderr
2024-03-15T13:42:23.975+0000 7fd237b86700 1 Processor -- start
2024-03-15T13:42:24.779 INFO:teuthology.orchestra.run.smithi103.stdout:/usr/bin/ceph: stderr
2024-03-15T13:42:23.975+0000 7fd237b86700 1 -- start start
2024-03-15T13:42:24.779 INFO:teuthology.orchestra.run.smithi103.stdout:/usr/bin/ceph: stderr
2024-03-15T13:42:23.975+0000 7fd237b86700 1 --2- >> [v2:172.21.15.103:3300/0,v1:172.21.15.103:6789/0] conn(0x7fd230102740 0x7fd230102b50 unknown :-1 s=NONE pgs=0 cs=0 l=0 rev1=0 crypto rx=0 tx=0 comp rx=0 tx=0).connect
2024-03-15T13:42:24.779 INFO:teuthology.orchestra.run.smithi103.stdout:/usr/bin/ceph: stderr
2024-03-15T13:42:23.975+0000 7fd237b86700 1 -- --> [v2:172.21.15.103:3300/0,v1:172.21.15.103:6789/0] -- mon_getmap magic: 0 v1 -- 0x7fd230103090 con 0x7fd230102740
2024-03-15T13:42:24.779 INFO:teuthology.orchestra.run.smithi103.stdout:/usr/bin/ceph: stderr
2024-03-15T13:42:23.975+0000 7fd235922700 1 --2- >> [v2:172.21.15.103:3300/0,v1:172.21.15.103:6789/0] conn(0x7fd230102740 0x7fd230102b50 unknown :-1 s=BANNER_CONNECTING pgs=0 cs=0 l=0 rev1=0 crypto rx=0 tx=0 comp rx=0 tx=0)._handle_peer_banner_payload supported=3 required=0
2024-03-15T13:42:24.779 INFO:teuthology.orchestra.run.smithi103.stdout:/usr/bin/ceph: stderr
2024-03-15T13:42:23.975+0000 7fd235922700 1 --2- >> [v2:172.21.15.103:3300/0,v1:172.21.15.103:6789/0] conn(0x7fd230102740 0x7fd230102b50 unknown :-1 s=HELLO_CONNECTING pgs=0 cs=0 l=0 rev1=1 crypto rx=0 tx=0 comp rx=0 tx=0).handle_hello peer v2:172.21.15.103:3300/0 says I am v2:172.21.15.103:43662/0 (socket says 172.21.15.103:43662)
2024-03-15T13:42:24.779 INFO:teuthology.orchestra.run.smithi103.stdout:/usr/bin/ceph: stderr
2024-03-15T13:42:23.975+0000 7fd235922700 1 -- 172.21.15.103:0/361031992 learned_addr learned my addr 172.21.15.103:0/361031992 (peer_addr_for_me v2:172.21.15.103:0/0)
2024-03-15T13:42:24.779 INFO:teuthology.orchestra.run.smithi103.stdout:/usr/bin/ceph: stderr
2024-03-15T13:42:23.976+0000 7fd235922700 1 -- 172.21.15.103:0/361031992 --> [v2:172.21.15.103:3300/0,v1:172.21.15.103:6789/0] -- mon_subscribe({config=0+,monmap=0+}) v3 -- 0x7fd2301031d0 con 0x7fd230102740
2024-03-15T13:42:24.779 INFO:teuthology.orchestra.run.smithi103.stdout:/usr/bin/ceph: stderr
2024-03-15T13:42:23.976+0000 7fd235922700 1 --2- 172.21.15.103:0/361031992 >> [v2:172.21.15.103:3300/0,v1:172.21.15.103:6789/0] conn(0x7fd230102740 0x7fd230102b50 secure :-1 s=READY pgs=63 cs=0 l=1 rev1=1 crypto rx=0x7fd22c0098e0 tx=0x7fd22c009250 comp rx=0 tx=0).ready entity=mon.0 client_cookie=b57c59ba97df26c2 server_cookie=0 in_seq=0 out_seq=0
2024-03-15T13:42:24.779 INFO:teuthology.orchestra.run.smithi103.stdout:/usr/bin/ceph: stderr
2024-03-15T13:42:23.976+0000 7fd234920700 1 -- 172.21.15.103:0/361031992 <== mon.0 v2:172.21.15.103:3300/0 1 ==== mon_map magic: 0 v1 ==== 229+0+0 (secure 0 0 0) 0x7fd22c00b860 con 0x7fd230102740
2024-03-15T13:42:24.779 INFO:teuthology.orchestra.run.smithi103.stdout:/usr/bin/ceph: stderr
2024-03-15T13:42:23.976+0000 7fd234920700 1 -- 172.21.15.103:0/361031992 <== mon.0 v2:172.21.15.103:3300/0 2 ==== config(27 keys) v1 ==== 1109+0+0 (secure 0 0 0) 0x7fd22c00be90 con 0x7fd230102740
2024-03-15T13:42:24.779 INFO:teuthology.orchestra.run.smithi103.stdout:/usr/bin/ceph: stderr
2024-03-15T13:42:23.976+0000 7fd234920700 1 -- 172.21.15.103:0/361031992 <== mon.0 v2:172.21.15.103:3300/0 3 ==== mon_map magic: 0 v1 ==== 229+0+0 (secure 0 0 0) 0x7fd22c0103c0 con 0x7fd230102740
2024-03-15T13:42:24.780 INFO:teuthology.orchestra.run.smithi103.stdout:/usr/bin/ceph: stderr
2024-03-15T13:42:23.976+0000 7fd237b86700 1 -- 172.21.15.103:0/361031992 >> [v2:172.21.15.103:3300/0,v1:172.21.15.103:6789/0] conn(0x7fd230102740 msgr2=0x7fd230102b50 secure :-1 s=STATE_CONNECTION_ESTABLISHED l=1).mark_down
2024-03-15T13:42:24.780 INFO:teuthology.orchestra.run.smithi103.stdout:/usr/bin/ceph: stderr
2024-03-15T13:42:23.976+0000 7fd237b86700 1 --2- 172.21.15.103:0/361031992 >> [v2:172.21.15.103:3300/0,v1:172.21.15.103:6789/0] conn(0x7fd230102740 0x7fd230102b50 secure :-1 s=READY pgs=63 cs=0 l=1 rev1=1 crypto rx=0x7fd22c0098e0 tx=0x7fd22c009250 comp rx=0 tx=0).stop
2024-03-15T13:42:24.780 INFO:teuthology.orchestra.run.smithi103.stdout:/usr/bin/ceph: stderr
2024-03-15T13:42:23.976+0000 7fd237b86700 1 -- 172.21.15.103:0/361031992 shutdown_connections
2024-03-15T13:42:24.780 INFO:teuthology.orchestra.run.smithi103.stdout:/usr/bin/ceph: stderr
2024-03-15T13:42:23.976+0000 7fd237b86700 1 --2- 172.21.15.103:0/361031992 >> [v2:172.21.15.103:3300/0,v1:172.21.15.103:6789/0] conn(0x7fd230102740 0x7fd230102b50 unknown :-1 s=CLOSED pgs=63 cs=0 l=1 rev1=1 crypto rx=0 tx=0 comp rx=0 tx=0).stop
2024-03-15T13:42:24.780 INFO:teuthology.orchestra.run.smithi103.stdout:/usr/bin/ceph: stderr
2024-03-15T13:42:23.976+0000 7fd237b86700 1 -- 172.21.15.103:0/361031992 >> 172.21.15.103:0/361031992 conn(0x7fd2300fdea0 msgr2=0x7fd2301002d0 unknown :-1 s=STATE_NONE l=0).mark_down
2024-03-15T13:42:24.780 INFO:teuthology.orchestra.run.smithi103.stdout:/usr/bin/ceph: stderr
2024-03-15T13:42:23.977+0000 7fd237b86700 1 -- 172.21.15.103:0/361031992 shutdown_connections
2024-03-15T13:42:24.780 INFO:teuthology.orchestra.run.smithi103.stdout:/usr/bin/ceph: stderr
2024-03-15T13:42:23.977+0000 7fd237b86700 1 -- 172.21.15.103:0/361031992 wait complete.
2024-03-15T13:42:24.780 INFO:teuthology.orchestra.run.smithi103.stdout:/usr/bin/ceph: stderr
2024-03-15T13:42:23.977+0000 7fd237b86700 1 Processor -- start
2024-03-15T13:42:24.780 INFO:teuthology.orchestra.run.smithi103.stdout:/usr/bin/ceph: stderr
2024-03-15T13:42:23.977+0000 7fd237b86700 1 -- start start
2024-03-15T13:42:24.780 INFO:teuthology.orchestra.run.smithi103.stdout:/usr/bin/ceph: stderr
2024-03-15T13:42:23.977+0000 7fd237b86700 1 --2- >> [v2:172.21.15.103:3300/0,v1:172.21.15.103:6789/0] conn(0x7fd230102740 0x7fd2301115e0 unknown :-1 s=NONE pgs=0 cs=0 l=1 rev1=0 crypto rx=0 tx=0 comp rx=0 tx=0).connect
2024-03-15T13:42:24.780 INFO:teuthology.orchestra.run.smithi103.stdout:/usr/bin/ceph: stderr
2024-03-15T13:42:23.977+0000 7fd237b86700 1 -- --> [v2:172.21.15.103:3300/0,v1:172.21.15.103:6789/0] -- mon_getmap magic: 0 v1 -- 0x7fd230111b20 con 0x7fd230102740
2024-03-15T13:42:24.780 INFO:teuthology.orchestra.run.smithi103.stdout:/usr/bin/ceph: stderr
2024-03-15T13:42:23.977+0000 7fd235922700 1 --2- >> [v2:172.21.15.103:3300/0,v1:172.21.15.103:6789/0] conn(0x7fd230102740 0x7fd2301115e0 unknown :-1 s=BANNER_CONNECTING pgs=0 cs=0 l=1 rev1=0 crypto rx=0 tx=0 comp rx=0 tx=0)._handle_peer_banner_payload supported=3 required=0
2024-03-15T13:42:24.780 INFO:teuthology.orchestra.run.smithi103.stdout:/usr/bin/ceph: stderr
2024-03-15T13:42:23.977+0000 7fd235922700 1 --2- >> [v2:172.21.15.103:3300/0,v1:172.21.15.103:6789/0] conn(0x7fd230102740 0x7fd2301115e0 unknown :-1 s=HELLO_CONNECTING pgs=0 cs=0 l=1 rev1=1 crypto rx=0 tx=0 comp rx=0 tx=0).handle_hello peer v2:172.21.15.103:3300/0 says I am v2:172.21.15.103:43668/0 (socket says 172.21.15.103:43668)
2024-03-15T13:42:24.780 INFO:teuthology.orchestra.run.smithi103.stdout:/usr/bin/ceph: stderr
2024-03-15T13:42:23.977+0000 7fd235922700 1 -- 172.21.15.103:0/2419492549 learned_addr learned my addr 172.21.15.103:0/2419492549 (peer_addr_for_me v2:172.21.15.103:0/0)
2024-03-15T13:42:24.781 INFO:teuthology.orchestra.run.smithi103.stdout:/usr/bin/ceph: stderr
2024-03-15T13:42:23.978+0000 7fd235922700 1 -- 172.21.15.103:0/2419492549 --> [v2:172.21.15.103:3300/0,v1:172.21.15.103:6789/0] -- mon_subscribe({config=0+,monmap=0+}) v3 -- 0x7fd22c0094f0 con 0x7fd230102740
2024-03-15T13:42:24.781 INFO:teuthology.orchestra.run.smithi103.stdout:/usr/bin/ceph: stderr
2024-03-15T13:42:23.978+0000 7fd235922700 1 --2- 172.21.15.103:0/2419492549 >> [v2:172.21.15.103:3300/0,v1:172.21.15.103:6789/0] conn(0x7fd230102740 0x7fd2301115e0 secure :-1 s=READY pgs=64 cs=0 l=1 rev1=1 crypto rx=0x7fd22c011c10 tx=0x7fd22c009250 comp rx=0 tx=0).ready entity=mon.0 client_cookie=0 server_cookie=0 in_seq=0 out_seq=0
2024-03-15T13:42:24.781 INFO:teuthology.orchestra.run.smithi103.stdout:/usr/bin/ceph: stderr
2024-03-15T13:42:23.978+0000 7fd2267fc700 1 -- 172.21.15.103:0/2419492549 <== mon.0 v2:172.21.15.103:3300/0 1 ==== mon_map magic: 0 v1 ==== 229+0+0 (secure 0 0 0) 0x7fd22c010890 con 0x7fd230102740
2024-03-15T13:42:24.781 INFO:teuthology.orchestra.run.smithi103.stdout:/usr/bin/ceph: stderr
2024-03-15T13:42:23.978+0000 7fd2267fc700 1 -- 172.21.15.103:0/2419492549 <== mon.0 v2:172.21.15.103:3300/0 2 ==== config(27 keys) v1 ==== 1109+0+0 (secure 0 0 0) 0x7fd22c010ec0 con 0x7fd230102740
2024-03-15T13:42:24.781 INFO:teuthology.orchestra.run.smithi103.stdout:/usr/bin/ceph: stderr
2024-03-15T13:42:23.978+0000 7fd237b86700 1 -- 172.21.15.103:0/2419492549 --> [v2:172.21.15.103:3300/0,v1:172.21.15.103:6789/0] -- mon_subscribe({mgrmap=0+}) v3 -- 0x7fd230111d20 con 0x7fd230102740
2024-03-15T13:42:24.781 INFO:teuthology.orchestra.run.smithi103.stdout:/usr/bin/ceph: stderr
2024-03-15T13:42:23.978+0000 7fd2267fc700 1 -- 172.21.15.103:0/2419492549 <== mon.0 v2:172.21.15.103:3300/0 3 ==== mon_map magic: 0 v1 ==== 229+0+0 (secure 0 0 0) 0x7fd22c0243f0 con 0x7fd230102740
2024-03-15T13:42:24.781 INFO:teuthology.orchestra.run.smithi103.stdout:/usr/bin/ceph: stderr
2024-03-15T13:42:23.978+0000 7fd237b86700 1 -- 172.21.15.103:0/2419492549 --> [v2:172.21.15.103:3300/0,v1:172.21.15.103:6789/0] -- mon_subscribe({osdmap=0}) v3 -- 0x7fd230112890 con 0x7fd230102740
2024-03-15T13:42:24.781 INFO:teuthology.orchestra.run.smithi103.stdout:/usr/bin/ceph: stderr
2024-03-15T13:42:23.979+0000 7fd2267fc700 1 -- 172.21.15.103:0/2419492549 <== mon.0 v2:172.21.15.103:3300/0 4 ==== mgrmap(e 8) v1 ==== 43368+0+0 (secure 0 0 0) 0x7fd22c0109f0 con 0x7fd230102740
2024-03-15T13:42:24.781 INFO:teuthology.orchestra.run.smithi103.stdout:/usr/bin/ceph: stderr
2024-03-15T13:42:23.979+0000 7fd237b86700 1 -- 172.21.15.103:0/2419492549 --> [v2:172.21.15.103:3300/0,v1:172.21.15.103:6789/0] -- mon_command({"prefix": "get_command_descriptions"} v 0) v1 -- 0x7fd23005f5f0 con 0x7fd230102740
2024-03-15T13:42:24.781 INFO:teuthology.orchestra.run.smithi103.stdout:/usr/bin/ceph: stderr
2024-03-15T13:42:23.979+0000 7fd2267fc700 1 --2- 172.21.15.103:0/2419492549 >> [v2:172.21.15.103:6800/1522911166,v1:172.21.15.103:6801/1522911166] conn(0x7fd21c036790 0x7fd21c038c40 unknown :-1 s=NONE pgs=0 cs=0 l=1 rev1=0 crypto rx=0 tx=0 comp rx=0 tx=0).connect
2024-03-15T13:42:24.781 INFO:teuthology.orchestra.run.smithi103.stdout:/usr/bin/ceph: stderr
2024-03-15T13:42:23.979+0000 7fd2267fc700 1 -- 172.21.15.103:0/2419492549 <== mon.0 v2:172.21.15.103:3300/0 5 ==== osd_map(2..2 src has 1..2) v4 ==== 936+0+0 (secure 0 0 0) 0x7fd22c04a280 con 0x7fd230102740
2024-03-15T13:42:24.781 INFO:teuthology.orchestra.run.smithi103.stdout:/usr/bin/ceph: stderr
2024-03-15T13:42:23.979+0000 7fd235121700 1 --2- 172.21.15.103:0/2419492549 >> [v2:172.21.15.103:6800/1522911166,v1:172.21.15.103:6801/1522911166] conn(0x7fd21c036790 0x7fd21c038c40 unknown :-1 s=BANNER_CONNECTING pgs=0 cs=0 l=1 rev1=0 crypto rx=0 tx=0 comp rx=0 tx=0)._handle_peer_banner_payload supported=3 required=0
2024-03-15T13:42:24.781 INFO:teuthology.orchestra.run.smithi103.stdout:/usr/bin/ceph: stderr
2024-03-15T13:42:23.980+0000 7fd235121700 1 --2- 172.21.15.103:0/2419492549 >> [v2:172.21.15.103:6800/1522911166,v1:172.21.15.103:6801/1522911166] conn(0x7fd21c036790 0x7fd21c038c40 secure :-1 s=READY pgs=20 cs=0 l=1 rev1=1 crypto rx=0x7fd220009990 tx=0x7fd220006e40 comp rx=0 tx=0).ready entity=mgr.14120 client_cookie=0 server_cookie=0 in_seq=0 out_seq=0
2024-03-15T13:42:24.781 INFO:teuthology.orchestra.run.smithi103.stdout:/usr/bin/ceph: stderr
2024-03-15T13:42:23.984+0000 7fd2267fc700 1 -- 172.21.15.103:0/2419492549 <== mon.0 v2:172.21.15.103:3300/0 6 ==== mon_command_ack([{"prefix": "get_command_descriptions"}]=0 v0) v1 ==== 72+0+175445 (secure 0 0 0) 0x7fd22c02b4d0 con 0x7fd230102740
2024-03-15T13:42:24.782 INFO:teuthology.orchestra.run.smithi103.stdout:/usr/bin/ceph: stderr
2024-03-15T13:42:24.165+0000 7fd237b86700 1 -- 172.21.15.103:0/2419492549 --> [v2:172.21.15.103:3300/0,v1:172.21.15.103:6789/0] -- mon_command([{prefix=config set, name=mgr/dashboard/ssl_server_port}] v 0) v1 -- 0x7fd23004bed0 con 0x7fd230102740
2024-03-15T13:42:24.782 INFO:teuthology.orchestra.run.smithi103.stdout:/usr/bin/ceph: stderr
2024-03-15T13:42:24.169+0000 7fd2267fc700 1 -- 172.21.15.103:0/2419492549 <== mon.0 v2:172.21.15.103:3300/0 7 ==== mon_command_ack([{prefix=config set, name=mgr/dashboard/ssl_server_port}]=0 v8)=0 v8) v1 ==== 130+0+0 (secure 0 0 0) 0x7fd22c02b2f0 con 0x7fd230102740
2024-03-15T13:42:24.782 INFO:teuthology.orchestra.run.smithi103.stdout:/usr/bin/ceph: stderr
2024-03-15T13:42:24.171+0000 7fd237b86700 1 -- 172.21.15.103:0/2419492549 >> [v2:172.21.15.103:6800/1522911166,v1:172.21.15.103:6801/1522911166] conn(0x7fd21c036790 msgr2=0x7fd21c038c40 secure :-1 s=STATE_CONNECTION_ESTABLISHED l=1).mark_down
2024-03-15T13:42:24.782 INFO:teuthology.orchestra.run.smithi103.stdout:/usr/bin/ceph: stderr
2024-03-15T13:42:24.171+0000 7fd237b86700 1 --2- 172.21.15.103:0/2419492549 >> [v2:172.21.15.103:6800/1522911166,v1:172.21.15.103:6801/1522911166] conn(0x7fd21c036790 0x7fd21c038c40 secure :-1 s=READY pgs=20 cs=0 l=1 rev1=1 crypto rx=0x7fd220009990 tx=0x7fd220006e40 comp rx=0 tx=0).stop
2024-03-15T13:42:24.782 INFO:teuthology.orchestra.run.smithi103.stdout:/usr/bin/ceph: stderr
2024-03-15T13:42:24.171+0000 7fd237b86700 1 -- 172.21.15.103:0/2419492549 >> [v2:172.21.15.103:3300/0,v1:172.21.15.103:6789/0] conn(0x7fd230102740 msgr2=0x7fd2301115e0 secure :-1 s=STATE_CONNECTION_ESTABLISHED l=1).mark_down
2024-03-15T13:42:24.782 INFO:teuthology.orchestra.run.smithi103.stdout:/usr/bin/ceph: stderr
2024-03-15T13:42:24.171+0000 7fd237b86700 1 --2- 172.21.15.103:0/2419492549 >> [v2:172.21.15.103:3300/0,v1:172.21.15.103:6789/0] conn(0x7fd230102740 0x7fd2301115e0 secure :-1 s=READY pgs=64 cs=0 l=1 rev1=1 crypto rx=0x7fd22c011c10 tx=0x7fd22c009250 comp rx=0 tx=0).stop
2024-03-15T13:42:24.782 INFO:teuthology.orchestra.run.smithi103.stdout:/usr/bin/ceph: stderr
2024-03-15T13:42:24.171+0000 7fd237b86700 1 -- 172.21.15.103:0/2419492549 shutdown_connections
2024-03-15T13:42:24.782 INFO:teuthology.orchestra.run.smithi103.stdout:/usr/bin/ceph: stderr
2024-03-15T13:42:24.171+0000 7fd237b86700 1 --2- 172.21.15.103:0/2419492549 >> [v2:172.21.15.103:6800/1522911166,v1:172.21.15.103:6801/1522911166] conn(0x7fd21c036790 0x7fd21c038c40 unknown :-1 s=CLOSED pgs=20 cs=0 l=1 rev1=1 crypto rx=0 tx=0 comp rx=0 tx=0).stop
2024-03-15T13:42:24.782 INFO:teuthology.orchestra.run.smithi103.stdout:/usr/bin/ceph: stderr
2024-03-15T13:42:24.171+0000 7fd237b86700 1 --2- 172.21.15.103:0/2419492549 >> [v2:172.21.15.103:3300/0,v1:172.21.15.103:6789/0] conn(0x7fd230102740 0x7fd2301115e0 unknown :-1 s=CLOSED pgs=64 cs=0 l=1 rev1=1 crypto rx=0 tx=0 comp rx=0 tx=0).stop
2024-03-15T13:42:24.782 INFO:teuthology.orchestra.run.smithi103.stdout:/usr/bin/ceph: stderr
2024-03-15T13:42:24.171+0000 7fd237b86700 1 -- 172.21.15.103:0/2419492549 >> 172.21.15.103:0/2419492549 conn(0x7fd2300fdea0 msgr2=0x7fd2300fea30 unknown :-1 s=STATE_NONE l=0).mark_down
2024-03-15T13:42:24.782 INFO:teuthology.orchestra.run.smithi103.stdout:/usr/bin/ceph: stderr
2024-03-15T13:42:24.172+0000 7fd237b86700 1 -- 172.21.15.103:0/2419492549 shutdown_connections
2024-03-15T13:42:24.782 INFO:teuthology.orchestra.run.smithi103.stdout:/usr/bin/ceph: stderr
2024-03-15T13:42:24.172+0000 7fd237b86700 1 -- 172.21.15.103:0/2419492549 wait complete.
2024-03-15T13:42:24.782 INFO:teuthology.orchestra.run.smithi103.stdout:Enabling the dashboard module...
2024-03-15T13:42:25.423 INFO:journalctl@ceph.mon.smithi103.smithi103.stdout:Mar 15 13:42:25 smithi103 ceph-mon[28984]: from='client.? 172.21.15.103:0/2419492549' entity='client.admin'
2024-03-15T13:42:25.423 INFO:journalctl@ceph.mon.smithi103.smithi103.stdout:Mar 15 13:42:25 smithi103 ceph-mon[28984]: pgmap v4: 0 pgs: ; 0 B data, 0 B used, 0 B / 0 B avail
2024-03-15T13:42:26.527 INFO:journalctl@ceph.mon.smithi103.smithi103.stdout:Mar 15 13:42:26 smithi103 ceph-mon[28984]: from='client.? 172.21.15.103:0/382246634' entity='client.admin' cmd=[{"prefix": "mgr module enable", "module": "dashboard"}]: dispatch
2024-03-15T13:42:26.936 INFO:teuthology.orchestra.run.smithi103.stdout:/usr/bin/ceph: stderr
2024-03-15T13:42:25.175+0000 7fe4e2b11700 1 Processor -- start
2024-03-15T13:42:26.936 INFO:teuthology.orchestra.run.smithi103.stdout:/usr/bin/ceph: stderr
2024-03-15T13:42:25.175+0000 7fe4e2b11700 1 -- start start
2024-03-15T13:42:26.936 INFO:teuthology.orchestra.run.smithi103.stdout:/usr/bin/ceph: stderr
2024-03-15T13:42:25.175+0000 7fe4e2b11700 1 --2- >> [v2:172.21.15.103:3300/0,v1:172.21.15.103:6789/0] conn(0x7fe4dc076be0 0x7fe4dc105310 unknown :-1 s=NONE pgs=0 cs=0 l=0 rev1=0 crypto rx=0 tx=0 comp rx=0 tx=0).connect
2024-03-15T13:42:26.936 INFO:teuthology.orchestra.run.smithi103.stdout:/usr/bin/ceph: stderr
2024-03-15T13:42:25.175+0000 7fe4e2b11700 1 -- --> [v2:172.21.15.103:3300/0,v1:172.21.15.103:6789/0] -- mon_getmap magic: 0 v1 -- 0x7fe4dc105850 con 0x7fe4dc076be0
2024-03-15T13:42:26.936 INFO:teuthology.orchestra.run.smithi103.stdout:/usr/bin/ceph: stderr
2024-03-15T13:42:25.175+0000 7fe4e08ad700 1 --2- >> [v2:172.21.15.103:3300/0,v1:172.21.15.103:6789/0] conn(0x7fe4dc076be0 0x7fe4dc105310 unknown :-1 s=BANNER_CONNECTING pgs=0 cs=0 l=0 rev1=0 crypto rx=0 tx=0 comp rx=0 tx=0)._handle_peer_banner_payload supported=3 required=0
2024-03-15T13:42:26.936 INFO:teuthology.orchestra.run.smithi103.stdout:/usr/bin/ceph: stderr
2024-03-15T13:42:25.175+0000 7fe4e08ad700 1 --2- >> [v2:172.21.15.103:3300/0,v1:172.21.15.103:6789/0] conn(0x7fe4dc076be0 0x7fe4dc105310 unknown :-1 s=HELLO_CONNECTING pgs=0 cs=0 l=0 rev1=1 crypto rx=0 tx=0 comp rx=0 tx=0).handle_hello peer v2:172.21.15.103:3300/0 says I am v2:172.21.15.103:43678/0 (socket says 172.21.15.103:43678)
2024-03-15T13:42:26.936 INFO:teuthology.orchestra.run.smithi103.stdout:/usr/bin/ceph: stderr
2024-03-15T13:42:25.175+0000 7fe4e08ad700 1 -- 172.21.15.103:0/1199976995 learned_addr learned my addr 172.21.15.103:0/1199976995 (peer_addr_for_me v2:172.21.15.103:0/0)
2024-03-15T13:42:26.936 INFO:teuthology.orchestra.run.smithi103.stdout:/usr/bin/ceph: stderr
2024-03-15T13:42:25.175+0000 7fe4e08ad700 1 -- 172.21.15.103:0/1199976995 --> [v2:172.21.15.103:3300/0,v1:172.21.15.103:6789/0] -- mon_subscribe({config=0+,monmap=0+}) v3 -- 0x7fe4dc105990 con 0x7fe4dc076be0
2024-03-15T13:42:26.936 INFO:teuthology.orchestra.run.smithi103.stdout:/usr/bin/ceph: stderr
2024-03-15T13:42:25.175+0000 7fe4e08ad700 1 --2- 172.21.15.103:0/1199976995 >> [v2:172.21.15.103:3300/0,v1:172.21.15.103:6789/0] conn(0x7fe4dc076be0 0x7fe4dc105310 secure :-1 s=READY pgs=65 cs=0 l=1 rev1=1 crypto rx=0x7fe4d00098e0 tx=0x7fe4d0009250 comp rx=0 tx=0).ready entity=mon.0 client_cookie=500423443f3f5654 server_cookie=0 in_seq=0 out_seq=0
2024-03-15T13:42:26.936 INFO:teuthology.orchestra.run.smithi103.stdout:/usr/bin/ceph: stderr
2024-03-15T13:42:25.176+0000 7fe4db7fe700 1 -- 172.21.15.103:0/1199976995 <== mon.0 v2:172.21.15.103:3300/0 1 ==== mon_map magic: 0 v1 ==== 229+0+0 (secure 0 0 0) 0x7fe4d000b860 con 0x7fe4dc076be0
2024-03-15T13:42:26.936 INFO:teuthology.orchestra.run.smithi103.stdout:/usr/bin/ceph: stderr
2024-03-15T13:42:25.176+0000 7fe4db7fe700 1 -- 172.21.15.103:0/1199976995 <== mon.0 v2:172.21.15.103:3300/0 2 ==== config(27 keys) v1 ==== 1109+0+0 (secure 0 0 0) 0x7fe4d000be90 con 0x7fe4dc076be0
2024-03-15T13:42:26.937 INFO:teuthology.orchestra.run.smithi103.stdout:/usr/bin/ceph: stderr
2024-03-15T13:42:25.176+0000 7fe4db7fe700 1 -- 172.21.15.103:0/1199976995 <== mon.0 v2:172.21.15.103:3300/0 3 ==== mon_map magic: 0 v1 ==== 229+0+0 (secure 0 0 0) 0x7fe4d00103c0 con 0x7fe4dc076be0
2024-03-15T13:42:26.937 INFO:teuthology.orchestra.run.smithi103.stdout:/usr/bin/ceph: stderr
2024-03-15T13:42:25.176+0000 7fe4e2b11700 1 -- 172.21.15.103:0/1199976995 >> [v2:172.21.15.103:3300/0,v1:172.21.15.103:6789/0] conn(0x7fe4dc076be0 msgr2=0x7fe4dc105310 secure :-1 s=STATE_CONNECTION_ESTABLISHED l=1).mark_down
2024-03-15T13:42:26.937 INFO:teuthology.orchestra.run.smithi103.stdout:/usr/bin/ceph: stderr
2024-03-15T13:42:25.176+0000 7fe4e2b11700 1 --2- 172.21.15.103:0/1199976995 >> [v2:172.21.15.103:3300/0,v1:172.21.15.103:6789/0] conn(0x7fe4dc076be0 0x7fe4dc105310 secure :-1 s=READY pgs=65 cs=0 l=1 rev1=1 crypto rx=0x7fe4d00098e0 tx=0x7fe4d0009250 comp rx=0 tx=0).stop
2024-03-15T13:42:26.937 INFO:teuthology.orchestra.run.smithi103.stdout:/usr/bin/ceph: stderr
2024-03-15T13:42:25.176+0000 7fe4e2b11700 1 -- 172.21.15.103:0/1199976995 shutdown_connections
2024-03-15T13:42:26.937 INFO:teuthology.orchestra.run.smithi103.stdout:/usr/bin/ceph: stderr
2024-03-15T13:42:25.176+0000 7fe4e2b11700 1 --2- 172.21.15.103:0/1199976995 >> [v2:172.21.15.103:3300/0,v1:172.21.15.103:6789/0] conn(0x7fe4dc076be0 0x7fe4dc105310 unknown :-1 s=CLOSED pgs=65 cs=0 l=1 rev1=1 crypto rx=0 tx=0 comp rx=0 tx=0).stop
2024-03-15T13:42:26.937 INFO:teuthology.orchestra.run.smithi103.stdout:/usr/bin/ceph: stderr
2024-03-15T13:42:25.176+0000 7fe4e2b11700 1 -- 172.21.15.103:0/1199976995 >> 172.21.15.103:0/1199976995 conn(0x7fe4dc0fcdc0 msgr2=0x7fe4dc0ff1d0 unknown :-1 s=STATE_NONE l=0).mark_down
2024-03-15T13:42:26.937 INFO:teuthology.orchestra.run.smithi103.stdout:/usr/bin/ceph: stderr
2024-03-15T13:42:25.176+0000 7fe4e2b11700 1 -- 172.21.15.103:0/1199976995 shutdown_connections
2024-03-15T13:42:26.937 INFO:teuthology.orchestra.run.smithi103.stdout:/usr/bin/ceph: stderr
2024-03-15T13:42:25.176+0000 7fe4e2b11700 1 -- 172.21.15.103:0/1199976995 wait complete.
2024-03-15T13:42:26.937 INFO:teuthology.orchestra.run.smithi103.stdout:/usr/bin/ceph: stderr
2024-03-15T13:42:25.177+0000 7fe4e2b11700 1 Processor -- start
2024-03-15T13:42:26.937 INFO:teuthology.orchestra.run.smithi103.stdout:/usr/bin/ceph: stderr
2024-03-15T13:42:25.177+0000 7fe4e2b11700 1 -- start start
2024-03-15T13:42:26.937 INFO:teuthology.orchestra.run.smithi103.stdout:/usr/bin/ceph: stderr
2024-03-15T13:42:25.177+0000 7fe4e2b11700 1 --2- >> [v2:172.21.15.103:3300/0,v1:172.21.15.103:6789/0] conn(0x7fe4dc076be0 0x7fe4dc1115b0 unknown :-1 s=NONE pgs=0 cs=0 l=1 rev1=0 crypto rx=0 tx=0 comp rx=0 tx=0).connect
2024-03-15T13:42:26.937 INFO:teuthology.orchestra.run.smithi103.stdout:/usr/bin/ceph: stderr
2024-03-15T13:42:25.177+0000 7fe4e2b11700 1 -- --> [v2:172.21.15.103:3300/0,v1:172.21.15.103:6789/0] -- mon_getmap magic: 0 v1 -- 0x7fe4dc111af0 con 0x7fe4dc076be0
2024-03-15T13:42:26.937 INFO:teuthology.orchestra.run.smithi103.stdout:/usr/bin/ceph: stderr
2024-03-15T13:42:25.177+0000 7fe4e08ad700 1 --2- >> [v2:172.21.15.103:3300/0,v1:172.21.15.103:6789/0] conn(0x7fe4dc076be0 0x7fe4dc1115b0 unknown :-1 s=BANNER_CONNECTING pgs=0 cs=0 l=1 rev1=0 crypto rx=0 tx=0 comp rx=0 tx=0)._handle_peer_banner_payload supported=3 required=0
2024-03-15T13:42:26.937 INFO:teuthology.orchestra.run.smithi103.stdout:/usr/bin/ceph: stderr
2024-03-15T13:42:25.177+0000 7fe4e08ad700 1 --2- >> [v2:172.21.15.103:3300/0,v1:172.21.15.103:6789/0] conn(0x7fe4dc076be0 0x7fe4dc1115b0 unknown :-1 s=HELLO_CONNECTING pgs=0 cs=0 l=1 rev1=1 crypto rx=0 tx=0 comp rx=0 tx=0).handle_hello peer v2:172.21.15.103:3300/0 says I am v2:172.21.15.103:43694/0 (socket says 172.21.15.103:43694)
2024-03-15T13:42:26.937 INFO:teuthology.orchestra.run.smithi103.stdout:/usr/bin/ceph: stderr
2024-03-15T13:42:25.177+0000 7fe4e08ad700 1 -- 172.21.15.103:0/382246634 learned_addr learned my addr 172.21.15.103:0/382246634 (peer_addr_for_me v2:172.21.15.103:0/0)
2024-03-15T13:42:26.938 INFO:teuthology.orchestra.run.smithi103.stdout:/usr/bin/ceph: stderr
2024-03-15T13:42:25.178+0000 7fe4e08ad700 1 -- 172.21.15.103:0/382246634 --> [v2:172.21.15.103:3300/0,v1:172.21.15.103:6789/0] -- mon_subscribe({config=0+,monmap=0+}) v3 -- 0x7fe4d00094f0 con 0x7fe4dc076be0
2024-03-15T13:42:26.938 INFO:teuthology.orchestra.run.smithi103.stdout:/usr/bin/ceph: stderr
2024-03-15T13:42:25.178+0000 7fe4e08ad700 1 --2- 172.21.15.103:0/382246634 >> [v2:172.21.15.103:3300/0,v1:172.21.15.103:6789/0] conn(0x7fe4dc076be0 0x7fe4dc1115b0 secure :-1 s=READY pgs=66 cs=0 l=1 rev1=1 crypto rx=0x7fe4d00094c0 tx=0x7fe4d0009250 comp rx=0 tx=0).ready entity=mon.0 client_cookie=0 server_cookie=0 in_seq=0 out_seq=0
2024-03-15T13:42:26.938 INFO:teuthology.orchestra.run.smithi103.stdout:/usr/bin/ceph: stderr
2024-03-15T13:42:25.178+0000 7fe4d97fa700 1 -- 172.21.15.103:0/382246634 <== mon.0 v2:172.21.15.103:3300/0 1 ==== mon_map magic: 0 v1 ==== 229+0+0 (secure 0 0 0) 0x7fe4d0010890 con 0x7fe4dc076be0
2024-03-15T13:42:26.938 INFO:teuthology.orchestra.run.smithi103.stdout:/usr/bin/ceph: stderr
2024-03-15T13:42:25.178+0000 7fe4d97fa700 1 -- 172.21.15.103:0/382246634 <== mon.0 v2:172.21.15.103:3300/0 2 ==== config(27 keys) v1 ==== 1109+0+0 (secure 0 0 0) 0x7fe4d0010ec0 con 0x7fe4dc076be0
2024-03-15T13:42:26.938 INFO:teuthology.orchestra.run.smithi103.stdout:/usr/bin/ceph: stderr
2024-03-15T13:42:25.178+0000 7fe4d97fa700 1 -- 172.21.15.103:0/382246634 <== mon.0 v2:172.21.15.103:3300/0 3 ==== mon_map magic: 0 v1 ==== 229+0+0 (secure 0 0 0) 0x7fe4d00243f0 con 0x7fe4dc076be0
2024-03-15T13:42:26.938 INFO:teuthology.orchestra.run.smithi103.stdout:/usr/bin/ceph: stderr
2024-03-15T13:42:25.178+0000 7fe4e2b11700 1 -- 172.21.15.103:0/382246634 --> [v2:172.21.15.103:3300/0,v1:172.21.15.103:6789/0] -- mon_subscribe({mgrmap=0+}) v3 -- 0x7fe4dc111cf0 con 0x7fe4dc076be0
2024-03-15T13:42:26.938 INFO:teuthology.orchestra.run.smithi103.stdout:/usr/bin/ceph: stderr
2024-03-15T13:42:25.178+0000 7fe4e2b11700 1 -- 172.21.15.103:0/382246634 --> [v2:172.21.15.103:3300/0,v1:172.21.15.103:6789/0] -- mon_subscribe({osdmap=0}) v3 -- 0x7fe4dc112860 con 0x7fe4dc076be0
2024-03-15T13:42:26.938 INFO:teuthology.orchestra.run.smithi103.stdout:/usr/bin/ceph: stderr
2024-03-15T13:42:25.179+0000 7fe4d97fa700 1 -- 172.21.15.103:0/382246634 <== mon.0 v2:172.21.15.103:3300/0 4 ==== mgrmap(e 8) v1 ==== 43368+0+0 (secure 0 0 0) 0x7fe4d002d3f0 con 0x7fe4dc076be0
2024-03-15T13:42:26.938 INFO:teuthology.orchestra.run.smithi103.stdout:/usr/bin/ceph: stderr
2024-03-15T13:42:25.179+0000 7fe4d97fa700 1 --2- 172.21.15.103:0/382246634 >> [v2:172.21.15.103:6800/1522911166,v1:172.21.15.103:6801/1522911166] conn(0x7fe4cc0367e0 0x7fe4cc038c90 unknown :-1 s=NONE pgs=0 cs=0 l=1 rev1=0 crypto rx=0 tx=0 comp rx=0 tx=0).connect
2024-03-15T13:42:26.938 INFO:teuthology.orchestra.run.smithi103.stdout:/usr/bin/ceph: stderr
2024-03-15T13:42:25.179+0000 7fe4d97fa700 1 -- 172.21.15.103:0/382246634 <== mon.0 v2:172.21.15.103:3300/0 5 ==== osd_map(2..2 src has 1..2) v4 ==== 936+0+0 (secure 0 0 0) 0x7fe4d004a230 con 0x7fe4dc076be0
2024-03-15T13:42:26.938 INFO:teuthology.orchestra.run.smithi103.stdout:/usr/bin/ceph: stderr
2024-03-15T13:42:25.179+0000 7fe4e2b11700 1 -- 172.21.15.103:0/382246634 --> [v2:172.21.15.103:3300/0,v1:172.21.15.103:6789/0] -- mon_command({"prefix": "get_command_descriptions"} v 0) v1 -- 0x7fe4dc05f5f0 con 0x7fe4dc076be0
2024-03-15T13:42:26.938 INFO:teuthology.orchestra.run.smithi103.stdout:/usr/bin/ceph: stderr
2024-03-15T13:42:25.179+0000 7fe4dbfff700 1 --2- 172.21.15.103:0/382246634 >> [v2:172.21.15.103:6800/1522911166,v1:172.21.15.103:6801/1522911166] conn(0x7fe4cc0367e0 0x7fe4cc038c90 unknown :-1 s=BANNER_CONNECTING pgs=0 cs=0 l=1 rev1=0 crypto rx=0 tx=0 comp rx=0 tx=0)._handle_peer_banner_payload supported=3 required=0
2024-03-15T13:42:26.938 INFO:teuthology.orchestra.run.smithi103.stdout:/usr/bin/ceph: stderr
