2024-03-15T14:01:57.661 INFO:teuthology.orchestra.run.smithi012.stdout:/usr/bin/ceph: stderr
2024-03-15T14:01:56.457+0000 7f9266600700 1 -- start start
2024-03-15T14:01:57.661 INFO:teuthology.orchestra.run.smithi012.stdout:/usr/bin/ceph: stderr
2024-03-15T14:01:56.457+0000 7f9266600700 1 --2- >> [v2:172.21.15.12:3300/0,v1:172.21.15.12:6789/0] conn(0x7f9260107bd0 0x7f926019dc70 unknown :-1 s=NONE pgs=0 cs=0 l=1 rev1=0 crypto rx=0 tx=0 comp rx=0 tx=0).connect
2024-03-15T14:01:57.662 INFO:teuthology.orchestra.run.smithi012.stdout:/usr/bin/ceph: stderr
2024-03-15T14:01:56.457+0000 7f9266600700 1 -- --> [v2:172.21.15.12:3300/0,v1:172.21.15.12:6789/0] -- mon_getmap magic: 0 -- 0x7f926010bff0 con 0x7f9260107bd0
2024-03-15T14:01:57.662 INFO:teuthology.orchestra.run.smithi012.stdout:/usr/bin/ceph: stderr
2024-03-15T14:01:56.457+0000 7f925f400700 1 --2- >> [v2:172.21.15.12:3300/0,v1:172.21.15.12:6789/0] conn(0x7f9260107bd0 0x7f926019dc70 unknown :-1 s=BANNER_CONNECTING pgs=0 cs=0 l=1 rev1=0 crypto rx=0 tx=0 comp rx=0 tx=0)._handle_peer_banner_payload supported=3 required=0
2024-03-15T14:01:57.662 INFO:teuthology.orchestra.run.smithi012.stdout:/usr/bin/ceph: stderr
2024-03-15T14:01:56.457+0000 7f925f400700 1 --2- >> [v2:172.21.15.12:3300/0,v1:172.21.15.12:6789/0] conn(0x7f9260107bd0 0x7f926019dc70 unknown :-1 s=HELLO_CONNECTING pgs=0 cs=0 l=1 rev1=1 crypto rx=0 tx=0 comp rx=0 tx=0).handle_hello peer v2:172.21.15.12:3300/0 says I am v2:172.21.15.12:33236/0 (socket says 172.21.15.12:33236)
2024-03-15T14:01:57.662 INFO:teuthology.orchestra.run.smithi012.stdout:/usr/bin/ceph: stderr
2024-03-15T14:01:56.457+0000 7f925f400700 1 -- 172.21.15.12:0/1307170599 learned_addr learned my addr 172.21.15.12:0/1307170599 (peer_addr_for_me v2:172.21.15.12:0/0)
2024-03-15T14:01:57.663 INFO:teuthology.orchestra.run.smithi012.stdout:/usr/bin/ceph: stderr
2024-03-15T14:01:56.458+0000 7f925f400700 1 -- 172.21.15.12:0/1307170599 --> [v2:172.21.15.12:3300/0,v1:172.21.15.12:6789/0] -- mon_subscribe({config=0+,monmap=0+}) -- 0x7f926019e1b0 con 0x7f9260107bd0
2024-03-15T14:01:57.663 INFO:teuthology.orchestra.run.smithi012.stdout:/usr/bin/ceph: stderr
2024-03-15T14:01:56.458+0000 7f925f400700 1 --2- 172.21.15.12:0/1307170599 >> [v2:172.21.15.12:3300/0,v1:172.21.15.12:6789/0] conn(0x7f9260107bd0 0x7f926019dc70 secure :-1 s=READY pgs=73 cs=0 l=1 rev1=1 crypto rx=0x7f9250011b60 tx=0x7f9250011c40 comp rx=0 tx=0).ready entity=mon.0 client_cookie=0 server_cookie=0 in_seq=0 out_seq=0
2024-03-15T14:01:57.663 INFO:teuthology.orchestra.run.smithi012.stdout:/usr/bin/ceph: stderr
2024-03-15T14:01:56.458+0000 7f9257e00700 1 -- 172.21.15.12:0/1307170599 <== mon.0 v2:172.21.15.12:3300/0 1 ==== mon_map magic: 0 ==== 205+0+0 (secure 0 0 0) 0x7f9250003b60 con 0x7f9260107bd0
2024-03-15T14:01:57.663 INFO:teuthology.orchestra.run.smithi012.stdout:/usr/bin/ceph: stderr
2024-03-15T14:01:56.458+0000 7f9257e00700 1 -- 172.21.15.12:0/1307170599 <== mon.0 v2:172.21.15.12:3300/0 2 ==== config(27 keys) ==== 1140+0+0 (secure 0 0 0) 0x7f925001a910 con 0x7f9260107bd0
2024-03-15T14:01:57.664 INFO:teuthology.orchestra.run.smithi012.stdout:/usr/bin/ceph: stderr
2024-03-15T14:01:56.458+0000 7f9266600700 1 -- 172.21.15.12:0/1307170599 --> [v2:172.21.15.12:3300/0,v1:172.21.15.12:6789/0] -- mon_subscribe({mgrmap=0+}) -- 0x7f926019e440 con 0x7f9260107bd0
2024-03-15T14:01:57.664 INFO:teuthology.orchestra.run.smithi012.stdout:/usr/bin/ceph: stderr
2024-03-15T14:01:56.459+0000 7f9266600700 1 -- 172.21.15.12:0/1307170599 --> [v2:172.21.15.12:3300/0,v1:172.21.15.12:6789/0] -- mon_subscribe({osdmap=0}) -- 0x7f926019e8a0 con 0x7f9260107bd0
2024-03-15T14:01:57.664 INFO:teuthology.orchestra.run.smithi012.stdout:/usr/bin/ceph: stderr
2024-03-15T14:01:56.459+0000 7f9257e00700 1 -- 172.21.15.12:0/1307170599 <== mon.0 v2:172.21.15.12:3300/0 3 ==== mon_map magic: 0 ==== 205+0+0 (secure 0 0 0) 0x7f9250024930 con 0x7f9260107bd0
2024-03-15T14:01:57.665 INFO:teuthology.orchestra.run.smithi012.stdout:/usr/bin/ceph: stderr
2024-03-15T14:01:56.460+0000 7f9257e00700 1 -- 172.21.15.12:0/1307170599 <== mon.0 v2:172.21.15.12:3300/0 4 ==== mgrmap(e 12) ==== 46119+0+0 (secure 0 0 0) 0x7f9250022020 con 0x7f9260107bd0
2024-03-15T14:01:57.665 INFO:teuthology.orchestra.run.smithi012.stdout:/usr/bin/ceph: stderr
2024-03-15T14:01:56.460+0000 7f9266600700 1 -- 172.21.15.12:0/1307170599 --> [v2:172.21.15.12:3300/0,v1:172.21.15.12:6789/0] -- mon_command({"prefix": "get_command_descriptions"} v 0) -- 0x7f9260063900 con 0x7f9260107bd0
2024-03-15T14:01:57.665 INFO:teuthology.orchestra.run.smithi012.stdout:/usr/bin/ceph: stderr
2024-03-15T14:01:56.460+0000 7f9257e00700 1 --2- 172.21.15.12:0/1307170599 >> [v2:172.21.15.12:6800/322246987,v1:172.21.15.12:6801/322246987] conn(0x7f9244038fd0 0x7f924403b490 unknown :-1 s=NONE pgs=0 cs=0 l=1 rev1=0 crypto rx=0 tx=0 comp rx=0 tx=0).connect
2024-03-15T14:01:57.665 INFO:teuthology.orchestra.run.smithi012.stdout:/usr/bin/ceph: stderr
2024-03-15T14:01:56.460+0000 7f9257e00700 1 -- 172.21.15.12:0/1307170599 <== mon.0 v2:172.21.15.12:3300/0 5 ==== osd_map(3..3 src has 1..3) ==== 1155+0+0 (secure 0 0 0) 0x7f925004d1c0 con 0x7f9260107bd0
2024-03-15T14:01:57.666 INFO:teuthology.orchestra.run.smithi012.stdout:/usr/bin/ceph: stderr
2024-03-15T14:01:56.461+0000 7f925ea00700 1 --2- 172.21.15.12:0/1307170599 >> [v2:172.21.15.12:6800/322246987,v1:172.21.15.12:6801/322246987] conn(0x7f9244038fd0 0x7f924403b490 unknown :-1 s=BANNER_CONNECTING pgs=0 cs=0 l=1 rev1=0 crypto rx=0 tx=0 comp rx=0 tx=0)._handle_peer_banner_payload supported=3 required=0
2024-03-15T14:01:57.666 INFO:teuthology.orchestra.run.smithi012.stdout:/usr/bin/ceph: stderr
2024-03-15T14:01:56.462+0000 7f925ea00700 1 --2- 172.21.15.12:0/1307170599 >> [v2:172.21.15.12:6800/322246987,v1:172.21.15.12:6801/322246987] conn(0x7f9244038fd0 0x7f924403b490 secure :-1 s=READY pgs=8 cs=0 l=1 rev1=1 crypto rx=0x7f924c006fd0 tx=0x7f924c006e40 comp rx=0 tx=0).ready entity=mgr.14152 client_cookie=0 server_cookie=0 in_seq=0 out_seq=0
2024-03-15T14:01:57.666 INFO:teuthology.orchestra.run.smithi012.stdout:/usr/bin/ceph: stderr
2024-03-15T14:01:56.466+0000 7f9257e00700 1 -- 172.21.15.12:0/1307170599 <== mon.0 v2:172.21.15.12:3300/0 6 ==== mon_command_ack([{"prefix": "get_command_descriptions"}]=0 v0) ==== 72+0+186149 (secure 0 0 0) 0x7f9250024be0 con 0x7f9260107bd0
2024-03-15T14:01:57.667 INFO:teuthology.orchestra.run.smithi012.stdout:/usr/bin/ceph: stderr
2024-03-15T14:01:56.712+0000 7f9266600700 1 -- 172.21.15.12:0/1307170599 --> [v2:172.21.15.12:6800/322246987,v1:172.21.15.12:6801/322246987] -- mgr_command(tid 0: {"prefix": "dashboard ac-user-create", "username": "admin", "rolename": "administrator", "force_password": true, "pwd_update_required": true, "target": ["mon-mgr", ""]}) -- 0x7f92601a11f0 con 0x7f9244038fd0
2024-03-15T14:01:57.667 INFO:teuthology.orchestra.run.smithi012.stdout:/usr/bin/ceph: stderr
2024-03-15T14:01:56.970+0000 7f9257e00700 1 -- 172.21.15.12:0/1307170599 <== mgr.14152 v2:172.21.15.12:6800/322246987 1 ==== mgr_command_reply(tid 0: 0 ) ==== 8+0+252 (secure 0 0 0) 0x7f92601a11f0 con 0x7f9244038fd0
2024-03-15T14:01:57.667 INFO:teuthology.orchestra.run.smithi012.stdout:/usr/bin/ceph: stderr
2024-03-15T14:01:56.973+0000 7f9266600700 1 -- 172.21.15.12:0/1307170599 >> [v2:172.21.15.12:6800/322246987,v1:172.21.15.12:6801/322246987] conn(0x7f9244038fd0 msgr2=0x7f924403b490 secure :-1 s=STATE_CONNECTION_ESTABLISHED l=1).mark_down
2024-03-15T14:01:57.667 INFO:teuthology.orchestra.run.smithi012.stdout:/usr/bin/ceph: stderr
2024-03-15T14:01:56.973+0000 7f9266600700 1 --2- 172.21.15.12:0/1307170599 >> [v2:172.21.15.12:6800/322246987,v1:172.21.15.12:6801/322246987] conn(0x7f9244038fd0 0x7f924403b490 secure :-1 s=READY pgs=8 cs=0 l=1 rev1=1 crypto rx=0x7f924c006fd0 tx=0x7f924c006e40 comp rx=0 tx=0).stop
2024-03-15T14:01:57.668 INFO:teuthology.orchestra.run.smithi012.stdout:/usr/bin/ceph: stderr
2024-03-15T14:01:56.973+0000 7f9266600700 1 -- 172.21.15.12:0/1307170599 >> [v2:172.21.15.12:3300/0,v1:172.21.15.12:6789/0] conn(0x7f9260107bd0 msgr2=0x7f926019dc70 secure :-1 s=STATE_CONNECTION_ESTABLISHED l=1).mark_down
2024-03-15T14:01:57.668 INFO:teuthology.orchestra.run.smithi012.stdout:/usr/bin/ceph: stderr
2024-03-15T14:01:56.973+0000 7f9266600700 1 --2- 172.21.15.12:0/1307170599 >> [v2:172.21.15.12:3300/0,v1:172.21.15.12:6789/0] conn(0x7f9260107bd0 0x7f926019dc70 secure :-1 s=READY pgs=73 cs=0 l=1 rev1=1 crypto rx=0x7f9250011b60 tx=0x7f9250011c40 comp rx=0 tx=0).stop
2024-03-15T14:01:57.668 INFO:teuthology.orchestra.run.smithi012.stdout:/usr/bin/ceph: stderr
2024-03-15T14:01:56.973+0000 7f9266600700 1 -- 172.21.15.12:0/1307170599 shutdown_connections
2024-03-15T14:01:57.668 INFO:teuthology.orchestra.run.smithi012.stdout:/usr/bin/ceph: stderr
2024-03-15T14:01:56.973+0000 7f9266600700 1 --2- 172.21.15.12:0/1307170599 >> [v2:172.21.15.12:6800/322246987,v1:172.21.15.12:6801/322246987] conn(0x7f9244038fd0 0x7f924403b490 unknown :-1 s=CLOSED pgs=8 cs=0 l=1 rev1=1 crypto rx=0 tx=0 comp rx=0 tx=0).stop
2024-03-15T14:01:57.668 INFO:teuthology.orchestra.run.smithi012.stdout:/usr/bin/ceph: stderr
2024-03-15T14:01:56.973+0000 7f9266600700 1 --2- 172.21.15.12:0/1307170599 >> [v2:172.21.15.12:3300/0,v1:172.21.15.12:6789/0] conn(0x7f9260107bd0 0x7f926019dc70 unknown :-1 s=CLOSED pgs=73 cs=0 l=1 rev1=1 crypto rx=0 tx=0 comp rx=0 tx=0).stop
2024-03-15T14:01:57.668 INFO:teuthology.orchestra.run.smithi012.stdout:/usr/bin/ceph: stderr
2024-03-15T14:01:56.973+0000 7f9266600700 1 -- 172.21.15.12:0/1307170599 >> 172.21.15.12:0/1307170599 conn(0x7f9260103230 msgr2=0x7f9260103c80 unknown :-1 s=STATE_NONE l=0).mark_down
2024-03-15T14:01:57.669 INFO:teuthology.orchestra.run.smithi012.stdout:/usr/bin/ceph: stderr
2024-03-15T14:01:56.973+0000 7f9266600700 1 -- 172.21.15.12:0/1307170599 shutdown_connections
2024-03-15T14:01:57.669 INFO:teuthology.orchestra.run.smithi012.stdout:/usr/bin/ceph: stderr
2024-03-15T14:01:56.973+0000 7f9266600700 1 -- 172.21.15.12:0/1307170599 wait complete.
2024-03-15T14:01:57.669 INFO:teuthology.orchestra.run.smithi012.stdout:Fetching dashboard port number...
2024-03-15T14:01:59.461 INFO:journalctl@ceph.mon.a.smithi012.stdout:Mar 15 14:01:59 smithi012 ceph-mon[31420]: mgrmap e13: x(active, since 6s)
2024-03-15T14:01:59.461 INFO:journalctl@ceph.mon.a.smithi012.stdout:Mar 15 14:01:59 smithi012 ceph-mon[31420]: from='client.? 172.21.15.12:0/2222609359' entity='client.admin' cmd=[{"prefix": "config get", "who": "mgr", "key": "mgr/dashboard/ssl_server_port"}]: dispatch
2024-03-15T14:01:59.634 INFO:teuthology.orchestra.run.smithi012.stdout:/usr/bin/ceph: stdout 8443
2024-03-15T14:01:59.634 INFO:teuthology.orchestra.run.smithi012.stdout:/usr/bin/ceph: stderr
2024-03-15T14:01:58.272+0000 7fed33600700 1 Processor -- start
2024-03-15T14:01:59.634 INFO:teuthology.orchestra.run.smithi012.stdout:/usr/bin/ceph: stderr
2024-03-15T14:01:58.273+0000 7fed33600700 1 -- start start
2024-03-15T14:01:59.634 INFO:teuthology.orchestra.run.smithi012.stdout:/usr/bin/ceph: stderr
2024-03-15T14:01:58.273+0000 7fed33600700 1 --2- >> [v2:172.21.15.12:3300/0,v1:172.21.15.12:6789/0] conn(0x7fed2c109e40 0x7fed2c10a260 unknown :-1 s=NONE pgs=0 cs=0 l=0 rev1=0 crypto rx=0 tx=0 comp rx=0 tx=0).connect
2024-03-15T14:01:59.634 INFO:teuthology.orchestra.run.smithi012.stdout:/usr/bin/ceph: stderr
2024-03-15T14:01:58.273+0000 7fed33600700 1 -- --> [v2:172.21.15.12:3300/0,v1:172.21.15.12:6789/0] -- mon_getmap magic: 0 -- 0x7fed2c10a830 con 0x7fed2c109e40
2024-03-15T14:01:59.634 INFO:teuthology.orchestra.run.smithi012.stdout:/usr/bin/ceph: stderr
2024-03-15T14:01:58.273+0000 7fed30c00700 1 --2- >> [v2:172.21.15.12:3300/0,v1:172.21.15.12:6789/0] conn(0x7fed2c109e40 0x7fed2c10a260 unknown :-1 s=BANNER_CONNECTING pgs=0 cs=0 l=0 rev1=0 crypto rx=0 tx=0 comp rx=0 tx=0)._handle_peer_banner_payload supported=3 required=0
2024-03-15T14:01:59.634 INFO:teuthology.orchestra.run.smithi012.stdout:/usr/bin/ceph: stderr
2024-03-15T14:01:58.273+0000 7fed30c00700 1 --2- >> [v2:172.21.15.12:3300/0,v1:172.21.15.12:6789/0] conn(0x7fed2c109e40 0x7fed2c10a260 unknown :-1 s=HELLO_CONNECTING pgs=0 cs=0 l=0 rev1=1 crypto rx=0 tx=0 comp rx=0 tx=0).handle_hello peer v2:172.21.15.12:3300/0 says I am v2:172.21.15.12:38986/0 (socket says 172.21.15.12:38986)
2024-03-15T14:01:59.634 INFO:teuthology.orchestra.run.smithi012.stdout:/usr/bin/ceph: stderr
2024-03-15T14:01:58.274+0000 7fed30c00700 1 -- 172.21.15.12:0/493704256 learned_addr learned my addr 172.21.15.12:0/493704256 (peer_addr_for_me v2:172.21.15.12:0/0)
2024-03-15T14:01:59.634 INFO:teuthology.orchestra.run.smithi012.stdout:/usr/bin/ceph: stderr
2024-03-15T14:01:58.274+0000 7fed30c00700 1 -- 172.21.15.12:0/493704256 --> [v2:172.21.15.12:3300/0,v1:172.21.15.12:6789/0] -- mon_subscribe({config=0+,monmap=0+}) -- 0x7fed2c10aff0 con 0x7fed2c109e40
2024-03-15T14:01:59.635 INFO:teuthology.orchestra.run.smithi012.stdout:/usr/bin/ceph: stderr
2024-03-15T14:01:58.274+0000 7fed30c00700 1 --2- 172.21.15.12:0/493704256 >> [v2:172.21.15.12:3300/0,v1:172.21.15.12:6789/0] conn(0x7fed2c109e40 0x7fed2c10a260 secure :-1 s=READY pgs=74 cs=0 l=1 rev1=1 crypto rx=0x7fed200098a0 tx=0x7fed20009bb0 comp rx=0 tx=0).ready entity=mon.0 client_cookie=9f55e7b9046b571b server_cookie=0 in_seq=0 out_seq=0
2024-03-15T14:01:59.635 INFO:teuthology.orchestra.run.smithi012.stdout:/usr/bin/ceph: stderr
2024-03-15T14:01:58.274+0000 7fed2b400700 1 -- 172.21.15.12:0/493704256 <== mon.0 v2:172.21.15.12:3300/0 1 ==== mon_map magic: 0 ==== 205+0+0 (secure 0 0 0) 0x7fed20004160 con 0x7fed2c109e40
2024-03-15T14:01:59.635 INFO:teuthology.orchestra.run.smithi012.stdout:/usr/bin/ceph: stderr
2024-03-15T14:01:58.275+0000 7fed2b400700 1 -- 172.21.15.12:0/493704256 <== mon.0 v2:172.21.15.12:3300/0 2 ==== config(27 keys) ==== 1140+0+0 (secure 0 0 0) 0x7fed20004300 con 0x7fed2c109e40
2024-03-15T14:01:59.635 INFO:teuthology.orchestra.run.smithi012.stdout:/usr/bin/ceph: stderr
2024-03-15T14:01:58.275+0000 7fed2b400700 1 -- 172.21.15.12:0/493704256 <== mon.0 v2:172.21.15.12:3300/0 3 ==== mon_map magic: 0 ==== 205+0+0 (secure 0 0 0) 0x7fed20011b20 con 0x7fed2c109e40
2024-03-15T14:01:59.635 INFO:teuthology.orchestra.run.smithi012.stdout:/usr/bin/ceph: stderr
2024-03-15T14:01:58.275+0000 7fed33600700 1 -- 172.21.15.12:0/493704256 >> [v2:172.21.15.12:3300/0,v1:172.21.15.12:6789/0] conn(0x7fed2c109e40 msgr2=0x7fed2c10a260 secure :-1 s=STATE_CONNECTION_ESTABLISHED l=1).mark_down
2024-03-15T14:01:59.635 INFO:teuthology.orchestra.run.smithi012.stdout:/usr/bin/ceph: stderr
2024-03-15T14:01:58.275+0000 7fed33600700 1 --2- 172.21.15.12:0/493704256 >> [v2:172.21.15.12:3300/0,v1:172.21.15.12:6789/0] conn(0x7fed2c109e40 0x7fed2c10a260 secure :-1 s=READY pgs=74 cs=0 l=1 rev1=1 crypto rx=0x7fed200098a0 tx=0x7fed20009bb0 comp rx=0 tx=0).stop
2024-03-15T14:01:59.635 INFO:teuthology.orchestra.run.smithi012.stdout:/usr/bin/ceph: stderr
2024-03-15T14:01:58.276+0000 7fed33600700 1 -- 172.21.15.12:0/493704256 shutdown_connections
2024-03-15T14:01:59.635 INFO:teuthology.orchestra.run.smithi012.stdout:/usr/bin/ceph: stderr
2024-03-15T14:01:58.276+0000 7fed33600700 1 --2- 172.21.15.12:0/493704256 >> [v2:172.21.15.12:3300/0,v1:172.21.15.12:6789/0] conn(0x7fed2c109e40 0x7fed2c10a260 unknown :-1 s=CLOSED pgs=74 cs=0 l=1 rev1=1 crypto rx=0 tx=0 comp rx=0 tx=0).stop
2024-03-15T14:01:59.635 INFO:teuthology.orchestra.run.smithi012.stdout:/usr/bin/ceph: stderr
2024-03-15T14:01:58.276+0000 7fed33600700 1 -- 172.21.15.12:0/493704256 >> 172.21.15.12:0/493704256 conn(0x7fed2c07d250 msgr2=0x7fed2c07d660 unknown :-1 s=STATE_NONE l=0).mark_down
2024-03-15T14:01:59.635 INFO:teuthology.orchestra.run.smithi012.stdout:/usr/bin/ceph: stderr
2024-03-15T14:01:58.276+0000 7fed33600700 1 -- 172.21.15.12:0/493704256 shutdown_connections
2024-03-15T14:01:59.635 INFO:teuthology.orchestra.run.smithi012.stdout:/usr/bin/ceph: stderr
2024-03-15T14:01:58.276+0000 7fed33600700 1 -- 172.21.15.12:0/493704256 wait complete.
2024-03-15T14:01:59.635 INFO:teuthology.orchestra.run.smithi012.stdout:/usr/bin/ceph: stderr
2024-03-15T14:01:58.277+0000 7fed33600700 1 Processor -- start
2024-03-15T14:01:59.635 INFO:teuthology.orchestra.run.smithi012.stdout:/usr/bin/ceph: stderr
2024-03-15T14:01:58.277+0000 7fed33600700 1 -- start start
2024-03-15T14:01:59.636 INFO:teuthology.orchestra.run.smithi012.stdout:/usr/bin/ceph: stderr
2024-03-15T14:01:58.278+0000 7fed33600700 1 --2- >> [v2:172.21.15.12:3300/0,v1:172.21.15.12:6789/0] conn(0x7fed2c109e40 0x7fed2c19dc10 unknown :-1 s=NONE pgs=0 cs=0 l=1 rev1=0 crypto rx=0 tx=0 comp rx=0 tx=0).connect
2024-03-15T14:01:59.636 INFO:teuthology.orchestra.run.smithi012.stdout:/usr/bin/ceph: stderr
2024-03-15T14:01:58.278+0000 7fed33600700 1 -- --> [v2:172.21.15.12:3300/0,v1:172.21.15.12:6789/0] -- mon_getmap magic: 0 -- 0x7fed2c10e3a0 con 0x7fed2c109e40
2024-03-15T14:01:59.636 INFO:teuthology.orchestra.run.smithi012.stdout:/usr/bin/ceph: stderr
2024-03-15T14:01:58.278+0000 7fed30c00700 1 --2- >> [v2:172.21.15.12:3300/0,v1:172.21.15.12:6789/0] conn(0x7fed2c109e40 0x7fed2c19dc10 unknown :-1 s=BANNER_CONNECTING pgs=0 cs=0 l=1 rev1=0 crypto rx=0 tx=0 comp rx=0 tx=0)._handle_peer_banner_payload supported=3 required=0
2024-03-15T14:01:59.636 INFO:teuthology.orchestra.run.smithi012.stdout:/usr/bin/ceph: stderr
2024-03-15T14:01:58.278+0000 7fed30c00700 1 --2- >> [v2:172.21.15.12:3300/0,v1:172.21.15.12:6789/0] conn(0x7fed2c109e40 0x7fed2c19dc10 unknown :-1 s=HELLO_CONNECTING pgs=0 cs=0 l=1 rev1=1 crypto rx=0 tx=0 comp rx=0 tx=0).handle_hello peer v2:172.21.15.12:3300/0 says I am v2:172.21.15.12:38990/0 (socket says 172.21.15.12:38990)
2024-03-15T14:01:59.636 INFO:teuthology.orchestra.run.smithi012.stdout:/usr/bin/ceph: stderr
2024-03-15T14:01:58.278+0000 7fed30c00700 1 -- 172.21.15.12:0/2222609359 learned_addr learned my addr 172.21.15.12:0/2222609359 (peer_addr_for_me v2:172.21.15.12:0/0)
2024-03-15T14:01:59.636 INFO:teuthology.orchestra.run.smithi012.stdout:/usr/bin/ceph: stderr
2024-03-15T14:01:58.278+0000 7fed30c00700 1 -- 172.21.15.12:0/2222609359 --> [v2:172.21.15.12:3300/0,v1:172.21.15.12:6789/0] -- mon_subscribe({config=0+,monmap=0+}) -- 0x7fed2c19e150 con 0x7fed2c109e40
2024-03-15T14:01:59.636 INFO:teuthology.orchestra.run.smithi012.stdout:/usr/bin/ceph: stderr
2024-03-15T14:01:58.279+0000 7fed30c00700 1 --2- 172.21.15.12:0/2222609359 >> [v2:172.21.15.12:3300/0,v1:172.21.15.12:6789/0] conn(0x7fed2c109e40 0x7fed2c19dc10 secure :-1 s=READY pgs=75 cs=0 l=1 rev1=1 crypto rx=0x7fed200117e0 tx=0x7fed20011ba0 comp rx=0 tx=0).ready entity=mon.0 client_cookie=0 server_cookie=0 in_seq=0 out_seq=0
2024-03-15T14:01:59.636 INFO:teuthology.orchestra.run.smithi012.stdout:/usr/bin/ceph: stderr
2024-03-15T14:01:58.279+0000 7fed29600700 1 -- 172.21.15.12:0/2222609359 <== mon.0 v2:172.21.15.12:3300/0 1 ==== mon_map magic: 0 ==== 205+0+0 (secure 0 0 0) 0x7fed20003bf0 con 0x7fed2c109e40
2024-03-15T14:01:59.636 INFO:teuthology.orchestra.run.smithi012.stdout:/usr/bin/ceph: stderr
2024-03-15T14:01:58.279+0000 7fed33600700 1 -- 172.21.15.12:0/2222609359 --> [v2:172.21.15.12:3300/0,v1:172.21.15.12:6789/0] -- mon_subscribe({mgrmap=0+}) -- 0x7fed2c19e3e0 con 0x7fed2c109e40
2024-03-15T14:01:59.636 INFO:teuthology.orchestra.run.smithi012.stdout:/usr/bin/ceph: stderr
2024-03-15T14:01:58.279+0000 7fed33600700 1 -- 172.21.15.12:0/2222609359 --> [v2:172.21.15.12:3300/0,v1:172.21.15.12:6789/0] -- mon_subscribe({osdmap=0}) -- 0x7fed2c19e840 con 0x7fed2c109e40
2024-03-15T14:01:59.636 INFO:teuthology.orchestra.run.smithi012.stdout:/usr/bin/ceph: stderr
2024-03-15T14:01:58.279+0000 7fed29600700 1 -- 172.21.15.12:0/2222609359 <== mon.0 v2:172.21.15.12:3300/0 2 ==== config(27 keys) ==== 1140+0+0 (secure 0 0 0) 0x7fed2001a910 con 0x7fed2c109e40
2024-03-15T14:01:59.636 INFO:teuthology.orchestra.run.smithi012.stdout:/usr/bin/ceph: stderr
2024-03-15T14:01:58.279+0000 7fed29600700 1 -- 172.21.15.12:0/2222609359 <== mon.0 v2:172.21.15.12:3300/0 3 ==== mon_map magic: 0 ==== 205+0+0 (secure 0 0 0) 0x7fed20024970 con 0x7fed2c109e40
2024-03-15T14:01:59.637 INFO:teuthology.orchestra.run.smithi012.stdout:/usr/bin/ceph: stderr
2024-03-15T14:01:58.280+0000 7fed29600700 1 -- 172.21.15.12:0/2222609359 <== mon.0 v2:172.21.15.12:3300/0 4 ==== mgrmap(e 13) ==== 46162+0+0 (secure 0 0 0) 0x7fed20022020 con 0x7fed2c109e40
2024-03-15T14:01:59.637 INFO:teuthology.orchestra.run.smithi012.stdout:/usr/bin/ceph: stderr
2024-03-15T14:01:58.281+0000 7fed33600700 1 -- 172.21.15.12:0/2222609359 --> [v2:172.21.15.12:3300/0,v1:172.21.15.12:6789/0] -- mon_command({"prefix": "get_command_descriptions"} v 0) -- 0x7fed0c005360 con 0x7fed2c109e40
2024-03-15T14:01:59.637 INFO:teuthology.orchestra.run.smithi012.stdout:/usr/bin/ceph: stderr
2024-03-15T14:01:58.281+0000 7fed29600700 1 --2- 172.21.15.12:0/2222609359 >> [v2:172.21.15.12:6800/322246987,v1:172.21.15.12:6801/322246987] conn(0x7fed14039070 0x7fed1403b530 unknown :-1 s=NONE pgs=0 cs=0 l=1 rev1=0 crypto rx=0 tx=0 comp rx=0 tx=0).connect
2024-03-15T14:01:59.637 INFO:teuthology.orchestra.run.smithi012.stdout:/usr/bin/ceph: stderr
2024-03-15T14:01:58.281+0000 7fed29600700 1 -- 172.21.15.12:0/2222609359 <== mon.0 v2:172.21.15.12:3300/0 5 ==== osd_map(3..3 src has 1..3) ==== 1155+0+0 (secure 0 0 0) 0x7fed2004dad0 con 0x7fed2c109e40
2024-03-15T14:01:59.637 INFO:teuthology.orchestra.run.smithi012.stdout:/usr/bin/ceph: stderr
2024-03-15T14:01:58.282+0000 7fed2be00700 1 --2- 172.21.15.12:0/2222609359 >> [v2:172.21.15.12:6800/322246987,v1:172.21.15.12:6801/322246987] conn(0x7fed14039070 0x7fed1403b530 unknown :-1 s=BANNER_CONNECTING pgs=0 cs=0 l=1 rev1=0 crypto rx=0 tx=0 comp rx=0 tx=0)._handle_peer_banner_payload supported=3 required=0
2024-03-15T14:01:59.637 INFO:teuthology.orchestra.run.smithi012.stdout:/usr/bin/ceph: stderr
2024-03-15T14:01:58.283+0000 7fed2be00700 1 --2- 172.21.15.12:0/2222609359 >> [v2:172.21.15.12:6800/322246987,v1:172.21.15.12:6801/322246987] conn(0x7fed14039070 0x7fed1403b530 secure :-1 s=READY pgs=9 cs=0 l=1 rev1=1 crypto rx=0x7fed18006fd0 tx=0x7fed18006e40 comp rx=0 tx=0).ready entity=mgr.14152 client_cookie=0 server_cookie=0 in_seq=0 out_seq=0
2024-03-15T14:01:59.637 INFO:teuthology.orchestra.run.smithi012.stdout:/usr/bin/ceph: stderr
2024-03-15T14:01:58.287+0000 7fed29600700 1 -- 172.21.15.12:0/2222609359 <== mon.0 v2:172.21.15.12:3300/0 6 ==== mon_command_ack([{"prefix": "get_command_descriptions"}]=0 v0) ==== 72+0+186149 (secure 0 0 0) 0x7fed2000b3e0 con 0x7fed2c109e40
2024-03-15T14:01:59.637 INFO:teuthology.orchestra.run.smithi012.stdout:/usr/bin/ceph: stderr
2024-03-15T14:01:58.515+0000 7fed33600700 1 -- 172.21.15.12:0/2222609359 --> [v2:172.21.15.12:3300/0,v1:172.21.15.12:6789/0] -- mon_command({"prefix": "config get", "who": "mgr", "key": "mgr/dashboard/ssl_server_port"} v 0) -- 0x7fed0c005650 con 0x7fed2c109e40
2024-03-15T14:01:59.637 INFO:teuthology.orchestra.run.smithi012.stdout:/usr/bin/ceph: stderr
2024-03-15T14:01:58.516+0000 7fed29600700 1 -- 172.21.15.12:0/2222609359 <== mon.0 v2:172.21.15.12:3300/0 7 ==== mon_command_ack([{"prefix": "config get", "who": "mgr", "key": "mgr/dashboard/ssl_server_port"}]=0 v8) ==== 112+0+5 (secure 0 0 0) 0x7fed200172b0 con 0x7fed2c109e40
2024-03-15T14:01:59.637 INFO:teuthology.orchestra.run.smithi012.stdout:/usr/bin/ceph: stderr
2024-03-15T14:01:58.518+0000 7fed33600700 1 -- 172.21.15.12:0/2222609359 >> [v2:172.21.15.12:6800/322246987,v1:172.21.15.12:6801/322246987] conn(0x7fed14039070 msgr2=0x7fed1403b530 secure :-1 s=STATE_CONNECTION_ESTABLISHED l=1).mark_down
2024-03-15T14:01:59.637 INFO:teuthology.orchestra.run.smithi012.stdout:/usr/bin/ceph: stderr
2024-03-15T14:01:58.518+0000 7fed33600700 1 --2- 172.21.15.12:0/2222609359 >> [v2:172.21.15.12:6800/322246987,v1:172.21.15.12:6801/322246987] conn(0x7fed14039070 0x7fed1403b530 secure :-1 s=READY pgs=9 cs=0 l=1 rev1=1 crypto rx=0x7fed18006fd0 tx=0x7fed18006e40 comp rx=0 tx=0).stop
2024-03-15T14:01:59.637 INFO:teuthology.orchestra.run.smithi012.stdout:/usr/bin/ceph: stderr
2024-03-15T14:01:58.518+0000 7fed33600700 1 -- 172.21.15.12:0/2222609359 >> [v2:172.21.15.12:3300/0,v1:172.21.15.12:6789/0] conn(0x7fed2c109e40 msgr2=0x7fed2c19dc10 secure :-1 s=STATE_CONNECTION_ESTABLISHED l=1).mark_down
2024-03-15T14:01:59.638 INFO:teuthology.orchestra.run.smithi012.stdout:/usr/bin/ceph: stderr
2024-03-15T14:01:58.518+0000 7fed33600700 1 --2- 172.21.15.12:0/2222609359 >> [v2:172.21.15.12:3300/0,v1:172.21.15.12:6789/0] conn(0x7fed2c109e40 0x7fed2c19dc10 secure :-1 s=READY pgs=75 cs=0 l=1 rev1=1 crypto rx=0x7fed200117e0 tx=0x7fed20011ba0 comp rx=0 tx=0).stop
2024-03-15T14:01:59.638 INFO:teuthology.orchestra.run.smithi012.stdout:/usr/bin/ceph: stderr
2024-03-15T14:01:58.519+0000 7fed33600700 1 -- 172.21.15.12:0/2222609359 shutdown_connections
2024-03-15T14:01:59.638 INFO:teuthology.orchestra.run.smithi012.stdout:/usr/bin/ceph: stderr
2024-03-15T14:01:58.519+0000 7fed33600700 1 --2- 172.21.15.12:0/2222609359 >> [v2:172.21.15.12:6800/322246987,v1:172.21.15.12:6801/322246987] conn(0x7fed14039070 0x7fed1403b530 unknown :-1 s=CLOSED pgs=9 cs=0 l=1 rev1=1 crypto rx=0 tx=0 comp rx=0 tx=0).stop
2024-03-15T14:01:59.638 INFO:teuthology.orchestra.run.smithi012.stdout:/usr/bin/ceph: stderr
2024-03-15T14:01:58.519+0000 7fed33600700 1 --2- 172.21.15.12:0/2222609359 >> [v2:172.21.15.12:3300/0,v1:172.21.15.12:6789/0] conn(0x7fed2c109e40 0x7fed2c19dc10 unknown :-1 s=CLOSED pgs=75 cs=0 l=1 rev1=1 crypto rx=0 tx=0 comp rx=0 tx=0).stop
2024-03-15T14:01:59.638 INFO:teuthology.orchestra.run.smithi012.stdout:/usr/bin/ceph: stderr
2024-03-15T14:01:58.519+0000 7fed33600700 1 -- 172.21.15.12:0/2222609359 >> 172.21.15.12:0/2222609359 conn(0x7fed2c07d250 msgr2=0x7fed2c107360 unknown :-1 s=STATE_NONE l=0).mark_down
2024-03-15T14:01:59.638 INFO:teuthology.orchestra.run.smithi012.stdout:/usr/bin/ceph: stderr
2024-03-15T14:01:58.519+0000 7fed33600700 1 -- 172.21.15.12:0/2222609359 shutdown_connections
2024-03-15T14:01:59.638 INFO:teuthology.orchestra.run.smithi012.stdout:/usr/bin/ceph: stderr
2024-03-15T14:01:58.519+0000 7fed33600700 1 -- 172.21.15.12:0/2222609359 wait complete.
2024-03-15T14:01:59.663 INFO:teuthology.orchestra.run.smithi012.stdout:Non-zero exit code 1 from systemctl is-enabled firewalld.service
2024-03-15T14:01:59.664 INFO:teuthology.orchestra.run.smithi012.stdout:systemctl: stdout disabled
2024-03-15T14:01:59.688 INFO:teuthology.orchestra.run.smithi012.stdout:Non-zero exit code 3 from systemctl is-active firewalld.service
2024-03-15T14:01:59.688 INFO:teuthology.orchestra.run.smithi012.stdout:systemctl: stdout inactive
2024-03-15T14:01:59.688 INFO:teuthology.orchestra.run.smithi012.stdout:firewalld.service is not enabled
2024-03-15T14:01:59.688 INFO:teuthology.orchestra.run.smithi012.stdout:Not possible to open ports <[8443]>. firewalld.service is not available
2024-03-15T14:01:59.693 INFO:teuthology.orchestra.run.smithi012.stdout:Ceph Dashboard is now available at:
2024-03-15T14:01:59.693 INFO:teuthology.orchestra.run.smithi012.stdout:
2024-03-15T14:01:59.693 INFO:teuthology.orchestra.run.smithi012.stdout: URL: https://smithi012.front.sepia.ceph.com:8443/
2024-03-15T14:01:59.693 INFO:teuthology.orchestra.run.smithi012.stdout: User: admin
2024-03-15T14:01:59.693 INFO:teuthology.orchestra.run.smithi012.stdout: Password: h84kx84u1f
2024-03-15T14:01:59.693 INFO:teuthology.orchestra.run.smithi012.stdout:
2024-03-15T14:01:59.694 INFO:teuthology.orchestra.run.smithi012.stdout:Saving cluster configuration to /var/lib/ceph/3fc91012-e2d4-11ee-95c9-87774f69a715/config directory
2024-03-15T14:01:59.695 INFO:teuthology.orchestra.run.smithi012.stdout:Enabling autotune for osd_memory_target
2024-03-15T14:02:01.792 INFO:teuthology.orchestra.run.smithi012.stdout:/usr/bin/ceph: stderr
2024-03-15T14:02:00.772+0000 7f8b48400700 1 Processor -- start
2024-03-15T14:02:01.792 INFO:teuthology.orchestra.run.smithi012.stdout:/usr/bin/ceph: stderr
2024-03-15T14:02:00.772+0000 7f8b48400700 1 -- start start
2024-03-15T14:02:01.792 INFO:teuthology.orchestra.run.smithi012.stdout:/usr/bin/ceph: stderr
2024-03-15T14:02:00.773+0000 7f8b48400700 1 --2- >> [v2:172.21.15.12:3300/0,v1:172.21.15.12:6789/0] conn(0x7f8b40109e40 0x7f8b4010a260 unknown :-1 s=NONE pgs=0 cs=0 l=0 rev1=0 crypto rx=0 tx=0 comp rx=0 tx=0).connect
2024-03-15T14:02:01.792 INFO:teuthology.orchestra.run.smithi012.stdout:/usr/bin/ceph: stderr
2024-03-15T14:02:00.773+0000 7f8b48400700 1 -- --> [v2:172.21.15.12:3300/0,v1:172.21.15.12:6789/0] -- mon_getmap magic: 0 -- 0x7f8b4010a830 con 0x7f8b40109e40
2024-03-15T14:02:01.792 INFO:teuthology.orchestra.run.smithi012.stdout:/usr/bin/ceph: stderr
2024-03-15T14:02:00.773+0000 7f8b45a00700 1 --2- >> [v2:172.21.15.12:3300/0,v1:172.21.15.12:6789/0] conn(0x7f8b40109e40 0x7f8b4010a260 unknown :-1 s=BANNER_CONNECTING pgs=0 cs=0 l=0 rev1=0 crypto rx=0 tx=0 comp rx=0 tx=0)._handle_peer_banner_payload supported=3 required=0
2024-03-15T14:02:01.792 INFO:teuthology.orchestra.run.smithi012.stdout:/usr/bin/ceph: stderr
2024-03-15T14:02:00.773+0000 7f8b45a00700 1 --2- >> [v2:172.21.15.12:3300/0,v1:172.21.15.12:6789/0] conn(0x7f8b40109e40 0x7f8b4010a260 unknown :-1 s=HELLO_CONNECTING pgs=0 cs=0 l=0 rev1=1 crypto rx=0 tx=0 comp rx=0 tx=0).handle_hello peer v2:172.21.15.12:3300/0 says I am v2:172.21.15.12:38998/0 (socket says 172.21.15.12:38998)
2024-03-15T14:02:01.792 INFO:teuthology.orchestra.run.smithi012.stdout:/usr/bin/ceph: stderr
2024-03-15T14:02:00.773+0000 7f8b45a00700 1 -- 172.21.15.12:0/253011282 learned_addr learned my addr 172.21.15.12:0/253011282 (peer_addr_for_me v2:172.21.15.12:0/0)
2024-03-15T14:02:01.793 INFO:teuthology.orchestra.run.smithi012.stdout:/usr/bin/ceph: stderr
2024-03-15T14:02:00.774+0000 7f8b45a00700 1 -- 172.21.15.12:0/253011282 --> [v2:172.21.15.12:3300/0,v1:172.21.15.12:6789/0] -- mon_subscribe({config=0+,monmap=0+}) -- 0x7f8b4010aff0 con 0x7f8b40109e40
2024-03-15T14:02:01.793 INFO:teuthology.orchestra.run.smithi012.stdout:/usr/bin/ceph: stderr
2024-03-15T14:02:00.774+0000 7f8b45a00700 1 --2- 172.21.15.12:0/253011282 >> [v2:172.21.15.12:3300/0,v1:172.21.15.12:6789/0] conn(0x7f8b40109e40 0x7f8b4010a260 secure :-1 s=READY pgs=76 cs=0 l=1 rev1=1 crypto rx=0x7f8b340098a0 tx=0x7f8b34009bb0 comp rx=0 tx=0).ready entity=mon.0 client_cookie=14b53596b6ce198b server_cookie=0 in_seq=0 out_seq=0
2024-03-15T14:02:01.793 INFO:teuthology.orchestra.run.smithi012.stdout:/usr/bin/ceph: stderr
2024-03-15T14:02:00.774+0000 7f8b3fe00700 1 -- 172.21.15.12:0/253011282 <== mon.0 v2:172.21.15.12:3300/0 1 ==== mon_map magic: 0 ==== 205+0+0 (secure 0 0 0) 0x7f8b34004160 con 0x7f8b40109e40
2024-03-15T14:02:01.793 INFO:teuthology.orchestra.run.smithi012.stdout:/usr/bin/ceph: stderr
2024-03-15T14:02:00.774+0000 7f8b3fe00700 1 -- 172.21.15.12:0/253011282 <== mon.0 v2:172.21.15.12:3300/0 2 ==== config(27 keys) ==== 1140+0+0 (secure 0 0 0) 0x7f8b34004300 con 0x7f8b40109e40
2024-03-15T14:02:01.793 INFO:teuthology.orchestra.run.smithi012.stdout:/usr/bin/ceph: stderr
2024-03-15T14:02:00.774+0000 7f8b3fe00700 1 -- 172.21.15.12:0/253011282 <== mon.0 v2:172.21.15.12:3300/0 3 ==== mon_map magic: 0 ==== 205+0+0 (secure 0 0 0) 0x7f8b34011b20 con 0x7f8b40109e40
2024-03-15T14:02:01.793 INFO:teuthology.orchestra.run.smithi012.stdout:/usr/bin/ceph: stderr
2024-03-15T14:02:00.775+0000 7f8b48400700 1 -- 172.21.15.12:0/253011282 >> [v2:172.21.15.12:3300/0,v1:172.21.15.12:6789/0] conn(0x7f8b40109e40 msgr2=0x7f8b4010a260 secure :-1 s=STATE_CONNECTION_ESTABLISHED l=1).mark_down
2024-03-15T14:02:01.793 INFO:teuthology.orchestra.run.smithi012.stdout:/usr/bin/ceph: stderr
2024-03-15T14:02:00.775+0000 7f8b48400700 1 --2- 172.21.15.12:0/253011282 >> [v2:172.21.15.12:3300/0,v1:172.21.15.12:6789/0] conn(0x7f8b40109e40 0x7f8b4010a260 secure :-1 s=READY pgs=76 cs=0 l=1 rev1=1 crypto rx=0x7f8b340098a0 tx=0x7f8b34009bb0 comp rx=0 tx=0).stop
2024-03-15T14:02:01.793 INFO:teuthology.orchestra.run.smithi012.stdout:/usr/bin/ceph: stderr
2024-03-15T14:02:00.775+0000 7f8b48400700 1 -- 172.21.15.12:0/253011282 shutdown_connections
2024-03-15T14:02:01.793 INFO:teuthology.orchestra.run.smithi012.stdout:/usr/bin/ceph: stderr
2024-03-15T14:02:00.775+0000 7f8b48400700 1 --2- 172.21.15.12:0/253011282 >> [v2:172.21.15.12:3300/0,v1:172.21.15.12:6789/0] conn(0x7f8b40109e40 0x7f8b4010a260 unknown :-1 s=CLOSED pgs=76 cs=0 l=1 rev1=1 crypto rx=0 tx=0 comp rx=0 tx=0).stop
2024-03-15T14:02:01.793 INFO:teuthology.orchestra.run.smithi012.stdout:/usr/bin/ceph: stderr
2024-03-15T14:02:00.775+0000 7f8b48400700 1 -- 172.21.15.12:0/253011282 >> 172.21.15.12:0/253011282 conn(0x7f8b4007d250 msgr2=0x7f8b4007d660 unknown :-1 s=STATE_NONE l=0).mark_down
2024-03-15T14:02:01.793 INFO:teuthology.orchestra.run.smithi012.stdout:/usr/bin/ceph: stderr
2024-03-15T14:02:00.775+0000 7f8b48400700 1 -- 172.21.15.12:0/253011282 shutdown_connections
2024-03-15T14:02:01.793 INFO:teuthology.orchestra.run.smithi012.stdout:/usr/bin/ceph: stderr
2024-03-15T14:02:00.776+0000 7f8b48400700 1 -- 172.21.15.12:0/253011282 wait complete.
2024-03-15T14:02:01.793 INFO:teuthology.orchestra.run.smithi012.stdout:/usr/bin/ceph: stderr
2024-03-15T14:02:00.777+0000 7f8b48400700 1 Processor -- start
2024-03-15T14:02:01.794 INFO:teuthology.orchestra.run.smithi012.stdout:/usr/bin/ceph: stderr
2024-03-15T14:02:00.777+0000 7f8b48400700 1 -- start start
2024-03-15T14:02:01.794 INFO:teuthology.orchestra.run.smithi012.stdout:/usr/bin/ceph: stderr
2024-03-15T14:02:00.777+0000 7f8b48400700 1 --2- >> [v2:172.21.15.12:3300/0,v1:172.21.15.12:6789/0] conn(0x7f8b40109e40 0x7f8b4019dc10 unknown :-1 s=NONE pgs=0 cs=0 l=1 rev1=0 crypto rx=0 tx=0 comp rx=0 tx=0).connect
2024-03-15T14:02:01.794 INFO:teuthology.orchestra.run.smithi012.stdout:/usr/bin/ceph: stderr
2024-03-15T14:02:00.777+0000 7f8b48400700 1 -- --> [v2:172.21.15.12:3300/0,v1:172.21.15.12:6789/0] -- mon_getmap magic: 0 -- 0x7f8b4010e3a0 con 0x7f8b40109e40
2024-03-15T14:02:01.794 INFO:teuthology.orchestra.run.smithi012.stdout:/usr/bin/ceph: stderr
2024-03-15T14:02:00.777+0000 7f8b45a00700 1 --2- >> [v2:172.21.15.12:3300/0,v1:172.21.15.12:6789/0] conn(0x7f8b40109e40 0x7f8b4019dc10 unknown :-1 s=BANNER_CONNECTING pgs=0 cs=0 l=1 rev1=0 crypto rx=0 tx=0 comp rx=0 tx=0)._handle_peer_banner_payload supported=3 required=0
2024-03-15T14:02:01.794 INFO:teuthology.orchestra.run.smithi012.stdout:/usr/bin/ceph: stderr
2024-03-15T14:02:00.777+0000 7f8b45a00700 1 --2- >> [v2:172.21.15.12:3300/0,v1:172.21.15.12:6789/0] conn(0x7f8b40109e40 0x7f8b4019dc10 unknown :-1 s=HELLO_CONNECTING pgs=0 cs=0 l=1 rev1=1 crypto rx=0 tx=0 comp rx=0 tx=0).handle_hello peer v2:172.21.15.12:3300/0 says I am v2:172.21.15.12:39002/0 (socket says 172.21.15.12:39002)
2024-03-15T14:02:01.794 INFO:teuthology.orchestra.run.smithi012.stdout:/usr/bin/ceph: stderr
2024-03-15T14:02:00.777+0000 7f8b45a00700 1 -- 172.21.15.12:0/3074593623 learned_addr learned my addr 172.21.15.12:0/3074593623 (peer_addr_for_me v2:172.21.15.12:0/0)
2024-03-15T14:02:01.794 INFO:teuthology.orchestra.run.smithi012.stdout:/usr/bin/ceph: stderr
2024-03-15T14:02:00.778+0000 7f8b45a00700 1 -- 172.21.15.12:0/3074593623 --> [v2:172.21.15.12:3300/0,v1:172.21.15.12:6789/0] -- mon_subscribe({config=0+,monmap=0+}) -- 0x7f8b4019e150 con 0x7f8b40109e40
2024-03-15T14:02:01.794 INFO:teuthology.orchestra.run.smithi012.stdout:/usr/bin/ceph: stderr
2024-03-15T14:02:00.778+0000 7f8b45a00700 1 --2- 172.21.15.12:0/3074593623 >> [v2:172.21.15.12:3300/0,v1:172.21.15.12:6789/0] conn(0x7f8b40109e40 0x7f8b4019dc10 secure :-1 s=READY pgs=77 cs=0 l=1 rev1=1 crypto rx=0x7f8b340117e0 tx=0x7f8b34011c10 comp rx=0 tx=0).ready entity=mon.0 client_cookie=0 server_cookie=0 in_seq=0 out_seq=0
2024-03-15T14:02:01.794 INFO:teuthology.orchestra.run.smithi012.stdout:/usr/bin/ceph: stderr
2024-03-15T14:02:00.778+0000 7f8b3e000700 1 -- 172.21.15.12:0/3074593623 <== mon.0 v2:172.21.15.12:3300/0 1 ==== mon_map magic: 0 ==== 205+0+0 (secure 0 0 0) 0x7f8b34003bf0 con 0x7f8b40109e40
2024-03-15T14:02:01.794 INFO:teuthology.orchestra.run.smithi012.stdout:/usr/bin/ceph: stderr
2024-03-15T14:02:00.778+0000 7f8b3e000700 1 -- 172.21.15.12:0/3074593623 <== mon.0 v2:172.21.15.12:3300/0 2 ==== config(27 keys) ==== 1140+0+0 (secure 0 0 0) 0x7f8b3401a910 con 0x7f8b40109e40
2024-03-15T14:02:01.794 INFO:teuthology.orchestra.run.smithi012.stdout:/usr/bin/ceph: stderr
2024-03-15T14:02:00.778+0000 7f8b48400700 1 -- 172.21.15.12:0/3074593623 --> [v2:172.21.15.12:3300/0,v1:172.21.15.12:6789/0] -- mon_subscribe({mgrmap=0+}) -- 0x7f8b4019e3e0 con 0x7f8b40109e40
2024-03-15T14:02:01.794 INFO:teuthology.orchestra.run.smithi012.stdout:/usr/bin/ceph: stderr
2024-03-15T14:02:00.778+0000 7f8b3e000700 1 -- 172.21.15.12:0/3074593623 <== mon.0 v2:172.21.15.12:3300/0 3 ==== mon_map magic: 0 ==== 205+0+0 (secure 0 0 0) 0x7f8b340249a0 con 0x7f8b40109e40
2024-03-15T14:02:01.795 INFO:teuthology.orchestra.run.smithi012.stdout:/usr/bin/ceph: stderr
2024-03-15T14:02:00.778+0000 7f8b48400700 1 -- 172.21.15.12:0/3074593623 --> [v2:172.21.15.12:3300/0,v1:172.21.15.12:6789/0] -- mon_subscribe({osdmap=0}) -- 0x7f8b4019e840 con 0x7f8b40109e40
2024-03-15T14:02:01.795 INFO:teuthology.orchestra.run.smithi012.stdout:/usr/bin/ceph: stderr
2024-03-15T14:02:00.780+0000 7f8b48400700 1 -- 172.21.15.12:0/3074593623 --> [v2:172.21.15.12:3300/0,v1:172.21.15.12:6789/0] -- mon_command({"prefix": "get_command_descriptions"} v 0) -- 0x7f8b40063900 con 0x7f8b40109e40
2024-03-15T14:02:01.795 INFO:teuthology.orchestra.run.smithi012.stdout:/usr/bin/ceph: stderr
2024-03-15T14:02:00.780+0000 7f8b3e000700 1 -- 172.21.15.12:0/3074593623 <== mon.0 v2:172.21.15.12:3300/0 4 ==== mgrmap(e 13) ==== 46162+0+0 (secure 0 0 0) 0x7f8b34022020 con 0x7f8b40109e40
2024-03-15T14:02:01.795 INFO:teuthology.orchestra.run.smithi012.stdout:/usr/bin/ceph: stderr
2024-03-15T14:02:00.780+0000 7f8b3e000700 1 --2- 172.21.15.12:0/3074593623 >> [v2:172.21.15.12:6800/322246987,v1:172.21.15.12:6801/322246987] conn(0x7f8b28038fc0 0x7f8b2803b480 unknown :-1 s=NONE pgs=0 cs=0 l=1 rev1=0 crypto rx=0 tx=0 comp rx=0 tx=0).connect
2024-03-15T14:02:01.795 INFO:teuthology.orchestra.run.smithi012.stdout:/usr/bin/ceph: stderr
2024-03-15T14:02:00.780+0000 7f8b3e000700 1 -- 172.21.15.12:0/3074593623 <== mon.0 v2:172.21.15.12:3300/0 5 ==== osd_map(3..3 src has 1..3) ==== 1155+0+0 (secure 0 0 0) 0x7f8b3404d460 con 0x7f8b40109e40
2024-03-15T14:02:01.795 INFO:teuthology.orchestra.run.smithi012.stdout:/usr/bin/ceph: stderr
2024-03-15T14:02:00.781+0000 7f8b45000700 1 --2- 172.21.15.12:0/3074593623 >> [v2:172.21.15.12:6800/322246987,v1:172.21.15.12:6801/322246987] conn(0x7f8b28038fc0 0x7f8b2803b480 unknown :-1 s=BANNER_CONNECTING pgs=0 cs=0 l=1 rev1=0 crypto rx=0 tx=0 comp rx=0 tx=0)._handle_peer_banner_payload supported=3 required=0
2024-03-15T14:02:01.795 INFO:teuthology.orchestra.run.smithi012.stdout:/usr/bin/ceph: stderr
2024-03-15T14:02:00.781+0000 7f8b45000700 1 --2- 172.21.15.12:0/3074593623 >> [v2:172.21.15.12:6800/322246987,v1:172.21.15.12:6801/322246987] conn(0x7f8b28038fc0 0x7f8b2803b480 secure :-1 s=READY pgs=10 cs=0 l=1 rev1=1 crypto rx=0x7f8b2c006fd0 tx=0x7f8b2c006e40 comp rx=0 tx=0).ready entity=mgr.14152 client_cookie=0 server_cookie=0 in_seq=0 out_seq=0
2024-03-15T14:02:01.795 INFO:teuthology.orchestra.run.smithi012.stdout:/usr/bin/ceph: stderr
2024-03-15T14:02:00.786+0000 7f8b3e000700 1 -- 172.21.15.12:0/3074593623 <== mon.0 v2:172.21.15.12:3300/0 6 ==== mon_command_ack([{"prefix": "get_command_descriptions"}]=0 v0) ==== 72+0+186149 (secure 0 0 0) 0x7f8b34011e20 con 0x7f8b40109e40
2024-03-15T14:02:01.795 INFO:teuthology.orchestra.run.smithi012.stdout:/usr/bin/ceph: stderr
2024-03-15T14:02:01.010+0000 7f8b48400700 1 -- 172.21.15.12:0/3074593623 --> [v2:172.21.15.12:3300/0,v1:172.21.15.12:6789/0] -- mon_command([{prefix=config set, name=osd_memory_target_autotune}] v 0) -- 0x7f8b401a1190 con 0x7f8b40109e40
2024-03-15T14:02:01.795 INFO:teuthology.orchestra.run.smithi012.stdout:/usr/bin/ceph: stderr
2024-03-15T14:02:01.011+0000 7f8b3e000700 1 -- 172.21.15.12:0/3074593623 <== mon.0 v2:172.21.15.12:3300/0 7 ==== mon_command_ack([{prefix=config set, name=osd_memory_target_autotune}]=0 v8)=0 v8) ==== 127+0+0 (secure 0 0 0) 0x7f8b34004300 con 0x7f8b40109e40
2024-03-15T14:02:01.795 INFO:teuthology.orchestra.run.smithi012.stdout:/usr/bin/ceph: stderr
2024-03-15T14:02:01.014+0000 7f8b48400700 1 -- 172.21.15.12:0/3074593623 >> [v2:172.21.15.12:6800/322246987,v1:172.21.15.12:6801/322246987] conn(0x7f8b28038fc0 msgr2=0x7f8b2803b480 secure :-1 s=STATE_CONNECTION_ESTABLISHED l=1).mark_down
2024-03-15T14:02:01.795 INFO:teuthology.orchestra.run.smithi012.stdout:/usr/bin/ceph: stderr
2024-03-15T14:02:01.014+0000 7f8b48400700 1 --2- 172.21.15.12:0/3074593623 >> [v2:172.21.15.12:6800/322246987,v1:172.21.15.12:6801/322246987] conn(0x7f8b28038fc0 0x7f8b2803b480 secure :-1 s=READY pgs=10 cs=0 l=1 rev1=1 crypto rx=0x7f8b2c006fd0 tx=0x7f8b2c006e40 comp rx=0 tx=0).stop
2024-03-15T14:02:01.795 INFO:teuthology.orchestra.run.smithi012.stdout:/usr/bin/ceph: stderr
2024-03-15T14:02:01.014+0000 7f8b48400700 1 -- 172.21.15.12:0/3074593623 >> [v2:172.21.15.12:3300/0,v1:172.21.15.12:6789/0] conn(0x7f8b40109e40 msgr2=0x7f8b4019dc10 secure :-1 s=STATE_CONNECTION_ESTABLISHED l=1).mark_down
2024-03-15T14:02:01.796 INFO:teuthology.orchestra.run.smithi012.stdout:/usr/bin/ceph: stderr
2024-03-15T14:02:01.014+0000 7f8b48400700 1 --2- 172.21.15.12:0/3074593623 >> [v2:172.21.15.12:3300/0,v1:172.21.15.12:6789/0] conn(0x7f8b40109e40 0x7f8b4019dc10 secure :-1 s=READY pgs=77 cs=0 l=1 rev1=1 crypto rx=0x7f8b340117e0 tx=0x7f8b34011c10 comp rx=0 tx=0).stop
2024-03-15T14:02:01.796 INFO:teuthology.orchestra.run.smithi012.stdout:/usr/bin/ceph: stderr
2024-03-15T14:02:01.015+0000 7f8b48400700 1 -- 172.21.15.12:0/3074593623 shutdown_connections
2024-03-15T14:02:01.796 INFO:teuthology.orchestra.run.smithi012.stdout:/usr/bin/ceph: stderr
2024-03-15T14:02:01.015+0000 7f8b48400700 1 --2- 172.21.15.12:0/3074593623 >> [v2:172.21.15.12:6800/322246987,v1:172.21.15.12:6801/322246987] conn(0x7f8b28038fc0 0x7f8b2803b480 unknown :-1 s=CLOSED pgs=10 cs=0 l=1 rev1=1 crypto rx=0 tx=0 comp rx=0 tx=0).stop
2024-03-15T14:02:01.796 INFO:teuthology.orchestra.run.smithi012.stdout:/usr/bin/ceph: stderr
2024-03-15T14:02:01.015+0000 7f8b48400700 1 --2- 172.21.15.12:0/3074593623 >> [v2:172.21.15.12:3300/0,v1:172.21.15.12:6789/0] conn(0x7f8b40109e40 0x7f8b4019dc10 unknown :-1 s=CLOSED pgs=77 cs=0 l=1 rev1=1 crypto rx=0 tx=0 comp rx=0 tx=0).stop
2024-03-15T14:02:01.796 INFO:teuthology.orchestra.run.smithi012.stdout:/usr/bin/ceph: stderr
2024-03-15T14:02:01.015+0000 7f8b48400700 1 -- 172.21.15.12:0/3074593623 >> 172.21.15.12:0/3074593623 conn(0x7f8b4007d250 msgr2=0x7f8b40107360 unknown :-1 s=STATE_NONE l=0).mark_down
2024-03-15T14:02:01.796 INFO:teuthology.orchestra.run.smithi012.stdout:/usr/bin/ceph: stderr
2024-03-15T14:02:01.015+0000 7f8b48400700 1 -- 172.21.15.12:0/3074593623 shutdown_connections
2024-03-15T14:02:01.796 INFO:teuthology.orchestra.run.smithi012.stdout:/usr/bin/ceph: stderr
2024-03-15T14:02:01.015+0000 7f8b48400700 1 -- 172.21.15.12:0/3074593623 wait complete.
2024-03-15T14:02:03.390 INFO:teuthology.orchestra.run.smithi012.stdout:/usr/bin/ceph: stderr
2024-03-15T14:02:02.414+0000 7f19c4800700 1 Processor -- start
2024-03-15T14:02:03.390 INFO:teuthology.orchestra.run.smithi012.stdout:/usr/bin/ceph: stderr
2024-03-15T14:02:02.414+0000 7f19c4800700 1 -- start start
2024-03-15T14:02:03.391 INFO:teuthology.orchestra.run.smithi012.stdout:/usr/bin/ceph: stderr
2024-03-15T14:02:02.414+0000 7f19c4800700 1 --2- >> [v2:172.21.15.12:3300/0,v1:172.21.15.12:6789/0] conn(0x7f19bc10ecc0 0x7f19bc1110b0 unknown :-1 s=NONE pgs=0 cs=0 l=0 rev1=0 crypto rx=0 tx=0 comp rx=0 tx=0).connect
2024-03-15T14:02:03.391 INFO:teuthology.orchestra.run.smithi012.stdout:/usr/bin/ceph: stderr
2024-03-15T14:02:02.414+0000 7f19c4800700 1 -- --> [v2:172.21.15.12:3300/0,v1:172.21.15.12:6789/0] -- mon_getmap magic: 0 -- 0x7f19bc082410 con 0x7f19bc10ecc0
2024-03-15T14:02:03.392 INFO:teuthology.orchestra.run.smithi012.stdout:/usr/bin/ceph: stderr
2024-03-15T14:02:02.415+0000 7f19c1e00700 1 --2- >> [v2:172.21.15.12:3300/0,v1:172.21.15.12:6789/0] conn(0x7f19bc10ecc0 0x7f19bc1110b0 unknown :-1 s=BANNER_CONNECTING pgs=0 cs=0 l=0 rev1=0 crypto rx=0 tx=0 comp rx=0 tx=0)._handle_peer_banner_payload supported=3 required=0
2024-03-15T14:02:03.392 INFO:teuthology.orchestra.run.smithi012.stdout:/usr/bin/ceph: stderr
2024-03-15T14:02:02.415+0000 7f19c1e00700 1 --2- >> [v2:172.21.15.12:3300/0,v1:172.21.15.12:6789/0] conn(0x7f19bc10ecc0 0x7f19bc1110b0 unknown :-1 s=HELLO_CONNECTING pgs=0 cs=0 l=0 rev1=1 crypto rx=0 tx=0 comp rx=0 tx=0).handle_hello peer v2:172.21.15.12:3300/0 says I am v2:172.21.15.12:39006/0 (socket says 172.21.15.12:39006)
2024-03-15T14:02:03.392 INFO:teuthology.orchestra.run.smithi012.stdout:/usr/bin/ceph: stderr
2024-03-15T14:02:02.415+0000 7f19c1e00700 1 -- 172.21.15.12:0/3298771738 learned_addr learned my addr 172.21.15.12:0/3298771738 (peer_addr_for_me v2:172.21.15.12:0/0)
2024-03-15T14:02:03.392 INFO:teuthology.orchestra.run.smithi012.stdout:/usr/bin/ceph: stderr
2024-03-15T14:02:02.415+0000 7f19c1e00700 1 -- 172.21.15.12:0/3298771738 --> [v2:172.21.15.12:3300/0,v1:172.21.15.12:6789/0] -- mon_subscribe({config=0+,monmap=0+}) -- 0x7f19bc1115f0 con 0x7f19bc10ecc0
2024-03-15T14:02:03.392 INFO:teuthology.orchestra.run.smithi012.stdout:/usr/bin/ceph: stderr
2024-03-15T14:02:02.416+0000 7f19c1e00700 1 --2- 172.21.15.12:0/3298771738 >> [v2:172.21.15.12:3300/0,v1:172.21.15.12:6789/0] conn(0x7f19bc10ecc0 0x7f19bc1110b0 secure :-1 s=READY pgs=78 cs=0 l=1 rev1=1 crypto rx=0x7f19b00098a0 tx=0x7f19b0009bb0 comp rx=0 tx=0).ready entity=mon.0 client_cookie=2c1a4ff7368732ef server_cookie=0 in_seq=0 out_seq=0
2024-03-15T14:02:03.392 INFO:teuthology.orchestra.run.smithi012.stdout:/usr/bin/ceph: stderr
2024-03-15T14:02:02.416+0000 7f19c0a00700 1 -- 172.21.15.12:0/3298771738 <== mon.0 v2:172.21.15.12:3300/0 1 ==== mon_map magic: 0 ==== 205+0+0 (secure 0 0 0) 0x7f19b0004160 con 0x7f19bc10ecc0
2024-03-15T14:02:03.392 INFO:teuthology.orchestra.run.smithi012.stdout:/usr/bin/ceph: stderr
2024-03-15T14:02:02.416+0000 7f19c0a00700 1 -- 172.21.15.12:0/3298771738 <== mon.0 v2:172.21.15.12:3300/0 2 ==== config(27 keys) ==== 1140+0+0 (secure 0 0 0) 0x7f19b0004300 con 0x7f19bc10ecc0
2024-03-15T14:02:03.392 INFO:teuthology.orchestra.run.smithi012.stdout:/usr/bin/ceph: stderr
2024-03-15T14:02:02.416+0000 7f19c0a00700 1 -- 172.21.15.12:0/3298771738 <== mon.0 v2:172.21.15.12:3300/0 3 ==== mon_map magic: 0 ==== 205+0+0 (secure 0 0 0) 0x7f19b0011b20 con 0x7f19bc10ecc0
2024-03-15T14:02:03.393 INFO:teuthology.orchestra.run.smithi012.stdout:/usr/bin/ceph: stderr
2024-03-15T14:02:02.417+0000 7f19c4800700 1 -- 172.21.15.12:0/3298771738 >> [v2:172.21.15.12:3300/0,v1:172.21.15.12:6789/0] conn(0x7f19bc10ecc0 msgr2=0x7f19bc1110b0 secure :-1 s=STATE_CONNECTION_ESTABLISHED l=1).mark_down
2024-03-15T14:02:03.393 INFO:teuthology.orchestra.run.smithi012.stdout:/usr/bin/ceph: stderr
2024-03-15T14:02:02.417+0000 7f19c4800700 1 --2- 172.21.15.12:0/3298771738 >> [v2:172.21.15.12:3300/0,v1:172.21.15.12:6789/0] conn(0x7f19bc10ecc0 0x7f19bc1110b0 secure :-1 s=READY pgs=78 cs=0 l=1 rev1=1 crypto rx=0x7f19b00098a0 tx=0x7f19b0009bb0 comp rx=0 tx=0).stop
2024-03-15T14:02:03.395 INFO:teuthology.orchestra.run.smithi012.stdout:/usr/bin/ceph: stderr
2024-03-15T14:02:02.417+0000 7f19c4800700 1 -- 172.21.15.12:0/3298771738 shutdown_connections
2024-03-15T14:02:03.395 INFO:teuthology.orchestra.run.smithi012.stdout:/usr/bin/ceph: stderr
2024-03-15T14:02:02.417+0000 7f19c4800700 1 --2- 172.21.15.12:0/3298771738 >> [v2:172.21.15.12:3300/0,v1:172.21.15.12:6789/0] conn(0x7f19bc10ecc0 0x7f19bc1110b0 unknown :-1 s=CLOSED pgs=78 cs=0 l=1 rev1=1 crypto rx=0 tx=0 comp rx=0 tx=0).stop
2024-03-15T14:02:03.395 INFO:teuthology.orchestra.run.smithi012.stdout:/usr/bin/ceph: stderr
2024-03-15T14:02:02.417+0000 7f19c4800700 1 -- 172.21.15.12:0/3298771738 >> 172.21.15.12:0/3298771738 conn(0x7f19bc07d190 msgr2=0x7f19bc07f5b0 unknown :-1 s=STATE_NONE l=0).mark_down
2024-03-15T14:02:03.395 INFO:teuthology.orchestra.run.smithi012.stdout:/usr/bin/ceph: stderr
2024-03-15T14:02:02.417+0000 7f19c4800700 1 -- 172.21.15.12:0/3298771738 shutdown_connections
2024-03-15T14:02:03.395 INFO:teuthology.orchestra.run.smithi012.stdout:/usr/bin/ceph: stderr
2024-03-15T14:02:02.417+0000 7f19c4800700 1 -- 172.21.15.12:0/3298771738 wait complete.
2024-03-15T14:02:03.396 INFO:teuthology.orchestra.run.smithi012.stdout:/usr/bin/ceph: stderr
2024-03-15T14:02:02.418+0000 7f19c4800700 1 Processor -- start
2024-03-15T14:02:03.396 INFO:teuthology.orchestra.run.smithi012.stdout:/usr/bin/ceph: stderr
2024-03-15T14:02:02.418+0000 7f19c4800700 1 -- start start
2024-03-15T14:02:03.396 INFO:teuthology.orchestra.run.smithi012.stdout:/usr/bin/ceph: stderr
2024-03-15T14:02:02.418+0000 7f19c4800700 1 --2- >> [v2:172.21.15.12:3300/0,v1:172.21.15.12:6789/0] conn(0x7f19bc10ecc0 0x7f19bc1a2010 unknown :-1 s=NONE pgs=0 cs=0 l=1 rev1=0 crypto rx=0 tx=0 comp rx=0 tx=0).connect
2024-03-15T14:02:03.396 INFO:teuthology.orchestra.run.smithi012.stdout:/usr/bin/ceph: stderr
2024-03-15T14:02:02.418+0000 7f19c4800700 1 -- --> [v2:172.21.15.12:3300/0,v1:172.21.15.12:6789/0] -- mon_getmap magic: 0 -- 0x7f19bc1125f0 con 0x7f19bc10ecc0
2024-03-15T14:02:03.396 INFO:teuthology.orchestra.run.smithi012.stdout:/usr/bin/ceph: stderr
2024-03-15T14:02:02.419+0000 7f19c1e00700 1 --2- >> [v2:172.21.15.12:3300/0,v1:172.21.15.12:6789/0] conn(0x7f19bc10ecc0 0x7f19bc1a2010 unknown :-1 s=BANNER_CONNECTING pgs=0 cs=0 l=1 rev1=0 crypto rx=0 tx=0 comp rx=0 tx=0)._handle_peer_banner_payload supported=3 required=0
2024-03-15T14:02:03.396 INFO:teuthology.orchestra.run.smithi012.stdout:/usr/bin/ceph: stderr
