2024-03-15T14:01:41.238 INFO:teuthology.orchestra.run.smithi012.stdout:/usr/bin/ceph: stderr
2024-03-15T14:01:40.209+0000 7f8bf9a00700 1 -- 172.21.15.12:0/1801068414 wait complete.
2024-03-15T14:01:41.238 INFO:teuthology.orchestra.run.smithi012.stdout:/usr/bin/ceph: stderr
2024-03-15T14:01:40.210+0000 7f8bf9a00700 1 Processor -- start
2024-03-15T14:01:41.238 INFO:teuthology.orchestra.run.smithi012.stdout:/usr/bin/ceph: stderr
2024-03-15T14:01:40.211+0000 7f8bf9a00700 1 -- start start
2024-03-15T14:01:41.238 INFO:teuthology.orchestra.run.smithi012.stdout:/usr/bin/ceph: stderr
2024-03-15T14:01:40.211+0000 7f8bf9a00700 1 --2- >> [v2:172.21.15.12:3300/0,v1:172.21.15.12:6789/0] conn(0x7f8bf4106450 0x7f8bf419dc00 unknown :-1 s=NONE pgs=0 cs=0 l=1 rev1=0 crypto rx=0 tx=0 comp rx=0 tx=0).connect
2024-03-15T14:01:41.238 INFO:teuthology.orchestra.run.smithi012.stdout:/usr/bin/ceph: stderr
2024-03-15T14:01:40.211+0000 7f8bf9a00700 1 -- --> [v2:172.21.15.12:3300/0,v1:172.21.15.12:6789/0] -- mon_getmap magic: 0 -- 0x7f8bf4107e80 con 0x7f8bf4106450
2024-03-15T14:01:41.238 INFO:teuthology.orchestra.run.smithi012.stdout:/usr/bin/ceph: stderr
2024-03-15T14:01:40.211+0000 7f8bf2a00700 1 --2- >> [v2:172.21.15.12:3300/0,v1:172.21.15.12:6789/0] conn(0x7f8bf4106450 0x7f8bf419dc00 unknown :-1 s=BANNER_CONNECTING pgs=0 cs=0 l=1 rev1=0 crypto rx=0 tx=0 comp rx=0 tx=0)._handle_peer_banner_payload supported=3 required=0
2024-03-15T14:01:41.239 INFO:teuthology.orchestra.run.smithi012.stdout:/usr/bin/ceph: stderr
2024-03-15T14:01:40.211+0000 7f8bf2a00700 1 --2- >> [v2:172.21.15.12:3300/0,v1:172.21.15.12:6789/0] conn(0x7f8bf4106450 0x7f8bf419dc00 unknown :-1 s=HELLO_CONNECTING pgs=0 cs=0 l=1 rev1=1 crypto rx=0 tx=0 comp rx=0 tx=0).handle_hello peer v2:172.21.15.12:3300/0 says I am v2:172.21.15.12:54976/0 (socket says 172.21.15.12:54976)
2024-03-15T14:01:41.239 INFO:teuthology.orchestra.run.smithi012.stdout:/usr/bin/ceph: stderr
2024-03-15T14:01:40.211+0000 7f8bf2a00700 1 -- 172.21.15.12:0/2075607886 learned_addr learned my addr 172.21.15.12:0/2075607886 (peer_addr_for_me v2:172.21.15.12:0/0)
2024-03-15T14:01:41.239 INFO:teuthology.orchestra.run.smithi012.stdout:/usr/bin/ceph: stderr
2024-03-15T14:01:40.212+0000 7f8bf2a00700 1 -- 172.21.15.12:0/2075607886 --> [v2:172.21.15.12:3300/0,v1:172.21.15.12:6789/0] -- mon_subscribe({config=0+,monmap=0+}) -- 0x7f8bf419e140 con 0x7f8bf4106450
2024-03-15T14:01:41.239 INFO:teuthology.orchestra.run.smithi012.stdout:/usr/bin/ceph: stderr
2024-03-15T14:01:40.212+0000 7f8bf2a00700 1 --2- 172.21.15.12:0/2075607886 >> [v2:172.21.15.12:3300/0,v1:172.21.15.12:6789/0] conn(0x7f8bf4106450 0x7f8bf419dc00 secure :-1 s=READY pgs=54 cs=0 l=1 rev1=1 crypto rx=0x7f8be40117e0 tx=0x7f8be4011ba0 comp rx=0 tx=0).ready entity=mon.0 client_cookie=0 server_cookie=0 in_seq=0 out_seq=0
2024-03-15T14:01:41.239 INFO:teuthology.orchestra.run.smithi012.stdout:/usr/bin/ceph: stderr
2024-03-15T14:01:40.212+0000 7f8beb400700 1 -- 172.21.15.12:0/2075607886 <== mon.0 v2:172.21.15.12:3300/0 1 ==== mon_map magic: 0 ==== 205+0+0 (secure 0 0 0) 0x7f8be4003ba0 con 0x7f8bf4106450
2024-03-15T14:01:41.239 INFO:teuthology.orchestra.run.smithi012.stdout:/usr/bin/ceph: stderr
2024-03-15T14:01:40.212+0000 7f8beb400700 1 -- 172.21.15.12:0/2075607886 <== mon.0 v2:172.21.15.12:3300/0 2 ==== config(27 keys) ==== 1140+0+0 (secure 0 0 0) 0x7f8be401a910 con 0x7f8bf4106450
2024-03-15T14:01:41.239 INFO:teuthology.orchestra.run.smithi012.stdout:/usr/bin/ceph: stderr
2024-03-15T14:01:40.212+0000 7f8beb400700 1 -- 172.21.15.12:0/2075607886 <== mon.0 v2:172.21.15.12:3300/0 3 ==== mon_map magic: 0 ==== 205+0+0 (secure 0 0 0) 0x7f8be40248f0 con 0x7f8bf4106450
2024-03-15T14:01:41.239 INFO:teuthology.orchestra.run.smithi012.stdout:/usr/bin/ceph: stderr
2024-03-15T14:01:40.212+0000 7f8bf9a00700 1 -- 172.21.15.12:0/2075607886 --> [v2:172.21.15.12:3300/0,v1:172.21.15.12:6789/0] -- mon_subscribe({mgrmap=0+}) -- 0x7f8bf419e3d0 con 0x7f8bf4106450
2024-03-15T14:01:41.240 INFO:teuthology.orchestra.run.smithi012.stdout:/usr/bin/ceph: stderr
2024-03-15T14:01:40.213+0000 7f8bf9a00700 1 -- 172.21.15.12:0/2075607886 --> [v2:172.21.15.12:3300/0,v1:172.21.15.12:6789/0] -- mon_subscribe({osdmap=0}) -- 0x7f8bf419e830 con 0x7f8bf4106450
2024-03-15T14:01:41.240 INFO:teuthology.orchestra.run.smithi012.stdout:/usr/bin/ceph: stderr
2024-03-15T14:01:40.214+0000 7f8beb400700 1 -- 172.21.15.12:0/2075607886 <== mon.0 v2:172.21.15.12:3300/0 4 ==== mgrmap(e 8) ==== 46106+0+0 (secure 0 0 0) 0x7f8be4022020 con 0x7f8bf4106450
2024-03-15T14:01:41.240 INFO:teuthology.orchestra.run.smithi012.stdout:/usr/bin/ceph: stderr
2024-03-15T14:01:40.214+0000 7f8bf9a00700 1 -- 172.21.15.12:0/2075607886 --> [v2:172.21.15.12:3300/0,v1:172.21.15.12:6789/0] -- mon_command({"prefix": "get_command_descriptions"} v 0) -- 0x7f8bf4063900 con 0x7f8bf4106450
2024-03-15T14:01:41.240 INFO:teuthology.orchestra.run.smithi012.stdout:/usr/bin/ceph: stderr
2024-03-15T14:01:40.214+0000 7f8beb400700 1 --2- 172.21.15.12:0/2075607886 >> [v2:172.21.15.12:6800/2950118241,v1:172.21.15.12:6801/2950118241] conn(0x7f8bd8038f20 0x7f8bd803b3e0 unknown :-1 s=NONE pgs=0 cs=0 l=1 rev1=0 crypto rx=0 tx=0 comp rx=0 tx=0).connect
2024-03-15T14:01:41.240 INFO:teuthology.orchestra.run.smithi012.stdout:/usr/bin/ceph: stderr
2024-03-15T14:01:40.214+0000 7f8beb400700 1 -- 172.21.15.12:0/2075607886 <== mon.0 v2:172.21.15.12:3300/0 5 ==== osd_map(2..2 src has 1..2) ==== 940+0+0 (secure 0 0 0) 0x7f8be404d3c0 con 0x7f8bf4106450
2024-03-15T14:01:41.240 INFO:teuthology.orchestra.run.smithi012.stdout:/usr/bin/ceph: stderr
2024-03-15T14:01:40.214+0000 7f8bf2000700 1 --2- 172.21.15.12:0/2075607886 >> [v2:172.21.15.12:6800/2950118241,v1:172.21.15.12:6801/2950118241] conn(0x7f8bd8038f20 0x7f8bd803b3e0 unknown :-1 s=BANNER_CONNECTING pgs=0 cs=0 l=1 rev1=0 crypto rx=0 tx=0 comp rx=0 tx=0)._handle_peer_banner_payload supported=3 required=0
2024-03-15T14:01:41.240 INFO:teuthology.orchestra.run.smithi012.stdout:/usr/bin/ceph: stderr
2024-03-15T14:01:40.215+0000 7f8bf2000700 1 --2- 172.21.15.12:0/2075607886 >> [v2:172.21.15.12:6800/2950118241,v1:172.21.15.12:6801/2950118241] conn(0x7f8bd8038f20 0x7f8bd803b3e0 secure :-1 s=READY pgs=15 cs=0 l=1 rev1=1 crypto rx=0x7f8be0006fd0 tx=0x7f8be0006e40 comp rx=0 tx=0).ready entity=mgr.14120 client_cookie=0 server_cookie=0 in_seq=0 out_seq=0
2024-03-15T14:01:41.240 INFO:teuthology.orchestra.run.smithi012.stdout:/usr/bin/ceph: stderr
2024-03-15T14:01:40.220+0000 7f8beb400700 1 -- 172.21.15.12:0/2075607886 <== mon.0 v2:172.21.15.12:3300/0 6 ==== mon_command_ack([{"prefix": "get_command_descriptions"}]=0 v0) ==== 72+0+186149 (secure 0 0 0) 0x7f8be401ab70 con 0x7f8bf4106450
2024-03-15T14:01:41.240 INFO:teuthology.orchestra.run.smithi012.stdout:/usr/bin/ceph: stderr
2024-03-15T14:01:40.450+0000 7f8bf9a00700 1 -- 172.21.15.12:0/2075607886 --> [v2:172.21.15.12:3300/0,v1:172.21.15.12:6789/0] -- mon_command([{prefix=config set, name=mgr/dashboard/ssl_server_port}] v 0) -- 0x7f8bf4062ee0 con 0x7f8bf4106450
2024-03-15T14:01:41.240 INFO:teuthology.orchestra.run.smithi012.stdout:/usr/bin/ceph: stderr
2024-03-15T14:01:40.455+0000 7f8beb400700 1 -- 172.21.15.12:0/2075607886 <== mon.0 v2:172.21.15.12:3300/0 7 ==== mon_command_ack([{prefix=config set, name=mgr/dashboard/ssl_server_port}]=0 v8)=0 v8) ==== 130+0+0 (secure 0 0 0) 0x7f8be404d120 con 0x7f8bf4106450
2024-03-15T14:01:41.240 INFO:teuthology.orchestra.run.smithi012.stdout:/usr/bin/ceph: stderr
2024-03-15T14:01:40.458+0000 7f8bf9a00700 1 -- 172.21.15.12:0/2075607886 >> [v2:172.21.15.12:6800/2950118241,v1:172.21.15.12:6801/2950118241] conn(0x7f8bd8038f20 msgr2=0x7f8bd803b3e0 secure :-1 s=STATE_CONNECTION_ESTABLISHED l=1).mark_down
2024-03-15T14:01:41.240 INFO:teuthology.orchestra.run.smithi012.stdout:/usr/bin/ceph: stderr
2024-03-15T14:01:40.458+0000 7f8bf9a00700 1 --2- 172.21.15.12:0/2075607886 >> [v2:172.21.15.12:6800/2950118241,v1:172.21.15.12:6801/2950118241] conn(0x7f8bd8038f20 0x7f8bd803b3e0 secure :-1 s=READY pgs=15 cs=0 l=1 rev1=1 crypto rx=0x7f8be0006fd0 tx=0x7f8be0006e40 comp rx=0 tx=0).stop
2024-03-15T14:01:41.240 INFO:teuthology.orchestra.run.smithi012.stdout:/usr/bin/ceph: stderr
2024-03-15T14:01:40.458+0000 7f8bf9a00700 1 -- 172.21.15.12:0/2075607886 >> [v2:172.21.15.12:3300/0,v1:172.21.15.12:6789/0] conn(0x7f8bf4106450 msgr2=0x7f8bf419dc00 secure :-1 s=STATE_CONNECTION_ESTABLISHED l=1).mark_down
2024-03-15T14:01:41.241 INFO:teuthology.orchestra.run.smithi012.stdout:/usr/bin/ceph: stderr
2024-03-15T14:01:40.458+0000 7f8bf9a00700 1 --2- 172.21.15.12:0/2075607886 >> [v2:172.21.15.12:3300/0,v1:172.21.15.12:6789/0] conn(0x7f8bf4106450 0x7f8bf419dc00 secure :-1 s=READY pgs=54 cs=0 l=1 rev1=1 crypto rx=0x7f8be40117e0 tx=0x7f8be4011ba0 comp rx=0 tx=0).stop
2024-03-15T14:01:41.241 INFO:teuthology.orchestra.run.smithi012.stdout:/usr/bin/ceph: stderr
2024-03-15T14:01:40.458+0000 7f8bf9a00700 1 -- 172.21.15.12:0/2075607886 shutdown_connections
2024-03-15T14:01:41.241 INFO:teuthology.orchestra.run.smithi012.stdout:/usr/bin/ceph: stderr
2024-03-15T14:01:40.458+0000 7f8bf9a00700 1 --2- 172.21.15.12:0/2075607886 >> [v2:172.21.15.12:6800/2950118241,v1:172.21.15.12:6801/2950118241] conn(0x7f8bd8038f20 0x7f8bd803b3e0 unknown :-1 s=CLOSED pgs=15 cs=0 l=1 rev1=1 crypto rx=0 tx=0 comp rx=0 tx=0).stop
2024-03-15T14:01:41.241 INFO:teuthology.orchestra.run.smithi012.stdout:/usr/bin/ceph: stderr
2024-03-15T14:01:40.458+0000 7f8bf9a00700 1 --2- 172.21.15.12:0/2075607886 >> [v2:172.21.15.12:3300/0,v1:172.21.15.12:6789/0] conn(0x7f8bf4106450 0x7f8bf419dc00 unknown :-1 s=CLOSED pgs=54 cs=0 l=1 rev1=1 crypto rx=0 tx=0 comp rx=0 tx=0).stop
2024-03-15T14:01:41.241 INFO:teuthology.orchestra.run.smithi012.stdout:/usr/bin/ceph: stderr
2024-03-15T14:01:40.458+0000 7f8bf9a00700 1 -- 172.21.15.12:0/2075607886 >> 172.21.15.12:0/2075607886 conn(0x7f8bf4102050 msgr2=0x7f8bf41948c0 unknown :-1 s=STATE_NONE l=0).mark_down
2024-03-15T14:01:41.241 INFO:teuthology.orchestra.run.smithi012.stdout:/usr/bin/ceph: stderr
2024-03-15T14:01:40.459+0000 7f8bf9a00700 1 -- 172.21.15.12:0/2075607886 shutdown_connections
2024-03-15T14:01:41.241 INFO:teuthology.orchestra.run.smithi012.stdout:/usr/bin/ceph: stderr
2024-03-15T14:01:40.459+0000 7f8bf9a00700 1 -- 172.21.15.12:0/2075607886 wait complete.
2024-03-15T14:01:41.241 INFO:teuthology.orchestra.run.smithi012.stdout:Enabling the dashboard module...
2024-03-15T14:01:42.789 INFO:journalctl@ceph.mon.a.smithi012.stdout:Mar 15 14:01:42 smithi012 ceph-mon[31420]: pgmap v5: 0 pgs: ; 0 B data, 0 B used, 0 B / 0 B avail
2024-03-15T14:01:42.789 INFO:journalctl@ceph.mon.a.smithi012.stdout:Mar 15 14:01:42 smithi012 ceph-mon[31420]: from='mgr.14120 172.21.15.12:0/940043766' entity='mgr.x'
2024-03-15T14:01:42.789 INFO:journalctl@ceph.mon.a.smithi012.stdout:Mar 15 14:01:42 smithi012 ceph-mon[31420]: from='client.? 172.21.15.12:0/2909021030' entity='client.admin' cmd=[{"prefix": "mgr module enable", "module": "dashboard"}]: dispatch
2024-03-15T14:01:42.789 INFO:journalctl@ceph.mgr.x.smithi012.stdout:Mar 15 14:01:42 smithi012 ceph-3fc91012-e2d4-11ee-95c9-87774f69a715-mgr-x[31647]: ignoring --setuser ceph since I am not root
2024-03-15T14:01:42.789 INFO:journalctl@ceph.mgr.x.smithi012.stdout:Mar 15 14:01:42 smithi012 ceph-3fc91012-e2d4-11ee-95c9-87774f69a715-mgr-x[31647]: ignoring --setgroup ceph since I am not root
2024-03-15T14:01:43.538 INFO:journalctl@ceph.mgr.x.smithi012.stdout:Mar 15 14:01:43 smithi012 ceph-3fc91012-e2d4-11ee-95c9-87774f69a715-mgr-x[31647]:
2024-03-15T14:01:43.440+0000 7f7916086200 -1 mgr[py] Module osd_perf_query has missing NOTIFY_TYPES member
2024-03-15T14:01:43.863 INFO:journalctl@ceph.mgr.x.smithi012.stdout:Mar 15 14:01:43 smithi012 ceph-3fc91012-e2d4-11ee-95c9-87774f69a715-mgr-x[31647]:
2024-03-15T14:01:43.568+0000 7f7916086200 -1 mgr[py] Module snap_schedule has missing NOTIFY_TYPES member
2024-03-15T14:01:43.864 INFO:journalctl@ceph.mon.a.smithi012.stdout:Mar 15 14:01:43 smithi012 ceph-mon[31420]: from='client.? 172.21.15.12:0/2909021030' entity='client.admin' cmd='[{"prefix": "mgr module enable", "module": "dashboard"}]': finished
2024-03-15T14:01:43.864 INFO:journalctl@ceph.mon.a.smithi012.stdout:Mar 15 14:01:43 smithi012 ceph-mon[31420]: mgrmap e9: x(active, since 25s)
2024-03-15T14:01:44.231 INFO:teuthology.orchestra.run.smithi012.stdout:/usr/bin/ceph: stderr
2024-03-15T14:01:41.840+0000 7f59b8000700 1 Processor -- start
2024-03-15T14:01:44.232 INFO:teuthology.orchestra.run.smithi012.stdout:/usr/bin/ceph: stderr
2024-03-15T14:01:41.840+0000 7f59b8000700 1 -- start start
2024-03-15T14:01:44.232 INFO:teuthology.orchestra.run.smithi012.stdout:/usr/bin/ceph: stderr
2024-03-15T14:01:41.841+0000 7f59b8000700 1 --2- >> [v2:172.21.15.12:3300/0,v1:172.21.15.12:6789/0] conn(0x7f59b007dd50 0x7f59b007c310 unknown :-1 s=NONE pgs=0 cs=0 l=0 rev1=0 crypto rx=0 tx=0 comp rx=0 tx=0).connect
2024-03-15T14:01:44.232 INFO:teuthology.orchestra.run.smithi012.stdout:/usr/bin/ceph: stderr
2024-03-15T14:01:41.841+0000 7f59b8000700 1 -- --> [v2:172.21.15.12:3300/0,v1:172.21.15.12:6789/0] -- mon_getmap magic: 0 -- 0x7f59b007c850 con 0x7f59b007dd50
2024-03-15T14:01:44.232 INFO:teuthology.orchestra.run.smithi012.stdout:/usr/bin/ceph: stderr
2024-03-15T14:01:41.841+0000 7f59b5600700 1 --2- >> [v2:172.21.15.12:3300/0,v1:172.21.15.12:6789/0] conn(0x7f59b007dd50 0x7f59b007c310 unknown :-1 s=BANNER_CONNECTING pgs=0 cs=0 l=0 rev1=0 crypto rx=0 tx=0 comp rx=0 tx=0)._handle_peer_banner_payload supported=3 required=0
2024-03-15T14:01:44.233 INFO:teuthology.orchestra.run.smithi012.stdout:/usr/bin/ceph: stderr
2024-03-15T14:01:41.841+0000 7f59b5600700 1 --2- >> [v2:172.21.15.12:3300/0,v1:172.21.15.12:6789/0] conn(0x7f59b007dd50 0x7f59b007c310 unknown :-1 s=HELLO_CONNECTING pgs=0 cs=0 l=0 rev1=1 crypto rx=0 tx=0 comp rx=0 tx=0).handle_hello peer v2:172.21.15.12:3300/0 says I am v2:172.21.15.12:54986/0 (socket says 172.21.15.12:54986)
2024-03-15T14:01:44.233 INFO:teuthology.orchestra.run.smithi012.stdout:/usr/bin/ceph: stderr
2024-03-15T14:01:41.841+0000 7f59b5600700 1 -- 172.21.15.12:0/2720915514 learned_addr learned my addr 172.21.15.12:0/2720915514 (peer_addr_for_me v2:172.21.15.12:0/0)
2024-03-15T14:01:44.233 INFO:teuthology.orchestra.run.smithi012.stdout:/usr/bin/ceph: stderr
2024-03-15T14:01:41.842+0000 7f59b5600700 1 -- 172.21.15.12:0/2720915514 --> [v2:172.21.15.12:3300/0,v1:172.21.15.12:6789/0] -- mon_subscribe({config=0+,monmap=0+}) -- 0x7f59b007c9d0 con 0x7f59b007dd50
2024-03-15T14:01:44.233 INFO:teuthology.orchestra.run.smithi012.stdout:/usr/bin/ceph: stderr
2024-03-15T14:01:41.842+0000 7f59b5600700 1 --2- 172.21.15.12:0/2720915514 >> [v2:172.21.15.12:3300/0,v1:172.21.15.12:6789/0] conn(0x7f59b007dd50 0x7f59b007c310 secure :-1 s=READY pgs=55 cs=0 l=1 rev1=1 crypto rx=0x7f59a40098a0 tx=0x7f59a4009bb0 comp rx=0 tx=0).ready entity=mon.0 client_cookie=2466295dccb37629 server_cookie=0 in_seq=0 out_seq=0
2024-03-15T14:01:44.233 INFO:teuthology.orchestra.run.smithi012.stdout:/usr/bin/ceph: stderr
2024-03-15T14:01:41.843+0000 7f59afe00700 1 -- 172.21.15.12:0/2720915514 <== mon.0 v2:172.21.15.12:3300/0 1 ==== mon_map magic: 0 ==== 205+0+0 (secure 0 0 0) 0x7f59a4004160 con 0x7f59b007dd50
2024-03-15T14:01:44.234 INFO:teuthology.orchestra.run.smithi012.stdout:/usr/bin/ceph: stderr
2024-03-15T14:01:41.843+0000 7f59afe00700 1 -- 172.21.15.12:0/2720915514 <== mon.0 v2:172.21.15.12:3300/0 2 ==== config(27 keys) ==== 1140+0+0 (secure 0 0 0) 0x7f59a4004300 con 0x7f59b007dd50
2024-03-15T14:01:44.234 INFO:teuthology.orchestra.run.smithi012.stdout:/usr/bin/ceph: stderr
2024-03-15T14:01:41.843+0000 7f59afe00700 1 -- 172.21.15.12:0/2720915514 <== mon.0 v2:172.21.15.12:3300/0 3 ==== mon_map magic: 0 ==== 205+0+0 (secure 0 0 0) 0x7f59a4011b20 con 0x7f59b007dd50
2024-03-15T14:01:44.234 INFO:teuthology.orchestra.run.smithi012.stdout:/usr/bin/ceph: stderr
2024-03-15T14:01:41.843+0000 7f59b8000700 1 -- 172.21.15.12:0/2720915514 >> [v2:172.21.15.12:3300/0,v1:172.21.15.12:6789/0] conn(0x7f59b007dd50 msgr2=0x7f59b007c310 secure :-1 s=STATE_CONNECTION_ESTABLISHED l=1).mark_down
2024-03-15T14:01:44.234 INFO:teuthology.orchestra.run.smithi012.stdout:/usr/bin/ceph: stderr
2024-03-15T14:01:41.843+0000 7f59b8000700 1 --2- 172.21.15.12:0/2720915514 >> [v2:172.21.15.12:3300/0,v1:172.21.15.12:6789/0] conn(0x7f59b007dd50 0x7f59b007c310 secure :-1 s=READY pgs=55 cs=0 l=1 rev1=1 crypto rx=0x7f59a40098a0 tx=0x7f59a4009bb0 comp rx=0 tx=0).stop
2024-03-15T14:01:44.235 INFO:teuthology.orchestra.run.smithi012.stdout:/usr/bin/ceph: stderr
2024-03-15T14:01:41.844+0000 7f59b8000700 1 -- 172.21.15.12:0/2720915514 shutdown_connections
2024-03-15T14:01:44.235 INFO:teuthology.orchestra.run.smithi012.stdout:/usr/bin/ceph: stderr
2024-03-15T14:01:41.844+0000 7f59b8000700 1 --2- 172.21.15.12:0/2720915514 >> [v2:172.21.15.12:3300/0,v1:172.21.15.12:6789/0] conn(0x7f59b007dd50 0x7f59b007c310 unknown :-1 s=CLOSED pgs=55 cs=0 l=1 rev1=1 crypto rx=0 tx=0 comp rx=0 tx=0).stop
2024-03-15T14:01:44.236 INFO:teuthology.orchestra.run.smithi012.stdout:/usr/bin/ceph: stderr
2024-03-15T14:01:41.844+0000 7f59b8000700 1 -- 172.21.15.12:0/2720915514 >> 172.21.15.12:0/2720915514 conn(0x7f59b0103250 msgr2=0x7f59b0105690 unknown :-1 s=STATE_NONE l=0).mark_down
2024-03-15T14:01:44.237 INFO:teuthology.orchestra.run.smithi012.stdout:/usr/bin/ceph: stderr
2024-03-15T14:01:41.844+0000 7f59b8000700 1 -- 172.21.15.12:0/2720915514 shutdown_connections
2024-03-15T14:01:44.237 INFO:teuthology.orchestra.run.smithi012.stdout:/usr/bin/ceph: stderr
2024-03-15T14:01:41.844+0000 7f59b8000700 1 -- 172.21.15.12:0/2720915514 wait complete.
2024-03-15T14:01:44.237 INFO:teuthology.orchestra.run.smithi012.stdout:/usr/bin/ceph: stderr
2024-03-15T14:01:41.845+0000 7f59b8000700 1 Processor -- start
2024-03-15T14:01:44.237 INFO:teuthology.orchestra.run.smithi012.stdout:/usr/bin/ceph: stderr
2024-03-15T14:01:41.845+0000 7f59b8000700 1 -- start start
2024-03-15T14:01:44.237 INFO:teuthology.orchestra.run.smithi012.stdout:/usr/bin/ceph: stderr
2024-03-15T14:01:41.845+0000 7f59b8000700 1 --2- >> [v2:172.21.15.12:3300/0,v1:172.21.15.12:6789/0] conn(0x7f59b007dd50 0x7f59b019dc90 unknown :-1 s=NONE pgs=0 cs=0 l=1 rev1=0 crypto rx=0 tx=0 comp rx=0 tx=0).connect
2024-03-15T14:01:44.237 INFO:teuthology.orchestra.run.smithi012.stdout:/usr/bin/ceph: stderr
2024-03-15T14:01:41.845+0000 7f59b8000700 1 -- --> [v2:172.21.15.12:3300/0,v1:172.21.15.12:6789/0] -- mon_getmap magic: 0 -- 0x7f59b010e0b0 con 0x7f59b007dd50
2024-03-15T14:01:44.237 INFO:teuthology.orchestra.run.smithi012.stdout:/usr/bin/ceph: stderr
2024-03-15T14:01:41.846+0000 7f59b5600700 1 --2- >> [v2:172.21.15.12:3300/0,v1:172.21.15.12:6789/0] conn(0x7f59b007dd50 0x7f59b019dc90 unknown :-1 s=BANNER_CONNECTING pgs=0 cs=0 l=1 rev1=0 crypto rx=0 tx=0 comp rx=0 tx=0)._handle_peer_banner_payload supported=3 required=0
2024-03-15T14:01:44.237 INFO:teuthology.orchestra.run.smithi012.stdout:/usr/bin/ceph: stderr
2024-03-15T14:01:41.846+0000 7f59b5600700 1 --2- >> [v2:172.21.15.12:3300/0,v1:172.21.15.12:6789/0] conn(0x7f59b007dd50 0x7f59b019dc90 unknown :-1 s=HELLO_CONNECTING pgs=0 cs=0 l=1 rev1=1 crypto rx=0 tx=0 comp rx=0 tx=0).handle_hello peer v2:172.21.15.12:3300/0 says I am v2:172.21.15.12:54992/0 (socket says 172.21.15.12:54992)
2024-03-15T14:01:44.237 INFO:teuthology.orchestra.run.smithi012.stdout:/usr/bin/ceph: stderr
2024-03-15T14:01:41.846+0000 7f59b5600700 1 -- 172.21.15.12:0/2909021030 learned_addr learned my addr 172.21.15.12:0/2909021030 (peer_addr_for_me v2:172.21.15.12:0/0)
2024-03-15T14:01:44.237 INFO:teuthology.orchestra.run.smithi012.stdout:/usr/bin/ceph: stderr
2024-03-15T14:01:41.846+0000 7f59b5600700 1 -- 172.21.15.12:0/2909021030 --> [v2:172.21.15.12:3300/0,v1:172.21.15.12:6789/0] -- mon_subscribe({config=0+,monmap=0+}) -- 0x7f59b019e1d0 con 0x7f59b007dd50
2024-03-15T14:01:44.239 INFO:teuthology.orchestra.run.smithi012.stdout:/usr/bin/ceph: stderr
2024-03-15T14:01:41.846+0000 7f59b5600700 1 --2- 172.21.15.12:0/2909021030 >> [v2:172.21.15.12:3300/0,v1:172.21.15.12:6789/0] conn(0x7f59b007dd50 0x7f59b019dc90 secure :-1 s=READY pgs=56 cs=0 l=1 rev1=1 crypto rx=0x7f59a4011b60 tx=0x7f59a4011c40 comp rx=0 tx=0).ready entity=mon.0 client_cookie=0 server_cookie=0 in_seq=0 out_seq=0
2024-03-15T14:01:44.239 INFO:teuthology.orchestra.run.smithi012.stdout:/usr/bin/ceph: stderr
2024-03-15T14:01:41.847+0000 7f59ae000700 1 -- 172.21.15.12:0/2909021030 <== mon.0 v2:172.21.15.12:3300/0 1 ==== mon_map magic: 0 ==== 205+0+0 (secure 0 0 0) 0x7f59a4003b60 con 0x7f59b007dd50
2024-03-15T14:01:44.239 INFO:teuthology.orchestra.run.smithi012.stdout:/usr/bin/ceph: stderr
2024-03-15T14:01:41.847+0000 7f59ae000700 1 -- 172.21.15.12:0/2909021030 <== mon.0 v2:172.21.15.12:3300/0 2 ==== config(27 keys) ==== 1140+0+0 (secure 0 0 0) 0x7f59a401a910 con 0x7f59b007dd50
2024-03-15T14:01:44.239 INFO:teuthology.orchestra.run.smithi012.stdout:/usr/bin/ceph: stderr
2024-03-15T14:01:41.847+0000 7f59ae000700 1 -- 172.21.15.12:0/2909021030 <== mon.0 v2:172.21.15.12:3300/0 3 ==== mon_map magic: 0 ==== 205+0+0 (secure 0 0 0) 0x7f59a4024930 con 0x7f59b007dd50
2024-03-15T14:01:44.239 INFO:teuthology.orchestra.run.smithi012.stdout:/usr/bin/ceph: stderr
2024-03-15T14:01:41.847+0000 7f59b8000700 1 -- 172.21.15.12:0/2909021030 --> [v2:172.21.15.12:3300/0,v1:172.21.15.12:6789/0] -- mon_subscribe({mgrmap=0+}) -- 0x7f59b019e460 con 0x7f59b007dd50
2024-03-15T14:01:44.239 INFO:teuthology.orchestra.run.smithi012.stdout:/usr/bin/ceph: stderr
2024-03-15T14:01:41.847+0000 7f59b8000700 1 -- 172.21.15.12:0/2909021030 --> [v2:172.21.15.12:3300/0,v1:172.21.15.12:6789/0] -- mon_subscribe({osdmap=0}) -- 0x7f59b019e8c0 con 0x7f59b007dd50
2024-03-15T14:01:44.239 INFO:teuthology.orchestra.run.smithi012.stdout:/usr/bin/ceph: stderr
2024-03-15T14:01:41.848+0000 7f59ae000700 1 -- 172.21.15.12:0/2909021030 <== mon.0 v2:172.21.15.12:3300/0 4 ==== mgrmap(e 8) ==== 46106+0+0 (secure 0 0 0) 0x7f59a4022020 con 0x7f59b007dd50
2024-03-15T14:01:44.239 INFO:teuthology.orchestra.run.smithi012.stdout:/usr/bin/ceph: stderr
2024-03-15T14:01:41.848+0000 7f59b8000700 1 -- 172.21.15.12:0/2909021030 --> [v2:172.21.15.12:3300/0,v1:172.21.15.12:6789/0] -- mon_command({"prefix": "get_command_descriptions"} v 0) -- 0x7f59b0063900 con 0x7f59b007dd50
2024-03-15T14:01:44.239 INFO:teuthology.orchestra.run.smithi012.stdout:/usr/bin/ceph: stderr
2024-03-15T14:01:41.849+0000 7f59ae000700 1 --2- 172.21.15.12:0/2909021030 >> [v2:172.21.15.12:6800/2950118241,v1:172.21.15.12:6801/2950118241] conn(0x7f5998038f20 0x7f599803b3e0 unknown :-1 s=NONE pgs=0 cs=0 l=1 rev1=0 crypto rx=0 tx=0 comp rx=0 tx=0).connect
2024-03-15T14:01:44.239 INFO:teuthology.orchestra.run.smithi012.stdout:/usr/bin/ceph: stderr
2024-03-15T14:01:41.849+0000 7f59ae000700 1 -- 172.21.15.12:0/2909021030 <== mon.0 v2:172.21.15.12:3300/0 5 ==== osd_map(2..2 src has 1..2) ==== 940+0+0 (secure 0 0 0) 0x7f59a404d080 con 0x7f59b007dd50
2024-03-15T14:01:44.240 INFO:teuthology.orchestra.run.smithi012.stdout:/usr/bin/ceph: stderr
2024-03-15T14:01:41.849+0000 7f59b4c00700 1 --2- 172.21.15.12:0/2909021030 >> [v2:172.21.15.12:6800/2950118241,v1:172.21.15.12:6801/2950118241] conn(0x7f5998038f20 0x7f599803b3e0 unknown :-1 s=BANNER_CONNECTING pgs=0 cs=0 l=1 rev1=0 crypto rx=0 tx=0 comp rx=0 tx=0)._handle_peer_banner_payload supported=3 required=0
2024-03-15T14:01:44.240 INFO:teuthology.orchestra.run.smithi012.stdout:/usr/bin/ceph: stderr
2024-03-15T14:01:41.850+0000 7f59b4c00700 1 --2- 172.21.15.12:0/2909021030 >> [v2:172.21.15.12:6800/2950118241,v1:172.21.15.12:6801/2950118241] conn(0x7f5998038f20 0x7f599803b3e0 secure :-1 s=READY pgs=16 cs=0 l=1 rev1=1 crypto rx=0x7f599c006fd0 tx=0x7f599c006e40 comp rx=0 tx=0).ready entity=mgr.14120 client_cookie=0 server_cookie=0 in_seq=0 out_seq=0
2024-03-15T14:01:44.241 INFO:teuthology.orchestra.run.smithi012.stdout:/usr/bin/ceph: stderr
2024-03-15T14:01:41.855+0000 7f59ae000700 1 -- 172.21.15.12:0/2909021030 <== mon.0 v2:172.21.15.12:3300/0 6 ==== mon_command_ack([{"prefix": "get_command_descriptions"}]=0 v0) ==== 72+0+186149 (secure 0 0 0) 0x7f59a400b3e0 con 0x7f59b007dd50
2024-03-15T14:01:44.241 INFO:teuthology.orchestra.run.smithi012.stdout:/usr/bin/ceph: stderr
2024-03-15T14:01:42.146+0000 7f59b8000700 1 -- 172.21.15.12:0/2909021030 --> [v2:172.21.15.12:3300/0,v1:172.21.15.12:6789/0] -- mon_command({"prefix": "mgr module enable", "module": "dashboard"} v 0) -- 0x7f59b01a1700 con 0x7f59b007dd50
2024-03-15T14:01:44.241 INFO:teuthology.orchestra.run.smithi012.stdout:/usr/bin/ceph: stderr
2024-03-15T14:01:42.572+0000 7f59ae000700 1 -- 172.21.15.12:0/2909021030 <== mon.0 v2:172.21.15.12:3300/0 7 ==== mon_command_ack([{"prefix": "mgr module enable", "module": "dashboard"}]=0 v9) ==== 88+0+0 (secure 0 0 0) 0x7f59a4016260 con 0x7f59b007dd50
2024-03-15T14:01:44.241 INFO:teuthology.orchestra.run.smithi012.stdout:/usr/bin/ceph: stderr
2024-03-15T14:01:42.576+0000 7f59ae000700 1 -- 172.21.15.12:0/2909021030 <== mon.0 v2:172.21.15.12:3300/0 8 ==== mgrmap(e 9) ==== 46119+0+0 (secure 0 0 0) 0x7f59a401a430 con 0x7f59b007dd50
2024-03-15T14:01:44.242 INFO:teuthology.orchestra.run.smithi012.stdout:/usr/bin/ceph: stderr
2024-03-15T14:01:42.577+0000 7f59b8000700 1 -- 172.21.15.12:0/2909021030 >> [v2:172.21.15.12:6800/2950118241,v1:172.21.15.12:6801/2950118241] conn(0x7f5998038f20 msgr2=0x7f599803b3e0 secure :-1 s=STATE_CONNECTION_ESTABLISHED l=1).mark_down
2024-03-15T14:01:44.242 INFO:teuthology.orchestra.run.smithi012.stdout:/usr/bin/ceph: stderr
2024-03-15T14:01:42.577+0000 7f59b8000700 1 --2- 172.21.15.12:0/2909021030 >> [v2:172.21.15.12:6800/2950118241,v1:172.21.15.12:6801/2950118241] conn(0x7f5998038f20 0x7f599803b3e0 secure :-1 s=READY pgs=16 cs=0 l=1 rev1=1 crypto rx=0x7f599c006fd0 tx=0x7f599c006e40 comp rx=0 tx=0).stop
2024-03-15T14:01:44.242 INFO:teuthology.orchestra.run.smithi012.stdout:/usr/bin/ceph: stderr
2024-03-15T14:01:42.577+0000 7f59b8000700 1 -- 172.21.15.12:0/2909021030 >> [v2:172.21.15.12:3300/0,v1:172.21.15.12:6789/0] conn(0x7f59b007dd50 msgr2=0x7f59b019dc90 secure :-1 s=STATE_CONNECTION_ESTABLISHED l=1).mark_down
2024-03-15T14:01:44.242 INFO:teuthology.orchestra.run.smithi012.stdout:/usr/bin/ceph: stderr
2024-03-15T14:01:42.577+0000 7f59b8000700 1 --2- 172.21.15.12:0/2909021030 >> [v2:172.21.15.12:3300/0,v1:172.21.15.12:6789/0] conn(0x7f59b007dd50 0x7f59b019dc90 secure :-1 s=READY pgs=56 cs=0 l=1 rev1=1 crypto rx=0x7f59a4011b60 tx=0x7f59a4011c40 comp rx=0 tx=0).stop
2024-03-15T14:01:44.242 INFO:teuthology.orchestra.run.smithi012.stdout:/usr/bin/ceph: stderr
2024-03-15T14:01:42.578+0000 7f59b8000700 1 -- 172.21.15.12:0/2909021030 shutdown_connections
2024-03-15T14:01:44.242 INFO:teuthology.orchestra.run.smithi012.stdout:/usr/bin/ceph: stderr
2024-03-15T14:01:42.578+0000 7f59b8000700 1 --2- 172.21.15.12:0/2909021030 >> [v2:172.21.15.12:6800/2950118241,v1:172.21.15.12:6801/2950118241] conn(0x7f5998038f20 0x7f599803b3e0 unknown :-1 s=CLOSED pgs=16 cs=0 l=1 rev1=1 crypto rx=0 tx=0 comp rx=0 tx=0).stop
2024-03-15T14:01:44.242 INFO:teuthology.orchestra.run.smithi012.stdout:/usr/bin/ceph: stderr
2024-03-15T14:01:42.578+0000 7f59b8000700 1 --2- 172.21.15.12:0/2909021030 >> [v2:172.21.15.12:3300/0,v1:172.21.15.12:6789/0] conn(0x7f59b007dd50 0x7f59b019dc90 unknown :-1 s=CLOSED pgs=56 cs=0 l=1 rev1=1 crypto rx=0 tx=0 comp rx=0 tx=0).stop
2024-03-15T14:01:44.242 INFO:teuthology.orchestra.run.smithi012.stdout:/usr/bin/ceph: stderr
2024-03-15T14:01:42.578+0000 7f59b8000700 1 -- 172.21.15.12:0/2909021030 >> 172.21.15.12:0/2909021030 conn(0x7f59b0103250 msgr2=0x7f59b0103d50 unknown :-1 s=STATE_NONE l=0).mark_down
2024-03-15T14:01:44.243 INFO:teuthology.orchestra.run.smithi012.stdout:/usr/bin/ceph: stderr
2024-03-15T14:01:42.578+0000 7f59b8000700 1 -- 172.21.15.12:0/2909021030 shutdown_connections
2024-03-15T14:01:44.243 INFO:teuthology.orchestra.run.smithi012.stdout:/usr/bin/ceph: stderr
2024-03-15T14:01:42.578+0000 7f59b8000700 1 -- 172.21.15.12:0/2909021030 wait complete.
2024-03-15T14:01:44.534 INFO:journalctl@ceph.mgr.x.smithi012.stdout:Mar 15 14:01:44 smithi012 ceph-3fc91012-e2d4-11ee-95c9-87774f69a715-mgr-x[31647]:
2024-03-15T14:01:44.398+0000 7f7916086200 -1 mgr[py] Module zabbix has missing NOTIFY_TYPES member
2024-03-15T14:01:44.534 INFO:journalctl@ceph.mgr.x.smithi012.stdout:Mar 15 14:01:44 smithi012 ceph-3fc91012-e2d4-11ee-95c9-87774f69a715-mgr-x[31647]:
2024-03-15T14:01:44.530+0000 7f7916086200 -1 mgr[py] Module balancer has missing NOTIFY_TYPES member
2024-03-15T14:01:44.788 INFO:journalctl@ceph.mgr.x.smithi012.stdout:Mar 15 14:01:44 smithi012 ceph-3fc91012-e2d4-11ee-95c9-87774f69a715-mgr-x[31647]:
2024-03-15T14:01:44.720+0000 7f7916086200 -1 mgr[py] Module influx has missing NOTIFY_TYPES member
2024-03-15T14:01:45.123 INFO:journalctl@ceph.mgr.x.smithi012.stdout:Mar 15 14:01:44 smithi012 ceph-3fc91012-e2d4-11ee-95c9-87774f69a715-mgr-x[31647]:
2024-03-15T14:01:44.854+0000 7f7916086200 -1 mgr[py] Module alerts has missing NOTIFY_TYPES member
2024-03-15T14:01:45.123 INFO:journalctl@ceph.mgr.x.smithi012.stdout:Mar 15 14:01:44 smithi012 ceph-3fc91012-e2d4-11ee-95c9-87774f69a715-mgr-x[31647]:
2024-03-15T14:01:44.966+0000 7f7916086200 -1 mgr[py] Module iostat has missing NOTIFY_TYPES member
2024-03-15T14:01:45.471 INFO:journalctl@ceph.mon.a.smithi012.stdout:Mar 15 14:01:45 smithi012 ceph-mon[31420]: from='client.? 172.21.15.12:0/1161794003' entity='client.admin' cmd=[{"prefix": "mgr stat"}]: dispatch
2024-03-15T14:01:45.472 INFO:journalctl@ceph.mgr.x.smithi012.stdout:Mar 15 14:01:45 smithi012 ceph-3fc91012-e2d4-11ee-95c9-87774f69a715-mgr-x[31647]:
2024-03-15T14:01:45.318+0000 7f7916086200 -1 mgr[py] Module rgw has missing NOTIFY_TYPES member
2024-03-15T14:01:45.788 INFO:journalctl@ceph.mgr.x.smithi012.stdout:Mar 15 14:01:45 smithi012 ceph-3fc91012-e2d4-11ee-95c9-87774f69a715-mgr-x[31647]:
2024-03-15T14:01:45.467+0000 7f7916086200 -1 mgr[py] Module rbd_support has missing NOTIFY_TYPES member
2024-03-15T14:01:45.788 INFO:journalctl@ceph.mgr.x.smithi012.stdout:Mar 15 14:01:45 smithi012 ceph-3fc91012-e2d4-11ee-95c9-87774f69a715-mgr-x[31647]:
2024-03-15T14:01:45.584+0000 7f7916086200 -1 mgr[py] Module progress has missing NOTIFY_TYPES member
2024-03-15T14:01:45.789 INFO:journalctl@ceph.mgr.x.smithi012.stdout:Mar 15 14:01:45 smithi012 ceph-3fc91012-e2d4-11ee-95c9-87774f69a715-mgr-x[31647]:
2024-03-15T14:01:45.715+0000 7f7916086200 -1 mgr[py] Module pg_autoscaler has missing NOTIFY_TYPES member
2024-03-15T14:01:45.829 INFO:teuthology.orchestra.run.smithi012.stdout:/usr/bin/ceph: stdout {
2024-03-15T14:01:45.830 INFO:teuthology.orchestra.run.smithi012.stdout:/usr/bin/ceph: stdout "epoch": 9,
2024-03-15T14:01:45.830 INFO:teuthology.orchestra.run.smithi012.stdout:/usr/bin/ceph: stdout "available": true,
2024-03-15T14:01:45.830 INFO:teuthology.orchestra.run.smithi012.stdout:/usr/bin/ceph: stdout "active_name": "x",
2024-03-15T14:01:45.830 INFO:teuthology.orchestra.run.smithi012.stdout:/usr/bin/ceph: stdout "num_standby": 0
2024-03-15T14:01:45.830 INFO:teuthology.orchestra.run.smithi012.stdout:/usr/bin/ceph: stdout }
2024-03-15T14:01:45.836 INFO:teuthology.orchestra.run.smithi012.stdout:/usr/bin/ceph: stderr
2024-03-15T14:01:44.820+0000 7f598a000700 1 Processor -- start
2024-03-15T14:01:45.836 INFO:teuthology.orchestra.run.smithi012.stdout:/usr/bin/ceph: stderr
2024-03-15T14:01:44.820+0000 7f598a000700 1 -- start start
2024-03-15T14:01:45.836 INFO:teuthology.orchestra.run.smithi012.stdout:/usr/bin/ceph: stderr
2024-03-15T14:01:44.820+0000 7f598a000700 1 --2- >> [v2:172.21.15.12:3300/0,v1:172.21.15.12:6789/0] conn(0x7f598407ded0 0x7f598407c330 unknown :-1 s=NONE pgs=0 cs=0 l=0 rev1=0 crypto rx=0 tx=0 comp rx=0 tx=0).connect
2024-03-15T14:01:45.836 INFO:teuthology.orchestra.run.smithi012.stdout:/usr/bin/ceph: stderr
2024-03-15T14:01:44.820+0000 7f598a000700 1 -- --> [v2:172.21.15.12:3300/0,v1:172.21.15.12:6789/0] -- mon_getmap magic: 0 -- 0x7f598407c900 con 0x7f598407ded0
2024-03-15T14:01:45.836 INFO:teuthology.orchestra.run.smithi012.stdout:/usr/bin/ceph: stderr
2024-03-15T14:01:44.821+0000 7f5983400700 1 --2- >> [v2:172.21.15.12:3300/0,v1:172.21.15.12:6789/0] conn(0x7f598407ded0 0x7f598407c330 unknown :-1 s=BANNER_CONNECTING pgs=0 cs=0 l=0 rev1=0 crypto rx=0 tx=0 comp rx=0 tx=0)._handle_peer_banner_payload supported=3 required=0
2024-03-15T14:01:45.836 INFO:teuthology.orchestra.run.smithi012.stdout:/usr/bin/ceph: stderr
2024-03-15T14:01:44.821+0000 7f5983400700 1 --2- >> [v2:172.21.15.12:3300/0,v1:172.21.15.12:6789/0] conn(0x7f598407ded0 0x7f598407c330 unknown :-1 s=HELLO_CONNECTING pgs=0 cs=0 l=0 rev1=1 crypto rx=0 tx=0 comp rx=0 tx=0).handle_hello peer v2:172.21.15.12:3300/0 says I am v2:172.21.15.12:55016/0 (socket says 172.21.15.12:55016)
2024-03-15T14:01:45.836 INFO:teuthology.orchestra.run.smithi012.stdout:/usr/bin/ceph: stderr
2024-03-15T14:01:44.821+0000 7f5983400700 1 -- 172.21.15.12:0/891194628 learned_addr learned my addr 172.21.15.12:0/891194628 (peer_addr_for_me v2:172.21.15.12:0/0)
2024-03-15T14:01:45.836 INFO:teuthology.orchestra.run.smithi012.stdout:/usr/bin/ceph: stderr
2024-03-15T14:01:44.821+0000 7f5983400700 1 -- 172.21.15.12:0/891194628 --> [v2:172.21.15.12:3300/0,v1:172.21.15.12:6789/0] -- mon_subscribe({config=0+,monmap=0+}) -- 0x7f598407ca80 con 0x7f598407ded0
2024-03-15T14:01:45.836 INFO:teuthology.orchestra.run.smithi012.stdout:/usr/bin/ceph: stderr
2024-03-15T14:01:44.822+0000 7f5983400700 1 --2- 172.21.15.12:0/891194628 >> [v2:172.21.15.12:3300/0,v1:172.21.15.12:6789/0] conn(0x7f598407ded0 0x7f598407c330 secure :-1 s=READY pgs=59 cs=0 l=1 rev1=1 crypto rx=0x7f59740098a0 tx=0x7f5974009bb0 comp rx=0 tx=0).ready entity=mon.0 client_cookie=977a5925e4fe9de8 server_cookie=0 in_seq=0 out_seq=0
2024-03-15T14:01:45.836 INFO:teuthology.orchestra.run.smithi012.stdout:/usr/bin/ceph: stderr
2024-03-15T14:01:44.822+0000 7f5982000700 1 -- 172.21.15.12:0/891194628 <== mon.0 v2:172.21.15.12:3300/0 1 ==== mon_map magic: 0 ==== 205+0+0 (secure 0 0 0) 0x7f5974004160 con 0x7f598407ded0
2024-03-15T14:01:45.836 INFO:teuthology.orchestra.run.smithi012.stdout:/usr/bin/ceph: stderr
2024-03-15T14:01:44.822+0000 7f5982000700 1 -- 172.21.15.12:0/891194628 <== mon.0 v2:172.21.15.12:3300/0 2 ==== config(27 keys) ==== 1140+0+0 (secure 0 0 0) 0x7f5974004300 con 0x7f598407ded0
2024-03-15T14:01:45.836 INFO:teuthology.orchestra.run.smithi012.stdout:/usr/bin/ceph: stderr
2024-03-15T14:01:44.822+0000 7f5982000700 1 -- 172.21.15.12:0/891194628 <== mon.0 v2:172.21.15.12:3300/0 3 ==== mon_map magic: 0 ==== 205+0+0 (secure 0 0 0) 0x7f5974011b20 con 0x7f598407ded0
2024-03-15T14:01:45.836 INFO:teuthology.orchestra.run.smithi012.stdout:/usr/bin/ceph: stderr
2024-03-15T14:01:44.823+0000 7f598a000700 1 -- 172.21.15.12:0/891194628 >> [v2:172.21.15.12:3300/0,v1:172.21.15.12:6789/0] conn(0x7f598407ded0 msgr2=0x7f598407c330 secure :-1 s=STATE_CONNECTION_ESTABLISHED l=1).mark_down
2024-03-15T14:01:45.837 INFO:teuthology.orchestra.run.smithi012.stdout:/usr/bin/ceph: stderr
2024-03-15T14:01:44.823+0000 7f598a000700 1 --2- 172.21.15.12:0/891194628 >> [v2:172.21.15.12:3300/0,v1:172.21.15.12:6789/0] conn(0x7f598407ded0 0x7f598407c330 secure :-1 s=READY pgs=59 cs=0 l=1 rev1=1 crypto rx=0x7f59740098a0 tx=0x7f5974009bb0 comp rx=0 tx=0).stop
2024-03-15T14:01:45.837 INFO:teuthology.orchestra.run.smithi012.stdout:/usr/bin/ceph: stderr
2024-03-15T14:01:44.823+0000 7f598a000700 1 -- 172.21.15.12:0/891194628 shutdown_connections
2024-03-15T14:01:45.837 INFO:teuthology.orchestra.run.smithi012.stdout:/usr/bin/ceph: stderr
2024-03-15T14:01:44.823+0000 7f598a000700 1 --2- 172.21.15.12:0/891194628 >> [v2:172.21.15.12:3300/0,v1:172.21.15.12:6789/0] conn(0x7f598407ded0 0x7f598407c330 unknown :-1 s=CLOSED pgs=59 cs=0 l=1 rev1=1 crypto rx=0 tx=0 comp rx=0 tx=0).stop
2024-03-15T14:01:45.837 INFO:teuthology.orchestra.run.smithi012.stdout:/usr/bin/ceph: stderr
2024-03-15T14:01:44.823+0000 7f598a000700 1 -- 172.21.15.12:0/891194628 >> 172.21.15.12:0/891194628 conn(0x7f5984103180 msgr2=0x7f59841055a0 unknown :-1 s=STATE_NONE l=0).mark_down
2024-03-15T14:01:45.837 INFO:teuthology.orchestra.run.smithi012.stdout:/usr/bin/ceph: stderr
2024-03-15T14:01:44.823+0000 7f598a000700 1 -- 172.21.15.12:0/891194628 shutdown_connections
2024-03-15T14:01:45.837 INFO:teuthology.orchestra.run.smithi012.stdout:/usr/bin/ceph: stderr
2024-03-15T14:01:44.823+0000 7f598a000700 1 -- 172.21.15.12:0/891194628 wait complete.
2024-03-15T14:01:45.837 INFO:teuthology.orchestra.run.smithi012.stdout:/usr/bin/ceph: stderr
2024-03-15T14:01:44.824+0000 7f598a000700 1 Processor -- start
2024-03-15T14:01:45.837 INFO:teuthology.orchestra.run.smithi012.stdout:/usr/bin/ceph: stderr
2024-03-15T14:01:44.824+0000 7f598a000700 1 -- start start
2024-03-15T14:01:45.837 INFO:teuthology.orchestra.run.smithi012.stdout:/usr/bin/ceph: stderr
2024-03-15T14:01:44.824+0000 7f598a000700 1 --2- >> [v2:172.21.15.12:3300/0,v1:172.21.15.12:6789/0] conn(0x7f598407ded0 0x7f598419dce0 unknown :-1 s=NONE pgs=0 cs=0 l=1 rev1=0 crypto rx=0 tx=0 comp rx=0 tx=0).connect
2024-03-15T14:01:45.837 INFO:teuthology.orchestra.run.smithi012.stdout:/usr/bin/ceph: stderr
2024-03-15T14:01:44.824+0000 7f598a000700 1 -- --> [v2:172.21.15.12:3300/0,v1:172.21.15.12:6789/0] -- mon_getmap magic: 0 -- 0x7f598410e230 con 0x7f598407ded0
2024-03-15T14:01:45.837 INFO:teuthology.orchestra.run.smithi012.stdout:/usr/bin/ceph: stderr
2024-03-15T14:01:44.825+0000 7f5983400700 1 --2- >> [v2:172.21.15.12:3300/0,v1:172.21.15.12:6789/0] conn(0x7f598407ded0 0x7f598419dce0 unknown :-1 s=BANNER_CONNECTING pgs=0 cs=0 l=1 rev1=0 crypto rx=0 tx=0 comp rx=0 tx=0)._handle_peer_banner_payload supported=3 required=0
2024-03-15T14:01:45.837 INFO:teuthology.orchestra.run.smithi012.stdout:/usr/bin/ceph: stderr
2024-03-15T14:01:44.825+0000 7f5983400700 1 --2- >> [v2:172.21.15.12:3300/0,v1:172.21.15.12:6789/0] conn(0x7f598407ded0 0x7f598419dce0 unknown :-1 s=HELLO_CONNECTING pgs=0 cs=0 l=1 rev1=1 crypto rx=0 tx=0 comp rx=0 tx=0).handle_hello peer v2:172.21.15.12:3300/0 says I am v2:172.21.15.12:55026/0 (socket says 172.21.15.12:55026)
2024-03-15T14:01:45.837 INFO:teuthology.orchestra.run.smithi012.stdout:/usr/bin/ceph: stderr
2024-03-15T14:01:44.825+0000 7f5983400700 1 -- 172.21.15.12:0/1161794003 learned_addr learned my addr 172.21.15.12:0/1161794003 (peer_addr_for_me v2:172.21.15.12:0/0)
2024-03-15T14:01:45.837 INFO:teuthology.orchestra.run.smithi012.stdout:/usr/bin/ceph: stderr
2024-03-15T14:01:44.825+0000 7f5983400700 1 -- 172.21.15.12:0/1161794003 --> [v2:172.21.15.12:3300/0,v1:172.21.15.12:6789/0] -- mon_subscribe({config=0+,monmap=0+}) -- 0x7f598419e220 con 0x7f598407ded0
2024-03-15T14:01:45.838 INFO:teuthology.orchestra.run.smithi012.stdout:/usr/bin/ceph: stderr
2024-03-15T14:01:44.825+0000 7f5983400700 1 --2- 172.21.15.12:0/1161794003 >> [v2:172.21.15.12:3300/0,v1:172.21.15.12:6789/0] conn(0x7f598407ded0 0x7f598419dce0 secure :-1 s=READY pgs=60 cs=0 l=1 rev1=1 crypto rx=0x7f59740116a0 tx=0x7f5974011ba0 comp rx=0 tx=0).ready entity=mon.0 client_cookie=0 server_cookie=0 in_seq=0 out_seq=0
2024-03-15T14:01:45.838 INFO:teuthology.orchestra.run.smithi012.stdout:/usr/bin/ceph: stderr
2024-03-15T14:01:44.826+0000 7f597be00700 1 -- 172.21.15.12:0/1161794003 <== mon.0 v2:172.21.15.12:3300/0 1 ==== mon_map magic: 0 ==== 205+0+0 (secure 0 0 0) 0x7f5974003a40 con 0x7f598407ded0
2024-03-15T14:01:45.838 INFO:teuthology.orchestra.run.smithi012.stdout:/usr/bin/ceph: stderr
2024-03-15T14:01:44.826+0000 7f597be00700 1 -- 172.21.15.12:0/1161794003 <== mon.0 v2:172.21.15.12:3300/0 2 ==== config(27 keys) ==== 1140+0+0 (secure 0 0 0) 0x7f5974003be0 con 0x7f598407ded0
2024-03-15T14:01:45.838 INFO:teuthology.orchestra.run.smithi012.stdout:/usr/bin/ceph: stderr
2024-03-15T14:01:44.826+0000 7f597be00700 1 -- 172.21.15.12:0/1161794003 <== mon.0 v2:172.21.15.12:3300/0 3 ==== mon_map magic: 0 ==== 205+0+0 (secure 0 0 0) 0x7f597401a5e0 con 0x7f598407ded0
2024-03-15T14:01:45.838 INFO:teuthology.orchestra.run.smithi012.stdout:/usr/bin/ceph: stderr
2024-03-15T14:01:44.826+0000 7f598a000700 1 -- 172.21.15.12:0/1161794003 --> [v2:172.21.15.12:3300/0,v1:172.21.15.12:6789/0] -- mon_subscribe({mgrmap=0+}) -- 0x7f598419e4b0 con 0x7f598407ded0
2024-03-15T14:01:45.838 INFO:teuthology.orchestra.run.smithi012.stdout:/usr/bin/ceph: stderr
2024-03-15T14:01:44.826+0000 7f598a000700 1 -- 172.21.15.12:0/1161794003 --> [v2:172.21.15.12:3300/0,v1:172.21.15.12:6789/0] -- mon_subscribe({osdmap=0}) -- 0x7f598419e910 con 0x7f598407ded0
2024-03-15T14:01:45.838 INFO:teuthology.orchestra.run.smithi012.stdout:/usr/bin/ceph: stderr
2024-03-15T14:01:44.827+0000 7f597be00700 1 -- 172.21.15.12:0/1161794003 <== mon.0 v2:172.21.15.12:3300/0 4 ==== mgrmap(e 9) ==== 46119+0+0 (secure 0 0 0) 0x7f5974024430 con 0x7f598407ded0
2024-03-15T14:01:45.838 INFO:teuthology.orchestra.run.smithi012.stdout:/usr/bin/ceph: stderr
2024-03-15T14:01:44.827+0000 7f598a000700 1 -- 172.21.15.12:0/1161794003 --> [v2:172.21.15.12:3300/0,v1:172.21.15.12:6789/0] -- mon_command({"prefix": "get_command_descriptions"} v 0) -- 0x7f5984063900 con 0x7f598407ded0
2024-03-15T14:01:45.838 INFO:teuthology.orchestra.run.smithi012.stdout:/usr/bin/ceph: stderr
2024-03-15T14:01:44.827+0000 7f597be00700 1 --2- 172.21.15.12:0/1161794003 >> [v2:172.21.15.12:6800/2950118241,v1:172.21.15.12:6801/2950118241] conn(0x7f5968038f80 0x7f596803b440 unknown :-1 s=NONE pgs=0 cs=0 l=1 rev1=0 crypto rx=0 tx=0 comp rx=0 tx=0).connect
2024-03-15T14:01:45.838 INFO:teuthology.orchestra.run.smithi012.stdout:/usr/bin/ceph: stderr
2024-03-15T14:01:44.827+0000 7f597be00700 1 -- 172.21.15.12:0/1161794003 <== mon.0 v2:172.21.15.12:3300/0 5 ==== osd_map(2..2 src has 1..2) ==== 940+0+0 (secure 0 0 0) 0x7f597404d270 con 0x7f598407ded0
2024-03-15T14:01:45.841 INFO:teuthology.orchestra.run.smithi012.stdout:/usr/bin/ceph: stderr
2024-03-15T14:01:44.828+0000 7f5982a00700 1 -- 172.21.15.12:0/1161794003 >> [v2:172.21.15.12:6800/2950118241,v1:172.21.15.12:6801/2950118241] conn(0x7f5968038f80 msgr2=0x7f596803b440 unknown :-1 s=STATE_CONNECTING_RE l=1).process reconnect failed to v2:172.21.15.12:6800/2950118241
2024-03-15T14:01:45.841 INFO:teuthology.orchestra.run.smithi012.stdout:/usr/bin/ceph: stderr
2024-03-15T14:01:44.828+0000 7f5982a00700 1 --2- 172.21.15.12:0/1161794003 >> [v2:172.21.15.12:6800/2950118241,v1:172.21.15.12:6801/2950118241] conn(0x7f5968038f80 0x7f596803b440 unknown :-1 s=START_CONNECT pgs=0 cs=0 l=1 rev1=0 crypto rx=0 tx=0 comp rx=0 tx=0)._fault waiting 0.200000
2024-03-15T14:01:45.842 INFO:teuthology.orchestra.run.smithi012.stdout:/usr/bin/ceph: stderr
2024-03-15T14:01:44.833+0000 7f597be00700 1 -- 172.21.15.12:0/1161794003 <== mon.0 v2:172.21.15.12:3300/0 6 ==== mon_command_ack([{"prefix": "get_command_descriptions"}]=0 v0) ==== 72+0+186149 (secure 0 0 0) 0x7f5974011e20 con 0x7f598407ded0
2024-03-15T14:01:45.842 INFO:teuthology.orchestra.run.smithi012.stdout:/usr/bin/ceph: stderr
2024-03-15T14:01:45.029+0000 7f5982a00700 1 -- 172.21.15.12:0/1161794003 >> [v2:172.21.15.12:6800/2950118241,v1:172.21.15.12:6801/2950118241] conn(0x7f5968038f80 msgr2=0x7f596803b440 unknown :-1 s=STATE_CONNECTING_RE l=1).process reconnect failed to v2:172.21.15.12:6800/2950118241
2024-03-15T14:01:45.842 INFO:teuthology.orchestra.run.smithi012.stdout:/usr/bin/ceph: stderr
2024-03-15T14:01:45.029+0000 7f5982a00700 1 --2- 172.21.15.12:0/1161794003 >> [v2:172.21.15.12:6800/2950118241,v1:172.21.15.12:6801/2950118241] conn(0x7f5968038f80 0x7f596803b440 unknown :-1 s=START_CONNECT pgs=0 cs=0 l=1 rev1=0 crypto rx=0 tx=0 comp rx=0 tx=0)._fault waiting 0.400000
2024-03-15T14:01:45.842 INFO:teuthology.orchestra.run.smithi012.stdout:/usr/bin/ceph: stderr
2024-03-15T14:01:45.119+0000 7f598a000700 1 -- 172.21.15.12:0/1161794003 --> [v2:172.21.15.12:3300/0,v1:172.21.15.12:6789/0] -- mon_command({"prefix": "mgr stat"} v 0) -- 0x7f59841a1740 con 0x7f598407ded0
2024-03-15T14:01:45.842 INFO:teuthology.orchestra.run.smithi012.stdout:/usr/bin/ceph: stderr
2024-03-15T14:01:45.120+0000 7f597be00700 1 -- 172.21.15.12:0/1161794003 <== mon.0 v2:172.21.15.12:3300/0 7 ==== mon_command_ack([{"prefix": "mgr stat"}]=0 v9) ==== 56+0+88 (secure 0 0 0) 0x7f5974016260 con 0x7f598407ded0
2024-03-15T14:01:45.842 INFO:teuthology.orchestra.run.smithi012.stdout:/usr/bin/ceph: stderr
2024-03-15T14:01:45.124+0000 7f598a000700 1 -- 172.21.15.12:0/1161794003 >> [v2:172.21.15.12:6800/2950118241,v1:172.21.15.12:6801/2950118241] conn(0x7f5968038f80 msgr2=0x7f596803b440 unknown :-1 s=STATE_CONNECTING l=1).mark_down
2024-03-15T14:01:45.842 INFO:teuthology.orchestra.run.smithi012.stdout:/usr/bin/ceph: stderr
2024-03-15T14:01:45.124+0000 7f598a000700 1 --2- 172.21.15.12:0/1161794003 >> [v2:172.21.15.12:6800/2950118241,v1:172.21.15.12:6801/2950118241] conn(0x7f5968038f80 0x7f596803b440 unknown :-1 s=START_CONNECT pgs=0 cs=0 l=1 rev1=0 crypto rx=0 tx=0 comp rx=0 tx=0).stop
2024-03-15T14:01:45.842 INFO:teuthology.orchestra.run.smithi012.stdout:/usr/bin/ceph: stderr
2024-03-15T14:01:45.124+0000 7f598a000700 1 -- 172.21.15.12:0/1161794003 >> [v2:172.21.15.12:3300/0,v1:172.21.15.12:6789/0] conn(0x7f598407ded0 msgr2=0x7f598419dce0 secure :-1 s=STATE_CONNECTION_ESTABLISHED l=1).mark_down
2024-03-15T14:01:45.842 INFO:teuthology.orchestra.run.smithi012.stdout:/usr/bin/ceph: stderr
2024-03-15T14:01:45.124+0000 7f598a000700 1 --2- 172.21.15.12:0/1161794003 >> [v2:172.21.15.12:3300/0,v1:172.21.15.12:6789/0] conn(0x7f598407ded0 0x7f598419dce0 secure :-1 s=READY pgs=60 cs=0 l=1 rev1=1 crypto rx=0x7f59740116a0 tx=0x7f5974011ba0 comp rx=0 tx=0).stop
2024-03-15T14:01:45.842 INFO:teuthology.orchestra.run.smithi012.stdout:/usr/bin/ceph: stderr
2024-03-15T14:01:45.124+0000 7f598a000700 1 -- 172.21.15.12:0/1161794003 shutdown_connections
2024-03-15T14:01:45.842 INFO:teuthology.orchestra.run.smithi012.stdout:/usr/bin/ceph: stderr
2024-03-15T14:01:45.124+0000 7f598a000700 1 --2- 172.21.15.12:0/1161794003 >> [v2:172.21.15.12:6800/2950118241,v1:172.21.15.12:6801/2950118241] conn(0x7f5968038f80 0x7f596803b440 unknown :-1 s=CLOSED pgs=0 cs=0 l=1 rev1=0 crypto rx=0 tx=0 comp rx=0 tx=0).stop
2024-03-15T14:01:45.842 INFO:teuthology.orchestra.run.smithi012.stdout:/usr/bin/ceph: stderr
2024-03-15T14:01:45.124+0000 7f598a000700 1 --2- 172.21.15.12:0/1161794003 >> [v2:172.21.15.12:3300/0,v1:172.21.15.12:6789/0] conn(0x7f598407ded0 0x7f598419dce0 unknown :-1 s=CLOSED pgs=60 cs=0 l=1 rev1=1 crypto rx=0 tx=0 comp rx=0 tx=0).stop
2024-03-15T14:01:45.842 INFO:teuthology.orchestra.run.smithi012.stdout:/usr/bin/ceph: stderr
2024-03-15T14:01:45.124+0000 7f598a000700 1 -- 172.21.15.12:0/1161794003 >> 172.21.15.12:0/1161794003 conn(0x7f5984103180 msgr2=0x7f5984103c70 unknown :-1 s=STATE_NONE l=0).mark_down
2024-03-15T14:01:45.842 INFO:teuthology.orchestra.run.smithi012.stdout:/usr/bin/ceph: stderr
2024-03-15T14:01:45.125+0000 7f598a000700 1 -- 172.21.15.12:0/1161794003 shutdown_connections
2024-03-15T14:01:45.843 INFO:teuthology.orchestra.run.smithi012.stdout:/usr/bin/ceph: stderr
2024-03-15T14:01:45.125+0000 7f598a000700 1 -- 172.21.15.12:0/1161794003 wait complete.
2024-03-15T14:01:45.843 INFO:teuthology.orchestra.run.smithi012.stdout:Waiting for the mgr to restart...
2024-03-15T14:01:45.843 INFO:teuthology.orchestra.run.smithi012.stdout:Waiting for mgr epoch 9...
2024-03-15T14:01:46.180 INFO:journalctl@ceph.mgr.x.smithi012.stdout:Mar 15 14:01:45 smithi012 ceph-3fc91012-e2d4-11ee-95c9-87774f69a715-mgr-x[31647]:
2024-03-15T14:01:45.943+0000 7f7916086200 -1 mgr[py] Module devicehealth has missing NOTIFY_TYPES member
2024-03-15T14:01:47.504 INFO:journalctl@ceph.mgr.x.smithi012.stdout:Mar 15 14:01:47 smithi012 ceph-3fc91012-e2d4-11ee-95c9-87774f69a715-mgr-x[31647]:
2024-03-15T14:01:47.323+0000 7f7916086200 -1 mgr[py] Module rook has missing NOTIFY_TYPES member
2024-03-15T14:01:47.505 INFO:journalctl@ceph.mgr.x.smithi012.stdout:Mar 15 14:01:47 smithi012 ceph-3fc91012-e2d4-11ee-95c9-87774f69a715-mgr-x[31647]:
2024-03-15T14:01:47.501+0000 7f7916086200 -1 mgr[py] Module diskprediction_local has missing NOTIFY_TYPES member
2024-03-15T14:01:48.290 INFO:journalctl@ceph.mgr.x.smithi012.stdout:Mar 15 14:01:47 smithi012 ceph-3fc91012-e2d4-11ee-95c9-87774f69a715-mgr-x[31647]:
2024-03-15T14:01:47.930+0000 7f7916086200 -1 mgr[py] Module selftest has missing NOTIFY_TYPES member
2024-03-15T14:01:48.290 INFO:journalctl@ceph.mgr.x.smithi012.stdout:Mar 15 14:01:48 smithi012 ceph-3fc91012-e2d4-11ee-95c9-87774f69a715-mgr-x[31647]:
2024-03-15T14:01:48.052+0000 7f7916086200 -1 mgr[py] Module telegraf has missing NOTIFY_TYPES member
2024-03-15T14:01:48.576 INFO:journalctl@ceph.mgr.x.smithi012.stdout:Mar 15 14:01:48 smithi012 ceph-3fc91012-e2d4-11ee-95c9-87774f69a715-mgr-x[31647]:
2024-03-15T14:01:48.319+0000 7f7916086200 -1 mgr[py] Module test_orchestrator has missing NOTIFY_TYPES member
2024-03-15T14:01:48.967 INFO:journalctl@ceph.mgr.x.smithi012.stdout:Mar 15 14:01:48 smithi012 ceph-3fc91012-e2d4-11ee-95c9-87774f69a715-mgr-x[31647]:
2024-03-15T14:01:48.572+0000 7f7916086200 -1 mgr[py] Module crash has missing NOTIFY_TYPES member
2024-03-15T14:01:48.967 INFO:journalctl@ceph.mgr.x.smithi012.stdout:Mar 15 14:01:48 smithi012 ceph-3fc91012-e2d4-11ee-95c9-87774f69a715-mgr-x[31647]:
2024-03-15T14:01:48.962+0000 7f7916086200 -1 mgr[py] Module orchestrator has missing NOTIFY_TYPES member
2024-03-15T14:01:49.608 INFO:journalctl@ceph.mgr.x.smithi012.stdout:Mar 15 14:01:49 smithi012 ceph-3fc91012-e2d4-11ee-95c9-87774f69a715-mgr-x[31647]:
2024-03-15T14:01:49.287+0000 7f7916086200 -1 mgr[py] Module osd_support has missing NOTIFY_TYPES member
2024-03-15T14:01:50.038 INFO:journalctl@ceph.mgr.x.smithi012.stdout:Mar 15 14:01:49 smithi012 ceph-3fc91012-e2d4-11ee-95c9-87774f69a715-mgr-x[31647]:
2024-03-15T14:01:49.604+0000 7f7916086200 -1 mgr[py] Module volumes has missing NOTIFY_TYPES member
2024-03-15T14:01:51.038 INFO:journalctl@ceph.mgr.x.smithi012.stdout:Mar 15 14:01:50 smithi012 ceph-3fc91012-e2d4-11ee-95c9-87774f69a715-mgr-x[31647]:
