2024-03-16T08:07:40.405 INFO:journalctl@ceph.mon.a.smithi049.stdout:Mar 16 08:07:40 smithi049 ceph-mon[31942]: from='client.14134 -' entity='client.admin' cmd=[{"prefix": "cephadm set-user", "user": "root", "target": ["mon-mgr", ""]}]: dispatch
2024-03-16T08:07:40.413 INFO:teuthology.orchestra.run.smithi049.stdout:/usr/bin/ceph: stdout value unchanged
2024-03-16T08:07:40.413 INFO:teuthology.orchestra.run.smithi049.stdout:/usr/bin/ceph: stderr
2024-03-16T08:07:39.607+0000 7f3aa0cc6700 1 Processor -- start
2024-03-16T08:07:40.413 INFO:teuthology.orchestra.run.smithi049.stdout:/usr/bin/ceph: stderr
2024-03-16T08:07:39.607+0000 7f3aa0cc6700 1 -- start start
2024-03-16T08:07:40.413 INFO:teuthology.orchestra.run.smithi049.stdout:/usr/bin/ceph: stderr
2024-03-16T08:07:39.607+0000 7f3aa0cc6700 1 --2- >> [v2:172.21.15.49:3300/0,v1:172.21.15.49:6789/0] conn(0x7f3a9c07ddc0 0x7f3a9c07c270 unknown :-1 s=NONE pgs=0 cs=0 l=0 rev1=0 crypto rx=0 tx=0 comp rx=0 tx=0).connect
2024-03-16T08:07:40.413 INFO:teuthology.orchestra.run.smithi049.stdout:/usr/bin/ceph: stderr
2024-03-16T08:07:39.607+0000 7f3aa0cc6700 1 -- --> [v2:172.21.15.49:3300/0,v1:172.21.15.49:6789/0] -- mon_getmap magic: 0 -- 0x7f3a9c07c7b0 con 0x7f3a9c07ddc0
2024-03-16T08:07:40.413 INFO:teuthology.orchestra.run.smithi049.stdout:/usr/bin/ceph: stderr
2024-03-16T08:07:39.608+0000 7f3a9a59c700 1 --2- >> [v2:172.21.15.49:3300/0,v1:172.21.15.49:6789/0] conn(0x7f3a9c07ddc0 0x7f3a9c07c270 unknown :-1 s=BANNER_CONNECTING pgs=0 cs=0 l=0 rev1=0 crypto rx=0 tx=0 comp rx=0 tx=0)._handle_peer_banner_payload supported=3 required=0
2024-03-16T08:07:40.413 INFO:teuthology.orchestra.run.smithi049.stdout:/usr/bin/ceph: stderr
2024-03-16T08:07:39.608+0000 7f3a9a59c700 1 --2- >> [v2:172.21.15.49:3300/0,v1:172.21.15.49:6789/0] conn(0x7f3a9c07ddc0 0x7f3a9c07c270 unknown :-1 s=HELLO_CONNECTING pgs=0 cs=0 l=0 rev1=1 crypto rx=0 tx=0 comp rx=0 tx=0).handle_hello peer v2:172.21.15.49:3300/0 says I am v2:172.21.15.49:59938/0 (socket says 172.21.15.49:59938)
2024-03-16T08:07:40.413 INFO:teuthology.orchestra.run.smithi049.stdout:/usr/bin/ceph: stderr
2024-03-16T08:07:39.608+0000 7f3a9a59c700 1 -- 172.21.15.49:0/3958512111 learned_addr learned my addr 172.21.15.49:0/3958512111 (peer_addr_for_me v2:172.21.15.49:0/0)
2024-03-16T08:07:40.413 INFO:teuthology.orchestra.run.smithi049.stdout:/usr/bin/ceph: stderr
2024-03-16T08:07:39.608+0000 7f3a9a59c700 1 -- 172.21.15.49:0/3958512111 --> [v2:172.21.15.49:3300/0,v1:172.21.15.49:6789/0] -- mon_subscribe({config=0+,monmap=0+}) -- 0x7f3a9c07c930 con 0x7f3a9c07ddc0
2024-03-16T08:07:40.413 INFO:teuthology.orchestra.run.smithi049.stdout:/usr/bin/ceph: stderr
2024-03-16T08:07:39.608+0000 7f3a9a59c700 1 --2- 172.21.15.49:0/3958512111 >> [v2:172.21.15.49:3300/0,v1:172.21.15.49:6789/0] conn(0x7f3a9c07ddc0 0x7f3a9c07c270 secure :-1 s=READY pgs=39 cs=0 l=1 rev1=1 crypto rx=0x7f3a8c0098a0 tx=0x7f3a8c009bb0 comp rx=0 tx=0).ready entity=mon.0 client_cookie=ec30c7b9bc516c87 server_cookie=0 in_seq=0 out_seq=0
2024-03-16T08:07:40.414 INFO:teuthology.orchestra.run.smithi049.stdout:/usr/bin/ceph: stderr
2024-03-16T08:07:39.608+0000 7f3a9959a700 1 -- 172.21.15.49:0/3958512111 <== mon.0 v2:172.21.15.49:3300/0 1 ==== mon_map magic: 0 ==== 205+0+0 (secure 0 0 0) 0x7f3a8c004160 con 0x7f3a9c07ddc0
2024-03-16T08:07:40.414 INFO:teuthology.orchestra.run.smithi049.stdout:/usr/bin/ceph: stderr
2024-03-16T08:07:39.608+0000 7f3a9959a700 1 -- 172.21.15.49:0/3958512111 <== mon.0 v2:172.21.15.49:3300/0 2 ==== config(27 keys) ==== 1109+0+0 (secure 0 0 0) 0x7f3a8c004300 con 0x7f3a9c07ddc0
2024-03-16T08:07:40.414 INFO:teuthology.orchestra.run.smithi049.stdout:/usr/bin/ceph: stderr
2024-03-16T08:07:39.608+0000 7f3a9959a700 1 -- 172.21.15.49:0/3958512111 <== mon.0 v2:172.21.15.49:3300/0 3 ==== mon_map magic: 0 ==== 205+0+0 (secure 0 0 0) 0x7f3a8c011b50 con 0x7f3a9c07ddc0
2024-03-16T08:07:40.414 INFO:teuthology.orchestra.run.smithi049.stdout:/usr/bin/ceph: stderr
2024-03-16T08:07:39.609+0000 7f3aa0cc6700 1 -- 172.21.15.49:0/3958512111 >> [v2:172.21.15.49:3300/0,v1:172.21.15.49:6789/0] conn(0x7f3a9c07ddc0 msgr2=0x7f3a9c07c270 secure :-1 s=STATE_CONNECTION_ESTABLISHED l=1).mark_down
2024-03-16T08:07:40.414 INFO:teuthology.orchestra.run.smithi049.stdout:/usr/bin/ceph: stderr
2024-03-16T08:07:39.609+0000 7f3aa0cc6700 1 --2- 172.21.15.49:0/3958512111 >> [v2:172.21.15.49:3300/0,v1:172.21.15.49:6789/0] conn(0x7f3a9c07ddc0 0x7f3a9c07c270 secure :-1 s=READY pgs=39 cs=0 l=1 rev1=1 crypto rx=0x7f3a8c0098a0 tx=0x7f3a8c009bb0 comp rx=0 tx=0).stop
2024-03-16T08:07:40.414 INFO:teuthology.orchestra.run.smithi049.stdout:/usr/bin/ceph: stderr
2024-03-16T08:07:39.609+0000 7f3aa0cc6700 1 -- 172.21.15.49:0/3958512111 shutdown_connections
2024-03-16T08:07:40.414 INFO:teuthology.orchestra.run.smithi049.stdout:/usr/bin/ceph: stderr
2024-03-16T08:07:39.609+0000 7f3aa0cc6700 1 --2- 172.21.15.49:0/3958512111 >> [v2:172.21.15.49:3300/0,v1:172.21.15.49:6789/0] conn(0x7f3a9c07ddc0 0x7f3a9c07c270 unknown :-1 s=CLOSED pgs=39 cs=0 l=1 rev1=1 crypto rx=0 tx=0 comp rx=0 tx=0).stop
2024-03-16T08:07:40.414 INFO:teuthology.orchestra.run.smithi049.stdout:/usr/bin/ceph: stderr
2024-03-16T08:07:39.609+0000 7f3aa0cc6700 1 -- 172.21.15.49:0/3958512111 >> 172.21.15.49:0/3958512111 conn(0x7f3a9c1032b0 msgr2=0x7f3a9c1056d0 unknown :-1 s=STATE_NONE l=0).mark_down
2024-03-16T08:07:40.414 INFO:teuthology.orchestra.run.smithi049.stdout:/usr/bin/ceph: stderr
2024-03-16T08:07:39.609+0000 7f3aa0cc6700 1 -- 172.21.15.49:0/3958512111 shutdown_connections
2024-03-16T08:07:40.414 INFO:teuthology.orchestra.run.smithi049.stdout:/usr/bin/ceph: stderr
2024-03-16T08:07:39.609+0000 7f3aa0cc6700 1 -- 172.21.15.49:0/3958512111 wait complete.
2024-03-16T08:07:40.414 INFO:teuthology.orchestra.run.smithi049.stdout:/usr/bin/ceph: stderr
2024-03-16T08:07:39.610+0000 7f3aa0cc6700 1 Processor -- start
2024-03-16T08:07:40.414 INFO:teuthology.orchestra.run.smithi049.stdout:/usr/bin/ceph: stderr
2024-03-16T08:07:39.610+0000 7f3aa0cc6700 1 -- start start
2024-03-16T08:07:40.414 INFO:teuthology.orchestra.run.smithi049.stdout:/usr/bin/ceph: stderr
2024-03-16T08:07:39.610+0000 7f3aa0cc6700 1 --2- >> [v2:172.21.15.49:3300/0,v1:172.21.15.49:6789/0] conn(0x7f3a9c07ddc0 0x7f3a9c19dda0 unknown :-1 s=NONE pgs=0 cs=0 l=1 rev1=0 crypto rx=0 tx=0 comp rx=0 tx=0).connect
2024-03-16T08:07:40.415 INFO:teuthology.orchestra.run.smithi049.stdout:/usr/bin/ceph: stderr
2024-03-16T08:07:39.610+0000 7f3aa0cc6700 1 -- --> [v2:172.21.15.49:3300/0,v1:172.21.15.49:6789/0] -- mon_getmap magic: 0 -- 0x7f3a9c10e1e0 con 0x7f3a9c07ddc0
2024-03-16T08:07:40.415 INFO:teuthology.orchestra.run.smithi049.stdout:/usr/bin/ceph: stderr
2024-03-16T08:07:39.610+0000 7f3a9a59c700 1 --2- >> [v2:172.21.15.49:3300/0,v1:172.21.15.49:6789/0] conn(0x7f3a9c07ddc0 0x7f3a9c19dda0 unknown :-1 s=BANNER_CONNECTING pgs=0 cs=0 l=1 rev1=0 crypto rx=0 tx=0 comp rx=0 tx=0)._handle_peer_banner_payload supported=3 required=0
2024-03-16T08:07:40.415 INFO:teuthology.orchestra.run.smithi049.stdout:/usr/bin/ceph: stderr
2024-03-16T08:07:39.610+0000 7f3a9a59c700 1 --2- >> [v2:172.21.15.49:3300/0,v1:172.21.15.49:6789/0] conn(0x7f3a9c07ddc0 0x7f3a9c19dda0 unknown :-1 s=HELLO_CONNECTING pgs=0 cs=0 l=1 rev1=1 crypto rx=0 tx=0 comp rx=0 tx=0).handle_hello peer v2:172.21.15.49:3300/0 says I am v2:172.21.15.49:59954/0 (socket says 172.21.15.49:59954)
2024-03-16T08:07:40.415 INFO:teuthology.orchestra.run.smithi049.stdout:/usr/bin/ceph: stderr
2024-03-16T08:07:39.610+0000 7f3a9a59c700 1 -- 172.21.15.49:0/1623194586 learned_addr learned my addr 172.21.15.49:0/1623194586 (peer_addr_for_me v2:172.21.15.49:0/0)
2024-03-16T08:07:40.415 INFO:teuthology.orchestra.run.smithi049.stdout:/usr/bin/ceph: stderr
2024-03-16T08:07:39.611+0000 7f3a9a59c700 1 -- 172.21.15.49:0/1623194586 --> [v2:172.21.15.49:3300/0,v1:172.21.15.49:6789/0] -- mon_subscribe({config=0+,monmap=0+}) -- 0x7f3a9c19e2e0 con 0x7f3a9c07ddc0
2024-03-16T08:07:40.415 INFO:teuthology.orchestra.run.smithi049.stdout:/usr/bin/ceph: stderr
2024-03-16T08:07:39.611+0000 7f3a9a59c700 1 --2- 172.21.15.49:0/1623194586 >> [v2:172.21.15.49:3300/0,v1:172.21.15.49:6789/0] conn(0x7f3a9c07ddc0 0x7f3a9c19dda0 secure :-1 s=READY pgs=40 cs=0 l=1 rev1=1 crypto rx=0x7f3a8c011b60 tx=0x7f3a8c011c40 comp rx=0 tx=0).ready entity=mon.0 client_cookie=0 server_cookie=0 in_seq=0 out_seq=0
2024-03-16T08:07:40.415 INFO:teuthology.orchestra.run.smithi049.stdout:/usr/bin/ceph: stderr
2024-03-16T08:07:39.611+0000 7f3a8b7fe700 1 -- 172.21.15.49:0/1623194586 <== mon.0 v2:172.21.15.49:3300/0 1 ==== mon_map magic: 0 ==== 205+0+0 (secure 0 0 0) 0x7f3a8c003b20 con 0x7f3a9c07ddc0
2024-03-16T08:07:40.415 INFO:teuthology.orchestra.run.smithi049.stdout:/usr/bin/ceph: stderr
2024-03-16T08:07:39.611+0000 7f3a8b7fe700 1 -- 172.21.15.49:0/1623194586 <== mon.0 v2:172.21.15.49:3300/0 2 ==== config(27 keys) ==== 1109+0+0 (secure 0 0 0) 0x7f3a8c003cc0 con 0x7f3a9c07ddc0
2024-03-16T08:07:40.415 INFO:teuthology.orchestra.run.smithi049.stdout:/usr/bin/ceph: stderr
2024-03-16T08:07:39.611+0000 7f3aa0cc6700 1 -- 172.21.15.49:0/1623194586 --> [v2:172.21.15.49:3300/0,v1:172.21.15.49:6789/0] -- mon_subscribe({mgrmap=0+}) -- 0x7f3a9c19e570 con 0x7f3a9c07ddc0
2024-03-16T08:07:40.415 INFO:teuthology.orchestra.run.smithi049.stdout:/usr/bin/ceph: stderr
2024-03-16T08:07:39.611+0000 7f3a8b7fe700 1 -- 172.21.15.49:0/1623194586 <== mon.0 v2:172.21.15.49:3300/0 3 ==== mon_map magic: 0 ==== 205+0+0 (secure 0 0 0) 0x7f3a8c024840 con 0x7f3a9c07ddc0
2024-03-16T08:07:40.415 INFO:teuthology.orchestra.run.smithi049.stdout:/usr/bin/ceph: stderr
2024-03-16T08:07:39.611+0000 7f3aa0cc6700 1 -- 172.21.15.49:0/1623194586 --> [v2:172.21.15.49:3300/0,v1:172.21.15.49:6789/0] -- mon_subscribe({osdmap=0}) -- 0x7f3a9c1a1260 con 0x7f3a9c07ddc0
2024-03-16T08:07:40.415 INFO:teuthology.orchestra.run.smithi049.stdout:/usr/bin/ceph: stderr
2024-03-16T08:07:39.612+0000 7f3a8b7fe700 1 -- 172.21.15.49:0/1623194586 <== mon.0 v2:172.21.15.49:3300/0 4 ==== mgrmap(e 8) ==== 46106+0+0 (secure 0 0 0) 0x7f3a8c022020 con 0x7f3a9c07ddc0
2024-03-16T08:07:40.415 INFO:teuthology.orchestra.run.smithi049.stdout:/usr/bin/ceph: stderr
2024-03-16T08:07:39.612+0000 7f3aa0cc6700 1 -- 172.21.15.49:0/1623194586 --> [v2:172.21.15.49:3300/0,v1:172.21.15.49:6789/0] -- mon_command({"prefix": "get_command_descriptions"} v 0) -- 0x7f3a9c0693a0 con 0x7f3a9c07ddc0
2024-03-16T08:07:40.415 INFO:teuthology.orchestra.run.smithi049.stdout:/usr/bin/ceph: stderr
2024-03-16T08:07:39.613+0000 7f3a8b7fe700 1 --2- 172.21.15.49:0/1623194586 >> [v2:172.21.15.49:6800/2659026035,v1:172.21.15.49:6801/2659026035] conn(0x7f3a84038f70 0x7f3a8403b430 unknown :-1 s=NONE pgs=0 cs=0 l=1 rev1=0 crypto rx=0 tx=0 comp rx=0 tx=0).connect
2024-03-16T08:07:40.416 INFO:teuthology.orchestra.run.smithi049.stdout:/usr/bin/ceph: stderr
2024-03-16T08:07:39.613+0000 7f3a8b7fe700 1 -- 172.21.15.49:0/1623194586 <== mon.0 v2:172.21.15.49:3300/0 5 ==== osd_map(2..2 src has 1..2) ==== 940+0+0 (secure 0 0 0) 0x7f3a8c011e00 con 0x7f3a9c07ddc0
2024-03-16T08:07:40.416 INFO:teuthology.orchestra.run.smithi049.stdout:/usr/bin/ceph: stderr
2024-03-16T08:07:39.613+0000 7f3a99d9b700 1 --2- 172.21.15.49:0/1623194586 >> [v2:172.21.15.49:6800/2659026035,v1:172.21.15.49:6801/2659026035] conn(0x7f3a84038f70 0x7f3a8403b430 unknown :-1 s=BANNER_CONNECTING pgs=0 cs=0 l=1 rev1=0 crypto rx=0 tx=0 comp rx=0 tx=0)._handle_peer_banner_payload supported=3 required=0
2024-03-16T08:07:40.416 INFO:teuthology.orchestra.run.smithi049.stdout:/usr/bin/ceph: stderr
2024-03-16T08:07:39.613+0000 7f3a99d9b700 1 --2- 172.21.15.49:0/1623194586 >> [v2:172.21.15.49:6800/2659026035,v1:172.21.15.49:6801/2659026035] conn(0x7f3a84038f70 0x7f3a8403b430 secure :-1 s=READY pgs=8 cs=0 l=1 rev1=1 crypto rx=0x7f3a90006fd0 tx=0x7f3a90006e40 comp rx=0 tx=0).ready entity=mgr.14120 client_cookie=0 server_cookie=0 in_seq=0 out_seq=0
2024-03-16T08:07:40.416 INFO:teuthology.orchestra.run.smithi049.stdout:/usr/bin/ceph: stderr
2024-03-16T08:07:39.618+0000 7f3a8b7fe700 1 -- 172.21.15.49:0/1623194586 <== mon.0 v2:172.21.15.49:3300/0 6 ==== mon_command_ack([{"prefix": "get_command_descriptions"}]=0 v0) ==== 72+0+186149 (secure 0 0 0) 0x7f3a8c00b9e0 con 0x7f3a9c07ddc0
2024-03-16T08:07:40.416 INFO:teuthology.orchestra.run.smithi049.stdout:/usr/bin/ceph: stderr
2024-03-16T08:07:39.824+0000 7f3aa0cc6700 1 -- 172.21.15.49:0/1623194586 --> [v2:172.21.15.49:6800/2659026035,v1:172.21.15.49:6801/2659026035] -- mgr_command(tid 0: {"prefix": "cephadm set-user", "user": "root", "target": ["mon-mgr", ""]}) -- 0x7f3a9c1044b0 con 0x7f3a84038f70
2024-03-16T08:07:40.416 INFO:teuthology.orchestra.run.smithi049.stdout:/usr/bin/ceph: stderr
2024-03-16T08:07:39.825+0000 7f3a8b7fe700 1 -- 172.21.15.49:0/1623194586 <== mgr.14120 v2:172.21.15.49:6800/2659026035 1 ==== mgr_command_reply(tid 0: 0 ) ==== 8+0+16 (secure 0 0 0) 0x7f3a9c1044b0 con 0x7f3a84038f70
2024-03-16T08:07:40.416 INFO:teuthology.orchestra.run.smithi049.stdout:/usr/bin/ceph: stderr
2024-03-16T08:07:39.827+0000 7f3aa0cc6700 1 -- 172.21.15.49:0/1623194586 >> [v2:172.21.15.49:6800/2659026035,v1:172.21.15.49:6801/2659026035] conn(0x7f3a84038f70 msgr2=0x7f3a8403b430 secure :-1 s=STATE_CONNECTION_ESTABLISHED l=1).mark_down
2024-03-16T08:07:40.416 INFO:teuthology.orchestra.run.smithi049.stdout:/usr/bin/ceph: stderr
2024-03-16T08:07:39.827+0000 7f3aa0cc6700 1 --2- 172.21.15.49:0/1623194586 >> [v2:172.21.15.49:6800/2659026035,v1:172.21.15.49:6801/2659026035] conn(0x7f3a84038f70 0x7f3a8403b430 secure :-1 s=READY pgs=8 cs=0 l=1 rev1=1 crypto rx=0x7f3a90006fd0 tx=0x7f3a90006e40 comp rx=0 tx=0).stop
2024-03-16T08:07:40.416 INFO:teuthology.orchestra.run.smithi049.stdout:/usr/bin/ceph: stderr
2024-03-16T08:07:39.827+0000 7f3aa0cc6700 1 -- 172.21.15.49:0/1623194586 >> [v2:172.21.15.49:3300/0,v1:172.21.15.49:6789/0] conn(0x7f3a9c07ddc0 msgr2=0x7f3a9c19dda0 secure :-1 s=STATE_CONNECTION_ESTABLISHED l=1).mark_down
2024-03-16T08:07:40.416 INFO:teuthology.orchestra.run.smithi049.stdout:/usr/bin/ceph: stderr
2024-03-16T08:07:39.827+0000 7f3aa0cc6700 1 --2- 172.21.15.49:0/1623194586 >> [v2:172.21.15.49:3300/0,v1:172.21.15.49:6789/0] conn(0x7f3a9c07ddc0 0x7f3a9c19dda0 secure :-1 s=READY pgs=40 cs=0 l=1 rev1=1 crypto rx=0x7f3a8c011b60 tx=0x7f3a8c011c40 comp rx=0 tx=0).stop
2024-03-16T08:07:40.416 INFO:teuthology.orchestra.run.smithi049.stdout:/usr/bin/ceph: stderr
2024-03-16T08:07:39.827+0000 7f3aa0cc6700 1 -- 172.21.15.49:0/1623194586 shutdown_connections
2024-03-16T08:07:40.416 INFO:teuthology.orchestra.run.smithi049.stdout:/usr/bin/ceph: stderr
2024-03-16T08:07:39.827+0000 7f3aa0cc6700 1 --2- 172.21.15.49:0/1623194586 >> [v2:172.21.15.49:6800/2659026035,v1:172.21.15.49:6801/2659026035] conn(0x7f3a84038f70 0x7f3a8403b430 unknown :-1 s=CLOSED pgs=8 cs=0 l=1 rev1=1 crypto rx=0 tx=0 comp rx=0 tx=0).stop
2024-03-16T08:07:40.416 INFO:teuthology.orchestra.run.smithi049.stdout:/usr/bin/ceph: stderr
2024-03-16T08:07:39.827+0000 7f3aa0cc6700 1 --2- 172.21.15.49:0/1623194586 >> [v2:172.21.15.49:3300/0,v1:172.21.15.49:6789/0] conn(0x7f3a9c07ddc0 0x7f3a9c19dda0 unknown :-1 s=CLOSED pgs=40 cs=0 l=1 rev1=1 crypto rx=0 tx=0 comp rx=0 tx=0).stop
2024-03-16T08:07:40.416 INFO:teuthology.orchestra.run.smithi049.stdout:/usr/bin/ceph: stderr
2024-03-16T08:07:39.827+0000 7f3aa0cc6700 1 -- 172.21.15.49:0/1623194586 >> 172.21.15.49:0/1623194586 conn(0x7f3a9c1032b0 msgr2=0x7f3a9c103da0 unknown :-1 s=STATE_NONE l=0).mark_down
2024-03-16T08:07:40.416 INFO:teuthology.orchestra.run.smithi049.stdout:/usr/bin/ceph: stderr
2024-03-16T08:07:39.827+0000 7f3aa0cc6700 1 -- 172.21.15.49:0/1623194586 shutdown_connections
2024-03-16T08:07:40.417 INFO:teuthology.orchestra.run.smithi049.stdout:/usr/bin/ceph: stderr
2024-03-16T08:07:39.827+0000 7f3aa0cc6700 1 -- 172.21.15.49:0/1623194586 wait complete.
2024-03-16T08:07:40.417 INFO:teuthology.orchestra.run.smithi049.stdout:Generating ssh key...
2024-03-16T08:07:41.287 INFO:journalctl@ceph.mgr.x.smithi049.stdout:Mar 16 08:07:41 smithi049 ceph-053f2308-e36c-11ee-95c9-87774f69a715-mgr-x[32175]: Generating public/private rsa key pair.
2024-03-16T08:07:41.287 INFO:journalctl@ceph.mgr.x.smithi049.stdout:Mar 16 08:07:41 smithi049 ceph-053f2308-e36c-11ee-95c9-87774f69a715-mgr-x[32175]: Your identification has been saved in /tmp/tmpoov1osv5/key.
2024-03-16T08:07:41.287 INFO:journalctl@ceph.mgr.x.smithi049.stdout:Mar 16 08:07:41 smithi049 ceph-053f2308-e36c-11ee-95c9-87774f69a715-mgr-x[32175]: Your public key has been saved in /tmp/tmpoov1osv5/key.pub.
2024-03-16T08:07:41.287 INFO:journalctl@ceph.mgr.x.smithi049.stdout:Mar 16 08:07:41 smithi049 ceph-053f2308-e36c-11ee-95c9-87774f69a715-mgr-x[32175]: The key fingerprint is:
2024-03-16T08:07:41.287 INFO:journalctl@ceph.mgr.x.smithi049.stdout:Mar 16 08:07:41 smithi049 ceph-053f2308-e36c-11ee-95c9-87774f69a715-mgr-x[32175]: SHA256:30fZttFogn0ZIt4IpZSL0lj7GtT1J+R3sk8Feb+9xZQ ceph-053f2308-e36c-11ee-95c9-87774f69a715
2024-03-16T08:07:41.287 INFO:journalctl@ceph.mgr.x.smithi049.stdout:Mar 16 08:07:41 smithi049 ceph-053f2308-e36c-11ee-95c9-87774f69a715-mgr-x[32175]: The key's randomart image is:
2024-03-16T08:07:41.287 INFO:journalctl@ceph.mgr.x.smithi049.stdout:Mar 16 08:07:41 smithi049 ceph-053f2308-e36c-11ee-95c9-87774f69a715-mgr-x[32175]: +---[RSA 3072]----+
2024-03-16T08:07:41.287 INFO:journalctl@ceph.mgr.x.smithi049.stdout:Mar 16 08:07:41 smithi049 ceph-053f2308-e36c-11ee-95c9-87774f69a715-mgr-x[32175]: | ... . |
2024-03-16T08:07:41.287 INFO:journalctl@ceph.mgr.x.smithi049.stdout:Mar 16 08:07:41 smithi049 ceph-053f2308-e36c-11ee-95c9-87774f69a715-mgr-x[32175]: | ...o. . o .|
2024-03-16T08:07:41.287 INFO:journalctl@ceph.mgr.x.smithi049.stdout:Mar 16 08:07:41 smithi049 ceph-053f2308-e36c-11ee-95c9-87774f69a715-mgr-x[32175]: | + +oo.+. .oo|
2024-03-16T08:07:41.287 INFO:journalctl@ceph.mgr.x.smithi049.stdout:Mar 16 08:07:41 smithi049 ceph-053f2308-e36c-11ee-95c9-87774f69a715-mgr-x[32175]: | o = oo *+.+E*|
2024-03-16T08:07:41.288 INFO:journalctl@ceph.mgr.x.smithi049.stdout:Mar 16 08:07:41 smithi049 ceph-053f2308-e36c-11ee-95c9-87774f69a715-mgr-x[32175]: | o .S + ++BBB|
2024-03-16T08:07:41.288 INFO:journalctl@ceph.mgr.x.smithi049.stdout:Mar 16 08:07:41 smithi049 ceph-053f2308-e36c-11ee-95c9-87774f69a715-mgr-x[32175]: | . .. . =.oB|
2024-03-16T08:07:41.288 INFO:journalctl@ceph.mgr.x.smithi049.stdout:Mar 16 08:07:41 smithi049 ceph-053f2308-e36c-11ee-95c9-87774f69a715-mgr-x[32175]: | o . . .+o|
2024-03-16T08:07:41.288 INFO:journalctl@ceph.mgr.x.smithi049.stdout:Mar 16 08:07:41 smithi049 ceph-053f2308-e36c-11ee-95c9-87774f69a715-mgr-x[32175]: | . . ..|
2024-03-16T08:07:41.288 INFO:journalctl@ceph.mgr.x.smithi049.stdout:Mar 16 08:07:41 smithi049 ceph-053f2308-e36c-11ee-95c9-87774f69a715-mgr-x[32175]: | |
2024-03-16T08:07:41.288 INFO:journalctl@ceph.mgr.x.smithi049.stdout:Mar 16 08:07:41 smithi049 ceph-053f2308-e36c-11ee-95c9-87774f69a715-mgr-x[32175]: +----[SHA256]-----+
2024-03-16T08:07:41.714 INFO:teuthology.orchestra.run.smithi049.stdout:/usr/bin/ceph: stderr
2024-03-16T08:07:40.783+0000 7fdd88f8b700 1 Processor -- start
2024-03-16T08:07:41.714 INFO:teuthology.orchestra.run.smithi049.stdout:/usr/bin/ceph: stderr
2024-03-16T08:07:40.783+0000 7fdd88f8b700 1 -- start start
2024-03-16T08:07:41.714 INFO:teuthology.orchestra.run.smithi049.stdout:/usr/bin/ceph: stderr
2024-03-16T08:07:40.783+0000 7fdd88f8b700 1 --2- >> [v2:172.21.15.49:3300/0,v1:172.21.15.49:6789/0] conn(0x7fdd84108730 0x7fdd8410ab20 unknown :-1 s=NONE pgs=0 cs=0 l=0 rev1=0 crypto rx=0 tx=0 comp rx=0 tx=0).connect
2024-03-16T08:07:41.714 INFO:teuthology.orchestra.run.smithi049.stdout:/usr/bin/ceph: stderr
2024-03-16T08:07:40.783+0000 7fdd88f8b700 1 -- --> [v2:172.21.15.49:3300/0,v1:172.21.15.49:6789/0] -- mon_getmap magic: 0 -- 0x7fdd8407be40 con 0x7fdd84108730
2024-03-16T08:07:41.714 INFO:teuthology.orchestra.run.smithi049.stdout:/usr/bin/ceph: stderr
2024-03-16T08:07:40.784+0000 7fdd8259c700 1 --2- >> [v2:172.21.15.49:3300/0,v1:172.21.15.49:6789/0] conn(0x7fdd84108730 0x7fdd8410ab20 unknown :-1 s=BANNER_CONNECTING pgs=0 cs=0 l=0 rev1=0 crypto rx=0 tx=0 comp rx=0 tx=0)._handle_peer_banner_payload supported=3 required=0
2024-03-16T08:07:41.714 INFO:teuthology.orchestra.run.smithi049.stdout:/usr/bin/ceph: stderr
2024-03-16T08:07:40.784+0000 7fdd8259c700 1 --2- >> [v2:172.21.15.49:3300/0,v1:172.21.15.49:6789/0] conn(0x7fdd84108730 0x7fdd8410ab20 unknown :-1 s=HELLO_CONNECTING pgs=0 cs=0 l=0 rev1=1 crypto rx=0 tx=0 comp rx=0 tx=0).handle_hello peer v2:172.21.15.49:3300/0 says I am v2:172.21.15.49:59966/0 (socket says 172.21.15.49:59966)
2024-03-16T08:07:41.714 INFO:teuthology.orchestra.run.smithi049.stdout:/usr/bin/ceph: stderr
2024-03-16T08:07:40.784+0000 7fdd8259c700 1 -- 172.21.15.49:0/4113089073 learned_addr learned my addr 172.21.15.49:0/4113089073 (peer_addr_for_me v2:172.21.15.49:0/0)
2024-03-16T08:07:41.715 INFO:teuthology.orchestra.run.smithi049.stdout:/usr/bin/ceph: stderr
2024-03-16T08:07:40.784+0000 7fdd8259c700 1 -- 172.21.15.49:0/4113089073 --> [v2:172.21.15.49:3300/0,v1:172.21.15.49:6789/0] -- mon_subscribe({config=0+,monmap=0+}) -- 0x7fdd8410b060 con 0x7fdd84108730
2024-03-16T08:07:41.715 INFO:teuthology.orchestra.run.smithi049.stdout:/usr/bin/ceph: stderr
2024-03-16T08:07:40.784+0000 7fdd8259c700 1 --2- 172.21.15.49:0/4113089073 >> [v2:172.21.15.49:3300/0,v1:172.21.15.49:6789/0] conn(0x7fdd84108730 0x7fdd8410ab20 secure :-1 s=READY pgs=41 cs=0 l=1 rev1=1 crypto rx=0x7fdd7c009e80 tx=0x7fdd7c00b330 comp rx=0 tx=0).ready entity=mon.0 client_cookie=4db6cdc70225a6d6 server_cookie=0 in_seq=0 out_seq=0
2024-03-16T08:07:41.715 INFO:teuthology.orchestra.run.smithi049.stdout:/usr/bin/ceph: stderr
2024-03-16T08:07:40.784+0000 7fdd8159a700 1 -- 172.21.15.49:0/4113089073 <== mon.0 v2:172.21.15.49:3300/0 1 ==== mon_map magic: 0 ==== 205+0+0 (secure 0 0 0) 0x7fdd7c017070 con 0x7fdd84108730
2024-03-16T08:07:41.715 INFO:teuthology.orchestra.run.smithi049.stdout:/usr/bin/ceph: stderr
2024-03-16T08:07:40.784+0000 7fdd8159a700 1 -- 172.21.15.49:0/4113089073 <== mon.0 v2:172.21.15.49:3300/0 2 ==== config(27 keys) ==== 1109+0+0 (secure 0 0 0) 0x7fdd7c00b8c0 con 0x7fdd84108730
2024-03-16T08:07:41.715 INFO:teuthology.orchestra.run.smithi049.stdout:/usr/bin/ceph: stderr
2024-03-16T08:07:40.784+0000 7fdd8159a700 1 -- 172.21.15.49:0/4113089073 <== mon.0 v2:172.21.15.49:3300/0 3 ==== mon_map magic: 0 ==== 205+0+0 (secure 0 0 0) 0x7fdd7c0045c0 con 0x7fdd84108730
2024-03-16T08:07:41.715 INFO:teuthology.orchestra.run.smithi049.stdout:/usr/bin/ceph: stderr
2024-03-16T08:07:40.785+0000 7fdd88f8b700 1 -- 172.21.15.49:0/4113089073 >> [v2:172.21.15.49:3300/0,v1:172.21.15.49:6789/0] conn(0x7fdd84108730 msgr2=0x7fdd8410ab20 secure :-1 s=STATE_CONNECTION_ESTABLISHED l=1).mark_down
2024-03-16T08:07:41.715 INFO:teuthology.orchestra.run.smithi049.stdout:/usr/bin/ceph: stderr
2024-03-16T08:07:40.785+0000 7fdd88f8b700 1 --2- 172.21.15.49:0/4113089073 >> [v2:172.21.15.49:3300/0,v1:172.21.15.49:6789/0] conn(0x7fdd84108730 0x7fdd8410ab20 secure :-1 s=READY pgs=41 cs=0 l=1 rev1=1 crypto rx=0x7fdd7c009e80 tx=0x7fdd7c00b330 comp rx=0 tx=0).stop
2024-03-16T08:07:41.715 INFO:teuthology.orchestra.run.smithi049.stdout:/usr/bin/ceph: stderr
2024-03-16T08:07:40.785+0000 7fdd88f8b700 1 -- 172.21.15.49:0/4113089073 shutdown_connections
2024-03-16T08:07:41.715 INFO:teuthology.orchestra.run.smithi049.stdout:/usr/bin/ceph: stderr
2024-03-16T08:07:40.785+0000 7fdd88f8b700 1 --2- 172.21.15.49:0/4113089073 >> [v2:172.21.15.49:3300/0,v1:172.21.15.49:6789/0] conn(0x7fdd84108730 0x7fdd8410ab20 unknown :-1 s=CLOSED pgs=41 cs=0 l=1 rev1=1 crypto rx=0 tx=0 comp rx=0 tx=0).stop
2024-03-16T08:07:41.715 INFO:teuthology.orchestra.run.smithi049.stdout:/usr/bin/ceph: stderr
2024-03-16T08:07:40.785+0000 7fdd88f8b700 1 -- 172.21.15.49:0/4113089073 >> 172.21.15.49:0/4113089073 conn(0x7fdd84102160 msgr2=0x7fdd841045a0 unknown :-1 s=STATE_NONE l=0).mark_down
2024-03-16T08:07:41.715 INFO:teuthology.orchestra.run.smithi049.stdout:/usr/bin/ceph: stderr
2024-03-16T08:07:40.785+0000 7fdd88f8b700 1 -- 172.21.15.49:0/4113089073 shutdown_connections
2024-03-16T08:07:41.715 INFO:teuthology.orchestra.run.smithi049.stdout:/usr/bin/ceph: stderr
2024-03-16T08:07:40.785+0000 7fdd88f8b700 1 -- 172.21.15.49:0/4113089073 wait complete.
2024-03-16T08:07:41.715 INFO:teuthology.orchestra.run.smithi049.stdout:/usr/bin/ceph: stderr
2024-03-16T08:07:40.786+0000 7fdd88f8b700 1 Processor -- start
2024-03-16T08:07:41.715 INFO:teuthology.orchestra.run.smithi049.stdout:/usr/bin/ceph: stderr
2024-03-16T08:07:40.786+0000 7fdd88f8b700 1 -- start start
2024-03-16T08:07:41.716 INFO:teuthology.orchestra.run.smithi049.stdout:/usr/bin/ceph: stderr
2024-03-16T08:07:40.786+0000 7fdd88f8b700 1 --2- >> [v2:172.21.15.49:3300/0,v1:172.21.15.49:6789/0] conn(0x7fdd84108730 0x7fdd84107fb0 unknown :-1 s=NONE pgs=0 cs=0 l=1 rev1=0 crypto rx=0 tx=0 comp rx=0 tx=0).connect
2024-03-16T08:07:41.716 INFO:teuthology.orchestra.run.smithi049.stdout:/usr/bin/ceph: stderr
2024-03-16T08:07:40.786+0000 7fdd88f8b700 1 -- --> [v2:172.21.15.49:3300/0,v1:172.21.15.49:6789/0] -- mon_getmap magic: 0 -- 0x7fdd8410c020 con 0x7fdd84108730
2024-03-16T08:07:41.716 INFO:teuthology.orchestra.run.smithi049.stdout:/usr/bin/ceph: stderr
2024-03-16T08:07:40.786+0000 7fdd8259c700 1 --2- >> [v2:172.21.15.49:3300/0,v1:172.21.15.49:6789/0] conn(0x7fdd84108730 0x7fdd84107fb0 unknown :-1 s=BANNER_CONNECTING pgs=0 cs=0 l=1 rev1=0 crypto rx=0 tx=0 comp rx=0 tx=0)._handle_peer_banner_payload supported=3 required=0
2024-03-16T08:07:41.716 INFO:teuthology.orchestra.run.smithi049.stdout:/usr/bin/ceph: stderr
2024-03-16T08:07:40.786+0000 7fdd8259c700 1 --2- >> [v2:172.21.15.49:3300/0,v1:172.21.15.49:6789/0] conn(0x7fdd84108730 0x7fdd84107fb0 unknown :-1 s=HELLO_CONNECTING pgs=0 cs=0 l=1 rev1=1 crypto rx=0 tx=0 comp rx=0 tx=0).handle_hello peer v2:172.21.15.49:3300/0 says I am v2:172.21.15.49:59970/0 (socket says 172.21.15.49:59970)
2024-03-16T08:07:41.716 INFO:teuthology.orchestra.run.smithi049.stdout:/usr/bin/ceph: stderr
2024-03-16T08:07:40.786+0000 7fdd8259c700 1 -- 172.21.15.49:0/4052206530 learned_addr learned my addr 172.21.15.49:0/4052206530 (peer_addr_for_me v2:172.21.15.49:0/0)
2024-03-16T08:07:41.716 INFO:teuthology.orchestra.run.smithi049.stdout:/usr/bin/ceph: stderr
2024-03-16T08:07:40.786+0000 7fdd8259c700 1 -- 172.21.15.49:0/4052206530 --> [v2:172.21.15.49:3300/0,v1:172.21.15.49:6789/0] -- mon_subscribe({config=0+,monmap=0+}) -- 0x7fdd841084f0 con 0x7fdd84108730
2024-03-16T08:07:41.716 INFO:teuthology.orchestra.run.smithi049.stdout:/usr/bin/ceph: stderr
2024-03-16T08:07:40.786+0000 7fdd8259c700 1 --2- 172.21.15.49:0/4052206530 >> [v2:172.21.15.49:3300/0,v1:172.21.15.49:6789/0] conn(0x7fdd84108730 0x7fdd84107fb0 secure :-1 s=READY pgs=42 cs=0 l=1 rev1=1 crypto rx=0x7fdd7c004350 tx=0x7fdd7c00bd50 comp rx=0 tx=0).ready entity=mon.0 client_cookie=0 server_cookie=0 in_seq=0 out_seq=0
2024-03-16T08:07:41.716 INFO:teuthology.orchestra.run.smithi049.stdout:/usr/bin/ceph: stderr
2024-03-16T08:07:40.786+0000 7fdd7b7fe700 1 -- 172.21.15.49:0/4052206530 <== mon.0 v2:172.21.15.49:3300/0 1 ==== mon_map magic: 0 ==== 205+0+0 (secure 0 0 0) 0x7fdd7c020020 con 0x7fdd84108730
2024-03-16T08:07:41.716 INFO:teuthology.orchestra.run.smithi049.stdout:/usr/bin/ceph: stderr
2024-03-16T08:07:40.787+0000 7fdd7b7fe700 1 -- 172.21.15.49:0/4052206530 <== mon.0 v2:172.21.15.49:3300/0 2 ==== config(27 keys) ==== 1109+0+0 (secure 0 0 0) 0x7fdd7c003c10 con 0x7fdd84108730
2024-03-16T08:07:41.716 INFO:teuthology.orchestra.run.smithi049.stdout:/usr/bin/ceph: stderr
2024-03-16T08:07:40.787+0000 7fdd88f8b700 1 -- 172.21.15.49:0/4052206530 --> [v2:172.21.15.49:3300/0,v1:172.21.15.49:6789/0] -- mon_subscribe({mgrmap=0+}) -- 0x7fdd841066e0 con 0x7fdd84108730
2024-03-16T08:07:41.716 INFO:teuthology.orchestra.run.smithi049.stdout:/usr/bin/ceph: stderr
2024-03-16T08:07:40.787+0000 7fdd7b7fe700 1 -- 172.21.15.49:0/4052206530 <== mon.0 v2:172.21.15.49:3300/0 3 ==== mon_map magic: 0 ==== 205+0+0 (secure 0 0 0) 0x7fdd7c017040 con 0x7fdd84108730
2024-03-16T08:07:41.716 INFO:teuthology.orchestra.run.smithi049.stdout:/usr/bin/ceph: stderr
2024-03-16T08:07:40.787+0000 7fdd88f8b700 1 -- 172.21.15.49:0/4052206530 --> [v2:172.21.15.49:3300/0,v1:172.21.15.49:6789/0] -- mon_subscribe({osdmap=0}) -- 0x7fdd84106c20 con 0x7fdd84108730
2024-03-16T08:07:41.716 INFO:teuthology.orchestra.run.smithi049.stdout:/usr/bin/ceph: stderr
2024-03-16T08:07:40.787+0000 7fdd7b7fe700 1 -- 172.21.15.49:0/4052206530 <== mon.0 v2:172.21.15.49:3300/0 4 ==== mgrmap(e 8) ==== 46106+0+0 (secure 0 0 0) 0x7fdd7c023020 con 0x7fdd84108730
2024-03-16T08:07:41.716 INFO:teuthology.orchestra.run.smithi049.stdout:/usr/bin/ceph: stderr
2024-03-16T08:07:40.788+0000 7fdd88f8b700 1 -- 172.21.15.49:0/4052206530 --> [v2:172.21.15.49:3300/0,v1:172.21.15.49:6789/0] -- mon_command({"prefix": "get_command_descriptions"} v 0) -- 0x7fdd840693a0 con 0x7fdd84108730
2024-03-16T08:07:41.717 INFO:teuthology.orchestra.run.smithi049.stdout:/usr/bin/ceph: stderr
2024-03-16T08:07:40.788+0000 7fdd7b7fe700 1 --2- 172.21.15.49:0/4052206530 >> [v2:172.21.15.49:6800/2659026035,v1:172.21.15.49:6801/2659026035] conn(0x7fdd70038f70 0x7fdd7003b430 unknown :-1 s=NONE pgs=0 cs=0 l=1 rev1=0 crypto rx=0 tx=0 comp rx=0 tx=0).connect
2024-03-16T08:07:41.717 INFO:teuthology.orchestra.run.smithi049.stdout:/usr/bin/ceph: stderr
2024-03-16T08:07:40.788+0000 7fdd7b7fe700 1 -- 172.21.15.49:0/4052206530 <== mon.0 v2:172.21.15.49:3300/0 5 ==== osd_map(2..2 src has 1..2) ==== 940+0+0 (secure 0 0 0) 0x7fdd7c00f050 con 0x7fdd84108730
2024-03-16T08:07:41.717 INFO:teuthology.orchestra.run.smithi049.stdout:/usr/bin/ceph: stderr
2024-03-16T08:07:40.788+0000 7fdd81d9b700 1 --2- 172.21.15.49:0/4052206530 >> [v2:172.21.15.49:6800/2659026035,v1:172.21.15.49:6801/2659026035] conn(0x7fdd70038f70 0x7fdd7003b430 unknown :-1 s=BANNER_CONNECTING pgs=0 cs=0 l=1 rev1=0 crypto rx=0 tx=0 comp rx=0 tx=0)._handle_peer_banner_payload supported=3 required=0
2024-03-16T08:07:41.717 INFO:teuthology.orchestra.run.smithi049.stdout:/usr/bin/ceph: stderr
2024-03-16T08:07:40.788+0000 7fdd81d9b700 1 --2- 172.21.15.49:0/4052206530 >> [v2:172.21.15.49:6800/2659026035,v1:172.21.15.49:6801/2659026035] conn(0x7fdd70038f70 0x7fdd7003b430 secure :-1 s=READY pgs=9 cs=0 l=1 rev1=1 crypto rx=0x7fdd6c006fd0 tx=0x7fdd6c006e40 comp rx=0 tx=0).ready entity=mgr.14120 client_cookie=0 server_cookie=0 in_seq=0 out_seq=0
2024-03-16T08:07:41.717 INFO:teuthology.orchestra.run.smithi049.stdout:/usr/bin/ceph: stderr
2024-03-16T08:07:40.793+0000 7fdd7b7fe700 1 -- 172.21.15.49:0/4052206530 <== mon.0 v2:172.21.15.49:3300/0 6 ==== mon_command_ack([{"prefix": "get_command_descriptions"}]=0 v0) ==== 72+0+186149 (secure 0 0 0) 0x7fdd7c02a020 con 0x7fdd84108730
2024-03-16T08:07:41.717 INFO:teuthology.orchestra.run.smithi049.stdout:/usr/bin/ceph: stderr
2024-03-16T08:07:40.996+0000 7fdd88f8b700 1 -- 172.21.15.49:0/4052206530 --> [v2:172.21.15.49:6800/2659026035,v1:172.21.15.49:6801/2659026035] -- mgr_command(tid 0: {"prefix": "cephadm generate-key", "target": ["mon-mgr", ""]}) -- 0x7fdd841033b0 con 0x7fdd70038f70
2024-03-16T08:07:41.717 INFO:teuthology.orchestra.run.smithi049.stdout:/usr/bin/ceph: stderr
2024-03-16T08:07:41.117+0000 7fdd7b7fe700 1 -- 172.21.15.49:0/4052206530 <== mgr.14120 v2:172.21.15.49:6800/2659026035 1 ==== mgr_command_reply(tid 0: 0 ) ==== 8+0+0 (secure 0 0 0) 0x7fdd841033b0 con 0x7fdd70038f70
2024-03-16T08:07:41.717 INFO:teuthology.orchestra.run.smithi049.stdout:/usr/bin/ceph: stderr
2024-03-16T08:07:41.119+0000 7fdd88f8b700 1 -- 172.21.15.49:0/4052206530 >> [v2:172.21.15.49:6800/2659026035,v1:172.21.15.49:6801/2659026035] conn(0x7fdd70038f70 msgr2=0x7fdd7003b430 secure :-1 s=STATE_CONNECTION_ESTABLISHED l=1).mark_down
2024-03-16T08:07:41.717 INFO:teuthology.orchestra.run.smithi049.stdout:/usr/bin/ceph: stderr
2024-03-16T08:07:41.119+0000 7fdd88f8b700 1 --2- 172.21.15.49:0/4052206530 >> [v2:172.21.15.49:6800/2659026035,v1:172.21.15.49:6801/2659026035] conn(0x7fdd70038f70 0x7fdd7003b430 secure :-1 s=READY pgs=9 cs=0 l=1 rev1=1 crypto rx=0x7fdd6c006fd0 tx=0x7fdd6c006e40 comp rx=0 tx=0).stop
2024-03-16T08:07:41.717 INFO:teuthology.orchestra.run.smithi049.stdout:/usr/bin/ceph: stderr
2024-03-16T08:07:41.119+0000 7fdd88f8b700 1 -- 172.21.15.49:0/4052206530 >> [v2:172.21.15.49:3300/0,v1:172.21.15.49:6789/0] conn(0x7fdd84108730 msgr2=0x7fdd84107fb0 secure :-1 s=STATE_CONNECTION_ESTABLISHED l=1).mark_down
2024-03-16T08:07:41.717 INFO:teuthology.orchestra.run.smithi049.stdout:/usr/bin/ceph: stderr
2024-03-16T08:07:41.119+0000 7fdd88f8b700 1 --2- 172.21.15.49:0/4052206530 >> [v2:172.21.15.49:3300/0,v1:172.21.15.49:6789/0] conn(0x7fdd84108730 0x7fdd84107fb0 secure :-1 s=READY pgs=42 cs=0 l=1 rev1=1 crypto rx=0x7fdd7c004350 tx=0x7fdd7c00bd50 comp rx=0 tx=0).stop
2024-03-16T08:07:41.717 INFO:teuthology.orchestra.run.smithi049.stdout:/usr/bin/ceph: stderr
2024-03-16T08:07:41.119+0000 7fdd88f8b700 1 -- 172.21.15.49:0/4052206530 shutdown_connections
2024-03-16T08:07:41.717 INFO:teuthology.orchestra.run.smithi049.stdout:/usr/bin/ceph: stderr
2024-03-16T08:07:41.119+0000 7fdd88f8b700 1 --2- 172.21.15.49:0/4052206530 >> [v2:172.21.15.49:6800/2659026035,v1:172.21.15.49:6801/2659026035] conn(0x7fdd70038f70 0x7fdd7003b430 unknown :-1 s=CLOSED pgs=9 cs=0 l=1 rev1=1 crypto rx=0 tx=0 comp rx=0 tx=0).stop
2024-03-16T08:07:41.717 INFO:teuthology.orchestra.run.smithi049.stdout:/usr/bin/ceph: stderr
2024-03-16T08:07:41.119+0000 7fdd88f8b700 1 --2- 172.21.15.49:0/4052206530 >> [v2:172.21.15.49:3300/0,v1:172.21.15.49:6789/0] conn(0x7fdd84108730 0x7fdd84107fb0 unknown :-1 s=CLOSED pgs=42 cs=0 l=1 rev1=1 crypto rx=0 tx=0 comp rx=0 tx=0).stop
2024-03-16T08:07:41.718 INFO:teuthology.orchestra.run.smithi049.stdout:/usr/bin/ceph: stderr
2024-03-16T08:07:41.119+0000 7fdd88f8b700 1 -- 172.21.15.49:0/4052206530 >> 172.21.15.49:0/4052206530 conn(0x7fdd84102160 msgr2=0x7fdd84102ca0 unknown :-1 s=STATE_NONE l=0).mark_down
2024-03-16T08:07:41.718 INFO:teuthology.orchestra.run.smithi049.stdout:/usr/bin/ceph: stderr
2024-03-16T08:07:41.119+0000 7fdd88f8b700 1 -- 172.21.15.49:0/4052206530 shutdown_connections
2024-03-16T08:07:41.718 INFO:teuthology.orchestra.run.smithi049.stdout:/usr/bin/ceph: stderr
2024-03-16T08:07:41.119+0000 7fdd88f8b700 1 -- 172.21.15.49:0/4052206530 wait complete.
2024-03-16T08:07:42.331 INFO:journalctl@ceph.mon.a.smithi049.stdout:Mar 16 08:07:42 smithi049 ceph-mon[31942]: from='client.14136 -' entity='client.admin' cmd=[{"prefix": "cephadm generate-key", "target": ["mon-mgr", ""]}]: dispatch
2024-03-16T08:07:42.331 INFO:journalctl@ceph.mon.a.smithi049.stdout:Mar 16 08:07:42 smithi049 ceph-mon[31942]: Generating ssh key...
2024-03-16T08:07:42.331 INFO:journalctl@ceph.mon.a.smithi049.stdout:Mar 16 08:07:42 smithi049 ceph-mon[31942]: from='mgr.14120 172.21.15.49:0/823763577' entity='mgr.x'
2024-03-16T08:07:42.331 INFO:journalctl@ceph.mon.a.smithi049.stdout:Mar 16 08:07:42 smithi049 ceph-mon[31942]: from='mgr.14120 172.21.15.49:0/823763577' entity='mgr.x'
2024-03-16T08:07:42.885 INFO:teuthology.orchestra.run.smithi049.stdout:/usr/bin/ceph: stdout ssh-rsa AAAAB3NzaC1yc2EAAAADAQABAAABgQC+UZyVaatIKVNe9D1cPYWnLd/P9FuIs5c3CUZeh3hzrfAVnS68fgjdmC8kbmMabKks1pFxSgloeO7z1z2SERVDZ2ZnfRGNVsz970flCvJ3Hdhxcu4yrWKwLGhWwNbdAetiwNwJOy3QJXGMf9+uiZjM1dZNxq/KYfeHUW0lAYsQ4S80pD0l5MHk+aehWgIBa5DOFQeK2mnp37+CvwZp/7RpKgFDZ431n0RS3J9LMcsel1rBBu4ZOAyd8nARWwyZzre2HQiVi+v0lGeIEgM6r87YzE2K9S/ATMmEjZn4025M24xPqXpV4sxbuu1Xd+IN5y0aMPAv17B574+119Us/eFfj9uMbZm0AnjAfVHgR80HJhyeg9WAdvTAo8UZ8WSWvUstK57BS5kRfuDYtSuzbgfypzGwo4AZ1bZnzgHX62IJmh0cdMww/BQ6wPj2ffzlJCGmnqVeXF6yb9dqQ5QbU37pk+11Jjnc6EMcQyPj/t00yhJM7EFhpMHhbpV0SGUYX2U= ceph-053f2308-e36c-11ee-95c9-87774f69a715
2024-03-16T08:07:42.885 INFO:teuthology.orchestra.run.smithi049.stdout:/usr/bin/ceph: stderr
2024-03-16T08:07:42.112+0000 7fd79292b700 1 Processor -- start
2024-03-16T08:07:42.885 INFO:teuthology.orchestra.run.smithi049.stdout:/usr/bin/ceph: stderr
2024-03-16T08:07:42.112+0000 7fd79292b700 1 -- start start
2024-03-16T08:07:42.885 INFO:teuthology.orchestra.run.smithi049.stdout:/usr/bin/ceph: stderr
2024-03-16T08:07:42.112+0000 7fd79292b700 1 --2- >> [v2:172.21.15.49:3300/0,v1:172.21.15.49:6789/0] conn(0x7fd78c106bc0 0x7fd78c106fe0 unknown :-1 s=NONE pgs=0 cs=0 l=0 rev1=0 crypto rx=0 tx=0 comp rx=0 tx=0).connect
2024-03-16T08:07:42.885 INFO:teuthology.orchestra.run.smithi049.stdout:/usr/bin/ceph: stderr
2024-03-16T08:07:42.112+0000 7fd79292b700 1 -- --> [v2:172.21.15.49:3300/0,v1:172.21.15.49:6789/0] -- mon_getmap magic: 0 -- 0x7fd78c1075b0 con 0x7fd78c106bc0
2024-03-16T08:07:42.885 INFO:teuthology.orchestra.run.smithi049.stdout:/usr/bin/ceph: stderr
2024-03-16T08:07:42.112+0000 7fd78bfff700 1 --2- >> [v2:172.21.15.49:3300/0,v1:172.21.15.49:6789/0] conn(0x7fd78c106bc0 0x7fd78c106fe0 unknown :-1 s=BANNER_CONNECTING pgs=0 cs=0 l=0 rev1=0 crypto rx=0 tx=0 comp rx=0 tx=0)._handle_peer_banner_payload supported=3 required=0
2024-03-16T08:07:42.885 INFO:teuthology.orchestra.run.smithi049.stdout:/usr/bin/ceph: stderr
2024-03-16T08:07:42.112+0000 7fd78bfff700 1 --2- >> [v2:172.21.15.49:3300/0,v1:172.21.15.49:6789/0] conn(0x7fd78c106bc0 0x7fd78c106fe0 unknown :-1 s=HELLO_CONNECTING pgs=0 cs=0 l=0 rev1=1 crypto rx=0 tx=0 comp rx=0 tx=0).handle_hello peer v2:172.21.15.49:3300/0 says I am v2:172.21.15.49:59984/0 (socket says 172.21.15.49:59984)
2024-03-16T08:07:42.885 INFO:teuthology.orchestra.run.smithi049.stdout:/usr/bin/ceph: stderr
2024-03-16T08:07:42.112+0000 7fd78bfff700 1 -- 172.21.15.49:0/232340639 learned_addr learned my addr 172.21.15.49:0/232340639 (peer_addr_for_me v2:172.21.15.49:0/0)
2024-03-16T08:07:42.885 INFO:teuthology.orchestra.run.smithi049.stdout:/usr/bin/ceph: stderr
2024-03-16T08:07:42.112+0000 7fd78bfff700 1 -- 172.21.15.49:0/232340639 --> [v2:172.21.15.49:3300/0,v1:172.21.15.49:6789/0] -- mon_subscribe({config=0+,monmap=0+}) -- 0x7fd78c107dc0 con 0x7fd78c106bc0
2024-03-16T08:07:42.886 INFO:teuthology.orchestra.run.smithi049.stdout:/usr/bin/ceph: stderr
2024-03-16T08:07:42.113+0000 7fd78bfff700 1 --2- 172.21.15.49:0/232340639 >> [v2:172.21.15.49:3300/0,v1:172.21.15.49:6789/0] conn(0x7fd78c106bc0 0x7fd78c106fe0 secure :-1 s=READY pgs=43 cs=0 l=1 rev1=1 crypto rx=0x7fd77c0098a0 tx=0x7fd77c009bb0 comp rx=0 tx=0).ready entity=mon.0 client_cookie=d2fb628ca01bcb04 server_cookie=0 in_seq=0 out_seq=0
2024-03-16T08:07:42.886 INFO:teuthology.orchestra.run.smithi049.stdout:/usr/bin/ceph: stderr
2024-03-16T08:07:42.115+0000 7fd78affd700 1 -- 172.21.15.49:0/232340639 <== mon.0 v2:172.21.15.49:3300/0 1 ==== mon_map magic: 0 ==== 205+0+0 (secure 0 0 0) 0x7fd77c004160 con 0x7fd78c106bc0
2024-03-16T08:07:42.886 INFO:teuthology.orchestra.run.smithi049.stdout:/usr/bin/ceph: stderr
2024-03-16T08:07:42.115+0000 7fd78affd700 1 -- 172.21.15.49:0/232340639 <== mon.0 v2:172.21.15.49:3300/0 2 ==== config(27 keys) ==== 1109+0+0 (secure 0 0 0) 0x7fd77c004300 con 0x7fd78c106bc0
2024-03-16T08:07:42.886 INFO:teuthology.orchestra.run.smithi049.stdout:/usr/bin/ceph: stderr
2024-03-16T08:07:42.115+0000 7fd78affd700 1 -- 172.21.15.49:0/232340639 <== mon.0 v2:172.21.15.49:3300/0 3 ==== mon_map magic: 0 ==== 205+0+0 (secure 0 0 0) 0x7fd77c011b50 con 0x7fd78c106bc0
2024-03-16T08:07:42.886 INFO:teuthology.orchestra.run.smithi049.stdout:/usr/bin/ceph: stderr
2024-03-16T08:07:42.116+0000 7fd79292b700 1 -- 172.21.15.49:0/232340639 >> [v2:172.21.15.49:3300/0,v1:172.21.15.49:6789/0] conn(0x7fd78c106bc0 msgr2=0x7fd78c106fe0 secure :-1 s=STATE_CONNECTION_ESTABLISHED l=1).mark_down
2024-03-16T08:07:42.886 INFO:teuthology.orchestra.run.smithi049.stdout:/usr/bin/ceph: stderr
2024-03-16T08:07:42.116+0000 7fd79292b700 1 --2- 172.21.15.49:0/232340639 >> [v2:172.21.15.49:3300/0,v1:172.21.15.49:6789/0] conn(0x7fd78c106bc0 0x7fd78c106fe0 secure :-1 s=READY pgs=43 cs=0 l=1 rev1=1 crypto rx=0x7fd77c0098a0 tx=0x7fd77c009bb0 comp rx=0 tx=0).stop
2024-03-16T08:07:42.886 INFO:teuthology.orchestra.run.smithi049.stdout:/usr/bin/ceph: stderr
2024-03-16T08:07:42.116+0000 7fd79292b700 1 -- 172.21.15.49:0/232340639 shutdown_connections
2024-03-16T08:07:42.886 INFO:teuthology.orchestra.run.smithi049.stdout:/usr/bin/ceph: stderr
2024-03-16T08:07:42.116+0000 7fd79292b700 1 --2- 172.21.15.49:0/232340639 >> [v2:172.21.15.49:3300/0,v1:172.21.15.49:6789/0] conn(0x7fd78c106bc0 0x7fd78c106fe0 unknown :-1 s=CLOSED pgs=43 cs=0 l=1 rev1=1 crypto rx=0 tx=0 comp rx=0 tx=0).stop
2024-03-16T08:07:42.886 INFO:teuthology.orchestra.run.smithi049.stdout:/usr/bin/ceph: stderr
2024-03-16T08:07:42.116+0000 7fd79292b700 1 -- 172.21.15.49:0/232340639 >> 172.21.15.49:0/232340639 conn(0x7fd78c102160 msgr2=0x7fd78c1045a0 unknown :-1 s=STATE_NONE l=0).mark_down
2024-03-16T08:07:42.886 INFO:teuthology.orchestra.run.smithi049.stdout:/usr/bin/ceph: stderr
2024-03-16T08:07:42.116+0000 7fd79292b700 1 -- 172.21.15.49:0/232340639 shutdown_connections
2024-03-16T08:07:42.886 INFO:teuthology.orchestra.run.smithi049.stdout:/usr/bin/ceph: stderr
2024-03-16T08:07:42.116+0000 7fd79292b700 1 -- 172.21.15.49:0/232340639 wait complete.
2024-03-16T08:07:42.886 INFO:teuthology.orchestra.run.smithi049.stdout:/usr/bin/ceph: stderr
2024-03-16T08:07:42.116+0000 7fd79292b700 1 Processor -- start
2024-03-16T08:07:42.886 INFO:teuthology.orchestra.run.smithi049.stdout:/usr/bin/ceph: stderr
2024-03-16T08:07:42.116+0000 7fd79292b700 1 -- start start
2024-03-16T08:07:42.887 INFO:teuthology.orchestra.run.smithi049.stdout:/usr/bin/ceph: stderr
2024-03-16T08:07:42.117+0000 7fd79292b700 1 --2- >> [v2:172.21.15.49:3300/0,v1:172.21.15.49:6789/0] conn(0x7fd78c106bc0 0x7fd78c07b9e0 unknown :-1 s=NONE pgs=0 cs=0 l=1 rev1=0 crypto rx=0 tx=0 comp rx=0 tx=0).connect
2024-03-16T08:07:42.887 INFO:teuthology.orchestra.run.smithi049.stdout:/usr/bin/ceph: stderr
2024-03-16T08:07:42.117+0000 7fd79292b700 1 -- --> [v2:172.21.15.49:3300/0,v1:172.21.15.49:6789/0] -- mon_getmap magic: 0 -- 0x7fd78c10b170 con 0x7fd78c106bc0
2024-03-16T08:07:42.887 INFO:teuthology.orchestra.run.smithi049.stdout:/usr/bin/ceph: stderr
2024-03-16T08:07:42.117+0000 7fd78bfff700 1 --2- >> [v2:172.21.15.49:3300/0,v1:172.21.15.49:6789/0] conn(0x7fd78c106bc0 0x7fd78c07b9e0 unknown :-1 s=BANNER_CONNECTING pgs=0 cs=0 l=1 rev1=0 crypto rx=0 tx=0 comp rx=0 tx=0)._handle_peer_banner_payload supported=3 required=0
2024-03-16T08:07:42.887 INFO:teuthology.orchestra.run.smithi049.stdout:/usr/bin/ceph: stderr
2024-03-16T08:07:42.117+0000 7fd78bfff700 1 --2- >> [v2:172.21.15.49:3300/0,v1:172.21.15.49:6789/0] conn(0x7fd78c106bc0 0x7fd78c07b9e0 unknown :-1 s=HELLO_CONNECTING pgs=0 cs=0 l=1 rev1=1 crypto rx=0 tx=0 comp rx=0 tx=0).handle_hello peer v2:172.21.15.49:3300/0 says I am v2:172.21.15.49:59988/0 (socket says 172.21.15.49:59988)
2024-03-16T08:07:42.887 INFO:teuthology.orchestra.run.smithi049.stdout:/usr/bin/ceph: stderr
2024-03-16T08:07:42.117+0000 7fd78bfff700 1 -- 172.21.15.49:0/1363629743 learned_addr learned my addr 172.21.15.49:0/1363629743 (peer_addr_for_me v2:172.21.15.49:0/0)
2024-03-16T08:07:42.887 INFO:teuthology.orchestra.run.smithi049.stdout:/usr/bin/ceph: stderr
2024-03-16T08:07:42.117+0000 7fd78bfff700 1 -- 172.21.15.49:0/1363629743 --> [v2:172.21.15.49:3300/0,v1:172.21.15.49:6789/0] -- mon_subscribe({config=0+,monmap=0+}) -- 0x7fd78c19c7c0 con 0x7fd78c106bc0
2024-03-16T08:07:42.887 INFO:teuthology.orchestra.run.smithi049.stdout:/usr/bin/ceph: stderr
2024-03-16T08:07:42.117+0000 7fd78bfff700 1 --2- 172.21.15.49:0/1363629743 >> [v2:172.21.15.49:3300/0,v1:172.21.15.49:6789/0] conn(0x7fd78c106bc0 0x7fd78c07b9e0 secure :-1 s=READY pgs=44 cs=0 l=1 rev1=1 crypto rx=0x7fd77c000c00 tx=0x7fd77c011c10 comp rx=0 tx=0).ready entity=mon.0 client_cookie=0 server_cookie=0 in_seq=0 out_seq=0
2024-03-16T08:07:42.887 INFO:teuthology.orchestra.run.smithi049.stdout:/usr/bin/ceph: stderr
2024-03-16T08:07:42.117+0000 7fd7897fa700 1 -- 172.21.15.49:0/1363629743 <== mon.0 v2:172.21.15.49:3300/0 1 ==== mon_map magic: 0 ==== 205+0+0 (secure 0 0 0) 0x7fd77c003b20 con 0x7fd78c106bc0
2024-03-16T08:07:42.887 INFO:teuthology.orchestra.run.smithi049.stdout:/usr/bin/ceph: stderr
2024-03-16T08:07:42.117+0000 7fd7897fa700 1 -- 172.21.15.49:0/1363629743 <== mon.0 v2:172.21.15.49:3300/0 2 ==== config(27 keys) ==== 1109+0+0 (secure 0 0 0) 0x7fd77c003cc0 con 0x7fd78c106bc0
2024-03-16T08:07:42.887 INFO:teuthology.orchestra.run.smithi049.stdout:/usr/bin/ceph: stderr
2024-03-16T08:07:42.117+0000 7fd79292b700 1 -- 172.21.15.49:0/1363629743 --> [v2:172.21.15.49:3300/0,v1:172.21.15.49:6789/0] -- mon_subscribe({mgrmap=0+}) -- 0x7fd78c1a0dd0 con 0x7fd78c106bc0
2024-03-16T08:07:42.887 INFO:teuthology.orchestra.run.smithi049.stdout:/usr/bin/ceph: stderr
2024-03-16T08:07:42.117+0000 7fd7897fa700 1 -- 172.21.15.49:0/1363629743 <== mon.0 v2:172.21.15.49:3300/0 3 ==== mon_map magic: 0 ==== 205+0+0 (secure 0 0 0) 0x7fd77c024910 con 0x7fd78c106bc0
2024-03-16T08:07:42.887 INFO:teuthology.orchestra.run.smithi049.stdout:/usr/bin/ceph: stderr
2024-03-16T08:07:42.118+0000 7fd79292b700 1 -- 172.21.15.49:0/1363629743 --> [v2:172.21.15.49:3300/0,v1:172.21.15.49:6789/0] -- mon_subscribe({osdmap=0}) -- 0x7fd78c1a1170 con 0x7fd78c106bc0
2024-03-16T08:07:42.887 INFO:teuthology.orchestra.run.smithi049.stdout:/usr/bin/ceph: stderr
2024-03-16T08:07:42.118+0000 7fd7897fa700 1 -- 172.21.15.49:0/1363629743 <== mon.0 v2:172.21.15.49:3300/0 4 ==== mgrmap(e 8) ==== 46106+0+0 (secure 0 0 0) 0x7fd77c022020 con 0x7fd78c106bc0
2024-03-16T08:07:42.887 INFO:teuthology.orchestra.run.smithi049.stdout:/usr/bin/ceph: stderr
2024-03-16T08:07:42.119+0000 7fd79292b700 1 -- 172.21.15.49:0/1363629743 --> [v2:172.21.15.49:3300/0,v1:172.21.15.49:6789/0] -- mon_command({"prefix": "get_command_descriptions"} v 0) -- 0x7fd78c0693a0 con 0x7fd78c106bc0
2024-03-16T08:07:42.887 INFO:teuthology.orchestra.run.smithi049.stdout:/usr/bin/ceph: stderr
2024-03-16T08:07:42.119+0000 7fd7897fa700 1 --2- 172.21.15.49:0/1363629743 >> [v2:172.21.15.49:6800/2659026035,v1:172.21.15.49:6801/2659026035] conn(0x7fd774038f70 0x7fd77403b430 unknown :-1 s=NONE pgs=0 cs=0 l=1 rev1=0 crypto rx=0 tx=0 comp rx=0 tx=0).connect
2024-03-16T08:07:42.887 INFO:teuthology.orchestra.run.smithi049.stdout:/usr/bin/ceph: stderr
2024-03-16T08:07:42.119+0000 7fd7897fa700 1 -- 172.21.15.49:0/1363629743 <== mon.0 v2:172.21.15.49:3300/0 5 ==== osd_map(2..2 src has 1..2) ==== 940+0+0 (secure 0 0 0) 0x7fd77c011e00 con 0x7fd78c106bc0
2024-03-16T08:07:42.888 INFO:teuthology.orchestra.run.smithi049.stdout:/usr/bin/ceph: stderr
2024-03-16T08:07:42.119+0000 7fd78b7fe700 1 --2- 172.21.15.49:0/1363629743 >> [v2:172.21.15.49:6800/2659026035,v1:172.21.15.49:6801/2659026035] conn(0x7fd774038f70 0x7fd77403b430 unknown :-1 s=BANNER_CONNECTING pgs=0 cs=0 l=1 rev1=0 crypto rx=0 tx=0 comp rx=0 tx=0)._handle_peer_banner_payload supported=3 required=0
2024-03-16T08:07:42.888 INFO:teuthology.orchestra.run.smithi049.stdout:/usr/bin/ceph: stderr
2024-03-16T08:07:42.119+0000 7fd78b7fe700 1 --2- 172.21.15.49:0/1363629743 >> [v2:172.21.15.49:6800/2659026035,v1:172.21.15.49:6801/2659026035] conn(0x7fd774038f70 0x7fd77403b430 secure :-1 s=READY pgs=10 cs=0 l=1 rev1=1 crypto rx=0x7fd780006fd0 tx=0x7fd780006e40 comp rx=0 tx=0).ready entity=mgr.14120 client_cookie=0 server_cookie=0 in_seq=0 out_seq=0
2024-03-16T08:07:42.888 INFO:teuthology.orchestra.run.smithi049.stdout:/usr/bin/ceph: stderr
2024-03-16T08:07:42.124+0000 7fd7897fa700 1 -- 172.21.15.49:0/1363629743 <== mon.0 v2:172.21.15.49:3300/0 6 ==== mon_command_ack([{"prefix": "get_command_descriptions"}]=0 v0) ==== 72+0+186149 (secure 0 0 0) 0x7fd77c0172b0 con 0x7fd78c106bc0
2024-03-16T08:07:42.888 INFO:teuthology.orchestra.run.smithi049.stdout:/usr/bin/ceph: stderr
2024-03-16T08:07:42.331+0000 7fd79292b700 1 -- 172.21.15.49:0/1363629743 --> [v2:172.21.15.49:6800/2659026035,v1:172.21.15.49:6801/2659026035] -- mgr_command(tid 0: {"prefix": "cephadm get-pub-key", "target": ["mon-mgr", ""]}) -- 0x7fd78c103470 con 0x7fd774038f70
2024-03-16T08:07:42.888 INFO:teuthology.orchestra.run.smithi049.stdout:/usr/bin/ceph: stderr
2024-03-16T08:07:42.331+0000 7fd7897fa700 1 -- 172.21.15.49:0/1363629743 <== mgr.14120 v2:172.21.15.49:6800/2659026035 1 ==== mgr_command_reply(tid 0: 0 ) ==== 8+0+595 (secure 0 0 0) 0x7fd78c103470 con 0x7fd774038f70
2024-03-16T08:07:42.888 INFO:teuthology.orchestra.run.smithi049.stdout:/usr/bin/ceph: stderr
2024-03-16T08:07:42.334+0000 7fd79292b700 1 -- 172.21.15.49:0/1363629743 >> [v2:172.21.15.49:6800/2659026035,v1:172.21.15.49:6801/2659026035] conn(0x7fd774038f70 msgr2=0x7fd77403b430 secure :-1 s=STATE_CONNECTION_ESTABLISHED l=1).mark_down
2024-03-16T08:07:42.888 INFO:teuthology.orchestra.run.smithi049.stdout:/usr/bin/ceph: stderr
2024-03-16T08:07:42.334+0000 7fd79292b700 1 --2- 172.21.15.49:0/1363629743 >> [v2:172.21.15.49:6800/2659026035,v1:172.21.15.49:6801/2659026035] conn(0x7fd774038f70 0x7fd77403b430 secure :-1 s=READY pgs=10 cs=0 l=1 rev1=1 crypto rx=0x7fd780006fd0 tx=0x7fd780006e40 comp rx=0 tx=0).stop
2024-03-16T08:07:42.888 INFO:teuthology.orchestra.run.smithi049.stdout:/usr/bin/ceph: stderr
2024-03-16T08:07:42.334+0000 7fd79292b700 1 -- 172.21.15.49:0/1363629743 >> [v2:172.21.15.49:3300/0,v1:172.21.15.49:6789/0] conn(0x7fd78c106bc0 msgr2=0x7fd78c07b9e0 secure :-1 s=STATE_CONNECTION_ESTABLISHED l=1).mark_down
2024-03-16T08:07:42.888 INFO:teuthology.orchestra.run.smithi049.stdout:/usr/bin/ceph: stderr
2024-03-16T08:07:42.334+0000 7fd79292b700 1 --2- 172.21.15.49:0/1363629743 >> [v2:172.21.15.49:3300/0,v1:172.21.15.49:6789/0] conn(0x7fd78c106bc0 0x7fd78c07b9e0 secure :-1 s=READY pgs=44 cs=0 l=1 rev1=1 crypto rx=0x7fd77c000c00 tx=0x7fd77c011c10 comp rx=0 tx=0).stop
2024-03-16T08:07:42.888 INFO:teuthology.orchestra.run.smithi049.stdout:/usr/bin/ceph: stderr
2024-03-16T08:07:42.334+0000 7fd79292b700 1 -- 172.21.15.49:0/1363629743 shutdown_connections
2024-03-16T08:07:42.888 INFO:teuthology.orchestra.run.smithi049.stdout:/usr/bin/ceph: stderr
