2024-03-16T08:52:41.530 INFO:teuthology.orchestra.run.smithi007.stdout:/usr/bin/ceph: stderr
2024-03-16T08:52:40.119+0000 7fcf9d900700 1 -- 172.21.15.7:0/716844320 >> [v2:172.21.15.7:6800/2343923853,v1:172.21.15.7:6801/2343923853] conn(0x7fcf840367e0 msgr2=0x7fcf84038c90 secure :-1 s=STATE_CONNECTION_ESTABLISHED l=1).mark_down
2024-03-16T08:52:41.530 INFO:teuthology.orchestra.run.smithi007.stdout:/usr/bin/ceph: stderr
2024-03-16T08:52:40.119+0000 7fcf9d900700 1 --2- 172.21.15.7:0/716844320 >> [v2:172.21.15.7:6800/2343923853,v1:172.21.15.7:6801/2343923853] conn(0x7fcf840367e0 0x7fcf84038c90 secure :-1 s=READY pgs=8 cs=0 l=1 rev1=1 crypto rx=0x7fcf80009990 tx=0x7fcf80006e40 comp rx=0 tx=0).stop
2024-03-16T08:52:41.530 INFO:teuthology.orchestra.run.smithi007.stdout:/usr/bin/ceph: stderr
2024-03-16T08:52:40.119+0000 7fcf9d900700 1 -- 172.21.15.7:0/716844320 >> [v2:172.21.15.7:3300/0,v1:172.21.15.7:6789/0] conn(0x7fcf98071300 msgr2=0x7fcf98113880 secure :-1 s=STATE_CONNECTION_ESTABLISHED l=1).mark_down
2024-03-16T08:52:41.530 INFO:teuthology.orchestra.run.smithi007.stdout:/usr/bin/ceph: stderr
2024-03-16T08:52:40.119+0000 7fcf9d900700 1 --2- 172.21.15.7:0/716844320 >> [v2:172.21.15.7:3300/0,v1:172.21.15.7:6789/0] conn(0x7fcf98071300 0x7fcf98113880 secure :-1 s=READY pgs=81 cs=0 l=1 rev1=1 crypto rx=0x7fcf90012de0 tx=0x7fcf90009840 comp rx=0 tx=0).stop
2024-03-16T08:52:41.530 INFO:teuthology.orchestra.run.smithi007.stdout:/usr/bin/ceph: stderr
2024-03-16T08:52:40.119+0000 7fcf9d900700 1 -- 172.21.15.7:0/716844320 shutdown_connections
2024-03-16T08:52:41.530 INFO:teuthology.orchestra.run.smithi007.stdout:/usr/bin/ceph: stderr
2024-03-16T08:52:40.119+0000 7fcf9d900700 1 --2- 172.21.15.7:0/716844320 >> [v2:172.21.15.7:6800/2343923853,v1:172.21.15.7:6801/2343923853] conn(0x7fcf840367e0 0x7fcf84038c90 unknown :-1 s=CLOSED pgs=8 cs=0 l=1 rev1=1 crypto rx=0 tx=0 comp rx=0 tx=0).stop
2024-03-16T08:52:41.530 INFO:teuthology.orchestra.run.smithi007.stdout:/usr/bin/ceph: stderr
2024-03-16T08:52:40.119+0000 7fcf9d900700 1 --2- 172.21.15.7:0/716844320 >> [v2:172.21.15.7:3300/0,v1:172.21.15.7:6789/0] conn(0x7fcf98071300 0x7fcf98113880 unknown :-1 s=CLOSED pgs=81 cs=0 l=1 rev1=1 crypto rx=0 tx=0 comp rx=0 tx=0).stop
2024-03-16T08:52:41.530 INFO:teuthology.orchestra.run.smithi007.stdout:/usr/bin/ceph: stderr
2024-03-16T08:52:40.119+0000 7fcf9d900700 1 -- 172.21.15.7:0/716844320 >> 172.21.15.7:0/716844320 conn(0x7fcf980fcd50 msgr2=0x7fcf980fda50 unknown :-1 s=STATE_NONE l=0).mark_down
2024-03-16T08:52:41.530 INFO:teuthology.orchestra.run.smithi007.stdout:/usr/bin/ceph: stderr
2024-03-16T08:52:40.119+0000 7fcf9d900700 1 -- 172.21.15.7:0/716844320 shutdown_connections
2024-03-16T08:52:41.530 INFO:teuthology.orchestra.run.smithi007.stdout:/usr/bin/ceph: stderr
2024-03-16T08:52:40.119+0000 7fcf9d900700 1 -- 172.21.15.7:0/716844320 wait complete.
2024-03-16T08:52:41.530 INFO:teuthology.orchestra.run.smithi007.stdout:Fetching dashboard port number...
2024-03-16T08:52:42.618 INFO:teuthology.orchestra.run.smithi007.stdout:/usr/bin/ceph: stdout 8443
2024-03-16T08:52:42.618 INFO:teuthology.orchestra.run.smithi007.stdout:/usr/bin/ceph: stderr
2024-03-16T08:52:41.911+0000 7f5758b3e700 1 Processor -- start
2024-03-16T08:52:42.618 INFO:teuthology.orchestra.run.smithi007.stdout:/usr/bin/ceph: stderr
2024-03-16T08:52:41.911+0000 7f5758b3e700 1 -- start start
2024-03-16T08:52:42.618 INFO:teuthology.orchestra.run.smithi007.stdout:/usr/bin/ceph: stderr
2024-03-16T08:52:41.911+0000 7f5758b3e700 1 --2- >> [v2:172.21.15.7:3300/0,v1:172.21.15.7:6789/0] conn(0x7f57541026b0 0x7f5754102ac0 unknown :-1 s=NONE pgs=0 cs=0 l=0 rev1=0 crypto rx=0 tx=0 comp rx=0 tx=0).connect
2024-03-16T08:52:42.618 INFO:teuthology.orchestra.run.smithi007.stdout:/usr/bin/ceph: stderr
2024-03-16T08:52:41.911+0000 7f5758b3e700 1 -- --> [v2:172.21.15.7:3300/0,v1:172.21.15.7:6789/0] -- mon_getmap magic: 0 v1 -- 0x7f5754103000 con 0x7f57541026b0
2024-03-16T08:52:42.618 INFO:teuthology.orchestra.run.smithi007.stdout:/usr/bin/ceph: stderr
2024-03-16T08:52:41.911+0000 7f575259c700 1 --2- >> [v2:172.21.15.7:3300/0,v1:172.21.15.7:6789/0] conn(0x7f57541026b0 0x7f5754102ac0 unknown :-1 s=BANNER_CONNECTING pgs=0 cs=0 l=0 rev1=0 crypto rx=0 tx=0 comp rx=0 tx=0)._handle_peer_banner_payload supported=3 required=0
2024-03-16T08:52:42.618 INFO:teuthology.orchestra.run.smithi007.stdout:/usr/bin/ceph: stderr
2024-03-16T08:52:41.911+0000 7f575259c700 1 --2- >> [v2:172.21.15.7:3300/0,v1:172.21.15.7:6789/0] conn(0x7f57541026b0 0x7f5754102ac0 unknown :-1 s=HELLO_CONNECTING pgs=0 cs=0 l=0 rev1=1 crypto rx=0 tx=0 comp rx=0 tx=0).handle_hello peer v2:172.21.15.7:3300/0 says I am v2:172.21.15.7:60164/0 (socket says 172.21.15.7:60164)
2024-03-16T08:52:42.618 INFO:teuthology.orchestra.run.smithi007.stdout:/usr/bin/ceph: stderr
2024-03-16T08:52:41.911+0000 7f575259c700 1 -- 172.21.15.7:0/1621538847 learned_addr learned my addr 172.21.15.7:0/1621538847 (peer_addr_for_me v2:172.21.15.7:0/0)
2024-03-16T08:52:42.619 INFO:teuthology.orchestra.run.smithi007.stdout:/usr/bin/ceph: stderr
2024-03-16T08:52:41.911+0000 7f575259c700 1 -- 172.21.15.7:0/1621538847 --> [v2:172.21.15.7:3300/0,v1:172.21.15.7:6789/0] -- mon_subscribe({config=0+,monmap=0+}) v3 -- 0x7f5754103140 con 0x7f57541026b0
2024-03-16T08:52:42.619 INFO:teuthology.orchestra.run.smithi007.stdout:/usr/bin/ceph: stderr
2024-03-16T08:52:41.912+0000 7f575259c700 1 --2- 172.21.15.7:0/1621538847 >> [v2:172.21.15.7:3300/0,v1:172.21.15.7:6789/0] conn(0x7f57541026b0 0x7f5754102ac0 secure :-1 s=READY pgs=82 cs=0 l=1 rev1=1 crypto rx=0x7f57440098e0 tx=0x7f5744009250 comp rx=0 tx=0).ready entity=mon.0 client_cookie=e47e58a6b3e89d6 server_cookie=0 in_seq=0 out_seq=0
2024-03-16T08:52:42.619 INFO:teuthology.orchestra.run.smithi007.stdout:/usr/bin/ceph: stderr
2024-03-16T08:52:41.912+0000 7f575159a700 1 -- 172.21.15.7:0/1621538847 <== mon.0 v2:172.21.15.7:3300/0 1 ==== mon_map magic: 0 v1 ==== 229+0+0 (secure 0 0 0) 0x7f574400b860 con 0x7f57541026b0
2024-03-16T08:52:42.619 INFO:teuthology.orchestra.run.smithi007.stdout:/usr/bin/ceph: stderr
2024-03-16T08:52:41.912+0000 7f575159a700 1 -- 172.21.15.7:0/1621538847 <== mon.0 v2:172.21.15.7:3300/0 2 ==== config(27 keys) v1 ==== 1109+0+0 (secure 0 0 0) 0x7f574400be90 con 0x7f57541026b0
2024-03-16T08:52:42.619 INFO:teuthology.orchestra.run.smithi007.stdout:/usr/bin/ceph: stderr
2024-03-16T08:52:41.912+0000 7f575159a700 1 -- 172.21.15.7:0/1621538847 <== mon.0 v2:172.21.15.7:3300/0 3 ==== mon_map magic: 0 v1 ==== 229+0+0 (secure 0 0 0) 0x7f57440103c0 con 0x7f57541026b0
2024-03-16T08:52:42.619 INFO:teuthology.orchestra.run.smithi007.stdout:/usr/bin/ceph: stderr
2024-03-16T08:52:41.912+0000 7f5758b3e700 1 -- 172.21.15.7:0/1621538847 >> [v2:172.21.15.7:3300/0,v1:172.21.15.7:6789/0] conn(0x7f57541026b0 msgr2=0x7f5754102ac0 secure :-1 s=STATE_CONNECTION_ESTABLISHED l=1).mark_down
2024-03-16T08:52:42.619 INFO:teuthology.orchestra.run.smithi007.stdout:/usr/bin/ceph: stderr
2024-03-16T08:52:41.912+0000 7f5758b3e700 1 --2- 172.21.15.7:0/1621538847 >> [v2:172.21.15.7:3300/0,v1:172.21.15.7:6789/0] conn(0x7f57541026b0 0x7f5754102ac0 secure :-1 s=READY pgs=82 cs=0 l=1 rev1=1 crypto rx=0x7f57440098e0 tx=0x7f5744009250 comp rx=0 tx=0).stop
2024-03-16T08:52:42.619 INFO:teuthology.orchestra.run.smithi007.stdout:/usr/bin/ceph: stderr
2024-03-16T08:52:41.912+0000 7f5758b3e700 1 -- 172.21.15.7:0/1621538847 shutdown_connections
2024-03-16T08:52:42.619 INFO:teuthology.orchestra.run.smithi007.stdout:/usr/bin/ceph: stderr
2024-03-16T08:52:41.912+0000 7f5758b3e700 1 --2- 172.21.15.7:0/1621538847 >> [v2:172.21.15.7:3300/0,v1:172.21.15.7:6789/0] conn(0x7f57541026b0 0x7f5754102ac0 unknown :-1 s=CLOSED pgs=82 cs=0 l=1 rev1=1 crypto rx=0 tx=0 comp rx=0 tx=0).stop
2024-03-16T08:52:42.619 INFO:teuthology.orchestra.run.smithi007.stdout:/usr/bin/ceph: stderr
2024-03-16T08:52:41.912+0000 7f5758b3e700 1 -- 172.21.15.7:0/1621538847 >> 172.21.15.7:0/1621538847 conn(0x7f57540fde70 msgr2=0x7f5754100280 unknown :-1 s=STATE_NONE l=0).mark_down
2024-03-16T08:52:42.619 INFO:teuthology.orchestra.run.smithi007.stdout:/usr/bin/ceph: stderr
2024-03-16T08:52:41.913+0000 7f5758b3e700 1 -- 172.21.15.7:0/1621538847 shutdown_connections
2024-03-16T08:52:42.619 INFO:teuthology.orchestra.run.smithi007.stdout:/usr/bin/ceph: stderr
2024-03-16T08:52:41.913+0000 7f5758b3e700 1 -- 172.21.15.7:0/1621538847 wait complete.
2024-03-16T08:52:42.619 INFO:teuthology.orchestra.run.smithi007.stdout:/usr/bin/ceph: stderr
2024-03-16T08:52:41.913+0000 7f5758b3e700 1 Processor -- start
2024-03-16T08:52:42.619 INFO:teuthology.orchestra.run.smithi007.stdout:/usr/bin/ceph: stderr
2024-03-16T08:52:41.913+0000 7f5758b3e700 1 -- start start
2024-03-16T08:52:42.620 INFO:teuthology.orchestra.run.smithi007.stdout:/usr/bin/ceph: stderr
2024-03-16T08:52:41.913+0000 7f5758b3e700 1 --2- >> [v2:172.21.15.7:3300/0,v1:172.21.15.7:6789/0] conn(0x7f57541026b0 0x7f57541115a0 unknown :-1 s=NONE pgs=0 cs=0 l=1 rev1=0 crypto rx=0 tx=0 comp rx=0 tx=0).connect
2024-03-16T08:52:42.620 INFO:teuthology.orchestra.run.smithi007.stdout:/usr/bin/ceph: stderr
2024-03-16T08:52:41.913+0000 7f5758b3e700 1 -- --> [v2:172.21.15.7:3300/0,v1:172.21.15.7:6789/0] -- mon_getmap magic: 0 v1 -- 0x7f5754111ae0 con 0x7f57541026b0
2024-03-16T08:52:42.620 INFO:teuthology.orchestra.run.smithi007.stdout:/usr/bin/ceph: stderr
2024-03-16T08:52:41.913+0000 7f575259c700 1 --2- >> [v2:172.21.15.7:3300/0,v1:172.21.15.7:6789/0] conn(0x7f57541026b0 0x7f57541115a0 unknown :-1 s=BANNER_CONNECTING pgs=0 cs=0 l=1 rev1=0 crypto rx=0 tx=0 comp rx=0 tx=0)._handle_peer_banner_payload supported=3 required=0
2024-03-16T08:52:42.620 INFO:teuthology.orchestra.run.smithi007.stdout:/usr/bin/ceph: stderr
2024-03-16T08:52:41.913+0000 7f575259c700 1 --2- >> [v2:172.21.15.7:3300/0,v1:172.21.15.7:6789/0] conn(0x7f57541026b0 0x7f57541115a0 unknown :-1 s=HELLO_CONNECTING pgs=0 cs=0 l=1 rev1=1 crypto rx=0 tx=0 comp rx=0 tx=0).handle_hello peer v2:172.21.15.7:3300/0 says I am v2:172.21.15.7:60168/0 (socket says 172.21.15.7:60168)
2024-03-16T08:52:42.620 INFO:teuthology.orchestra.run.smithi007.stdout:/usr/bin/ceph: stderr
2024-03-16T08:52:41.913+0000 7f575259c700 1 -- 172.21.15.7:0/870945830 learned_addr learned my addr 172.21.15.7:0/870945830 (peer_addr_for_me v2:172.21.15.7:0/0)
2024-03-16T08:52:42.620 INFO:teuthology.orchestra.run.smithi007.stdout:/usr/bin/ceph: stderr
2024-03-16T08:52:41.914+0000 7f575259c700 1 -- 172.21.15.7:0/870945830 --> [v2:172.21.15.7:3300/0,v1:172.21.15.7:6789/0] -- mon_subscribe({config=0+,monmap=0+}) v3 -- 0x7f57440094f0 con 0x7f57541026b0
2024-03-16T08:52:42.620 INFO:teuthology.orchestra.run.smithi007.stdout:/usr/bin/ceph: stderr
2024-03-16T08:52:41.914+0000 7f575259c700 1 --2- 172.21.15.7:0/870945830 >> [v2:172.21.15.7:3300/0,v1:172.21.15.7:6789/0] conn(0x7f57541026b0 0x7f57541115a0 secure :-1 s=READY pgs=83 cs=0 l=1 rev1=1 crypto rx=0x7f5744011680 tx=0x7f5744009250 comp rx=0 tx=0).ready entity=mon.0 client_cookie=0 server_cookie=0 in_seq=0 out_seq=0
2024-03-16T08:52:42.620 INFO:teuthology.orchestra.run.smithi007.stdout:/usr/bin/ceph: stderr
2024-03-16T08:52:41.914+0000 7f5742ffd700 1 -- 172.21.15.7:0/870945830 <== mon.0 v2:172.21.15.7:3300/0 1 ==== mon_map magic: 0 v1 ==== 229+0+0 (secure 0 0 0) 0x7f5744010890 con 0x7f57541026b0
2024-03-16T08:52:42.620 INFO:teuthology.orchestra.run.smithi007.stdout:/usr/bin/ceph: stderr
2024-03-16T08:52:41.914+0000 7f5742ffd700 1 -- 172.21.15.7:0/870945830 <== mon.0 v2:172.21.15.7:3300/0 2 ==== config(27 keys) v1 ==== 1109+0+0 (secure 0 0 0) 0x7f5744010ec0 con 0x7f57541026b0
2024-03-16T08:52:42.620 INFO:teuthology.orchestra.run.smithi007.stdout:/usr/bin/ceph: stderr
2024-03-16T08:52:41.914+0000 7f5758b3e700 1 -- 172.21.15.7:0/870945830 --> [v2:172.21.15.7:3300/0,v1:172.21.15.7:6789/0] -- mon_subscribe({mgrmap=0+}) v3 -- 0x7f5754111ce0 con 0x7f57541026b0
2024-03-16T08:52:42.620 INFO:teuthology.orchestra.run.smithi007.stdout:/usr/bin/ceph: stderr
2024-03-16T08:52:41.914+0000 7f5742ffd700 1 -- 172.21.15.7:0/870945830 <== mon.0 v2:172.21.15.7:3300/0 3 ==== mon_map magic: 0 v1 ==== 229+0+0 (secure 0 0 0) 0x7f57440243f0 con 0x7f57541026b0
2024-03-16T08:52:42.620 INFO:teuthology.orchestra.run.smithi007.stdout:/usr/bin/ceph: stderr
2024-03-16T08:52:41.914+0000 7f5758b3e700 1 -- 172.21.15.7:0/870945830 --> [v2:172.21.15.7:3300/0,v1:172.21.15.7:6789/0] -- mon_subscribe({osdmap=0}) v3 -- 0x7f5754112850 con 0x7f57541026b0
2024-03-16T08:52:42.620 INFO:teuthology.orchestra.run.smithi007.stdout:/usr/bin/ceph: stderr
2024-03-16T08:52:41.915+0000 7f5742ffd700 1 -- 172.21.15.7:0/870945830 <== mon.0 v2:172.21.15.7:3300/0 4 ==== mgrmap(e 12) v1 ==== 43381+0+0 (secure 0 0 0) 0x7f574402d3f0 con 0x7f57541026b0
2024-03-16T08:52:42.620 INFO:teuthology.orchestra.run.smithi007.stdout:/usr/bin/ceph: stderr
2024-03-16T08:52:41.915+0000 7f5758b3e700 1 -- 172.21.15.7:0/870945830 --> [v2:172.21.15.7:3300/0,v1:172.21.15.7:6789/0] -- mon_command({"prefix": "get_command_descriptions"} v 0) v1 -- 0x7f575405f5f0 con 0x7f57541026b0
2024-03-16T08:52:42.621 INFO:teuthology.orchestra.run.smithi007.stdout:/usr/bin/ceph: stderr
2024-03-16T08:52:41.915+0000 7f5742ffd700 1 --2- 172.21.15.7:0/870945830 >> [v2:172.21.15.7:6800/2343923853,v1:172.21.15.7:6801/2343923853] conn(0x7f573c0367e0 0x7f573c038c90 unknown :-1 s=NONE pgs=0 cs=0 l=1 rev1=0 crypto rx=0 tx=0 comp rx=0 tx=0).connect
2024-03-16T08:52:42.621 INFO:teuthology.orchestra.run.smithi007.stdout:/usr/bin/ceph: stderr
2024-03-16T08:52:41.915+0000 7f5742ffd700 1 -- 172.21.15.7:0/870945830 <== mon.0 v2:172.21.15.7:3300/0 5 ==== osd_map(3..3 src has 1..3) v4 ==== 1151+0+0 (secure 0 0 0) 0x7f574404a4f0 con 0x7f57541026b0
2024-03-16T08:52:42.621 INFO:teuthology.orchestra.run.smithi007.stdout:/usr/bin/ceph: stderr
2024-03-16T08:52:41.915+0000 7f5751d9b700 1 --2- 172.21.15.7:0/870945830 >> [v2:172.21.15.7:6800/2343923853,v1:172.21.15.7:6801/2343923853] conn(0x7f573c0367e0 0x7f573c038c90 unknown :-1 s=BANNER_CONNECTING pgs=0 cs=0 l=1 rev1=0 crypto rx=0 tx=0 comp rx=0 tx=0)._handle_peer_banner_payload supported=3 required=0
2024-03-16T08:52:42.621 INFO:teuthology.orchestra.run.smithi007.stdout:/usr/bin/ceph: stderr
2024-03-16T08:52:41.915+0000 7f5751d9b700 1 --2- 172.21.15.7:0/870945830 >> [v2:172.21.15.7:6800/2343923853,v1:172.21.15.7:6801/2343923853] conn(0x7f573c0367e0 0x7f573c038c90 secure :-1 s=READY pgs=9 cs=0 l=1 rev1=1 crypto rx=0x7f5748009990 tx=0x7f5748006e40 comp rx=0 tx=0).ready entity=mgr.14160 client_cookie=0 server_cookie=0 in_seq=0 out_seq=0
2024-03-16T08:52:42.621 INFO:teuthology.orchestra.run.smithi007.stdout:/usr/bin/ceph: stderr
2024-03-16T08:52:41.920+0000 7f5742ffd700 1 -- 172.21.15.7:0/870945830 <== mon.0 v2:172.21.15.7:3300/0 6 ==== mon_command_ack([{"prefix": "get_command_descriptions"}]=0 v0) v1 ==== 72+0+175445 (secure 0 0 0) 0x7f574402b8e0 con 0x7f57541026b0
2024-03-16T08:52:42.621 INFO:teuthology.orchestra.run.smithi007.stdout:/usr/bin/ceph: stderr
2024-03-16T08:52:42.110+0000 7f5758b3e700 1 -- 172.21.15.7:0/870945830 --> [v2:172.21.15.7:3300/0,v1:172.21.15.7:6789/0] -- mon_command({"prefix": "config get", "who": "mgr", "key": "mgr/dashboard/ssl_server_port"} v 0) v1 -- 0x7f575404bed0 con 0x7f57541026b0
2024-03-16T08:52:42.621 INFO:teuthology.orchestra.run.smithi007.stdout:/usr/bin/ceph: stderr
2024-03-16T08:52:42.111+0000 7f5742ffd700 1 -- 172.21.15.7:0/870945830 <== mon.0 v2:172.21.15.7:3300/0 7 ==== mon_command_ack([{"prefix": "config get", "who": "mgr", "key": "mgr/dashboard/ssl_server_port"}]=0 v8) v1 ==== 112+0+5 (secure 0 0 0) 0x7f574402c350 con 0x7f57541026b0
2024-03-16T08:52:42.621 INFO:teuthology.orchestra.run.smithi007.stdout:/usr/bin/ceph: stderr
2024-03-16T08:52:42.113+0000 7f5758b3e700 1 -- 172.21.15.7:0/870945830 >> [v2:172.21.15.7:6800/2343923853,v1:172.21.15.7:6801/2343923853] conn(0x7f573c0367e0 msgr2=0x7f573c038c90 secure :-1 s=STATE_CONNECTION_ESTABLISHED l=1).mark_down
2024-03-16T08:52:42.621 INFO:teuthology.orchestra.run.smithi007.stdout:/usr/bin/ceph: stderr
2024-03-16T08:52:42.113+0000 7f5758b3e700 1 --2- 172.21.15.7:0/870945830 >> [v2:172.21.15.7:6800/2343923853,v1:172.21.15.7:6801/2343923853] conn(0x7f573c0367e0 0x7f573c038c90 secure :-1 s=READY pgs=9 cs=0 l=1 rev1=1 crypto rx=0x7f5748009990 tx=0x7f5748006e40 comp rx=0 tx=0).stop
2024-03-16T08:52:42.621 INFO:teuthology.orchestra.run.smithi007.stdout:/usr/bin/ceph: stderr
2024-03-16T08:52:42.113+0000 7f5758b3e700 1 -- 172.21.15.7:0/870945830 >> [v2:172.21.15.7:3300/0,v1:172.21.15.7:6789/0] conn(0x7f57541026b0 msgr2=0x7f57541115a0 secure :-1 s=STATE_CONNECTION_ESTABLISHED l=1).mark_down
2024-03-16T08:52:42.621 INFO:teuthology.orchestra.run.smithi007.stdout:/usr/bin/ceph: stderr
2024-03-16T08:52:42.113+0000 7f5758b3e700 1 --2- 172.21.15.7:0/870945830 >> [v2:172.21.15.7:3300/0,v1:172.21.15.7:6789/0] conn(0x7f57541026b0 0x7f57541115a0 secure :-1 s=READY pgs=83 cs=0 l=1 rev1=1 crypto rx=0x7f5744011680 tx=0x7f5744009250 comp rx=0 tx=0).stop
2024-03-16T08:52:42.621 INFO:teuthology.orchestra.run.smithi007.stdout:/usr/bin/ceph: stderr
2024-03-16T08:52:42.113+0000 7f5758b3e700 1 -- 172.21.15.7:0/870945830 shutdown_connections
2024-03-16T08:52:42.621 INFO:teuthology.orchestra.run.smithi007.stdout:/usr/bin/ceph: stderr
2024-03-16T08:52:42.113+0000 7f5758b3e700 1 --2- 172.21.15.7:0/870945830 >> [v2:172.21.15.7:6800/2343923853,v1:172.21.15.7:6801/2343923853] conn(0x7f573c0367e0 0x7f573c038c90 unknown :-1 s=CLOSED pgs=9 cs=0 l=1 rev1=1 crypto rx=0 tx=0 comp rx=0 tx=0).stop
2024-03-16T08:52:42.621 INFO:teuthology.orchestra.run.smithi007.stdout:/usr/bin/ceph: stderr
2024-03-16T08:52:42.113+0000 7f5758b3e700 1 --2- 172.21.15.7:0/870945830 >> [v2:172.21.15.7:3300/0,v1:172.21.15.7:6789/0] conn(0x7f57541026b0 0x7f57541115a0 unknown :-1 s=CLOSED pgs=83 cs=0 l=1 rev1=1 crypto rx=0 tx=0 comp rx=0 tx=0).stop
2024-03-16T08:52:42.622 INFO:teuthology.orchestra.run.smithi007.stdout:/usr/bin/ceph: stderr
2024-03-16T08:52:42.113+0000 7f5758b3e700 1 -- 172.21.15.7:0/870945830 >> 172.21.15.7:0/870945830 conn(0x7f57540fde70 msgr2=0x7f57540fea10 unknown :-1 s=STATE_NONE l=0).mark_down
2024-03-16T08:52:42.622 INFO:teuthology.orchestra.run.smithi007.stdout:/usr/bin/ceph: stderr
2024-03-16T08:52:42.113+0000 7f5758b3e700 1 -- 172.21.15.7:0/870945830 shutdown_connections
2024-03-16T08:52:42.622 INFO:teuthology.orchestra.run.smithi007.stdout:/usr/bin/ceph: stderr
2024-03-16T08:52:42.113+0000 7f5758b3e700 1 -- 172.21.15.7:0/870945830 wait complete.
2024-03-16T08:52:42.625 INFO:teuthology.orchestra.run.smithi007.stdout:Non-zero exit code 1 from systemctl is-enabled firewalld.service
2024-03-16T08:52:42.626 INFO:teuthology.orchestra.run.smithi007.stdout:systemctl: stdout disabled
2024-03-16T08:52:42.632 INFO:teuthology.orchestra.run.smithi007.stdout:Non-zero exit code 3 from systemctl is-active firewalld.service
2024-03-16T08:52:42.632 INFO:teuthology.orchestra.run.smithi007.stdout:systemctl: stdout inactive
2024-03-16T08:52:42.633 INFO:teuthology.orchestra.run.smithi007.stdout:firewalld.service is not enabled
2024-03-16T08:52:42.633 INFO:teuthology.orchestra.run.smithi007.stdout:Not possible to open ports <[8443]>. firewalld.service is not available
2024-03-16T08:52:42.635 INFO:teuthology.orchestra.run.smithi007.stdout:Ceph Dashboard is now available at:
2024-03-16T08:52:42.635 INFO:teuthology.orchestra.run.smithi007.stdout:
2024-03-16T08:52:42.635 INFO:teuthology.orchestra.run.smithi007.stdout: URL: https://smithi007.front.sepia.ceph.com:8443/
2024-03-16T08:52:42.635 INFO:teuthology.orchestra.run.smithi007.stdout: User: admin
2024-03-16T08:52:42.635 INFO:teuthology.orchestra.run.smithi007.stdout: Password: 0n1aswdc37
2024-03-16T08:52:42.635 INFO:teuthology.orchestra.run.smithi007.stdout:
2024-03-16T08:52:42.635 INFO:teuthology.orchestra.run.smithi007.stdout:Saving cluster configuration to /var/lib/ceph/4c46b77e-e372-11ee-95c9-87774f69a715/config directory
2024-03-16T08:52:42.635 INFO:teuthology.orchestra.run.smithi007.stdout:Enabling autotune for osd_memory_target
2024-03-16T08:52:42.748 INFO:journalctl@ceph.mon.smithi007.smithi007.stdout:Mar 16 08:52:42 smithi007 ceph-mon[29470]: from='client.? 172.21.15.7:0/870945830' entity='client.admin' cmd=[{"prefix": "config get", "who": "mgr", "key": "mgr/dashboard/ssl_server_port"}]: dispatch
2024-03-16T08:52:43.774 INFO:teuthology.orchestra.run.smithi007.stdout:/usr/bin/ceph: stderr
2024-03-16T08:52:43.044+0000 7fc37487e700 1 Processor -- start
2024-03-16T08:52:43.774 INFO:teuthology.orchestra.run.smithi007.stdout:/usr/bin/ceph: stderr
2024-03-16T08:52:43.044+0000 7fc37487e700 1 -- start start
2024-03-16T08:52:43.774 INFO:teuthology.orchestra.run.smithi007.stdout:/usr/bin/ceph: stderr
2024-03-16T08:52:43.044+0000 7fc37487e700 1 --2- >> [v2:172.21.15.7:3300/0,v1:172.21.15.7:6789/0] conn(0x7fc370100e00 0x7fc370101210 unknown :-1 s=NONE pgs=0 cs=0 l=0 rev1=0 crypto rx=0 tx=0 comp rx=0 tx=0).connect
2024-03-16T08:52:43.774 INFO:teuthology.orchestra.run.smithi007.stdout:/usr/bin/ceph: stderr
2024-03-16T08:52:43.044+0000 7fc37487e700 1 -- --> [v2:172.21.15.7:3300/0,v1:172.21.15.7:6789/0] -- mon_getmap magic: 0 v1 -- 0x7fc370101750 con 0x7fc370100e00
2024-03-16T08:52:43.774 INFO:teuthology.orchestra.run.smithi007.stdout:/usr/bin/ceph: stderr
2024-03-16T08:52:43.044+0000 7fc36e59c700 1 --2- >> [v2:172.21.15.7:3300/0,v1:172.21.15.7:6789/0] conn(0x7fc370100e00 0x7fc370101210 unknown :-1 s=BANNER_CONNECTING pgs=0 cs=0 l=0 rev1=0 crypto rx=0 tx=0 comp rx=0 tx=0)._handle_peer_banner_payload supported=3 required=0
2024-03-16T08:52:43.774 INFO:teuthology.orchestra.run.smithi007.stdout:/usr/bin/ceph: stderr
2024-03-16T08:52:43.044+0000 7fc36e59c700 1 --2- >> [v2:172.21.15.7:3300/0,v1:172.21.15.7:6789/0] conn(0x7fc370100e00 0x7fc370101210 unknown :-1 s=HELLO_CONNECTING pgs=0 cs=0 l=0 rev1=1 crypto rx=0 tx=0 comp rx=0 tx=0).handle_hello peer v2:172.21.15.7:3300/0 says I am v2:172.21.15.7:49062/0 (socket says 172.21.15.7:49062)
2024-03-16T08:52:43.775 INFO:teuthology.orchestra.run.smithi007.stdout:/usr/bin/ceph: stderr
2024-03-16T08:52:43.044+0000 7fc36e59c700 1 -- 172.21.15.7:0/2239031368 learned_addr learned my addr 172.21.15.7:0/2239031368 (peer_addr_for_me v2:172.21.15.7:0/0)
2024-03-16T08:52:43.775 INFO:teuthology.orchestra.run.smithi007.stdout:/usr/bin/ceph: stderr
2024-03-16T08:52:43.044+0000 7fc36e59c700 1 -- 172.21.15.7:0/2239031368 --> [v2:172.21.15.7:3300/0,v1:172.21.15.7:6789/0] -- mon_subscribe({config=0+,monmap=0+}) v3 -- 0x7fc370101890 con 0x7fc370100e00
2024-03-16T08:52:43.775 INFO:teuthology.orchestra.run.smithi007.stdout:/usr/bin/ceph: stderr
2024-03-16T08:52:43.045+0000 7fc36e59c700 1 --2- 172.21.15.7:0/2239031368 >> [v2:172.21.15.7:3300/0,v1:172.21.15.7:6789/0] conn(0x7fc370100e00 0x7fc370101210 secure :-1 s=READY pgs=84 cs=0 l=1 rev1=1 crypto rx=0x7fc36000bb70 tx=0x7fc36000b4e0 comp rx=0 tx=0).ready entity=mon.0 client_cookie=5de3586079f2544c server_cookie=0 in_seq=0 out_seq=0
2024-03-16T08:52:43.775 INFO:teuthology.orchestra.run.smithi007.stdout:/usr/bin/ceph: stderr
2024-03-16T08:52:43.045+0000 7fc36d59a700 1 -- 172.21.15.7:0/2239031368 <== mon.0 v2:172.21.15.7:3300/0 1 ==== mon_map magic: 0 v1 ==== 229+0+0 (secure 0 0 0) 0x7fc36000dbf0 con 0x7fc370100e00
2024-03-16T08:52:43.775 INFO:teuthology.orchestra.run.smithi007.stdout:/usr/bin/ceph: stderr
2024-03-16T08:52:43.045+0000 7fc36d59a700 1 -- 172.21.15.7:0/2239031368 <== mon.0 v2:172.21.15.7:3300/0 2 ==== config(27 keys) v1 ==== 1109+0+0 (secure 0 0 0) 0x7fc36000dd50 con 0x7fc370100e00
2024-03-16T08:52:43.775 INFO:teuthology.orchestra.run.smithi007.stdout:/usr/bin/ceph: stderr
2024-03-16T08:52:43.045+0000 7fc36d59a700 1 -- 172.21.15.7:0/2239031368 <== mon.0 v2:172.21.15.7:3300/0 3 ==== mon_map magic: 0 v1 ==== 229+0+0 (secure 0 0 0) 0x7fc360015730 con 0x7fc370100e00
2024-03-16T08:52:43.775 INFO:teuthology.orchestra.run.smithi007.stdout:/usr/bin/ceph: stderr
2024-03-16T08:52:43.045+0000 7fc37487e700 1 -- 172.21.15.7:0/2239031368 >> [v2:172.21.15.7:3300/0,v1:172.21.15.7:6789/0] conn(0x7fc370100e00 msgr2=0x7fc370101210 secure :-1 s=STATE_CONNECTION_ESTABLISHED l=1).mark_down
2024-03-16T08:52:43.775 INFO:teuthology.orchestra.run.smithi007.stdout:/usr/bin/ceph: stderr
2024-03-16T08:52:43.045+0000 7fc37487e700 1 --2- 172.21.15.7:0/2239031368 >> [v2:172.21.15.7:3300/0,v1:172.21.15.7:6789/0] conn(0x7fc370100e00 0x7fc370101210 secure :-1 s=READY pgs=84 cs=0 l=1 rev1=1 crypto rx=0x7fc36000bb70 tx=0x7fc36000b4e0 comp rx=0 tx=0).stop
2024-03-16T08:52:43.775 INFO:teuthology.orchestra.run.smithi007.stdout:/usr/bin/ceph: stderr
2024-03-16T08:52:43.045+0000 7fc37487e700 1 -- 172.21.15.7:0/2239031368 shutdown_connections
2024-03-16T08:52:43.775 INFO:teuthology.orchestra.run.smithi007.stdout:/usr/bin/ceph: stderr
2024-03-16T08:52:43.045+0000 7fc37487e700 1 --2- 172.21.15.7:0/2239031368 >> [v2:172.21.15.7:3300/0,v1:172.21.15.7:6789/0] conn(0x7fc370100e00 0x7fc370101210 unknown :-1 s=CLOSED pgs=84 cs=0 l=1 rev1=1 crypto rx=0 tx=0 comp rx=0 tx=0).stop
2024-03-16T08:52:43.775 INFO:teuthology.orchestra.run.smithi007.stdout:/usr/bin/ceph: stderr
2024-03-16T08:52:43.045+0000 7fc37487e700 1 -- 172.21.15.7:0/2239031368 >> 172.21.15.7:0/2239031368 conn(0x7fc3700fc500 msgr2=0x7fc3700fe910 unknown :-1 s=STATE_NONE l=0).mark_down
2024-03-16T08:52:43.775 INFO:teuthology.orchestra.run.smithi007.stdout:/usr/bin/ceph: stderr
2024-03-16T08:52:43.046+0000 7fc37487e700 1 -- 172.21.15.7:0/2239031368 shutdown_connections
2024-03-16T08:52:43.775 INFO:teuthology.orchestra.run.smithi007.stdout:/usr/bin/ceph: stderr
2024-03-16T08:52:43.046+0000 7fc37487e700 1 -- 172.21.15.7:0/2239031368 wait complete.
2024-03-16T08:52:43.775 INFO:teuthology.orchestra.run.smithi007.stdout:/usr/bin/ceph: stderr
2024-03-16T08:52:43.046+0000 7fc37487e700 1 Processor -- start
2024-03-16T08:52:43.775 INFO:teuthology.orchestra.run.smithi007.stdout:/usr/bin/ceph: stderr
2024-03-16T08:52:43.046+0000 7fc37487e700 1 -- start start
2024-03-16T08:52:43.776 INFO:teuthology.orchestra.run.smithi007.stdout:/usr/bin/ceph: stderr
2024-03-16T08:52:43.046+0000 7fc37487e700 1 --2- >> [v2:172.21.15.7:3300/0,v1:172.21.15.7:6789/0] conn(0x7fc370100e00 0x7fc37010f400 unknown :-1 s=NONE pgs=0 cs=0 l=1 rev1=0 crypto rx=0 tx=0 comp rx=0 tx=0).connect
2024-03-16T08:52:43.776 INFO:teuthology.orchestra.run.smithi007.stdout:/usr/bin/ceph: stderr
2024-03-16T08:52:43.046+0000 7fc37487e700 1 -- --> [v2:172.21.15.7:3300/0,v1:172.21.15.7:6789/0] -- mon_getmap magic: 0 v1 -- 0x7fc37010f940 con 0x7fc370100e00
2024-03-16T08:52:43.776 INFO:teuthology.orchestra.run.smithi007.stdout:/usr/bin/ceph: stderr
2024-03-16T08:52:43.046+0000 7fc36e59c700 1 --2- >> [v2:172.21.15.7:3300/0,v1:172.21.15.7:6789/0] conn(0x7fc370100e00 0x7fc37010f400 unknown :-1 s=BANNER_CONNECTING pgs=0 cs=0 l=1 rev1=0 crypto rx=0 tx=0 comp rx=0 tx=0)._handle_peer_banner_payload supported=3 required=0
2024-03-16T08:52:43.776 INFO:teuthology.orchestra.run.smithi007.stdout:/usr/bin/ceph: stderr
2024-03-16T08:52:43.046+0000 7fc36e59c700 1 --2- >> [v2:172.21.15.7:3300/0,v1:172.21.15.7:6789/0] conn(0x7fc370100e00 0x7fc37010f400 unknown :-1 s=HELLO_CONNECTING pgs=0 cs=0 l=1 rev1=1 crypto rx=0 tx=0 comp rx=0 tx=0).handle_hello peer v2:172.21.15.7:3300/0 says I am v2:172.21.15.7:49068/0 (socket says 172.21.15.7:49068)
2024-03-16T08:52:43.776 INFO:teuthology.orchestra.run.smithi007.stdout:/usr/bin/ceph: stderr
2024-03-16T08:52:43.046+0000 7fc36e59c700 1 -- 172.21.15.7:0/1479174029 learned_addr learned my addr 172.21.15.7:0/1479174029 (peer_addr_for_me v2:172.21.15.7:0/0)
2024-03-16T08:52:43.776 INFO:teuthology.orchestra.run.smithi007.stdout:/usr/bin/ceph: stderr
2024-03-16T08:52:43.047+0000 7fc36e59c700 1 -- 172.21.15.7:0/1479174029 --> [v2:172.21.15.7:3300/0,v1:172.21.15.7:6789/0] -- mon_subscribe({config=0+,monmap=0+}) v3 -- 0x7fc36000b780 con 0x7fc370100e00
2024-03-16T08:52:43.776 INFO:teuthology.orchestra.run.smithi007.stdout:/usr/bin/ceph: stderr
2024-03-16T08:52:43.047+0000 7fc36e59c700 1 --2- 172.21.15.7:0/1479174029 >> [v2:172.21.15.7:3300/0,v1:172.21.15.7:6789/0] conn(0x7fc370100e00 0x7fc37010f400 secure :-1 s=READY pgs=85 cs=0 l=1 rev1=1 crypto rx=0x7fc360000c00 tx=0x7fc36000b4e0 comp rx=0 tx=0).ready entity=mon.0 client_cookie=0 server_cookie=0 in_seq=0 out_seq=0
2024-03-16T08:52:43.776 INFO:teuthology.orchestra.run.smithi007.stdout:/usr/bin/ceph: stderr
2024-03-16T08:52:43.047+0000 7fc35effd700 1 -- 172.21.15.7:0/1479174029 <== mon.0 v2:172.21.15.7:3300/0 1 ==== mon_map magic: 0 v1 ==== 229+0+0 (secure 0 0 0) 0x7fc360016730 con 0x7fc370100e00
2024-03-16T08:52:43.776 INFO:teuthology.orchestra.run.smithi007.stdout:/usr/bin/ceph: stderr
2024-03-16T08:52:43.047+0000 7fc35effd700 1 -- 172.21.15.7:0/1479174029 <== mon.0 v2:172.21.15.7:3300/0 2 ==== config(27 keys) v1 ==== 1109+0+0 (secure 0 0 0) 0x7fc360021440 con 0x7fc370100e00
2024-03-16T08:52:43.776 INFO:teuthology.orchestra.run.smithi007.stdout:/usr/bin/ceph: stderr
2024-03-16T08:52:43.047+0000 7fc37487e700 1 -- 172.21.15.7:0/1479174029 --> [v2:172.21.15.7:3300/0,v1:172.21.15.7:6789/0] -- mon_subscribe({mgrmap=0+}) v3 -- 0x7fc37010fb40 con 0x7fc370100e00
2024-03-16T08:52:43.776 INFO:teuthology.orchestra.run.smithi007.stdout:/usr/bin/ceph: stderr
2024-03-16T08:52:43.047+0000 7fc35effd700 1 -- 172.21.15.7:0/1479174029 <== mon.0 v2:172.21.15.7:3300/0 3 ==== mon_map magic: 0 v1 ==== 229+0+0 (secure 0 0 0) 0x7fc3600175e0 con 0x7fc370100e00
2024-03-16T08:52:43.776 INFO:teuthology.orchestra.run.smithi007.stdout:/usr/bin/ceph: stderr
2024-03-16T08:52:43.047+0000 7fc37487e700 1 -- 172.21.15.7:0/1479174029 --> [v2:172.21.15.7:3300/0,v1:172.21.15.7:6789/0] -- mon_subscribe({osdmap=0}) v3 -- 0x7fc3701106b0 con 0x7fc370100e00
2024-03-16T08:52:43.776 INFO:teuthology.orchestra.run.smithi007.stdout:/usr/bin/ceph: stderr
2024-03-16T08:52:43.048+0000 7fc35effd700 1 -- 172.21.15.7:0/1479174029 <== mon.0 v2:172.21.15.7:3300/0 4 ==== mgrmap(e 13) v1 ==== 43423+0+0 (secure 0 0 0) 0x7fc36001f050 con 0x7fc370100e00
2024-03-16T08:52:43.776 INFO:teuthology.orchestra.run.smithi007.stdout:/usr/bin/ceph: stderr
2024-03-16T08:52:43.048+0000 7fc37487e700 1 -- 172.21.15.7:0/1479174029 --> [v2:172.21.15.7:3300/0,v1:172.21.15.7:6789/0] -- mon_command({"prefix": "get_command_descriptions"} v 0) v1 -- 0x7fc37005f5f0 con 0x7fc370100e00
2024-03-16T08:52:43.776 INFO:teuthology.orchestra.run.smithi007.stdout:/usr/bin/ceph: stderr
2024-03-16T08:52:43.048+0000 7fc35effd700 1 --2- 172.21.15.7:0/1479174029 >> [v2:172.21.15.7:6800/2343923853,v1:172.21.15.7:6801/2343923853] conn(0x7fc358036880 0x7fc358038d30 unknown :-1 s=NONE pgs=0 cs=0 l=1 rev1=0 crypto rx=0 tx=0 comp rx=0 tx=0).connect
2024-03-16T08:52:43.776 INFO:teuthology.orchestra.run.smithi007.stdout:/usr/bin/ceph: stderr
2024-03-16T08:52:43.048+0000 7fc35effd700 1 -- 172.21.15.7:0/1479174029 <== mon.0 v2:172.21.15.7:3300/0 5 ==== osd_map(3..3 src has 1..3) v4 ==== 1151+0+0 (secure 0 0 0) 0x7fc36004c730 con 0x7fc370100e00
2024-03-16T08:52:43.777 INFO:teuthology.orchestra.run.smithi007.stdout:/usr/bin/ceph: stderr
2024-03-16T08:52:43.048+0000 7fc36dd9b700 1 --2- 172.21.15.7:0/1479174029 >> [v2:172.21.15.7:6800/2343923853,v1:172.21.15.7:6801/2343923853] conn(0x7fc358036880 0x7fc358038d30 unknown :-1 s=BANNER_CONNECTING pgs=0 cs=0 l=1 rev1=0 crypto rx=0 tx=0 comp rx=0 tx=0)._handle_peer_banner_payload supported=3 required=0
2024-03-16T08:52:43.777 INFO:teuthology.orchestra.run.smithi007.stdout:/usr/bin/ceph: stderr
2024-03-16T08:52:43.048+0000 7fc36dd9b700 1 --2- 172.21.15.7:0/1479174029 >> [v2:172.21.15.7:6800/2343923853,v1:172.21.15.7:6801/2343923853] conn(0x7fc358036880 0x7fc358038d30 secure :-1 s=READY pgs=10 cs=0 l=1 rev1=1 crypto rx=0x7fc364009990 tx=0x7fc364006e40 comp rx=0 tx=0).ready entity=mgr.14160 client_cookie=0 server_cookie=0 in_seq=0 out_seq=0
2024-03-16T08:52:43.777 INFO:teuthology.orchestra.run.smithi007.stdout:/usr/bin/ceph: stderr
2024-03-16T08:52:43.053+0000 7fc35effd700 1 -- 172.21.15.7:0/1479174029 <== mon.0 v2:172.21.15.7:3300/0 6 ==== mon_command_ack([{"prefix": "get_command_descriptions"}]=0 v0) v1 ==== 72+0+175445 (secure 0 0 0) 0x7fc3600215b0 con 0x7fc370100e00
2024-03-16T08:52:43.777 INFO:teuthology.orchestra.run.smithi007.stdout:/usr/bin/ceph: stderr
2024-03-16T08:52:43.242+0000 7fc37487e700 1 -- 172.21.15.7:0/1479174029 --> [v2:172.21.15.7:3300/0,v1:172.21.15.7:6789/0] -- mon_command([{prefix=config set, name=osd_memory_target_autotune}] v 0) v1 -- 0x7fc37005f5f0 con 0x7fc370100e00
2024-03-16T08:52:43.777 INFO:teuthology.orchestra.run.smithi007.stdout:/usr/bin/ceph: stderr
2024-03-16T08:52:43.243+0000 7fc35effd700 1 -- 172.21.15.7:0/1479174029 <== mon.0 v2:172.21.15.7:3300/0 7 ==== mon_command_ack([{prefix=config set, name=osd_memory_target_autotune}]=0 v8)=0 v8) v1 ==== 127+0+0 (secure 0 0 0) 0x7fc360014ed0 con 0x7fc370100e00
2024-03-16T08:52:43.777 INFO:teuthology.orchestra.run.smithi007.stdout:/usr/bin/ceph: stderr
2024-03-16T08:52:43.245+0000 7fc37487e700 1 -- 172.21.15.7:0/1479174029 >> [v2:172.21.15.7:6800/2343923853,v1:172.21.15.7:6801/2343923853] conn(0x7fc358036880 msgr2=0x7fc358038d30 secure :-1 s=STATE_CONNECTION_ESTABLISHED l=1).mark_down
2024-03-16T08:52:43.777 INFO:teuthology.orchestra.run.smithi007.stdout:/usr/bin/ceph: stderr
2024-03-16T08:52:43.245+0000 7fc37487e700 1 --2- 172.21.15.7:0/1479174029 >> [v2:172.21.15.7:6800/2343923853,v1:172.21.15.7:6801/2343923853] conn(0x7fc358036880 0x7fc358038d30 secure :-1 s=READY pgs=10 cs=0 l=1 rev1=1 crypto rx=0x7fc364009990 tx=0x7fc364006e40 comp rx=0 tx=0).stop
2024-03-16T08:52:43.777 INFO:teuthology.orchestra.run.smithi007.stdout:/usr/bin/ceph: stderr
2024-03-16T08:52:43.245+0000 7fc37487e700 1 -- 172.21.15.7:0/1479174029 >> [v2:172.21.15.7:3300/0,v1:172.21.15.7:6789/0] conn(0x7fc370100e00 msgr2=0x7fc37010f400 secure :-1 s=STATE_CONNECTION_ESTABLISHED l=1).mark_down
2024-03-16T08:52:43.777 INFO:teuthology.orchestra.run.smithi007.stdout:/usr/bin/ceph: stderr
2024-03-16T08:52:43.245+0000 7fc37487e700 1 --2- 172.21.15.7:0/1479174029 >> [v2:172.21.15.7:3300/0,v1:172.21.15.7:6789/0] conn(0x7fc370100e00 0x7fc37010f400 secure :-1 s=READY pgs=85 cs=0 l=1 rev1=1 crypto rx=0x7fc360000c00 tx=0x7fc36000b4e0 comp rx=0 tx=0).stop
2024-03-16T08:52:43.777 INFO:teuthology.orchestra.run.smithi007.stdout:/usr/bin/ceph: stderr
2024-03-16T08:52:43.245+0000 7fc37487e700 1 -- 172.21.15.7:0/1479174029 shutdown_connections
2024-03-16T08:52:43.777 INFO:teuthology.orchestra.run.smithi007.stdout:/usr/bin/ceph: stderr
2024-03-16T08:52:43.245+0000 7fc37487e700 1 --2- 172.21.15.7:0/1479174029 >> [v2:172.21.15.7:6800/2343923853,v1:172.21.15.7:6801/2343923853] conn(0x7fc358036880 0x7fc358038d30 unknown :-1 s=CLOSED pgs=10 cs=0 l=1 rev1=1 crypto rx=0 tx=0 comp rx=0 tx=0).stop
2024-03-16T08:52:43.777 INFO:teuthology.orchestra.run.smithi007.stdout:/usr/bin/ceph: stderr
2024-03-16T08:52:43.245+0000 7fc37487e700 1 --2- 172.21.15.7:0/1479174029 >> [v2:172.21.15.7:3300/0,v1:172.21.15.7:6789/0] conn(0x7fc370100e00 0x7fc37010f400 unknown :-1 s=CLOSED pgs=85 cs=0 l=1 rev1=1 crypto rx=0 tx=0 comp rx=0 tx=0).stop
2024-03-16T08:52:43.777 INFO:teuthology.orchestra.run.smithi007.stdout:/usr/bin/ceph: stderr
2024-03-16T08:52:43.245+0000 7fc37487e700 1 -- 172.21.15.7:0/1479174029 >> 172.21.15.7:0/1479174029 conn(0x7fc3700fc500 msgr2=0x7fc370106280 unknown :-1 s=STATE_NONE l=0).mark_down
2024-03-16T08:52:43.778 INFO:teuthology.orchestra.run.smithi007.stdout:/usr/bin/ceph: stderr
2024-03-16T08:52:43.245+0000 7fc37487e700 1 -- 172.21.15.7:0/1479174029 shutdown_connections
2024-03-16T08:52:43.778 INFO:teuthology.orchestra.run.smithi007.stdout:/usr/bin/ceph: stderr
2024-03-16T08:52:43.245+0000 7fc37487e700 1 -- 172.21.15.7:0/1479174029 wait complete.
2024-03-16T08:52:43.894 INFO:journalctl@ceph.mon.smithi007.smithi007.stdout:Mar 16 08:52:43 smithi007 ceph-mon[29470]: mgrmap e13: smithi007.uamwtp(active, since 6s)
2024-03-16T08:52:45.290 INFO:teuthology.orchestra.run.smithi007.stdout:/usr/bin/ceph: stderr
2024-03-16T08:52:44.263+0000 7f74b287e700 1 Processor -- start
2024-03-16T08:52:45.290 INFO:teuthology.orchestra.run.smithi007.stdout:/usr/bin/ceph: stderr
2024-03-16T08:52:44.263+0000 7f74b287e700 1 -- start start
2024-03-16T08:52:45.290 INFO:teuthology.orchestra.run.smithi007.stdout:/usr/bin/ceph: stderr
2024-03-16T08:52:44.263+0000 7f74b287e700 1 --2- >> [v2:172.21.15.7:3300/0,v1:172.21.15.7:6789/0] conn(0x7f74ac102770 0x7f74ac102b80 unknown :-1 s=NONE pgs=0 cs=0 l=0 rev1=0 crypto rx=0 tx=0 comp rx=0 tx=0).connect
2024-03-16T08:52:45.290 INFO:teuthology.orchestra.run.smithi007.stdout:/usr/bin/ceph: stderr
2024-03-16T08:52:44.263+0000 7f74b287e700 1 -- --> [v2:172.21.15.7:3300/0,v1:172.21.15.7:6789/0] -- mon_getmap magic: 0 v1 -- 0x7f74ac1030c0 con 0x7f74ac102770
2024-03-16T08:52:45.290 INFO:teuthology.orchestra.run.smithi007.stdout:/usr/bin/ceph: stderr
2024-03-16T08:52:44.263+0000 7f74abfff700 1 --2- >> [v2:172.21.15.7:3300/0,v1:172.21.15.7:6789/0] conn(0x7f74ac102770 0x7f74ac102b80 unknown :-1 s=BANNER_CONNECTING pgs=0 cs=0 l=0 rev1=0 crypto rx=0 tx=0 comp rx=0 tx=0)._handle_peer_banner_payload supported=3 required=0
2024-03-16T08:52:45.290 INFO:teuthology.orchestra.run.smithi007.stdout:/usr/bin/ceph: stderr
2024-03-16T08:52:44.263+0000 7f74abfff700 1 --2- >> [v2:172.21.15.7:3300/0,v1:172.21.15.7:6789/0] conn(0x7f74ac102770 0x7f74ac102b80 unknown :-1 s=HELLO_CONNECTING pgs=0 cs=0 l=0 rev1=1 crypto rx=0 tx=0 comp rx=0 tx=0).handle_hello peer v2:172.21.15.7:3300/0 says I am v2:172.21.15.7:49082/0 (socket says 172.21.15.7:49082)
2024-03-16T08:52:45.290 INFO:teuthology.orchestra.run.smithi007.stdout:/usr/bin/ceph: stderr
2024-03-16T08:52:44.263+0000 7f74abfff700 1 -- 172.21.15.7:0/523779013 learned_addr learned my addr 172.21.15.7:0/523779013 (peer_addr_for_me v2:172.21.15.7:0/0)
2024-03-16T08:52:45.290 INFO:teuthology.orchestra.run.smithi007.stdout:/usr/bin/ceph: stderr
2024-03-16T08:52:44.264+0000 7f74abfff700 1 -- 172.21.15.7:0/523779013 --> [v2:172.21.15.7:3300/0,v1:172.21.15.7:6789/0] -- mon_subscribe({config=0+,monmap=0+}) v3 -- 0x7f74ac103200 con 0x7f74ac102770
2024-03-16T08:52:45.290 INFO:teuthology.orchestra.run.smithi007.stdout:/usr/bin/ceph: stderr
2024-03-16T08:52:44.264+0000 7f74abfff700 1 --2- 172.21.15.7:0/523779013 >> [v2:172.21.15.7:3300/0,v1:172.21.15.7:6789/0] conn(0x7f74ac102770 0x7f74ac102b80 secure :-1 s=READY pgs=86 cs=0 l=1 rev1=1 crypto rx=0x7f749c0098e0 tx=0x7f749c009250 comp rx=0 tx=0).ready entity=mon.0 client_cookie=99f4478301371e54 server_cookie=0 in_seq=0 out_seq=0
2024-03-16T08:52:45.291 INFO:teuthology.orchestra.run.smithi007.stdout:/usr/bin/ceph: stderr
2024-03-16T08:52:44.264+0000 7f74aaffd700 1 -- 172.21.15.7:0/523779013 <== mon.0 v2:172.21.15.7:3300/0 1 ==== mon_map magic: 0 v1 ==== 229+0+0 (secure 0 0 0) 0x7f749c00b860 con 0x7f74ac102770
2024-03-16T08:52:45.291 INFO:teuthology.orchestra.run.smithi007.stdout:/usr/bin/ceph: stderr
2024-03-16T08:52:44.264+0000 7f74aaffd700 1 -- 172.21.15.7:0/523779013 <== mon.0 v2:172.21.15.7:3300/0 2 ==== config(27 keys) v1 ==== 1109+0+0 (secure 0 0 0) 0x7f749c00be90 con 0x7f74ac102770
2024-03-16T08:52:45.291 INFO:teuthology.orchestra.run.smithi007.stdout:/usr/bin/ceph: stderr
2024-03-16T08:52:44.264+0000 7f74aaffd700 1 -- 172.21.15.7:0/523779013 <== mon.0 v2:172.21.15.7:3300/0 3 ==== mon_map magic: 0 v1 ==== 229+0+0 (secure 0 0 0) 0x7f749c0103c0 con 0x7f74ac102770
2024-03-16T08:52:45.291 INFO:teuthology.orchestra.run.smithi007.stdout:/usr/bin/ceph: stderr
2024-03-16T08:52:44.265+0000 7f74b287e700 1 -- 172.21.15.7:0/523779013 >> [v2:172.21.15.7:3300/0,v1:172.21.15.7:6789/0] conn(0x7f74ac102770 msgr2=0x7f74ac102b80 secure :-1 s=STATE_CONNECTION_ESTABLISHED l=1).mark_down
2024-03-16T08:52:45.291 INFO:teuthology.orchestra.run.smithi007.stdout:/usr/bin/ceph: stderr
2024-03-16T08:52:44.265+0000 7f74b287e700 1 --2- 172.21.15.7:0/523779013 >> [v2:172.21.15.7:3300/0,v1:172.21.15.7:6789/0] conn(0x7f74ac102770 0x7f74ac102b80 secure :-1 s=READY pgs=86 cs=0 l=1 rev1=1 crypto rx=0x7f749c0098e0 tx=0x7f749c009250 comp rx=0 tx=0).stop
2024-03-16T08:52:45.291 INFO:teuthology.orchestra.run.smithi007.stdout:/usr/bin/ceph: stderr
2024-03-16T08:52:44.265+0000 7f74b287e700 1 -- 172.21.15.7:0/523779013 shutdown_connections
2024-03-16T08:52:45.291 INFO:teuthology.orchestra.run.smithi007.stdout:/usr/bin/ceph: stderr
2024-03-16T08:52:44.265+0000 7f74b287e700 1 --2- 172.21.15.7:0/523779013 >> [v2:172.21.15.7:3300/0,v1:172.21.15.7:6789/0] conn(0x7f74ac102770 0x7f74ac102b80 unknown :-1 s=CLOSED pgs=86 cs=0 l=1 rev1=1 crypto rx=0 tx=0 comp rx=0 tx=0).stop
2024-03-16T08:52:45.291 INFO:teuthology.orchestra.run.smithi007.stdout:/usr/bin/ceph: stderr
2024-03-16T08:52:44.265+0000 7f74b287e700 1 -- 172.21.15.7:0/523779013 >> 172.21.15.7:0/523779013 conn(0x7f74ac0fde90 msgr2=0x7f74ac100300 unknown :-1 s=STATE_NONE l=0).mark_down
2024-03-16T08:52:45.291 INFO:teuthology.orchestra.run.smithi007.stdout:/usr/bin/ceph: stderr
2024-03-16T08:52:44.265+0000 7f74b287e700 1 -- 172.21.15.7:0/523779013 shutdown_connections
2024-03-16T08:52:45.291 INFO:teuthology.orchestra.run.smithi007.stdout:/usr/bin/ceph: stderr
2024-03-16T08:52:44.265+0000 7f74b287e700 1 -- 172.21.15.7:0/523779013 wait complete.
2024-03-16T08:52:45.291 INFO:teuthology.orchestra.run.smithi007.stdout:/usr/bin/ceph: stderr
2024-03-16T08:52:44.265+0000 7f74b287e700 1 Processor -- start
2024-03-16T08:52:45.291 INFO:teuthology.orchestra.run.smithi007.stdout:/usr/bin/ceph: stderr
2024-03-16T08:52:44.265+0000 7f74b287e700 1 -- start start
2024-03-16T08:52:45.291 INFO:teuthology.orchestra.run.smithi007.stdout:/usr/bin/ceph: stderr
2024-03-16T08:52:44.266+0000 7f74b287e700 1 --2- >> [v2:172.21.15.7:3300/0,v1:172.21.15.7:6789/0] conn(0x7f74ac102770 0x7f74ac1115d0 unknown :-1 s=NONE pgs=0 cs=0 l=1 rev1=0 crypto rx=0 tx=0 comp rx=0 tx=0).connect
2024-03-16T08:52:45.291 INFO:teuthology.orchestra.run.smithi007.stdout:/usr/bin/ceph: stderr
2024-03-16T08:52:44.266+0000 7f74b287e700 1 -- --> [v2:172.21.15.7:3300/0,v1:172.21.15.7:6789/0] -- mon_getmap magic: 0 v1 -- 0x7f74ac111b10 con 0x7f74ac102770
2024-03-16T08:52:45.291 INFO:teuthology.orchestra.run.smithi007.stdout:/usr/bin/ceph: stderr
2024-03-16T08:52:44.266+0000 7f74abfff700 1 --2- >> [v2:172.21.15.7:3300/0,v1:172.21.15.7:6789/0] conn(0x7f74ac102770 0x7f74ac1115d0 unknown :-1 s=BANNER_CONNECTING pgs=0 cs=0 l=1 rev1=0 crypto rx=0 tx=0 comp rx=0 tx=0)._handle_peer_banner_payload supported=3 required=0
2024-03-16T08:52:45.292 INFO:teuthology.orchestra.run.smithi007.stdout:/usr/bin/ceph: stderr
2024-03-16T08:52:44.266+0000 7f74abfff700 1 --2- >> [v2:172.21.15.7:3300/0,v1:172.21.15.7:6789/0] conn(0x7f74ac102770 0x7f74ac1115d0 unknown :-1 s=HELLO_CONNECTING pgs=0 cs=0 l=1 rev1=1 crypto rx=0 tx=0 comp rx=0 tx=0).handle_hello peer v2:172.21.15.7:3300/0 says I am v2:172.21.15.7:49090/0 (socket says 172.21.15.7:49090)
2024-03-16T08:52:45.292 INFO:teuthology.orchestra.run.smithi007.stdout:/usr/bin/ceph: stderr
2024-03-16T08:52:44.266+0000 7f74abfff700 1 -- 172.21.15.7:0/260395655 learned_addr learned my addr 172.21.15.7:0/260395655 (peer_addr_for_me v2:172.21.15.7:0/0)
2024-03-16T08:52:45.292 INFO:teuthology.orchestra.run.smithi007.stdout:/usr/bin/ceph: stderr
2024-03-16T08:52:44.266+0000 7f74abfff700 1 -- 172.21.15.7:0/260395655 --> [v2:172.21.15.7:3300/0,v1:172.21.15.7:6789/0] -- mon_subscribe({config=0+,monmap=0+}) v3 -- 0x7f749c0094f0 con 0x7f74ac102770
2024-03-16T08:52:45.292 INFO:teuthology.orchestra.run.smithi007.stdout:/usr/bin/ceph: stderr
2024-03-16T08:52:44.266+0000 7f74abfff700 1 --2- 172.21.15.7:0/260395655 >> [v2:172.21.15.7:3300/0,v1:172.21.15.7:6789/0] conn(0x7f74ac102770 0x7f74ac1115d0 secure :-1 s=READY pgs=87 cs=0 l=1 rev1=1 crypto rx=0x7f749c0090b0 tx=0x7f749c009250 comp rx=0 tx=0).ready entity=mon.0 client_cookie=0 server_cookie=0 in_seq=0 out_seq=0
2024-03-16T08:52:45.292 INFO:teuthology.orchestra.run.smithi007.stdout:/usr/bin/ceph: stderr
2024-03-16T08:52:44.266+0000 7f74a8ff9700 1 -- 172.21.15.7:0/260395655 <== mon.0 v2:172.21.15.7:3300/0 1 ==== mon_map magic: 0 v1 ==== 229+0+0 (secure 0 0 0) 0x7f749c010840 con 0x7f74ac102770
2024-03-16T08:52:45.292 INFO:teuthology.orchestra.run.smithi007.stdout:/usr/bin/ceph: stderr
2024-03-16T08:52:44.266+0000 7f74a8ff9700 1 -- 172.21.15.7:0/260395655 <== mon.0 v2:172.21.15.7:3300/0 2 ==== config(27 keys) v1 ==== 1109+0+0 (secure 0 0 0) 0x7f749c010e70 con 0x7f74ac102770
2024-03-16T08:52:45.292 INFO:teuthology.orchestra.run.smithi007.stdout:/usr/bin/ceph: stderr
2024-03-16T08:52:44.266+0000 7f74b287e700 1 -- 172.21.15.7:0/260395655 --> [v2:172.21.15.7:3300/0,v1:172.21.15.7:6789/0] -- mon_subscribe({mgrmap=0+}) v3 -- 0x7f74ac111d10 con 0x7f74ac102770
2024-03-16T08:52:45.292 INFO:teuthology.orchestra.run.smithi007.stdout:/usr/bin/ceph: stderr
2024-03-16T08:52:44.266+0000 7f74a8ff9700 1 -- 172.21.15.7:0/260395655 <== mon.0 v2:172.21.15.7:3300/0 3 ==== mon_map magic: 0 v1 ==== 229+0+0 (secure 0 0 0) 0x7f749c024e90 con 0x7f74ac102770
2024-03-16T08:52:45.292 INFO:teuthology.orchestra.run.smithi007.stdout:/usr/bin/ceph: stderr
2024-03-16T08:52:44.266+0000 7f74b287e700 1 -- 172.21.15.7:0/260395655 --> [v2:172.21.15.7:3300/0,v1:172.21.15.7:6789/0] -- mon_subscribe({osdmap=0}) v3 -- 0x7f74ac112880 con 0x7f74ac102770
2024-03-16T08:52:45.292 INFO:teuthology.orchestra.run.smithi007.stdout:/usr/bin/ceph: stderr
2024-03-16T08:52:44.267+0000 7f74a8ff9700 1 -- 172.21.15.7:0/260395655 <== mon.0 v2:172.21.15.7:3300/0 4 ==== mgrmap(e 13) v1 ==== 43423+0+0 (secure 0 0 0) 0x7f749c01a510 con 0x7f74ac102770
2024-03-16T08:52:45.292 INFO:teuthology.orchestra.run.smithi007.stdout:/usr/bin/ceph: stderr
2024-03-16T08:52:44.267+0000 7f74b287e700 1 -- 172.21.15.7:0/260395655 --> [v2:172.21.15.7:3300/0,v1:172.21.15.7:6789/0] -- mon_command({"prefix": "get_command_descriptions"} v 0) v1 -- 0x7f74ac05f5f0 con 0x7f74ac102770
2024-03-16T08:52:45.292 INFO:teuthology.orchestra.run.smithi007.stdout:/usr/bin/ceph: stderr
2024-03-16T08:52:44.267+0000 7f74a8ff9700 1 --2- 172.21.15.7:0/260395655 >> [v2:172.21.15.7:6800/2343923853,v1:172.21.15.7:6801/2343923853] conn(0x7f7494036830 0x7f7494038ce0 unknown :-1 s=NONE pgs=0 cs=0 l=1 rev1=0 crypto rx=0 tx=0 comp rx=0 tx=0).connect
2024-03-16T08:52:45.292 INFO:teuthology.orchestra.run.smithi007.stdout:/usr/bin/ceph: stderr
2024-03-16T08:52:44.268+0000 7f74a8ff9700 1 -- 172.21.15.7:0/260395655 <== mon.0 v2:172.21.15.7:3300/0 5 ==== osd_map(3..3 src has 1..3) v4 ==== 1151+0+0 (secure 0 0 0) 0x7f749c04a9d0 con 0x7f74ac102770
2024-03-16T08:52:45.292 INFO:teuthology.orchestra.run.smithi007.stdout:/usr/bin/ceph: stderr
2024-03-16T08:52:44.268+0000 7f74ab7fe700 1 --2- 172.21.15.7:0/260395655 >> [v2:172.21.15.7:6800/2343923853,v1:172.21.15.7:6801/2343923853] conn(0x7f7494036830 0x7f7494038ce0 unknown :-1 s=BANNER_CONNECTING pgs=0 cs=0 l=1 rev1=0 crypto rx=0 tx=0 comp rx=0 tx=0)._handle_peer_banner_payload supported=3 required=0
2024-03-16T08:52:45.293 INFO:teuthology.orchestra.run.smithi007.stdout:/usr/bin/ceph: stderr
2024-03-16T08:52:44.268+0000 7f74ab7fe700 1 --2- 172.21.15.7:0/260395655 >> [v2:172.21.15.7:6800/2343923853,v1:172.21.15.7:6801/2343923853] conn(0x7f7494036830 0x7f7494038ce0 secure :-1 s=READY pgs=11 cs=0 l=1 rev1=1 crypto rx=0x7f74a0009990 tx=0x7f74a0006e40 comp rx=0 tx=0).ready entity=mgr.14160 client_cookie=0 server_cookie=0 in_seq=0 out_seq=0
2024-03-16T08:52:45.293 INFO:teuthology.orchestra.run.smithi007.stdout:/usr/bin/ceph: stderr
2024-03-16T08:52:44.272+0000 7f74a8ff9700 1 -- 172.21.15.7:0/260395655 <== mon.0 v2:172.21.15.7:3300/0 6 ==== mon_command_ack([{"prefix": "get_command_descriptions"}]=0 v0) v1 ==== 72+0+175445 (secure 0 0 0) 0x7f749c0109a0 con 0x7f74ac102770
2024-03-16T08:52:45.293 INFO:teuthology.orchestra.run.smithi007.stdout:/usr/bin/ceph: stderr
2024-03-16T08:52:44.573+0000 7f74b287e700 1 -- 172.21.15.7:0/260395655 --> [v2:172.21.15.7:3300/0,v1:172.21.15.7:6789/0] -- mon_command([{prefix=config-key set, key=mgr/dashboard/cluster/status}] v 0) v1 -- 0x7f74ac04bed0 con 0x7f74ac102770
2024-03-16T08:52:45.293 INFO:teuthology.orchestra.run.smithi007.stdout:/usr/bin/ceph: stderr
2024-03-16T08:52:44.575+0000 7f74a8ff9700 1 -- 172.21.15.7:0/260395655 <== mon.0 v2:172.21.15.7:3300/0 7 ==== mon_command_ack([{prefix=config-key set, key=mgr/dashboard/cluster/status}]=0 set mgr/dashboard/cluster/status v33)=0 set mgr/dashboard/cluster/status v33) v1 ==== 153+0+0 (secure 0 0 0) 0x7f749c02c340 con 0x7f74ac102770
2024-03-16T08:52:45.293 INFO:teuthology.orchestra.run.smithi007.stdout:/usr/bin/ceph: stderr
2024-03-16T08:52:44.577+0000 7f74b287e700 1 -- 172.21.15.7:0/260395655 >> [v2:172.21.15.7:6800/2343923853,v1:172.21.15.7:6801/2343923853] conn(0x7f7494036830 msgr2=0x7f7494038ce0 secure :-1 s=STATE_CONNECTION_ESTABLISHED l=1).mark_down
2024-03-16T08:52:45.293 INFO:teuthology.orchestra.run.smithi007.stdout:/usr/bin/ceph: stderr
2024-03-16T08:52:44.577+0000 7f74b287e700 1 --2- 172.21.15.7:0/260395655 >> [v2:172.21.15.7:6800/2343923853,v1:172.21.15.7:6801/2343923853] conn(0x7f7494036830 0x7f7494038ce0 secure :-1 s=READY pgs=11 cs=0 l=1 rev1=1 crypto rx=0x7f74a0009990 tx=0x7f74a0006e40 comp rx=0 tx=0).stop
2024-03-16T08:52:45.293 INFO:teuthology.orchestra.run.smithi007.stdout:/usr/bin/ceph: stderr
2024-03-16T08:52:44.577+0000 7f74b287e700 1 -- 172.21.15.7:0/260395655 >> [v2:172.21.15.7:3300/0,v1:172.21.15.7:6789/0] conn(0x7f74ac102770 msgr2=0x7f74ac1115d0 secure :-1 s=STATE_CONNECTION_ESTABLISHED l=1).mark_down
2024-03-16T08:52:45.293 INFO:teuthology.orchestra.run.smithi007.stdout:/usr/bin/ceph: stderr
2024-03-16T08:52:44.577+0000 7f74b287e700 1 --2- 172.21.15.7:0/260395655 >> [v2:172.21.15.7:3300/0,v1:172.21.15.7:6789/0] conn(0x7f74ac102770 0x7f74ac1115d0 secure :-1 s=READY pgs=87 cs=0 l=1 rev1=1 crypto rx=0x7f749c0090b0 tx=0x7f749c009250 comp rx=0 tx=0).stop
2024-03-16T08:52:45.293 INFO:teuthology.orchestra.run.smithi007.stdout:/usr/bin/ceph: stderr
2024-03-16T08:52:44.577+0000 7f74b287e700 1 -- 172.21.15.7:0/260395655 shutdown_connections
