2024-03-16T08:52:37.866 INFO:teuthology.orchestra.run.smithi007.stdout:/usr/bin/ceph: stderr
2024-03-16T08:52:31.888+0000 7f88ee7fc700 1 -- 172.21.15.7:0/2011744957 <== mon.0 v2:172.21.15.7:3300/0 1 ==== mon_map magic: 0 v1 ==== 229+0+0 (secure 0 0 0) 0x7f88e000b860 con 0x7f88f0071360
2024-03-16T08:52:37.866 INFO:teuthology.orchestra.run.smithi007.stdout:/usr/bin/ceph: stderr
2024-03-16T08:52:31.889+0000 7f88ee7fc700 1 -- 172.21.15.7:0/2011744957 <== mon.0 v2:172.21.15.7:3300/0 2 ==== config(27 keys) v1 ==== 1109+0+0 (secure 0 0 0) 0x7f88e000be90 con 0x7f88f0071360
2024-03-16T08:52:37.866 INFO:teuthology.orchestra.run.smithi007.stdout:/usr/bin/ceph: stderr
2024-03-16T08:52:31.889+0000 7f88ee7fc700 1 -- 172.21.15.7:0/2011744957 <== mon.0 v2:172.21.15.7:3300/0 3 ==== mon_map magic: 0 v1 ==== 229+0+0 (secure 0 0 0) 0x7f88e00103c0 con 0x7f88f0071360
2024-03-16T08:52:37.866 INFO:teuthology.orchestra.run.smithi007.stdout:/usr/bin/ceph: stderr
2024-03-16T08:52:31.889+0000 7f88f5df4700 1 -- 172.21.15.7:0/2011744957 >> [v2:172.21.15.7:3300/0,v1:172.21.15.7:6789/0] conn(0x7f88f0071360 msgr2=0x7f88f01052e0 secure :-1 s=STATE_CONNECTION_ESTABLISHED l=1).mark_down
2024-03-16T08:52:37.866 INFO:teuthology.orchestra.run.smithi007.stdout:/usr/bin/ceph: stderr
2024-03-16T08:52:31.889+0000 7f88f5df4700 1 --2- 172.21.15.7:0/2011744957 >> [v2:172.21.15.7:3300/0,v1:172.21.15.7:6789/0] conn(0x7f88f0071360 0x7f88f01052e0 secure :-1 s=READY pgs=69 cs=0 l=1 rev1=1 crypto rx=0x7f88e00098e0 tx=0x7f88e0009250 comp rx=0 tx=0).stop
2024-03-16T08:52:37.866 INFO:teuthology.orchestra.run.smithi007.stdout:/usr/bin/ceph: stderr
2024-03-16T08:52:31.889+0000 7f88f5df4700 1 -- 172.21.15.7:0/2011744957 shutdown_connections
2024-03-16T08:52:37.866 INFO:teuthology.orchestra.run.smithi007.stdout:/usr/bin/ceph: stderr
2024-03-16T08:52:31.889+0000 7f88f5df4700 1 --2- 172.21.15.7:0/2011744957 >> [v2:172.21.15.7:3300/0,v1:172.21.15.7:6789/0] conn(0x7f88f0071360 0x7f88f01052e0 unknown :-1 s=CLOSED pgs=69 cs=0 l=1 rev1=1 crypto rx=0 tx=0 comp rx=0 tx=0).stop
2024-03-16T08:52:37.866 INFO:teuthology.orchestra.run.smithi007.stdout:/usr/bin/ceph: stderr
2024-03-16T08:52:31.889+0000 7f88f5df4700 1 -- 172.21.15.7:0/2011744957 >> 172.21.15.7:0/2011744957 conn(0x7f88f00fcd50 msgr2=0x7f88f00ff160 unknown :-1 s=STATE_NONE l=0).mark_down
2024-03-16T08:52:37.866 INFO:teuthology.orchestra.run.smithi007.stdout:/usr/bin/ceph: stderr
2024-03-16T08:52:31.889+0000 7f88f5df4700 1 -- 172.21.15.7:0/2011744957 shutdown_connections
2024-03-16T08:52:37.866 INFO:teuthology.orchestra.run.smithi007.stdout:/usr/bin/ceph: stderr
2024-03-16T08:52:31.889+0000 7f88f5df4700 1 -- 172.21.15.7:0/2011744957 wait complete.
2024-03-16T08:52:37.866 INFO:teuthology.orchestra.run.smithi007.stdout:/usr/bin/ceph: stderr
2024-03-16T08:52:31.890+0000 7f88f5df4700 1 Processor -- start
2024-03-16T08:52:37.867 INFO:teuthology.orchestra.run.smithi007.stdout:/usr/bin/ceph: stderr
2024-03-16T08:52:31.890+0000 7f88f5df4700 1 -- start start
2024-03-16T08:52:37.867 INFO:teuthology.orchestra.run.smithi007.stdout:/usr/bin/ceph: stderr
2024-03-16T08:52:31.890+0000 7f88f5df4700 1 --2- >> [v2:172.21.15.7:3300/0,v1:172.21.15.7:6789/0] conn(0x7f88f0071360 0x7f88f0102c30 unknown :-1 s=NONE pgs=0 cs=0 l=1 rev1=0 crypto rx=0 tx=0 comp rx=0 tx=0).connect
2024-03-16T08:52:37.867 INFO:teuthology.orchestra.run.smithi007.stdout:/usr/bin/ceph: stderr
2024-03-16T08:52:31.890+0000 7f88f5df4700 1 -- --> [v2:172.21.15.7:3300/0,v1:172.21.15.7:6789/0] -- mon_getmap magic: 0 v1 -- 0x7f88f0103170 con 0x7f88f0071360
2024-03-16T08:52:37.867 INFO:teuthology.orchestra.run.smithi007.stdout:/usr/bin/ceph: stderr
2024-03-16T08:52:31.890+0000 7f88ef7fe700 1 --2- >> [v2:172.21.15.7:3300/0,v1:172.21.15.7:6789/0] conn(0x7f88f0071360 0x7f88f0102c30 unknown :-1 s=BANNER_CONNECTING pgs=0 cs=0 l=1 rev1=0 crypto rx=0 tx=0 comp rx=0 tx=0)._handle_peer_banner_payload supported=3 required=0
2024-03-16T08:52:37.867 INFO:teuthology.orchestra.run.smithi007.stdout:/usr/bin/ceph: stderr
2024-03-16T08:52:31.890+0000 7f88ef7fe700 1 --2- >> [v2:172.21.15.7:3300/0,v1:172.21.15.7:6789/0] conn(0x7f88f0071360 0x7f88f0102c30 unknown :-1 s=HELLO_CONNECTING pgs=0 cs=0 l=1 rev1=1 crypto rx=0 tx=0 comp rx=0 tx=0).handle_hello peer v2:172.21.15.7:3300/0 says I am v2:172.21.15.7:57774/0 (socket says 172.21.15.7:57774)
2024-03-16T08:52:37.867 INFO:teuthology.orchestra.run.smithi007.stdout:/usr/bin/ceph: stderr
2024-03-16T08:52:31.890+0000 7f88ef7fe700 1 -- 172.21.15.7:0/255509784 learned_addr learned my addr 172.21.15.7:0/255509784 (peer_addr_for_me v2:172.21.15.7:0/0)
2024-03-16T08:52:37.867 INFO:teuthology.orchestra.run.smithi007.stdout:/usr/bin/ceph: stderr
2024-03-16T08:52:31.891+0000 7f88ef7fe700 1 -- 172.21.15.7:0/255509784 --> [v2:172.21.15.7:3300/0,v1:172.21.15.7:6789/0] -- mon_subscribe({config=0+,monmap=0+}) v3 -- 0x7f88e00094f0 con 0x7f88f0071360
2024-03-16T08:52:37.867 INFO:teuthology.orchestra.run.smithi007.stdout:/usr/bin/ceph: stderr
2024-03-16T08:52:31.891+0000 7f88ef7fe700 1 --2- 172.21.15.7:0/255509784 >> [v2:172.21.15.7:3300/0,v1:172.21.15.7:6789/0] conn(0x7f88f0071360 0x7f88f0102c30 secure :-1 s=READY pgs=70 cs=0 l=1 rev1=1 crypto rx=0x7f88e00094c0 tx=0x7f88e0009250 comp rx=0 tx=0).ready entity=mon.0 client_cookie=0 server_cookie=0 in_seq=0 out_seq=0
2024-03-16T08:52:37.867 INFO:teuthology.orchestra.run.smithi007.stdout:/usr/bin/ceph: stderr
2024-03-16T08:52:31.891+0000 7f88d7fff700 1 -- 172.21.15.7:0/255509784 <== mon.0 v2:172.21.15.7:3300/0 1 ==== mon_map magic: 0 v1 ==== 229+0+0 (secure 0 0 0) 0x7f88e00118f0 con 0x7f88f0071360
2024-03-16T08:52:37.867 INFO:teuthology.orchestra.run.smithi007.stdout:/usr/bin/ceph: stderr
2024-03-16T08:52:31.891+0000 7f88f5df4700 1 -- 172.21.15.7:0/255509784 --> [v2:172.21.15.7:3300/0,v1:172.21.15.7:6789/0] -- mon_subscribe({mgrmap=0+}) v3 -- 0x7f88f01011e0 con 0x7f88f0071360
2024-03-16T08:52:37.867 INFO:teuthology.orchestra.run.smithi007.stdout:/usr/bin/ceph: stderr
2024-03-16T08:52:31.891+0000 7f88d7fff700 1 -- 172.21.15.7:0/255509784 <== mon.0 v2:172.21.15.7:3300/0 2 ==== config(27 keys) v1 ==== 1109+0+0 (secure 0 0 0) 0x7f88e0010d60 con 0x7f88f0071360
2024-03-16T08:52:37.867 INFO:teuthology.orchestra.run.smithi007.stdout:/usr/bin/ceph: stderr
2024-03-16T08:52:31.891+0000 7f88d7fff700 1 -- 172.21.15.7:0/255509784 <== mon.0 v2:172.21.15.7:3300/0 3 ==== mon_map magic: 0 v1 ==== 229+0+0 (secure 0 0 0) 0x7f88e001a430 con 0x7f88f0071360
2024-03-16T08:52:37.867 INFO:teuthology.orchestra.run.smithi007.stdout:/usr/bin/ceph: stderr
2024-03-16T08:52:31.891+0000 7f88f5df4700 1 -- 172.21.15.7:0/255509784 --> [v2:172.21.15.7:3300/0,v1:172.21.15.7:6789/0] -- mon_subscribe({osdmap=0}) v3 -- 0x7f88f01016d0 con 0x7f88f0071360
2024-03-16T08:52:37.867 INFO:teuthology.orchestra.run.smithi007.stdout:/usr/bin/ceph: stderr
2024-03-16T08:52:31.892+0000 7f88d7fff700 1 -- 172.21.15.7:0/255509784 <== mon.0 v2:172.21.15.7:3300/0 4 ==== mgrmap(e 9) v1 ==== 43381+0+0 (secure 0 0 0) 0x7f88e001a590 con 0x7f88f0071360
2024-03-16T08:52:37.867 INFO:teuthology.orchestra.run.smithi007.stdout:/usr/bin/ceph: stderr
2024-03-16T08:52:31.892+0000 7f88d7fff700 1 --2- 172.21.15.7:0/255509784 >> [v2:172.21.15.7:6800/3435258711,v1:172.21.15.7:6801/3435258711] conn(0x7f88d80367e0 0x7f88d8038c90 unknown :-1 s=NONE pgs=0 cs=0 l=1 rev1=0 crypto rx=0 tx=0 comp rx=0 tx=0).connect
2024-03-16T08:52:37.868 INFO:teuthology.orchestra.run.smithi007.stdout:/usr/bin/ceph: stderr
2024-03-16T08:52:31.892+0000 7f88f5df4700 1 -- 172.21.15.7:0/255509784 --> [v2:172.21.15.7:6800/3435258711,v1:172.21.15.7:6801/3435258711] -- command(tid 0: {"prefix": "get_command_descriptions"}) v1 -- 0x7f88f004bed0 con 0x7f88d80367e0
2024-03-16T08:52:37.868 INFO:teuthology.orchestra.run.smithi007.stdout:/usr/bin/ceph: stderr
2024-03-16T08:52:31.892+0000 7f88d7fff700 1 -- 172.21.15.7:0/255509784 <== mon.0 v2:172.21.15.7:3300/0 5 ==== osd_map(2..2 src has 1..2) v4 ==== 936+0+0 (secure 0 0 0) 0x7f88e004a530 con 0x7f88f0071360
2024-03-16T08:52:37.868 INFO:teuthology.orchestra.run.smithi007.stdout:/usr/bin/ceph: stderr
2024-03-16T08:52:31.892+0000 7f88eeffd700 1 -- 172.21.15.7:0/255509784 >> [v2:172.21.15.7:6800/3435258711,v1:172.21.15.7:6801/3435258711] conn(0x7f88d80367e0 msgr2=0x7f88d8038c90 unknown :-1 s=STATE_CONNECTING_RE l=1).process reconnect failed to v2:172.21.15.7:6800/3435258711
2024-03-16T08:52:37.868 INFO:teuthology.orchestra.run.smithi007.stdout:/usr/bin/ceph: stderr
2024-03-16T08:52:31.892+0000 7f88eeffd700 1 --2- 172.21.15.7:0/255509784 >> [v2:172.21.15.7:6800/3435258711,v1:172.21.15.7:6801/3435258711] conn(0x7f88d80367e0 0x7f88d8038c90 unknown :-1 s=START_CONNECT pgs=0 cs=0 l=1 rev1=0 crypto rx=0 tx=0 comp rx=0 tx=0)._fault waiting 0.200000
2024-03-16T08:52:37.868 INFO:teuthology.orchestra.run.smithi007.stdout:/usr/bin/ceph: stderr
2024-03-16T08:52:32.093+0000 7f88eeffd700 1 -- 172.21.15.7:0/255509784 >> [v2:172.21.15.7:6800/3435258711,v1:172.21.15.7:6801/3435258711] conn(0x7f88d80367e0 msgr2=0x7f88d8038c90 unknown :-1 s=STATE_CONNECTING_RE l=1).process reconnect failed to v2:172.21.15.7:6800/3435258711
2024-03-16T08:52:37.868 INFO:teuthology.orchestra.run.smithi007.stdout:/usr/bin/ceph: stderr
2024-03-16T08:52:32.093+0000 7f88eeffd700 1 --2- 172.21.15.7:0/255509784 >> [v2:172.21.15.7:6800/3435258711,v1:172.21.15.7:6801/3435258711] conn(0x7f88d80367e0 0x7f88d8038c90 unknown :-1 s=START_CONNECT pgs=0 cs=0 l=1 rev1=0 crypto rx=0 tx=0 comp rx=0 tx=0)._fault waiting 0.400000
2024-03-16T08:52:37.868 INFO:teuthology.orchestra.run.smithi007.stdout:/usr/bin/ceph: stderr
2024-03-16T08:52:32.494+0000 7f88eeffd700 1 -- 172.21.15.7:0/255509784 >> [v2:172.21.15.7:6800/3435258711,v1:172.21.15.7:6801/3435258711] conn(0x7f88d80367e0 msgr2=0x7f88d8038c90 unknown :-1 s=STATE_CONNECTING_RE l=1).process reconnect failed to v2:172.21.15.7:6800/3435258711
2024-03-16T08:52:37.868 INFO:teuthology.orchestra.run.smithi007.stdout:/usr/bin/ceph: stderr
2024-03-16T08:52:32.494+0000 7f88eeffd700 1 --2- 172.21.15.7:0/255509784 >> [v2:172.21.15.7:6800/3435258711,v1:172.21.15.7:6801/3435258711] conn(0x7f88d80367e0 0x7f88d8038c90 unknown :-1 s=START_CONNECT pgs=0 cs=0 l=1 rev1=0 crypto rx=0 tx=0 comp rx=0 tx=0)._fault waiting 0.800000
2024-03-16T08:52:37.868 INFO:teuthology.orchestra.run.smithi007.stdout:/usr/bin/ceph: stderr
2024-03-16T08:52:33.295+0000 7f88eeffd700 1 -- 172.21.15.7:0/255509784 >> [v2:172.21.15.7:6800/3435258711,v1:172.21.15.7:6801/3435258711] conn(0x7f88d80367e0 msgr2=0x7f88d8038c90 unknown :-1 s=STATE_CONNECTING_RE l=1).process reconnect failed to v2:172.21.15.7:6800/3435258711
2024-03-16T08:52:37.868 INFO:teuthology.orchestra.run.smithi007.stdout:/usr/bin/ceph: stderr
2024-03-16T08:52:33.295+0000 7f88eeffd700 1 --2- 172.21.15.7:0/255509784 >> [v2:172.21.15.7:6800/3435258711,v1:172.21.15.7:6801/3435258711] conn(0x7f88d80367e0 0x7f88d8038c90 unknown :-1 s=START_CONNECT pgs=0 cs=0 l=1 rev1=0 crypto rx=0 tx=0 comp rx=0 tx=0)._fault waiting 1.600000
2024-03-16T08:52:37.868 INFO:teuthology.orchestra.run.smithi007.stdout:/usr/bin/ceph: stderr
2024-03-16T08:52:34.897+0000 7f88eeffd700 1 -- 172.21.15.7:0/255509784 >> [v2:172.21.15.7:6800/3435258711,v1:172.21.15.7:6801/3435258711] conn(0x7f88d80367e0 msgr2=0x7f88d8038c90 unknown :-1 s=STATE_CONNECTING_RE l=1).process reconnect failed to v2:172.21.15.7:6800/3435258711
2024-03-16T08:52:37.868 INFO:teuthology.orchestra.run.smithi007.stdout:/usr/bin/ceph: stderr
2024-03-16T08:52:34.897+0000 7f88eeffd700 1 --2- 172.21.15.7:0/255509784 >> [v2:172.21.15.7:6800/3435258711,v1:172.21.15.7:6801/3435258711] conn(0x7f88d80367e0 0x7f88d8038c90 unknown :-1 s=START_CONNECT pgs=0 cs=0 l=1 rev1=0 crypto rx=0 tx=0 comp rx=0 tx=0)._fault waiting 3.200000
2024-03-16T08:52:37.868 INFO:teuthology.orchestra.run.smithi007.stdout:/usr/bin/ceph: stderr
2024-03-16T08:52:36.182+0000 7f88d7fff700 1 -- 172.21.15.7:0/255509784 <== mon.0 v2:172.21.15.7:3300/0 6 ==== mgrmap(e 10) v1 ==== 43148+0+0 (secure 0 0 0) 0x7f88e0024440 con 0x7f88f0071360
2024-03-16T08:52:37.868 INFO:teuthology.orchestra.run.smithi007.stdout:/usr/bin/ceph: stderr
2024-03-16T08:52:36.182+0000 7f88d7fff700 1 -- 172.21.15.7:0/255509784 >> [v2:172.21.15.7:6800/3435258711,v1:172.21.15.7:6801/3435258711] conn(0x7f88d80367e0 msgr2=0x7f88d8038c90 unknown :-1 s=STATE_CONNECTING l=1).mark_down
2024-03-16T08:52:37.868 INFO:teuthology.orchestra.run.smithi007.stdout:/usr/bin/ceph: stderr
2024-03-16T08:52:36.182+0000 7f88d7fff700 1 --2- 172.21.15.7:0/255509784 >> [v2:172.21.15.7:6800/3435258711,v1:172.21.15.7:6801/3435258711] conn(0x7f88d80367e0 0x7f88d8038c90 unknown :-1 s=START_CONNECT pgs=0 cs=0 l=1 rev1=0 crypto rx=0 tx=0 comp rx=0 tx=0).stop
2024-03-16T08:52:37.869 INFO:teuthology.orchestra.run.smithi007.stdout:/usr/bin/ceph: stderr
2024-03-16T08:52:37.183+0000 7f88d7fff700 1 -- 172.21.15.7:0/255509784 <== mon.0 v2:172.21.15.7:3300/0 7 ==== mgrmap(e 11) v1 ==== 43275+0+0 (secure 0 0 0) 0x7f88e002d770 con 0x7f88f0071360
2024-03-16T08:52:37.869 INFO:teuthology.orchestra.run.smithi007.stdout:/usr/bin/ceph: stderr
2024-03-16T08:52:37.184+0000 7f88d7fff700 1 --2- 172.21.15.7:0/255509784 >> [v2:172.21.15.7:6800/2343923853,v1:172.21.15.7:6801/2343923853] conn(0x7f88d8039ff0 0x7f88d803c3d0 unknown :-1 s=NONE pgs=0 cs=0 l=1 rev1=0 crypto rx=0 tx=0 comp rx=0 tx=0).connect
2024-03-16T08:52:37.869 INFO:teuthology.orchestra.run.smithi007.stdout:/usr/bin/ceph: stderr
2024-03-16T08:52:37.184+0000 7f88d7fff700 1 -- 172.21.15.7:0/255509784 --> [v2:172.21.15.7:6800/2343923853,v1:172.21.15.7:6801/2343923853] -- command(tid 0: {"prefix": "get_command_descriptions"}) v1 -- 0x7f88f004bed0 con 0x7f88d8039ff0
2024-03-16T08:52:37.869 INFO:teuthology.orchestra.run.smithi007.stdout:/usr/bin/ceph: stderr
2024-03-16T08:52:37.184+0000 7f88eeffd700 1 --2- 172.21.15.7:0/255509784 >> [v2:172.21.15.7:6800/2343923853,v1:172.21.15.7:6801/2343923853] conn(0x7f88d8039ff0 0x7f88d803c3d0 unknown :-1 s=BANNER_CONNECTING pgs=0 cs=0 l=1 rev1=0 crypto rx=0 tx=0 comp rx=0 tx=0)._handle_peer_banner_payload supported=3 required=0
2024-03-16T08:52:37.869 INFO:teuthology.orchestra.run.smithi007.stdout:/usr/bin/ceph: stderr
2024-03-16T08:52:37.185+0000 7f88eeffd700 1 --2- 172.21.15.7:0/255509784 >> [v2:172.21.15.7:6800/2343923853,v1:172.21.15.7:6801/2343923853] conn(0x7f88d8039ff0 0x7f88d803c3d0 secure :-1 s=READY pgs=3 cs=0 l=1 rev1=1 crypto rx=0x7f88e40039d0 tx=0x7f88e40092f0 comp rx=0 tx=0).ready entity=mgr.14160 client_cookie=0 server_cookie=0 in_seq=0 out_seq=0
2024-03-16T08:52:37.869 INFO:teuthology.orchestra.run.smithi007.stdout:/usr/bin/ceph: stderr
2024-03-16T08:52:37.185+0000 7f88d7fff700 1 -- 172.21.15.7:0/255509784 <== mgr.14160 v2:172.21.15.7:6800/2343923853 1 ==== command_reply(tid 0: 0 ) v1 ==== 8+0+6549 (secure 0 0 0) 0x7f88f004bed0 con 0x7f88d8039ff0
2024-03-16T08:52:37.869 INFO:teuthology.orchestra.run.smithi007.stdout:/usr/bin/ceph: stderr
2024-03-16T08:52:37.191+0000 7f88f5df4700 1 -- 172.21.15.7:0/255509784 --> [v2:172.21.15.7:6800/2343923853,v1:172.21.15.7:6801/2343923853] -- command(tid 1: {"prefix": "mgr_status"}) v1 -- 0x7f88f0106740 con 0x7f88d8039ff0
2024-03-16T08:52:37.869 INFO:teuthology.orchestra.run.smithi007.stdout:/usr/bin/ceph: stderr
2024-03-16T08:52:37.191+0000 7f88d7fff700 1 -- 172.21.15.7:0/255509784 <== mgr.14160 v2:172.21.15.7:6800/2343923853 2 ==== command_reply(tid 1: 0 ) v1 ==== 8+0+52 (secure 0 0 0) 0x7f88f0106740 con 0x7f88d8039ff0
2024-03-16T08:52:37.869 INFO:teuthology.orchestra.run.smithi007.stdout:/usr/bin/ceph: stderr
2024-03-16T08:52:37.192+0000 7f88f5df4700 1 -- 172.21.15.7:0/255509784 >> [v2:172.21.15.7:6800/2343923853,v1:172.21.15.7:6801/2343923853] conn(0x7f88d8039ff0 msgr2=0x7f88d803c3d0 secure :-1 s=STATE_CONNECTION_ESTABLISHED l=1).mark_down
2024-03-16T08:52:37.869 INFO:teuthology.orchestra.run.smithi007.stdout:/usr/bin/ceph: stderr
2024-03-16T08:52:37.192+0000 7f88f5df4700 1 --2- 172.21.15.7:0/255509784 >> [v2:172.21.15.7:6800/2343923853,v1:172.21.15.7:6801/2343923853] conn(0x7f88d8039ff0 0x7f88d803c3d0 secure :-1 s=READY pgs=3 cs=0 l=1 rev1=1 crypto rx=0x7f88e40039d0 tx=0x7f88e40092f0 comp rx=0 tx=0).stop
2024-03-16T08:52:37.869 INFO:teuthology.orchestra.run.smithi007.stdout:/usr/bin/ceph: stderr
2024-03-16T08:52:37.192+0000 7f88f5df4700 1 -- 172.21.15.7:0/255509784 >> [v2:172.21.15.7:3300/0,v1:172.21.15.7:6789/0] conn(0x7f88f0071360 msgr2=0x7f88f0102c30 secure :-1 s=STATE_CONNECTION_ESTABLISHED l=1).mark_down
2024-03-16T08:52:37.869 INFO:teuthology.orchestra.run.smithi007.stdout:/usr/bin/ceph: stderr
2024-03-16T08:52:37.192+0000 7f88f5df4700 1 --2- 172.21.15.7:0/255509784 >> [v2:172.21.15.7:3300/0,v1:172.21.15.7:6789/0] conn(0x7f88f0071360 0x7f88f0102c30 secure :-1 s=READY pgs=70 cs=0 l=1 rev1=1 crypto rx=0x7f88e00094c0 tx=0x7f88e0009250 comp rx=0 tx=0).stop
2024-03-16T08:52:37.869 INFO:teuthology.orchestra.run.smithi007.stdout:/usr/bin/ceph: stderr
2024-03-16T08:52:37.192+0000 7f88f5df4700 1 -- 172.21.15.7:0/255509784 shutdown_connections
2024-03-16T08:52:37.869 INFO:teuthology.orchestra.run.smithi007.stdout:/usr/bin/ceph: stderr
2024-03-16T08:52:37.192+0000 7f88f5df4700 1 --2- 172.21.15.7:0/255509784 >> [v2:172.21.15.7:6800/2343923853,v1:172.21.15.7:6801/2343923853] conn(0x7f88d8039ff0 0x7f88d803c3d0 unknown :-1 s=CLOSED pgs=3 cs=0 l=1 rev1=1 crypto rx=0 tx=0 comp rx=0 tx=0).stop
2024-03-16T08:52:37.870 INFO:teuthology.orchestra.run.smithi007.stdout:/usr/bin/ceph: stderr
2024-03-16T08:52:37.192+0000 7f88f5df4700 1 --2- 172.21.15.7:0/255509784 >> [v2:172.21.15.7:3300/0,v1:172.21.15.7:6789/0] conn(0x7f88f0071360 0x7f88f0102c30 unknown :-1 s=CLOSED pgs=70 cs=0 l=1 rev1=1 crypto rx=0 tx=0 comp rx=0 tx=0).stop
2024-03-16T08:52:37.870 INFO:teuthology.orchestra.run.smithi007.stdout:/usr/bin/ceph: stderr
2024-03-16T08:52:37.192+0000 7f88f5df4700 1 --2- 172.21.15.7:0/255509784 >> [v2:172.21.15.7:6800/3435258711,v1:172.21.15.7:6801/3435258711] conn(0x7f88d80367e0 0x7f88d8038c90 unknown :-1 s=CLOSED pgs=0 cs=0 l=1 rev1=0 crypto rx=0 tx=0 comp rx=0 tx=0).stop
2024-03-16T08:52:37.870 INFO:teuthology.orchestra.run.smithi007.stdout:/usr/bin/ceph: stderr
2024-03-16T08:52:37.192+0000 7f88f5df4700 1 -- 172.21.15.7:0/255509784 >> 172.21.15.7:0/255509784 conn(0x7f88f00fcd50 msgr2=0x7f88f00fd970 unknown :-1 s=STATE_NONE l=0).mark_down
2024-03-16T08:52:37.870 INFO:teuthology.orchestra.run.smithi007.stdout:/usr/bin/ceph: stderr
2024-03-16T08:52:37.192+0000 7f88f5df4700 1 -- 172.21.15.7:0/255509784 shutdown_connections
2024-03-16T08:52:37.870 INFO:teuthology.orchestra.run.smithi007.stdout:/usr/bin/ceph: stderr
2024-03-16T08:52:37.192+0000 7f88f5df4700 1 -- 172.21.15.7:0/255509784 wait complete.
2024-03-16T08:52:37.870 INFO:teuthology.orchestra.run.smithi007.stdout:mgr epoch 9 is available
2024-03-16T08:52:37.870 INFO:teuthology.orchestra.run.smithi007.stdout:Generating a dashboard self-signed certificate...
2024-03-16T08:52:38.487 INFO:journalctl@ceph.mon.smithi007.smithi007.stdout:Mar 16 08:52:38 smithi007 ceph-mon[29470]: [16/Mar/2024:08:52:36] ENGINE Bus STARTING
2024-03-16T08:52:38.488 INFO:journalctl@ceph.mon.smithi007.smithi007.stdout:Mar 16 08:52:38 smithi007 ceph-mon[29470]: [16/Mar/2024:08:52:36] ENGINE Serving on https://172.21.15.7:7150
2024-03-16T08:52:38.488 INFO:journalctl@ceph.mon.smithi007.smithi007.stdout:Mar 16 08:52:38 smithi007 ceph-mon[29470]: [16/Mar/2024:08:52:36] ENGINE Bus STARTED
2024-03-16T08:52:38.488 INFO:journalctl@ceph.mon.smithi007.smithi007.stdout:Mar 16 08:52:38 smithi007 ceph-mon[29470]: from='client.14164 -' entity='client.admin' cmd=[{"prefix": "get_command_descriptions"}]: dispatch
2024-03-16T08:52:38.488 INFO:journalctl@ceph.mon.smithi007.smithi007.stdout:Mar 16 08:52:38 smithi007 ceph-mon[29470]: from='client.14164 -' entity='client.admin' cmd=[{"prefix": "mgr_status"}]: dispatch
2024-03-16T08:52:39.145 INFO:teuthology.orchestra.run.smithi007.stdout:/usr/bin/ceph: stdout Self-signed certificate created
2024-03-16T08:52:39.145 INFO:teuthology.orchestra.run.smithi007.stdout:/usr/bin/ceph: stderr
2024-03-16T08:52:38.274+0000 7f9149b89700 1 Processor -- start
2024-03-16T08:52:39.145 INFO:teuthology.orchestra.run.smithi007.stdout:/usr/bin/ceph: stderr
2024-03-16T08:52:38.274+0000 7f9149b89700 1 -- start start
2024-03-16T08:52:39.145 INFO:teuthology.orchestra.run.smithi007.stdout:/usr/bin/ceph: stderr
2024-03-16T08:52:38.275+0000 7f9149b89700 1 --2- >> [v2:172.21.15.7:3300/0,v1:172.21.15.7:6789/0] conn(0x7f9144102730 0x7f9144102b40 unknown :-1 s=NONE pgs=0 cs=0 l=0 rev1=0 crypto rx=0 tx=0 comp rx=0 tx=0).connect
2024-03-16T08:52:39.146 INFO:teuthology.orchestra.run.smithi007.stdout:/usr/bin/ceph: stderr
2024-03-16T08:52:38.275+0000 7f9149b89700 1 -- --> [v2:172.21.15.7:3300/0,v1:172.21.15.7:6789/0] -- mon_getmap magic: 0 v1 -- 0x7f9144103080 con 0x7f9144102730
2024-03-16T08:52:39.146 INFO:teuthology.orchestra.run.smithi007.stdout:/usr/bin/ceph: stderr
2024-03-16T08:52:38.275+0000 7f91437fe700 1 --2- >> [v2:172.21.15.7:3300/0,v1:172.21.15.7:6789/0] conn(0x7f9144102730 0x7f9144102b40 unknown :-1 s=BANNER_CONNECTING pgs=0 cs=0 l=0 rev1=0 crypto rx=0 tx=0 comp rx=0 tx=0)._handle_peer_banner_payload supported=3 required=0
2024-03-16T08:52:39.146 INFO:teuthology.orchestra.run.smithi007.stdout:/usr/bin/ceph: stderr
2024-03-16T08:52:38.275+0000 7f91437fe700 1 --2- >> [v2:172.21.15.7:3300/0,v1:172.21.15.7:6789/0] conn(0x7f9144102730 0x7f9144102b40 unknown :-1 s=HELLO_CONNECTING pgs=0 cs=0 l=0 rev1=1 crypto rx=0 tx=0 comp rx=0 tx=0).handle_hello peer v2:172.21.15.7:3300/0 says I am v2:172.21.15.7:60126/0 (socket says 172.21.15.7:60126)
2024-03-16T08:52:39.146 INFO:teuthology.orchestra.run.smithi007.stdout:/usr/bin/ceph: stderr
2024-03-16T08:52:38.275+0000 7f91437fe700 1 -- 172.21.15.7:0/679285356 learned_addr learned my addr 172.21.15.7:0/679285356 (peer_addr_for_me v2:172.21.15.7:0/0)
2024-03-16T08:52:39.146 INFO:teuthology.orchestra.run.smithi007.stdout:/usr/bin/ceph: stderr
2024-03-16T08:52:38.275+0000 7f91437fe700 1 -- 172.21.15.7:0/679285356 --> [v2:172.21.15.7:3300/0,v1:172.21.15.7:6789/0] -- mon_subscribe({config=0+,monmap=0+}) v3 -- 0x7f91441031c0 con 0x7f9144102730
2024-03-16T08:52:39.146 INFO:teuthology.orchestra.run.smithi007.stdout:/usr/bin/ceph: stderr
2024-03-16T08:52:38.275+0000 7f91437fe700 1 --2- 172.21.15.7:0/679285356 >> [v2:172.21.15.7:3300/0,v1:172.21.15.7:6789/0] conn(0x7f9144102730 0x7f9144102b40 secure :-1 s=READY pgs=78 cs=0 l=1 rev1=1 crypto rx=0x7f9134009e50 tx=0x7f9134009840 comp rx=0 tx=0).ready entity=mon.0 client_cookie=9ac2dda673c5c3c server_cookie=0 in_seq=0 out_seq=0
2024-03-16T08:52:39.146 INFO:teuthology.orchestra.run.smithi007.stdout:/usr/bin/ceph: stderr
2024-03-16T08:52:38.275+0000 7f91427fc700 1 -- 172.21.15.7:0/679285356 <== mon.0 v2:172.21.15.7:3300/0 1 ==== mon_map magic: 0 v1 ==== 229+0+0 (secure 0 0 0) 0x7f91340092e0 con 0x7f9144102730
2024-03-16T08:52:39.146 INFO:teuthology.orchestra.run.smithi007.stdout:/usr/bin/ceph: stderr
2024-03-16T08:52:38.276+0000 7f91427fc700 1 -- 172.21.15.7:0/679285356 <== mon.0 v2:172.21.15.7:3300/0 2 ==== config(27 keys) v1 ==== 1109+0+0 (secure 0 0 0) 0x7f9134012430 con 0x7f9144102730
2024-03-16T08:52:39.146 INFO:teuthology.orchestra.run.smithi007.stdout:/usr/bin/ceph: stderr
2024-03-16T08:52:38.276+0000 7f91427fc700 1 -- 172.21.15.7:0/679285356 <== mon.0 v2:172.21.15.7:3300/0 3 ==== mon_map magic: 0 v1 ==== 229+0+0 (secure 0 0 0) 0x7f91340075a0 con 0x7f9144102730
2024-03-16T08:52:39.146 INFO:teuthology.orchestra.run.smithi007.stdout:/usr/bin/ceph: stderr
2024-03-16T08:52:38.276+0000 7f9149b89700 1 -- 172.21.15.7:0/679285356 >> [v2:172.21.15.7:3300/0,v1:172.21.15.7:6789/0] conn(0x7f9144102730 msgr2=0x7f9144102b40 secure :-1 s=STATE_CONNECTION_ESTABLISHED l=1).mark_down
2024-03-16T08:52:39.146 INFO:teuthology.orchestra.run.smithi007.stdout:/usr/bin/ceph: stderr
2024-03-16T08:52:38.276+0000 7f9149b89700 1 --2- 172.21.15.7:0/679285356 >> [v2:172.21.15.7:3300/0,v1:172.21.15.7:6789/0] conn(0x7f9144102730 0x7f9144102b40 secure :-1 s=READY pgs=78 cs=0 l=1 rev1=1 crypto rx=0x7f9134009e50 tx=0x7f9134009840 comp rx=0 tx=0).stop
2024-03-16T08:52:39.146 INFO:teuthology.orchestra.run.smithi007.stdout:/usr/bin/ceph: stderr
2024-03-16T08:52:38.276+0000 7f9149b89700 1 -- 172.21.15.7:0/679285356 shutdown_connections
2024-03-16T08:52:39.146 INFO:teuthology.orchestra.run.smithi007.stdout:/usr/bin/ceph: stderr
2024-03-16T08:52:38.276+0000 7f9149b89700 1 --2- 172.21.15.7:0/679285356 >> [v2:172.21.15.7:3300/0,v1:172.21.15.7:6789/0] conn(0x7f9144102730 0x7f9144102b40 unknown :-1 s=CLOSED pgs=78 cs=0 l=1 rev1=1 crypto rx=0 tx=0 comp rx=0 tx=0).stop
2024-03-16T08:52:39.147 INFO:teuthology.orchestra.run.smithi007.stdout:/usr/bin/ceph: stderr
2024-03-16T08:52:38.276+0000 7f9149b89700 1 -- 172.21.15.7:0/679285356 >> 172.21.15.7:0/679285356 conn(0x7f91440fdf10 msgr2=0x7f9144100320 unknown :-1 s=STATE_NONE l=0).mark_down
2024-03-16T08:52:39.147 INFO:teuthology.orchestra.run.smithi007.stdout:/usr/bin/ceph: stderr
2024-03-16T08:52:38.276+0000 7f9149b89700 1 -- 172.21.15.7:0/679285356 shutdown_connections
2024-03-16T08:52:39.147 INFO:teuthology.orchestra.run.smithi007.stdout:/usr/bin/ceph: stderr
2024-03-16T08:52:38.276+0000 7f9149b89700 1 -- 172.21.15.7:0/679285356 wait complete.
2024-03-16T08:52:39.147 INFO:teuthology.orchestra.run.smithi007.stdout:/usr/bin/ceph: stderr
2024-03-16T08:52:38.277+0000 7f9149b89700 1 Processor -- start
2024-03-16T08:52:39.147 INFO:teuthology.orchestra.run.smithi007.stdout:/usr/bin/ceph: stderr
2024-03-16T08:52:38.277+0000 7f9149b89700 1 -- start start
2024-03-16T08:52:39.147 INFO:teuthology.orchestra.run.smithi007.stdout:/usr/bin/ceph: stderr
2024-03-16T08:52:38.277+0000 7f9149b89700 1 --2- >> [v2:172.21.15.7:3300/0,v1:172.21.15.7:6789/0] conn(0x7f9144102730 0x7f9144111670 unknown :-1 s=NONE pgs=0 cs=0 l=1 rev1=0 crypto rx=0 tx=0 comp rx=0 tx=0).connect
2024-03-16T08:52:39.147 INFO:teuthology.orchestra.run.smithi007.stdout:/usr/bin/ceph: stderr
2024-03-16T08:52:38.277+0000 7f9149b89700 1 -- --> [v2:172.21.15.7:3300/0,v1:172.21.15.7:6789/0] -- mon_getmap magic: 0 v1 -- 0x7f9144111bb0 con 0x7f9144102730
2024-03-16T08:52:39.147 INFO:teuthology.orchestra.run.smithi007.stdout:/usr/bin/ceph: stderr
2024-03-16T08:52:38.277+0000 7f91437fe700 1 --2- >> [v2:172.21.15.7:3300/0,v1:172.21.15.7:6789/0] conn(0x7f9144102730 0x7f9144111670 unknown :-1 s=BANNER_CONNECTING pgs=0 cs=0 l=1 rev1=0 crypto rx=0 tx=0 comp rx=0 tx=0)._handle_peer_banner_payload supported=3 required=0
2024-03-16T08:52:39.147 INFO:teuthology.orchestra.run.smithi007.stdout:/usr/bin/ceph: stderr
2024-03-16T08:52:38.277+0000 7f91437fe700 1 --2- >> [v2:172.21.15.7:3300/0,v1:172.21.15.7:6789/0] conn(0x7f9144102730 0x7f9144111670 unknown :-1 s=HELLO_CONNECTING pgs=0 cs=0 l=1 rev1=1 crypto rx=0 tx=0 comp rx=0 tx=0).handle_hello peer v2:172.21.15.7:3300/0 says I am v2:172.21.15.7:60136/0 (socket says 172.21.15.7:60136)
2024-03-16T08:52:39.147 INFO:teuthology.orchestra.run.smithi007.stdout:/usr/bin/ceph: stderr
2024-03-16T08:52:38.277+0000 7f91437fe700 1 -- 172.21.15.7:0/1656863527 learned_addr learned my addr 172.21.15.7:0/1656863527 (peer_addr_for_me v2:172.21.15.7:0/0)
2024-03-16T08:52:39.147 INFO:teuthology.orchestra.run.smithi007.stdout:/usr/bin/ceph: stderr
2024-03-16T08:52:38.277+0000 7f91437fe700 1 -- 172.21.15.7:0/1656863527 --> [v2:172.21.15.7:3300/0,v1:172.21.15.7:6789/0] -- mon_subscribe({config=0+,monmap=0+}) v3 -- 0x7f9134009ae0 con 0x7f9144102730
2024-03-16T08:52:39.147 INFO:teuthology.orchestra.run.smithi007.stdout:/usr/bin/ceph: stderr
2024-03-16T08:52:38.277+0000 7f91437fe700 1 --2- 172.21.15.7:0/1656863527 >> [v2:172.21.15.7:3300/0,v1:172.21.15.7:6789/0] conn(0x7f9144102730 0x7f9144111670 secure :-1 s=READY pgs=79 cs=0 l=1 rev1=1 crypto rx=0x7f9134009fd0 tx=0x7f9134009840 comp rx=0 tx=0).ready entity=mon.0 client_cookie=0 server_cookie=0 in_seq=0 out_seq=0
2024-03-16T08:52:39.147 INFO:teuthology.orchestra.run.smithi007.stdout:/usr/bin/ceph: stderr
2024-03-16T08:52:38.278+0000 7f913bfff700 1 -- 172.21.15.7:0/1656863527 <== mon.0 v2:172.21.15.7:3300/0 1 ==== mon_map magic: 0 v1 ==== 229+0+0 (secure 0 0 0) 0x7f91340092e0 con 0x7f9144102730
2024-03-16T08:52:39.147 INFO:teuthology.orchestra.run.smithi007.stdout:/usr/bin/ceph: stderr
2024-03-16T08:52:38.278+0000 7f913bfff700 1 -- 172.21.15.7:0/1656863527 <== mon.0 v2:172.21.15.7:3300/0 2 ==== config(27 keys) v1 ==== 1109+0+0 (secure 0 0 0) 0x7f9134007ce0 con 0x7f9144102730
2024-03-16T08:52:39.148 INFO:teuthology.orchestra.run.smithi007.stdout:/usr/bin/ceph: stderr
2024-03-16T08:52:38.278+0000 7f9149b89700 1 -- 172.21.15.7:0/1656863527 --> [v2:172.21.15.7:3300/0,v1:172.21.15.7:6789/0] -- mon_subscribe({mgrmap=0+}) v3 -- 0x7f9144111db0 con 0x7f9144102730
2024-03-16T08:52:39.148 INFO:teuthology.orchestra.run.smithi007.stdout:/usr/bin/ceph: stderr
2024-03-16T08:52:38.278+0000 7f913bfff700 1 -- 172.21.15.7:0/1656863527 <== mon.0 v2:172.21.15.7:3300/0 3 ==== mon_map magic: 0 v1 ==== 229+0+0 (secure 0 0 0) 0x7f9134025960 con 0x7f9144102730
2024-03-16T08:52:39.148 INFO:teuthology.orchestra.run.smithi007.stdout:/usr/bin/ceph: stderr
2024-03-16T08:52:38.278+0000 7f9149b89700 1 -- 172.21.15.7:0/1656863527 --> [v2:172.21.15.7:3300/0,v1:172.21.15.7:6789/0] -- mon_subscribe({osdmap=0}) v3 -- 0x7f9144112920 con 0x7f9144102730
2024-03-16T08:52:39.148 INFO:teuthology.orchestra.run.smithi007.stdout:/usr/bin/ceph: stderr
2024-03-16T08:52:38.278+0000 7f913bfff700 1 -- 172.21.15.7:0/1656863527 <== mon.0 v2:172.21.15.7:3300/0 4 ==== mgrmap(e 12) v1 ==== 43381+0+0 (secure 0 0 0) 0x7f9134019050 con 0x7f9144102730
2024-03-16T08:52:39.148 INFO:teuthology.orchestra.run.smithi007.stdout:/usr/bin/ceph: stderr
2024-03-16T08:52:38.279+0000 7f9149b89700 1 -- 172.21.15.7:0/1656863527 --> [v2:172.21.15.7:3300/0,v1:172.21.15.7:6789/0] -- mon_command({"prefix": "get_command_descriptions"} v 0) v1 -- 0x7f914405f5f0 con 0x7f9144102730
2024-03-16T08:52:39.148 INFO:teuthology.orchestra.run.smithi007.stdout:/usr/bin/ceph: stderr
2024-03-16T08:52:38.279+0000 7f913bfff700 1 --2- 172.21.15.7:0/1656863527 >> [v2:172.21.15.7:6800/2343923853,v1:172.21.15.7:6801/2343923853] conn(0x7f91300367e0 0x7f9130038c90 unknown :-1 s=NONE pgs=0 cs=0 l=1 rev1=0 crypto rx=0 tx=0 comp rx=0 tx=0).connect
2024-03-16T08:52:39.148 INFO:teuthology.orchestra.run.smithi007.stdout:/usr/bin/ceph: stderr
2024-03-16T08:52:38.279+0000 7f913bfff700 1 -- 172.21.15.7:0/1656863527 <== mon.0 v2:172.21.15.7:3300/0 5 ==== osd_map(3..3 src has 1..3) v4 ==== 1151+0+0 (secure 0 0 0) 0x7f913404a3b0 con 0x7f9144102730
2024-03-16T08:52:39.148 INFO:teuthology.orchestra.run.smithi007.stdout:/usr/bin/ceph: stderr
2024-03-16T08:52:38.279+0000 7f9142ffd700 1 --2- 172.21.15.7:0/1656863527 >> [v2:172.21.15.7:6800/2343923853,v1:172.21.15.7:6801/2343923853] conn(0x7f91300367e0 0x7f9130038c90 unknown :-1 s=BANNER_CONNECTING pgs=0 cs=0 l=1 rev1=0 crypto rx=0 tx=0 comp rx=0 tx=0)._handle_peer_banner_payload supported=3 required=0
2024-03-16T08:52:39.148 INFO:teuthology.orchestra.run.smithi007.stdout:/usr/bin/ceph: stderr
2024-03-16T08:52:38.279+0000 7f9142ffd700 1 --2- 172.21.15.7:0/1656863527 >> [v2:172.21.15.7:6800/2343923853,v1:172.21.15.7:6801/2343923853] conn(0x7f91300367e0 0x7f9130038c90 secure :-1 s=READY pgs=7 cs=0 l=1 rev1=1 crypto rx=0x7f912c009990 tx=0x7f912c006e40 comp rx=0 tx=0).ready entity=mgr.14160 client_cookie=0 server_cookie=0 in_seq=0 out_seq=0
2024-03-16T08:52:39.148 INFO:teuthology.orchestra.run.smithi007.stdout:/usr/bin/ceph: stderr
2024-03-16T08:52:38.283+0000 7f913bfff700 1 -- 172.21.15.7:0/1656863527 <== mon.0 v2:172.21.15.7:3300/0 6 ==== mon_command_ack([{"prefix": "get_command_descriptions"}]=0 v0) v1 ==== 72+0+175445 (secure 0 0 0) 0x7f913402d350 con 0x7f9144102730
2024-03-16T08:52:39.148 INFO:teuthology.orchestra.run.smithi007.stdout:/usr/bin/ceph: stderr
2024-03-16T08:52:38.485+0000 7f9149b89700 1 -- 172.21.15.7:0/1656863527 --> [v2:172.21.15.7:6800/2343923853,v1:172.21.15.7:6801/2343923853] -- mgr_command(tid 0: {"prefix": "dashboard create-self-signed-cert", "target": ["mon-mgr", ""]}) v1 -- 0x7f91440ff2e0 con 0x7f91300367e0
2024-03-16T08:52:39.148 INFO:teuthology.orchestra.run.smithi007.stdout:/usr/bin/ceph: stderr
2024-03-16T08:52:38.554+0000 7f913bfff700 1 -- 172.21.15.7:0/1656863527 <== mgr.14160 v2:172.21.15.7:6800/2343923853 1 ==== mgr_command_reply(tid 0: 0 ) v1 ==== 8+0+32 (secure 0 0 0) 0x7f91440ff2e0 con 0x7f91300367e0
2024-03-16T08:52:39.148 INFO:teuthology.orchestra.run.smithi007.stdout:/usr/bin/ceph: stderr
2024-03-16T08:52:38.556+0000 7f9149b89700 1 -- 172.21.15.7:0/1656863527 >> [v2:172.21.15.7:6800/2343923853,v1:172.21.15.7:6801/2343923853] conn(0x7f91300367e0 msgr2=0x7f9130038c90 secure :-1 s=STATE_CONNECTION_ESTABLISHED l=1).mark_down
2024-03-16T08:52:39.148 INFO:teuthology.orchestra.run.smithi007.stdout:/usr/bin/ceph: stderr
2024-03-16T08:52:38.556+0000 7f9149b89700 1 --2- 172.21.15.7:0/1656863527 >> [v2:172.21.15.7:6800/2343923853,v1:172.21.15.7:6801/2343923853] conn(0x7f91300367e0 0x7f9130038c90 secure :-1 s=READY pgs=7 cs=0 l=1 rev1=1 crypto rx=0x7f912c009990 tx=0x7f912c006e40 comp rx=0 tx=0).stop
2024-03-16T08:52:39.149 INFO:teuthology.orchestra.run.smithi007.stdout:/usr/bin/ceph: stderr
2024-03-16T08:52:38.556+0000 7f9149b89700 1 -- 172.21.15.7:0/1656863527 >> [v2:172.21.15.7:3300/0,v1:172.21.15.7:6789/0] conn(0x7f9144102730 msgr2=0x7f9144111670 secure :-1 s=STATE_CONNECTION_ESTABLISHED l=1).mark_down
2024-03-16T08:52:39.149 INFO:teuthology.orchestra.run.smithi007.stdout:/usr/bin/ceph: stderr
2024-03-16T08:52:38.556+0000 7f9149b89700 1 --2- 172.21.15.7:0/1656863527 >> [v2:172.21.15.7:3300/0,v1:172.21.15.7:6789/0] conn(0x7f9144102730 0x7f9144111670 secure :-1 s=READY pgs=79 cs=0 l=1 rev1=1 crypto rx=0x7f9134009fd0 tx=0x7f9134009840 comp rx=0 tx=0).stop
2024-03-16T08:52:39.149 INFO:teuthology.orchestra.run.smithi007.stdout:/usr/bin/ceph: stderr
2024-03-16T08:52:38.556+0000 7f9149b89700 1 -- 172.21.15.7:0/1656863527 shutdown_connections
2024-03-16T08:52:39.149 INFO:teuthology.orchestra.run.smithi007.stdout:/usr/bin/ceph: stderr
2024-03-16T08:52:38.556+0000 7f9149b89700 1 --2- 172.21.15.7:0/1656863527 >> [v2:172.21.15.7:6800/2343923853,v1:172.21.15.7:6801/2343923853] conn(0x7f91300367e0 0x7f9130038c90 unknown :-1 s=CLOSED pgs=7 cs=0 l=1 rev1=1 crypto rx=0 tx=0 comp rx=0 tx=0).stop
2024-03-16T08:52:39.149 INFO:teuthology.orchestra.run.smithi007.stdout:/usr/bin/ceph: stderr
2024-03-16T08:52:38.556+0000 7f9149b89700 1 --2- 172.21.15.7:0/1656863527 >> [v2:172.21.15.7:3300/0,v1:172.21.15.7:6789/0] conn(0x7f9144102730 0x7f9144111670 unknown :-1 s=CLOSED pgs=79 cs=0 l=1 rev1=1 crypto rx=0 tx=0 comp rx=0 tx=0).stop
2024-03-16T08:52:39.149 INFO:teuthology.orchestra.run.smithi007.stdout:/usr/bin/ceph: stderr
2024-03-16T08:52:38.556+0000 7f9149b89700 1 -- 172.21.15.7:0/1656863527 >> 172.21.15.7:0/1656863527 conn(0x7f91440fdf10 msgr2=0x7f91440feb10 unknown :-1 s=STATE_NONE l=0).mark_down
2024-03-16T08:52:39.149 INFO:teuthology.orchestra.run.smithi007.stdout:/usr/bin/ceph: stderr
2024-03-16T08:52:38.556+0000 7f9149b89700 1 -- 172.21.15.7:0/1656863527 shutdown_connections
2024-03-16T08:52:39.149 INFO:teuthology.orchestra.run.smithi007.stdout:/usr/bin/ceph: stderr
2024-03-16T08:52:38.556+0000 7f9149b89700 1 -- 172.21.15.7:0/1656863527 wait complete.
2024-03-16T08:52:39.149 INFO:teuthology.orchestra.run.smithi007.stdout:Creating initial admin user...
2024-03-16T08:52:39.405 INFO:journalctl@ceph.mon.smithi007.smithi007.stdout:Mar 16 08:52:39 smithi007 ceph-mon[29470]: mgrmap e12: smithi007.uamwtp(active, since 2s)
2024-03-16T08:52:39.405 INFO:journalctl@ceph.mon.smithi007.smithi007.stdout:Mar 16 08:52:39 smithi007 ceph-mon[29470]: from='mgr.14160 172.21.15.7:0/1194604587' entity='mgr.smithi007.uamwtp'
2024-03-16T08:52:39.405 INFO:journalctl@ceph.mon.smithi007.smithi007.stdout:Mar 16 08:52:39 smithi007 ceph-mon[29470]: from='client.14172 -' entity='client.admin' cmd=[{"prefix": "dashboard create-self-signed-cert", "target": ["mon-mgr", ""]}]: dispatch
2024-03-16T08:52:39.405 INFO:journalctl@ceph.mon.smithi007.smithi007.stdout:Mar 16 08:52:39 smithi007 ceph-mon[29470]: from='mgr.14160 172.21.15.7:0/1194604587' entity='mgr.smithi007.uamwtp'
2024-03-16T08:52:39.405 INFO:journalctl@ceph.mon.smithi007.smithi007.stdout:Mar 16 08:52:39 smithi007 ceph-mon[29470]: from='mgr.14160 172.21.15.7:0/1194604587' entity='mgr.smithi007.uamwtp'
2024-03-16T08:52:39.405 INFO:journalctl@ceph.mon.smithi007.smithi007.stdout:Mar 16 08:52:39 smithi007 ceph-mon[29470]: from='mgr.14160 172.21.15.7:0/1194604587' entity='mgr.smithi007.uamwtp'
2024-03-16T08:52:41.498 INFO:journalctl@ceph.mon.smithi007.smithi007.stdout:Mar 16 08:52:41 smithi007 ceph-mon[29470]: from='client.14174 -' entity='client.admin' cmd=[{"prefix": "dashboard ac-user-create", "username": "admin", "rolename": "administrator", "force_password": true, "pwd_update_required": true, "target": ["mon-mgr", ""]}]: dispatch
2024-03-16T08:52:41.498 INFO:journalctl@ceph.mon.smithi007.smithi007.stdout:Mar 16 08:52:41 smithi007 ceph-mon[29470]: from='mgr.14160 172.21.15.7:0/1194604587' entity='mgr.smithi007.uamwtp'
2024-03-16T08:52:41.527 INFO:teuthology.orchestra.run.smithi007.stdout:/usr/bin/ceph: stdout {"username": "admin", "password": "$2b$12$V9Px/d3dSV.7KNxBSZAtt.9tKUckPxTItgdjWyqjKV/97kG66Ghna", "roles": ["administrator"], "name": null, "email": null, "lastUpdate": 1710579160, "enabled": true, "pwdExpirationDate": null, "pwdUpdateRequired": true}
2024-03-16T08:52:41.527 INFO:teuthology.orchestra.run.smithi007.stdout:/usr/bin/ceph: stderr
2024-03-16T08:52:39.632+0000 7fcf9d900700 1 Processor -- start
2024-03-16T08:52:41.527 INFO:teuthology.orchestra.run.smithi007.stdout:/usr/bin/ceph: stderr
2024-03-16T08:52:39.632+0000 7fcf9d900700 1 -- start start
2024-03-16T08:52:41.527 INFO:teuthology.orchestra.run.smithi007.stdout:/usr/bin/ceph: stderr
2024-03-16T08:52:39.632+0000 7fcf9d900700 1 --2- >> [v2:172.21.15.7:3300/0,v1:172.21.15.7:6789/0] conn(0x7fcf98071300 0x7fcf98107740 unknown :-1 s=NONE pgs=0 cs=0 l=0 rev1=0 crypto rx=0 tx=0 comp rx=0 tx=0).connect
2024-03-16T08:52:41.527 INFO:teuthology.orchestra.run.smithi007.stdout:/usr/bin/ceph: stderr
2024-03-16T08:52:39.632+0000 7fcf9d900700 1 -- --> [v2:172.21.15.7:3300/0,v1:172.21.15.7:6789/0] -- mon_getmap magic: 0 v1 -- 0x7fcf98103130 con 0x7fcf98071300
2024-03-16T08:52:41.527 INFO:teuthology.orchestra.run.smithi007.stdout:/usr/bin/ceph: stderr
2024-03-16T08:52:39.632+0000 7fcf96ffd700 1 --2- >> [v2:172.21.15.7:3300/0,v1:172.21.15.7:6789/0] conn(0x7fcf98071300 0x7fcf98107740 unknown :-1 s=BANNER_CONNECTING pgs=0 cs=0 l=0 rev1=0 crypto rx=0 tx=0 comp rx=0 tx=0)._handle_peer_banner_payload supported=3 required=0
2024-03-16T08:52:41.527 INFO:teuthology.orchestra.run.smithi007.stdout:/usr/bin/ceph: stderr
2024-03-16T08:52:39.632+0000 7fcf96ffd700 1 --2- >> [v2:172.21.15.7:3300/0,v1:172.21.15.7:6789/0] conn(0x7fcf98071300 0x7fcf98107740 unknown :-1 s=HELLO_CONNECTING pgs=0 cs=0 l=0 rev1=1 crypto rx=0 tx=0 comp rx=0 tx=0).handle_hello peer v2:172.21.15.7:3300/0 says I am v2:172.21.15.7:60144/0 (socket says 172.21.15.7:60144)
2024-03-16T08:52:41.527 INFO:teuthology.orchestra.run.smithi007.stdout:/usr/bin/ceph: stderr
2024-03-16T08:52:39.632+0000 7fcf96ffd700 1 -- 172.21.15.7:0/1721573177 learned_addr learned my addr 172.21.15.7:0/1721573177 (peer_addr_for_me v2:172.21.15.7:0/0)
2024-03-16T08:52:41.527 INFO:teuthology.orchestra.run.smithi007.stdout:/usr/bin/ceph: stderr
2024-03-16T08:52:39.633+0000 7fcf96ffd700 1 -- 172.21.15.7:0/1721573177 --> [v2:172.21.15.7:3300/0,v1:172.21.15.7:6789/0] -- mon_subscribe({config=0+,monmap=0+}) v3 -- 0x7fcf98107c80 con 0x7fcf98071300
2024-03-16T08:52:41.528 INFO:teuthology.orchestra.run.smithi007.stdout:/usr/bin/ceph: stderr
2024-03-16T08:52:39.633+0000 7fcf96ffd700 1 --2- 172.21.15.7:0/1721573177 >> [v2:172.21.15.7:3300/0,v1:172.21.15.7:6789/0] conn(0x7fcf98071300 0x7fcf98107740 secure :-1 s=READY pgs=80 cs=0 l=1 rev1=1 crypto rx=0x7fcf90009e50 tx=0x7fcf90009840 comp rx=0 tx=0).ready entity=mon.0 client_cookie=f0c14a4900e69d31 server_cookie=0 in_seq=0 out_seq=0
2024-03-16T08:52:41.528 INFO:teuthology.orchestra.run.smithi007.stdout:/usr/bin/ceph: stderr
2024-03-16T08:52:39.633+0000 7fcf95ffb700 1 -- 172.21.15.7:0/1721573177 <== mon.0 v2:172.21.15.7:3300/0 1 ==== mon_map magic: 0 v1 ==== 229+0+0 (secure 0 0 0) 0x7fcf900092e0 con 0x7fcf98071300
2024-03-16T08:52:41.528 INFO:teuthology.orchestra.run.smithi007.stdout:/usr/bin/ceph: stderr
2024-03-16T08:52:39.633+0000 7fcf95ffb700 1 -- 172.21.15.7:0/1721573177 <== mon.0 v2:172.21.15.7:3300/0 2 ==== config(27 keys) v1 ==== 1109+0+0 (secure 0 0 0) 0x7fcf90012430 con 0x7fcf98071300
2024-03-16T08:52:41.528 INFO:teuthology.orchestra.run.smithi007.stdout:/usr/bin/ceph: stderr
2024-03-16T08:52:39.633+0000 7fcf95ffb700 1 -- 172.21.15.7:0/1721573177 <== mon.0 v2:172.21.15.7:3300/0 3 ==== mon_map magic: 0 v1 ==== 229+0+0 (secure 0 0 0) 0x7fcf900075a0 con 0x7fcf98071300
2024-03-16T08:52:41.528 INFO:teuthology.orchestra.run.smithi007.stdout:/usr/bin/ceph: stderr
2024-03-16T08:52:39.633+0000 7fcf9d900700 1 -- 172.21.15.7:0/1721573177 >> [v2:172.21.15.7:3300/0,v1:172.21.15.7:6789/0] conn(0x7fcf98071300 msgr2=0x7fcf98107740 secure :-1 s=STATE_CONNECTION_ESTABLISHED l=1).mark_down
2024-03-16T08:52:41.528 INFO:teuthology.orchestra.run.smithi007.stdout:/usr/bin/ceph: stderr
2024-03-16T08:52:39.633+0000 7fcf9d900700 1 --2- 172.21.15.7:0/1721573177 >> [v2:172.21.15.7:3300/0,v1:172.21.15.7:6789/0] conn(0x7fcf98071300 0x7fcf98107740 secure :-1 s=READY pgs=80 cs=0 l=1 rev1=1 crypto rx=0x7fcf90009e50 tx=0x7fcf90009840 comp rx=0 tx=0).stop
2024-03-16T08:52:41.528 INFO:teuthology.orchestra.run.smithi007.stdout:/usr/bin/ceph: stderr
2024-03-16T08:52:39.634+0000 7fcf9d900700 1 -- 172.21.15.7:0/1721573177 shutdown_connections
2024-03-16T08:52:41.528 INFO:teuthology.orchestra.run.smithi007.stdout:/usr/bin/ceph: stderr
2024-03-16T08:52:39.634+0000 7fcf9d900700 1 --2- 172.21.15.7:0/1721573177 >> [v2:172.21.15.7:3300/0,v1:172.21.15.7:6789/0] conn(0x7fcf98071300 0x7fcf98107740 unknown :-1 s=CLOSED pgs=80 cs=0 l=1 rev1=1 crypto rx=0 tx=0 comp rx=0 tx=0).stop
2024-03-16T08:52:41.528 INFO:teuthology.orchestra.run.smithi007.stdout:/usr/bin/ceph: stderr
2024-03-16T08:52:39.634+0000 7fcf9d900700 1 -- 172.21.15.7:0/1721573177 >> 172.21.15.7:0/1721573177 conn(0x7fcf980fcd50 msgr2=0x7fcf980ff160 unknown :-1 s=STATE_NONE l=0).mark_down
2024-03-16T08:52:41.528 INFO:teuthology.orchestra.run.smithi007.stdout:/usr/bin/ceph: stderr
2024-03-16T08:52:39.634+0000 7fcf9d900700 1 -- 172.21.15.7:0/1721573177 shutdown_connections
2024-03-16T08:52:41.528 INFO:teuthology.orchestra.run.smithi007.stdout:/usr/bin/ceph: stderr
2024-03-16T08:52:39.634+0000 7fcf9d900700 1 -- 172.21.15.7:0/1721573177 wait complete.
2024-03-16T08:52:41.528 INFO:teuthology.orchestra.run.smithi007.stdout:/usr/bin/ceph: stderr
2024-03-16T08:52:39.634+0000 7fcf9d900700 1 Processor -- start
2024-03-16T08:52:41.528 INFO:teuthology.orchestra.run.smithi007.stdout:/usr/bin/ceph: stderr
2024-03-16T08:52:39.634+0000 7fcf9d900700 1 -- start start
2024-03-16T08:52:41.528 INFO:teuthology.orchestra.run.smithi007.stdout:/usr/bin/ceph: stderr
2024-03-16T08:52:39.634+0000 7fcf9d900700 1 --2- >> [v2:172.21.15.7:3300/0,v1:172.21.15.7:6789/0] conn(0x7fcf98071300 0x7fcf98113880 unknown :-1 s=NONE pgs=0 cs=0 l=1 rev1=0 crypto rx=0 tx=0 comp rx=0 tx=0).connect
2024-03-16T08:52:41.529 INFO:teuthology.orchestra.run.smithi007.stdout:/usr/bin/ceph: stderr
2024-03-16T08:52:39.634+0000 7fcf9d900700 1 -- --> [v2:172.21.15.7:3300/0,v1:172.21.15.7:6789/0] -- mon_getmap magic: 0 v1 -- 0x7fcf98113dc0 con 0x7fcf98071300
2024-03-16T08:52:41.529 INFO:teuthology.orchestra.run.smithi007.stdout:/usr/bin/ceph: stderr
2024-03-16T08:52:39.635+0000 7fcf96ffd700 1 --2- >> [v2:172.21.15.7:3300/0,v1:172.21.15.7:6789/0] conn(0x7fcf98071300 0x7fcf98113880 unknown :-1 s=BANNER_CONNECTING pgs=0 cs=0 l=1 rev1=0 crypto rx=0 tx=0 comp rx=0 tx=0)._handle_peer_banner_payload supported=3 required=0
2024-03-16T08:52:41.529 INFO:teuthology.orchestra.run.smithi007.stdout:/usr/bin/ceph: stderr
2024-03-16T08:52:39.635+0000 7fcf96ffd700 1 --2- >> [v2:172.21.15.7:3300/0,v1:172.21.15.7:6789/0] conn(0x7fcf98071300 0x7fcf98113880 unknown :-1 s=HELLO_CONNECTING pgs=0 cs=0 l=1 rev1=1 crypto rx=0 tx=0 comp rx=0 tx=0).handle_hello peer v2:172.21.15.7:3300/0 says I am v2:172.21.15.7:60160/0 (socket says 172.21.15.7:60160)
2024-03-16T08:52:41.529 INFO:teuthology.orchestra.run.smithi007.stdout:/usr/bin/ceph: stderr
2024-03-16T08:52:39.635+0000 7fcf96ffd700 1 -- 172.21.15.7:0/716844320 learned_addr learned my addr 172.21.15.7:0/716844320 (peer_addr_for_me v2:172.21.15.7:0/0)
2024-03-16T08:52:41.529 INFO:teuthology.orchestra.run.smithi007.stdout:/usr/bin/ceph: stderr
2024-03-16T08:52:39.635+0000 7fcf96ffd700 1 -- 172.21.15.7:0/716844320 --> [v2:172.21.15.7:3300/0,v1:172.21.15.7:6789/0] -- mon_subscribe({config=0+,monmap=0+}) v3 -- 0x7fcf90009ae0 con 0x7fcf98071300
2024-03-16T08:52:41.529 INFO:teuthology.orchestra.run.smithi007.stdout:/usr/bin/ceph: stderr
2024-03-16T08:52:39.635+0000 7fcf96ffd700 1 --2- 172.21.15.7:0/716844320 >> [v2:172.21.15.7:3300/0,v1:172.21.15.7:6789/0] conn(0x7fcf98071300 0x7fcf98113880 secure :-1 s=READY pgs=81 cs=0 l=1 rev1=1 crypto rx=0x7fcf90012de0 tx=0x7fcf90009840 comp rx=0 tx=0).ready entity=mon.0 client_cookie=0 server_cookie=0 in_seq=0 out_seq=0
2024-03-16T08:52:41.529 INFO:teuthology.orchestra.run.smithi007.stdout:/usr/bin/ceph: stderr
2024-03-16T08:52:39.635+0000 7fcf8f7fe700 1 -- 172.21.15.7:0/716844320 <== mon.0 v2:172.21.15.7:3300/0 1 ==== mon_map magic: 0 v1 ==== 229+0+0 (secure 0 0 0) 0x7fcf900092e0 con 0x7fcf98071300
2024-03-16T08:52:41.529 INFO:teuthology.orchestra.run.smithi007.stdout:/usr/bin/ceph: stderr
2024-03-16T08:52:39.635+0000 7fcf9d900700 1 -- 172.21.15.7:0/716844320 --> [v2:172.21.15.7:3300/0,v1:172.21.15.7:6789/0] -- mon_subscribe({mgrmap=0+}) v3 -- 0x7fcf98113fc0 con 0x7fcf98071300
2024-03-16T08:52:41.529 INFO:teuthology.orchestra.run.smithi007.stdout:/usr/bin/ceph: stderr
2024-03-16T08:52:39.635+0000 7fcf8f7fe700 1 -- 172.21.15.7:0/716844320 <== mon.0 v2:172.21.15.7:3300/0 2 ==== config(27 keys) v1 ==== 1109+0+0 (secure 0 0 0) 0x7fcf90007ce0 con 0x7fcf98071300
2024-03-16T08:52:41.529 INFO:teuthology.orchestra.run.smithi007.stdout:/usr/bin/ceph: stderr
2024-03-16T08:52:39.635+0000 7fcf8f7fe700 1 -- 172.21.15.7:0/716844320 <== mon.0 v2:172.21.15.7:3300/0 3 ==== mon_map magic: 0 v1 ==== 229+0+0 (secure 0 0 0) 0x7fcf90025910 con 0x7fcf98071300
2024-03-16T08:52:41.529 INFO:teuthology.orchestra.run.smithi007.stdout:/usr/bin/ceph: stderr
2024-03-16T08:52:39.635+0000 7fcf9d900700 1 -- 172.21.15.7:0/716844320 --> [v2:172.21.15.7:3300/0,v1:172.21.15.7:6789/0] -- mon_subscribe({osdmap=0}) v3 -- 0x7fcf98114b30 con 0x7fcf98071300
2024-03-16T08:52:41.529 INFO:teuthology.orchestra.run.smithi007.stdout:/usr/bin/ceph: stderr
2024-03-16T08:52:39.636+0000 7fcf8f7fe700 1 -- 172.21.15.7:0/716844320 <== mon.0 v2:172.21.15.7:3300/0 4 ==== mgrmap(e 12) v1 ==== 43381+0+0 (secure 0 0 0) 0x7fcf90019050 con 0x7fcf98071300
2024-03-16T08:52:41.529 INFO:teuthology.orchestra.run.smithi007.stdout:/usr/bin/ceph: stderr
2024-03-16T08:52:39.636+0000 7fcf8f7fe700 1 --2- 172.21.15.7:0/716844320 >> [v2:172.21.15.7:6800/2343923853,v1:172.21.15.7:6801/2343923853] conn(0x7fcf840367e0 0x7fcf84038c90 unknown :-1 s=NONE pgs=0 cs=0 l=1 rev1=0 crypto rx=0 tx=0 comp rx=0 tx=0).connect
2024-03-16T08:52:41.529 INFO:teuthology.orchestra.run.smithi007.stdout:/usr/bin/ceph: stderr
2024-03-16T08:52:39.636+0000 7fcf8f7fe700 1 -- 172.21.15.7:0/716844320 <== mon.0 v2:172.21.15.7:3300/0 5 ==== osd_map(3..3 src has 1..3) v4 ==== 1151+0+0 (secure 0 0 0) 0x7fcf9004a1d0 con 0x7fcf98071300
2024-03-16T08:52:41.529 INFO:teuthology.orchestra.run.smithi007.stdout:/usr/bin/ceph: stderr
2024-03-16T08:52:39.636+0000 7fcf967fc700 1 --2- 172.21.15.7:0/716844320 >> [v2:172.21.15.7:6800/2343923853,v1:172.21.15.7:6801/2343923853] conn(0x7fcf840367e0 0x7fcf84038c90 unknown :-1 s=BANNER_CONNECTING pgs=0 cs=0 l=1 rev1=0 crypto rx=0 tx=0 comp rx=0 tx=0)._handle_peer_banner_payload supported=3 required=0
2024-03-16T08:52:41.530 INFO:teuthology.orchestra.run.smithi007.stdout:/usr/bin/ceph: stderr
2024-03-16T08:52:39.637+0000 7fcf9d900700 1 -- 172.21.15.7:0/716844320 --> [v2:172.21.15.7:3300/0,v1:172.21.15.7:6789/0] -- mon_command({"prefix": "get_command_descriptions"} v 0) v1 -- 0x7fcf9805f5f0 con 0x7fcf98071300
2024-03-16T08:52:41.530 INFO:teuthology.orchestra.run.smithi007.stdout:/usr/bin/ceph: stderr
2024-03-16T08:52:39.637+0000 7fcf967fc700 1 --2- 172.21.15.7:0/716844320 >> [v2:172.21.15.7:6800/2343923853,v1:172.21.15.7:6801/2343923853] conn(0x7fcf840367e0 0x7fcf84038c90 secure :-1 s=READY pgs=8 cs=0 l=1 rev1=1 crypto rx=0x7fcf80009990 tx=0x7fcf80006e40 comp rx=0 tx=0).ready entity=mgr.14160 client_cookie=0 server_cookie=0 in_seq=0 out_seq=0
2024-03-16T08:52:41.530 INFO:teuthology.orchestra.run.smithi007.stdout:/usr/bin/ceph: stderr
2024-03-16T08:52:39.642+0000 7fcf8f7fe700 1 -- 172.21.15.7:0/716844320 <== mon.0 v2:172.21.15.7:3300/0 6 ==== mon_command_ack([{"prefix": "get_command_descriptions"}]=0 v0) v1 ==== 72+0+175445 (secure 0 0 0) 0x7fcf90017020 con 0x7fcf98071300
2024-03-16T08:52:41.530 INFO:teuthology.orchestra.run.smithi007.stdout:/usr/bin/ceph: stderr
2024-03-16T08:52:39.871+0000 7fcf9d900700 1 -- 172.21.15.7:0/716844320 --> [v2:172.21.15.7:6800/2343923853,v1:172.21.15.7:6801/2343923853] -- mgr_command(tid 0: {"prefix": "dashboard ac-user-create", "username": "admin", "rolename": "administrator", "force_password": true, "pwd_update_required": true, "target": ["mon-mgr", ""]}) v1 -- 0x7fcf9805f410 con 0x7fcf840367e0
2024-03-16T08:52:41.530 INFO:teuthology.orchestra.run.smithi007.stdout:/usr/bin/ceph: stderr
2024-03-16T08:52:40.117+0000 7fcf8f7fe700 1 -- 172.21.15.7:0/716844320 <== mgr.14160 v2:172.21.15.7:6800/2343923853 1 ==== mgr_command_reply(tid 0: 0 ) v1 ==== 8+0+252 (secure 0 0 0) 0x7fcf9805f410 con 0x7fcf840367e0
