2024-03-16T08:52:02.126 INFO:teuthology.orchestra.run.smithi007.stdout:/usr/bin/ceph: stderr
2024-03-16T08:51:59.526+0000 7f0003fff700 1 -- 172.21.15.7:0/3523289362 >> [v2:172.21.15.7:6800/490303564,v1:172.21.15.7:6801/490303564] conn(0x7efff40367e0 msgr2=0x7efff4038c90 unknown :-1 s=STATE_CONNECTING_RE l=1).process reconnect failed to v2:172.21.15.7:6800/490303564
2024-03-16T08:52:02.126 INFO:teuthology.orchestra.run.smithi007.stdout:/usr/bin/ceph: stderr
2024-03-16T08:51:59.526+0000 7f0003fff700 1 --2- 172.21.15.7:0/3523289362 >> [v2:172.21.15.7:6800/490303564,v1:172.21.15.7:6801/490303564] conn(0x7efff40367e0 0x7efff4038c90 unknown :-1 s=START_CONNECT pgs=0 cs=0 l=1 rev1=0 crypto rx=0 tx=0 comp rx=0 tx=0)._fault waiting 0.200000
2024-03-16T08:52:02.127 INFO:teuthology.orchestra.run.smithi007.stdout:/usr/bin/ceph: stderr
2024-03-16T08:51:59.526+0000 7f000ae5c700 1 -- 172.21.15.7:0/3523289362 --> [v2:172.21.15.7:3300/0,v1:172.21.15.7:6789/0] -- mon_command({"prefix": "get_command_descriptions"} v 0) v1 -- 0x7f000405f5f0 con 0x7f0004102710
2024-03-16T08:52:02.127 INFO:teuthology.orchestra.run.smithi007.stdout:/usr/bin/ceph: stderr
2024-03-16T08:51:59.531+0000 7f00017fa700 1 -- 172.21.15.7:0/3523289362 <== mon.0 v2:172.21.15.7:3300/0 6 ==== mon_command_ack([{"prefix": "get_command_descriptions"}]=0 v0) v1 ==== 72+0+175445 (secure 0 0 0) 0x7efff8018940 con 0x7f0004102710
2024-03-16T08:52:02.127 INFO:teuthology.orchestra.run.smithi007.stdout:/usr/bin/ceph: stderr
2024-03-16T08:51:59.727+0000 7f0003fff700 1 -- 172.21.15.7:0/3523289362 >> [v2:172.21.15.7:6800/490303564,v1:172.21.15.7:6801/490303564] conn(0x7efff40367e0 msgr2=0x7efff4038c90 unknown :-1 s=STATE_CONNECTING_RE l=1).process reconnect failed to v2:172.21.15.7:6800/490303564
2024-03-16T08:52:02.127 INFO:teuthology.orchestra.run.smithi007.stdout:/usr/bin/ceph: stderr
2024-03-16T08:51:59.727+0000 7f0003fff700 1 --2- 172.21.15.7:0/3523289362 >> [v2:172.21.15.7:6800/490303564,v1:172.21.15.7:6801/490303564] conn(0x7efff40367e0 0x7efff4038c90 unknown :-1 s=START_CONNECT pgs=0 cs=0 l=1 rev1=0 crypto rx=0 tx=0 comp rx=0 tx=0)._fault waiting 0.400000
2024-03-16T08:52:02.127 INFO:teuthology.orchestra.run.smithi007.stdout:/usr/bin/ceph: stderr
2024-03-16T08:51:59.779+0000 7f000ae5c700 1 -- 172.21.15.7:0/3523289362 --> [v2:172.21.15.7:3300/0,v1:172.21.15.7:6789/0] -- mon_command({"prefix": "mgr stat"} v 0) v1 -- 0x7f0004112a50 con 0x7f0004102710
2024-03-16T08:52:02.127 INFO:teuthology.orchestra.run.smithi007.stdout:/usr/bin/ceph: stderr
2024-03-16T08:51:59.780+0000 7f00017fa700 1 -- 172.21.15.7:0/3523289362 <== mon.0 v2:172.21.15.7:3300/0 7 ==== mon_command_ack([{"prefix": "mgr stat"}]=0 v5) v1 ==== 56+0+103 (secure 0 0 0) 0x7efff8018350 con 0x7f0004102710
2024-03-16T08:52:02.127 INFO:teuthology.orchestra.run.smithi007.stdout:/usr/bin/ceph: stderr
2024-03-16T08:51:59.782+0000 7f000ae5c700 1 -- 172.21.15.7:0/3523289362 >> [v2:172.21.15.7:6800/490303564,v1:172.21.15.7:6801/490303564] conn(0x7efff40367e0 msgr2=0x7efff4038c90 unknown :-1 s=STATE_CONNECTING l=1).mark_down
2024-03-16T08:52:02.127 INFO:teuthology.orchestra.run.smithi007.stdout:/usr/bin/ceph: stderr
2024-03-16T08:51:59.782+0000 7f000ae5c700 1 --2- 172.21.15.7:0/3523289362 >> [v2:172.21.15.7:6800/490303564,v1:172.21.15.7:6801/490303564] conn(0x7efff40367e0 0x7efff4038c90 unknown :-1 s=START_CONNECT pgs=0 cs=0 l=1 rev1=0 crypto rx=0 tx=0 comp rx=0 tx=0).stop
2024-03-16T08:52:02.127 INFO:teuthology.orchestra.run.smithi007.stdout:/usr/bin/ceph: stderr
2024-03-16T08:51:59.782+0000 7f000ae5c700 1 -- 172.21.15.7:0/3523289362 >> [v2:172.21.15.7:3300/0,v1:172.21.15.7:6789/0] conn(0x7f0004102710 msgr2=0x7f0004111560 secure :-1 s=STATE_CONNECTION_ESTABLISHED l=1).mark_down
2024-03-16T08:52:02.127 INFO:teuthology.orchestra.run.smithi007.stdout:/usr/bin/ceph: stderr
2024-03-16T08:51:59.782+0000 7f000ae5c700 1 --2- 172.21.15.7:0/3523289362 >> [v2:172.21.15.7:3300/0,v1:172.21.15.7:6789/0] conn(0x7f0004102710 0x7f0004111560 secure :-1 s=READY pgs=25 cs=0 l=1 rev1=1 crypto rx=0x7efff800b440 tx=0x7efff8009250 comp rx=0 tx=0).stop
2024-03-16T08:52:02.127 INFO:teuthology.orchestra.run.smithi007.stdout:/usr/bin/ceph: stderr
2024-03-16T08:51:59.782+0000 7f000ae5c700 1 -- 172.21.15.7:0/3523289362 shutdown_connections
2024-03-16T08:52:02.127 INFO:teuthology.orchestra.run.smithi007.stdout:/usr/bin/ceph: stderr
2024-03-16T08:51:59.782+0000 7f000ae5c700 1 --2- 172.21.15.7:0/3523289362 >> [v2:172.21.15.7:6800/490303564,v1:172.21.15.7:6801/490303564] conn(0x7efff40367e0 0x7efff4038c90 unknown :-1 s=CLOSED pgs=0 cs=0 l=1 rev1=0 crypto rx=0 tx=0 comp rx=0 tx=0).stop
2024-03-16T08:52:02.127 INFO:teuthology.orchestra.run.smithi007.stdout:/usr/bin/ceph: stderr
2024-03-16T08:51:59.782+0000 7f000ae5c700 1 --2- 172.21.15.7:0/3523289362 >> [v2:172.21.15.7:3300/0,v1:172.21.15.7:6789/0] conn(0x7f0004102710 0x7f0004111560 unknown :-1 s=CLOSED pgs=25 cs=0 l=1 rev1=1 crypto rx=0 tx=0 comp rx=0 tx=0).stop
2024-03-16T08:52:02.127 INFO:teuthology.orchestra.run.smithi007.stdout:/usr/bin/ceph: stderr
2024-03-16T08:51:59.782+0000 7f000ae5c700 1 -- 172.21.15.7:0/3523289362 >> 172.21.15.7:0/3523289362 conn(0x7f00040fdef0 msgr2=0x7f00040fea70 unknown :-1 s=STATE_NONE l=0).mark_down
2024-03-16T08:52:02.127 INFO:teuthology.orchestra.run.smithi007.stdout:/usr/bin/ceph: stderr
2024-03-16T08:51:59.782+0000 7f000ae5c700 1 -- 172.21.15.7:0/3523289362 shutdown_connections
2024-03-16T08:52:02.128 INFO:teuthology.orchestra.run.smithi007.stdout:/usr/bin/ceph: stderr
2024-03-16T08:51:59.782+0000 7f000ae5c700 1 -- 172.21.15.7:0/3523289362 wait complete.
2024-03-16T08:52:02.128 INFO:teuthology.orchestra.run.smithi007.stdout:Waiting for the mgr to restart...
2024-03-16T08:52:02.128 INFO:teuthology.orchestra.run.smithi007.stdout:Waiting for mgr epoch 5...
2024-03-16T08:52:05.748 INFO:journalctl@ceph.mon.smithi007.smithi007.stdout:Mar 16 08:52:05 smithi007 ceph-mon[29470]: Active manager daemon smithi007.uamwtp restarted
2024-03-16T08:52:05.748 INFO:journalctl@ceph.mon.smithi007.smithi007.stdout:Mar 16 08:52:05 smithi007 ceph-mon[29470]: Activating manager daemon smithi007.uamwtp
2024-03-16T08:52:05.748 INFO:journalctl@ceph.mon.smithi007.smithi007.stdout:Mar 16 08:52:05 smithi007 ceph-mon[29470]: osdmap e2: 0 total, 0 up, 0 in
2024-03-16T08:52:05.748 INFO:journalctl@ceph.mon.smithi007.smithi007.stdout:Mar 16 08:52:05 smithi007 ceph-mon[29470]: mgrmap e6: smithi007.uamwtp(active, starting, since 0.00316092s)
2024-03-16T08:52:05.748 INFO:journalctl@ceph.mon.smithi007.smithi007.stdout:Mar 16 08:52:05 smithi007 ceph-mon[29470]: from='mgr.14118 172.21.15.7:0/2002449092' entity='mgr.smithi007.uamwtp' cmd=[{"prefix": "mon metadata", "id": "smithi007"}]: dispatch
2024-03-16T08:52:05.748 INFO:journalctl@ceph.mon.smithi007.smithi007.stdout:Mar 16 08:52:05 smithi007 ceph-mon[29470]: from='mgr.14118 172.21.15.7:0/2002449092' entity='mgr.smithi007.uamwtp' cmd=[{"prefix": "mgr metadata", "who": "smithi007.uamwtp", "id": "smithi007.uamwtp"}]: dispatch
2024-03-16T08:52:05.748 INFO:journalctl@ceph.mon.smithi007.smithi007.stdout:Mar 16 08:52:05 smithi007 ceph-mon[29470]: from='mgr.14118 172.21.15.7:0/2002449092' entity='mgr.smithi007.uamwtp' cmd=[{"prefix": "mds metadata"}]: dispatch
2024-03-16T08:52:05.748 INFO:journalctl@ceph.mon.smithi007.smithi007.stdout:Mar 16 08:52:05 smithi007 ceph-mon[29470]: from='mgr.14118 172.21.15.7:0/2002449092' entity='mgr.smithi007.uamwtp' cmd=[{"prefix": "osd metadata"}]: dispatch
2024-03-16T08:52:05.748 INFO:journalctl@ceph.mon.smithi007.smithi007.stdout:Mar 16 08:52:05 smithi007 ceph-mon[29470]: from='mgr.14118 172.21.15.7:0/2002449092' entity='mgr.smithi007.uamwtp' cmd=[{"prefix": "mon metadata"}]: dispatch
2024-03-16T08:52:05.748 INFO:journalctl@ceph.mon.smithi007.smithi007.stdout:Mar 16 08:52:05 smithi007 ceph-mon[29470]: Manager daemon smithi007.uamwtp is now available
2024-03-16T08:52:05.749 INFO:journalctl@ceph.mon.smithi007.smithi007.stdout:Mar 16 08:52:05 smithi007 ceph-mon[29470]: from='mgr.14118 172.21.15.7:0/2002449092' entity='mgr.smithi007.uamwtp'
2024-03-16T08:52:05.749 INFO:journalctl@ceph.mon.smithi007.smithi007.stdout:Mar 16 08:52:05 smithi007 ceph-mon[29470]: from='mgr.14118 172.21.15.7:0/2002449092' entity='mgr.smithi007.uamwtp'
2024-03-16T08:52:05.749 INFO:journalctl@ceph.mon.smithi007.smithi007.stdout:Mar 16 08:52:05 smithi007 ceph-mon[29470]: from='mgr.14118 172.21.15.7:0/2002449092' entity='mgr.smithi007.uamwtp' cmd=[{"prefix": "config dump", "format": "json"}]: dispatch
2024-03-16T08:52:05.749 INFO:journalctl@ceph.mon.smithi007.smithi007.stdout:Mar 16 08:52:05 smithi007 ceph-mon[29470]: from='mgr.14118 172.21.15.7:0/2002449092' entity='mgr.smithi007.uamwtp' cmd=[{"prefix": "config dump", "format": "json"}]: dispatch
2024-03-16T08:52:05.749 INFO:journalctl@ceph.mon.smithi007.smithi007.stdout:Mar 16 08:52:05 smithi007 ceph-mon[29470]: from='mgr.14118 172.21.15.7:0/2002449092' entity='mgr.smithi007.uamwtp' cmd=[{"prefix": "config dump", "format": "json"}]: dispatch
2024-03-16T08:52:06.498 INFO:journalctl@ceph.mon.smithi007.smithi007.stdout:Mar 16 08:52:06 smithi007 ceph-mon[29470]: Found migration_current of "None". Setting to last migration.
2024-03-16T08:52:06.498 INFO:journalctl@ceph.mon.smithi007.smithi007.stdout:Mar 16 08:52:06 smithi007 ceph-mon[29470]: from='mgr.14118 172.21.15.7:0/2002449092' entity='mgr.smithi007.uamwtp' cmd=[{"prefix":"config rm","who":"mgr","name":"mgr/rbd_support/smithi007.uamwtp/mirror_snapshot_schedule"}]: dispatch
2024-03-16T08:52:06.498 INFO:journalctl@ceph.mon.smithi007.smithi007.stdout:Mar 16 08:52:06 smithi007 ceph-mon[29470]: from='mgr.14118 172.21.15.7:0/2002449092' entity='mgr.smithi007.uamwtp' cmd=[{"prefix":"config rm","who":"mgr","name":"mgr/rbd_support/smithi007.uamwtp/trash_purge_schedule"}]: dispatch
2024-03-16T08:52:06.498 INFO:journalctl@ceph.mon.smithi007.smithi007.stdout:Mar 16 08:52:06 smithi007 ceph-mon[29470]: mgrmap e7: smithi007.uamwtp(active, since 1.00498s)
2024-03-16T08:52:06.795 INFO:teuthology.orchestra.run.smithi007.stdout:/usr/bin/ceph: stdout {
2024-03-16T08:52:06.796 INFO:teuthology.orchestra.run.smithi007.stdout:/usr/bin/ceph: stdout "mgrmap_epoch": 7,
2024-03-16T08:52:06.796 INFO:teuthology.orchestra.run.smithi007.stdout:/usr/bin/ceph: stdout "initialized": true
2024-03-16T08:52:06.796 INFO:teuthology.orchestra.run.smithi007.stdout:/usr/bin/ceph: stdout }
2024-03-16T08:52:06.796 INFO:teuthology.orchestra.run.smithi007.stdout:/usr/bin/ceph: stderr
2024-03-16T08:52:02.543+0000 7f5781f8a700 1 Processor -- start
2024-03-16T08:52:06.796 INFO:teuthology.orchestra.run.smithi007.stdout:/usr/bin/ceph: stderr
2024-03-16T08:52:02.543+0000 7f5781f8a700 1 -- start start
2024-03-16T08:52:06.796 INFO:teuthology.orchestra.run.smithi007.stdout:/usr/bin/ceph: stderr
2024-03-16T08:52:02.544+0000 7f5781f8a700 1 --2- >> [v2:172.21.15.7:3300/0,v1:172.21.15.7:6789/0] conn(0x7f577c102720 0x7f577c102b30 unknown :-1 s=NONE pgs=0 cs=0 l=0 rev1=0 crypto rx=0 tx=0 comp rx=0 tx=0).connect
2024-03-16T08:52:06.796 INFO:teuthology.orchestra.run.smithi007.stdout:/usr/bin/ceph: stderr
2024-03-16T08:52:02.544+0000 7f5781f8a700 1 -- --> [v2:172.21.15.7:3300/0,v1:172.21.15.7:6789/0] -- mon_getmap magic: 0 v1 -- 0x7f577c103070 con 0x7f577c102720
2024-03-16T08:52:06.796 INFO:teuthology.orchestra.run.smithi007.stdout:/usr/bin/ceph: stderr
2024-03-16T08:52:02.544+0000 7f577b7fe700 1 --2- >> [v2:172.21.15.7:3300/0,v1:172.21.15.7:6789/0] conn(0x7f577c102720 0x7f577c102b30 unknown :-1 s=BANNER_CONNECTING pgs=0 cs=0 l=0 rev1=0 crypto rx=0 tx=0 comp rx=0 tx=0)._handle_peer_banner_payload supported=3 required=0
2024-03-16T08:52:06.796 INFO:teuthology.orchestra.run.smithi007.stdout:/usr/bin/ceph: stderr
2024-03-16T08:52:02.544+0000 7f577b7fe700 1 --2- >> [v2:172.21.15.7:3300/0,v1:172.21.15.7:6789/0] conn(0x7f577c102720 0x7f577c102b30 unknown :-1 s=HELLO_CONNECTING pgs=0 cs=0 l=0 rev1=1 crypto rx=0 tx=0 comp rx=0 tx=0).handle_hello peer v2:172.21.15.7:3300/0 says I am v2:172.21.15.7:38238/0 (socket says 172.21.15.7:38238)
2024-03-16T08:52:06.796 INFO:teuthology.orchestra.run.smithi007.stdout:/usr/bin/ceph: stderr
2024-03-16T08:52:02.544+0000 7f577b7fe700 1 -- 172.21.15.7:0/2201499142 learned_addr learned my addr 172.21.15.7:0/2201499142 (peer_addr_for_me v2:172.21.15.7:0/0)
2024-03-16T08:52:06.796 INFO:teuthology.orchestra.run.smithi007.stdout:/usr/bin/ceph: stderr
2024-03-16T08:52:02.544+0000 7f577b7fe700 1 -- 172.21.15.7:0/2201499142 --> [v2:172.21.15.7:3300/0,v1:172.21.15.7:6789/0] -- mon_subscribe({config=0+,monmap=0+}) v3 -- 0x7f577c1031b0 con 0x7f577c102720
2024-03-16T08:52:06.796 INFO:teuthology.orchestra.run.smithi007.stdout:/usr/bin/ceph: stderr
2024-03-16T08:52:02.544+0000 7f577b7fe700 1 --2- 172.21.15.7:0/2201499142 >> [v2:172.21.15.7:3300/0,v1:172.21.15.7:6789/0] conn(0x7f577c102720 0x7f577c102b30 secure :-1 s=READY pgs=26 cs=0 l=1 rev1=1 crypto rx=0x7f57640098e0 tx=0x7f5764009250 comp rx=0 tx=0).ready entity=mon.0 client_cookie=587eb307ea3e39af server_cookie=0 in_seq=0 out_seq=0
2024-03-16T08:52:06.797 INFO:teuthology.orchestra.run.smithi007.stdout:/usr/bin/ceph: stderr
2024-03-16T08:52:02.544+0000 7f577a7fc700 1 -- 172.21.15.7:0/2201499142 <== mon.0 v2:172.21.15.7:3300/0 1 ==== mon_map magic: 0 v1 ==== 229+0+0 (secure 0 0 0) 0x7f576400b860 con 0x7f577c102720
2024-03-16T08:52:06.797 INFO:teuthology.orchestra.run.smithi007.stdout:/usr/bin/ceph: stderr
2024-03-16T08:52:02.544+0000 7f577a7fc700 1 -- 172.21.15.7:0/2201499142 <== mon.0 v2:172.21.15.7:3300/0 2 ==== config(27 keys) v1 ==== 1044+0+0 (secure 0 0 0) 0x7f576400be50 con 0x7f577c102720
2024-03-16T08:52:06.797 INFO:teuthology.orchestra.run.smithi007.stdout:/usr/bin/ceph: stderr
2024-03-16T08:52:02.544+0000 7f577a7fc700 1 -- 172.21.15.7:0/2201499142 <== mon.0 v2:172.21.15.7:3300/0 3 ==== mon_map magic: 0 v1 ==== 229+0+0 (secure 0 0 0) 0x7f5764010380 con 0x7f577c102720
2024-03-16T08:52:06.797 INFO:teuthology.orchestra.run.smithi007.stdout:/usr/bin/ceph: stderr
2024-03-16T08:52:02.545+0000 7f5781f8a700 1 -- 172.21.15.7:0/2201499142 >> [v2:172.21.15.7:3300/0,v1:172.21.15.7:6789/0] conn(0x7f577c102720 msgr2=0x7f577c102b30 secure :-1 s=STATE_CONNECTION_ESTABLISHED l=1).mark_down
2024-03-16T08:52:06.797 INFO:teuthology.orchestra.run.smithi007.stdout:/usr/bin/ceph: stderr
2024-03-16T08:52:02.545+0000 7f5781f8a700 1 --2- 172.21.15.7:0/2201499142 >> [v2:172.21.15.7:3300/0,v1:172.21.15.7:6789/0] conn(0x7f577c102720 0x7f577c102b30 secure :-1 s=READY pgs=26 cs=0 l=1 rev1=1 crypto rx=0x7f57640098e0 tx=0x7f5764009250 comp rx=0 tx=0).stop
2024-03-16T08:52:06.797 INFO:teuthology.orchestra.run.smithi007.stdout:/usr/bin/ceph: stderr
2024-03-16T08:52:02.545+0000 7f5781f8a700 1 -- 172.21.15.7:0/2201499142 shutdown_connections
2024-03-16T08:52:06.797 INFO:teuthology.orchestra.run.smithi007.stdout:/usr/bin/ceph: stderr
2024-03-16T08:52:02.545+0000 7f5781f8a700 1 --2- 172.21.15.7:0/2201499142 >> [v2:172.21.15.7:3300/0,v1:172.21.15.7:6789/0] conn(0x7f577c102720 0x7f577c102b30 unknown :-1 s=CLOSED pgs=26 cs=0 l=1 rev1=1 crypto rx=0 tx=0 comp rx=0 tx=0).stop
2024-03-16T08:52:06.797 INFO:teuthology.orchestra.run.smithi007.stdout:/usr/bin/ceph: stderr
2024-03-16T08:52:02.545+0000 7f5781f8a700 1 -- 172.21.15.7:0/2201499142 >> 172.21.15.7:0/2201499142 conn(0x7f577c0fde40 msgr2=0x7f577c1002b0 unknown :-1 s=STATE_NONE l=0).mark_down
2024-03-16T08:52:06.797 INFO:teuthology.orchestra.run.smithi007.stdout:/usr/bin/ceph: stderr
2024-03-16T08:52:02.545+0000 7f5781f8a700 1 -- 172.21.15.7:0/2201499142 shutdown_connections
2024-03-16T08:52:06.797 INFO:teuthology.orchestra.run.smithi007.stdout:/usr/bin/ceph: stderr
2024-03-16T08:52:02.545+0000 7f5781f8a700 1 -- 172.21.15.7:0/2201499142 wait complete.
2024-03-16T08:52:06.797 INFO:teuthology.orchestra.run.smithi007.stdout:/usr/bin/ceph: stderr
2024-03-16T08:52:02.546+0000 7f5781f8a700 1 Processor -- start
2024-03-16T08:52:06.797 INFO:teuthology.orchestra.run.smithi007.stdout:/usr/bin/ceph: stderr
2024-03-16T08:52:02.546+0000 7f5781f8a700 1 -- start start
2024-03-16T08:52:06.798 INFO:teuthology.orchestra.run.smithi007.stdout:/usr/bin/ceph: stderr
2024-03-16T08:52:02.546+0000 7f5781f8a700 1 --2- >> [v2:172.21.15.7:3300/0,v1:172.21.15.7:6789/0] conn(0x7f577c102720 0x7f577c078bd0 unknown :-1 s=NONE pgs=0 cs=0 l=1 rev1=0 crypto rx=0 tx=0 comp rx=0 tx=0).connect
2024-03-16T08:52:06.798 INFO:teuthology.orchestra.run.smithi007.stdout:/usr/bin/ceph: stderr
2024-03-16T08:52:02.546+0000 7f5781f8a700 1 -- --> [v2:172.21.15.7:3300/0,v1:172.21.15.7:6789/0] -- mon_getmap magic: 0 v1 -- 0x7f577c079110 con 0x7f577c102720
2024-03-16T08:52:06.798 INFO:teuthology.orchestra.run.smithi007.stdout:/usr/bin/ceph: stderr
2024-03-16T08:52:02.546+0000 7f577b7fe700 1 --2- >> [v2:172.21.15.7:3300/0,v1:172.21.15.7:6789/0] conn(0x7f577c102720 0x7f577c078bd0 unknown :-1 s=BANNER_CONNECTING pgs=0 cs=0 l=1 rev1=0 crypto rx=0 tx=0 comp rx=0 tx=0)._handle_peer_banner_payload supported=3 required=0
2024-03-16T08:52:06.798 INFO:teuthology.orchestra.run.smithi007.stdout:/usr/bin/ceph: stderr
2024-03-16T08:52:02.546+0000 7f577b7fe700 1 --2- >> [v2:172.21.15.7:3300/0,v1:172.21.15.7:6789/0] conn(0x7f577c102720 0x7f577c078bd0 unknown :-1 s=HELLO_CONNECTING pgs=0 cs=0 l=1 rev1=1 crypto rx=0 tx=0 comp rx=0 tx=0).handle_hello peer v2:172.21.15.7:3300/0 says I am v2:172.21.15.7:38246/0 (socket says 172.21.15.7:38246)
2024-03-16T08:52:06.798 INFO:teuthology.orchestra.run.smithi007.stdout:/usr/bin/ceph: stderr
2024-03-16T08:52:02.546+0000 7f577b7fe700 1 -- 172.21.15.7:0/2033551031 learned_addr learned my addr 172.21.15.7:0/2033551031 (peer_addr_for_me v2:172.21.15.7:0/0)
2024-03-16T08:52:06.798 INFO:teuthology.orchestra.run.smithi007.stdout:/usr/bin/ceph: stderr
2024-03-16T08:52:02.546+0000 7f577b7fe700 1 -- 172.21.15.7:0/2033551031 --> [v2:172.21.15.7:3300/0,v1:172.21.15.7:6789/0] -- mon_subscribe({config=0+,monmap=0+}) v3 -- 0x7f57640094f0 con 0x7f577c102720
2024-03-16T08:52:06.798 INFO:teuthology.orchestra.run.smithi007.stdout:/usr/bin/ceph: stderr
2024-03-16T08:52:02.546+0000 7f577b7fe700 1 --2- 172.21.15.7:0/2033551031 >> [v2:172.21.15.7:3300/0,v1:172.21.15.7:6789/0] conn(0x7f577c102720 0x7f577c078bd0 secure :-1 s=READY pgs=27 cs=0 l=1 rev1=1 crypto rx=0x7f5764000c00 tx=0x7f5764009250 comp rx=0 tx=0).ready entity=mon.0 client_cookie=0 server_cookie=0 in_seq=0 out_seq=0
2024-03-16T08:52:06.799 INFO:teuthology.orchestra.run.smithi007.stdout:/usr/bin/ceph: stderr
2024-03-16T08:52:02.547+0000 7f5773fff700 1 -- 172.21.15.7:0/2033551031 <== mon.0 v2:172.21.15.7:3300/0 1 ==== mon_map magic: 0 v1 ==== 229+0+0 (secure 0 0 0) 0x7f57640107c0 con 0x7f577c102720
2024-03-16T08:52:06.799 INFO:teuthology.orchestra.run.smithi007.stdout:/usr/bin/ceph: stderr
2024-03-16T08:52:02.547+0000 7f5773fff700 1 -- 172.21.15.7:0/2033551031 <== mon.0 v2:172.21.15.7:3300/0 2 ==== config(27 keys) v1 ==== 1044+0+0 (secure 0 0 0) 0x7f5764010db0 con 0x7f577c102720
2024-03-16T08:52:06.799 INFO:teuthology.orchestra.run.smithi007.stdout:/usr/bin/ceph: stderr
2024-03-16T08:52:02.547+0000 7f5781f8a700 1 -- 172.21.15.7:0/2033551031 --> [v2:172.21.15.7:3300/0,v1:172.21.15.7:6789/0] -- mon_subscribe({mgrmap=0+}) v3 -- 0x7f577c077180 con 0x7f577c102720
2024-03-16T08:52:06.799 INFO:teuthology.orchestra.run.smithi007.stdout:/usr/bin/ceph: stderr
2024-03-16T08:52:02.547+0000 7f5773fff700 1 -- 172.21.15.7:0/2033551031 <== mon.0 v2:172.21.15.7:3300/0 3 ==== mon_map magic: 0 v1 ==== 229+0+0 (secure 0 0 0) 0x7f576401ad00 con 0x7f577c102720
2024-03-16T08:52:06.799 INFO:teuthology.orchestra.run.smithi007.stdout:/usr/bin/ceph: stderr
2024-03-16T08:52:02.547+0000 7f5781f8a700 1 -- 172.21.15.7:0/2033551031 --> [v2:172.21.15.7:3300/0,v1:172.21.15.7:6789/0] -- mon_subscribe({osdmap=0}) v3 -- 0x7f577c077670 con 0x7f577c102720
2024-03-16T08:52:06.799 INFO:teuthology.orchestra.run.smithi007.stdout:/usr/bin/ceph: stderr
2024-03-16T08:52:02.548+0000 7f5773fff700 1 -- 172.21.15.7:0/2033551031 <== mon.0 v2:172.21.15.7:3300/0 4 ==== mgrmap(e 5) v1 ==== 43368+0+0 (secure 0 0 0) 0x7f57640193c0 con 0x7f577c102720
2024-03-16T08:52:06.799 INFO:teuthology.orchestra.run.smithi007.stdout:/usr/bin/ceph: stderr
2024-03-16T08:52:02.548+0000 7f5773fff700 1 --2- 172.21.15.7:0/2033551031 >> [v2:172.21.15.7:6800/490303564,v1:172.21.15.7:6801/490303564] conn(0x7f5768036790 0x7f5768038c40 unknown :-1 s=NONE pgs=0 cs=0 l=1 rev1=0 crypto rx=0 tx=0 comp rx=0 tx=0).connect
2024-03-16T08:52:06.799 INFO:teuthology.orchestra.run.smithi007.stdout:/usr/bin/ceph: stderr
2024-03-16T08:52:02.548+0000 7f5773fff700 1 -- 172.21.15.7:0/2033551031 --> [v2:172.21.15.7:6800/490303564,v1:172.21.15.7:6801/490303564] -- command(tid 0: {"prefix": "get_command_descriptions"}) v1 -- 0x7f5768039350 con 0x7f5768036790
2024-03-16T08:52:06.799 INFO:teuthology.orchestra.run.smithi007.stdout:/usr/bin/ceph: stderr
2024-03-16T08:52:02.548+0000 7f5773fff700 1 -- 172.21.15.7:0/2033551031 <== mon.0 v2:172.21.15.7:3300/0 5 ==== osd_map(1..1 src has 1..1) v4 ==== 721+0+0 (secure 0 0 0) 0x7f576404a890 con 0x7f577c102720
2024-03-16T08:52:06.799 INFO:teuthology.orchestra.run.smithi007.stdout:/usr/bin/ceph: stderr
2024-03-16T08:52:02.548+0000 7f577affd700 1 -- 172.21.15.7:0/2033551031 >> [v2:172.21.15.7:6800/490303564,v1:172.21.15.7:6801/490303564] conn(0x7f5768036790 msgr2=0x7f5768038c40 unknown :-1 s=STATE_CONNECTING_RE l=1).process reconnect failed to v2:172.21.15.7:6800/490303564
2024-03-16T08:52:06.799 INFO:teuthology.orchestra.run.smithi007.stdout:/usr/bin/ceph: stderr
2024-03-16T08:52:02.548+0000 7f577affd700 1 --2- 172.21.15.7:0/2033551031 >> [v2:172.21.15.7:6800/490303564,v1:172.21.15.7:6801/490303564] conn(0x7f5768036790 0x7f5768038c40 unknown :-1 s=START_CONNECT pgs=0 cs=0 l=1 rev1=0 crypto rx=0 tx=0 comp rx=0 tx=0)._fault waiting 0.200000
2024-03-16T08:52:06.799 INFO:teuthology.orchestra.run.smithi007.stdout:/usr/bin/ceph: stderr
2024-03-16T08:52:02.749+0000 7f577affd700 1 -- 172.21.15.7:0/2033551031 >> [v2:172.21.15.7:6800/490303564,v1:172.21.15.7:6801/490303564] conn(0x7f5768036790 msgr2=0x7f5768038c40 unknown :-1 s=STATE_CONNECTING_RE l=1).process reconnect failed to v2:172.21.15.7:6800/490303564
2024-03-16T08:52:06.799 INFO:teuthology.orchestra.run.smithi007.stdout:/usr/bin/ceph: stderr
2024-03-16T08:52:02.749+0000 7f577affd700 1 --2- 172.21.15.7:0/2033551031 >> [v2:172.21.15.7:6800/490303564,v1:172.21.15.7:6801/490303564] conn(0x7f5768036790 0x7f5768038c40 unknown :-1 s=START_CONNECT pgs=0 cs=0 l=1 rev1=0 crypto rx=0 tx=0 comp rx=0 tx=0)._fault waiting 0.400000
2024-03-16T08:52:06.800 INFO:teuthology.orchestra.run.smithi007.stdout:/usr/bin/ceph: stderr
2024-03-16T08:52:03.150+0000 7f577affd700 1 -- 172.21.15.7:0/2033551031 >> [v2:172.21.15.7:6800/490303564,v1:172.21.15.7:6801/490303564] conn(0x7f5768036790 msgr2=0x7f5768038c40 unknown :-1 s=STATE_CONNECTING_RE l=1).process reconnect failed to v2:172.21.15.7:6800/490303564
2024-03-16T08:52:06.800 INFO:teuthology.orchestra.run.smithi007.stdout:/usr/bin/ceph: stderr
2024-03-16T08:52:03.150+0000 7f577affd700 1 --2- 172.21.15.7:0/2033551031 >> [v2:172.21.15.7:6800/490303564,v1:172.21.15.7:6801/490303564] conn(0x7f5768036790 0x7f5768038c40 unknown :-1 s=START_CONNECT pgs=0 cs=0 l=1 rev1=0 crypto rx=0 tx=0 comp rx=0 tx=0)._fault waiting 0.800000
2024-03-16T08:52:06.800 INFO:teuthology.orchestra.run.smithi007.stdout:/usr/bin/ceph: stderr
2024-03-16T08:52:03.951+0000 7f577affd700 1 -- 172.21.15.7:0/2033551031 >> [v2:172.21.15.7:6800/490303564,v1:172.21.15.7:6801/490303564] conn(0x7f5768036790 msgr2=0x7f5768038c40 unknown :-1 s=STATE_CONNECTING_RE l=1).process reconnect failed to v2:172.21.15.7:6800/490303564
2024-03-16T08:52:06.800 INFO:teuthology.orchestra.run.smithi007.stdout:/usr/bin/ceph: stderr
2024-03-16T08:52:03.951+0000 7f577affd700 1 --2- 172.21.15.7:0/2033551031 >> [v2:172.21.15.7:6800/490303564,v1:172.21.15.7:6801/490303564] conn(0x7f5768036790 0x7f5768038c40 unknown :-1 s=START_CONNECT pgs=0 cs=0 l=1 rev1=0 crypto rx=0 tx=0 comp rx=0 tx=0)._fault waiting 1.600000
2024-03-16T08:52:06.800 INFO:teuthology.orchestra.run.smithi007.stdout:/usr/bin/ceph: stderr
2024-03-16T08:52:05.203+0000 7f5773fff700 1 -- 172.21.15.7:0/2033551031 <== mon.0 v2:172.21.15.7:3300/0 6 ==== mgrmap(e 6) v1 ==== 43135+0+0 (secure 0 0 0) 0x7f57640198a0 con 0x7f577c102720
2024-03-16T08:52:06.800 INFO:teuthology.orchestra.run.smithi007.stdout:/usr/bin/ceph: stderr
2024-03-16T08:52:05.203+0000 7f5773fff700 1 -- 172.21.15.7:0/2033551031 >> [v2:172.21.15.7:6800/490303564,v1:172.21.15.7:6801/490303564] conn(0x7f5768036790 msgr2=0x7f5768038c40 unknown :-1 s=STATE_CONNECTING l=1).mark_down
2024-03-16T08:52:06.800 INFO:teuthology.orchestra.run.smithi007.stdout:/usr/bin/ceph: stderr
2024-03-16T08:52:05.203+0000 7f5773fff700 1 --2- 172.21.15.7:0/2033551031 >> [v2:172.21.15.7:6800/490303564,v1:172.21.15.7:6801/490303564] conn(0x7f5768036790 0x7f5768038c40 unknown :-1 s=START_CONNECT pgs=0 cs=0 l=1 rev1=0 crypto rx=0 tx=0 comp rx=0 tx=0).stop
2024-03-16T08:52:06.800 INFO:teuthology.orchestra.run.smithi007.stdout:/usr/bin/ceph: stderr
2024-03-16T08:52:06.204+0000 7f5773fff700 1 -- 172.21.15.7:0/2033551031 <== mon.0 v2:172.21.15.7:3300/0 7 ==== mgrmap(e 7) v1 ==== 43262+0+0 (secure 0 0 0) 0x7f5764016d50 con 0x7f577c102720
2024-03-16T08:52:06.800 INFO:teuthology.orchestra.run.smithi007.stdout:/usr/bin/ceph: stderr
2024-03-16T08:52:06.204+0000 7f5773fff700 1 --2- 172.21.15.7:0/2033551031 >> [v2:172.21.15.7:6800/3435258711,v1:172.21.15.7:6801/3435258711] conn(0x7f5768039fc0 0x7f576803c3a0 unknown :-1 s=NONE pgs=0 cs=0 l=1 rev1=0 crypto rx=0 tx=0 comp rx=0 tx=0).connect
2024-03-16T08:52:06.800 INFO:teuthology.orchestra.run.smithi007.stdout:/usr/bin/ceph: stderr
2024-03-16T08:52:06.204+0000 7f5773fff700 1 -- 172.21.15.7:0/2033551031 --> [v2:172.21.15.7:6800/3435258711,v1:172.21.15.7:6801/3435258711] -- command(tid 0: {"prefix": "get_command_descriptions"}) v1 -- 0x7f5768039350 con 0x7f5768039fc0
2024-03-16T08:52:06.800 INFO:teuthology.orchestra.run.smithi007.stdout:/usr/bin/ceph: stderr
2024-03-16T08:52:06.204+0000 7f577affd700 1 --2- 172.21.15.7:0/2033551031 >> [v2:172.21.15.7:6800/3435258711,v1:172.21.15.7:6801/3435258711] conn(0x7f5768039fc0 0x7f576803c3a0 unknown :-1 s=BANNER_CONNECTING pgs=0 cs=0 l=1 rev1=0 crypto rx=0 tx=0 comp rx=0 tx=0)._handle_peer_banner_payload supported=3 required=0
2024-03-16T08:52:06.800 INFO:teuthology.orchestra.run.smithi007.stdout:/usr/bin/ceph: stderr
2024-03-16T08:52:06.205+0000 7f577affd700 1 --2- 172.21.15.7:0/2033551031 >> [v2:172.21.15.7:6800/3435258711,v1:172.21.15.7:6801/3435258711] conn(0x7f5768039fc0 0x7f576803c3a0 secure :-1 s=READY pgs=2 cs=0 l=1 rev1=1 crypto rx=0x7f576c0039d0 tx=0x7f576c009350 comp rx=0 tx=0).ready entity=mgr.14118 client_cookie=0 server_cookie=0 in_seq=0 out_seq=0
2024-03-16T08:52:06.800 INFO:teuthology.orchestra.run.smithi007.stdout:/usr/bin/ceph: stderr
2024-03-16T08:52:06.206+0000 7f5773fff700 1 -- 172.21.15.7:0/2033551031 <== mgr.14118 v2:172.21.15.7:6800/3435258711 1 ==== command_reply(tid 0: 0 ) v1 ==== 8+0+6549 (secure 0 0 0) 0x7f5768039350 con 0x7f5768039fc0
2024-03-16T08:52:06.800 INFO:teuthology.orchestra.run.smithi007.stdout:/usr/bin/ceph: stderr
2024-03-16T08:52:06.212+0000 7f5781f8a700 1 -- 172.21.15.7:0/2033551031 --> [v2:172.21.15.7:6800/3435258711,v1:172.21.15.7:6801/3435258711] -- command(tid 1: {"prefix": "mgr_status"}) v1 -- 0x7f577c04bed0 con 0x7f5768039fc0
2024-03-16T08:52:06.801 INFO:teuthology.orchestra.run.smithi007.stdout:/usr/bin/ceph: stderr
2024-03-16T08:52:06.212+0000 7f5773fff700 1 -- 172.21.15.7:0/2033551031 <== mgr.14118 v2:172.21.15.7:6800/3435258711 2 ==== command_reply(tid 1: 0 ) v1 ==== 8+0+51 (secure 0 0 0) 0x7f577c04bed0 con 0x7f5768039fc0
2024-03-16T08:52:06.801 INFO:teuthology.orchestra.run.smithi007.stdout:/usr/bin/ceph: stderr
2024-03-16T08:52:06.212+0000 7f5781f8a700 1 -- 172.21.15.7:0/2033551031 >> [v2:172.21.15.7:6800/3435258711,v1:172.21.15.7:6801/3435258711] conn(0x7f5768039fc0 msgr2=0x7f576803c3a0 secure :-1 s=STATE_CONNECTION_ESTABLISHED l=1).mark_down
2024-03-16T08:52:06.801 INFO:teuthology.orchestra.run.smithi007.stdout:/usr/bin/ceph: stderr
2024-03-16T08:52:06.212+0000 7f5781f8a700 1 --2- 172.21.15.7:0/2033551031 >> [v2:172.21.15.7:6800/3435258711,v1:172.21.15.7:6801/3435258711] conn(0x7f5768039fc0 0x7f576803c3a0 secure :-1 s=READY pgs=2 cs=0 l=1 rev1=1 crypto rx=0x7f576c0039d0 tx=0x7f576c009350 comp rx=0 tx=0).stop
2024-03-16T08:52:06.801 INFO:teuthology.orchestra.run.smithi007.stdout:/usr/bin/ceph: stderr
2024-03-16T08:52:06.212+0000 7f5781f8a700 1 -- 172.21.15.7:0/2033551031 >> [v2:172.21.15.7:3300/0,v1:172.21.15.7:6789/0] conn(0x7f577c102720 msgr2=0x7f577c078bd0 secure :-1 s=STATE_CONNECTION_ESTABLISHED l=1).mark_down
2024-03-16T08:52:06.801 INFO:teuthology.orchestra.run.smithi007.stdout:/usr/bin/ceph: stderr
2024-03-16T08:52:06.212+0000 7f5781f8a700 1 --2- 172.21.15.7:0/2033551031 >> [v2:172.21.15.7:3300/0,v1:172.21.15.7:6789/0] conn(0x7f577c102720 0x7f577c078bd0 secure :-1 s=READY pgs=27 cs=0 l=1 rev1=1 crypto rx=0x7f5764000c00 tx=0x7f5764009250 comp rx=0 tx=0).stop
2024-03-16T08:52:06.801 INFO:teuthology.orchestra.run.smithi007.stdout:/usr/bin/ceph: stderr
2024-03-16T08:52:06.212+0000 7f5781f8a700 1 -- 172.21.15.7:0/2033551031 shutdown_connections
2024-03-16T08:52:06.801 INFO:teuthology.orchestra.run.smithi007.stdout:/usr/bin/ceph: stderr
2024-03-16T08:52:06.212+0000 7f5781f8a700 1 --2- 172.21.15.7:0/2033551031 >> [v2:172.21.15.7:6800/3435258711,v1:172.21.15.7:6801/3435258711] conn(0x7f5768039fc0 0x7f576803c3a0 unknown :-1 s=CLOSED pgs=2 cs=0 l=1 rev1=1 crypto rx=0 tx=0 comp rx=0 tx=0).stop
2024-03-16T08:52:06.801 INFO:teuthology.orchestra.run.smithi007.stdout:/usr/bin/ceph: stderr
2024-03-16T08:52:06.212+0000 7f5781f8a700 1 --2- 172.21.15.7:0/2033551031 >> [v2:172.21.15.7:3300/0,v1:172.21.15.7:6789/0] conn(0x7f577c102720 0x7f577c078bd0 unknown :-1 s=CLOSED pgs=27 cs=0 l=1 rev1=1 crypto rx=0 tx=0 comp rx=0 tx=0).stop
2024-03-16T08:52:06.801 INFO:teuthology.orchestra.run.smithi007.stdout:/usr/bin/ceph: stderr
2024-03-16T08:52:06.212+0000 7f5781f8a700 1 --2- 172.21.15.7:0/2033551031 >> [v2:172.21.15.7:6800/490303564,v1:172.21.15.7:6801/490303564] conn(0x7f5768036790 0x7f5768038c40 unknown :-1 s=CLOSED pgs=0 cs=0 l=1 rev1=0 crypto rx=0 tx=0 comp rx=0 tx=0).stop
2024-03-16T08:52:06.801 INFO:teuthology.orchestra.run.smithi007.stdout:/usr/bin/ceph: stderr
2024-03-16T08:52:06.212+0000 7f5781f8a700 1 -- 172.21.15.7:0/2033551031 >> 172.21.15.7:0/2033551031 conn(0x7f577c0fde40 msgr2=0x7f577c0fe9d0 unknown :-1 s=STATE_NONE l=0).mark_down
2024-03-16T08:52:06.801 INFO:teuthology.orchestra.run.smithi007.stdout:/usr/bin/ceph: stderr
2024-03-16T08:52:06.212+0000 7f5781f8a700 1 -- 172.21.15.7:0/2033551031 shutdown_connections
2024-03-16T08:52:06.801 INFO:teuthology.orchestra.run.smithi007.stdout:/usr/bin/ceph: stderr
2024-03-16T08:52:06.212+0000 7f5781f8a700 1 -- 172.21.15.7:0/2033551031 wait complete.
2024-03-16T08:52:06.801 INFO:teuthology.orchestra.run.smithi007.stdout:mgr epoch 5 is available
2024-03-16T08:52:06.801 INFO:teuthology.orchestra.run.smithi007.stdout:Setting orchestrator backend to cephadm...
2024-03-16T08:52:07.708 INFO:journalctl@ceph.mon.smithi007.smithi007.stdout:Mar 16 08:52:07 smithi007 ceph-mon[29470]: from='client.14122 -' entity='client.admin' cmd=[{"prefix": "get_command_descriptions"}]: dispatch
2024-03-16T08:52:07.708 INFO:journalctl@ceph.mon.smithi007.smithi007.stdout:Mar 16 08:52:07 smithi007 ceph-mon[29470]: from='client.14122 -' entity='client.admin' cmd=[{"prefix": "mgr_status"}]: dispatch
2024-03-16T08:52:07.708 INFO:journalctl@ceph.mon.smithi007.smithi007.stdout:Mar 16 08:52:07 smithi007 ceph-mon[29470]: from='mgr.14118 172.21.15.7:0/2002449092' entity='mgr.smithi007.uamwtp'
2024-03-16T08:52:07.708 INFO:journalctl@ceph.mon.smithi007.smithi007.stdout:Mar 16 08:52:07 smithi007 ceph-mon[29470]: from='mgr.14118 172.21.15.7:0/2002449092' entity='mgr.smithi007.uamwtp' cmd=[{"prefix": "config dump", "format": "json"}]: dispatch
2024-03-16T08:52:07.708 INFO:journalctl@ceph.mon.smithi007.smithi007.stdout:Mar 16 08:52:07 smithi007 ceph-mon[29470]: from='mgr.14118 172.21.15.7:0/2002449092' entity='mgr.smithi007.uamwtp'
2024-03-16T08:52:07.708 INFO:journalctl@ceph.mon.smithi007.smithi007.stdout:Mar 16 08:52:07 smithi007 ceph-mon[29470]: from='mgr.14118 172.21.15.7:0/2002449092' entity='mgr.smithi007.uamwtp' cmd=[{"prefix": "config dump", "format": "json"}]: dispatch
2024-03-16T08:52:07.975 INFO:teuthology.orchestra.run.smithi007.stdout:/usr/bin/ceph: stderr
2024-03-16T08:52:07.193+0000 7f096913b700 1 Processor -- start
2024-03-16T08:52:07.975 INFO:teuthology.orchestra.run.smithi007.stdout:/usr/bin/ceph: stderr
2024-03-16T08:52:07.193+0000 7f096913b700 1 -- start start
2024-03-16T08:52:07.976 INFO:teuthology.orchestra.run.smithi007.stdout:/usr/bin/ceph: stderr
2024-03-16T08:52:07.193+0000 7f096913b700 1 --2- >> [v2:172.21.15.7:3300/0,v1:172.21.15.7:6789/0] conn(0x7f0964076be0 0x7f0964105310 unknown :-1 s=NONE pgs=0 cs=0 l=0 rev1=0 crypto rx=0 tx=0 comp rx=0 tx=0).connect
2024-03-16T08:52:07.976 INFO:teuthology.orchestra.run.smithi007.stdout:/usr/bin/ceph: stderr
2024-03-16T08:52:07.193+0000 7f096913b700 1 -- --> [v2:172.21.15.7:3300/0,v1:172.21.15.7:6789/0] -- mon_getmap magic: 0 v1 -- 0x7f0964105850 con 0x7f0964076be0
2024-03-16T08:52:07.976 INFO:teuthology.orchestra.run.smithi007.stdout:/usr/bin/ceph: stderr
2024-03-16T08:52:07.193+0000 7f0962d9d700 1 --2- >> [v2:172.21.15.7:3300/0,v1:172.21.15.7:6789/0] conn(0x7f0964076be0 0x7f0964105310 unknown :-1 s=BANNER_CONNECTING pgs=0 cs=0 l=0 rev1=0 crypto rx=0 tx=0 comp rx=0 tx=0)._handle_peer_banner_payload supported=3 required=0
2024-03-16T08:52:07.976 INFO:teuthology.orchestra.run.smithi007.stdout:/usr/bin/ceph: stderr
2024-03-16T08:52:07.193+0000 7f0962d9d700 1 --2- >> [v2:172.21.15.7:3300/0,v1:172.21.15.7:6789/0] conn(0x7f0964076be0 0x7f0964105310 unknown :-1 s=HELLO_CONNECTING pgs=0 cs=0 l=0 rev1=1 crypto rx=0 tx=0 comp rx=0 tx=0).handle_hello peer v2:172.21.15.7:3300/0 says I am v2:172.21.15.7:38310/0 (socket says 172.21.15.7:38310)
2024-03-16T08:52:07.976 INFO:teuthology.orchestra.run.smithi007.stdout:/usr/bin/ceph: stderr
2024-03-16T08:52:07.193+0000 7f0962d9d700 1 -- 172.21.15.7:0/3346104390 learned_addr learned my addr 172.21.15.7:0/3346104390 (peer_addr_for_me v2:172.21.15.7:0/0)
2024-03-16T08:52:07.976 INFO:teuthology.orchestra.run.smithi007.stdout:/usr/bin/ceph: stderr
2024-03-16T08:52:07.194+0000 7f0962d9d700 1 -- 172.21.15.7:0/3346104390 --> [v2:172.21.15.7:3300/0,v1:172.21.15.7:6789/0] -- mon_subscribe({config=0+,monmap=0+}) v3 -- 0x7f0964105990 con 0x7f0964076be0
2024-03-16T08:52:07.976 INFO:teuthology.orchestra.run.smithi007.stdout:/usr/bin/ceph: stderr
2024-03-16T08:52:07.194+0000 7f0962d9d700 1 --2- 172.21.15.7:0/3346104390 >> [v2:172.21.15.7:3300/0,v1:172.21.15.7:6789/0] conn(0x7f0964076be0 0x7f0964105310 secure :-1 s=READY pgs=35 cs=0 l=1 rev1=1 crypto rx=0x7f09580098e0 tx=0x7f0958009250 comp rx=0 tx=0).ready entity=mon.0 client_cookie=a4bd8b2d1d04f82e server_cookie=0 in_seq=0 out_seq=0
2024-03-16T08:52:07.976 INFO:teuthology.orchestra.run.smithi007.stdout:/usr/bin/ceph: stderr
2024-03-16T08:52:07.194+0000 7f0961d9b700 1 -- 172.21.15.7:0/3346104390 <== mon.0 v2:172.21.15.7:3300/0 1 ==== mon_map magic: 0 v1 ==== 229+0+0 (secure 0 0 0) 0x7f095800b860 con 0x7f0964076be0
2024-03-16T08:52:07.976 INFO:teuthology.orchestra.run.smithi007.stdout:/usr/bin/ceph: stderr
2024-03-16T08:52:07.194+0000 7f0961d9b700 1 -- 172.21.15.7:0/3346104390 <== mon.0 v2:172.21.15.7:3300/0 2 ==== config(27 keys) v1 ==== 1044+0+0 (secure 0 0 0) 0x7f095800be50 con 0x7f0964076be0
2024-03-16T08:52:07.976 INFO:teuthology.orchestra.run.smithi007.stdout:/usr/bin/ceph: stderr
2024-03-16T08:52:07.194+0000 7f0961d9b700 1 -- 172.21.15.7:0/3346104390 <== mon.0 v2:172.21.15.7:3300/0 3 ==== mon_map magic: 0 v1 ==== 229+0+0 (secure 0 0 0) 0x7f0958010380 con 0x7f0964076be0
2024-03-16T08:52:07.976 INFO:teuthology.orchestra.run.smithi007.stdout:/usr/bin/ceph: stderr
2024-03-16T08:52:07.194+0000 7f096913b700 1 -- 172.21.15.7:0/3346104390 >> [v2:172.21.15.7:3300/0,v1:172.21.15.7:6789/0] conn(0x7f0964076be0 msgr2=0x7f0964105310 secure :-1 s=STATE_CONNECTION_ESTABLISHED l=1).mark_down
2024-03-16T08:52:07.976 INFO:teuthology.orchestra.run.smithi007.stdout:/usr/bin/ceph: stderr
2024-03-16T08:52:07.194+0000 7f096913b700 1 --2- 172.21.15.7:0/3346104390 >> [v2:172.21.15.7:3300/0,v1:172.21.15.7:6789/0] conn(0x7f0964076be0 0x7f0964105310 secure :-1 s=READY pgs=35 cs=0 l=1 rev1=1 crypto rx=0x7f09580098e0 tx=0x7f0958009250 comp rx=0 tx=0).stop
2024-03-16T08:52:07.976 INFO:teuthology.orchestra.run.smithi007.stdout:/usr/bin/ceph: stderr
2024-03-16T08:52:07.194+0000 7f096913b700 1 -- 172.21.15.7:0/3346104390 shutdown_connections
2024-03-16T08:52:07.976 INFO:teuthology.orchestra.run.smithi007.stdout:/usr/bin/ceph: stderr
2024-03-16T08:52:07.194+0000 7f096913b700 1 --2- 172.21.15.7:0/3346104390 >> [v2:172.21.15.7:3300/0,v1:172.21.15.7:6789/0] conn(0x7f0964076be0 0x7f0964105310 unknown :-1 s=CLOSED pgs=35 cs=0 l=1 rev1=1 crypto rx=0 tx=0 comp rx=0 tx=0).stop
2024-03-16T08:52:07.977 INFO:teuthology.orchestra.run.smithi007.stdout:/usr/bin/ceph: stderr
2024-03-16T08:52:07.194+0000 7f096913b700 1 -- 172.21.15.7:0/3346104390 >> 172.21.15.7:0/3346104390 conn(0x7f09640fcdc0 msgr2=0x7f09640ff1d0 unknown :-1 s=STATE_NONE l=0).mark_down
2024-03-16T08:52:07.977 INFO:teuthology.orchestra.run.smithi007.stdout:/usr/bin/ceph: stderr
2024-03-16T08:52:07.195+0000 7f096913b700 1 -- 172.21.15.7:0/3346104390 shutdown_connections
2024-03-16T08:52:07.977 INFO:teuthology.orchestra.run.smithi007.stdout:/usr/bin/ceph: stderr
2024-03-16T08:52:07.195+0000 7f096913b700 1 -- 172.21.15.7:0/3346104390 wait complete.
2024-03-16T08:52:07.977 INFO:teuthology.orchestra.run.smithi007.stdout:/usr/bin/ceph: stderr
2024-03-16T08:52:07.195+0000 7f096913b700 1 Processor -- start
2024-03-16T08:52:07.977 INFO:teuthology.orchestra.run.smithi007.stdout:/usr/bin/ceph: stderr
2024-03-16T08:52:07.195+0000 7f096913b700 1 -- start start
2024-03-16T08:52:07.977 INFO:teuthology.orchestra.run.smithi007.stdout:/usr/bin/ceph: stderr
2024-03-16T08:52:07.195+0000 7f096913b700 1 --2- >> [v2:172.21.15.7:3300/0,v1:172.21.15.7:6789/0] conn(0x7f0964076be0 0x7f0964111570 unknown :-1 s=NONE pgs=0 cs=0 l=1 rev1=0 crypto rx=0 tx=0 comp rx=0 tx=0).connect
2024-03-16T08:52:07.977 INFO:teuthology.orchestra.run.smithi007.stdout:/usr/bin/ceph: stderr
2024-03-16T08:52:07.195+0000 7f096913b700 1 -- --> [v2:172.21.15.7:3300/0,v1:172.21.15.7:6789/0] -- mon_getmap magic: 0 v1 -- 0x7f0964111ab0 con 0x7f0964076be0
2024-03-16T08:52:07.977 INFO:teuthology.orchestra.run.smithi007.stdout:/usr/bin/ceph: stderr
2024-03-16T08:52:07.196+0000 7f0962d9d700 1 --2- >> [v2:172.21.15.7:3300/0,v1:172.21.15.7:6789/0] conn(0x7f0964076be0 0x7f0964111570 unknown :-1 s=BANNER_CONNECTING pgs=0 cs=0 l=1 rev1=0 crypto rx=0 tx=0 comp rx=0 tx=0)._handle_peer_banner_payload supported=3 required=0
2024-03-16T08:52:07.977 INFO:teuthology.orchestra.run.smithi007.stdout:/usr/bin/ceph: stderr
2024-03-16T08:52:07.196+0000 7f0962d9d700 1 --2- >> [v2:172.21.15.7:3300/0,v1:172.21.15.7:6789/0] conn(0x7f0964076be0 0x7f0964111570 unknown :-1 s=HELLO_CONNECTING pgs=0 cs=0 l=1 rev1=1 crypto rx=0 tx=0 comp rx=0 tx=0).handle_hello peer v2:172.21.15.7:3300/0 says I am v2:172.21.15.7:38314/0 (socket says 172.21.15.7:38314)
2024-03-16T08:52:07.977 INFO:teuthology.orchestra.run.smithi007.stdout:/usr/bin/ceph: stderr
2024-03-16T08:52:07.196+0000 7f0962d9d700 1 -- 172.21.15.7:0/1464033726 learned_addr learned my addr 172.21.15.7:0/1464033726 (peer_addr_for_me v2:172.21.15.7:0/0)
2024-03-16T08:52:07.977 INFO:teuthology.orchestra.run.smithi007.stdout:/usr/bin/ceph: stderr
2024-03-16T08:52:07.196+0000 7f0962d9d700 1 -- 172.21.15.7:0/1464033726 --> [v2:172.21.15.7:3300/0,v1:172.21.15.7:6789/0] -- mon_subscribe({config=0+,monmap=0+}) v3 -- 0x7f09580094f0 con 0x7f0964076be0
2024-03-16T08:52:07.977 INFO:teuthology.orchestra.run.smithi007.stdout:/usr/bin/ceph: stderr
2024-03-16T08:52:07.196+0000 7f0962d9d700 1 --2- 172.21.15.7:0/1464033726 >> [v2:172.21.15.7:3300/0,v1:172.21.15.7:6789/0] conn(0x7f0964076be0 0x7f0964111570 secure :-1 s=READY pgs=36 cs=0 l=1 rev1=1 crypto rx=0x7f0958003050 tx=0x7f0958009250 comp rx=0 tx=0).ready entity=mon.0 client_cookie=0 server_cookie=0 in_seq=0 out_seq=0
2024-03-16T08:52:07.977 INFO:teuthology.orchestra.run.smithi007.stdout:/usr/bin/ceph: stderr
2024-03-16T08:52:07.196+0000 7f094b7fe700 1 -- 172.21.15.7:0/1464033726 <== mon.0 v2:172.21.15.7:3300/0 1 ==== mon_map magic: 0 v1 ==== 229+0+0 (secure 0 0 0) 0x7f0958010760 con 0x7f0964076be0
2024-03-16T08:52:07.977 INFO:teuthology.orchestra.run.smithi007.stdout:/usr/bin/ceph: stderr
2024-03-16T08:52:07.196+0000 7f094b7fe700 1 -- 172.21.15.7:0/1464033726 <== mon.0 v2:172.21.15.7:3300/0 2 ==== config(27 keys) v1 ==== 1044+0+0 (secure 0 0 0) 0x7f0958010d50 con 0x7f0964076be0
2024-03-16T08:52:07.978 INFO:teuthology.orchestra.run.smithi007.stdout:/usr/bin/ceph: stderr
2024-03-16T08:52:07.196+0000 7f096913b700 1 -- 172.21.15.7:0/1464033726 --> [v2:172.21.15.7:3300/0,v1:172.21.15.7:6789/0] -- mon_subscribe({mgrmap=0+}) v3 -- 0x7f0964111cb0 con 0x7f0964076be0
2024-03-16T08:52:07.978 INFO:teuthology.orchestra.run.smithi007.stdout:/usr/bin/ceph: stderr
2024-03-16T08:52:07.196+0000 7f094b7fe700 1 -- 172.21.15.7:0/1464033726 <== mon.0 v2:172.21.15.7:3300/0 3 ==== mon_map magic: 0 v1 ==== 229+0+0 (secure 0 0 0) 0x7f095801ae20 con 0x7f0964076be0
2024-03-16T08:52:07.978 INFO:teuthology.orchestra.run.smithi007.stdout:/usr/bin/ceph: stderr
2024-03-16T08:52:07.196+0000 7f096913b700 1 -- 172.21.15.7:0/1464033726 --> [v2:172.21.15.7:3300/0,v1:172.21.15.7:6789/0] -- mon_subscribe({osdmap=0}) v3 -- 0x7f0964112820 con 0x7f0964076be0
2024-03-16T08:52:07.978 INFO:teuthology.orchestra.run.smithi007.stdout:/usr/bin/ceph: stderr
2024-03-16T08:52:07.197+0000 7f094b7fe700 1 -- 172.21.15.7:0/1464033726 <== mon.0 v2:172.21.15.7:3300/0 4 ==== mgrmap(e 7) v1 ==== 43262+0+0 (secure 0 0 0) 0x7f095802e440 con 0x7f0964076be0
2024-03-16T08:52:07.978 INFO:teuthology.orchestra.run.smithi007.stdout:/usr/bin/ceph: stderr
2024-03-16T08:52:07.197+0000 7f096913b700 1 -- 172.21.15.7:0/1464033726 --> [v2:172.21.15.7:3300/0,v1:172.21.15.7:6789/0] -- mon_command({"prefix": "get_command_descriptions"} v 0) v1 -- 0x7f096405f5f0 con 0x7f0964076be0
2024-03-16T08:52:07.978 INFO:teuthology.orchestra.run.smithi007.stdout:/usr/bin/ceph: stderr
2024-03-16T08:52:07.197+0000 7f094b7fe700 1 --2- 172.21.15.7:0/1464033726 >> [v2:172.21.15.7:6800/3435258711,v1:172.21.15.7:6801/3435258711] conn(0x7f094c036660 0x7f094c038b10 unknown :-1 s=NONE pgs=0 cs=0 l=1 rev1=0 crypto rx=0 tx=0 comp rx=0 tx=0).connect
2024-03-16T08:52:07.978 INFO:teuthology.orchestra.run.smithi007.stdout:/usr/bin/ceph: stderr
2024-03-16T08:52:07.197+0000 7f094b7fe700 1 -- 172.21.15.7:0/1464033726 <== mon.0 v2:172.21.15.7:3300/0 5 ==== osd_map(2..2 src has 1..2) v4 ==== 936+0+0 (secure 0 0 0) 0x7f095804a460 con 0x7f0964076be0
2024-03-16T08:52:07.978 INFO:teuthology.orchestra.run.smithi007.stdout:/usr/bin/ceph: stderr
2024-03-16T08:52:07.197+0000 7f096259c700 1 --2- 172.21.15.7:0/1464033726 >> [v2:172.21.15.7:6800/3435258711,v1:172.21.15.7:6801/3435258711] conn(0x7f094c036660 0x7f094c038b10 unknown :-1 s=BANNER_CONNECTING pgs=0 cs=0 l=1 rev1=0 crypto rx=0 tx=0 comp rx=0 tx=0)._handle_peer_banner_payload supported=3 required=0
2024-03-16T08:52:07.978 INFO:teuthology.orchestra.run.smithi007.stdout:/usr/bin/ceph: stderr
2024-03-16T08:52:07.198+0000 7f096259c700 1 --2- 172.21.15.7:0/1464033726 >> [v2:172.21.15.7:6800/3435258711,v1:172.21.15.7:6801/3435258711] conn(0x7f094c036660 0x7f094c038b10 secure :-1 s=READY pgs=7 cs=0 l=1 rev1=1 crypto rx=0x7f0954009990 tx=0x7f0954006e40 comp rx=0 tx=0).ready entity=mgr.14118 client_cookie=0 server_cookie=0 in_seq=0 out_seq=0
2024-03-16T08:52:07.978 INFO:teuthology.orchestra.run.smithi007.stdout:/usr/bin/ceph: stderr
2024-03-16T08:52:07.202+0000 7f094b7fe700 1 -- 172.21.15.7:0/1464033726 <== mon.0 v2:172.21.15.7:3300/0 6 ==== mon_command_ack([{"prefix": "get_command_descriptions"}]=0 v0) v1 ==== 72+0+175445 (secure 0 0 0) 0x7f0958023b00 con 0x7f0964076be0
2024-03-16T08:52:07.978 INFO:teuthology.orchestra.run.smithi007.stdout:/usr/bin/ceph: stderr
2024-03-16T08:52:07.410+0000 7f096913b700 1 -- 172.21.15.7:0/1464033726 --> [v2:172.21.15.7:6800/3435258711,v1:172.21.15.7:6801/3435258711] -- mgr_command(tid 0: {"prefix": "orch set backend", "module_name": "cephadm", "target": ["mon-mgr", ""]}) v1 -- 0x7f09640fe0b0 con 0x7f094c036660
2024-03-16T08:52:07.978 INFO:teuthology.orchestra.run.smithi007.stdout:/usr/bin/ceph: stderr
2024-03-16T08:52:07.419+0000 7f094b7fe700 1 -- 172.21.15.7:0/1464033726 <== mgr.14118 v2:172.21.15.7:6800/3435258711 1 ==== mgr_command_reply(tid 0: 0 ) v1 ==== 8+0+0 (secure 0 0 0) 0x7f09640fe0b0 con 0x7f094c036660
2024-03-16T08:52:07.978 INFO:teuthology.orchestra.run.smithi007.stdout:/usr/bin/ceph: stderr
2024-03-16T08:52:07.421+0000 7f096913b700 1 -- 172.21.15.7:0/1464033726 >> [v2:172.21.15.7:6800/3435258711,v1:172.21.15.7:6801/3435258711] conn(0x7f094c036660 msgr2=0x7f094c038b10 secure :-1 s=STATE_CONNECTION_ESTABLISHED l=1).mark_down
2024-03-16T08:52:07.979 INFO:teuthology.orchestra.run.smithi007.stdout:/usr/bin/ceph: stderr
2024-03-16T08:52:07.421+0000 7f096913b700 1 --2- 172.21.15.7:0/1464033726 >> [v2:172.21.15.7:6800/3435258711,v1:172.21.15.7:6801/3435258711] conn(0x7f094c036660 0x7f094c038b10 secure :-1 s=READY pgs=7 cs=0 l=1 rev1=1 crypto rx=0x7f0954009990 tx=0x7f0954006e40 comp rx=0 tx=0).stop
2024-03-16T08:52:07.979 INFO:teuthology.orchestra.run.smithi007.stdout:/usr/bin/ceph: stderr
2024-03-16T08:52:07.421+0000 7f096913b700 1 -- 172.21.15.7:0/1464033726 >> [v2:172.21.15.7:3300/0,v1:172.21.15.7:6789/0] conn(0x7f0964076be0 msgr2=0x7f0964111570 secure :-1 s=STATE_CONNECTION_ESTABLISHED l=1).mark_down
2024-03-16T08:52:07.979 INFO:teuthology.orchestra.run.smithi007.stdout:/usr/bin/ceph: stderr
2024-03-16T08:52:07.421+0000 7f096913b700 1 --2- 172.21.15.7:0/1464033726 >> [v2:172.21.15.7:3300/0,v1:172.21.15.7:6789/0] conn(0x7f0964076be0 0x7f0964111570 secure :-1 s=READY pgs=36 cs=0 l=1 rev1=1 crypto rx=0x7f0958003050 tx=0x7f0958009250 comp rx=0 tx=0).stop
2024-03-16T08:52:07.979 INFO:teuthology.orchestra.run.smithi007.stdout:/usr/bin/ceph: stderr
2024-03-16T08:52:07.421+0000 7f096913b700 1 -- 172.21.15.7:0/1464033726 shutdown_connections
2024-03-16T08:52:07.979 INFO:teuthology.orchestra.run.smithi007.stdout:/usr/bin/ceph: stderr
2024-03-16T08:52:07.421+0000 7f096913b700 1 --2- 172.21.15.7:0/1464033726 >> [v2:172.21.15.7:6800/3435258711,v1:172.21.15.7:6801/3435258711] conn(0x7f094c036660 0x7f094c038b10 unknown :-1 s=CLOSED pgs=7 cs=0 l=1 rev1=1 crypto rx=0 tx=0 comp rx=0 tx=0).stop
2024-03-16T08:52:07.979 INFO:teuthology.orchestra.run.smithi007.stdout:/usr/bin/ceph: stderr
2024-03-16T08:52:07.421+0000 7f096913b700 1 --2- 172.21.15.7:0/1464033726 >> [v2:172.21.15.7:3300/0,v1:172.21.15.7:6789/0] conn(0x7f0964076be0 0x7f0964111570 unknown :-1 s=CLOSED pgs=36 cs=0 l=1 rev1=1 crypto rx=0 tx=0 comp rx=0 tx=0).stop
2024-03-16T08:52:07.979 INFO:teuthology.orchestra.run.smithi007.stdout:/usr/bin/ceph: stderr
2024-03-16T08:52:07.421+0000 7f096913b700 1 -- 172.21.15.7:0/1464033726 >> 172.21.15.7:0/1464033726 conn(0x7f09640fcdc0 msgr2=0x7f09640fd960 unknown :-1 s=STATE_NONE l=0).mark_down
2024-03-16T08:52:07.979 INFO:teuthology.orchestra.run.smithi007.stdout:/usr/bin/ceph: stderr
2024-03-16T08:52:07.421+0000 7f096913b700 1 -- 172.21.15.7:0/1464033726 shutdown_connections
2024-03-16T08:52:07.979 INFO:teuthology.orchestra.run.smithi007.stdout:/usr/bin/ceph: stderr
2024-03-16T08:52:07.421+0000 7f096913b700 1 -- 172.21.15.7:0/1464033726 wait complete.
2024-03-16T08:52:08.810 INFO:journalctl@ceph.mon.smithi007.smithi007.stdout:Mar 16 08:52:08 smithi007 ceph-mon[29470]: [16/Mar/2024:08:52:07] ENGINE Bus STARTING
2024-03-16T08:52:08.810 INFO:journalctl@ceph.mon.smithi007.smithi007.stdout:Mar 16 08:52:08 smithi007 ceph-mon[29470]: [16/Mar/2024:08:52:07] ENGINE Serving on https://172.21.15.7:7150
2024-03-16T08:52:08.810 INFO:journalctl@ceph.mon.smithi007.smithi007.stdout:Mar 16 08:52:08 smithi007 ceph-mon[29470]: [16/Mar/2024:08:52:07] ENGINE Bus STARTED
2024-03-16T08:52:08.811 INFO:journalctl@ceph.mon.smithi007.smithi007.stdout:Mar 16 08:52:08 smithi007 ceph-mon[29470]: from='client.14130 -' entity='client.admin' cmd=[{"prefix": "orch set backend", "module_name": "cephadm", "target": ["mon-mgr", ""]}]: dispatch
2024-03-16T08:52:08.811 INFO:journalctl@ceph.mon.smithi007.smithi007.stdout:Mar 16 08:52:08 smithi007 ceph-mon[29470]: mgrmap e8: smithi007.uamwtp(active, since 2s)
2024-03-16T08:52:09.281 INFO:teuthology.orchestra.run.smithi007.stdout:/usr/bin/ceph: stdout value unchanged
2024-03-16T08:52:09.281 INFO:teuthology.orchestra.run.smithi007.stdout:/usr/bin/ceph: stderr
2024-03-16T08:52:08.441+0000 7f1fd339d700 1 Processor -- start
2024-03-16T08:52:09.281 INFO:teuthology.orchestra.run.smithi007.stdout:/usr/bin/ceph: stderr
2024-03-16T08:52:08.441+0000 7f1fd339d700 1 -- start start
2024-03-16T08:52:09.281 INFO:teuthology.orchestra.run.smithi007.stdout:/usr/bin/ceph: stderr
2024-03-16T08:52:08.441+0000 7f1fd339d700 1 --2- >> [v2:172.21.15.7:3300/0,v1:172.21.15.7:6789/0] conn(0x7f1fcc101430 0x7f1fcc101840 unknown :-1 s=NONE pgs=0 cs=0 l=0 rev1=0 crypto rx=0 tx=0 comp rx=0 tx=0).connect
2024-03-16T08:52:09.281 INFO:teuthology.orchestra.run.smithi007.stdout:/usr/bin/ceph: stderr
2024-03-16T08:52:08.441+0000 7f1fd339d700 1 -- --> [v2:172.21.15.7:3300/0,v1:172.21.15.7:6789/0] -- mon_getmap magic: 0 v1 -- 0x7f1fcc101d80 con 0x7f1fcc101430
2024-03-16T08:52:09.281 INFO:teuthology.orchestra.run.smithi007.stdout:/usr/bin/ceph: stderr
