2024-03-16T09:06:07.479+0000 7f9b4b7fe700 1 -- 172.21.15.112:0/2056744715 <== mon.0 v2:172.21.15.112:3300/0 3 ==== mon_map magic: 0 ==== 205+0+0 (secure 0 0 0) 0x7f9b500249a0 con 0x7f9b5c106c70
2024-03-16T09:06:08.222 INFO:teuthology.orchestra.run.smithi112.stdout:/usr/bin/ceph: stderr
2024-03-16T09:06:07.479+0000 7f9b60f4c700 1 -- 172.21.15.112:0/2056744715 --> [v2:172.21.15.112:3300/0,v1:172.21.15.112:6789/0] -- mon_subscribe({mgrmap=0+}) -- 0x7f9b5c19b430 con 0x7f9b5c106c70
2024-03-16T09:06:08.222 INFO:teuthology.orchestra.run.smithi112.stdout:/usr/bin/ceph: stderr
2024-03-16T09:06:07.479+0000 7f9b60f4c700 1 -- 172.21.15.112:0/2056744715 --> [v2:172.21.15.112:3300/0,v1:172.21.15.112:6789/0] -- mon_subscribe({osdmap=0}) -- 0x7f9b5c19e120 con 0x7f9b5c106c70
2024-03-16T09:06:08.222 INFO:teuthology.orchestra.run.smithi112.stdout:/usr/bin/ceph: stderr
2024-03-16T09:06:07.479+0000 7f9b4b7fe700 1 -- 172.21.15.112:0/2056744715 <== mon.0 v2:172.21.15.112:3300/0 4 ==== mgrmap(e 8) ==== 46106+0+0 (secure 0 0 0) 0x7f9b50022020 con 0x7f9b5c106c70
2024-03-16T09:06:08.222 INFO:teuthology.orchestra.run.smithi112.stdout:/usr/bin/ceph: stderr
2024-03-16T09:06:07.480+0000 7f9b60f4c700 1 -- 172.21.15.112:0/2056744715 --> [v2:172.21.15.112:3300/0,v1:172.21.15.112:6789/0] -- mon_command({"prefix": "get_command_descriptions"} v 0) -- 0x7f9b5c063900 con 0x7f9b5c106c70
2024-03-16T09:06:08.222 INFO:teuthology.orchestra.run.smithi112.stdout:/usr/bin/ceph: stderr
2024-03-16T09:06:07.480+0000 7f9b4b7fe700 1 --2- 172.21.15.112:0/2056744715 >> [v2:172.21.15.112:6800/2629104617,v1:172.21.15.112:6801/2629104617] conn(0x7f9b44038f70 0x7f9b4403b430 unknown :-1 s=NONE pgs=0 cs=0 l=1 rev1=0 crypto rx=0 tx=0 comp rx=0 tx=0).connect
2024-03-16T09:06:08.222 INFO:teuthology.orchestra.run.smithi112.stdout:/usr/bin/ceph: stderr
2024-03-16T09:06:07.480+0000 7f9b4b7fe700 1 -- 172.21.15.112:0/2056744715 <== mon.0 v2:172.21.15.112:3300/0 5 ==== osd_map(2..2 src has 1..2) ==== 940+0+0 (secure 0 0 0) 0x7f9b5004d080 con 0x7f9b5c106c70
2024-03-16T09:06:08.223 INFO:teuthology.orchestra.run.smithi112.stdout:/usr/bin/ceph: stderr
2024-03-16T09:06:07.480+0000 7f9b59d9b700 1 --2- 172.21.15.112:0/2056744715 >> [v2:172.21.15.112:6800/2629104617,v1:172.21.15.112:6801/2629104617] conn(0x7f9b44038f70 0x7f9b4403b430 unknown :-1 s=BANNER_CONNECTING pgs=0 cs=0 l=1 rev1=0 crypto rx=0 tx=0 comp rx=0 tx=0)._handle_peer_banner_payload supported=3 required=0
2024-03-16T09:06:08.223 INFO:teuthology.orchestra.run.smithi112.stdout:/usr/bin/ceph: stderr
2024-03-16T09:06:07.480+0000 7f9b59d9b700 1 --2- 172.21.15.112:0/2056744715 >> [v2:172.21.15.112:6800/2629104617,v1:172.21.15.112:6801/2629104617] conn(0x7f9b44038f70 0x7f9b4403b430 secure :-1 s=READY pgs=8 cs=0 l=1 rev1=1 crypto rx=0x7f9b4c006fd0 tx=0x7f9b4c006e40 comp rx=0 tx=0).ready entity=mgr.14120 client_cookie=0 server_cookie=0 in_seq=0 out_seq=0
2024-03-16T09:06:08.223 INFO:teuthology.orchestra.run.smithi112.stdout:/usr/bin/ceph: stderr
2024-03-16T09:06:07.485+0000 7f9b4b7fe700 1 -- 172.21.15.112:0/2056744715 <== mon.0 v2:172.21.15.112:3300/0 6 ==== mon_command_ack([{"prefix": "get_command_descriptions"}]=0 v0) ==== 72+0+186149 (secure 0 0 0) 0x7f9b5000b3e0 con 0x7f9b5c106c70
2024-03-16T09:06:08.223 INFO:teuthology.orchestra.run.smithi112.stdout:/usr/bin/ceph: stderr
2024-03-16T09:06:07.681+0000 7f9b60f4c700 1 -- 172.21.15.112:0/2056744715 --> [v2:172.21.15.112:6800/2629104617,v1:172.21.15.112:6801/2629104617] -- mgr_command(tid 0: {"prefix": "cephadm set-user", "user": "root", "target": ["mon-mgr", ""]}) -- 0x7f9b5c103480 con 0x7f9b44038f70
2024-03-16T09:06:08.223 INFO:teuthology.orchestra.run.smithi112.stdout:/usr/bin/ceph: stderr
2024-03-16T09:06:07.682+0000 7f9b4b7fe700 1 -- 172.21.15.112:0/2056744715 <== mgr.14120 v2:172.21.15.112:6800/2629104617 1 ==== mgr_command_reply(tid 0: 0 ) ==== 8+0+16 (secure 0 0 0) 0x7f9b5c103480 con 0x7f9b44038f70
2024-03-16T09:06:08.223 INFO:teuthology.orchestra.run.smithi112.stdout:/usr/bin/ceph: stderr
2024-03-16T09:06:07.684+0000 7f9b60f4c700 1 -- 172.21.15.112:0/2056744715 >> [v2:172.21.15.112:6800/2629104617,v1:172.21.15.112:6801/2629104617] conn(0x7f9b44038f70 msgr2=0x7f9b4403b430 secure :-1 s=STATE_CONNECTION_ESTABLISHED l=1).mark_down
2024-03-16T09:06:08.223 INFO:teuthology.orchestra.run.smithi112.stdout:/usr/bin/ceph: stderr
2024-03-16T09:06:07.684+0000 7f9b60f4c700 1 --2- 172.21.15.112:0/2056744715 >> [v2:172.21.15.112:6800/2629104617,v1:172.21.15.112:6801/2629104617] conn(0x7f9b44038f70 0x7f9b4403b430 secure :-1 s=READY pgs=8 cs=0 l=1 rev1=1 crypto rx=0x7f9b4c006fd0 tx=0x7f9b4c006e40 comp rx=0 tx=0).stop
2024-03-16T09:06:08.223 INFO:teuthology.orchestra.run.smithi112.stdout:/usr/bin/ceph: stderr
2024-03-16T09:06:07.684+0000 7f9b60f4c700 1 -- 172.21.15.112:0/2056744715 >> [v2:172.21.15.112:3300/0,v1:172.21.15.112:6789/0] conn(0x7f9b5c106c70 msgr2=0x7f9b5c19ac60 secure :-1 s=STATE_CONNECTION_ESTABLISHED l=1).mark_down
2024-03-16T09:06:08.223 INFO:teuthology.orchestra.run.smithi112.stdout:/usr/bin/ceph: stderr
2024-03-16T09:06:07.684+0000 7f9b60f4c700 1 --2- 172.21.15.112:0/2056744715 >> [v2:172.21.15.112:3300/0,v1:172.21.15.112:6789/0] conn(0x7f9b5c106c70 0x7f9b5c19ac60 secure :-1 s=READY pgs=40 cs=0 l=1 rev1=1 crypto rx=0x7f9b50000c00 tx=0x7f9b50011c80 comp rx=0 tx=0).stop
2024-03-16T09:06:08.223 INFO:teuthology.orchestra.run.smithi112.stdout:/usr/bin/ceph: stderr
2024-03-16T09:06:07.684+0000 7f9b60f4c700 1 -- 172.21.15.112:0/2056744715 shutdown_connections
2024-03-16T09:06:08.223 INFO:teuthology.orchestra.run.smithi112.stdout:/usr/bin/ceph: stderr
2024-03-16T09:06:07.684+0000 7f9b60f4c700 1 --2- 172.21.15.112:0/2056744715 >> [v2:172.21.15.112:6800/2629104617,v1:172.21.15.112:6801/2629104617] conn(0x7f9b44038f70 0x7f9b4403b430 unknown :-1 s=CLOSED pgs=8 cs=0 l=1 rev1=1 crypto rx=0 tx=0 comp rx=0 tx=0).stop
2024-03-16T09:06:08.223 INFO:teuthology.orchestra.run.smithi112.stdout:/usr/bin/ceph: stderr
2024-03-16T09:06:07.684+0000 7f9b60f4c700 1 --2- 172.21.15.112:0/2056744715 >> [v2:172.21.15.112:3300/0,v1:172.21.15.112:6789/0] conn(0x7f9b5c106c70 0x7f9b5c19ac60 unknown :-1 s=CLOSED pgs=40 cs=0 l=1 rev1=1 crypto rx=0 tx=0 comp rx=0 tx=0).stop
2024-03-16T09:06:08.223 INFO:teuthology.orchestra.run.smithi112.stdout:/usr/bin/ceph: stderr
2024-03-16T09:06:07.684+0000 7f9b60f4c700 1 -- 172.21.15.112:0/2056744715 >> 172.21.15.112:0/2056744715 conn(0x7f9b5c102230 msgr2=0x7f9b5c102d70 unknown :-1 s=STATE_NONE l=0).mark_down
2024-03-16T09:06:08.223 INFO:teuthology.orchestra.run.smithi112.stdout:/usr/bin/ceph: stderr
2024-03-16T09:06:07.684+0000 7f9b60f4c700 1 -- 172.21.15.112:0/2056744715 shutdown_connections
2024-03-16T09:06:08.224 INFO:teuthology.orchestra.run.smithi112.stdout:/usr/bin/ceph: stderr
2024-03-16T09:06:07.684+0000 7f9b60f4c700 1 -- 172.21.15.112:0/2056744715 wait complete.
2024-03-16T09:06:08.224 INFO:teuthology.orchestra.run.smithi112.stdout:Generating ssh key...
2024-03-16T09:06:08.548 INFO:journalctl@ceph.mon.a.smithi112.stdout:Mar 16 09:06:08 smithi112 ceph-mon[32307]: from='client.14132 -' entity='client.admin' cmd=[{"prefix": "orch set backend", "module_name": "cephadm", "target": ["mon-mgr", ""]}]: dispatch
2024-03-16T09:06:09.251 INFO:journalctl@ceph.mgr.x.smithi112.stdout:Mar 16 09:06:08 smithi112 ceph-273be2a4-e374-11ee-95c9-87774f69a715-mgr-x[32541]: Generating public/private rsa key pair.
2024-03-16T09:06:09.251 INFO:journalctl@ceph.mgr.x.smithi112.stdout:Mar 16 09:06:08 smithi112 ceph-273be2a4-e374-11ee-95c9-87774f69a715-mgr-x[32541]: Your identification has been saved in /tmp/tmpdvdj9d4a/key.
2024-03-16T09:06:09.251 INFO:journalctl@ceph.mgr.x.smithi112.stdout:Mar 16 09:06:08 smithi112 ceph-273be2a4-e374-11ee-95c9-87774f69a715-mgr-x[32541]: Your public key has been saved in /tmp/tmpdvdj9d4a/key.pub.
2024-03-16T09:06:09.251 INFO:journalctl@ceph.mgr.x.smithi112.stdout:Mar 16 09:06:08 smithi112 ceph-273be2a4-e374-11ee-95c9-87774f69a715-mgr-x[32541]: The key fingerprint is:
2024-03-16T09:06:09.251 INFO:journalctl@ceph.mgr.x.smithi112.stdout:Mar 16 09:06:08 smithi112 ceph-273be2a4-e374-11ee-95c9-87774f69a715-mgr-x[32541]: SHA256:RdNBVttscZlU1m1bUlYV81/ACk53UDma3QSVogtNd58 ceph-273be2a4-e374-11ee-95c9-87774f69a715
2024-03-16T09:06:09.251 INFO:journalctl@ceph.mgr.x.smithi112.stdout:Mar 16 09:06:08 smithi112 ceph-273be2a4-e374-11ee-95c9-87774f69a715-mgr-x[32541]: The key's randomart image is:
2024-03-16T09:06:09.251 INFO:journalctl@ceph.mgr.x.smithi112.stdout:Mar 16 09:06:08 smithi112 ceph-273be2a4-e374-11ee-95c9-87774f69a715-mgr-x[32541]: +---[RSA 3072]----+
2024-03-16T09:06:09.252 INFO:journalctl@ceph.mgr.x.smithi112.stdout:Mar 16 09:06:08 smithi112 ceph-273be2a4-e374-11ee-95c9-87774f69a715-mgr-x[32541]: | oo=**X^|
2024-03-16T09:06:09.252 INFO:journalctl@ceph.mgr.x.smithi112.stdout:Mar 16 09:06:08 smithi112 ceph-273be2a4-e374-11ee-95c9-87774f69a715-mgr-x[32541]: | .o+oo*%@|
2024-03-16T09:06:09.252 INFO:journalctl@ceph.mgr.x.smithi112.stdout:Mar 16 09:06:08 smithi112 ceph-273be2a4-e374-11ee-95c9-87774f69a715-mgr-x[32541]: | o+oo*+*@|
2024-03-16T09:06:09.252 INFO:journalctl@ceph.mgr.x.smithi112.stdout:Mar 16 09:06:08 smithi112 ceph-273be2a4-e374-11ee-95c9-87774f69a715-mgr-x[32541]: | o.o+ .E=|
2024-03-16T09:06:09.252 INFO:journalctl@ceph.mgr.x.smithi112.stdout:Mar 16 09:06:08 smithi112 ceph-273be2a4-e374-11ee-95c9-87774f69a715-mgr-x[32541]: | S . . .|
2024-03-16T09:06:09.252 INFO:journalctl@ceph.mgr.x.smithi112.stdout:Mar 16 09:06:08 smithi112 ceph-273be2a4-e374-11ee-95c9-87774f69a715-mgr-x[32541]: | . |
2024-03-16T09:06:09.252 INFO:journalctl@ceph.mgr.x.smithi112.stdout:Mar 16 09:06:08 smithi112 ceph-273be2a4-e374-11ee-95c9-87774f69a715-mgr-x[32541]: | |
2024-03-16T09:06:09.252 INFO:journalctl@ceph.mgr.x.smithi112.stdout:Mar 16 09:06:08 smithi112 ceph-273be2a4-e374-11ee-95c9-87774f69a715-mgr-x[32541]: | |
2024-03-16T09:06:09.252 INFO:journalctl@ceph.mgr.x.smithi112.stdout:Mar 16 09:06:08 smithi112 ceph-273be2a4-e374-11ee-95c9-87774f69a715-mgr-x[32541]: | |
2024-03-16T09:06:09.252 INFO:journalctl@ceph.mgr.x.smithi112.stdout:Mar 16 09:06:08 smithi112 ceph-273be2a4-e374-11ee-95c9-87774f69a715-mgr-x[32541]: +----[SHA256]-----+
2024-03-16T09:06:09.544 INFO:journalctl@ceph.mon.a.smithi112.stdout:Mar 16 09:06:09 smithi112 ceph-mon[32307]: from='client.14134 -' entity='client.admin' cmd=[{"prefix": "cephadm set-user", "user": "root", "target": ["mon-mgr", ""]}]: dispatch
2024-03-16T09:06:09.544 INFO:journalctl@ceph.mon.a.smithi112.stdout:Mar 16 09:06:09 smithi112 ceph-mon[32307]: from='mgr.14120 172.21.15.112:0/1648013712' entity='mgr.x'
2024-03-16T09:06:09.544 INFO:journalctl@ceph.mon.a.smithi112.stdout:Mar 16 09:06:09 smithi112 ceph-mon[32307]: from='mgr.14120 172.21.15.112:0/1648013712' entity='mgr.x'
2024-03-16T09:06:09.551 INFO:teuthology.orchestra.run.smithi112.stdout:/usr/bin/ceph: stderr
2024-03-16T09:06:08.643+0000 7f299a17d700 1 Processor -- start
2024-03-16T09:06:09.551 INFO:teuthology.orchestra.run.smithi112.stdout:/usr/bin/ceph: stderr
2024-03-16T09:06:08.644+0000 7f299a17d700 1 -- start start
2024-03-16T09:06:09.552 INFO:teuthology.orchestra.run.smithi112.stdout:/usr/bin/ceph: stderr
2024-03-16T09:06:08.644+0000 7f299a17d700 1 --2- >> [v2:172.21.15.112:3300/0,v1:172.21.15.112:6789/0] conn(0x7f2994107dc0 0x7f29941081e0 unknown :-1 s=NONE pgs=0 cs=0 l=0 rev1=0 crypto rx=0 tx=0 comp rx=0 tx=0).connect
2024-03-16T09:06:09.552 INFO:teuthology.orchestra.run.smithi112.stdout:/usr/bin/ceph: stderr
2024-03-16T09:06:08.644+0000 7f299a17d700 1 -- --> [v2:172.21.15.112:3300/0,v1:172.21.15.112:6789/0] -- mon_getmap magic: 0 -- 0x7f29941087b0 con 0x7f2994107dc0
2024-03-16T09:06:09.552 INFO:teuthology.orchestra.run.smithi112.stdout:/usr/bin/ceph: stderr
2024-03-16T09:06:08.644+0000 7f29937fe700 1 --2- >> [v2:172.21.15.112:3300/0,v1:172.21.15.112:6789/0] conn(0x7f2994107dc0 0x7f29941081e0 unknown :-1 s=BANNER_CONNECTING pgs=0 cs=0 l=0 rev1=0 crypto rx=0 tx=0 comp rx=0 tx=0)._handle_peer_banner_payload supported=3 required=0
2024-03-16T09:06:09.552 INFO:teuthology.orchestra.run.smithi112.stdout:/usr/bin/ceph: stderr
2024-03-16T09:06:08.644+0000 7f29937fe700 1 --2- >> [v2:172.21.15.112:3300/0,v1:172.21.15.112:6789/0] conn(0x7f2994107dc0 0x7f29941081e0 unknown :-1 s=HELLO_CONNECTING pgs=0 cs=0 l=0 rev1=1 crypto rx=0 tx=0 comp rx=0 tx=0).handle_hello peer v2:172.21.15.112:3300/0 says I am v2:172.21.15.112:38696/0 (socket says 172.21.15.112:38696)
2024-03-16T09:06:09.552 INFO:teuthology.orchestra.run.smithi112.stdout:/usr/bin/ceph: stderr
2024-03-16T09:06:08.644+0000 7f29937fe700 1 -- 172.21.15.112:0/2333886820 learned_addr learned my addr 172.21.15.112:0/2333886820 (peer_addr_for_me v2:172.21.15.112:0/0)
2024-03-16T09:06:09.552 INFO:teuthology.orchestra.run.smithi112.stdout:/usr/bin/ceph: stderr
2024-03-16T09:06:08.644+0000 7f29937fe700 1 -- 172.21.15.112:0/2333886820 --> [v2:172.21.15.112:3300/0,v1:172.21.15.112:6789/0] -- mon_subscribe({config=0+,monmap=0+}) -- 0x7f2994108f70 con 0x7f2994107dc0
2024-03-16T09:06:09.552 INFO:teuthology.orchestra.run.smithi112.stdout:/usr/bin/ceph: stderr
2024-03-16T09:06:08.644+0000 7f29937fe700 1 --2- 172.21.15.112:0/2333886820 >> [v2:172.21.15.112:3300/0,v1:172.21.15.112:6789/0] conn(0x7f2994107dc0 0x7f29941081e0 secure :-1 s=READY pgs=41 cs=0 l=1 rev1=1 crypto rx=0x7f29840098a0 tx=0x7f2984009bb0 comp rx=0 tx=0).ready entity=mon.0 client_cookie=43464b086ab813ea server_cookie=0 in_seq=0 out_seq=0
2024-03-16T09:06:09.552 INFO:teuthology.orchestra.run.smithi112.stdout:/usr/bin/ceph: stderr
2024-03-16T09:06:08.644+0000 7f2992ffd700 1 -- 172.21.15.112:0/2333886820 <== mon.0 v2:172.21.15.112:3300/0 1 ==== mon_map magic: 0 ==== 205+0+0 (secure 0 0 0) 0x7f2984004160 con 0x7f2994107dc0
2024-03-16T09:06:09.552 INFO:teuthology.orchestra.run.smithi112.stdout:/usr/bin/ceph: stderr
2024-03-16T09:06:08.644+0000 7f2992ffd700 1 -- 172.21.15.112:0/2333886820 <== mon.0 v2:172.21.15.112:3300/0 2 ==== config(28 keys) ==== 1143+0+0 (secure 0 0 0) 0x7f2984004300 con 0x7f2994107dc0
2024-03-16T09:06:09.552 INFO:teuthology.orchestra.run.smithi112.stdout:/usr/bin/ceph: stderr
2024-03-16T09:06:08.644+0000 7f2992ffd700 1 -- 172.21.15.112:0/2333886820 <== mon.0 v2:172.21.15.112:3300/0 3 ==== mon_map magic: 0 ==== 205+0+0 (secure 0 0 0) 0x7f2984011c00 con 0x7f2994107dc0
2024-03-16T09:06:09.552 INFO:teuthology.orchestra.run.smithi112.stdout:/usr/bin/ceph: stderr
2024-03-16T09:06:08.645+0000 7f299a17d700 1 -- 172.21.15.112:0/2333886820 >> [v2:172.21.15.112:3300/0,v1:172.21.15.112:6789/0] conn(0x7f2994107dc0 msgr2=0x7f29941081e0 secure :-1 s=STATE_CONNECTION_ESTABLISHED l=1).mark_down
2024-03-16T09:06:09.552 INFO:teuthology.orchestra.run.smithi112.stdout:/usr/bin/ceph: stderr
2024-03-16T09:06:08.645+0000 7f299a17d700 1 --2- 172.21.15.112:0/2333886820 >> [v2:172.21.15.112:3300/0,v1:172.21.15.112:6789/0] conn(0x7f2994107dc0 0x7f29941081e0 secure :-1 s=READY pgs=41 cs=0 l=1 rev1=1 crypto rx=0x7f29840098a0 tx=0x7f2984009bb0 comp rx=0 tx=0).stop
2024-03-16T09:06:09.552 INFO:teuthology.orchestra.run.smithi112.stdout:/usr/bin/ceph: stderr
2024-03-16T09:06:08.645+0000 7f299a17d700 1 -- 172.21.15.112:0/2333886820 shutdown_connections
2024-03-16T09:06:09.552 INFO:teuthology.orchestra.run.smithi112.stdout:/usr/bin/ceph: stderr
2024-03-16T09:06:08.645+0000 7f299a17d700 1 --2- 172.21.15.112:0/2333886820 >> [v2:172.21.15.112:3300/0,v1:172.21.15.112:6789/0] conn(0x7f2994107dc0 0x7f29941081e0 unknown :-1 s=CLOSED pgs=41 cs=0 l=1 rev1=1 crypto rx=0 tx=0 comp rx=0 tx=0).stop
2024-03-16T09:06:09.553 INFO:teuthology.orchestra.run.smithi112.stdout:/usr/bin/ceph: stderr
2024-03-16T09:06:08.645+0000 7f299a17d700 1 -- 172.21.15.112:0/2333886820 >> 172.21.15.112:0/2333886820 conn(0x7f2994103360 msgr2=0x7f29941057a0 unknown :-1 s=STATE_NONE l=0).mark_down
2024-03-16T09:06:09.553 INFO:teuthology.orchestra.run.smithi112.stdout:/usr/bin/ceph: stderr
2024-03-16T09:06:08.645+0000 7f299a17d700 1 -- 172.21.15.112:0/2333886820 shutdown_connections
2024-03-16T09:06:09.553 INFO:teuthology.orchestra.run.smithi112.stdout:/usr/bin/ceph: stderr
2024-03-16T09:06:08.645+0000 7f299a17d700 1 -- 172.21.15.112:0/2333886820 wait complete.
2024-03-16T09:06:09.553 INFO:teuthology.orchestra.run.smithi112.stdout:/usr/bin/ceph: stderr
2024-03-16T09:06:08.646+0000 7f299a17d700 1 Processor -- start
2024-03-16T09:06:09.553 INFO:teuthology.orchestra.run.smithi112.stdout:/usr/bin/ceph: stderr
2024-03-16T09:06:08.646+0000 7f299a17d700 1 -- start start
2024-03-16T09:06:09.553 INFO:teuthology.orchestra.run.smithi112.stdout:/usr/bin/ceph: stderr
2024-03-16T09:06:08.646+0000 7f299a17d700 1 --2- >> [v2:172.21.15.112:3300/0,v1:172.21.15.112:6789/0] conn(0x7f2994107dc0 0x7f299419bd00 unknown :-1 s=NONE pgs=0 cs=0 l=1 rev1=0 crypto rx=0 tx=0 comp rx=0 tx=0).connect
2024-03-16T09:06:09.553 INFO:teuthology.orchestra.run.smithi112.stdout:/usr/bin/ceph: stderr
2024-03-16T09:06:08.646+0000 7f299a17d700 1 -- --> [v2:172.21.15.112:3300/0,v1:172.21.15.112:6789/0] -- mon_getmap magic: 0 -- 0x7f299410c320 con 0x7f2994107dc0
2024-03-16T09:06:09.553 INFO:teuthology.orchestra.run.smithi112.stdout:/usr/bin/ceph: stderr
2024-03-16T09:06:08.646+0000 7f29937fe700 1 --2- >> [v2:172.21.15.112:3300/0,v1:172.21.15.112:6789/0] conn(0x7f2994107dc0 0x7f299419bd00 unknown :-1 s=BANNER_CONNECTING pgs=0 cs=0 l=1 rev1=0 crypto rx=0 tx=0 comp rx=0 tx=0)._handle_peer_banner_payload supported=3 required=0
2024-03-16T09:06:09.553 INFO:teuthology.orchestra.run.smithi112.stdout:/usr/bin/ceph: stderr
2024-03-16T09:06:08.646+0000 7f29937fe700 1 --2- >> [v2:172.21.15.112:3300/0,v1:172.21.15.112:6789/0] conn(0x7f2994107dc0 0x7f299419bd00 unknown :-1 s=HELLO_CONNECTING pgs=0 cs=0 l=1 rev1=1 crypto rx=0 tx=0 comp rx=0 tx=0).handle_hello peer v2:172.21.15.112:3300/0 says I am v2:172.21.15.112:38710/0 (socket says 172.21.15.112:38710)
2024-03-16T09:06:09.553 INFO:teuthology.orchestra.run.smithi112.stdout:/usr/bin/ceph: stderr
2024-03-16T09:06:08.646+0000 7f29937fe700 1 -- 172.21.15.112:0/2847618199 learned_addr learned my addr 172.21.15.112:0/2847618199 (peer_addr_for_me v2:172.21.15.112:0/0)
2024-03-16T09:06:09.553 INFO:teuthology.orchestra.run.smithi112.stdout:/usr/bin/ceph: stderr
2024-03-16T09:06:08.646+0000 7f29937fe700 1 -- 172.21.15.112:0/2847618199 --> [v2:172.21.15.112:3300/0,v1:172.21.15.112:6789/0] -- mon_subscribe({config=0+,monmap=0+}) -- 0x7f299419c240 con 0x7f2994107dc0
2024-03-16T09:06:09.553 INFO:teuthology.orchestra.run.smithi112.stdout:/usr/bin/ceph: stderr
2024-03-16T09:06:08.646+0000 7f29937fe700 1 --2- 172.21.15.112:0/2847618199 >> [v2:172.21.15.112:3300/0,v1:172.21.15.112:6789/0] conn(0x7f2994107dc0 0x7f299419bd00 secure :-1 s=READY pgs=42 cs=0 l=1 rev1=1 crypto rx=0x7f2984000c00 tx=0x7f2984011c80 comp rx=0 tx=0).ready entity=mon.0 client_cookie=0 server_cookie=0 in_seq=0 out_seq=0
2024-03-16T09:06:09.553 INFO:teuthology.orchestra.run.smithi112.stdout:/usr/bin/ceph: stderr
2024-03-16T09:06:08.646+0000 7f29917fa700 1 -- 172.21.15.112:0/2847618199 <== mon.0 v2:172.21.15.112:3300/0 1 ==== mon_map magic: 0 ==== 205+0+0 (secure 0 0 0) 0x7f2984003b20 con 0x7f2994107dc0
2024-03-16T09:06:09.554 INFO:teuthology.orchestra.run.smithi112.stdout:/usr/bin/ceph: stderr
2024-03-16T09:06:08.646+0000 7f29917fa700 1 -- 172.21.15.112:0/2847618199 <== mon.0 v2:172.21.15.112:3300/0 2 ==== config(28 keys) ==== 1143+0+0 (secure 0 0 0) 0x7f2984003cc0 con 0x7f2994107dc0
2024-03-16T09:06:09.554 INFO:teuthology.orchestra.run.smithi112.stdout:/usr/bin/ceph: stderr
2024-03-16T09:06:08.646+0000 7f299a17d700 1 -- 172.21.15.112:0/2847618199 --> [v2:172.21.15.112:3300/0,v1:172.21.15.112:6789/0] -- mon_subscribe({mgrmap=0+}) -- 0x7f299419c4d0 con 0x7f2994107dc0
2024-03-16T09:06:09.554 INFO:teuthology.orchestra.run.smithi112.stdout:/usr/bin/ceph: stderr
2024-03-16T09:06:08.647+0000 7f29917fa700 1 -- 172.21.15.112:0/2847618199 <== mon.0 v2:172.21.15.112:3300/0 3 ==== mon_map magic: 0 ==== 205+0+0 (secure 0 0 0) 0x7f29840249a0 con 0x7f2994107dc0
2024-03-16T09:06:09.554 INFO:teuthology.orchestra.run.smithi112.stdout:/usr/bin/ceph: stderr
2024-03-16T09:06:08.647+0000 7f299a17d700 1 -- 172.21.15.112:0/2847618199 --> [v2:172.21.15.112:3300/0,v1:172.21.15.112:6789/0] -- mon_subscribe({osdmap=0}) -- 0x7f299419f1b0 con 0x7f2994107dc0
2024-03-16T09:06:09.554 INFO:teuthology.orchestra.run.smithi112.stdout:/usr/bin/ceph: stderr
2024-03-16T09:06:08.647+0000 7f299a17d700 1 -- 172.21.15.112:0/2847618199 --> [v2:172.21.15.112:3300/0,v1:172.21.15.112:6789/0] -- mon_command({"prefix": "get_command_descriptions"} v 0) -- 0x7f2994063900 con 0x7f2994107dc0
2024-03-16T09:06:09.554 INFO:teuthology.orchestra.run.smithi112.stdout:/usr/bin/ceph: stderr
2024-03-16T09:06:08.647+0000 7f29917fa700 1 -- 172.21.15.112:0/2847618199 <== mon.0 v2:172.21.15.112:3300/0 4 ==== mgrmap(e 8) ==== 46106+0+0 (secure 0 0 0) 0x7f2984022020 con 0x7f2994107dc0
2024-03-16T09:06:09.554 INFO:teuthology.orchestra.run.smithi112.stdout:/usr/bin/ceph: stderr
2024-03-16T09:06:08.648+0000 7f29917fa700 1 --2- 172.21.15.112:0/2847618199 >> [v2:172.21.15.112:6800/2629104617,v1:172.21.15.112:6801/2629104617] conn(0x7f2980038f70 0x7f298003b430 unknown :-1 s=NONE pgs=0 cs=0 l=1 rev1=0 crypto rx=0 tx=0 comp rx=0 tx=0).connect
2024-03-16T09:06:09.554 INFO:teuthology.orchestra.run.smithi112.stdout:/usr/bin/ceph: stderr
2024-03-16T09:06:08.648+0000 7f29917fa700 1 -- 172.21.15.112:0/2847618199 <== mon.0 v2:172.21.15.112:3300/0 5 ==== osd_map(2..2 src has 1..2) ==== 940+0+0 (secure 0 0 0) 0x7f298404d080 con 0x7f2994107dc0
2024-03-16T09:06:09.554 INFO:teuthology.orchestra.run.smithi112.stdout:/usr/bin/ceph: stderr
2024-03-16T09:06:08.648+0000 7f298affd700 1 --2- 172.21.15.112:0/2847618199 >> [v2:172.21.15.112:6800/2629104617,v1:172.21.15.112:6801/2629104617] conn(0x7f2980038f70 0x7f298003b430 unknown :-1 s=BANNER_CONNECTING pgs=0 cs=0 l=1 rev1=0 crypto rx=0 tx=0 comp rx=0 tx=0)._handle_peer_banner_payload supported=3 required=0
2024-03-16T09:06:09.554 INFO:teuthology.orchestra.run.smithi112.stdout:/usr/bin/ceph: stderr
2024-03-16T09:06:08.648+0000 7f298affd700 1 --2- 172.21.15.112:0/2847618199 >> [v2:172.21.15.112:6800/2629104617,v1:172.21.15.112:6801/2629104617] conn(0x7f2980038f70 0x7f298003b430 secure :-1 s=READY pgs=9 cs=0 l=1 rev1=1 crypto rx=0x7f297c006fd0 tx=0x7f297c006e40 comp rx=0 tx=0).ready entity=mgr.14120 client_cookie=0 server_cookie=0 in_seq=0 out_seq=0
2024-03-16T09:06:09.554 INFO:teuthology.orchestra.run.smithi112.stdout:/usr/bin/ceph: stderr
2024-03-16T09:06:08.652+0000 7f29917fa700 1 -- 172.21.15.112:0/2847618199 <== mon.0 v2:172.21.15.112:3300/0 6 ==== mon_command_ack([{"prefix": "get_command_descriptions"}]=0 v0) ==== 72+0+186149 (secure 0 0 0) 0x7f298400b3e0 con 0x7f2994107dc0
2024-03-16T09:06:09.554 INFO:teuthology.orchestra.run.smithi112.stdout:/usr/bin/ceph: stderr
2024-03-16T09:06:08.847+0000 7f299a17d700 1 -- 172.21.15.112:0/2847618199 --> [v2:172.21.15.112:6800/2629104617,v1:172.21.15.112:6801/2629104617] -- mgr_command(tid 0: {"prefix": "cephadm generate-key", "target": ["mon-mgr", ""]}) -- 0x7f29941045b0 con 0x7f2980038f70
2024-03-16T09:06:09.554 INFO:teuthology.orchestra.run.smithi112.stdout:/usr/bin/ceph: stderr
2024-03-16T09:06:08.948+0000 7f29917fa700 1 -- 172.21.15.112:0/2847618199 <== mgr.14120 v2:172.21.15.112:6800/2629104617 1 ==== mgr_command_reply(tid 0: 0 ) ==== 8+0+0 (secure 0 0 0) 0x7f29941045b0 con 0x7f2980038f70
2024-03-16T09:06:09.554 INFO:teuthology.orchestra.run.smithi112.stdout:/usr/bin/ceph: stderr
2024-03-16T09:06:08.950+0000 7f299a17d700 1 -- 172.21.15.112:0/2847618199 >> [v2:172.21.15.112:6800/2629104617,v1:172.21.15.112:6801/2629104617] conn(0x7f2980038f70 msgr2=0x7f298003b430 secure :-1 s=STATE_CONNECTION_ESTABLISHED l=1).mark_down
2024-03-16T09:06:09.555 INFO:teuthology.orchestra.run.smithi112.stdout:/usr/bin/ceph: stderr
2024-03-16T09:06:08.950+0000 7f299a17d700 1 --2- 172.21.15.112:0/2847618199 >> [v2:172.21.15.112:6800/2629104617,v1:172.21.15.112:6801/2629104617] conn(0x7f2980038f70 0x7f298003b430 secure :-1 s=READY pgs=9 cs=0 l=1 rev1=1 crypto rx=0x7f297c006fd0 tx=0x7f297c006e40 comp rx=0 tx=0).stop
2024-03-16T09:06:09.555 INFO:teuthology.orchestra.run.smithi112.stdout:/usr/bin/ceph: stderr
2024-03-16T09:06:08.950+0000 7f299a17d700 1 -- 172.21.15.112:0/2847618199 >> [v2:172.21.15.112:3300/0,v1:172.21.15.112:6789/0] conn(0x7f2994107dc0 msgr2=0x7f299419bd00 secure :-1 s=STATE_CONNECTION_ESTABLISHED l=1).mark_down
2024-03-16T09:06:09.555 INFO:teuthology.orchestra.run.smithi112.stdout:/usr/bin/ceph: stderr
2024-03-16T09:06:08.950+0000 7f299a17d700 1 --2- 172.21.15.112:0/2847618199 >> [v2:172.21.15.112:3300/0,v1:172.21.15.112:6789/0] conn(0x7f2994107dc0 0x7f299419bd00 secure :-1 s=READY pgs=42 cs=0 l=1 rev1=1 crypto rx=0x7f2984000c00 tx=0x7f2984011c80 comp rx=0 tx=0).stop
2024-03-16T09:06:09.555 INFO:teuthology.orchestra.run.smithi112.stdout:/usr/bin/ceph: stderr
2024-03-16T09:06:08.951+0000 7f299a17d700 1 -- 172.21.15.112:0/2847618199 shutdown_connections
2024-03-16T09:06:09.555 INFO:teuthology.orchestra.run.smithi112.stdout:/usr/bin/ceph: stderr
2024-03-16T09:06:08.951+0000 7f299a17d700 1 --2- 172.21.15.112:0/2847618199 >> [v2:172.21.15.112:6800/2629104617,v1:172.21.15.112:6801/2629104617] conn(0x7f2980038f70 0x7f298003b430 unknown :-1 s=CLOSED pgs=9 cs=0 l=1 rev1=1 crypto rx=0 tx=0 comp rx=0 tx=0).stop
2024-03-16T09:06:09.555 INFO:teuthology.orchestra.run.smithi112.stdout:/usr/bin/ceph: stderr
2024-03-16T09:06:08.951+0000 7f299a17d700 1 --2- 172.21.15.112:0/2847618199 >> [v2:172.21.15.112:3300/0,v1:172.21.15.112:6789/0] conn(0x7f2994107dc0 0x7f299419bd00 unknown :-1 s=CLOSED pgs=42 cs=0 l=1 rev1=1 crypto rx=0 tx=0 comp rx=0 tx=0).stop
2024-03-16T09:06:09.555 INFO:teuthology.orchestra.run.smithi112.stdout:/usr/bin/ceph: stderr
2024-03-16T09:06:08.951+0000 7f299a17d700 1 -- 172.21.15.112:0/2847618199 >> 172.21.15.112:0/2847618199 conn(0x7f2994103360 msgr2=0x7f2994103ea0 unknown :-1 s=STATE_NONE l=0).mark_down
2024-03-16T09:06:09.555 INFO:teuthology.orchestra.run.smithi112.stdout:/usr/bin/ceph: stderr
2024-03-16T09:06:08.951+0000 7f299a17d700 1 -- 172.21.15.112:0/2847618199 shutdown_connections
2024-03-16T09:06:09.555 INFO:teuthology.orchestra.run.smithi112.stdout:/usr/bin/ceph: stderr
2024-03-16T09:06:08.951+0000 7f299a17d700 1 -- 172.21.15.112:0/2847618199 wait complete.
2024-03-16T09:06:10.491 INFO:journalctl@ceph.mon.a.smithi112.stdout:Mar 16 09:06:10 smithi112 ceph-mon[32307]: from='client.14136 -' entity='client.admin' cmd=[{"prefix": "cephadm generate-key", "target": ["mon-mgr", ""]}]: dispatch
2024-03-16T09:06:10.492 INFO:journalctl@ceph.mon.a.smithi112.stdout:Mar 16 09:06:10 smithi112 ceph-mon[32307]: Generating ssh key...
2024-03-16T09:06:10.792 INFO:teuthology.orchestra.run.smithi112.stdout:/usr/bin/ceph: stdout ssh-rsa AAAAB3NzaC1yc2EAAAADAQABAAABgQDDFcOmJO9hp3V8Ms/aru4Pan1LEQ5rNjV78XjDDJiH1DoIHboQXmLXbZ5TRFi1cq2QREwty1rPpPRCFnxUXhgU0F1jKlxOQMNgmk7oL1YQ2We/B/ErzxwaMJ7/3joa8Ovw6K/Xps/2sMXuUk+uaxPl+ucZ8Z5P6dHwAkflC2+vkwcg71nYS2eoRqrpZv1SZRqlacY8ky6FVI9owXeE8AiEM9x3S1gEqCGRDHL/EBHXGx67Zs2Aq5cPnoVtla8Njw5VDVbqUgVS+Z8Nis0qBokVC8tAx70EPjCAnWsfh5cm1u7ug9g7E48oQpFnEaSaed6atuF+QZq11pYboVhGt7vZLILkRleRvC9k9bIOmh/rCF49csDhvsJ5jgwuxWfPc2MvAAXhbRs2V+D2xRr0ugfmbIlmWqzQ0yqhDbrn+szcrAn6e13030Oev95yz8aq6hQZlZW8Cgn6nsn+HVxOOvtgoNPdu/iIPtf17h4qPpnh/ZJsD1np8ckzDwOpKMClBEM= ceph-273be2a4-e374-11ee-95c9-87774f69a715
2024-03-16T09:06:10.792 INFO:teuthology.orchestra.run.smithi112.stdout:/usr/bin/ceph: stderr
2024-03-16T09:06:09.925+0000 7f1baeb0a700 1 Processor -- start
2024-03-16T09:06:10.792 INFO:teuthology.orchestra.run.smithi112.stdout:/usr/bin/ceph: stderr
2024-03-16T09:06:09.925+0000 7f1baeb0a700 1 -- start start
2024-03-16T09:06:10.792 INFO:teuthology.orchestra.run.smithi112.stdout:/usr/bin/ceph: stderr
2024-03-16T09:06:09.925+0000 7f1baeb0a700 1 --2- >> [v2:172.21.15.112:3300/0,v1:172.21.15.112:6789/0] conn(0x7f1ba8107da0 0x7f1ba81081c0 unknown :-1 s=NONE pgs=0 cs=0 l=0 rev1=0 crypto rx=0 tx=0 comp rx=0 tx=0).connect
2024-03-16T09:06:10.792 INFO:teuthology.orchestra.run.smithi112.stdout:/usr/bin/ceph: stderr
2024-03-16T09:06:09.925+0000 7f1baeb0a700 1 -- --> [v2:172.21.15.112:3300/0,v1:172.21.15.112:6789/0] -- mon_getmap magic: 0 -- 0x7f1ba8108790 con 0x7f1ba8107da0
2024-03-16T09:06:10.792 INFO:teuthology.orchestra.run.smithi112.stdout:/usr/bin/ceph: stderr
2024-03-16T09:06:09.926+0000 7f1bac8a6700 1 --2- >> [v2:172.21.15.112:3300/0,v1:172.21.15.112:6789/0] conn(0x7f1ba8107da0 0x7f1ba81081c0 unknown :-1 s=BANNER_CONNECTING pgs=0 cs=0 l=0 rev1=0 crypto rx=0 tx=0 comp rx=0 tx=0)._handle_peer_banner_payload supported=3 required=0
2024-03-16T09:06:10.792 INFO:teuthology.orchestra.run.smithi112.stdout:/usr/bin/ceph: stderr
2024-03-16T09:06:09.926+0000 7f1bac8a6700 1 --2- >> [v2:172.21.15.112:3300/0,v1:172.21.15.112:6789/0] conn(0x7f1ba8107da0 0x7f1ba81081c0 unknown :-1 s=HELLO_CONNECTING pgs=0 cs=0 l=0 rev1=1 crypto rx=0 tx=0 comp rx=0 tx=0).handle_hello peer v2:172.21.15.112:3300/0 says I am v2:172.21.15.112:38722/0 (socket says 172.21.15.112:38722)
2024-03-16T09:06:10.792 INFO:teuthology.orchestra.run.smithi112.stdout:/usr/bin/ceph: stderr
2024-03-16T09:06:09.926+0000 7f1bac8a6700 1 -- 172.21.15.112:0/1513290203 learned_addr learned my addr 172.21.15.112:0/1513290203 (peer_addr_for_me v2:172.21.15.112:0/0)
2024-03-16T09:06:10.792 INFO:teuthology.orchestra.run.smithi112.stdout:/usr/bin/ceph: stderr
2024-03-16T09:06:09.926+0000 7f1bac8a6700 1 -- 172.21.15.112:0/1513290203 --> [v2:172.21.15.112:3300/0,v1:172.21.15.112:6789/0] -- mon_subscribe({config=0+,monmap=0+}) -- 0x7f1ba8108f50 con 0x7f1ba8107da0
2024-03-16T09:06:10.792 INFO:teuthology.orchestra.run.smithi112.stdout:/usr/bin/ceph: stderr
2024-03-16T09:06:09.926+0000 7f1bac8a6700 1 --2- 172.21.15.112:0/1513290203 >> [v2:172.21.15.112:3300/0,v1:172.21.15.112:6789/0] conn(0x7f1ba8107da0 0x7f1ba81081c0 secure :-1 s=READY pgs=43 cs=0 l=1 rev1=1 crypto rx=0x7f1ba0009e80 tx=0x7f1ba000b330 comp rx=0 tx=0).ready entity=mon.0 client_cookie=40516ed1c34085a1 server_cookie=0 in_seq=0 out_seq=0
2024-03-16T09:06:10.792 INFO:teuthology.orchestra.run.smithi112.stdout:/usr/bin/ceph: stderr
2024-03-16T09:06:09.926+0000 7f1ba77fe700 1 -- 172.21.15.112:0/1513290203 <== mon.0 v2:172.21.15.112:3300/0 1 ==== mon_map magic: 0 ==== 205+0+0 (secure 0 0 0) 0x7f1ba0017070 con 0x7f1ba8107da0
2024-03-16T09:06:10.792 INFO:teuthology.orchestra.run.smithi112.stdout:/usr/bin/ceph: stderr
2024-03-16T09:06:09.926+0000 7f1ba77fe700 1 -- 172.21.15.112:0/1513290203 <== mon.0 v2:172.21.15.112:3300/0 2 ==== config(28 keys) ==== 1143+0+0 (secure 0 0 0) 0x7f1ba000b8c0 con 0x7f1ba8107da0
2024-03-16T09:06:10.793 INFO:teuthology.orchestra.run.smithi112.stdout:/usr/bin/ceph: stderr
2024-03-16T09:06:09.926+0000 7f1ba77fe700 1 -- 172.21.15.112:0/1513290203 <== mon.0 v2:172.21.15.112:3300/0 3 ==== mon_map magic: 0 ==== 205+0+0 (secure 0 0 0) 0x7f1ba0004620 con 0x7f1ba8107da0
2024-03-16T09:06:10.793 INFO:teuthology.orchestra.run.smithi112.stdout:/usr/bin/ceph: stderr
2024-03-16T09:06:09.927+0000 7f1baeb0a700 1 -- 172.21.15.112:0/1513290203 >> [v2:172.21.15.112:3300/0,v1:172.21.15.112:6789/0] conn(0x7f1ba8107da0 msgr2=0x7f1ba81081c0 secure :-1 s=STATE_CONNECTION_ESTABLISHED l=1).mark_down
2024-03-16T09:06:10.793 INFO:teuthology.orchestra.run.smithi112.stdout:/usr/bin/ceph: stderr
2024-03-16T09:06:09.927+0000 7f1baeb0a700 1 --2- 172.21.15.112:0/1513290203 >> [v2:172.21.15.112:3300/0,v1:172.21.15.112:6789/0] conn(0x7f1ba8107da0 0x7f1ba81081c0 secure :-1 s=READY pgs=43 cs=0 l=1 rev1=1 crypto rx=0x7f1ba0009e80 tx=0x7f1ba000b330 comp rx=0 tx=0).stop
2024-03-16T09:06:10.793 INFO:teuthology.orchestra.run.smithi112.stdout:/usr/bin/ceph: stderr
2024-03-16T09:06:09.927+0000 7f1baeb0a700 1 -- 172.21.15.112:0/1513290203 shutdown_connections
2024-03-16T09:06:10.793 INFO:teuthology.orchestra.run.smithi112.stdout:/usr/bin/ceph: stderr
2024-03-16T09:06:09.927+0000 7f1baeb0a700 1 --2- 172.21.15.112:0/1513290203 >> [v2:172.21.15.112:3300/0,v1:172.21.15.112:6789/0] conn(0x7f1ba8107da0 0x7f1ba81081c0 unknown :-1 s=CLOSED pgs=43 cs=0 l=1 rev1=1 crypto rx=0 tx=0 comp rx=0 tx=0).stop
2024-03-16T09:06:10.793 INFO:teuthology.orchestra.run.smithi112.stdout:/usr/bin/ceph: stderr
2024-03-16T09:06:09.927+0000 7f1baeb0a700 1 -- 172.21.15.112:0/1513290203 >> 172.21.15.112:0/1513290203 conn(0x7f1ba8103360 msgr2=0x7f1ba8105780 unknown :-1 s=STATE_NONE l=0).mark_down
2024-03-16T09:06:10.793 INFO:teuthology.orchestra.run.smithi112.stdout:/usr/bin/ceph: stderr
2024-03-16T09:06:09.927+0000 7f1baeb0a700 1 -- 172.21.15.112:0/1513290203 shutdown_connections
2024-03-16T09:06:10.793 INFO:teuthology.orchestra.run.smithi112.stdout:/usr/bin/ceph: stderr
2024-03-16T09:06:09.927+0000 7f1baeb0a700 1 -- 172.21.15.112:0/1513290203 wait complete.
2024-03-16T09:06:10.793 INFO:teuthology.orchestra.run.smithi112.stdout:/usr/bin/ceph: stderr
2024-03-16T09:06:09.927+0000 7f1baeb0a700 1 Processor -- start
2024-03-16T09:06:10.793 INFO:teuthology.orchestra.run.smithi112.stdout:/usr/bin/ceph: stderr
2024-03-16T09:06:09.927+0000 7f1baeb0a700 1 -- start start
2024-03-16T09:06:10.793 INFO:teuthology.orchestra.run.smithi112.stdout:/usr/bin/ceph: stderr
2024-03-16T09:06:09.928+0000 7f1baeb0a700 1 --2- >> [v2:172.21.15.112:3300/0,v1:172.21.15.112:6789/0] conn(0x7f1ba8107da0 0x7f1ba807db50 unknown :-1 s=NONE pgs=0 cs=0 l=1 rev1=0 crypto rx=0 tx=0 comp rx=0 tx=0).connect
2024-03-16T09:06:10.793 INFO:teuthology.orchestra.run.smithi112.stdout:/usr/bin/ceph: stderr
2024-03-16T09:06:09.928+0000 7f1baeb0a700 1 -- --> [v2:172.21.15.112:3300/0,v1:172.21.15.112:6789/0] -- mon_getmap magic: 0 -- 0x7f1ba810c300 con 0x7f1ba8107da0
2024-03-16T09:06:10.793 INFO:teuthology.orchestra.run.smithi112.stdout:/usr/bin/ceph: stderr
2024-03-16T09:06:09.928+0000 7f1bac8a6700 1 --2- >> [v2:172.21.15.112:3300/0,v1:172.21.15.112:6789/0] conn(0x7f1ba8107da0 0x7f1ba807db50 unknown :-1 s=BANNER_CONNECTING pgs=0 cs=0 l=1 rev1=0 crypto rx=0 tx=0 comp rx=0 tx=0)._handle_peer_banner_payload supported=3 required=0
2024-03-16T09:06:10.793 INFO:teuthology.orchestra.run.smithi112.stdout:/usr/bin/ceph: stderr
2024-03-16T09:06:09.928+0000 7f1bac8a6700 1 --2- >> [v2:172.21.15.112:3300/0,v1:172.21.15.112:6789/0] conn(0x7f1ba8107da0 0x7f1ba807db50 unknown :-1 s=HELLO_CONNECTING pgs=0 cs=0 l=1 rev1=1 crypto rx=0 tx=0 comp rx=0 tx=0).handle_hello peer v2:172.21.15.112:3300/0 says I am v2:172.21.15.112:38732/0 (socket says 172.21.15.112:38732)
2024-03-16T09:06:10.793 INFO:teuthology.orchestra.run.smithi112.stdout:/usr/bin/ceph: stderr
2024-03-16T09:06:09.928+0000 7f1bac8a6700 1 -- 172.21.15.112:0/4082777861 learned_addr learned my addr 172.21.15.112:0/4082777861 (peer_addr_for_me v2:172.21.15.112:0/0)
2024-03-16T09:06:10.794 INFO:teuthology.orchestra.run.smithi112.stdout:/usr/bin/ceph: stderr
2024-03-16T09:06:09.928+0000 7f1bac8a6700 1 -- 172.21.15.112:0/4082777861 --> [v2:172.21.15.112:3300/0,v1:172.21.15.112:6789/0] -- mon_subscribe({config=0+,monmap=0+}) -- 0x7f1ba807e090 con 0x7f1ba8107da0
2024-03-16T09:06:10.794 INFO:teuthology.orchestra.run.smithi112.stdout:/usr/bin/ceph: stderr
2024-03-16T09:06:09.928+0000 7f1bac8a6700 1 --2- 172.21.15.112:0/4082777861 >> [v2:172.21.15.112:3300/0,v1:172.21.15.112:6789/0] conn(0x7f1ba8107da0 0x7f1ba807db50 secure :-1 s=READY pgs=44 cs=0 l=1 rev1=1 crypto rx=0x7f1ba000d010 tx=0x7f1ba0003d00 comp rx=0 tx=0).ready entity=mon.0 client_cookie=0 server_cookie=0 in_seq=0 out_seq=0
2024-03-16T09:06:10.794 INFO:teuthology.orchestra.run.smithi112.stdout:/usr/bin/ceph: stderr
2024-03-16T09:06:09.928+0000 7f1ba5ffb700 1 -- 172.21.15.112:0/4082777861 <== mon.0 v2:172.21.15.112:3300/0 1 ==== mon_map magic: 0 ==== 205+0+0 (secure 0 0 0) 0x7f1ba0021020 con 0x7f1ba8107da0
2024-03-16T09:06:10.794 INFO:teuthology.orchestra.run.smithi112.stdout:/usr/bin/ceph: stderr
2024-03-16T09:06:09.928+0000 7f1ba5ffb700 1 -- 172.21.15.112:0/4082777861 <== mon.0 v2:172.21.15.112:3300/0 2 ==== config(28 keys) ==== 1143+0+0 (secure 0 0 0) 0x7f1ba00094d0 con 0x7f1ba8107da0
2024-03-16T09:06:10.794 INFO:teuthology.orchestra.run.smithi112.stdout:/usr/bin/ceph: stderr
2024-03-16T09:06:09.928+0000 7f1baeb0a700 1 -- 172.21.15.112:0/4082777861 --> [v2:172.21.15.112:3300/0,v1:172.21.15.112:6789/0] -- mon_subscribe({mgrmap=0+}) -- 0x7f1ba807c280 con 0x7f1ba8107da0
2024-03-16T09:06:10.794 INFO:teuthology.orchestra.run.smithi112.stdout:/usr/bin/ceph: stderr
2024-03-16T09:06:09.928+0000 7f1ba5ffb700 1 -- 172.21.15.112:0/4082777861 <== mon.0 v2:172.21.15.112:3300/0 3 ==== mon_map magic: 0 ==== 205+0+0 (secure 0 0 0) 0x7f1ba0017040 con 0x7f1ba8107da0
2024-03-16T09:06:10.794 INFO:teuthology.orchestra.run.smithi112.stdout:/usr/bin/ceph: stderr
2024-03-16T09:06:09.928+0000 7f1baeb0a700 1 -- 172.21.15.112:0/4082777861 --> [v2:172.21.15.112:3300/0,v1:172.21.15.112:6789/0] -- mon_subscribe({osdmap=0}) -- 0x7f1ba807c7c0 con 0x7f1ba8107da0
2024-03-16T09:06:10.794 INFO:teuthology.orchestra.run.smithi112.stdout:/usr/bin/ceph: stderr
2024-03-16T09:06:09.929+0000 7f1ba5ffb700 1 -- 172.21.15.112:0/4082777861 <== mon.0 v2:172.21.15.112:3300/0 4 ==== mgrmap(e 8) ==== 46106+0+0 (secure 0 0 0) 0x7f1ba0024020 con 0x7f1ba8107da0
2024-03-16T09:06:10.794 INFO:teuthology.orchestra.run.smithi112.stdout:/usr/bin/ceph: stderr
2024-03-16T09:06:09.929+0000 7f1ba5ffb700 1 --2- 172.21.15.112:0/4082777861 >> [v2:172.21.15.112:6800/2629104617,v1:172.21.15.112:6801/2629104617] conn(0x7f1b90038ed0 0x7f1b9003b390 unknown :-1 s=NONE pgs=0 cs=0 l=1 rev1=0 crypto rx=0 tx=0 comp rx=0 tx=0).connect
2024-03-16T09:06:10.794 INFO:teuthology.orchestra.run.smithi112.stdout:/usr/bin/ceph: stderr
2024-03-16T09:06:09.929+0000 7f1baeb0a700 1 -- 172.21.15.112:0/4082777861 --> [v2:172.21.15.112:3300/0,v1:172.21.15.112:6789/0] -- mon_command({"prefix": "get_command_descriptions"} v 0) -- 0x7f1ba8063900 con 0x7f1ba8107da0
2024-03-16T09:06:10.794 INFO:teuthology.orchestra.run.smithi112.stdout:/usr/bin/ceph: stderr
2024-03-16T09:06:09.929+0000 7f1ba5ffb700 1 -- 172.21.15.112:0/4082777861 <== mon.0 v2:172.21.15.112:3300/0 5 ==== osd_map(2..2 src has 1..2) ==== 940+0+0 (secure 0 0 0) 0x7f1ba000f050 con 0x7f1ba8107da0
2024-03-16T09:06:10.794 INFO:teuthology.orchestra.run.smithi112.stdout:/usr/bin/ceph: stderr
2024-03-16T09:06:09.930+0000 7f1ba7fff700 1 --2- 172.21.15.112:0/4082777861 >> [v2:172.21.15.112:6800/2629104617,v1:172.21.15.112:6801/2629104617] conn(0x7f1b90038ed0 0x7f1b9003b390 unknown :-1 s=BANNER_CONNECTING pgs=0 cs=0 l=1 rev1=0 crypto rx=0 tx=0 comp rx=0 tx=0)._handle_peer_banner_payload supported=3 required=0
2024-03-16T09:06:10.794 INFO:teuthology.orchestra.run.smithi112.stdout:/usr/bin/ceph: stderr
2024-03-16T09:06:09.930+0000 7f1ba7fff700 1 --2- 172.21.15.112:0/4082777861 >> [v2:172.21.15.112:6800/2629104617,v1:172.21.15.112:6801/2629104617] conn(0x7f1b90038ed0 0x7f1b9003b390 secure :-1 s=READY pgs=10 cs=0 l=1 rev1=1 crypto rx=0x7f1b9c006fd0 tx=0x7f1b9c006e40 comp rx=0 tx=0).ready entity=mgr.14120 client_cookie=0 server_cookie=0 in_seq=0 out_seq=0
2024-03-16T09:06:10.795 INFO:teuthology.orchestra.run.smithi112.stdout:/usr/bin/ceph: stderr
2024-03-16T09:06:09.934+0000 7f1ba5ffb700 1 -- 172.21.15.112:0/4082777861 <== mon.0 v2:172.21.15.112:3300/0 6 ==== mon_command_ack([{"prefix": "get_command_descriptions"}]=0 v0) ==== 72+0+186149 (secure 0 0 0) 0x7f1ba002b020 con 0x7f1ba8107da0
2024-03-16T09:06:10.795 INFO:teuthology.orchestra.run.smithi112.stdout:/usr/bin/ceph: stderr
2024-03-16T09:06:10.130+0000 7f1baeb0a700 1 -- 172.21.15.112:0/4082777861 --> [v2:172.21.15.112:6800/2629104617,v1:172.21.15.112:6801/2629104617] -- mgr_command(tid 0: {"prefix": "cephadm get-pub-key", "target": ["mon-mgr", ""]}) -- 0x7f1ba8104530 con 0x7f1b90038ed0
2024-03-16T09:06:10.795 INFO:teuthology.orchestra.run.smithi112.stdout:/usr/bin/ceph: stderr
2024-03-16T09:06:10.130+0000 7f1ba5ffb700 1 -- 172.21.15.112:0/4082777861 <== mgr.14120 v2:172.21.15.112:6800/2629104617 1 ==== mgr_command_reply(tid 0: 0 ) ==== 8+0+595 (secure 0 0 0) 0x7f1ba8104530 con 0x7f1b90038ed0
2024-03-16T09:06:10.795 INFO:teuthology.orchestra.run.smithi112.stdout:/usr/bin/ceph: stderr
2024-03-16T09:06:10.133+0000 7f1baeb0a700 1 -- 172.21.15.112:0/4082777861 >> [v2:172.21.15.112:6800/2629104617,v1:172.21.15.112:6801/2629104617] conn(0x7f1b90038ed0 msgr2=0x7f1b9003b390 secure :-1 s=STATE_CONNECTION_ESTABLISHED l=1).mark_down
2024-03-16T09:06:10.795 INFO:teuthology.orchestra.run.smithi112.stdout:/usr/bin/ceph: stderr
2024-03-16T09:06:10.133+0000 7f1baeb0a700 1 --2- 172.21.15.112:0/4082777861 >> [v2:172.21.15.112:6800/2629104617,v1:172.21.15.112:6801/2629104617] conn(0x7f1b90038ed0 0x7f1b9003b390 secure :-1 s=READY pgs=10 cs=0 l=1 rev1=1 crypto rx=0x7f1b9c006fd0 tx=0x7f1b9c006e40 comp rx=0 tx=0).stop
2024-03-16T09:06:10.795 INFO:teuthology.orchestra.run.smithi112.stdout:/usr/bin/ceph: stderr
2024-03-16T09:06:10.133+0000 7f1baeb0a700 1 -- 172.21.15.112:0/4082777861 >> [v2:172.21.15.112:3300/0,v1:172.21.15.112:6789/0] conn(0x7f1ba8107da0 msgr2=0x7f1ba807db50 secure :-1 s=STATE_CONNECTION_ESTABLISHED l=1).mark_down
2024-03-16T09:06:10.795 INFO:teuthology.orchestra.run.smithi112.stdout:/usr/bin/ceph: stderr
2024-03-16T09:06:10.133+0000 7f1baeb0a700 1 --2- 172.21.15.112:0/4082777861 >> [v2:172.21.15.112:3300/0,v1:172.21.15.112:6789/0] conn(0x7f1ba8107da0 0x7f1ba807db50 secure :-1 s=READY pgs=44 cs=0 l=1 rev1=1 crypto rx=0x7f1ba000d010 tx=0x7f1ba0003d00 comp rx=0 tx=0).stop
2024-03-16T09:06:10.795 INFO:teuthology.orchestra.run.smithi112.stdout:/usr/bin/ceph: stderr
2024-03-16T09:06:10.133+0000 7f1baeb0a700 1 -- 172.21.15.112:0/4082777861 shutdown_connections
2024-03-16T09:06:10.795 INFO:teuthology.orchestra.run.smithi112.stdout:/usr/bin/ceph: stderr
2024-03-16T09:06:10.133+0000 7f1baeb0a700 1 --2- 172.21.15.112:0/4082777861 >> [v2:172.21.15.112:6800/2629104617,v1:172.21.15.112:6801/2629104617] conn(0x7f1b90038ed0 0x7f1b9003b390 unknown :-1 s=CLOSED pgs=10 cs=0 l=1 rev1=1 crypto rx=0 tx=0 comp rx=0 tx=0).stop
2024-03-16T09:06:10.795 INFO:teuthology.orchestra.run.smithi112.stdout:/usr/bin/ceph: stderr
2024-03-16T09:06:10.133+0000 7f1baeb0a700 1 --2- 172.21.15.112:0/4082777861 >> [v2:172.21.15.112:3300/0,v1:172.21.15.112:6789/0] conn(0x7f1ba8107da0 0x7f1ba807db50 unknown :-1 s=CLOSED pgs=44 cs=0 l=1 rev1=1 crypto rx=0 tx=0 comp rx=0 tx=0).stop
2024-03-16T09:06:10.795 INFO:teuthology.orchestra.run.smithi112.stdout:/usr/bin/ceph: stderr
2024-03-16T09:06:10.133+0000 7f1baeb0a700 1 -- 172.21.15.112:0/4082777861 >> 172.21.15.112:0/4082777861 conn(0x7f1ba8103360 msgr2=0x7f1ba8103e20 unknown :-1 s=STATE_NONE l=0).mark_down
2024-03-16T09:06:10.795 INFO:teuthology.orchestra.run.smithi112.stdout:/usr/bin/ceph: stderr
2024-03-16T09:06:10.133+0000 7f1baeb0a700 1 -- 172.21.15.112:0/4082777861 shutdown_connections
2024-03-16T09:06:10.795 INFO:teuthology.orchestra.run.smithi112.stdout:/usr/bin/ceph: stderr
2024-03-16T09:06:10.133+0000 7f1baeb0a700 1 -- 172.21.15.112:0/4082777861 wait complete.
2024-03-16T09:06:10.795 INFO:teuthology.orchestra.run.smithi112.stdout:Wrote public SSH key to /home/ubuntu/cephtest/ceph.pub
2024-03-16T09:06:10.795 INFO:teuthology.orchestra.run.smithi112.stdout:Adding key to root@localhost authorized_keys...
2024-03-16T09:06:10.795 INFO:teuthology.orchestra.run.smithi112.stdout:Adding host smithi112...
2024-03-16T09:06:11.341 INFO:journalctl@ceph.mon.a.smithi112.stdout:Mar 16 09:06:11 smithi112 ceph-mon[32307]: from='client.14138 -' entity='client.admin' cmd=[{"prefix": "cephadm get-pub-key", "target": ["mon-mgr", ""]}]: dispatch
2024-03-16T09:06:12.342 INFO:journalctl@ceph.mon.a.smithi112.stdout:Mar 16 09:06:12 smithi112 ceph-mon[32307]: from='client.14140 -' entity='client.admin' cmd=[{"prefix": "orch host add", "hostname": "smithi112", "addr": "172.21.15.112", "target": ["mon-mgr", ""]}]: dispatch
2024-03-16T09:06:13.592 INFO:journalctl@ceph.mon.a.smithi112.stdout:Mar 16 09:06:13 smithi112 ceph-mon[32307]: Deploying cephadm binary to smithi112
2024-03-16T09:06:16.284 INFO:teuthology.orchestra.run.smithi112.stdout:/usr/bin/ceph: stdout Added host 'smithi112' with addr '172.21.15.112'
2024-03-16T09:06:16.284 INFO:teuthology.orchestra.run.smithi112.stdout:/usr/bin/ceph: stderr
2024-03-16T09:06:11.185+0000 7fdbb3a3a700 1 Processor -- start
2024-03-16T09:06:16.284 INFO:teuthology.orchestra.run.smithi112.stdout:/usr/bin/ceph: stderr
2024-03-16T09:06:11.185+0000 7fdbb3a3a700 1 -- start start
2024-03-16T09:06:16.284 INFO:teuthology.orchestra.run.smithi112.stdout:/usr/bin/ceph: stderr
2024-03-16T09:06:11.185+0000 7fdbb3a3a700 1 --2- >> [v2:172.21.15.112:3300/0,v1:172.21.15.112:6789/0] conn(0x7fdbac106640 0x7fdbac106a60 unknown :-1 s=NONE pgs=0 cs=0 l=0 rev1=0 crypto rx=0 tx=0 comp rx=0 tx=0).connect
2024-03-16T09:06:16.284 INFO:teuthology.orchestra.run.smithi112.stdout:/usr/bin/ceph: stderr
2024-03-16T09:06:11.185+0000 7fdbb3a3a700 1 -- --> [v2:172.21.15.112:3300/0,v1:172.21.15.112:6789/0] -- mon_getmap magic: 0 -- 0x7fdbac07be50 con 0x7fdbac106640
2024-03-16T09:06:16.284 INFO:teuthology.orchestra.run.smithi112.stdout:/usr/bin/ceph: stderr
2024-03-16T09:06:11.186+0000 7fdbb17d6700 1 --2- >> [v2:172.21.15.112:3300/0,v1:172.21.15.112:6789/0] conn(0x7fdbac106640 0x7fdbac106a60 unknown :-1 s=BANNER_CONNECTING pgs=0 cs=0 l=0 rev1=0 crypto rx=0 tx=0 comp rx=0 tx=0)._handle_peer_banner_payload supported=3 required=0
2024-03-16T09:06:16.284 INFO:teuthology.orchestra.run.smithi112.stdout:/usr/bin/ceph: stderr
2024-03-16T09:06:11.186+0000 7fdbb17d6700 1 --2- >> [v2:172.21.15.112:3300/0,v1:172.21.15.112:6789/0] conn(0x7fdbac106640 0x7fdbac106a60 unknown :-1 s=HELLO_CONNECTING pgs=0 cs=0 l=0 rev1=1 crypto rx=0 tx=0 comp rx=0 tx=0).handle_hello peer v2:172.21.15.112:3300/0 says I am v2:172.21.15.112:38742/0 (socket says 172.21.15.112:38742)
2024-03-16T09:06:16.284 INFO:teuthology.orchestra.run.smithi112.stdout:/usr/bin/ceph: stderr
2024-03-16T09:06:11.186+0000 7fdbb17d6700 1 -- 172.21.15.112:0/1430419941 learned_addr learned my addr 172.21.15.112:0/1430419941 (peer_addr_for_me v2:172.21.15.112:0/0)
2024-03-16T09:06:16.284 INFO:teuthology.orchestra.run.smithi112.stdout:/usr/bin/ceph: stderr
2024-03-16T09:06:11.186+0000 7fdbb17d6700 1 -- 172.21.15.112:0/1430419941 --> [v2:172.21.15.112:3300/0,v1:172.21.15.112:6789/0] -- mon_subscribe({config=0+,monmap=0+}) -- 0x7fdbac106fa0 con 0x7fdbac106640
2024-03-16T09:06:16.284 INFO:teuthology.orchestra.run.smithi112.stdout:/usr/bin/ceph: stderr
2024-03-16T09:06:11.186+0000 7fdbb17d6700 1 --2- 172.21.15.112:0/1430419941 >> [v2:172.21.15.112:3300/0,v1:172.21.15.112:6789/0] conn(0x7fdbac106640 0x7fdbac106a60 secure :-1 s=READY pgs=45 cs=0 l=1 rev1=1 crypto rx=0x7fdba80098a0 tx=0x7fdba8009bb0 comp rx=0 tx=0).ready entity=mon.0 client_cookie=43aa057d0ff5d923 server_cookie=0 in_seq=0 out_seq=0
2024-03-16T09:06:16.284 INFO:teuthology.orchestra.run.smithi112.stdout:/usr/bin/ceph: stderr
2024-03-16T09:06:11.186+0000 7fdba3fff700 1 -- 172.21.15.112:0/1430419941 <== mon.0 v2:172.21.15.112:3300/0 1 ==== mon_map magic: 0 ==== 205+0+0 (secure 0 0 0) 0x7fdba8004160 con 0x7fdbac106640
2024-03-16T09:06:16.285 INFO:teuthology.orchestra.run.smithi112.stdout:/usr/bin/ceph: stderr
2024-03-16T09:06:11.186+0000 7fdba3fff700 1 -- 172.21.15.112:0/1430419941 <== mon.0 v2:172.21.15.112:3300/0 2 ==== config(28 keys) ==== 1143+0+0 (secure 0 0 0) 0x7fdba8004300 con 0x7fdbac106640
2024-03-16T09:06:16.285 INFO:teuthology.orchestra.run.smithi112.stdout:/usr/bin/ceph: stderr
2024-03-16T09:06:11.186+0000 7fdba3fff700 1 -- 172.21.15.112:0/1430419941 <== mon.0 v2:172.21.15.112:3300/0 3 ==== mon_map magic: 0 ==== 205+0+0 (secure 0 0 0) 0x7fdba8011c00 con 0x7fdbac106640
2024-03-16T09:06:16.285 INFO:teuthology.orchestra.run.smithi112.stdout:/usr/bin/ceph: stderr
2024-03-16T09:06:11.187+0000 7fdbb3a3a700 1 -- 172.21.15.112:0/1430419941 >> [v2:172.21.15.112:3300/0,v1:172.21.15.112:6789/0] conn(0x7fdbac106640 msgr2=0x7fdbac106a60 secure :-1 s=STATE_CONNECTION_ESTABLISHED l=1).mark_down
2024-03-16T09:06:16.285 INFO:teuthology.orchestra.run.smithi112.stdout:/usr/bin/ceph: stderr
2024-03-16T09:06:11.187+0000 7fdbb3a3a700 1 --2- 172.21.15.112:0/1430419941 >> [v2:172.21.15.112:3300/0,v1:172.21.15.112:6789/0] conn(0x7fdbac106640 0x7fdbac106a60 secure :-1 s=READY pgs=45 cs=0 l=1 rev1=1 crypto rx=0x7fdba80098a0 tx=0x7fdba8009bb0 comp rx=0 tx=0).stop
2024-03-16T09:06:16.285 INFO:teuthology.orchestra.run.smithi112.stdout:/usr/bin/ceph: stderr
2024-03-16T09:06:11.187+0000 7fdbb3a3a700 1 -- 172.21.15.112:0/1430419941 shutdown_connections
2024-03-16T09:06:16.285 INFO:teuthology.orchestra.run.smithi112.stdout:/usr/bin/ceph: stderr
2024-03-16T09:06:11.187+0000 7fdbb3a3a700 1 --2- 172.21.15.112:0/1430419941 >> [v2:172.21.15.112:3300/0,v1:172.21.15.112:6789/0] conn(0x7fdbac106640 0x7fdbac106a60 unknown :-1 s=CLOSED pgs=45 cs=0 l=1 rev1=1 crypto rx=0 tx=0 comp rx=0 tx=0).stop
2024-03-16T09:06:16.285 INFO:teuthology.orchestra.run.smithi112.stdout:/usr/bin/ceph: stderr
2024-03-16T09:06:11.187+0000 7fdbb3a3a700 1 -- 172.21.15.112:0/1430419941 >> 172.21.15.112:0/1430419941 conn(0x7fdbac102220 msgr2=0x7fdbac104680 unknown :-1 s=STATE_NONE l=0).mark_down
2024-03-16T09:06:16.285 INFO:teuthology.orchestra.run.smithi112.stdout:/usr/bin/ceph: stderr
2024-03-16T09:06:11.187+0000 7fdbb3a3a700 1 -- 172.21.15.112:0/1430419941 shutdown_connections
2024-03-16T09:06:16.285 INFO:teuthology.orchestra.run.smithi112.stdout:/usr/bin/ceph: stderr
2024-03-16T09:06:11.187+0000 7fdbb3a3a700 1 -- 172.21.15.112:0/1430419941 wait complete.
2024-03-16T09:06:16.285 INFO:teuthology.orchestra.run.smithi112.stdout:/usr/bin/ceph: stderr
2024-03-16T09:06:11.187+0000 7fdbb3a3a700 1 Processor -- start
2024-03-16T09:06:16.285 INFO:teuthology.orchestra.run.smithi112.stdout:/usr/bin/ceph: stderr
2024-03-16T09:06:11.187+0000 7fdbb3a3a700 1 -- start start
2024-03-16T09:06:16.285 INFO:teuthology.orchestra.run.smithi112.stdout:/usr/bin/ceph: stderr
