2024-03-16T09:16:13.363+0000 7efd23afb700 1 -- 172.21.15.132:0/4206966580 >> 172.21.15.132:0/4206966580 conn(0x7efd1c0ff670 msgr2=0x7efd1c101ac0 unknown :-1 s=STATE_NONE l=0).mark_down
2024-03-16T09:16:14.206 INFO:teuthology.orchestra.run.smithi132.stdout:/usr/bin/ceph: stderr
2024-03-16T09:16:13.363+0000 7efd23afb700 1 -- 172.21.15.132:0/4206966580 shutdown_connections
2024-03-16T09:16:14.206 INFO:teuthology.orchestra.run.smithi132.stdout:/usr/bin/ceph: stderr
2024-03-16T09:16:13.363+0000 7efd23afb700 1 -- 172.21.15.132:0/4206966580 wait complete.
2024-03-16T09:16:14.206 INFO:teuthology.orchestra.run.smithi132.stdout:/usr/bin/ceph: stderr
2024-03-16T09:16:13.363+0000 7efd23afb700 1 Processor -- start
2024-03-16T09:16:14.206 INFO:teuthology.orchestra.run.smithi132.stdout:/usr/bin/ceph: stderr
2024-03-16T09:16:13.363+0000 7efd23afb700 1 -- start start
2024-03-16T09:16:14.206 INFO:teuthology.orchestra.run.smithi132.stdout:/usr/bin/ceph: stderr
2024-03-16T09:16:13.364+0000 7efd23afb700 1 --2- >> [v2:172.21.15.132:3300/0,v1:172.21.15.132:6789/0] conn(0x7efd1c103cb0 0x7efd1c106640 unknown :-1 s=NONE pgs=0 cs=0 l=1 rev1=0 crypto rx=0 tx=0 comp rx=0 tx=0).connect
2024-03-16T09:16:14.206 INFO:teuthology.orchestra.run.smithi132.stdout:/usr/bin/ceph: stderr
2024-03-16T09:16:13.364+0000 7efd23afb700 1 -- --> [v2:172.21.15.132:3300/0,v1:172.21.15.132:6789/0] -- mon_getmap magic: 0 v1 -- 0x7efd1c106b80 con 0x7efd1c103cb0
2024-03-16T09:16:14.206 INFO:teuthology.orchestra.run.smithi132.stdout:/usr/bin/ceph: stderr
2024-03-16T09:16:13.364+0000 7efd21897700 1 --2- >> [v2:172.21.15.132:3300/0,v1:172.21.15.132:6789/0] conn(0x7efd1c103cb0 0x7efd1c106640 unknown :-1 s=BANNER_CONNECTING pgs=0 cs=0 l=1 rev1=0 crypto rx=0 tx=0 comp rx=0 tx=0)._handle_peer_banner_payload supported=3 required=0
2024-03-16T09:16:14.207 INFO:teuthology.orchestra.run.smithi132.stdout:/usr/bin/ceph: stderr
2024-03-16T09:16:13.364+0000 7efd21897700 1 --2- >> [v2:172.21.15.132:3300/0,v1:172.21.15.132:6789/0] conn(0x7efd1c103cb0 0x7efd1c106640 unknown :-1 s=HELLO_CONNECTING pgs=0 cs=0 l=1 rev1=1 crypto rx=0 tx=0 comp rx=0 tx=0).handle_hello peer v2:172.21.15.132:3300/0 says I am v2:172.21.15.132:46984/0 (socket says 172.21.15.132:46984)
2024-03-16T09:16:14.207 INFO:teuthology.orchestra.run.smithi132.stdout:/usr/bin/ceph: stderr
2024-03-16T09:16:13.364+0000 7efd21897700 1 -- 172.21.15.132:0/3976027300 learned_addr learned my addr 172.21.15.132:0/3976027300 (peer_addr_for_me v2:172.21.15.132:0/0)
2024-03-16T09:16:14.207 INFO:teuthology.orchestra.run.smithi132.stdout:/usr/bin/ceph: stderr
2024-03-16T09:16:13.364+0000 7efd21897700 1 -- 172.21.15.132:0/3976027300 --> [v2:172.21.15.132:3300/0,v1:172.21.15.132:6789/0] -- mon_subscribe({config=0+,monmap=0+}) v3 -- 0x7efd14009b30 con 0x7efd1c103cb0
2024-03-16T09:16:14.207 INFO:teuthology.orchestra.run.smithi132.stdout:/usr/bin/ceph: stderr
2024-03-16T09:16:13.364+0000 7efd21897700 1 --2- 172.21.15.132:0/3976027300 >> [v2:172.21.15.132:3300/0,v1:172.21.15.132:6789/0] conn(0x7efd1c103cb0 0x7efd1c106640 secure :-1 s=READY pgs=48 cs=0 l=1 rev1=1 crypto rx=0x7efd14009e50 tx=0x7efd14004920 comp rx=0 tx=0).ready entity=mon.0 client_cookie=0 server_cookie=0 in_seq=0 out_seq=0
2024-03-16T09:16:14.208 INFO:teuthology.orchestra.run.smithi132.stdout:/usr/bin/ceph: stderr
2024-03-16T09:16:13.364+0000 7efd12ffd700 1 -- 172.21.15.132:0/3976027300 <== mon.0 v2:172.21.15.132:3300/0 1 ==== mon_map magic: 0 v1 ==== 229+0+0 (secure 0 0 0) 0x7efd1400e040 con 0x7efd1c103cb0
2024-03-16T09:16:14.208 INFO:teuthology.orchestra.run.smithi132.stdout:/usr/bin/ceph: stderr
2024-03-16T09:16:13.364+0000 7efd12ffd700 1 -- 172.21.15.132:0/3976027300 <== mon.0 v2:172.21.15.132:3300/0 2 ==== config(27 keys) v1 ==== 1037+0+0 (secure 0 0 0) 0x7efd14003cf0 con 0x7efd1c103cb0
2024-03-16T09:16:14.209 INFO:teuthology.orchestra.run.smithi132.stdout:/usr/bin/ceph: stderr
2024-03-16T09:16:13.364+0000 7efd23afb700 1 -- 172.21.15.132:0/3976027300 --> [v2:172.21.15.132:3300/0,v1:172.21.15.132:6789/0] -- mon_subscribe({mgrmap=0+}) v3 -- 0x7efd1c104c90 con 0x7efd1c103cb0
2024-03-16T09:16:14.209 INFO:teuthology.orchestra.run.smithi132.stdout:/usr/bin/ceph: stderr
2024-03-16T09:16:13.364+0000 7efd12ffd700 1 -- 172.21.15.132:0/3976027300 <== mon.0 v2:172.21.15.132:3300/0 3 ==== mon_map magic: 0 v1 ==== 229+0+0 (secure 0 0 0) 0x7efd1401b770 con 0x7efd1c103cb0
2024-03-16T09:16:14.209 INFO:teuthology.orchestra.run.smithi132.stdout:/usr/bin/ceph: stderr
2024-03-16T09:16:13.364+0000 7efd23afb700 1 -- 172.21.15.132:0/3976027300 --> [v2:172.21.15.132:3300/0,v1:172.21.15.132:6789/0] -- mon_subscribe({osdmap=0}) v3 -- 0x7efd1c105190 con 0x7efd1c103cb0
2024-03-16T09:16:14.209 INFO:teuthology.orchestra.run.smithi132.stdout:/usr/bin/ceph: stderr
2024-03-16T09:16:13.365+0000 7efd12ffd700 1 -- 172.21.15.132:0/3976027300 <== mon.0 v2:172.21.15.132:3300/0 4 ==== mgrmap(e 8) v1 ==== 45084+0+0 (secure 0 0 0) 0x7efd14019040 con 0x7efd1c103cb0
2024-03-16T09:16:14.209 INFO:teuthology.orchestra.run.smithi132.stdout:/usr/bin/ceph: stderr
2024-03-16T09:16:13.365+0000 7efd23afb700 1 -- 172.21.15.132:0/3976027300 --> [v2:172.21.15.132:3300/0,v1:172.21.15.132:6789/0] -- mon_command({"prefix": "get_command_descriptions"} v 0) v1 -- 0x7efd1c107870 con 0x7efd1c103cb0
2024-03-16T09:16:14.209 INFO:teuthology.orchestra.run.smithi132.stdout:/usr/bin/ceph: stderr
2024-03-16T09:16:13.365+0000 7efd12ffd700 1 --2- 172.21.15.132:0/3976027300 >> [v2:172.21.15.132:6800/3331199339,v1:172.21.15.132:6801/3331199339] conn(0x7efd080383f0 0x7efd0803a8a0 unknown :-1 s=NONE pgs=0 cs=0 l=1 rev1=0 crypto rx=0 tx=0 comp rx=0 tx=0).connect
2024-03-16T09:16:14.209 INFO:teuthology.orchestra.run.smithi132.stdout:/usr/bin/ceph: stderr
2024-03-16T09:16:13.365+0000 7efd12ffd700 1 -- 172.21.15.132:0/3976027300 <== mon.0 v2:172.21.15.132:3300/0 5 ==== osd_map(2..2 src has 1..2) v4 ==== 940+0+0 (secure 0 0 0) 0x7efd1404be60 con 0x7efd1c103cb0
2024-03-16T09:16:14.209 INFO:teuthology.orchestra.run.smithi132.stdout:/usr/bin/ceph: stderr
2024-03-16T09:16:13.365+0000 7efd21096700 1 --2- 172.21.15.132:0/3976027300 >> [v2:172.21.15.132:6800/3331199339,v1:172.21.15.132:6801/3331199339] conn(0x7efd080383f0 0x7efd0803a8a0 unknown :-1 s=BANNER_CONNECTING pgs=0 cs=0 l=1 rev1=0 crypto rx=0 tx=0 comp rx=0 tx=0)._handle_peer_banner_payload supported=3 required=0
2024-03-16T09:16:14.209 INFO:teuthology.orchestra.run.smithi132.stdout:/usr/bin/ceph: stderr
2024-03-16T09:16:13.366+0000 7efd21096700 1 --2- 172.21.15.132:0/3976027300 >> [v2:172.21.15.132:6800/3331199339,v1:172.21.15.132:6801/3331199339] conn(0x7efd080383f0 0x7efd0803a8a0 secure :-1 s=READY pgs=12 cs=0 l=1 rev1=1 crypto rx=0x7efd0c006fd0 tx=0x7efd0c006e40 comp rx=0 tx=0).ready entity=mgr.14120 client_cookie=0 server_cookie=0 in_seq=0 out_seq=0
2024-03-16T09:16:14.209 INFO:teuthology.orchestra.run.smithi132.stdout:/usr/bin/ceph: stderr
2024-03-16T09:16:13.370+0000 7efd12ffd700 1 -- 172.21.15.132:0/3976027300 <== mon.0 v2:172.21.15.132:3300/0 6 ==== mon_command_ack([{"prefix": "get_command_descriptions"}]=0 v0) v1 ==== 72+0+177933 (secure 0 0 0) 0x7efd14011390 con 0x7efd1c103cb0
2024-03-16T09:16:14.209 INFO:teuthology.orchestra.run.smithi132.stdout:/usr/bin/ceph: stderr
2024-03-16T09:16:13.579+0000 7efd23afb700 1 -- 172.21.15.132:0/3976027300 --> [v2:172.21.15.132:6800/3331199339,v1:172.21.15.132:6801/3331199339] -- mgr_command(tid 0: {"prefix": "orch apply", "service_type": "mon", "target": ["mon-mgr", ""]}) v1 -- 0x7efd1c1019a0 con 0x7efd080383f0
2024-03-16T09:16:14.209 INFO:teuthology.orchestra.run.smithi132.stdout:/usr/bin/ceph: stderr
2024-03-16T09:16:13.586+0000 7efd12ffd700 1 -- 172.21.15.132:0/3976027300 <== mgr.14120 v2:172.21.15.132:6800/3331199339 1 ==== mgr_command_reply(tid 0: 0 ) v1 ==== 8+0+24 (secure 0 0 0) 0x7efd1c1019a0 con 0x7efd080383f0
2024-03-16T09:16:14.209 INFO:teuthology.orchestra.run.smithi132.stdout:/usr/bin/ceph: stderr
2024-03-16T09:16:13.588+0000 7efd23afb700 1 -- 172.21.15.132:0/3976027300 >> [v2:172.21.15.132:6800/3331199339,v1:172.21.15.132:6801/3331199339] conn(0x7efd080383f0 msgr2=0x7efd0803a8a0 secure :-1 s=STATE_CONNECTION_ESTABLISHED l=1).mark_down
2024-03-16T09:16:14.210 INFO:teuthology.orchestra.run.smithi132.stdout:/usr/bin/ceph: stderr
2024-03-16T09:16:13.588+0000 7efd23afb700 1 --2- 172.21.15.132:0/3976027300 >> [v2:172.21.15.132:6800/3331199339,v1:172.21.15.132:6801/3331199339] conn(0x7efd080383f0 0x7efd0803a8a0 secure :-1 s=READY pgs=12 cs=0 l=1 rev1=1 crypto rx=0x7efd0c006fd0 tx=0x7efd0c006e40 comp rx=0 tx=0).stop
2024-03-16T09:16:14.210 INFO:teuthology.orchestra.run.smithi132.stdout:/usr/bin/ceph: stderr
2024-03-16T09:16:13.589+0000 7efd23afb700 1 -- 172.21.15.132:0/3976027300 >> [v2:172.21.15.132:3300/0,v1:172.21.15.132:6789/0] conn(0x7efd1c103cb0 msgr2=0x7efd1c106640 secure :-1 s=STATE_CONNECTION_ESTABLISHED l=1).mark_down
2024-03-16T09:16:14.210 INFO:teuthology.orchestra.run.smithi132.stdout:/usr/bin/ceph: stderr
2024-03-16T09:16:13.589+0000 7efd23afb700 1 --2- 172.21.15.132:0/3976027300 >> [v2:172.21.15.132:3300/0,v1:172.21.15.132:6789/0] conn(0x7efd1c103cb0 0x7efd1c106640 secure :-1 s=READY pgs=48 cs=0 l=1 rev1=1 crypto rx=0x7efd14009e50 tx=0x7efd14004920 comp rx=0 tx=0).stop
2024-03-16T09:16:14.210 INFO:teuthology.orchestra.run.smithi132.stdout:/usr/bin/ceph: stderr
2024-03-16T09:16:13.589+0000 7efd23afb700 1 -- 172.21.15.132:0/3976027300 shutdown_connections
2024-03-16T09:16:14.210 INFO:teuthology.orchestra.run.smithi132.stdout:/usr/bin/ceph: stderr
2024-03-16T09:16:13.589+0000 7efd23afb700 1 --2- 172.21.15.132:0/3976027300 >> [v2:172.21.15.132:6800/3331199339,v1:172.21.15.132:6801/3331199339] conn(0x7efd080383f0 0x7efd0803a8a0 unknown :-1 s=CLOSED pgs=12 cs=0 l=1 rev1=1 crypto rx=0 tx=0 comp rx=0 tx=0).stop
2024-03-16T09:16:14.210 INFO:teuthology.orchestra.run.smithi132.stdout:/usr/bin/ceph: stderr
2024-03-16T09:16:13.589+0000 7efd23afb700 1 --2- 172.21.15.132:0/3976027300 >> [v2:172.21.15.132:3300/0,v1:172.21.15.132:6789/0] conn(0x7efd1c103cb0 0x7efd1c106640 unknown :-1 s=CLOSED pgs=48 cs=0 l=1 rev1=1 crypto rx=0 tx=0 comp rx=0 tx=0).stop
2024-03-16T09:16:14.210 INFO:teuthology.orchestra.run.smithi132.stdout:/usr/bin/ceph: stderr
2024-03-16T09:16:13.589+0000 7efd23afb700 1 -- 172.21.15.132:0/3976027300 >> 172.21.15.132:0/3976027300 conn(0x7efd1c0ff670 msgr2=0x7efd1c100d80 unknown :-1 s=STATE_NONE l=0).mark_down
2024-03-16T09:16:14.210 INFO:teuthology.orchestra.run.smithi132.stdout:/usr/bin/ceph: stderr
2024-03-16T09:16:13.589+0000 7efd23afb700 1 -- 172.21.15.132:0/3976027300 shutdown_connections
2024-03-16T09:16:14.210 INFO:teuthology.orchestra.run.smithi132.stdout:/usr/bin/ceph: stderr
2024-03-16T09:16:13.589+0000 7efd23afb700 1 -- 172.21.15.132:0/3976027300 wait complete.
2024-03-16T09:16:14.210 INFO:teuthology.orchestra.run.smithi132.stdout:Deploying mgr service with default placement...
2024-03-16T09:16:14.855 INFO:journalctl@ceph.mon.smithi132.smithi132.stdout:Mar 16 09:16:14 smithi132 ceph-mon[29192]: from='client.14142 -' entity='client.admin' cmd=[{"prefix": "orch apply", "service_type": "mon", "target": ["mon-mgr", ""]}]: dispatch
2024-03-16T09:16:14.855 INFO:journalctl@ceph.mon.smithi132.smithi132.stdout:Mar 16 09:16:14 smithi132 ceph-mon[29192]: Saving service mon spec with placement count:5
2024-03-16T09:16:14.855 INFO:journalctl@ceph.mon.smithi132.smithi132.stdout:Mar 16 09:16:14 smithi132 ceph-mon[29192]: from='mgr.14120 172.21.15.132:0/2070665067' entity='mgr.smithi132.majuxk'
2024-03-16T09:16:16.255 INFO:journalctl@ceph.mon.smithi132.smithi132.stdout:Mar 16 09:16:16 smithi132 ceph-mon[29192]: from='mgr.14120 172.21.15.132:0/2070665067' entity='mgr.smithi132.majuxk'
2024-03-16T09:16:16.255 INFO:journalctl@ceph.mon.smithi132.smithi132.stdout:Mar 16 09:16:16 smithi132 ceph-mon[29192]: from='mgr.14120 172.21.15.132:0/2070665067' entity='mgr.smithi132.majuxk'
2024-03-16T09:16:16.255 INFO:journalctl@ceph.mon.smithi132.smithi132.stdout:Mar 16 09:16:16 smithi132 ceph-mon[29192]: from='mgr.14120 172.21.15.132:0/2070665067' entity='mgr.smithi132.majuxk'
2024-03-16T09:16:16.264 INFO:teuthology.orchestra.run.smithi132.stdout:/usr/bin/ceph: stdout Scheduled mgr update...
2024-03-16T09:16:16.264 INFO:teuthology.orchestra.run.smithi132.stdout:/usr/bin/ceph: stderr
2024-03-16T09:16:15.416+0000 7f697856b700 1 Processor -- start
2024-03-16T09:16:16.264 INFO:teuthology.orchestra.run.smithi132.stdout:/usr/bin/ceph: stderr
2024-03-16T09:16:15.416+0000 7f697856b700 1 -- start start
2024-03-16T09:16:16.264 INFO:teuthology.orchestra.run.smithi132.stdout:/usr/bin/ceph: stderr
2024-03-16T09:16:15.416+0000 7f697856b700 1 --2- >> [v2:172.21.15.132:3300/0,v1:172.21.15.132:6789/0] conn(0x7f69701064e0 0x7f69701088c0 unknown :-1 s=NONE pgs=0 cs=0 l=0 rev1=0 crypto rx=0 tx=0 comp rx=0 tx=0).connect
2024-03-16T09:16:16.264 INFO:teuthology.orchestra.run.smithi132.stdout:/usr/bin/ceph: stderr
2024-03-16T09:16:15.416+0000 7f697856b700 1 -- --> [v2:172.21.15.132:3300/0,v1:172.21.15.132:6789/0] -- mon_getmap magic: 0 v1 -- 0x7f6970079d50 con 0x7f69701064e0
2024-03-16T09:16:16.264 INFO:teuthology.orchestra.run.smithi132.stdout:/usr/bin/ceph: stderr
2024-03-16T09:16:15.416+0000 7f6976307700 1 --2- >> [v2:172.21.15.132:3300/0,v1:172.21.15.132:6789/0] conn(0x7f69701064e0 0x7f69701088c0 unknown :-1 s=BANNER_CONNECTING pgs=0 cs=0 l=0 rev1=0 crypto rx=0 tx=0 comp rx=0 tx=0)._handle_peer_banner_payload supported=3 required=0
2024-03-16T09:16:16.264 INFO:teuthology.orchestra.run.smithi132.stdout:/usr/bin/ceph: stderr
2024-03-16T09:16:15.416+0000 7f6976307700 1 --2- >> [v2:172.21.15.132:3300/0,v1:172.21.15.132:6789/0] conn(0x7f69701064e0 0x7f69701088c0 unknown :-1 s=HELLO_CONNECTING pgs=0 cs=0 l=0 rev1=1 crypto rx=0 tx=0 comp rx=0 tx=0).handle_hello peer v2:172.21.15.132:3300/0 says I am v2:172.21.15.132:47000/0 (socket says 172.21.15.132:47000)
2024-03-16T09:16:16.265 INFO:teuthology.orchestra.run.smithi132.stdout:/usr/bin/ceph: stderr
2024-03-16T09:16:15.416+0000 7f6976307700 1 -- 172.21.15.132:0/17597419 learned_addr learned my addr 172.21.15.132:0/17597419 (peer_addr_for_me v2:172.21.15.132:0/0)
2024-03-16T09:16:16.265 INFO:teuthology.orchestra.run.smithi132.stdout:/usr/bin/ceph: stderr
2024-03-16T09:16:15.416+0000 7f6976307700 1 -- 172.21.15.132:0/17597419 --> [v2:172.21.15.132:3300/0,v1:172.21.15.132:6789/0] -- mon_subscribe({config=0+,monmap=0+}) v3 -- 0x7f6970079e90 con 0x7f69701064e0
2024-03-16T09:16:16.265 INFO:teuthology.orchestra.run.smithi132.stdout:/usr/bin/ceph: stderr
2024-03-16T09:16:15.416+0000 7f6976307700 1 --2- 172.21.15.132:0/17597419 >> [v2:172.21.15.132:3300/0,v1:172.21.15.132:6789/0] conn(0x7f69701064e0 0x7f69701088c0 secure :-1 s=READY pgs=49 cs=0 l=1 rev1=1 crypto rx=0x7f696c0098a0 tx=0x7f696c009bb0 comp rx=0 tx=0).ready entity=mon.0 client_cookie=8856195377db6407 server_cookie=0 in_seq=0 out_seq=0
2024-03-16T09:16:16.265 INFO:teuthology.orchestra.run.smithi132.stdout:/usr/bin/ceph: stderr
2024-03-16T09:16:15.417+0000 7f6975305700 1 -- 172.21.15.132:0/17597419 <== mon.0 v2:172.21.15.132:3300/0 1 ==== mon_map magic: 0 v1 ==== 229+0+0 (secure 0 0 0) 0x7f696c004180 con 0x7f69701064e0
2024-03-16T09:16:16.265 INFO:teuthology.orchestra.run.smithi132.stdout:/usr/bin/ceph: stderr
2024-03-16T09:16:15.417+0000 7f6975305700 1 -- 172.21.15.132:0/17597419 <== mon.0 v2:172.21.15.132:3300/0 2 ==== config(27 keys) v1 ==== 1101+0+0 (secure 0 0 0) 0x7f696c0042e0 con 0x7f69701064e0
2024-03-16T09:16:16.265 INFO:teuthology.orchestra.run.smithi132.stdout:/usr/bin/ceph: stderr
2024-03-16T09:16:15.417+0000 7f6975305700 1 -- 172.21.15.132:0/17597419 <== mon.0 v2:172.21.15.132:3300/0 3 ==== mon_map magic: 0 v1 ==== 229+0+0 (secure 0 0 0) 0x7f696c011af0 con 0x7f69701064e0
2024-03-16T09:16:16.265 INFO:teuthology.orchestra.run.smithi132.stdout:/usr/bin/ceph: stderr
2024-03-16T09:16:15.417+0000 7f697856b700 1 -- 172.21.15.132:0/17597419 >> [v2:172.21.15.132:3300/0,v1:172.21.15.132:6789/0] conn(0x7f69701064e0 msgr2=0x7f69701088c0 secure :-1 s=STATE_CONNECTION_ESTABLISHED l=1).mark_down
2024-03-16T09:16:16.265 INFO:teuthology.orchestra.run.smithi132.stdout:/usr/bin/ceph: stderr
2024-03-16T09:16:15.417+0000 7f697856b700 1 --2- 172.21.15.132:0/17597419 >> [v2:172.21.15.132:3300/0,v1:172.21.15.132:6789/0] conn(0x7f69701064e0 0x7f69701088c0 secure :-1 s=READY pgs=49 cs=0 l=1 rev1=1 crypto rx=0x7f696c0098a0 tx=0x7f696c009bb0 comp rx=0 tx=0).stop
2024-03-16T09:16:16.265 INFO:teuthology.orchestra.run.smithi132.stdout:/usr/bin/ceph: stderr
2024-03-16T09:16:15.417+0000 7f697856b700 1 -- 172.21.15.132:0/17597419 shutdown_connections
2024-03-16T09:16:16.266 INFO:teuthology.orchestra.run.smithi132.stdout:/usr/bin/ceph: stderr
2024-03-16T09:16:15.417+0000 7f697856b700 1 --2- 172.21.15.132:0/17597419 >> [v2:172.21.15.132:3300/0,v1:172.21.15.132:6789/0] conn(0x7f69701064e0 0x7f69701088c0 unknown :-1 s=CLOSED pgs=49 cs=0 l=1 rev1=1 crypto rx=0 tx=0 comp rx=0 tx=0).stop
2024-03-16T09:16:16.266 INFO:teuthology.orchestra.run.smithi132.stdout:/usr/bin/ceph: stderr
2024-03-16T09:16:15.417+0000 7f697856b700 1 -- 172.21.15.132:0/17597419 >> 172.21.15.132:0/17597419 conn(0x7f69700fff00 msgr2=0x7f6970102350 unknown :-1 s=STATE_NONE l=0).mark_down
2024-03-16T09:16:16.266 INFO:teuthology.orchestra.run.smithi132.stdout:/usr/bin/ceph: stderr
2024-03-16T09:16:15.418+0000 7f697856b700 1 -- 172.21.15.132:0/17597419 shutdown_connections
2024-03-16T09:16:16.266 INFO:teuthology.orchestra.run.smithi132.stdout:/usr/bin/ceph: stderr
2024-03-16T09:16:15.418+0000 7f697856b700 1 -- 172.21.15.132:0/17597419 wait complete.
2024-03-16T09:16:16.266 INFO:teuthology.orchestra.run.smithi132.stdout:/usr/bin/ceph: stderr
2024-03-16T09:16:15.418+0000 7f697856b700 1 Processor -- start
2024-03-16T09:16:16.266 INFO:teuthology.orchestra.run.smithi132.stdout:/usr/bin/ceph: stderr
2024-03-16T09:16:15.418+0000 7f697856b700 1 -- start start
2024-03-16T09:16:16.266 INFO:teuthology.orchestra.run.smithi132.stdout:/usr/bin/ceph: stderr
2024-03-16T09:16:15.418+0000 7f697856b700 1 --2- >> [v2:172.21.15.132:3300/0,v1:172.21.15.132:6789/0] conn(0x7f69701064e0 0x7f6970199750 unknown :-1 s=NONE pgs=0 cs=0 l=1 rev1=0 crypto rx=0 tx=0 comp rx=0 tx=0).connect
2024-03-16T09:16:16.266 INFO:teuthology.orchestra.run.smithi132.stdout:/usr/bin/ceph: stderr
2024-03-16T09:16:15.418+0000 7f697856b700 1 -- --> [v2:172.21.15.132:3300/0,v1:172.21.15.132:6789/0] -- mon_getmap magic: 0 v1 -- 0x7f6970199c90 con 0x7f69701064e0
2024-03-16T09:16:16.266 INFO:teuthology.orchestra.run.smithi132.stdout:/usr/bin/ceph: stderr
2024-03-16T09:16:15.418+0000 7f6976307700 1 --2- >> [v2:172.21.15.132:3300/0,v1:172.21.15.132:6789/0] conn(0x7f69701064e0 0x7f6970199750 unknown :-1 s=BANNER_CONNECTING pgs=0 cs=0 l=1 rev1=0 crypto rx=0 tx=0 comp rx=0 tx=0)._handle_peer_banner_payload supported=3 required=0
2024-03-16T09:16:16.266 INFO:teuthology.orchestra.run.smithi132.stdout:/usr/bin/ceph: stderr
2024-03-16T09:16:15.418+0000 7f6976307700 1 --2- >> [v2:172.21.15.132:3300/0,v1:172.21.15.132:6789/0] conn(0x7f69701064e0 0x7f6970199750 unknown :-1 s=HELLO_CONNECTING pgs=0 cs=0 l=1 rev1=1 crypto rx=0 tx=0 comp rx=0 tx=0).handle_hello peer v2:172.21.15.132:3300/0 says I am v2:172.21.15.132:47008/0 (socket says 172.21.15.132:47008)
2024-03-16T09:16:16.266 INFO:teuthology.orchestra.run.smithi132.stdout:/usr/bin/ceph: stderr
2024-03-16T09:16:15.419+0000 7f6976307700 1 -- 172.21.15.132:0/1401980633 learned_addr learned my addr 172.21.15.132:0/1401980633 (peer_addr_for_me v2:172.21.15.132:0/0)
2024-03-16T09:16:16.267 INFO:teuthology.orchestra.run.smithi132.stdout:/usr/bin/ceph: stderr
2024-03-16T09:16:15.419+0000 7f6976307700 1 -- 172.21.15.132:0/1401980633 --> [v2:172.21.15.132:3300/0,v1:172.21.15.132:6789/0] -- mon_subscribe({config=0+,monmap=0+}) v3 -- 0x7f696c009550 con 0x7f69701064e0
2024-03-16T09:16:16.267 INFO:teuthology.orchestra.run.smithi132.stdout:/usr/bin/ceph: stderr
2024-03-16T09:16:15.419+0000 7f6976307700 1 --2- 172.21.15.132:0/1401980633 >> [v2:172.21.15.132:3300/0,v1:172.21.15.132:6789/0] conn(0x7f69701064e0 0x7f6970199750 secure :-1 s=READY pgs=50 cs=0 l=1 rev1=1 crypto rx=0x7f696c011670 tx=0x7f696c011b50 comp rx=0 tx=0).ready entity=mon.0 client_cookie=0 server_cookie=0 in_seq=0 out_seq=0
2024-03-16T09:16:16.267 INFO:teuthology.orchestra.run.smithi132.stdout:/usr/bin/ceph: stderr
2024-03-16T09:16:15.419+0000 7f69677fe700 1 -- 172.21.15.132:0/1401980633 <== mon.0 v2:172.21.15.132:3300/0 1 ==== mon_map magic: 0 v1 ==== 229+0+0 (secure 0 0 0) 0x7f696c0039f0 con 0x7f69701064e0
2024-03-16T09:16:16.267 INFO:teuthology.orchestra.run.smithi132.stdout:/usr/bin/ceph: stderr
2024-03-16T09:16:15.419+0000 7f69677fe700 1 -- 172.21.15.132:0/1401980633 <== mon.0 v2:172.21.15.132:3300/0 2 ==== config(27 keys) v1 ==== 1101+0+0 (secure 0 0 0) 0x7f696c003b50 con 0x7f69701064e0
2024-03-16T09:16:16.267 INFO:teuthology.orchestra.run.smithi132.stdout:/usr/bin/ceph: stderr
2024-03-16T09:16:15.419+0000 7f697856b700 1 -- 172.21.15.132:0/1401980633 --> [v2:172.21.15.132:3300/0,v1:172.21.15.132:6789/0] -- mon_subscribe({mgrmap=0+}) v3 -- 0x7f6970199e90 con 0x7f69701064e0
2024-03-16T09:16:16.267 INFO:teuthology.orchestra.run.smithi132.stdout:/usr/bin/ceph: stderr
2024-03-16T09:16:15.419+0000 7f69677fe700 1 -- 172.21.15.132:0/1401980633 <== mon.0 v2:172.21.15.132:3300/0 3 ==== mon_map magic: 0 v1 ==== 229+0+0 (secure 0 0 0) 0x7f696c0247c0 con 0x7f69701064e0
2024-03-16T09:16:16.267 INFO:teuthology.orchestra.run.smithi132.stdout:/usr/bin/ceph: stderr
2024-03-16T09:16:15.419+0000 7f697856b700 1 -- 172.21.15.132:0/1401980633 --> [v2:172.21.15.132:3300/0,v1:172.21.15.132:6789/0] -- mon_subscribe({osdmap=0}) v3 -- 0x7f697019a330 con 0x7f69701064e0
2024-03-16T09:16:16.267 INFO:teuthology.orchestra.run.smithi132.stdout:/usr/bin/ceph: stderr
2024-03-16T09:16:15.420+0000 7f69677fe700 1 -- 172.21.15.132:0/1401980633 <== mon.0 v2:172.21.15.132:3300/0 4 ==== mgrmap(e 8) v1 ==== 45084+0+0 (secure 0 0 0) 0x7f696c02d3f0 con 0x7f69701064e0
2024-03-16T09:16:16.267 INFO:teuthology.orchestra.run.smithi132.stdout:/usr/bin/ceph: stderr
2024-03-16T09:16:15.420+0000 7f697856b700 1 -- 172.21.15.132:0/1401980633 --> [v2:172.21.15.132:3300/0,v1:172.21.15.132:6789/0] -- mon_command({"prefix": "get_command_descriptions"} v 0) v1 -- 0x7f6970109ac0 con 0x7f69701064e0
2024-03-16T09:16:16.267 INFO:teuthology.orchestra.run.smithi132.stdout:/usr/bin/ceph: stderr
2024-03-16T09:16:15.420+0000 7f69677fe700 1 --2- 172.21.15.132:0/1401980633 >> [v2:172.21.15.132:6800/3331199339,v1:172.21.15.132:6801/3331199339] conn(0x7f695c0383f0 0x7f695c03a8a0 unknown :-1 s=NONE pgs=0 cs=0 l=1 rev1=0 crypto rx=0 tx=0 comp rx=0 tx=0).connect
2024-03-16T09:16:16.267 INFO:teuthology.orchestra.run.smithi132.stdout:/usr/bin/ceph: stderr
2024-03-16T09:16:15.420+0000 7f69677fe700 1 -- 172.21.15.132:0/1401980633 <== mon.0 v2:172.21.15.132:3300/0 5 ==== osd_map(2..2 src has 1..2) v4 ==== 940+0+0 (secure 0 0 0) 0x7f696c04c410 con 0x7f69701064e0
2024-03-16T09:16:16.267 INFO:teuthology.orchestra.run.smithi132.stdout:/usr/bin/ceph: stderr
2024-03-16T09:16:15.421+0000 7f6975b06700 1 --2- 172.21.15.132:0/1401980633 >> [v2:172.21.15.132:6800/3331199339,v1:172.21.15.132:6801/3331199339] conn(0x7f695c0383f0 0x7f695c03a8a0 unknown :-1 s=BANNER_CONNECTING pgs=0 cs=0 l=1 rev1=0 crypto rx=0 tx=0 comp rx=0 tx=0)._handle_peer_banner_payload supported=3 required=0
2024-03-16T09:16:16.268 INFO:teuthology.orchestra.run.smithi132.stdout:/usr/bin/ceph: stderr
2024-03-16T09:16:15.421+0000 7f6975b06700 1 --2- 172.21.15.132:0/1401980633 >> [v2:172.21.15.132:6800/3331199339,v1:172.21.15.132:6801/3331199339] conn(0x7f695c0383f0 0x7f695c03a8a0 secure :-1 s=READY pgs=13 cs=0 l=1 rev1=1 crypto rx=0x7f6960006fd0 tx=0x7f6960006e40 comp rx=0 tx=0).ready entity=mgr.14120 client_cookie=0 server_cookie=0 in_seq=0 out_seq=0
2024-03-16T09:16:16.268 INFO:teuthology.orchestra.run.smithi132.stdout:/usr/bin/ceph: stderr
2024-03-16T09:16:15.425+0000 7f69677fe700 1 -- 172.21.15.132:0/1401980633 <== mon.0 v2:172.21.15.132:3300/0 6 ==== mon_command_ack([{"prefix": "get_command_descriptions"}]=0 v0) v1 ==== 72+0+177933 (secure 0 0 0) 0x7f696c010970 con 0x7f69701064e0
2024-03-16T09:16:16.268 INFO:teuthology.orchestra.run.smithi132.stdout:/usr/bin/ceph: stderr
2024-03-16T09:16:15.639+0000 7f697856b700 1 -- 172.21.15.132:0/1401980633 --> [v2:172.21.15.132:6800/3331199339,v1:172.21.15.132:6801/3331199339] -- mgr_command(tid 0: {"prefix": "orch apply", "service_type": "mgr", "target": ["mon-mgr", ""]}) v1 -- 0x7f69701021e0 con 0x7f695c0383f0
2024-03-16T09:16:16.268 INFO:teuthology.orchestra.run.smithi132.stdout:/usr/bin/ceph: stderr
2024-03-16T09:16:15.645+0000 7f69677fe700 1 -- 172.21.15.132:0/1401980633 <== mgr.14120 v2:172.21.15.132:6800/3331199339 1 ==== mgr_command_reply(tid 0: 0 ) v1 ==== 8+0+24 (secure 0 0 0) 0x7f69701021e0 con 0x7f695c0383f0
2024-03-16T09:16:16.268 INFO:teuthology.orchestra.run.smithi132.stdout:/usr/bin/ceph: stderr
2024-03-16T09:16:15.647+0000 7f697856b700 1 -- 172.21.15.132:0/1401980633 >> [v2:172.21.15.132:6800/3331199339,v1:172.21.15.132:6801/3331199339] conn(0x7f695c0383f0 msgr2=0x7f695c03a8a0 secure :-1 s=STATE_CONNECTION_ESTABLISHED l=1).mark_down
2024-03-16T09:16:16.268 INFO:teuthology.orchestra.run.smithi132.stdout:/usr/bin/ceph: stderr
2024-03-16T09:16:15.647+0000 7f697856b700 1 --2- 172.21.15.132:0/1401980633 >> [v2:172.21.15.132:6800/3331199339,v1:172.21.15.132:6801/3331199339] conn(0x7f695c0383f0 0x7f695c03a8a0 secure :-1 s=READY pgs=13 cs=0 l=1 rev1=1 crypto rx=0x7f6960006fd0 tx=0x7f6960006e40 comp rx=0 tx=0).stop
2024-03-16T09:16:16.268 INFO:teuthology.orchestra.run.smithi132.stdout:/usr/bin/ceph: stderr
2024-03-16T09:16:15.647+0000 7f697856b700 1 -- 172.21.15.132:0/1401980633 >> [v2:172.21.15.132:3300/0,v1:172.21.15.132:6789/0] conn(0x7f69701064e0 msgr2=0x7f6970199750 secure :-1 s=STATE_CONNECTION_ESTABLISHED l=1).mark_down
2024-03-16T09:16:16.268 INFO:teuthology.orchestra.run.smithi132.stdout:/usr/bin/ceph: stderr
2024-03-16T09:16:15.647+0000 7f697856b700 1 --2- 172.21.15.132:0/1401980633 >> [v2:172.21.15.132:3300/0,v1:172.21.15.132:6789/0] conn(0x7f69701064e0 0x7f6970199750 secure :-1 s=READY pgs=50 cs=0 l=1 rev1=1 crypto rx=0x7f696c011670 tx=0x7f696c011b50 comp rx=0 tx=0).stop
2024-03-16T09:16:16.268 INFO:teuthology.orchestra.run.smithi132.stdout:/usr/bin/ceph: stderr
2024-03-16T09:16:15.647+0000 7f697856b700 1 -- 172.21.15.132:0/1401980633 shutdown_connections
2024-03-16T09:16:16.268 INFO:teuthology.orchestra.run.smithi132.stdout:/usr/bin/ceph: stderr
2024-03-16T09:16:15.647+0000 7f697856b700 1 --2- 172.21.15.132:0/1401980633 >> [v2:172.21.15.132:6800/3331199339,v1:172.21.15.132:6801/3331199339] conn(0x7f695c0383f0 0x7f695c03a8a0 unknown :-1 s=CLOSED pgs=13 cs=0 l=1 rev1=1 crypto rx=0 tx=0 comp rx=0 tx=0).stop
2024-03-16T09:16:16.268 INFO:teuthology.orchestra.run.smithi132.stdout:/usr/bin/ceph: stderr
2024-03-16T09:16:15.647+0000 7f697856b700 1 --2- 172.21.15.132:0/1401980633 >> [v2:172.21.15.132:3300/0,v1:172.21.15.132:6789/0] conn(0x7f69701064e0 0x7f6970199750 unknown :-1 s=CLOSED pgs=50 cs=0 l=1 rev1=1 crypto rx=0 tx=0 comp rx=0 tx=0).stop
2024-03-16T09:16:16.268 INFO:teuthology.orchestra.run.smithi132.stdout:/usr/bin/ceph: stderr
2024-03-16T09:16:15.647+0000 7f697856b700 1 -- 172.21.15.132:0/1401980633 >> 172.21.15.132:0/1401980633 conn(0x7f69700fff00 msgr2=0x7f69701015c0 unknown :-1 s=STATE_NONE l=0).mark_down
2024-03-16T09:16:16.268 INFO:teuthology.orchestra.run.smithi132.stdout:/usr/bin/ceph: stderr
2024-03-16T09:16:15.647+0000 7f697856b700 1 -- 172.21.15.132:0/1401980633 shutdown_connections
2024-03-16T09:16:16.269 INFO:teuthology.orchestra.run.smithi132.stdout:/usr/bin/ceph: stderr
2024-03-16T09:16:15.647+0000 7f697856b700 1 -- 172.21.15.132:0/1401980633 wait complete.
2024-03-16T09:16:16.269 INFO:teuthology.orchestra.run.smithi132.stdout:Deploying crash service with default placement...
2024-03-16T09:16:17.355 INFO:journalctl@ceph.mon.smithi132.smithi132.stdout:Mar 16 09:16:17 smithi132 ceph-mon[29192]: from='client.14144 -' entity='client.admin' cmd=[{"prefix": "orch apply", "service_type": "mgr", "target": ["mon-mgr", ""]}]: dispatch
2024-03-16T09:16:17.355 INFO:journalctl@ceph.mon.smithi132.smithi132.stdout:Mar 16 09:16:17 smithi132 ceph-mon[29192]: Saving service mgr spec with placement count:2
2024-03-16T09:16:17.355 INFO:journalctl@ceph.mon.smithi132.smithi132.stdout:Mar 16 09:16:17 smithi132 ceph-mon[29192]: from='mgr.14120 172.21.15.132:0/2070665067' entity='mgr.smithi132.majuxk'
2024-03-16T09:16:17.964 INFO:teuthology.orchestra.run.smithi132.stdout:/usr/bin/ceph: stdout Scheduled crash update...
2024-03-16T09:16:17.964 INFO:teuthology.orchestra.run.smithi132.stdout:/usr/bin/ceph: stderr
2024-03-16T09:16:16.670+0000 7fcd397dd700 1 Processor -- start
2024-03-16T09:16:17.964 INFO:teuthology.orchestra.run.smithi132.stdout:/usr/bin/ceph: stderr
2024-03-16T09:16:16.670+0000 7fcd397dd700 1 -- start start
2024-03-16T09:16:17.964 INFO:teuthology.orchestra.run.smithi132.stdout:/usr/bin/ceph: stderr
2024-03-16T09:16:16.671+0000 7fcd397dd700 1 --2- >> [v2:172.21.15.132:3300/0,v1:172.21.15.132:6789/0] conn(0x7fcd341048b0 0x7fcd34104cc0 unknown :-1 s=NONE pgs=0 cs=0 l=0 rev1=0 crypto rx=0 tx=0 comp rx=0 tx=0).connect
2024-03-16T09:16:17.964 INFO:teuthology.orchestra.run.smithi132.stdout:/usr/bin/ceph: stderr
2024-03-16T09:16:16.671+0000 7fcd397dd700 1 -- --> [v2:172.21.15.132:3300/0,v1:172.21.15.132:6789/0] -- mon_getmap magic: 0 v1 -- 0x7fcd34105200 con 0x7fcd341048b0
2024-03-16T09:16:17.964 INFO:teuthology.orchestra.run.smithi132.stdout:/usr/bin/ceph: stderr
2024-03-16T09:16:16.671+0000 7fcd32ffd700 1 --2- >> [v2:172.21.15.132:3300/0,v1:172.21.15.132:6789/0] conn(0x7fcd341048b0 0x7fcd34104cc0 unknown :-1 s=BANNER_CONNECTING pgs=0 cs=0 l=0 rev1=0 crypto rx=0 tx=0 comp rx=0 tx=0)._handle_peer_banner_payload supported=3 required=0
2024-03-16T09:16:17.965 INFO:teuthology.orchestra.run.smithi132.stdout:/usr/bin/ceph: stderr
2024-03-16T09:16:16.671+0000 7fcd32ffd700 1 --2- >> [v2:172.21.15.132:3300/0,v1:172.21.15.132:6789/0] conn(0x7fcd341048b0 0x7fcd34104cc0 unknown :-1 s=HELLO_CONNECTING pgs=0 cs=0 l=0 rev1=1 crypto rx=0 tx=0 comp rx=0 tx=0).handle_hello peer v2:172.21.15.132:3300/0 says I am v2:172.21.15.132:47018/0 (socket says 172.21.15.132:47018)
2024-03-16T09:16:17.965 INFO:teuthology.orchestra.run.smithi132.stdout:/usr/bin/ceph: stderr
2024-03-16T09:16:16.671+0000 7fcd32ffd700 1 -- 172.21.15.132:0/1512405786 learned_addr learned my addr 172.21.15.132:0/1512405786 (peer_addr_for_me v2:172.21.15.132:0/0)
2024-03-16T09:16:17.965 INFO:teuthology.orchestra.run.smithi132.stdout:/usr/bin/ceph: stderr
2024-03-16T09:16:16.671+0000 7fcd32ffd700 1 -- 172.21.15.132:0/1512405786 --> [v2:172.21.15.132:3300/0,v1:172.21.15.132:6789/0] -- mon_subscribe({config=0+,monmap=0+}) v3 -- 0x7fcd34105340 con 0x7fcd341048b0
2024-03-16T09:16:17.965 INFO:teuthology.orchestra.run.smithi132.stdout:/usr/bin/ceph: stderr
2024-03-16T09:16:16.671+0000 7fcd32ffd700 1 --2- 172.21.15.132:0/1512405786 >> [v2:172.21.15.132:3300/0,v1:172.21.15.132:6789/0] conn(0x7fcd341048b0 0x7fcd34104cc0 secure :-1 s=READY pgs=51 cs=0 l=1 rev1=1 crypto rx=0x7fcd2800bb40 tx=0x7fcd2800be50 comp rx=0 tx=0).ready entity=mon.0 client_cookie=aa7829fbc43a913f server_cookie=0 in_seq=0 out_seq=0
2024-03-16T09:16:17.965 INFO:teuthology.orchestra.run.smithi132.stdout:/usr/bin/ceph: stderr
2024-03-16T09:16:16.671+0000 7fcd31ffb700 1 -- 172.21.15.132:0/1512405786 <== mon.0 v2:172.21.15.132:3300/0 1 ==== mon_map magic: 0 v1 ==== 229+0+0 (secure 0 0 0) 0x7fcd2800dc00 con 0x7fcd341048b0
2024-03-16T09:16:17.965 INFO:teuthology.orchestra.run.smithi132.stdout:/usr/bin/ceph: stderr
2024-03-16T09:16:16.671+0000 7fcd31ffb700 1 -- 172.21.15.132:0/1512405786 <== mon.0 v2:172.21.15.132:3300/0 2 ==== config(27 keys) v1 ==== 1101+0+0 (secure 0 0 0) 0x7fcd280044e0 con 0x7fcd341048b0
2024-03-16T09:16:17.965 INFO:teuthology.orchestra.run.smithi132.stdout:/usr/bin/ceph: stderr
2024-03-16T09:16:16.671+0000 7fcd31ffb700 1 -- 172.21.15.132:0/1512405786 <== mon.0 v2:172.21.15.132:3300/0 3 ==== mon_map magic: 0 v1 ==== 229+0+0 (secure 0 0 0) 0x7fcd28010470 con 0x7fcd341048b0
2024-03-16T09:16:17.965 INFO:teuthology.orchestra.run.smithi132.stdout:/usr/bin/ceph: stderr
2024-03-16T09:16:16.672+0000 7fcd397dd700 1 -- 172.21.15.132:0/1512405786 >> [v2:172.21.15.132:3300/0,v1:172.21.15.132:6789/0] conn(0x7fcd341048b0 msgr2=0x7fcd34104cc0 secure :-1 s=STATE_CONNECTION_ESTABLISHED l=1).mark_down
2024-03-16T09:16:17.965 INFO:teuthology.orchestra.run.smithi132.stdout:/usr/bin/ceph: stderr
2024-03-16T09:16:16.672+0000 7fcd397dd700 1 --2- 172.21.15.132:0/1512405786 >> [v2:172.21.15.132:3300/0,v1:172.21.15.132:6789/0] conn(0x7fcd341048b0 0x7fcd34104cc0 secure :-1 s=READY pgs=51 cs=0 l=1 rev1=1 crypto rx=0x7fcd2800bb40 tx=0x7fcd2800be50 comp rx=0 tx=0).stop
2024-03-16T09:16:17.965 INFO:teuthology.orchestra.run.smithi132.stdout:/usr/bin/ceph: stderr
2024-03-16T09:16:16.672+0000 7fcd397dd700 1 -- 172.21.15.132:0/1512405786 shutdown_connections
2024-03-16T09:16:17.965 INFO:teuthology.orchestra.run.smithi132.stdout:/usr/bin/ceph: stderr
2024-03-16T09:16:16.672+0000 7fcd397dd700 1 --2- 172.21.15.132:0/1512405786 >> [v2:172.21.15.132:3300/0,v1:172.21.15.132:6789/0] conn(0x7fcd341048b0 0x7fcd34104cc0 unknown :-1 s=CLOSED pgs=51 cs=0 l=1 rev1=1 crypto rx=0 tx=0 comp rx=0 tx=0).stop
2024-03-16T09:16:17.965 INFO:teuthology.orchestra.run.smithi132.stdout:/usr/bin/ceph: stderr
2024-03-16T09:16:16.672+0000 7fcd397dd700 1 -- 172.21.15.132:0/1512405786 >> 172.21.15.132:0/1512405786 conn(0x7fcd340ffee0 msgr2=0x7fcd34102330 unknown :-1 s=STATE_NONE l=0).mark_down
2024-03-16T09:16:17.965 INFO:teuthology.orchestra.run.smithi132.stdout:/usr/bin/ceph: stderr
2024-03-16T09:16:16.672+0000 7fcd397dd700 1 -- 172.21.15.132:0/1512405786 shutdown_connections
2024-03-16T09:16:17.965 INFO:teuthology.orchestra.run.smithi132.stdout:/usr/bin/ceph: stderr
2024-03-16T09:16:16.672+0000 7fcd397dd700 1 -- 172.21.15.132:0/1512405786 wait complete.
2024-03-16T09:16:17.966 INFO:teuthology.orchestra.run.smithi132.stdout:/usr/bin/ceph: stderr
2024-03-16T09:16:16.672+0000 7fcd397dd700 1 Processor -- start
2024-03-16T09:16:17.966 INFO:teuthology.orchestra.run.smithi132.stdout:/usr/bin/ceph: stderr
2024-03-16T09:16:16.673+0000 7fcd397dd700 1 -- start start
2024-03-16T09:16:17.966 INFO:teuthology.orchestra.run.smithi132.stdout:/usr/bin/ceph: stderr
2024-03-16T09:16:16.673+0000 7fcd397dd700 1 --2- >> [v2:172.21.15.132:3300/0,v1:172.21.15.132:6789/0] conn(0x7fcd341048b0 0x7fcd34197520 unknown :-1 s=NONE pgs=0 cs=0 l=1 rev1=0 crypto rx=0 tx=0 comp rx=0 tx=0).connect
2024-03-16T09:16:17.966 INFO:teuthology.orchestra.run.smithi132.stdout:/usr/bin/ceph: stderr
2024-03-16T09:16:16.673+0000 7fcd397dd700 1 -- --> [v2:172.21.15.132:3300/0,v1:172.21.15.132:6789/0] -- mon_getmap magic: 0 v1 -- 0x7fcd34197a60 con 0x7fcd341048b0
2024-03-16T09:16:17.966 INFO:teuthology.orchestra.run.smithi132.stdout:/usr/bin/ceph: stderr
2024-03-16T09:16:16.673+0000 7fcd32ffd700 1 --2- >> [v2:172.21.15.132:3300/0,v1:172.21.15.132:6789/0] conn(0x7fcd341048b0 0x7fcd34197520 unknown :-1 s=BANNER_CONNECTING pgs=0 cs=0 l=1 rev1=0 crypto rx=0 tx=0 comp rx=0 tx=0)._handle_peer_banner_payload supported=3 required=0
2024-03-16T09:16:17.966 INFO:teuthology.orchestra.run.smithi132.stdout:/usr/bin/ceph: stderr
2024-03-16T09:16:16.673+0000 7fcd32ffd700 1 --2- >> [v2:172.21.15.132:3300/0,v1:172.21.15.132:6789/0] conn(0x7fcd341048b0 0x7fcd34197520 unknown :-1 s=HELLO_CONNECTING pgs=0 cs=0 l=1 rev1=1 crypto rx=0 tx=0 comp rx=0 tx=0).handle_hello peer v2:172.21.15.132:3300/0 says I am v2:172.21.15.132:47028/0 (socket says 172.21.15.132:47028)
2024-03-16T09:16:17.966 INFO:teuthology.orchestra.run.smithi132.stdout:/usr/bin/ceph: stderr
2024-03-16T09:16:16.673+0000 7fcd32ffd700 1 -- 172.21.15.132:0/1522462472 learned_addr learned my addr 172.21.15.132:0/1522462472 (peer_addr_for_me v2:172.21.15.132:0/0)
2024-03-16T09:16:17.966 INFO:teuthology.orchestra.run.smithi132.stdout:/usr/bin/ceph: stderr
2024-03-16T09:16:16.673+0000 7fcd32ffd700 1 -- 172.21.15.132:0/1522462472 --> [v2:172.21.15.132:3300/0,v1:172.21.15.132:6789/0] -- mon_subscribe({config=0+,monmap=0+}) v3 -- 0x7fcd2800b7f0 con 0x7fcd341048b0
2024-03-16T09:16:17.966 INFO:teuthology.orchestra.run.smithi132.stdout:/usr/bin/ceph: stderr
2024-03-16T09:16:16.673+0000 7fcd32ffd700 1 --2- 172.21.15.132:0/1522462472 >> [v2:172.21.15.132:3300/0,v1:172.21.15.132:6789/0] conn(0x7fcd341048b0 0x7fcd34197520 secure :-1 s=READY pgs=52 cs=0 l=1 rev1=1 crypto rx=0x7fcd28003ba0 tx=0x7fcd28004070 comp rx=0 tx=0).ready entity=mon.0 client_cookie=0 server_cookie=0 in_seq=0 out_seq=0
2024-03-16T09:16:17.966 INFO:teuthology.orchestra.run.smithi132.stdout:/usr/bin/ceph: stderr
2024-03-16T09:16:16.673+0000 7fcd1bfff700 1 -- 172.21.15.132:0/1522462472 <== mon.0 v2:172.21.15.132:3300/0 1 ==== mon_map magic: 0 v1 ==== 229+0+0 (secure 0 0 0) 0x7fcd2801e070 con 0x7fcd341048b0
2024-03-16T09:16:17.966 INFO:teuthology.orchestra.run.smithi132.stdout:/usr/bin/ceph: stderr
2024-03-16T09:16:16.673+0000 7fcd1bfff700 1 -- 172.21.15.132:0/1522462472 <== mon.0 v2:172.21.15.132:3300/0 2 ==== config(27 keys) v1 ==== 1101+0+0 (secure 0 0 0) 0x7fcd2800de20 con 0x7fcd341048b0
2024-03-16T09:16:17.966 INFO:teuthology.orchestra.run.smithi132.stdout:/usr/bin/ceph: stderr
2024-03-16T09:16:16.673+0000 7fcd397dd700 1 -- 172.21.15.132:0/1522462472 --> [v2:172.21.15.132:3300/0,v1:172.21.15.132:6789/0] -- mon_subscribe({mgrmap=0+}) v3 -- 0x7fcd34197c60 con 0x7fcd341048b0
2024-03-16T09:16:17.966 INFO:teuthology.orchestra.run.smithi132.stdout:/usr/bin/ceph: stderr
2024-03-16T09:16:16.673+0000 7fcd1bfff700 1 -- 172.21.15.132:0/1522462472 <== mon.0 v2:172.21.15.132:3300/0 3 ==== mon_map magic: 0 v1 ==== 229+0+0 (secure 0 0 0) 0x7fcd28022940 con 0x7fcd341048b0
2024-03-16T09:16:17.966 INFO:teuthology.orchestra.run.smithi132.stdout:/usr/bin/ceph: stderr
2024-03-16T09:16:16.674+0000 7fcd397dd700 1 -- 172.21.15.132:0/1522462472 --> [v2:172.21.15.132:3300/0,v1:172.21.15.132:6789/0] -- mon_subscribe({osdmap=0}) v3 -- 0x7fcd34198100 con 0x7fcd341048b0
2024-03-16T09:16:17.967 INFO:teuthology.orchestra.run.smithi132.stdout:/usr/bin/ceph: stderr
2024-03-16T09:16:16.675+0000 7fcd1bfff700 1 -- 172.21.15.132:0/1522462472 <== mon.0 v2:172.21.15.132:3300/0 4 ==== mgrmap(e 8) v1 ==== 45084+0+0 (secure 0 0 0) 0x7fcd2802c440 con 0x7fcd341048b0
2024-03-16T09:16:17.967 INFO:teuthology.orchestra.run.smithi132.stdout:/usr/bin/ceph: stderr
2024-03-16T09:16:16.675+0000 7fcd397dd700 1 -- 172.21.15.132:0/1522462472 --> [v2:172.21.15.132:3300/0,v1:172.21.15.132:6789/0] -- mon_command({"prefix": "get_command_descriptions"} v 0) v1 -- 0x7fcd341911e0 con 0x7fcd341048b0
2024-03-16T09:16:17.967 INFO:teuthology.orchestra.run.smithi132.stdout:/usr/bin/ceph: stderr
2024-03-16T09:16:16.675+0000 7fcd1bfff700 1 --2- 172.21.15.132:0/1522462472 >> [v2:172.21.15.132:6800/3331199339,v1:172.21.15.132:6801/3331199339] conn(0x7fcd1c0383f0 0x7fcd1c03a8a0 unknown :-1 s=NONE pgs=0 cs=0 l=1 rev1=0 crypto rx=0 tx=0 comp rx=0 tx=0).connect
2024-03-16T09:16:17.967 INFO:teuthology.orchestra.run.smithi132.stdout:/usr/bin/ceph: stderr
2024-03-16T09:16:16.675+0000 7fcd1bfff700 1 -- 172.21.15.132:0/1522462472 <== mon.0 v2:172.21.15.132:3300/0 5 ==== osd_map(2..2 src has 1..2) v4 ==== 940+0+0 (secure 0 0 0) 0x7fcd2804e650 con 0x7fcd341048b0
2024-03-16T09:16:17.967 INFO:teuthology.orchestra.run.smithi132.stdout:/usr/bin/ceph: stderr
2024-03-16T09:16:16.675+0000 7fcd327fc700 1 --2- 172.21.15.132:0/1522462472 >> [v2:172.21.15.132:6800/3331199339,v1:172.21.15.132:6801/3331199339] conn(0x7fcd1c0383f0 0x7fcd1c03a8a0 unknown :-1 s=BANNER_CONNECTING pgs=0 cs=0 l=1 rev1=0 crypto rx=0 tx=0 comp rx=0 tx=0)._handle_peer_banner_payload supported=3 required=0
2024-03-16T09:16:17.967 INFO:teuthology.orchestra.run.smithi132.stdout:/usr/bin/ceph: stderr
2024-03-16T09:16:16.675+0000 7fcd327fc700 1 --2- 172.21.15.132:0/1522462472 >> [v2:172.21.15.132:6800/3331199339,v1:172.21.15.132:6801/3331199339] conn(0x7fcd1c0383f0 0x7fcd1c03a8a0 secure :-1 s=READY pgs=14 cs=0 l=1 rev1=1 crypto rx=0x7fcd24006fd0 tx=0x7fcd24006e40 comp rx=0 tx=0).ready entity=mgr.14120 client_cookie=0 server_cookie=0 in_seq=0 out_seq=0
2024-03-16T09:16:17.967 INFO:teuthology.orchestra.run.smithi132.stdout:/usr/bin/ceph: stderr
2024-03-16T09:16:16.679+0000 7fcd1bfff700 1 -- 172.21.15.132:0/1522462472 <== mon.0 v2:172.21.15.132:3300/0 6 ==== mon_command_ack([{"prefix": "get_command_descriptions"}]=0 v0) v1 ==== 72+0+177933 (secure 0 0 0) 0x7fcd2802a950 con 0x7fcd341048b0
2024-03-16T09:16:17.967 INFO:teuthology.orchestra.run.smithi132.stdout:/usr/bin/ceph: stderr
2024-03-16T09:16:16.911+0000 7fcd397dd700 1 -- 172.21.15.132:0/1522462472 --> [v2:172.21.15.132:6800/3331199339,v1:172.21.15.132:6801/3331199339] -- mgr_command(tid 0: {"prefix": "orch apply", "service_type": "crash", "target": ["mon-mgr", ""]}) v1 -- 0x7fcd34061190 con 0x7fcd1c0383f0
2024-03-16T09:16:17.967 INFO:teuthology.orchestra.run.smithi132.stdout:/usr/bin/ceph: stderr
2024-03-16T09:16:16.916+0000 7fcd1bfff700 1 -- 172.21.15.132:0/1522462472 <== mgr.14120 v2:172.21.15.132:6800/3331199339 1 ==== mgr_command_reply(tid 0: 0 ) v1 ==== 8+0+26 (secure 0 0 0) 0x7fcd34061190 con 0x7fcd1c0383f0
2024-03-16T09:16:17.967 INFO:teuthology.orchestra.run.smithi132.stdout:/usr/bin/ceph: stderr
2024-03-16T09:16:16.918+0000 7fcd397dd700 1 -- 172.21.15.132:0/1522462472 >> [v2:172.21.15.132:6800/3331199339,v1:172.21.15.132:6801/3331199339] conn(0x7fcd1c0383f0 msgr2=0x7fcd1c03a8a0 secure :-1 s=STATE_CONNECTION_ESTABLISHED l=1).mark_down
2024-03-16T09:16:17.967 INFO:teuthology.orchestra.run.smithi132.stdout:/usr/bin/ceph: stderr
2024-03-16T09:16:16.918+0000 7fcd397dd700 1 --2- 172.21.15.132:0/1522462472 >> [v2:172.21.15.132:6800/3331199339,v1:172.21.15.132:6801/3331199339] conn(0x7fcd1c0383f0 0x7fcd1c03a8a0 secure :-1 s=READY pgs=14 cs=0 l=1 rev1=1 crypto rx=0x7fcd24006fd0 tx=0x7fcd24006e40 comp rx=0 tx=0).stop
2024-03-16T09:16:17.967 INFO:teuthology.orchestra.run.smithi132.stdout:/usr/bin/ceph: stderr
2024-03-16T09:16:16.918+0000 7fcd397dd700 1 -- 172.21.15.132:0/1522462472 >> [v2:172.21.15.132:3300/0,v1:172.21.15.132:6789/0] conn(0x7fcd341048b0 msgr2=0x7fcd34197520 secure :-1 s=STATE_CONNECTION_ESTABLISHED l=1).mark_down
2024-03-16T09:16:17.967 INFO:teuthology.orchestra.run.smithi132.stdout:/usr/bin/ceph: stderr
2024-03-16T09:16:16.918+0000 7fcd397dd700 1 --2- 172.21.15.132:0/1522462472 >> [v2:172.21.15.132:3300/0,v1:172.21.15.132:6789/0] conn(0x7fcd341048b0 0x7fcd34197520 secure :-1 s=READY pgs=52 cs=0 l=1 rev1=1 crypto rx=0x7fcd28003ba0 tx=0x7fcd28004070 comp rx=0 tx=0).stop
2024-03-16T09:16:17.968 INFO:teuthology.orchestra.run.smithi132.stdout:/usr/bin/ceph: stderr
2024-03-16T09:16:16.918+0000 7fcd397dd700 1 -- 172.21.15.132:0/1522462472 shutdown_connections
2024-03-16T09:16:17.968 INFO:teuthology.orchestra.run.smithi132.stdout:/usr/bin/ceph: stderr
2024-03-16T09:16:16.918+0000 7fcd397dd700 1 --2- 172.21.15.132:0/1522462472 >> [v2:172.21.15.132:6800/3331199339,v1:172.21.15.132:6801/3331199339] conn(0x7fcd1c0383f0 0x7fcd1c03a8a0 unknown :-1 s=CLOSED pgs=14 cs=0 l=1 rev1=1 crypto rx=0 tx=0 comp rx=0 tx=0).stop
2024-03-16T09:16:17.968 INFO:teuthology.orchestra.run.smithi132.stdout:/usr/bin/ceph: stderr
2024-03-16T09:16:16.918+0000 7fcd397dd700 1 --2- 172.21.15.132:0/1522462472 >> [v2:172.21.15.132:3300/0,v1:172.21.15.132:6789/0] conn(0x7fcd341048b0 0x7fcd34197520 unknown :-1 s=CLOSED pgs=52 cs=0 l=1 rev1=1 crypto rx=0 tx=0 comp rx=0 tx=0).stop
2024-03-16T09:16:17.968 INFO:teuthology.orchestra.run.smithi132.stdout:/usr/bin/ceph: stderr
2024-03-16T09:16:16.918+0000 7fcd397dd700 1 -- 172.21.15.132:0/1522462472 >> 172.21.15.132:0/1522462472 conn(0x7fcd340ffee0 msgr2=0x7fcd3418e320 unknown :-1 s=STATE_NONE l=0).mark_down
2024-03-16T09:16:17.968 INFO:teuthology.orchestra.run.smithi132.stdout:/usr/bin/ceph: stderr
2024-03-16T09:16:16.918+0000 7fcd397dd700 1 -- 172.21.15.132:0/1522462472 shutdown_connections
2024-03-16T09:16:17.968 INFO:teuthology.orchestra.run.smithi132.stdout:/usr/bin/ceph: stderr
2024-03-16T09:16:16.918+0000 7fcd397dd700 1 -- 172.21.15.132:0/1522462472 wait complete.
2024-03-16T09:16:17.968 INFO:teuthology.orchestra.run.smithi132.stdout:Deploying ceph-exporter service with default placement...
2024-03-16T09:16:18.310 INFO:journalctl@ceph.mon.smithi132.smithi132.stdout:Mar 16 09:16:18 smithi132 ceph-mon[29192]: from='client.14146 -' entity='client.admin' cmd=[{"prefix": "orch apply", "service_type": "crash", "target": ["mon-mgr", ""]}]: dispatch
2024-03-16T09:16:18.310 INFO:journalctl@ceph.mon.smithi132.smithi132.stdout:Mar 16 09:16:18 smithi132 ceph-mon[29192]: Saving service crash spec with placement *
2024-03-16T09:16:18.310 INFO:journalctl@ceph.mon.smithi132.smithi132.stdout:Mar 16 09:16:18 smithi132 ceph-mon[29192]: from='mgr.14120 172.21.15.132:0/2070665067' entity='mgr.smithi132.majuxk'
2024-03-16T09:16:19.254 INFO:teuthology.orchestra.run.smithi132.stdout:/usr/bin/ceph: stdout Scheduled ceph-exporter update...
2024-03-16T09:16:19.254 INFO:teuthology.orchestra.run.smithi132.stdout:/usr/bin/ceph: stderr
2024-03-16T09:16:18.411+0000 7f2bc11a5700 1 Processor -- start
2024-03-16T09:16:19.254 INFO:teuthology.orchestra.run.smithi132.stdout:/usr/bin/ceph: stderr
2024-03-16T09:16:18.411+0000 7f2bc11a5700 1 -- start start
2024-03-16T09:16:19.254 INFO:teuthology.orchestra.run.smithi132.stdout:/usr/bin/ceph: stderr
2024-03-16T09:16:18.411+0000 7f2bc11a5700 1 --2- >> [v2:172.21.15.132:3300/0,v1:172.21.15.132:6789/0] conn(0x7f2bbc1059b0 0x7f2bbc105dc0 unknown :-1 s=NONE pgs=0 cs=0 l=0 rev1=0 crypto rx=0 tx=0 comp rx=0 tx=0).connect
2024-03-16T09:16:19.254 INFO:teuthology.orchestra.run.smithi132.stdout:/usr/bin/ceph: stderr
2024-03-16T09:16:18.411+0000 7f2bc11a5700 1 -- --> [v2:172.21.15.132:3300/0,v1:172.21.15.132:6789/0] -- mon_getmap magic: 0 v1 -- 0x7f2bbc106300 con 0x7f2bbc1059b0
2024-03-16T09:16:19.254 INFO:teuthology.orchestra.run.smithi132.stdout:/usr/bin/ceph: stderr
2024-03-16T09:16:18.411+0000 7f2bbad9d700 1 --2- >> [v2:172.21.15.132:3300/0,v1:172.21.15.132:6789/0] conn(0x7f2bbc1059b0 0x7f2bbc105dc0 unknown :-1 s=BANNER_CONNECTING pgs=0 cs=0 l=0 rev1=0 crypto rx=0 tx=0 comp rx=0 tx=0)._handle_peer_banner_payload supported=3 required=0
2024-03-16T09:16:19.254 INFO:teuthology.orchestra.run.smithi132.stdout:/usr/bin/ceph: stderr
2024-03-16T09:16:18.411+0000 7f2bbad9d700 1 --2- >> [v2:172.21.15.132:3300/0,v1:172.21.15.132:6789/0] conn(0x7f2bbc1059b0 0x7f2bbc105dc0 unknown :-1 s=HELLO_CONNECTING pgs=0 cs=0 l=0 rev1=1 crypto rx=0 tx=0 comp rx=0 tx=0).handle_hello peer v2:172.21.15.132:3300/0 says I am v2:172.21.15.132:47032/0 (socket says 172.21.15.132:47032)
2024-03-16T09:16:19.255 INFO:teuthology.orchestra.run.smithi132.stdout:/usr/bin/ceph: stderr
2024-03-16T09:16:18.411+0000 7f2bbad9d700 1 -- 172.21.15.132:0/1534541215 learned_addr learned my addr 172.21.15.132:0/1534541215 (peer_addr_for_me v2:172.21.15.132:0/0)
2024-03-16T09:16:19.255 INFO:teuthology.orchestra.run.smithi132.stdout:/usr/bin/ceph: stderr
2024-03-16T09:16:18.411+0000 7f2bbad9d700 1 -- 172.21.15.132:0/1534541215 --> [v2:172.21.15.132:3300/0,v1:172.21.15.132:6789/0] -- mon_subscribe({config=0+,monmap=0+}) v3 -- 0x7f2bbc106440 con 0x7f2bbc1059b0
2024-03-16T09:16:19.255 INFO:teuthology.orchestra.run.smithi132.stdout:/usr/bin/ceph: stderr
2024-03-16T09:16:18.412+0000 7f2bbad9d700 1 --2- 172.21.15.132:0/1534541215 >> [v2:172.21.15.132:3300/0,v1:172.21.15.132:6789/0] conn(0x7f2bbc1059b0 0x7f2bbc105dc0 secure :-1 s=READY pgs=53 cs=0 l=1 rev1=1 crypto rx=0x7f2bac0098a0 tx=0x7f2bac009bb0 comp rx=0 tx=0).ready entity=mon.0 client_cookie=fba4303542252439 server_cookie=0 in_seq=0 out_seq=0
2024-03-16T09:16:19.255 INFO:teuthology.orchestra.run.smithi132.stdout:/usr/bin/ceph: stderr
2024-03-16T09:16:18.412+0000 7f2bb9d9b700 1 -- 172.21.15.132:0/1534541215 <== mon.0 v2:172.21.15.132:3300/0 1 ==== mon_map magic: 0 v1 ==== 229+0+0 (secure 0 0 0) 0x7f2bac004180 con 0x7f2bbc1059b0
2024-03-16T09:16:19.255 INFO:teuthology.orchestra.run.smithi132.stdout:/usr/bin/ceph: stderr
2024-03-16T09:16:18.412+0000 7f2bb9d9b700 1 -- 172.21.15.132:0/1534541215 <== mon.0 v2:172.21.15.132:3300/0 2 ==== config(27 keys) v1 ==== 1101+0+0 (secure 0 0 0) 0x7f2bac0042e0 con 0x7f2bbc1059b0
2024-03-16T09:16:19.255 INFO:teuthology.orchestra.run.smithi132.stdout:/usr/bin/ceph: stderr
2024-03-16T09:16:18.412+0000 7f2bb9d9b700 1 -- 172.21.15.132:0/1534541215 <== mon.0 v2:172.21.15.132:3300/0 3 ==== mon_map magic: 0 v1 ==== 229+0+0 (secure 0 0 0) 0x7f2bac011af0 con 0x7f2bbc1059b0
2024-03-16T09:16:19.255 INFO:teuthology.orchestra.run.smithi132.stdout:/usr/bin/ceph: stderr
2024-03-16T09:16:18.412+0000 7f2bc11a5700 1 -- 172.21.15.132:0/1534541215 >> [v2:172.21.15.132:3300/0,v1:172.21.15.132:6789/0] conn(0x7f2bbc1059b0 msgr2=0x7f2bbc105dc0 secure :-1 s=STATE_CONNECTION_ESTABLISHED l=1).mark_down
2024-03-16T09:16:19.255 INFO:teuthology.orchestra.run.smithi132.stdout:/usr/bin/ceph: stderr
2024-03-16T09:16:18.412+0000 7f2bc11a5700 1 --2- 172.21.15.132:0/1534541215 >> [v2:172.21.15.132:3300/0,v1:172.21.15.132:6789/0] conn(0x7f2bbc1059b0 0x7f2bbc105dc0 secure :-1 s=READY pgs=53 cs=0 l=1 rev1=1 crypto rx=0x7f2bac0098a0 tx=0x7f2bac009bb0 comp rx=0 tx=0).stop
2024-03-16T09:16:19.255 INFO:teuthology.orchestra.run.smithi132.stdout:/usr/bin/ceph: stderr
2024-03-16T09:16:18.413+0000 7f2bc11a5700 1 -- 172.21.15.132:0/1534541215 shutdown_connections
2024-03-16T09:16:19.255 INFO:teuthology.orchestra.run.smithi132.stdout:/usr/bin/ceph: stderr
2024-03-16T09:16:18.413+0000 7f2bc11a5700 1 --2- 172.21.15.132:0/1534541215 >> [v2:172.21.15.132:3300/0,v1:172.21.15.132:6789/0] conn(0x7f2bbc1059b0 0x7f2bbc105dc0 unknown :-1 s=CLOSED pgs=53 cs=0 l=1 rev1=1 crypto rx=0 tx=0 comp rx=0 tx=0).stop
2024-03-16T09:16:19.255 INFO:teuthology.orchestra.run.smithi132.stdout:/usr/bin/ceph: stderr
