2024-03-16T09:16:39.265+0000 7fc3e3fff700 1 --2- 172.21.15.132:0/4236405963 >> [v2:172.21.15.132:6800/3271460392,v1:172.21.15.132:6801/3271460392] conn(0x7fc3cc038450 0x7fc3cc03a900 secure :-1 s=READY pgs=8 cs=0 l=1 rev1=1 crypto rx=0x7fc3d8006fd0 tx=0x7fc3d8006e40 comp rx=0 tx=0).ready entity=mgr.14164 client_cookie=0 server_cookie=0 in_seq=0 out_seq=0
2024-03-16T09:16:40.783 INFO:teuthology.orchestra.run.smithi132.stdout:/usr/bin/ceph: stderr
2024-03-16T09:16:39.270+0000 7fc3e1ffb700 1 -- 172.21.15.132:0/4236405963 <== mon.0 v2:172.21.15.132:3300/0 6 ==== mon_command_ack([{"prefix": "get_command_descriptions"}]=0 v0) v1 ==== 72+0+177933 (secure 0 0 0) 0x7fc3dc023be0 con 0x7fc3e41059d0
2024-03-16T09:16:40.783 INFO:teuthology.orchestra.run.smithi132.stdout:/usr/bin/ceph: stderr
2024-03-16T09:16:39.480+0000 7fc3eafa2700 1 -- 172.21.15.132:0/4236405963 --> [v2:172.21.15.132:6800/3271460392,v1:172.21.15.132:6801/3271460392] -- mgr_command(tid 0: {"prefix": "dashboard ac-user-create", "username": "admin", "rolename": "administrator", "force_password": true, "pwd_update_required": true, "target": ["mon-mgr", ""]}) v1 -- 0x7fc3e4107880 con 0x7fc3cc038450
2024-03-16T09:16:40.783 INFO:teuthology.orchestra.run.smithi132.stdout:/usr/bin/ceph: stderr
2024-03-16T09:16:39.703+0000 7fc3e1ffb700 1 -- 172.21.15.132:0/4236405963 <== mgr.14164 v2:172.21.15.132:6800/3271460392 1 ==== mgr_command_reply(tid 0: 0 ) v1 ==== 8+0+252 (secure 0 0 0) 0x7fc3e4107880 con 0x7fc3cc038450
2024-03-16T09:16:40.783 INFO:teuthology.orchestra.run.smithi132.stdout:/usr/bin/ceph: stderr
2024-03-16T09:16:39.705+0000 7fc3eafa2700 1 -- 172.21.15.132:0/4236405963 >> [v2:172.21.15.132:6800/3271460392,v1:172.21.15.132:6801/3271460392] conn(0x7fc3cc038450 msgr2=0x7fc3cc03a900 secure :-1 s=STATE_CONNECTION_ESTABLISHED l=1).mark_down
2024-03-16T09:16:40.783 INFO:teuthology.orchestra.run.smithi132.stdout:/usr/bin/ceph: stderr
2024-03-16T09:16:39.705+0000 7fc3eafa2700 1 --2- 172.21.15.132:0/4236405963 >> [v2:172.21.15.132:6800/3271460392,v1:172.21.15.132:6801/3271460392] conn(0x7fc3cc038450 0x7fc3cc03a900 secure :-1 s=READY pgs=8 cs=0 l=1 rev1=1 crypto rx=0x7fc3d8006fd0 tx=0x7fc3d8006e40 comp rx=0 tx=0).stop
2024-03-16T09:16:40.783 INFO:teuthology.orchestra.run.smithi132.stdout:/usr/bin/ceph: stderr
2024-03-16T09:16:39.705+0000 7fc3eafa2700 1 -- 172.21.15.132:0/4236405963 >> [v2:172.21.15.132:3300/0,v1:172.21.15.132:6789/0] conn(0x7fc3e41059d0 msgr2=0x7fc3e4199690 secure :-1 s=STATE_CONNECTION_ESTABLISHED l=1).mark_down
2024-03-16T09:16:40.783 INFO:teuthology.orchestra.run.smithi132.stdout:/usr/bin/ceph: stderr
2024-03-16T09:16:39.705+0000 7fc3eafa2700 1 --2- 172.21.15.132:0/4236405963 >> [v2:172.21.15.132:3300/0,v1:172.21.15.132:6789/0] conn(0x7fc3e41059d0 0x7fc3e4199690 secure :-1 s=READY pgs=85 cs=0 l=1 rev1=1 crypto rx=0x7fc3dc009fa0 tx=0x7fc3dc00be40 comp rx=0 tx=0).stop
2024-03-16T09:16:40.783 INFO:teuthology.orchestra.run.smithi132.stdout:/usr/bin/ceph: stderr
2024-03-16T09:16:39.706+0000 7fc3eafa2700 1 -- 172.21.15.132:0/4236405963 shutdown_connections
2024-03-16T09:16:40.783 INFO:teuthology.orchestra.run.smithi132.stdout:/usr/bin/ceph: stderr
2024-03-16T09:16:39.706+0000 7fc3eafa2700 1 --2- 172.21.15.132:0/4236405963 >> [v2:172.21.15.132:6800/3271460392,v1:172.21.15.132:6801/3271460392] conn(0x7fc3cc038450 0x7fc3cc03a900 unknown :-1 s=CLOSED pgs=8 cs=0 l=1 rev1=1 crypto rx=0 tx=0 comp rx=0 tx=0).stop
2024-03-16T09:16:40.783 INFO:teuthology.orchestra.run.smithi132.stdout:/usr/bin/ceph: stderr
2024-03-16T09:16:39.706+0000 7fc3eafa2700 1 --2- 172.21.15.132:0/4236405963 >> [v2:172.21.15.132:3300/0,v1:172.21.15.132:6789/0] conn(0x7fc3e41059d0 0x7fc3e4199690 unknown :-1 s=CLOSED pgs=85 cs=0 l=1 rev1=1 crypto rx=0 tx=0 comp rx=0 tx=0).stop
2024-03-16T09:16:40.783 INFO:teuthology.orchestra.run.smithi132.stdout:/usr/bin/ceph: stderr
2024-03-16T09:16:39.706+0000 7fc3eafa2700 1 -- 172.21.15.132:0/4236405963 >> 172.21.15.132:0/4236405963 conn(0x7fc3e4101020 msgr2=0x7fc3e4101d20 unknown :-1 s=STATE_NONE l=0).mark_down
2024-03-16T09:16:40.783 INFO:teuthology.orchestra.run.smithi132.stdout:/usr/bin/ceph: stderr
2024-03-16T09:16:39.706+0000 7fc3eafa2700 1 -- 172.21.15.132:0/4236405963 shutdown_connections
2024-03-16T09:16:40.784 INFO:teuthology.orchestra.run.smithi132.stdout:/usr/bin/ceph: stderr
2024-03-16T09:16:39.706+0000 7fc3eafa2700 1 -- 172.21.15.132:0/4236405963 wait complete.
2024-03-16T09:16:40.784 INFO:teuthology.orchestra.run.smithi132.stdout:Fetching dashboard port number...
2024-03-16T09:16:41.154 INFO:journalctl@ceph.mon.smithi132.smithi132.stdout:Mar 16 09:16:41 smithi132 ceph-mon[29192]: from='client.14178 -' entity='client.admin' cmd=[{"prefix": "dashboard ac-user-create", "username": "admin", "rolename": "administrator", "force_password": true, "pwd_update_required": true, "target": ["mon-mgr", ""]}]: dispatch
2024-03-16T09:16:41.972 INFO:teuthology.orchestra.run.smithi132.stdout:/usr/bin/ceph: stdout 8443
2024-03-16T09:16:41.972 INFO:teuthology.orchestra.run.smithi132.stdout:/usr/bin/ceph: stderr
2024-03-16T09:16:41.247+0000 7f7fa9ffb700 1 Processor -- start
2024-03-16T09:16:41.972 INFO:teuthology.orchestra.run.smithi132.stdout:/usr/bin/ceph: stderr
2024-03-16T09:16:41.247+0000 7f7fa9ffb700 1 -- start start
2024-03-16T09:16:41.972 INFO:teuthology.orchestra.run.smithi132.stdout:/usr/bin/ceph: stderr
2024-03-16T09:16:41.247+0000 7f7fa9ffb700 1 --2- >> [v2:172.21.15.132:3300/0,v1:172.21.15.132:6789/0] conn(0x7f7fa4106fe0 0x7f7fa41073f0 unknown :-1 s=NONE pgs=0 cs=0 l=0 rev1=0 crypto rx=0 tx=0 comp rx=0 tx=0).connect
2024-03-16T09:16:41.972 INFO:teuthology.orchestra.run.smithi132.stdout:/usr/bin/ceph: stderr
2024-03-16T09:16:41.247+0000 7f7fa9ffb700 1 -- --> [v2:172.21.15.132:3300/0,v1:172.21.15.132:6789/0] -- mon_getmap magic: 0 v1 -- 0x7f7fa4107930 con 0x7f7fa4106fe0
2024-03-16T09:16:41.972 INFO:teuthology.orchestra.run.smithi132.stdout:/usr/bin/ceph: stderr
2024-03-16T09:16:41.247+0000 7f7fa37fe700 1 --2- >> [v2:172.21.15.132:3300/0,v1:172.21.15.132:6789/0] conn(0x7f7fa4106fe0 0x7f7fa41073f0 unknown :-1 s=BANNER_CONNECTING pgs=0 cs=0 l=0 rev1=0 crypto rx=0 tx=0 comp rx=0 tx=0)._handle_peer_banner_payload supported=3 required=0
2024-03-16T09:16:41.973 INFO:teuthology.orchestra.run.smithi132.stdout:/usr/bin/ceph: stderr
2024-03-16T09:16:41.247+0000 7f7fa37fe700 1 --2- >> [v2:172.21.15.132:3300/0,v1:172.21.15.132:6789/0] conn(0x7f7fa4106fe0 0x7f7fa41073f0 unknown :-1 s=HELLO_CONNECTING pgs=0 cs=0 l=0 rev1=1 crypto rx=0 tx=0 comp rx=0 tx=0).handle_hello peer v2:172.21.15.132:3300/0 says I am v2:172.21.15.132:56180/0 (socket says 172.21.15.132:56180)
2024-03-16T09:16:41.973 INFO:teuthology.orchestra.run.smithi132.stdout:/usr/bin/ceph: stderr
2024-03-16T09:16:41.247+0000 7f7fa37fe700 1 -- 172.21.15.132:0/66502625 learned_addr learned my addr 172.21.15.132:0/66502625 (peer_addr_for_me v2:172.21.15.132:0/0)
2024-03-16T09:16:41.973 INFO:teuthology.orchestra.run.smithi132.stdout:/usr/bin/ceph: stderr
2024-03-16T09:16:41.247+0000 7f7fa37fe700 1 -- 172.21.15.132:0/66502625 --> [v2:172.21.15.132:3300/0,v1:172.21.15.132:6789/0] -- mon_subscribe({config=0+,monmap=0+}) v3 -- 0x7f7fa4107a70 con 0x7f7fa4106fe0
2024-03-16T09:16:41.973 INFO:teuthology.orchestra.run.smithi132.stdout:/usr/bin/ceph: stderr
2024-03-16T09:16:41.247+0000 7f7fa37fe700 1 --2- 172.21.15.132:0/66502625 >> [v2:172.21.15.132:3300/0,v1:172.21.15.132:6789/0] conn(0x7f7fa4106fe0 0x7f7fa41073f0 secure :-1 s=READY pgs=86 cs=0 l=1 rev1=1 crypto rx=0x7f7f940098a0 tx=0x7f7f94009bb0 comp rx=0 tx=0).ready entity=mon.0 client_cookie=33448cd7e5e3f653 server_cookie=0 in_seq=0 out_seq=0
2024-03-16T09:16:41.973 INFO:teuthology.orchestra.run.smithi132.stdout:/usr/bin/ceph: stderr
2024-03-16T09:16:41.248+0000 7f7fa27fc700 1 -- 172.21.15.132:0/66502625 <== mon.0 v2:172.21.15.132:3300/0 1 ==== mon_map magic: 0 v1 ==== 229+0+0 (secure 0 0 0) 0x7f7f94004180 con 0x7f7fa4106fe0
2024-03-16T09:16:41.973 INFO:teuthology.orchestra.run.smithi132.stdout:/usr/bin/ceph: stderr
2024-03-16T09:16:41.248+0000 7f7fa27fc700 1 -- 172.21.15.132:0/66502625 <== mon.0 v2:172.21.15.132:3300/0 2 ==== config(27 keys) v1 ==== 1101+0+0 (secure 0 0 0) 0x7f7f940042e0 con 0x7f7fa4106fe0
2024-03-16T09:16:41.973 INFO:teuthology.orchestra.run.smithi132.stdout:/usr/bin/ceph: stderr
2024-03-16T09:16:41.248+0000 7f7fa27fc700 1 -- 172.21.15.132:0/66502625 <== mon.0 v2:172.21.15.132:3300/0 3 ==== mon_map magic: 0 v1 ==== 229+0+0 (secure 0 0 0) 0x7f7f94011af0 con 0x7f7fa4106fe0
2024-03-16T09:16:41.973 INFO:teuthology.orchestra.run.smithi132.stdout:/usr/bin/ceph: stderr
2024-03-16T09:16:41.248+0000 7f7fa9ffb700 1 -- 172.21.15.132:0/66502625 >> [v2:172.21.15.132:3300/0,v1:172.21.15.132:6789/0] conn(0x7f7fa4106fe0 msgr2=0x7f7fa41073f0 secure :-1 s=STATE_CONNECTION_ESTABLISHED l=1).mark_down
2024-03-16T09:16:41.973 INFO:teuthology.orchestra.run.smithi132.stdout:/usr/bin/ceph: stderr
2024-03-16T09:16:41.248+0000 7f7fa9ffb700 1 --2- 172.21.15.132:0/66502625 >> [v2:172.21.15.132:3300/0,v1:172.21.15.132:6789/0] conn(0x7f7fa4106fe0 0x7f7fa41073f0 secure :-1 s=READY pgs=86 cs=0 l=1 rev1=1 crypto rx=0x7f7f940098a0 tx=0x7f7f94009bb0 comp rx=0 tx=0).stop
2024-03-16T09:16:41.973 INFO:teuthology.orchestra.run.smithi132.stdout:/usr/bin/ceph: stderr
2024-03-16T09:16:41.248+0000 7f7fa9ffb700 1 -- 172.21.15.132:0/66502625 shutdown_connections
2024-03-16T09:16:41.973 INFO:teuthology.orchestra.run.smithi132.stdout:/usr/bin/ceph: stderr
2024-03-16T09:16:41.248+0000 7f7fa9ffb700 1 --2- 172.21.15.132:0/66502625 >> [v2:172.21.15.132:3300/0,v1:172.21.15.132:6789/0] conn(0x7f7fa4106fe0 0x7f7fa41073f0 unknown :-1 s=CLOSED pgs=86 cs=0 l=1 rev1=1 crypto rx=0 tx=0 comp rx=0 tx=0).stop
2024-03-16T09:16:41.974 INFO:teuthology.orchestra.run.smithi132.stdout:/usr/bin/ceph: stderr
2024-03-16T09:16:41.248+0000 7f7fa9ffb700 1 -- 172.21.15.132:0/66502625 >> 172.21.15.132:0/66502625 conn(0x7f7fa40ff670 msgr2=0x7f7fa4101ac0 unknown :-1 s=STATE_NONE l=0).mark_down
2024-03-16T09:16:41.974 INFO:teuthology.orchestra.run.smithi132.stdout:/usr/bin/ceph: stderr
2024-03-16T09:16:41.248+0000 7f7fa9ffb700 1 -- 172.21.15.132:0/66502625 shutdown_connections
2024-03-16T09:16:41.974 INFO:teuthology.orchestra.run.smithi132.stdout:/usr/bin/ceph: stderr
2024-03-16T09:16:41.248+0000 7f7fa9ffb700 1 -- 172.21.15.132:0/66502625 wait complete.
2024-03-16T09:16:41.974 INFO:teuthology.orchestra.run.smithi132.stdout:/usr/bin/ceph: stderr
2024-03-16T09:16:41.249+0000 7f7fa9ffb700 1 Processor -- start
2024-03-16T09:16:41.974 INFO:teuthology.orchestra.run.smithi132.stdout:/usr/bin/ceph: stderr
2024-03-16T09:16:41.249+0000 7f7fa9ffb700 1 -- start start
2024-03-16T09:16:41.974 INFO:teuthology.orchestra.run.smithi132.stdout:/usr/bin/ceph: stderr
2024-03-16T09:16:41.249+0000 7f7fa9ffb700 1 --2- >> [v2:172.21.15.132:3300/0,v1:172.21.15.132:6789/0] conn(0x7f7fa4106fe0 0x7f7fa4199760 unknown :-1 s=NONE pgs=0 cs=0 l=1 rev1=0 crypto rx=0 tx=0 comp rx=0 tx=0).connect
2024-03-16T09:16:41.974 INFO:teuthology.orchestra.run.smithi132.stdout:/usr/bin/ceph: stderr
2024-03-16T09:16:41.249+0000 7f7fa9ffb700 1 -- --> [v2:172.21.15.132:3300/0,v1:172.21.15.132:6789/0] -- mon_getmap magic: 0 v1 -- 0x7f7fa4199ca0 con 0x7f7fa4106fe0
2024-03-16T09:16:41.974 INFO:teuthology.orchestra.run.smithi132.stdout:/usr/bin/ceph: stderr
2024-03-16T09:16:41.249+0000 7f7fa37fe700 1 --2- >> [v2:172.21.15.132:3300/0,v1:172.21.15.132:6789/0] conn(0x7f7fa4106fe0 0x7f7fa4199760 unknown :-1 s=BANNER_CONNECTING pgs=0 cs=0 l=1 rev1=0 crypto rx=0 tx=0 comp rx=0 tx=0)._handle_peer_banner_payload supported=3 required=0
2024-03-16T09:16:41.974 INFO:teuthology.orchestra.run.smithi132.stdout:/usr/bin/ceph: stderr
2024-03-16T09:16:41.249+0000 7f7fa37fe700 1 --2- >> [v2:172.21.15.132:3300/0,v1:172.21.15.132:6789/0] conn(0x7f7fa4106fe0 0x7f7fa4199760 unknown :-1 s=HELLO_CONNECTING pgs=0 cs=0 l=1 rev1=1 crypto rx=0 tx=0 comp rx=0 tx=0).handle_hello peer v2:172.21.15.132:3300/0 says I am v2:172.21.15.132:56186/0 (socket says 172.21.15.132:56186)
2024-03-16T09:16:41.974 INFO:teuthology.orchestra.run.smithi132.stdout:/usr/bin/ceph: stderr
2024-03-16T09:16:41.249+0000 7f7fa37fe700 1 -- 172.21.15.132:0/2884427320 learned_addr learned my addr 172.21.15.132:0/2884427320 (peer_addr_for_me v2:172.21.15.132:0/0)
2024-03-16T09:16:41.974 INFO:teuthology.orchestra.run.smithi132.stdout:/usr/bin/ceph: stderr
2024-03-16T09:16:41.250+0000 7f7fa37fe700 1 -- 172.21.15.132:0/2884427320 --> [v2:172.21.15.132:3300/0,v1:172.21.15.132:6789/0] -- mon_subscribe({config=0+,monmap=0+}) v3 -- 0x7f7f94009550 con 0x7f7fa4106fe0
2024-03-16T09:16:41.974 INFO:teuthology.orchestra.run.smithi132.stdout:/usr/bin/ceph: stderr
2024-03-16T09:16:41.250+0000 7f7fa37fe700 1 --2- 172.21.15.132:0/2884427320 >> [v2:172.21.15.132:3300/0,v1:172.21.15.132:6789/0] conn(0x7f7fa4106fe0 0x7f7fa4199760 secure :-1 s=READY pgs=87 cs=0 l=1 rev1=1 crypto rx=0x7f7f94011670 tx=0x7f7f94011aa0 comp rx=0 tx=0).ready entity=mon.0 client_cookie=0 server_cookie=0 in_seq=0 out_seq=0
2024-03-16T09:16:41.975 INFO:teuthology.orchestra.run.smithi132.stdout:/usr/bin/ceph: stderr
2024-03-16T09:16:41.250+0000 7f7fa0ff9700 1 -- 172.21.15.132:0/2884427320 <== mon.0 v2:172.21.15.132:3300/0 1 ==== mon_map magic: 0 v1 ==== 229+0+0 (secure 0 0 0) 0x7f7f94003a40 con 0x7f7fa4106fe0
2024-03-16T09:16:41.975 INFO:teuthology.orchestra.run.smithi132.stdout:/usr/bin/ceph: stderr
2024-03-16T09:16:41.250+0000 7f7fa0ff9700 1 -- 172.21.15.132:0/2884427320 <== mon.0 v2:172.21.15.132:3300/0 2 ==== config(27 keys) v1 ==== 1101+0+0 (secure 0 0 0) 0x7f7f94003ba0 con 0x7f7fa4106fe0
2024-03-16T09:16:41.975 INFO:teuthology.orchestra.run.smithi132.stdout:/usr/bin/ceph: stderr
2024-03-16T09:16:41.250+0000 7f7fa9ffb700 1 -- 172.21.15.132:0/2884427320 --> [v2:172.21.15.132:3300/0,v1:172.21.15.132:6789/0] -- mon_subscribe({mgrmap=0+}) v3 -- 0x7f7fa4199ea0 con 0x7f7fa4106fe0
2024-03-16T09:16:41.975 INFO:teuthology.orchestra.run.smithi132.stdout:/usr/bin/ceph: stderr
2024-03-16T09:16:41.250+0000 7f7fa0ff9700 1 -- 172.21.15.132:0/2884427320 <== mon.0 v2:172.21.15.132:3300/0 3 ==== mon_map magic: 0 v1 ==== 229+0+0 (secure 0 0 0) 0x7f7f94024820 con 0x7f7fa4106fe0
2024-03-16T09:16:41.975 INFO:teuthology.orchestra.run.smithi132.stdout:/usr/bin/ceph: stderr
2024-03-16T09:16:41.250+0000 7f7fa9ffb700 1 -- 172.21.15.132:0/2884427320 --> [v2:172.21.15.132:3300/0,v1:172.21.15.132:6789/0] -- mon_subscribe({osdmap=0}) v3 -- 0x7f7fa419a340 con 0x7f7fa4106fe0
2024-03-16T09:16:41.975 INFO:teuthology.orchestra.run.smithi132.stdout:/usr/bin/ceph: stderr
2024-03-16T09:16:41.251+0000 7f7fa0ff9700 1 -- 172.21.15.132:0/2884427320 <== mon.0 v2:172.21.15.132:3300/0 4 ==== mgrmap(e 12) v1 ==== 45097+0+0 (secure 0 0 0) 0x7f7f94024ae0 con 0x7f7fa4106fe0
2024-03-16T09:16:41.975 INFO:teuthology.orchestra.run.smithi132.stdout:/usr/bin/ceph: stderr
2024-03-16T09:16:41.251+0000 7f7fa9ffb700 1 -- 172.21.15.132:0/2884427320 --> [v2:172.21.15.132:3300/0,v1:172.21.15.132:6789/0] -- mon_command({"prefix": "get_command_descriptions"} v 0) v1 -- 0x7f7fa4104540 con 0x7f7fa4106fe0
2024-03-16T09:16:41.975 INFO:teuthology.orchestra.run.smithi132.stdout:/usr/bin/ceph: stderr
2024-03-16T09:16:41.251+0000 7f7fa0ff9700 1 --2- 172.21.15.132:0/2884427320 >> [v2:172.21.15.132:6800/3271460392,v1:172.21.15.132:6801/3271460392] conn(0x7f7f8c038400 0x7f7f8c03a8b0 unknown :-1 s=NONE pgs=0 cs=0 l=1 rev1=0 crypto rx=0 tx=0 comp rx=0 tx=0).connect
2024-03-16T09:16:41.975 INFO:teuthology.orchestra.run.smithi132.stdout:/usr/bin/ceph: stderr
2024-03-16T09:16:41.251+0000 7f7fa0ff9700 1 -- 172.21.15.132:0/2884427320 <== mon.0 v2:172.21.15.132:3300/0 5 ==== osd_map(3..3 src has 1..3) v4 ==== 1155+0+0 (secure 0 0 0) 0x7f7f9404c470 con 0x7f7fa4106fe0
2024-03-16T09:16:41.975 INFO:teuthology.orchestra.run.smithi132.stdout:/usr/bin/ceph: stderr
2024-03-16T09:16:41.251+0000 7f7fa2ffd700 1 --2- 172.21.15.132:0/2884427320 >> [v2:172.21.15.132:6800/3271460392,v1:172.21.15.132:6801/3271460392] conn(0x7f7f8c038400 0x7f7f8c03a8b0 unknown :-1 s=BANNER_CONNECTING pgs=0 cs=0 l=1 rev1=0 crypto rx=0 tx=0 comp rx=0 tx=0)._handle_peer_banner_payload supported=3 required=0
2024-03-16T09:16:41.976 INFO:teuthology.orchestra.run.smithi132.stdout:/usr/bin/ceph: stderr
2024-03-16T09:16:41.251+0000 7f7fa2ffd700 1 --2- 172.21.15.132:0/2884427320 >> [v2:172.21.15.132:6800/3271460392,v1:172.21.15.132:6801/3271460392] conn(0x7f7f8c038400 0x7f7f8c03a8b0 secure :-1 s=READY pgs=9 cs=0 l=1 rev1=1 crypto rx=0x7f7f98006fd0 tx=0x7f7f98006e40 comp rx=0 tx=0).ready entity=mgr.14164 client_cookie=0 server_cookie=0 in_seq=0 out_seq=0
2024-03-16T09:16:41.976 INFO:teuthology.orchestra.run.smithi132.stdout:/usr/bin/ceph: stderr
2024-03-16T09:16:41.257+0000 7f7fa0ff9700 1 -- 172.21.15.132:0/2884427320 <== mon.0 v2:172.21.15.132:3300/0 6 ==== mon_command_ack([{"prefix": "get_command_descriptions"}]=0 v0) v1 ==== 72+0+177933 (secure 0 0 0) 0x7f7f94022310 con 0x7f7fa4106fe0
2024-03-16T09:16:41.976 INFO:teuthology.orchestra.run.smithi132.stdout:/usr/bin/ceph: stderr
2024-03-16T09:16:41.444+0000 7f7fa9ffb700 1 -- 172.21.15.132:0/2884427320 --> [v2:172.21.15.132:3300/0,v1:172.21.15.132:6789/0] -- mon_command({"prefix": "config get", "who": "mgr", "key": "mgr/dashboard/ssl_server_port"} v 0) v1 -- 0x7f7fa419d120 con 0x7f7fa4106fe0
2024-03-16T09:16:41.976 INFO:teuthology.orchestra.run.smithi132.stdout:/usr/bin/ceph: stderr
2024-03-16T09:16:41.444+0000 7f7fa0ff9700 1 -- 172.21.15.132:0/2884427320 <== mon.0 v2:172.21.15.132:3300/0 7 ==== mon_command_ack([{"prefix": "config get", "who": "mgr", "key": "mgr/dashboard/ssl_server_port"}]=0 v8) v1 ==== 112+0+5 (secure 0 0 0) 0x7f7f9402c350 con 0x7f7fa4106fe0
2024-03-16T09:16:41.976 INFO:teuthology.orchestra.run.smithi132.stdout:/usr/bin/ceph: stderr
2024-03-16T09:16:41.446+0000 7f7fa9ffb700 1 -- 172.21.15.132:0/2884427320 >> [v2:172.21.15.132:6800/3271460392,v1:172.21.15.132:6801/3271460392] conn(0x7f7f8c038400 msgr2=0x7f7f8c03a8b0 secure :-1 s=STATE_CONNECTION_ESTABLISHED l=1).mark_down
2024-03-16T09:16:41.976 INFO:teuthology.orchestra.run.smithi132.stdout:/usr/bin/ceph: stderr
2024-03-16T09:16:41.446+0000 7f7fa9ffb700 1 --2- 172.21.15.132:0/2884427320 >> [v2:172.21.15.132:6800/3271460392,v1:172.21.15.132:6801/3271460392] conn(0x7f7f8c038400 0x7f7f8c03a8b0 secure :-1 s=READY pgs=9 cs=0 l=1 rev1=1 crypto rx=0x7f7f98006fd0 tx=0x7f7f98006e40 comp rx=0 tx=0).stop
2024-03-16T09:16:41.976 INFO:teuthology.orchestra.run.smithi132.stdout:/usr/bin/ceph: stderr
2024-03-16T09:16:41.446+0000 7f7fa9ffb700 1 -- 172.21.15.132:0/2884427320 >> [v2:172.21.15.132:3300/0,v1:172.21.15.132:6789/0] conn(0x7f7fa4106fe0 msgr2=0x7f7fa4199760 secure :-1 s=STATE_CONNECTION_ESTABLISHED l=1).mark_down
2024-03-16T09:16:41.976 INFO:teuthology.orchestra.run.smithi132.stdout:/usr/bin/ceph: stderr
2024-03-16T09:16:41.446+0000 7f7fa9ffb700 1 --2- 172.21.15.132:0/2884427320 >> [v2:172.21.15.132:3300/0,v1:172.21.15.132:6789/0] conn(0x7f7fa4106fe0 0x7f7fa4199760 secure :-1 s=READY pgs=87 cs=0 l=1 rev1=1 crypto rx=0x7f7f94011670 tx=0x7f7f94011aa0 comp rx=0 tx=0).stop
2024-03-16T09:16:41.976 INFO:teuthology.orchestra.run.smithi132.stdout:/usr/bin/ceph: stderr
2024-03-16T09:16:41.446+0000 7f7fa9ffb700 1 -- 172.21.15.132:0/2884427320 shutdown_connections
2024-03-16T09:16:41.976 INFO:teuthology.orchestra.run.smithi132.stdout:/usr/bin/ceph: stderr
2024-03-16T09:16:41.446+0000 7f7fa9ffb700 1 --2- 172.21.15.132:0/2884427320 >> [v2:172.21.15.132:6800/3271460392,v1:172.21.15.132:6801/3271460392] conn(0x7f7f8c038400 0x7f7f8c03a8b0 unknown :-1 s=CLOSED pgs=9 cs=0 l=1 rev1=1 crypto rx=0 tx=0 comp rx=0 tx=0).stop
2024-03-16T09:16:41.976 INFO:teuthology.orchestra.run.smithi132.stdout:/usr/bin/ceph: stderr
2024-03-16T09:16:41.446+0000 7f7fa9ffb700 1 --2- 172.21.15.132:0/2884427320 >> [v2:172.21.15.132:3300/0,v1:172.21.15.132:6789/0] conn(0x7f7fa4106fe0 0x7f7fa4199760 unknown :-1 s=CLOSED pgs=87 cs=0 l=1 rev1=1 crypto rx=0 tx=0 comp rx=0 tx=0).stop
2024-03-16T09:16:41.976 INFO:teuthology.orchestra.run.smithi132.stdout:/usr/bin/ceph: stderr
2024-03-16T09:16:41.446+0000 7f7fa9ffb700 1 -- 172.21.15.132:0/2884427320 >> 172.21.15.132:0/2884427320 conn(0x7f7fa40ff670 msgr2=0x7f7fa4100d80 unknown :-1 s=STATE_NONE l=0).mark_down
2024-03-16T09:16:41.976 INFO:teuthology.orchestra.run.smithi132.stdout:/usr/bin/ceph: stderr
2024-03-16T09:16:41.447+0000 7f7fa9ffb700 1 -- 172.21.15.132:0/2884427320 shutdown_connections
2024-03-16T09:16:41.976 INFO:teuthology.orchestra.run.smithi132.stdout:/usr/bin/ceph: stderr
2024-03-16T09:16:41.447+0000 7f7fa9ffb700 1 -- 172.21.15.132:0/2884427320 wait complete.
2024-03-16T09:16:41.977 INFO:teuthology.orchestra.run.smithi132.stdout:Non-zero exit code 1 from systemctl is-enabled firewalld.service
2024-03-16T09:16:41.977 INFO:teuthology.orchestra.run.smithi132.stdout:systemctl: stdout disabled
2024-03-16T09:16:41.982 INFO:teuthology.orchestra.run.smithi132.stdout:Non-zero exit code 3 from systemctl is-active firewalld.service
2024-03-16T09:16:41.982 INFO:teuthology.orchestra.run.smithi132.stdout:systemctl: stdout inactive
2024-03-16T09:16:41.982 INFO:teuthology.orchestra.run.smithi132.stdout:firewalld.service is not enabled
2024-03-16T09:16:41.983 INFO:teuthology.orchestra.run.smithi132.stdout:Not possible to open ports <[8443]>. firewalld.service is not available
2024-03-16T09:16:41.984 INFO:teuthology.orchestra.run.smithi132.stdout:Ceph Dashboard is now available at:
2024-03-16T09:16:41.984 INFO:teuthology.orchestra.run.smithi132.stdout:
2024-03-16T09:16:41.984 INFO:teuthology.orchestra.run.smithi132.stdout: URL: https://smithi132.front.sepia.ceph.com:8443/
2024-03-16T09:16:41.984 INFO:teuthology.orchestra.run.smithi132.stdout: User: admin
2024-03-16T09:16:41.984 INFO:teuthology.orchestra.run.smithi132.stdout: Password: qz44l2k271
2024-03-16T09:16:41.984 INFO:teuthology.orchestra.run.smithi132.stdout:
2024-03-16T09:16:41.984 INFO:teuthology.orchestra.run.smithi132.stdout:Saving cluster configuration to /var/lib/ceph/a667530a-e375-11ee-95c9-87774f69a715/config directory
2024-03-16T09:16:41.985 INFO:teuthology.orchestra.run.smithi132.stdout:Enabling autotune for osd_memory_target
2024-03-16T09:16:42.217 INFO:journalctl@ceph.mon.smithi132.smithi132.stdout:Mar 16 09:16:42 smithi132 ceph-mon[29192]: from='client.? 172.21.15.132:0/2884427320' entity='client.admin' cmd=[{"prefix": "config get", "who": "mgr", "key": "mgr/dashboard/ssl_server_port"}]: dispatch
2024-03-16T09:16:43.228 INFO:journalctl@ceph.mon.smithi132.smithi132.stdout:Mar 16 09:16:43 smithi132 ceph-mon[29192]: mgrmap e13: smithi132.majuxk(active, since 6s)
2024-03-16T09:16:43.236 INFO:teuthology.orchestra.run.smithi132.stdout:/usr/bin/ceph: stderr
2024-03-16T09:16:42.422+0000 7f9d0e6b2700 1 Processor -- start
2024-03-16T09:16:43.236 INFO:teuthology.orchestra.run.smithi132.stdout:/usr/bin/ceph: stderr
2024-03-16T09:16:42.422+0000 7f9d0e6b2700 1 -- start start
2024-03-16T09:16:43.237 INFO:teuthology.orchestra.run.smithi132.stdout:/usr/bin/ceph: stderr
2024-03-16T09:16:42.422+0000 7f9d0e6b2700 1 --2- >> [v2:172.21.15.132:3300/0,v1:172.21.15.132:6789/0] conn(0x7f9d081048c0 0x7f9d08104cd0 unknown :-1 s=NONE pgs=0 cs=0 l=0 rev1=0 crypto rx=0 tx=0 comp rx=0 tx=0).connect
2024-03-16T09:16:43.237 INFO:teuthology.orchestra.run.smithi132.stdout:/usr/bin/ceph: stderr
2024-03-16T09:16:42.423+0000 7f9d0e6b2700 1 -- --> [v2:172.21.15.132:3300/0,v1:172.21.15.132:6789/0] -- mon_getmap magic: 0 v1 -- 0x7f9d08105210 con 0x7f9d081048c0
2024-03-16T09:16:43.237 INFO:teuthology.orchestra.run.smithi132.stdout:/usr/bin/ceph: stderr
2024-03-16T09:16:42.423+0000 7f9d07fff700 1 --2- >> [v2:172.21.15.132:3300/0,v1:172.21.15.132:6789/0] conn(0x7f9d081048c0 0x7f9d08104cd0 unknown :-1 s=BANNER_CONNECTING pgs=0 cs=0 l=0 rev1=0 crypto rx=0 tx=0 comp rx=0 tx=0)._handle_peer_banner_payload supported=3 required=0
2024-03-16T09:16:43.237 INFO:teuthology.orchestra.run.smithi132.stdout:/usr/bin/ceph: stderr
2024-03-16T09:16:42.423+0000 7f9d07fff700 1 --2- >> [v2:172.21.15.132:3300/0,v1:172.21.15.132:6789/0] conn(0x7f9d081048c0 0x7f9d08104cd0 unknown :-1 s=HELLO_CONNECTING pgs=0 cs=0 l=0 rev1=1 crypto rx=0 tx=0 comp rx=0 tx=0).handle_hello peer v2:172.21.15.132:3300/0 says I am v2:172.21.15.132:39030/0 (socket says 172.21.15.132:39030)
2024-03-16T09:16:43.237 INFO:teuthology.orchestra.run.smithi132.stdout:/usr/bin/ceph: stderr
2024-03-16T09:16:42.423+0000 7f9d07fff700 1 -- 172.21.15.132:0/4011539547 learned_addr learned my addr 172.21.15.132:0/4011539547 (peer_addr_for_me v2:172.21.15.132:0/0)
2024-03-16T09:16:43.237 INFO:teuthology.orchestra.run.smithi132.stdout:/usr/bin/ceph: stderr
2024-03-16T09:16:42.423+0000 7f9d07fff700 1 -- 172.21.15.132:0/4011539547 --> [v2:172.21.15.132:3300/0,v1:172.21.15.132:6789/0] -- mon_subscribe({config=0+,monmap=0+}) v3 -- 0x7f9d08105350 con 0x7f9d081048c0
2024-03-16T09:16:43.237 INFO:teuthology.orchestra.run.smithi132.stdout:/usr/bin/ceph: stderr
2024-03-16T09:16:42.423+0000 7f9d07fff700 1 --2- 172.21.15.132:0/4011539547 >> [v2:172.21.15.132:3300/0,v1:172.21.15.132:6789/0] conn(0x7f9d081048c0 0x7f9d08104cd0 secure :-1 s=READY pgs=88 cs=0 l=1 rev1=1 crypto rx=0x7f9cf80098a0 tx=0x7f9cf8009bb0 comp rx=0 tx=0).ready entity=mon.0 client_cookie=e3a0af3d06256c7 server_cookie=0 in_seq=0 out_seq=0
2024-03-16T09:16:43.237 INFO:teuthology.orchestra.run.smithi132.stdout:/usr/bin/ceph: stderr
2024-03-16T09:16:42.423+0000 7f9d06ffd700 1 -- 172.21.15.132:0/4011539547 <== mon.0 v2:172.21.15.132:3300/0 1 ==== mon_map magic: 0 v1 ==== 229+0+0 (secure 0 0 0) 0x7f9cf8004180 con 0x7f9d081048c0
2024-03-16T09:16:43.237 INFO:teuthology.orchestra.run.smithi132.stdout:/usr/bin/ceph: stderr
2024-03-16T09:16:42.423+0000 7f9d06ffd700 1 -- 172.21.15.132:0/4011539547 <== mon.0 v2:172.21.15.132:3300/0 2 ==== config(27 keys) v1 ==== 1101+0+0 (secure 0 0 0) 0x7f9cf80042e0 con 0x7f9d081048c0
2024-03-16T09:16:43.238 INFO:teuthology.orchestra.run.smithi132.stdout:/usr/bin/ceph: stderr
2024-03-16T09:16:42.423+0000 7f9d06ffd700 1 -- 172.21.15.132:0/4011539547 <== mon.0 v2:172.21.15.132:3300/0 3 ==== mon_map magic: 0 v1 ==== 229+0+0 (secure 0 0 0) 0x7f9cf8011af0 con 0x7f9d081048c0
2024-03-16T09:16:43.238 INFO:teuthology.orchestra.run.smithi132.stdout:/usr/bin/ceph: stderr
2024-03-16T09:16:42.424+0000 7f9d0e6b2700 1 -- 172.21.15.132:0/4011539547 >> [v2:172.21.15.132:3300/0,v1:172.21.15.132:6789/0] conn(0x7f9d081048c0 msgr2=0x7f9d08104cd0 secure :-1 s=STATE_CONNECTION_ESTABLISHED l=1).mark_down
2024-03-16T09:16:43.238 INFO:teuthology.orchestra.run.smithi132.stdout:/usr/bin/ceph: stderr
2024-03-16T09:16:42.424+0000 7f9d0e6b2700 1 --2- 172.21.15.132:0/4011539547 >> [v2:172.21.15.132:3300/0,v1:172.21.15.132:6789/0] conn(0x7f9d081048c0 0x7f9d08104cd0 secure :-1 s=READY pgs=88 cs=0 l=1 rev1=1 crypto rx=0x7f9cf80098a0 tx=0x7f9cf8009bb0 comp rx=0 tx=0).stop
2024-03-16T09:16:43.238 INFO:teuthology.orchestra.run.smithi132.stdout:/usr/bin/ceph: stderr
2024-03-16T09:16:42.424+0000 7f9d0e6b2700 1 -- 172.21.15.132:0/4011539547 shutdown_connections
2024-03-16T09:16:43.238 INFO:teuthology.orchestra.run.smithi132.stdout:/usr/bin/ceph: stderr
2024-03-16T09:16:42.424+0000 7f9d0e6b2700 1 --2- 172.21.15.132:0/4011539547 >> [v2:172.21.15.132:3300/0,v1:172.21.15.132:6789/0] conn(0x7f9d081048c0 0x7f9d08104cd0 unknown :-1 s=CLOSED pgs=88 cs=0 l=1 rev1=1 crypto rx=0 tx=0 comp rx=0 tx=0).stop
2024-03-16T09:16:43.238 INFO:teuthology.orchestra.run.smithi132.stdout:/usr/bin/ceph: stderr
2024-03-16T09:16:42.424+0000 7f9d0e6b2700 1 -- 172.21.15.132:0/4011539547 >> 172.21.15.132:0/4011539547 conn(0x7f9d080ffed0 msgr2=0x7f9d08102340 unknown :-1 s=STATE_NONE l=0).mark_down
2024-03-16T09:16:43.238 INFO:teuthology.orchestra.run.smithi132.stdout:/usr/bin/ceph: stderr
2024-03-16T09:16:42.424+0000 7f9d0e6b2700 1 -- 172.21.15.132:0/4011539547 shutdown_connections
2024-03-16T09:16:43.238 INFO:teuthology.orchestra.run.smithi132.stdout:/usr/bin/ceph: stderr
2024-03-16T09:16:42.424+0000 7f9d0e6b2700 1 -- 172.21.15.132:0/4011539547 wait complete.
2024-03-16T09:16:43.238 INFO:teuthology.orchestra.run.smithi132.stdout:/usr/bin/ceph: stderr
2024-03-16T09:16:42.424+0000 7f9d0e6b2700 1 Processor -- start
2024-03-16T09:16:43.238 INFO:teuthology.orchestra.run.smithi132.stdout:/usr/bin/ceph: stderr
2024-03-16T09:16:42.425+0000 7f9d0e6b2700 1 -- start start
2024-03-16T09:16:43.238 INFO:teuthology.orchestra.run.smithi132.stdout:/usr/bin/ceph: stderr
2024-03-16T09:16:42.425+0000 7f9d0e6b2700 1 --2- >> [v2:172.21.15.132:3300/0,v1:172.21.15.132:6789/0] conn(0x7f9d081048c0 0x7f9d08199750 unknown :-1 s=NONE pgs=0 cs=0 l=1 rev1=0 crypto rx=0 tx=0 comp rx=0 tx=0).connect
2024-03-16T09:16:43.238 INFO:teuthology.orchestra.run.smithi132.stdout:/usr/bin/ceph: stderr
2024-03-16T09:16:42.425+0000 7f9d0e6b2700 1 -- --> [v2:172.21.15.132:3300/0,v1:172.21.15.132:6789/0] -- mon_getmap magic: 0 v1 -- 0x7f9d08199c90 con 0x7f9d081048c0
2024-03-16T09:16:43.239 INFO:teuthology.orchestra.run.smithi132.stdout:/usr/bin/ceph: stderr
2024-03-16T09:16:42.425+0000 7f9d07fff700 1 --2- >> [v2:172.21.15.132:3300/0,v1:172.21.15.132:6789/0] conn(0x7f9d081048c0 0x7f9d08199750 unknown :-1 s=BANNER_CONNECTING pgs=0 cs=0 l=1 rev1=0 crypto rx=0 tx=0 comp rx=0 tx=0)._handle_peer_banner_payload supported=3 required=0
2024-03-16T09:16:43.239 INFO:teuthology.orchestra.run.smithi132.stdout:/usr/bin/ceph: stderr
2024-03-16T09:16:42.425+0000 7f9d07fff700 1 --2- >> [v2:172.21.15.132:3300/0,v1:172.21.15.132:6789/0] conn(0x7f9d081048c0 0x7f9d08199750 unknown :-1 s=HELLO_CONNECTING pgs=0 cs=0 l=1 rev1=1 crypto rx=0 tx=0 comp rx=0 tx=0).handle_hello peer v2:172.21.15.132:3300/0 says I am v2:172.21.15.132:39046/0 (socket says 172.21.15.132:39046)
2024-03-16T09:16:43.239 INFO:teuthology.orchestra.run.smithi132.stdout:/usr/bin/ceph: stderr
2024-03-16T09:16:42.425+0000 7f9d07fff700 1 -- 172.21.15.132:0/1759578276 learned_addr learned my addr 172.21.15.132:0/1759578276 (peer_addr_for_me v2:172.21.15.132:0/0)
2024-03-16T09:16:43.239 INFO:teuthology.orchestra.run.smithi132.stdout:/usr/bin/ceph: stderr
2024-03-16T09:16:42.425+0000 7f9d07fff700 1 -- 172.21.15.132:0/1759578276 --> [v2:172.21.15.132:3300/0,v1:172.21.15.132:6789/0] -- mon_subscribe({config=0+,monmap=0+}) v3 -- 0x7f9cf8009550 con 0x7f9d081048c0
2024-03-16T09:16:43.239 INFO:teuthology.orchestra.run.smithi132.stdout:/usr/bin/ceph: stderr
2024-03-16T09:16:42.425+0000 7f9d07fff700 1 --2- 172.21.15.132:0/1759578276 >> [v2:172.21.15.132:3300/0,v1:172.21.15.132:6789/0] conn(0x7f9d081048c0 0x7f9d08199750 secure :-1 s=READY pgs=89 cs=0 l=1 rev1=1 crypto rx=0x7f9cf8011670 tx=0x7f9cf8011aa0 comp rx=0 tx=0).ready entity=mon.0 client_cookie=0 server_cookie=0 in_seq=0 out_seq=0
2024-03-16T09:16:43.239 INFO:teuthology.orchestra.run.smithi132.stdout:/usr/bin/ceph: stderr
2024-03-16T09:16:42.425+0000 7f9d057fa700 1 -- 172.21.15.132:0/1759578276 <== mon.0 v2:172.21.15.132:3300/0 1 ==== mon_map magic: 0 v1 ==== 229+0+0 (secure 0 0 0) 0x7f9cf8003a40 con 0x7f9d081048c0
2024-03-16T09:16:43.239 INFO:teuthology.orchestra.run.smithi132.stdout:/usr/bin/ceph: stderr
2024-03-16T09:16:42.426+0000 7f9d057fa700 1 -- 172.21.15.132:0/1759578276 <== mon.0 v2:172.21.15.132:3300/0 2 ==== config(27 keys) v1 ==== 1101+0+0 (secure 0 0 0) 0x7f9cf8003ba0 con 0x7f9d081048c0
2024-03-16T09:16:43.239 INFO:teuthology.orchestra.run.smithi132.stdout:/usr/bin/ceph: stderr
2024-03-16T09:16:42.426+0000 7f9d0e6b2700 1 -- 172.21.15.132:0/1759578276 --> [v2:172.21.15.132:3300/0,v1:172.21.15.132:6789/0] -- mon_subscribe({mgrmap=0+}) v3 -- 0x7f9d08199e90 con 0x7f9d081048c0
2024-03-16T09:16:43.239 INFO:teuthology.orchestra.run.smithi132.stdout:/usr/bin/ceph: stderr
2024-03-16T09:16:42.426+0000 7f9d057fa700 1 -- 172.21.15.132:0/1759578276 <== mon.0 v2:172.21.15.132:3300/0 3 ==== mon_map magic: 0 v1 ==== 229+0+0 (secure 0 0 0) 0x7f9cf8024820 con 0x7f9d081048c0
2024-03-16T09:16:43.239 INFO:teuthology.orchestra.run.smithi132.stdout:/usr/bin/ceph: stderr
2024-03-16T09:16:42.426+0000 7f9d0e6b2700 1 -- 172.21.15.132:0/1759578276 --> [v2:172.21.15.132:3300/0,v1:172.21.15.132:6789/0] -- mon_subscribe({osdmap=0}) v3 -- 0x7f9d0819a330 con 0x7f9d081048c0
2024-03-16T09:16:43.239 INFO:teuthology.orchestra.run.smithi132.stdout:/usr/bin/ceph: stderr
2024-03-16T09:16:42.426+0000 7f9d057fa700 1 -- 172.21.15.132:0/1759578276 <== mon.0 v2:172.21.15.132:3300/0 4 ==== mgrmap(e 13) v1 ==== 45141+0+0 (secure 0 0 0) 0x7f9cf8024a90 con 0x7f9d081048c0
2024-03-16T09:16:43.240 INFO:teuthology.orchestra.run.smithi132.stdout:/usr/bin/ceph: stderr
2024-03-16T09:16:42.427+0000 7f9d057fa700 1 --2- 172.21.15.132:0/1759578276 >> [v2:172.21.15.132:6800/3271460392,v1:172.21.15.132:6801/3271460392] conn(0x7f9cf00384f0 0x7f9cf003a9a0 unknown :-1 s=NONE pgs=0 cs=0 l=1 rev1=0 crypto rx=0 tx=0 comp rx=0 tx=0).connect
2024-03-16T09:16:43.240 INFO:teuthology.orchestra.run.smithi132.stdout:/usr/bin/ceph: stderr
2024-03-16T09:16:42.426+0000 7f9d0e6b2700 1 -- 172.21.15.132:0/1759578276 --> [v2:172.21.15.132:3300/0,v1:172.21.15.132:6789/0] -- mon_command({"prefix": "get_command_descriptions"} v 0) v1 -- 0x7f9d08062380 con 0x7f9d081048c0
2024-03-16T09:16:43.240 INFO:teuthology.orchestra.run.smithi132.stdout:/usr/bin/ceph: stderr
2024-03-16T09:16:42.427+0000 7f9d057fa700 1 -- 172.21.15.132:0/1759578276 <== mon.0 v2:172.21.15.132:3300/0 5 ==== osd_map(3..3 src has 1..3) v4 ==== 1155+0+0 (secure 0 0 0) 0x7f9cf804c740 con 0x7f9d081048c0
2024-03-16T09:16:43.240 INFO:teuthology.orchestra.run.smithi132.stdout:/usr/bin/ceph: stderr
2024-03-16T09:16:42.427+0000 7f9d077fe700 1 --2- 172.21.15.132:0/1759578276 >> [v2:172.21.15.132:6800/3271460392,v1:172.21.15.132:6801/3271460392] conn(0x7f9cf00384f0 0x7f9cf003a9a0 unknown :-1 s=BANNER_CONNECTING pgs=0 cs=0 l=1 rev1=0 crypto rx=0 tx=0 comp rx=0 tx=0)._handle_peer_banner_payload supported=3 required=0
2024-03-16T09:16:43.240 INFO:teuthology.orchestra.run.smithi132.stdout:/usr/bin/ceph: stderr
2024-03-16T09:16:42.427+0000 7f9d077fe700 1 --2- 172.21.15.132:0/1759578276 >> [v2:172.21.15.132:6800/3271460392,v1:172.21.15.132:6801/3271460392] conn(0x7f9cf00384f0 0x7f9cf003a9a0 secure :-1 s=READY pgs=10 cs=0 l=1 rev1=1 crypto rx=0x7f9cfc006fd0 tx=0x7f9cfc006e40 comp rx=0 tx=0).ready entity=mgr.14164 client_cookie=0 server_cookie=0 in_seq=0 out_seq=0
2024-03-16T09:16:43.240 INFO:teuthology.orchestra.run.smithi132.stdout:/usr/bin/ceph: stderr
2024-03-16T09:16:42.431+0000 7f9d057fa700 1 -- 172.21.15.132:0/1759578276 <== mon.0 v2:172.21.15.132:3300/0 6 ==== mon_command_ack([{"prefix": "get_command_descriptions"}]=0 v0) v1 ==== 72+0+177933 (secure 0 0 0) 0x7f9cf8022720 con 0x7f9d081048c0
2024-03-16T09:16:43.240 INFO:teuthology.orchestra.run.smithi132.stdout:/usr/bin/ceph: stderr
2024-03-16T09:16:42.621+0000 7f9d0e6b2700 1 -- 172.21.15.132:0/1759578276 --> [v2:172.21.15.132:3300/0,v1:172.21.15.132:6789/0] -- mon_command([{prefix=config set, name=osd_memory_target_autotune}] v 0) v1 -- 0x7f9d08106770 con 0x7f9d081048c0
2024-03-16T09:16:43.240 INFO:teuthology.orchestra.run.smithi132.stdout:/usr/bin/ceph: stderr
2024-03-16T09:16:42.621+0000 7f9d057fa700 1 -- 172.21.15.132:0/1759578276 <== mon.0 v2:172.21.15.132:3300/0 7 ==== mon_command_ack([{prefix=config set, name=osd_memory_target_autotune}]=0 v8)=0 v8) v1 ==== 127+0+0 (secure 0 0 0) 0x7f9cf8018350 con 0x7f9d081048c0
2024-03-16T09:16:43.240 INFO:teuthology.orchestra.run.smithi132.stdout:/usr/bin/ceph: stderr
2024-03-16T09:16:42.624+0000 7f9d0e6b2700 1 -- 172.21.15.132:0/1759578276 >> [v2:172.21.15.132:6800/3271460392,v1:172.21.15.132:6801/3271460392] conn(0x7f9cf00384f0 msgr2=0x7f9cf003a9a0 secure :-1 s=STATE_CONNECTION_ESTABLISHED l=1).mark_down
2024-03-16T09:16:43.240 INFO:teuthology.orchestra.run.smithi132.stdout:/usr/bin/ceph: stderr
2024-03-16T09:16:42.624+0000 7f9d0e6b2700 1 --2- 172.21.15.132:0/1759578276 >> [v2:172.21.15.132:6800/3271460392,v1:172.21.15.132:6801/3271460392] conn(0x7f9cf00384f0 0x7f9cf003a9a0 secure :-1 s=READY pgs=10 cs=0 l=1 rev1=1 crypto rx=0x7f9cfc006fd0 tx=0x7f9cfc006e40 comp rx=0 tx=0).stop
2024-03-16T09:16:43.240 INFO:teuthology.orchestra.run.smithi132.stdout:/usr/bin/ceph: stderr
2024-03-16T09:16:42.624+0000 7f9d0e6b2700 1 -- 172.21.15.132:0/1759578276 >> [v2:172.21.15.132:3300/0,v1:172.21.15.132:6789/0] conn(0x7f9d081048c0 msgr2=0x7f9d08199750 secure :-1 s=STATE_CONNECTION_ESTABLISHED l=1).mark_down
2024-03-16T09:16:43.241 INFO:teuthology.orchestra.run.smithi132.stdout:/usr/bin/ceph: stderr
2024-03-16T09:16:42.624+0000 7f9d0e6b2700 1 --2- 172.21.15.132:0/1759578276 >> [v2:172.21.15.132:3300/0,v1:172.21.15.132:6789/0] conn(0x7f9d081048c0 0x7f9d08199750 secure :-1 s=READY pgs=89 cs=0 l=1 rev1=1 crypto rx=0x7f9cf8011670 tx=0x7f9cf8011aa0 comp rx=0 tx=0).stop
2024-03-16T09:16:43.241 INFO:teuthology.orchestra.run.smithi132.stdout:/usr/bin/ceph: stderr
2024-03-16T09:16:42.624+0000 7f9d0e6b2700 1 -- 172.21.15.132:0/1759578276 shutdown_connections
2024-03-16T09:16:43.241 INFO:teuthology.orchestra.run.smithi132.stdout:/usr/bin/ceph: stderr
2024-03-16T09:16:42.624+0000 7f9d0e6b2700 1 --2- 172.21.15.132:0/1759578276 >> [v2:172.21.15.132:6800/3271460392,v1:172.21.15.132:6801/3271460392] conn(0x7f9cf00384f0 0x7f9cf003a9a0 unknown :-1 s=CLOSED pgs=10 cs=0 l=1 rev1=1 crypto rx=0 tx=0 comp rx=0 tx=0).stop
2024-03-16T09:16:43.241 INFO:teuthology.orchestra.run.smithi132.stdout:/usr/bin/ceph: stderr
2024-03-16T09:16:42.624+0000 7f9d0e6b2700 1 --2- 172.21.15.132:0/1759578276 >> [v2:172.21.15.132:3300/0,v1:172.21.15.132:6789/0] conn(0x7f9d081048c0 0x7f9d08199750 unknown :-1 s=CLOSED pgs=89 cs=0 l=1 rev1=1 crypto rx=0 tx=0 comp rx=0 tx=0).stop
2024-03-16T09:16:43.241 INFO:teuthology.orchestra.run.smithi132.stdout:/usr/bin/ceph: stderr
2024-03-16T09:16:42.624+0000 7f9d0e6b2700 1 -- 172.21.15.132:0/1759578276 >> 172.21.15.132:0/1759578276 conn(0x7f9d080ffed0 msgr2=0x7f9d08079870 unknown :-1 s=STATE_NONE l=0).mark_down
2024-03-16T09:16:43.241 INFO:teuthology.orchestra.run.smithi132.stdout:/usr/bin/ceph: stderr
2024-03-16T09:16:42.624+0000 7f9d0e6b2700 1 -- 172.21.15.132:0/1759578276 shutdown_connections
2024-03-16T09:16:43.241 INFO:teuthology.orchestra.run.smithi132.stdout:/usr/bin/ceph: stderr
2024-03-16T09:16:42.624+0000 7f9d0e6b2700 1 -- 172.21.15.132:0/1759578276 wait complete.
2024-03-16T09:16:44.544 INFO:teuthology.orchestra.run.smithi132.stdout:/usr/bin/ceph: stderr
2024-03-16T09:16:43.628+0000 7f80babbf700 1 Processor -- start
2024-03-16T09:16:44.544 INFO:teuthology.orchestra.run.smithi132.stdout:/usr/bin/ceph: stderr
2024-03-16T09:16:43.628+0000 7f80babbf700 1 -- start start
2024-03-16T09:16:44.544 INFO:teuthology.orchestra.run.smithi132.stdout:/usr/bin/ceph: stderr
2024-03-16T09:16:43.628+0000 7f80babbf700 1 --2- >> [v2:172.21.15.132:3300/0,v1:172.21.15.132:6789/0] conn(0x7f80b41048c0 0x7f80b4104cd0 unknown :-1 s=NONE pgs=0 cs=0 l=0 rev1=0 crypto rx=0 tx=0 comp rx=0 tx=0).connect
2024-03-16T09:16:44.544 INFO:teuthology.orchestra.run.smithi132.stdout:/usr/bin/ceph: stderr
2024-03-16T09:16:43.628+0000 7f80babbf700 1 -- --> [v2:172.21.15.132:3300/0,v1:172.21.15.132:6789/0] -- mon_getmap magic: 0 v1 -- 0x7f80b4105210 con 0x7f80b41048c0
2024-03-16T09:16:44.544 INFO:teuthology.orchestra.run.smithi132.stdout:/usr/bin/ceph: stderr
2024-03-16T09:16:43.628+0000 7f80b895b700 1 --2- >> [v2:172.21.15.132:3300/0,v1:172.21.15.132:6789/0] conn(0x7f80b41048c0 0x7f80b4104cd0 unknown :-1 s=BANNER_CONNECTING pgs=0 cs=0 l=0 rev1=0 crypto rx=0 tx=0 comp rx=0 tx=0)._handle_peer_banner_payload supported=3 required=0
2024-03-16T09:16:44.544 INFO:teuthology.orchestra.run.smithi132.stdout:/usr/bin/ceph: stderr
2024-03-16T09:16:43.628+0000 7f80b895b700 1 --2- >> [v2:172.21.15.132:3300/0,v1:172.21.15.132:6789/0] conn(0x7f80b41048c0 0x7f80b4104cd0 unknown :-1 s=HELLO_CONNECTING pgs=0 cs=0 l=0 rev1=1 crypto rx=0 tx=0 comp rx=0 tx=0).handle_hello peer v2:172.21.15.132:3300/0 says I am v2:172.21.15.132:39052/0 (socket says 172.21.15.132:39052)
2024-03-16T09:16:44.544 INFO:teuthology.orchestra.run.smithi132.stdout:/usr/bin/ceph: stderr
2024-03-16T09:16:43.628+0000 7f80b895b700 1 -- 172.21.15.132:0/1579715168 learned_addr learned my addr 172.21.15.132:0/1579715168 (peer_addr_for_me v2:172.21.15.132:0/0)
2024-03-16T09:16:44.544 INFO:teuthology.orchestra.run.smithi132.stdout:/usr/bin/ceph: stderr
2024-03-16T09:16:43.628+0000 7f80b895b700 1 -- 172.21.15.132:0/1579715168 --> [v2:172.21.15.132:3300/0,v1:172.21.15.132:6789/0] -- mon_subscribe({config=0+,monmap=0+}) v3 -- 0x7f80b4105350 con 0x7f80b41048c0
2024-03-16T09:16:44.544 INFO:teuthology.orchestra.run.smithi132.stdout:/usr/bin/ceph: stderr
2024-03-16T09:16:43.628+0000 7f80b895b700 1 --2- 172.21.15.132:0/1579715168 >> [v2:172.21.15.132:3300/0,v1:172.21.15.132:6789/0] conn(0x7f80b41048c0 0x7f80b4104cd0 secure :-1 s=READY pgs=90 cs=0 l=1 rev1=1 crypto rx=0x7f80a80098a0 tx=0x7f80a8009bb0 comp rx=0 tx=0).ready entity=mon.0 client_cookie=5eeb2384432679c3 server_cookie=0 in_seq=0 out_seq=0
2024-03-16T09:16:44.544 INFO:teuthology.orchestra.run.smithi132.stdout:/usr/bin/ceph: stderr
2024-03-16T09:16:43.629+0000 7f80b37fe700 1 -- 172.21.15.132:0/1579715168 <== mon.0 v2:172.21.15.132:3300/0 1 ==== mon_map magic: 0 v1 ==== 229+0+0 (secure 0 0 0) 0x7f80a8004180 con 0x7f80b41048c0
2024-03-16T09:16:44.545 INFO:teuthology.orchestra.run.smithi132.stdout:/usr/bin/ceph: stderr
2024-03-16T09:16:43.629+0000 7f80b37fe700 1 -- 172.21.15.132:0/1579715168 <== mon.0 v2:172.21.15.132:3300/0 2 ==== config(27 keys) v1 ==== 1101+0+0 (secure 0 0 0) 0x7f80a80042e0 con 0x7f80b41048c0
2024-03-16T09:16:44.545 INFO:teuthology.orchestra.run.smithi132.stdout:/usr/bin/ceph: stderr
2024-03-16T09:16:43.629+0000 7f80b37fe700 1 -- 172.21.15.132:0/1579715168 <== mon.0 v2:172.21.15.132:3300/0 3 ==== mon_map magic: 0 v1 ==== 229+0+0 (secure 0 0 0) 0x7f80a8011af0 con 0x7f80b41048c0
2024-03-16T09:16:44.545 INFO:teuthology.orchestra.run.smithi132.stdout:/usr/bin/ceph: stderr
2024-03-16T09:16:43.629+0000 7f80babbf700 1 -- 172.21.15.132:0/1579715168 >> [v2:172.21.15.132:3300/0,v1:172.21.15.132:6789/0] conn(0x7f80b41048c0 msgr2=0x7f80b4104cd0 secure :-1 s=STATE_CONNECTION_ESTABLISHED l=1).mark_down
2024-03-16T09:16:44.545 INFO:teuthology.orchestra.run.smithi132.stdout:/usr/bin/ceph: stderr
2024-03-16T09:16:43.629+0000 7f80babbf700 1 --2- 172.21.15.132:0/1579715168 >> [v2:172.21.15.132:3300/0,v1:172.21.15.132:6789/0] conn(0x7f80b41048c0 0x7f80b4104cd0 secure :-1 s=READY pgs=90 cs=0 l=1 rev1=1 crypto rx=0x7f80a80098a0 tx=0x7f80a8009bb0 comp rx=0 tx=0).stop
2024-03-16T09:16:44.545 INFO:teuthology.orchestra.run.smithi132.stdout:/usr/bin/ceph: stderr
2024-03-16T09:16:43.629+0000 7f80babbf700 1 -- 172.21.15.132:0/1579715168 shutdown_connections
2024-03-16T09:16:44.545 INFO:teuthology.orchestra.run.smithi132.stdout:/usr/bin/ceph: stderr
2024-03-16T09:16:43.629+0000 7f80babbf700 1 --2- 172.21.15.132:0/1579715168 >> [v2:172.21.15.132:3300/0,v1:172.21.15.132:6789/0] conn(0x7f80b41048c0 0x7f80b4104cd0 unknown :-1 s=CLOSED pgs=90 cs=0 l=1 rev1=1 crypto rx=0 tx=0 comp rx=0 tx=0).stop
2024-03-16T09:16:44.545 INFO:teuthology.orchestra.run.smithi132.stdout:/usr/bin/ceph: stderr
2024-03-16T09:16:43.629+0000 7f80babbf700 1 -- 172.21.15.132:0/1579715168 >> 172.21.15.132:0/1579715168 conn(0x7f80b40ffed0 msgr2=0x7f80b4102340 unknown :-1 s=STATE_NONE l=0).mark_down
2024-03-16T09:16:44.545 INFO:teuthology.orchestra.run.smithi132.stdout:/usr/bin/ceph: stderr
2024-03-16T09:16:43.629+0000 7f80babbf700 1 -- 172.21.15.132:0/1579715168 shutdown_connections
2024-03-16T09:16:44.545 INFO:teuthology.orchestra.run.smithi132.stdout:/usr/bin/ceph: stderr
2024-03-16T09:16:43.629+0000 7f80babbf700 1 -- 172.21.15.132:0/1579715168 wait complete.
2024-03-16T09:16:44.545 INFO:teuthology.orchestra.run.smithi132.stdout:/usr/bin/ceph: stderr
2024-03-16T09:16:43.630+0000 7f80babbf700 1 Processor -- start
2024-03-16T09:16:44.545 INFO:teuthology.orchestra.run.smithi132.stdout:/usr/bin/ceph: stderr
2024-03-16T09:16:43.630+0000 7f80babbf700 1 -- start start
2024-03-16T09:16:44.545 INFO:teuthology.orchestra.run.smithi132.stdout:/usr/bin/ceph: stderr
2024-03-16T09:16:43.630+0000 7f80babbf700 1 --2- >> [v2:172.21.15.132:3300/0,v1:172.21.15.132:6789/0] conn(0x7f80b41048c0 0x7f80b4079b00 unknown :-1 s=NONE pgs=0 cs=0 l=1 rev1=0 crypto rx=0 tx=0 comp rx=0 tx=0).connect
2024-03-16T09:16:44.545 INFO:teuthology.orchestra.run.smithi132.stdout:/usr/bin/ceph: stderr
2024-03-16T09:16:43.630+0000 7f80babbf700 1 -- --> [v2:172.21.15.132:3300/0,v1:172.21.15.132:6789/0] -- mon_getmap magic: 0 v1 -- 0x7f80b419a290 con 0x7f80b41048c0
2024-03-16T09:16:44.545 INFO:teuthology.orchestra.run.smithi132.stdout:/usr/bin/ceph: stderr
2024-03-16T09:16:43.630+0000 7f80b895b700 1 --2- >> [v2:172.21.15.132:3300/0,v1:172.21.15.132:6789/0] conn(0x7f80b41048c0 0x7f80b4079b00 unknown :-1 s=BANNER_CONNECTING pgs=0 cs=0 l=1 rev1=0 crypto rx=0 tx=0 comp rx=0 tx=0)._handle_peer_banner_payload supported=3 required=0
2024-03-16T09:16:44.546 INFO:teuthology.orchestra.run.smithi132.stdout:/usr/bin/ceph: stderr
2024-03-16T09:16:43.630+0000 7f80b895b700 1 --2- >> [v2:172.21.15.132:3300/0,v1:172.21.15.132:6789/0] conn(0x7f80b41048c0 0x7f80b4079b00 unknown :-1 s=HELLO_CONNECTING pgs=0 cs=0 l=1 rev1=1 crypto rx=0 tx=0 comp rx=0 tx=0).handle_hello peer v2:172.21.15.132:3300/0 says I am v2:172.21.15.132:39060/0 (socket says 172.21.15.132:39060)
2024-03-16T09:16:44.546 INFO:teuthology.orchestra.run.smithi132.stdout:/usr/bin/ceph: stderr
2024-03-16T09:16:43.630+0000 7f80b895b700 1 -- 172.21.15.132:0/1906807239 learned_addr learned my addr 172.21.15.132:0/1906807239 (peer_addr_for_me v2:172.21.15.132:0/0)
2024-03-16T09:16:44.546 INFO:teuthology.orchestra.run.smithi132.stdout:/usr/bin/ceph: stderr
2024-03-16T09:16:43.630+0000 7f80b895b700 1 -- 172.21.15.132:0/1906807239 --> [v2:172.21.15.132:3300/0,v1:172.21.15.132:6789/0] -- mon_subscribe({config=0+,monmap=0+}) v3 -- 0x7f80a8009550 con 0x7f80b41048c0
2024-03-16T09:16:44.546 INFO:teuthology.orchestra.run.smithi132.stdout:/usr/bin/ceph: stderr
2024-03-16T09:16:43.630+0000 7f80b895b700 1 --2- 172.21.15.132:0/1906807239 >> [v2:172.21.15.132:3300/0,v1:172.21.15.132:6789/0] conn(0x7f80b41048c0 0x7f80b4079b00 secure :-1 s=READY pgs=91 cs=0 l=1 rev1=1 crypto rx=0x7f80a8011670 tx=0x7f80a8011aa0 comp rx=0 tx=0).ready entity=mon.0 client_cookie=0 server_cookie=0 in_seq=0 out_seq=0
2024-03-16T09:16:44.546 INFO:teuthology.orchestra.run.smithi132.stdout:/usr/bin/ceph: stderr
2024-03-16T09:16:43.631+0000 7f80b1ffb700 1 -- 172.21.15.132:0/1906807239 <== mon.0 v2:172.21.15.132:3300/0 1 ==== mon_map magic: 0 v1 ==== 229+0+0 (secure 0 0 0) 0x7f80a8003a40 con 0x7f80b41048c0
2024-03-16T09:16:44.546 INFO:teuthology.orchestra.run.smithi132.stdout:/usr/bin/ceph: stderr
2024-03-16T09:16:43.631+0000 7f80b1ffb700 1 -- 172.21.15.132:0/1906807239 <== mon.0 v2:172.21.15.132:3300/0 2 ==== config(27 keys) v1 ==== 1101+0+0 (secure 0 0 0) 0x7f80a8003ba0 con 0x7f80b41048c0
2024-03-16T09:16:44.546 INFO:teuthology.orchestra.run.smithi132.stdout:/usr/bin/ceph: stderr
2024-03-16T09:16:43.631+0000 7f80b1ffb700 1 -- 172.21.15.132:0/1906807239 <== mon.0 v2:172.21.15.132:3300/0 3 ==== mon_map magic: 0 v1 ==== 229+0+0 (secure 0 0 0) 0x7f80a8024820 con 0x7f80b41048c0
2024-03-16T09:16:44.546 INFO:teuthology.orchestra.run.smithi132.stdout:/usr/bin/ceph: stderr
2024-03-16T09:16:43.631+0000 7f80babbf700 1 -- 172.21.15.132:0/1906807239 --> [v2:172.21.15.132:3300/0,v1:172.21.15.132:6789/0] -- mon_subscribe({mgrmap=0+}) v3 -- 0x7f80b419e8a0 con 0x7f80b41048c0
2024-03-16T09:16:44.546 INFO:teuthology.orchestra.run.smithi132.stdout:/usr/bin/ceph: stderr
2024-03-16T09:16:43.631+0000 7f80babbf700 1 -- 172.21.15.132:0/1906807239 --> [v2:172.21.15.132:3300/0,v1:172.21.15.132:6789/0] -- mon_subscribe({osdmap=0}) v3 -- 0x7f80b419ec00 con 0x7f80b41048c0
2024-03-16T09:16:44.546 INFO:teuthology.orchestra.run.smithi132.stdout:/usr/bin/ceph: stderr
2024-03-16T09:16:43.632+0000 7f80b1ffb700 1 -- 172.21.15.132:0/1906807239 <== mon.0 v2:172.21.15.132:3300/0 4 ==== mgrmap(e 13) v1 ==== 45141+0+0 (secure 0 0 0) 0x7f80a801ac70 con 0x7f80b41048c0
2024-03-16T09:16:44.546 INFO:teuthology.orchestra.run.smithi132.stdout:/usr/bin/ceph: stderr
2024-03-16T09:16:43.632+0000 7f80babbf700 1 -- 172.21.15.132:0/1906807239 --> [v2:172.21.15.132:3300/0,v1:172.21.15.132:6789/0] -- mon_command({"prefix": "get_command_descriptions"} v 0) v1 -- 0x7f80b4062380 con 0x7f80b41048c0
2024-03-16T09:16:44.546 INFO:teuthology.orchestra.run.smithi132.stdout:/usr/bin/ceph: stderr
2024-03-16T09:16:43.632+0000 7f80b1ffb700 1 --2- 172.21.15.132:0/1906807239 >> [v2:172.21.15.132:6800/3271460392,v1:172.21.15.132:6801/3271460392] conn(0x7f80a40384a0 0x7f80a403a950 unknown :-1 s=NONE pgs=0 cs=0 l=1 rev1=0 crypto rx=0 tx=0 comp rx=0 tx=0).connect
2024-03-16T09:16:44.546 INFO:teuthology.orchestra.run.smithi132.stdout:/usr/bin/ceph: stderr
2024-03-16T09:16:43.632+0000 7f80b1ffb700 1 -- 172.21.15.132:0/1906807239 <== mon.0 v2:172.21.15.132:3300/0 5 ==== osd_map(3..3 src has 1..3) v4 ==== 1155+0+0 (secure 0 0 0) 0x7f80a804c4f0 con 0x7f80b41048c0
2024-03-16T09:16:44.547 INFO:teuthology.orchestra.run.smithi132.stdout:/usr/bin/ceph: stderr
2024-03-16T09:16:43.632+0000 7f80b3fff700 1 --2- 172.21.15.132:0/1906807239 >> [v2:172.21.15.132:6800/3271460392,v1:172.21.15.132:6801/3271460392] conn(0x7f80a40384a0 0x7f80a403a950 unknown :-1 s=BANNER_CONNECTING pgs=0 cs=0 l=1 rev1=0 crypto rx=0 tx=0 comp rx=0 tx=0)._handle_peer_banner_payload supported=3 required=0
2024-03-16T09:16:44.547 INFO:teuthology.orchestra.run.smithi132.stdout:/usr/bin/ceph: stderr
2024-03-16T09:16:43.632+0000 7f80b3fff700 1 --2- 172.21.15.132:0/1906807239 >> [v2:172.21.15.132:6800/3271460392,v1:172.21.15.132:6801/3271460392] conn(0x7f80a40384a0 0x7f80a403a950 secure :-1 s=READY pgs=11 cs=0 l=1 rev1=1 crypto rx=0x7f80a0006fd0 tx=0x7f80a0006e40 comp rx=0 tx=0).ready entity=mgr.14164 client_cookie=0 server_cookie=0 in_seq=0 out_seq=0
2024-03-16T09:16:44.547 INFO:teuthology.orchestra.run.smithi132.stdout:/usr/bin/ceph: stderr
