2024-03-16T09:16:23.225+0000 7f6d96b4a700 1 -- 172.21.15.132:0/1129290537 >> 172.21.15.132:0/1129290537 conn(0x7f6d90101020 msgr2=0x7f6d90103450 unknown :-1 s=STATE_NONE l=0).mark_down
2024-03-16T09:16:23.972 INFO:teuthology.orchestra.run.smithi132.stdout:/usr/bin/ceph: stderr
2024-03-16T09:16:23.225+0000 7f6d96b4a700 1 -- 172.21.15.132:0/1129290537 shutdown_connections
2024-03-16T09:16:23.973 INFO:teuthology.orchestra.run.smithi132.stdout:/usr/bin/ceph: stderr
2024-03-16T09:16:23.225+0000 7f6d96b4a700 1 -- 172.21.15.132:0/1129290537 wait complete.
2024-03-16T09:16:23.973 INFO:teuthology.orchestra.run.smithi132.stdout:/usr/bin/ceph: stderr
2024-03-16T09:16:23.226+0000 7f6d96b4a700 1 Processor -- start
2024-03-16T09:16:23.973 INFO:teuthology.orchestra.run.smithi132.stdout:/usr/bin/ceph: stderr
2024-03-16T09:16:23.226+0000 7f6d96b4a700 1 -- start start
2024-03-16T09:16:23.973 INFO:teuthology.orchestra.run.smithi132.stdout:/usr/bin/ceph: stderr
2024-03-16T09:16:23.226+0000 7f6d96b4a700 1 --2- >> [v2:172.21.15.132:3300/0,v1:172.21.15.132:6789/0] conn(0x7f6d901059d0 0x7f6d901996a0 unknown :-1 s=NONE pgs=0 cs=0 l=1 rev1=0 crypto rx=0 tx=0 comp rx=0 tx=0).connect
2024-03-16T09:16:23.973 INFO:teuthology.orchestra.run.smithi132.stdout:/usr/bin/ceph: stderr
2024-03-16T09:16:23.226+0000 7f6d96b4a700 1 -- --> [v2:172.21.15.132:3300/0,v1:172.21.15.132:6789/0] -- mon_getmap magic: 0 v1 -- 0x7f6d90199be0 con 0x7f6d901059d0
2024-03-16T09:16:23.973 INFO:teuthology.orchestra.run.smithi132.stdout:/usr/bin/ceph: stderr
2024-03-16T09:16:23.226+0000 7f6d948e6700 1 --2- >> [v2:172.21.15.132:3300/0,v1:172.21.15.132:6789/0] conn(0x7f6d901059d0 0x7f6d901996a0 unknown :-1 s=BANNER_CONNECTING pgs=0 cs=0 l=1 rev1=0 crypto rx=0 tx=0 comp rx=0 tx=0)._handle_peer_banner_payload supported=3 required=0
2024-03-16T09:16:23.973 INFO:teuthology.orchestra.run.smithi132.stdout:/usr/bin/ceph: stderr
2024-03-16T09:16:23.226+0000 7f6d948e6700 1 --2- >> [v2:172.21.15.132:3300/0,v1:172.21.15.132:6789/0] conn(0x7f6d901059d0 0x7f6d901996a0 unknown :-1 s=HELLO_CONNECTING pgs=0 cs=0 l=1 rev1=1 crypto rx=0 tx=0 comp rx=0 tx=0).handle_hello peer v2:172.21.15.132:3300/0 says I am v2:172.21.15.132:58860/0 (socket says 172.21.15.132:58860)
2024-03-16T09:16:23.973 INFO:teuthology.orchestra.run.smithi132.stdout:/usr/bin/ceph: stderr
2024-03-16T09:16:23.226+0000 7f6d948e6700 1 -- 172.21.15.132:0/1706972750 learned_addr learned my addr 172.21.15.132:0/1706972750 (peer_addr_for_me v2:172.21.15.132:0/0)
2024-03-16T09:16:23.973 INFO:teuthology.orchestra.run.smithi132.stdout:/usr/bin/ceph: stderr
2024-03-16T09:16:23.226+0000 7f6d948e6700 1 -- 172.21.15.132:0/1706972750 --> [v2:172.21.15.132:3300/0,v1:172.21.15.132:6789/0] -- mon_subscribe({config=0+,monmap=0+}) v3 -- 0x7f6d88009b30 con 0x7f6d901059d0
2024-03-16T09:16:23.973 INFO:teuthology.orchestra.run.smithi132.stdout:/usr/bin/ceph: stderr
2024-03-16T09:16:23.226+0000 7f6d948e6700 1 --2- 172.21.15.132:0/1706972750 >> [v2:172.21.15.132:3300/0,v1:172.21.15.132:6789/0] conn(0x7f6d901059d0 0x7f6d901996a0 secure :-1 s=READY pgs=60 cs=0 l=1 rev1=1 crypto rx=0x7f6d8800b7b0 tx=0x7f6d8800bdd0 comp rx=0 tx=0).ready entity=mon.0 client_cookie=0 server_cookie=0 in_seq=0 out_seq=0
2024-03-16T09:16:23.973 INFO:teuthology.orchestra.run.smithi132.stdout:/usr/bin/ceph: stderr
2024-03-16T09:16:23.226+0000 7f6d8dffb700 1 -- 172.21.15.132:0/1706972750 <== mon.0 v2:172.21.15.132:3300/0 1 ==== mon_map magic: 0 v1 ==== 229+0+0 (secure 0 0 0) 0x7f6d8800e040 con 0x7f6d901059d0
2024-03-16T09:16:23.973 INFO:teuthology.orchestra.run.smithi132.stdout:/usr/bin/ceph: stderr
2024-03-16T09:16:23.227+0000 7f6d96b4a700 1 -- 172.21.15.132:0/1706972750 --> [v2:172.21.15.132:3300/0,v1:172.21.15.132:6789/0] -- mon_subscribe({mgrmap=0+}) v3 -- 0x7f6d90199de0 con 0x7f6d901059d0
2024-03-16T09:16:23.973 INFO:teuthology.orchestra.run.smithi132.stdout:/usr/bin/ceph: stderr
2024-03-16T09:16:23.227+0000 7f6d8dffb700 1 -- 172.21.15.132:0/1706972750 <== mon.0 v2:172.21.15.132:3300/0 2 ==== config(27 keys) v1 ==== 1101+0+0 (secure 0 0 0) 0x7f6d88003c30 con 0x7f6d901059d0
2024-03-16T09:16:23.973 INFO:teuthology.orchestra.run.smithi132.stdout:/usr/bin/ceph: stderr
2024-03-16T09:16:23.227+0000 7f6d8dffb700 1 -- 172.21.15.132:0/1706972750 <== mon.0 v2:172.21.15.132:3300/0 3 ==== mon_map magic: 0 v1 ==== 229+0+0 (secure 0 0 0) 0x7f6d8801b6a0 con 0x7f6d901059d0
2024-03-16T09:16:23.974 INFO:teuthology.orchestra.run.smithi132.stdout:/usr/bin/ceph: stderr
2024-03-16T09:16:23.227+0000 7f6d96b4a700 1 -- 172.21.15.132:0/1706972750 --> [v2:172.21.15.132:3300/0,v1:172.21.15.132:6789/0] -- mon_subscribe({osdmap=0}) v3 -- 0x7f6d9019a2e0 con 0x7f6d901059d0
2024-03-16T09:16:23.974 INFO:teuthology.orchestra.run.smithi132.stdout:/usr/bin/ceph: stderr
2024-03-16T09:16:23.228+0000 7f6d8dffb700 1 -- 172.21.15.132:0/1706972750 <== mon.0 v2:172.21.15.132:3300/0 4 ==== mgrmap(e 8) v1 ==== 45084+0+0 (secure 0 0 0) 0x7f6d88019040 con 0x7f6d901059d0
2024-03-16T09:16:23.974 INFO:teuthology.orchestra.run.smithi132.stdout:/usr/bin/ceph: stderr
2024-03-16T09:16:23.228+0000 7f6d96b4a700 1 -- 172.21.15.132:0/1706972750 --> [v2:172.21.15.132:3300/0,v1:172.21.15.132:6789/0] -- mon_command({"prefix": "get_command_descriptions"} v 0) v1 -- 0x7f6d90062380 con 0x7f6d901059d0
2024-03-16T09:16:23.974 INFO:teuthology.orchestra.run.smithi132.stdout:/usr/bin/ceph: stderr
2024-03-16T09:16:23.228+0000 7f6d8dffb700 1 --2- 172.21.15.132:0/1706972750 >> [v2:172.21.15.132:6800/3331199339,v1:172.21.15.132:6801/3331199339] conn(0x7f6d780383f0 0x7f6d7803a8a0 unknown :-1 s=NONE pgs=0 cs=0 l=1 rev1=0 crypto rx=0 tx=0 comp rx=0 tx=0).connect
2024-03-16T09:16:23.974 INFO:teuthology.orchestra.run.smithi132.stdout:/usr/bin/ceph: stderr
2024-03-16T09:16:23.228+0000 7f6d8dffb700 1 -- 172.21.15.132:0/1706972750 <== mon.0 v2:172.21.15.132:3300/0 5 ==== osd_map(2..2 src has 1..2) v4 ==== 940+0+0 (secure 0 0 0) 0x7f6d8804bac0 con 0x7f6d901059d0
2024-03-16T09:16:23.974 INFO:teuthology.orchestra.run.smithi132.stdout:/usr/bin/ceph: stderr
2024-03-16T09:16:23.228+0000 7f6d8ffff700 1 --2- 172.21.15.132:0/1706972750 >> [v2:172.21.15.132:6800/3331199339,v1:172.21.15.132:6801/3331199339] conn(0x7f6d780383f0 0x7f6d7803a8a0 unknown :-1 s=BANNER_CONNECTING pgs=0 cs=0 l=1 rev1=0 crypto rx=0 tx=0 comp rx=0 tx=0)._handle_peer_banner_payload supported=3 required=0
2024-03-16T09:16:23.974 INFO:teuthology.orchestra.run.smithi132.stdout:/usr/bin/ceph: stderr
2024-03-16T09:16:23.228+0000 7f6d8ffff700 1 --2- 172.21.15.132:0/1706972750 >> [v2:172.21.15.132:6800/3331199339,v1:172.21.15.132:6801/3331199339] conn(0x7f6d780383f0 0x7f6d7803a8a0 secure :-1 s=READY pgs=18 cs=0 l=1 rev1=1 crypto rx=0x7f6d84006fd0 tx=0x7f6d84006e40 comp rx=0 tx=0).ready entity=mgr.14120 client_cookie=0 server_cookie=0 in_seq=0 out_seq=0
2024-03-16T09:16:23.974 INFO:teuthology.orchestra.run.smithi132.stdout:/usr/bin/ceph: stderr
2024-03-16T09:16:23.232+0000 7f6d8dffb700 1 -- 172.21.15.132:0/1706972750 <== mon.0 v2:172.21.15.132:3300/0 6 ==== mon_command_ack([{"prefix": "get_command_descriptions"}]=0 v0) v1 ==== 72+0+177933 (secure 0 0 0) 0x7f6d8802ce00 con 0x7f6d901059d0
2024-03-16T09:16:23.974 INFO:teuthology.orchestra.run.smithi132.stdout:/usr/bin/ceph: stderr
2024-03-16T09:16:23.432+0000 7f6d96b4a700 1 -- 172.21.15.132:0/1706972750 --> [v2:172.21.15.132:6800/3331199339,v1:172.21.15.132:6801/3331199339] -- mgr_command(tid 0: {"prefix": "orch apply", "service_type": "node-exporter", "target": ["mon-mgr", ""]}) v1 -- 0x7f6d90102440 con 0x7f6d780383f0
2024-03-16T09:16:23.974 INFO:teuthology.orchestra.run.smithi132.stdout:/usr/bin/ceph: stderr
2024-03-16T09:16:23.437+0000 7f6d8dffb700 1 -- 172.21.15.132:0/1706972750 <== mgr.14120 v2:172.21.15.132:6800/3331199339 1 ==== mgr_command_reply(tid 0: 0 ) v1 ==== 8+0+34 (secure 0 0 0) 0x7f6d90102440 con 0x7f6d780383f0
2024-03-16T09:16:23.974 INFO:teuthology.orchestra.run.smithi132.stdout:/usr/bin/ceph: stderr
2024-03-16T09:16:23.439+0000 7f6d96b4a700 1 -- 172.21.15.132:0/1706972750 >> [v2:172.21.15.132:6800/3331199339,v1:172.21.15.132:6801/3331199339] conn(0x7f6d780383f0 msgr2=0x7f6d7803a8a0 secure :-1 s=STATE_CONNECTION_ESTABLISHED l=1).mark_down
2024-03-16T09:16:23.974 INFO:teuthology.orchestra.run.smithi132.stdout:/usr/bin/ceph: stderr
2024-03-16T09:16:23.439+0000 7f6d96b4a700 1 --2- 172.21.15.132:0/1706972750 >> [v2:172.21.15.132:6800/3331199339,v1:172.21.15.132:6801/3331199339] conn(0x7f6d780383f0 0x7f6d7803a8a0 secure :-1 s=READY pgs=18 cs=0 l=1 rev1=1 crypto rx=0x7f6d84006fd0 tx=0x7f6d84006e40 comp rx=0 tx=0).stop
2024-03-16T09:16:23.974 INFO:teuthology.orchestra.run.smithi132.stdout:/usr/bin/ceph: stderr
2024-03-16T09:16:23.439+0000 7f6d96b4a700 1 -- 172.21.15.132:0/1706972750 >> [v2:172.21.15.132:3300/0,v1:172.21.15.132:6789/0] conn(0x7f6d901059d0 msgr2=0x7f6d901996a0 secure :-1 s=STATE_CONNECTION_ESTABLISHED l=1).mark_down
2024-03-16T09:16:23.974 INFO:teuthology.orchestra.run.smithi132.stdout:/usr/bin/ceph: stderr
2024-03-16T09:16:23.439+0000 7f6d96b4a700 1 --2- 172.21.15.132:0/1706972750 >> [v2:172.21.15.132:3300/0,v1:172.21.15.132:6789/0] conn(0x7f6d901059d0 0x7f6d901996a0 secure :-1 s=READY pgs=60 cs=0 l=1 rev1=1 crypto rx=0x7f6d8800b7b0 tx=0x7f6d8800bdd0 comp rx=0 tx=0).stop
2024-03-16T09:16:23.975 INFO:teuthology.orchestra.run.smithi132.stdout:/usr/bin/ceph: stderr
2024-03-16T09:16:23.439+0000 7f6d96b4a700 1 -- 172.21.15.132:0/1706972750 shutdown_connections
2024-03-16T09:16:23.975 INFO:teuthology.orchestra.run.smithi132.stdout:/usr/bin/ceph: stderr
2024-03-16T09:16:23.439+0000 7f6d96b4a700 1 --2- 172.21.15.132:0/1706972750 >> [v2:172.21.15.132:6800/3331199339,v1:172.21.15.132:6801/3331199339] conn(0x7f6d780383f0 0x7f6d7803a8a0 unknown :-1 s=CLOSED pgs=18 cs=0 l=1 rev1=1 crypto rx=0 tx=0 comp rx=0 tx=0).stop
2024-03-16T09:16:23.975 INFO:teuthology.orchestra.run.smithi132.stdout:/usr/bin/ceph: stderr
2024-03-16T09:16:23.439+0000 7f6d96b4a700 1 --2- 172.21.15.132:0/1706972750 >> [v2:172.21.15.132:3300/0,v1:172.21.15.132:6789/0] conn(0x7f6d901059d0 0x7f6d901996a0 unknown :-1 s=CLOSED pgs=60 cs=0 l=1 rev1=1 crypto rx=0 tx=0 comp rx=0 tx=0).stop
2024-03-16T09:16:23.975 INFO:teuthology.orchestra.run.smithi132.stdout:/usr/bin/ceph: stderr
2024-03-16T09:16:23.439+0000 7f6d96b4a700 1 -- 172.21.15.132:0/1706972750 >> 172.21.15.132:0/1706972750 conn(0x7f6d90101020 msgr2=0x7f6d90101d30 unknown :-1 s=STATE_NONE l=0).mark_down
2024-03-16T09:16:23.975 INFO:teuthology.orchestra.run.smithi132.stdout:/usr/bin/ceph: stderr
2024-03-16T09:16:23.439+0000 7f6d96b4a700 1 -- 172.21.15.132:0/1706972750 shutdown_connections
2024-03-16T09:16:23.975 INFO:teuthology.orchestra.run.smithi132.stdout:/usr/bin/ceph: stderr
2024-03-16T09:16:23.439+0000 7f6d96b4a700 1 -- 172.21.15.132:0/1706972750 wait complete.
2024-03-16T09:16:23.975 INFO:teuthology.orchestra.run.smithi132.stdout:Deploying alertmanager service with default placement...
2024-03-16T09:16:24.589 INFO:journalctl@ceph.mon.smithi132.smithi132.stdout:Mar 16 09:16:24 smithi132 ceph-mon[29192]: from='client.14154 -' entity='client.admin' cmd=[{"prefix": "orch apply", "service_type": "node-exporter", "target": ["mon-mgr", ""]}]: dispatch
2024-03-16T09:16:24.589 INFO:journalctl@ceph.mon.smithi132.smithi132.stdout:Mar 16 09:16:24 smithi132 ceph-mon[29192]: Saving service node-exporter spec with placement *
2024-03-16T09:16:24.589 INFO:journalctl@ceph.mon.smithi132.smithi132.stdout:Mar 16 09:16:24 smithi132 ceph-mon[29192]: from='mgr.14120 172.21.15.132:0/2070665067' entity='mgr.smithi132.majuxk'
2024-03-16T09:16:25.153 INFO:teuthology.orchestra.run.smithi132.stdout:/usr/bin/ceph: stdout Scheduled alertmanager update...
2024-03-16T09:16:25.153 INFO:teuthology.orchestra.run.smithi132.stdout:/usr/bin/ceph: stderr
2024-03-16T09:16:24.349+0000 7fcae2e34700 1 Processor -- start
2024-03-16T09:16:25.153 INFO:teuthology.orchestra.run.smithi132.stdout:/usr/bin/ceph: stderr
2024-03-16T09:16:24.349+0000 7fcae2e34700 1 -- start start
2024-03-16T09:16:25.153 INFO:teuthology.orchestra.run.smithi132.stdout:/usr/bin/ceph: stderr
2024-03-16T09:16:24.349+0000 7fcae2e34700 1 --2- >> [v2:172.21.15.132:3300/0,v1:172.21.15.132:6789/0] conn(0x7fcadc1059c0 0x7fcadc105dd0 unknown :-1 s=NONE pgs=0 cs=0 l=0 rev1=0 crypto rx=0 tx=0 comp rx=0 tx=0).connect
2024-03-16T09:16:25.153 INFO:teuthology.orchestra.run.smithi132.stdout:/usr/bin/ceph: stderr
2024-03-16T09:16:24.349+0000 7fcae2e34700 1 -- --> [v2:172.21.15.132:3300/0,v1:172.21.15.132:6789/0] -- mon_getmap magic: 0 v1 -- 0x7fcadc106310 con 0x7fcadc1059c0
2024-03-16T09:16:25.153 INFO:teuthology.orchestra.run.smithi132.stdout:/usr/bin/ceph: stderr
2024-03-16T09:16:24.349+0000 7fcae0bd0700 1 --2- >> [v2:172.21.15.132:3300/0,v1:172.21.15.132:6789/0] conn(0x7fcadc1059c0 0x7fcadc105dd0 unknown :-1 s=BANNER_CONNECTING pgs=0 cs=0 l=0 rev1=0 crypto rx=0 tx=0 comp rx=0 tx=0)._handle_peer_banner_payload supported=3 required=0
2024-03-16T09:16:25.153 INFO:teuthology.orchestra.run.smithi132.stdout:/usr/bin/ceph: stderr
2024-03-16T09:16:24.349+0000 7fcae0bd0700 1 --2- >> [v2:172.21.15.132:3300/0,v1:172.21.15.132:6789/0] conn(0x7fcadc1059c0 0x7fcadc105dd0 unknown :-1 s=HELLO_CONNECTING pgs=0 cs=0 l=0 rev1=1 crypto rx=0 tx=0 comp rx=0 tx=0).handle_hello peer v2:172.21.15.132:3300/0 says I am v2:172.21.15.132:58864/0 (socket says 172.21.15.132:58864)
2024-03-16T09:16:25.154 INFO:teuthology.orchestra.run.smithi132.stdout:/usr/bin/ceph: stderr
2024-03-16T09:16:24.349+0000 7fcae0bd0700 1 -- 172.21.15.132:0/2479320392 learned_addr learned my addr 172.21.15.132:0/2479320392 (peer_addr_for_me v2:172.21.15.132:0/0)
2024-03-16T09:16:25.154 INFO:teuthology.orchestra.run.smithi132.stdout:/usr/bin/ceph: stderr
2024-03-16T09:16:24.350+0000 7fcae0bd0700 1 -- 172.21.15.132:0/2479320392 --> [v2:172.21.15.132:3300/0,v1:172.21.15.132:6789/0] -- mon_subscribe({config=0+,monmap=0+}) v3 -- 0x7fcadc106450 con 0x7fcadc1059c0
2024-03-16T09:16:25.154 INFO:teuthology.orchestra.run.smithi132.stdout:/usr/bin/ceph: stderr
2024-03-16T09:16:24.350+0000 7fcae0bd0700 1 --2- 172.21.15.132:0/2479320392 >> [v2:172.21.15.132:3300/0,v1:172.21.15.132:6789/0] conn(0x7fcadc1059c0 0x7fcadc105dd0 secure :-1 s=READY pgs=61 cs=0 l=1 rev1=1 crypto rx=0x7fcad00098a0 tx=0x7fcad0009bb0 comp rx=0 tx=0).ready entity=mon.0 client_cookie=d17ab277d6ce660d server_cookie=0 in_seq=0 out_seq=0
2024-03-16T09:16:25.154 INFO:teuthology.orchestra.run.smithi132.stdout:/usr/bin/ceph: stderr
2024-03-16T09:16:24.350+0000 7fcadb7fe700 1 -- 172.21.15.132:0/2479320392 <== mon.0 v2:172.21.15.132:3300/0 1 ==== mon_map magic: 0 v1 ==== 229+0+0 (secure 0 0 0) 0x7fcad0004180 con 0x7fcadc1059c0
2024-03-16T09:16:25.154 INFO:teuthology.orchestra.run.smithi132.stdout:/usr/bin/ceph: stderr
2024-03-16T09:16:24.350+0000 7fcadb7fe700 1 -- 172.21.15.132:0/2479320392 <== mon.0 v2:172.21.15.132:3300/0 2 ==== config(27 keys) v1 ==== 1101+0+0 (secure 0 0 0) 0x7fcad00042e0 con 0x7fcadc1059c0
2024-03-16T09:16:25.154 INFO:teuthology.orchestra.run.smithi132.stdout:/usr/bin/ceph: stderr
2024-03-16T09:16:24.350+0000 7fcadb7fe700 1 -- 172.21.15.132:0/2479320392 <== mon.0 v2:172.21.15.132:3300/0 3 ==== mon_map magic: 0 v1 ==== 229+0+0 (secure 0 0 0) 0x7fcad0011af0 con 0x7fcadc1059c0
2024-03-16T09:16:25.154 INFO:teuthology.orchestra.run.smithi132.stdout:/usr/bin/ceph: stderr
2024-03-16T09:16:24.351+0000 7fcae2e34700 1 -- 172.21.15.132:0/2479320392 >> [v2:172.21.15.132:3300/0,v1:172.21.15.132:6789/0] conn(0x7fcadc1059c0 msgr2=0x7fcadc105dd0 secure :-1 s=STATE_CONNECTION_ESTABLISHED l=1).mark_down
2024-03-16T09:16:25.154 INFO:teuthology.orchestra.run.smithi132.stdout:/usr/bin/ceph: stderr
2024-03-16T09:16:24.351+0000 7fcae2e34700 1 --2- 172.21.15.132:0/2479320392 >> [v2:172.21.15.132:3300/0,v1:172.21.15.132:6789/0] conn(0x7fcadc1059c0 0x7fcadc105dd0 secure :-1 s=READY pgs=61 cs=0 l=1 rev1=1 crypto rx=0x7fcad00098a0 tx=0x7fcad0009bb0 comp rx=0 tx=0).stop
2024-03-16T09:16:25.154 INFO:teuthology.orchestra.run.smithi132.stdout:/usr/bin/ceph: stderr
2024-03-16T09:16:24.351+0000 7fcae2e34700 1 -- 172.21.15.132:0/2479320392 shutdown_connections
2024-03-16T09:16:25.154 INFO:teuthology.orchestra.run.smithi132.stdout:/usr/bin/ceph: stderr
2024-03-16T09:16:24.351+0000 7fcae2e34700 1 --2- 172.21.15.132:0/2479320392 >> [v2:172.21.15.132:3300/0,v1:172.21.15.132:6789/0] conn(0x7fcadc1059c0 0x7fcadc105dd0 unknown :-1 s=CLOSED pgs=61 cs=0 l=1 rev1=1 crypto rx=0 tx=0 comp rx=0 tx=0).stop
2024-03-16T09:16:25.154 INFO:teuthology.orchestra.run.smithi132.stdout:/usr/bin/ceph: stderr
2024-03-16T09:16:24.351+0000 7fcae2e34700 1 -- 172.21.15.132:0/2479320392 >> 172.21.15.132:0/2479320392 conn(0x7fcadc100fd0 msgr2=0x7fcadc103440 unknown :-1 s=STATE_NONE l=0).mark_down
2024-03-16T09:16:25.154 INFO:teuthology.orchestra.run.smithi132.stdout:/usr/bin/ceph: stderr
2024-03-16T09:16:24.351+0000 7fcae2e34700 1 -- 172.21.15.132:0/2479320392 shutdown_connections
2024-03-16T09:16:25.154 INFO:teuthology.orchestra.run.smithi132.stdout:/usr/bin/ceph: stderr
2024-03-16T09:16:24.351+0000 7fcae2e34700 1 -- 172.21.15.132:0/2479320392 wait complete.
2024-03-16T09:16:25.154 INFO:teuthology.orchestra.run.smithi132.stdout:/usr/bin/ceph: stderr
2024-03-16T09:16:24.351+0000 7fcae2e34700 1 Processor -- start
2024-03-16T09:16:25.155 INFO:teuthology.orchestra.run.smithi132.stdout:/usr/bin/ceph: stderr
2024-03-16T09:16:24.351+0000 7fcae2e34700 1 -- start start
2024-03-16T09:16:25.155 INFO:teuthology.orchestra.run.smithi132.stdout:/usr/bin/ceph: stderr
2024-03-16T09:16:24.352+0000 7fcae2e34700 1 --2- >> [v2:172.21.15.132:3300/0,v1:172.21.15.132:6789/0] conn(0x7fcadc1059c0 0x7fcadc199740 unknown :-1 s=NONE pgs=0 cs=0 l=1 rev1=0 crypto rx=0 tx=0 comp rx=0 tx=0).connect
2024-03-16T09:16:25.155 INFO:teuthology.orchestra.run.smithi132.stdout:/usr/bin/ceph: stderr
2024-03-16T09:16:24.352+0000 7fcae2e34700 1 -- --> [v2:172.21.15.132:3300/0,v1:172.21.15.132:6789/0] -- mon_getmap magic: 0 v1 -- 0x7fcadc199c80 con 0x7fcadc1059c0
2024-03-16T09:16:25.155 INFO:teuthology.orchestra.run.smithi132.stdout:/usr/bin/ceph: stderr
2024-03-16T09:16:24.352+0000 7fcae0bd0700 1 --2- >> [v2:172.21.15.132:3300/0,v1:172.21.15.132:6789/0] conn(0x7fcadc1059c0 0x7fcadc199740 unknown :-1 s=BANNER_CONNECTING pgs=0 cs=0 l=1 rev1=0 crypto rx=0 tx=0 comp rx=0 tx=0)._handle_peer_banner_payload supported=3 required=0
2024-03-16T09:16:25.155 INFO:teuthology.orchestra.run.smithi132.stdout:/usr/bin/ceph: stderr
2024-03-16T09:16:24.352+0000 7fcae0bd0700 1 --2- >> [v2:172.21.15.132:3300/0,v1:172.21.15.132:6789/0] conn(0x7fcadc1059c0 0x7fcadc199740 unknown :-1 s=HELLO_CONNECTING pgs=0 cs=0 l=1 rev1=1 crypto rx=0 tx=0 comp rx=0 tx=0).handle_hello peer v2:172.21.15.132:3300/0 says I am v2:172.21.15.132:58870/0 (socket says 172.21.15.132:58870)
2024-03-16T09:16:25.155 INFO:teuthology.orchestra.run.smithi132.stdout:/usr/bin/ceph: stderr
2024-03-16T09:16:24.352+0000 7fcae0bd0700 1 -- 172.21.15.132:0/2909969444 learned_addr learned my addr 172.21.15.132:0/2909969444 (peer_addr_for_me v2:172.21.15.132:0/0)
2024-03-16T09:16:25.155 INFO:teuthology.orchestra.run.smithi132.stdout:/usr/bin/ceph: stderr
2024-03-16T09:16:24.352+0000 7fcae0bd0700 1 -- 172.21.15.132:0/2909969444 --> [v2:172.21.15.132:3300/0,v1:172.21.15.132:6789/0] -- mon_subscribe({config=0+,monmap=0+}) v3 -- 0x7fcad0009550 con 0x7fcadc1059c0
2024-03-16T09:16:25.155 INFO:teuthology.orchestra.run.smithi132.stdout:/usr/bin/ceph: stderr
2024-03-16T09:16:24.352+0000 7fcae0bd0700 1 --2- 172.21.15.132:0/2909969444 >> [v2:172.21.15.132:3300/0,v1:172.21.15.132:6789/0] conn(0x7fcadc1059c0 0x7fcadc199740 secure :-1 s=READY pgs=62 cs=0 l=1 rev1=1 crypto rx=0x7fcad0011670 tx=0x7fcad0011b50 comp rx=0 tx=0).ready entity=mon.0 client_cookie=0 server_cookie=0 in_seq=0 out_seq=0
2024-03-16T09:16:25.155 INFO:teuthology.orchestra.run.smithi132.stdout:/usr/bin/ceph: stderr
2024-03-16T09:16:24.352+0000 7fcad9ffb700 1 -- 172.21.15.132:0/2909969444 <== mon.0 v2:172.21.15.132:3300/0 1 ==== mon_map magic: 0 v1 ==== 229+0+0 (secure 0 0 0) 0x7fcad0003a40 con 0x7fcadc1059c0
2024-03-16T09:16:25.155 INFO:teuthology.orchestra.run.smithi132.stdout:/usr/bin/ceph: stderr
2024-03-16T09:16:24.352+0000 7fcad9ffb700 1 -- 172.21.15.132:0/2909969444 <== mon.0 v2:172.21.15.132:3300/0 2 ==== config(27 keys) v1 ==== 1101+0+0 (secure 0 0 0) 0x7fcad0003ba0 con 0x7fcadc1059c0
2024-03-16T09:16:25.155 INFO:teuthology.orchestra.run.smithi132.stdout:/usr/bin/ceph: stderr
2024-03-16T09:16:24.352+0000 7fcad9ffb700 1 -- 172.21.15.132:0/2909969444 <== mon.0 v2:172.21.15.132:3300/0 3 ==== mon_map magic: 0 v1 ==== 229+0+0 (secure 0 0 0) 0x7fcad0024790 con 0x7fcadc1059c0
2024-03-16T09:16:25.155 INFO:teuthology.orchestra.run.smithi132.stdout:/usr/bin/ceph: stderr
2024-03-16T09:16:24.352+0000 7fcae2e34700 1 -- 172.21.15.132:0/2909969444 --> [v2:172.21.15.132:3300/0,v1:172.21.15.132:6789/0] -- mon_subscribe({mgrmap=0+}) v3 -- 0x7fcadc199e80 con 0x7fcadc1059c0
2024-03-16T09:16:25.155 INFO:teuthology.orchestra.run.smithi132.stdout:/usr/bin/ceph: stderr
2024-03-16T09:16:24.353+0000 7fcae2e34700 1 -- 172.21.15.132:0/2909969444 --> [v2:172.21.15.132:3300/0,v1:172.21.15.132:6789/0] -- mon_subscribe({osdmap=0}) v3 -- 0x7fcadc19a320 con 0x7fcadc1059c0
2024-03-16T09:16:25.155 INFO:teuthology.orchestra.run.smithi132.stdout:/usr/bin/ceph: stderr
2024-03-16T09:16:24.353+0000 7fcad9ffb700 1 -- 172.21.15.132:0/2909969444 <== mon.0 v2:172.21.15.132:3300/0 4 ==== mgrmap(e 8) v1 ==== 45084+0+0 (secure 0 0 0) 0x7fcad001a430 con 0x7fcadc1059c0
2024-03-16T09:16:25.155 INFO:teuthology.orchestra.run.smithi132.stdout:/usr/bin/ceph: stderr
2024-03-16T09:16:24.353+0000 7fcae2e34700 1 -- 172.21.15.132:0/2909969444 --> [v2:172.21.15.132:3300/0,v1:172.21.15.132:6789/0] -- mon_command({"prefix": "get_command_descriptions"} v 0) v1 -- 0x7fcadc062380 con 0x7fcadc1059c0
2024-03-16T09:16:25.156 INFO:teuthology.orchestra.run.smithi132.stdout:/usr/bin/ceph: stderr
2024-03-16T09:16:24.354+0000 7fcad9ffb700 1 --2- 172.21.15.132:0/2909969444 >> [v2:172.21.15.132:6800/3331199339,v1:172.21.15.132:6801/3331199339] conn(0x7fcacc038440 0x7fcacc03a8f0 unknown :-1 s=NONE pgs=0 cs=0 l=1 rev1=0 crypto rx=0 tx=0 comp rx=0 tx=0).connect
2024-03-16T09:16:25.156 INFO:teuthology.orchestra.run.smithi132.stdout:/usr/bin/ceph: stderr
2024-03-16T09:16:24.354+0000 7fcad9ffb700 1 -- 172.21.15.132:0/2909969444 <== mon.0 v2:172.21.15.132:3300/0 5 ==== osd_map(2..2 src has 1..2) v4 ==== 940+0+0 (secure 0 0 0) 0x7fcad004c470 con 0x7fcadc1059c0
2024-03-16T09:16:25.156 INFO:teuthology.orchestra.run.smithi132.stdout:/usr/bin/ceph: stderr
2024-03-16T09:16:24.354+0000 7fcadbfff700 1 --2- 172.21.15.132:0/2909969444 >> [v2:172.21.15.132:6800/3331199339,v1:172.21.15.132:6801/3331199339] conn(0x7fcacc038440 0x7fcacc03a8f0 unknown :-1 s=BANNER_CONNECTING pgs=0 cs=0 l=1 rev1=0 crypto rx=0 tx=0 comp rx=0 tx=0)._handle_peer_banner_payload supported=3 required=0
2024-03-16T09:16:25.156 INFO:teuthology.orchestra.run.smithi132.stdout:/usr/bin/ceph: stderr
2024-03-16T09:16:24.354+0000 7fcadbfff700 1 --2- 172.21.15.132:0/2909969444 >> [v2:172.21.15.132:6800/3331199339,v1:172.21.15.132:6801/3331199339] conn(0x7fcacc038440 0x7fcacc03a8f0 secure :-1 s=READY pgs=19 cs=0 l=1 rev1=1 crypto rx=0x7fcac8006fd0 tx=0x7fcac8006e40 comp rx=0 tx=0).ready entity=mgr.14120 client_cookie=0 server_cookie=0 in_seq=0 out_seq=0
2024-03-16T09:16:25.156 INFO:teuthology.orchestra.run.smithi132.stdout:/usr/bin/ceph: stderr
2024-03-16T09:16:24.358+0000 7fcad9ffb700 1 -- 172.21.15.132:0/2909969444 <== mon.0 v2:172.21.15.132:3300/0 6 ==== mon_command_ack([{"prefix": "get_command_descriptions"}]=0 v0) v1 ==== 72+0+177933 (secure 0 0 0) 0x7fcad0010380 con 0x7fcadc1059c0
2024-03-16T09:16:25.156 INFO:teuthology.orchestra.run.smithi132.stdout:/usr/bin/ceph: stderr
2024-03-16T09:16:24.570+0000 7fcae2e34700 1 -- 172.21.15.132:0/2909969444 --> [v2:172.21.15.132:6800/3331199339,v1:172.21.15.132:6801/3331199339] -- mgr_command(tid 0: {"prefix": "orch apply", "service_type": "alertmanager", "target": ["mon-mgr", ""]}) v1 -- 0x7fcadc19d160 con 0x7fcacc038440
2024-03-16T09:16:25.156 INFO:teuthology.orchestra.run.smithi132.stdout:/usr/bin/ceph: stderr
2024-03-16T09:16:24.576+0000 7fcad9ffb700 1 -- 172.21.15.132:0/2909969444 <== mgr.14120 v2:172.21.15.132:6800/3331199339 1 ==== mgr_command_reply(tid 0: 0 ) v1 ==== 8+0+33 (secure 0 0 0) 0x7fcadc19d160 con 0x7fcacc038440
2024-03-16T09:16:25.156 INFO:teuthology.orchestra.run.smithi132.stdout:/usr/bin/ceph: stderr
2024-03-16T09:16:24.578+0000 7fcae2e34700 1 -- 172.21.15.132:0/2909969444 >> [v2:172.21.15.132:6800/3331199339,v1:172.21.15.132:6801/3331199339] conn(0x7fcacc038440 msgr2=0x7fcacc03a8f0 secure :-1 s=STATE_CONNECTION_ESTABLISHED l=1).mark_down
2024-03-16T09:16:25.156 INFO:teuthology.orchestra.run.smithi132.stdout:/usr/bin/ceph: stderr
2024-03-16T09:16:24.578+0000 7fcae2e34700 1 --2- 172.21.15.132:0/2909969444 >> [v2:172.21.15.132:6800/3331199339,v1:172.21.15.132:6801/3331199339] conn(0x7fcacc038440 0x7fcacc03a8f0 secure :-1 s=READY pgs=19 cs=0 l=1 rev1=1 crypto rx=0x7fcac8006fd0 tx=0x7fcac8006e40 comp rx=0 tx=0).stop
2024-03-16T09:16:25.156 INFO:teuthology.orchestra.run.smithi132.stdout:/usr/bin/ceph: stderr
2024-03-16T09:16:24.578+0000 7fcae2e34700 1 -- 172.21.15.132:0/2909969444 >> [v2:172.21.15.132:3300/0,v1:172.21.15.132:6789/0] conn(0x7fcadc1059c0 msgr2=0x7fcadc199740 secure :-1 s=STATE_CONNECTION_ESTABLISHED l=1).mark_down
2024-03-16T09:16:25.156 INFO:teuthology.orchestra.run.smithi132.stdout:/usr/bin/ceph: stderr
2024-03-16T09:16:24.578+0000 7fcae2e34700 1 --2- 172.21.15.132:0/2909969444 >> [v2:172.21.15.132:3300/0,v1:172.21.15.132:6789/0] conn(0x7fcadc1059c0 0x7fcadc199740 secure :-1 s=READY pgs=62 cs=0 l=1 rev1=1 crypto rx=0x7fcad0011670 tx=0x7fcad0011b50 comp rx=0 tx=0).stop
2024-03-16T09:16:25.156 INFO:teuthology.orchestra.run.smithi132.stdout:/usr/bin/ceph: stderr
2024-03-16T09:16:24.578+0000 7fcae2e34700 1 -- 172.21.15.132:0/2909969444 shutdown_connections
2024-03-16T09:16:25.156 INFO:teuthology.orchestra.run.smithi132.stdout:/usr/bin/ceph: stderr
2024-03-16T09:16:24.578+0000 7fcae2e34700 1 --2- 172.21.15.132:0/2909969444 >> [v2:172.21.15.132:6800/3331199339,v1:172.21.15.132:6801/3331199339] conn(0x7fcacc038440 0x7fcacc03a8f0 unknown :-1 s=CLOSED pgs=19 cs=0 l=1 rev1=1 crypto rx=0 tx=0 comp rx=0 tx=0).stop
2024-03-16T09:16:25.156 INFO:teuthology.orchestra.run.smithi132.stdout:/usr/bin/ceph: stderr
2024-03-16T09:16:24.578+0000 7fcae2e34700 1 --2- 172.21.15.132:0/2909969444 >> [v2:172.21.15.132:3300/0,v1:172.21.15.132:6789/0] conn(0x7fcadc1059c0 0x7fcadc199740 unknown :-1 s=CLOSED pgs=62 cs=0 l=1 rev1=1 crypto rx=0 tx=0 comp rx=0 tx=0).stop
2024-03-16T09:16:25.157 INFO:teuthology.orchestra.run.smithi132.stdout:/usr/bin/ceph: stderr
2024-03-16T09:16:24.578+0000 7fcae2e34700 1 -- 172.21.15.132:0/2909969444 >> 172.21.15.132:0/2909969444 conn(0x7fcadc100fd0 msgr2=0x7fcadc102710 unknown :-1 s=STATE_NONE l=0).mark_down
2024-03-16T09:16:25.157 INFO:teuthology.orchestra.run.smithi132.stdout:/usr/bin/ceph: stderr
2024-03-16T09:16:24.579+0000 7fcae2e34700 1 -- 172.21.15.132:0/2909969444 shutdown_connections
2024-03-16T09:16:25.157 INFO:teuthology.orchestra.run.smithi132.stdout:/usr/bin/ceph: stderr
2024-03-16T09:16:24.579+0000 7fcae2e34700 1 -- 172.21.15.132:0/2909969444 wait complete.
2024-03-16T09:16:25.855 INFO:journalctl@ceph.mon.smithi132.smithi132.stdout:Mar 16 09:16:25 smithi132 ceph-mon[29192]: from='client.14156 -' entity='client.admin' cmd=[{"prefix": "orch apply", "service_type": "alertmanager", "target": ["mon-mgr", ""]}]: dispatch
2024-03-16T09:16:25.855 INFO:journalctl@ceph.mon.smithi132.smithi132.stdout:Mar 16 09:16:25 smithi132 ceph-mon[29192]: Saving service alertmanager spec with placement count:1
2024-03-16T09:16:25.855 INFO:journalctl@ceph.mon.smithi132.smithi132.stdout:Mar 16 09:16:25 smithi132 ceph-mon[29192]: from='mgr.14120 172.21.15.132:0/2070665067' entity='mgr.smithi132.majuxk'
2024-03-16T09:16:25.856 INFO:journalctl@ceph.mon.smithi132.smithi132.stdout:Mar 16 09:16:25 smithi132 ceph-mon[29192]: pgmap v4: 0 pgs: ; 0 B data, 0 B used, 0 B / 0 B avail
2024-03-16T09:16:26.435 INFO:teuthology.orchestra.run.smithi132.stdout:/usr/bin/ceph: stderr
2024-03-16T09:16:25.558+0000 7fedddde2700 1 Processor -- start
2024-03-16T09:16:26.435 INFO:teuthology.orchestra.run.smithi132.stdout:/usr/bin/ceph: stderr
2024-03-16T09:16:25.558+0000 7fedddde2700 1 -- start start
2024-03-16T09:16:26.435 INFO:teuthology.orchestra.run.smithi132.stdout:/usr/bin/ceph: stderr
2024-03-16T09:16:25.558+0000 7fedddde2700 1 --2- >> [v2:172.21.15.132:3300/0,v1:172.21.15.132:6789/0] conn(0x7fedd8103cb0 0x7fedd81040c0 unknown :-1 s=NONE pgs=0 cs=0 l=0 rev1=0 crypto rx=0 tx=0 comp rx=0 tx=0).connect
2024-03-16T09:16:26.435 INFO:teuthology.orchestra.run.smithi132.stdout:/usr/bin/ceph: stderr
2024-03-16T09:16:25.558+0000 7fedddde2700 1 -- --> [v2:172.21.15.132:3300/0,v1:172.21.15.132:6789/0] -- mon_getmap magic: 0 v1 -- 0x7fedd8104600 con 0x7fedd8103cb0
2024-03-16T09:16:26.435 INFO:teuthology.orchestra.run.smithi132.stdout:/usr/bin/ceph: stderr
2024-03-16T09:16:25.558+0000 7fedd77fe700 1 --2- >> [v2:172.21.15.132:3300/0,v1:172.21.15.132:6789/0] conn(0x7fedd8103cb0 0x7fedd81040c0 unknown :-1 s=BANNER_CONNECTING pgs=0 cs=0 l=0 rev1=0 crypto rx=0 tx=0 comp rx=0 tx=0)._handle_peer_banner_payload supported=3 required=0
2024-03-16T09:16:26.435 INFO:teuthology.orchestra.run.smithi132.stdout:/usr/bin/ceph: stderr
2024-03-16T09:16:25.558+0000 7fedd77fe700 1 --2- >> [v2:172.21.15.132:3300/0,v1:172.21.15.132:6789/0] conn(0x7fedd8103cb0 0x7fedd81040c0 unknown :-1 s=HELLO_CONNECTING pgs=0 cs=0 l=0 rev1=1 crypto rx=0 tx=0 comp rx=0 tx=0).handle_hello peer v2:172.21.15.132:3300/0 says I am v2:172.21.15.132:58876/0 (socket says 172.21.15.132:58876)
2024-03-16T09:16:26.436 INFO:teuthology.orchestra.run.smithi132.stdout:/usr/bin/ceph: stderr
2024-03-16T09:16:25.558+0000 7fedd77fe700 1 -- 172.21.15.132:0/3683535406 learned_addr learned my addr 172.21.15.132:0/3683535406 (peer_addr_for_me v2:172.21.15.132:0/0)
2024-03-16T09:16:26.436 INFO:teuthology.orchestra.run.smithi132.stdout:/usr/bin/ceph: stderr
2024-03-16T09:16:25.558+0000 7fedd77fe700 1 -- 172.21.15.132:0/3683535406 --> [v2:172.21.15.132:3300/0,v1:172.21.15.132:6789/0] -- mon_subscribe({config=0+,monmap=0+}) v3 -- 0x7fedd8104740 con 0x7fedd8103cb0
2024-03-16T09:16:26.436 INFO:teuthology.orchestra.run.smithi132.stdout:/usr/bin/ceph: stderr
2024-03-16T09:16:25.558+0000 7fedd77fe700 1 --2- 172.21.15.132:0/3683535406 >> [v2:172.21.15.132:3300/0,v1:172.21.15.132:6789/0] conn(0x7fedd8103cb0 0x7fedd81040c0 secure :-1 s=READY pgs=63 cs=0 l=1 rev1=1 crypto rx=0x7fedc80098a0 tx=0x7fedc8009bb0 comp rx=0 tx=0).ready entity=mon.0 client_cookie=8f7679a31880b5d server_cookie=0 in_seq=0 out_seq=0
2024-03-16T09:16:26.436 INFO:teuthology.orchestra.run.smithi132.stdout:/usr/bin/ceph: stderr
2024-03-16T09:16:25.559+0000 7fedd67fc700 1 -- 172.21.15.132:0/3683535406 <== mon.0 v2:172.21.15.132:3300/0 1 ==== mon_map magic: 0 v1 ==== 229+0+0 (secure 0 0 0) 0x7fedc8004180 con 0x7fedd8103cb0
2024-03-16T09:16:26.436 INFO:teuthology.orchestra.run.smithi132.stdout:/usr/bin/ceph: stderr
2024-03-16T09:16:25.559+0000 7fedd67fc700 1 -- 172.21.15.132:0/3683535406 <== mon.0 v2:172.21.15.132:3300/0 2 ==== config(27 keys) v1 ==== 1101+0+0 (secure 0 0 0) 0x7fedc80042e0 con 0x7fedd8103cb0
2024-03-16T09:16:26.436 INFO:teuthology.orchestra.run.smithi132.stdout:/usr/bin/ceph: stderr
2024-03-16T09:16:25.559+0000 7fedd67fc700 1 -- 172.21.15.132:0/3683535406 <== mon.0 v2:172.21.15.132:3300/0 3 ==== mon_map magic: 0 v1 ==== 229+0+0 (secure 0 0 0) 0x7fedc8011af0 con 0x7fedd8103cb0
2024-03-16T09:16:26.436 INFO:teuthology.orchestra.run.smithi132.stdout:/usr/bin/ceph: stderr
2024-03-16T09:16:25.559+0000 7fedddde2700 1 -- 172.21.15.132:0/3683535406 >> [v2:172.21.15.132:3300/0,v1:172.21.15.132:6789/0] conn(0x7fedd8103cb0 msgr2=0x7fedd81040c0 secure :-1 s=STATE_CONNECTION_ESTABLISHED l=1).mark_down
2024-03-16T09:16:26.436 INFO:teuthology.orchestra.run.smithi132.stdout:/usr/bin/ceph: stderr
2024-03-16T09:16:25.559+0000 7fedddde2700 1 --2- 172.21.15.132:0/3683535406 >> [v2:172.21.15.132:3300/0,v1:172.21.15.132:6789/0] conn(0x7fedd8103cb0 0x7fedd81040c0 secure :-1 s=READY pgs=63 cs=0 l=1 rev1=1 crypto rx=0x7fedc80098a0 tx=0x7fedc8009bb0 comp rx=0 tx=0).stop
2024-03-16T09:16:26.436 INFO:teuthology.orchestra.run.smithi132.stdout:/usr/bin/ceph: stderr
2024-03-16T09:16:25.559+0000 7fedddde2700 1 -- 172.21.15.132:0/3683535406 shutdown_connections
2024-03-16T09:16:26.436 INFO:teuthology.orchestra.run.smithi132.stdout:/usr/bin/ceph: stderr
2024-03-16T09:16:25.559+0000 7fedddde2700 1 --2- 172.21.15.132:0/3683535406 >> [v2:172.21.15.132:3300/0,v1:172.21.15.132:6789/0] conn(0x7fedd8103cb0 0x7fedd81040c0 unknown :-1 s=CLOSED pgs=63 cs=0 l=1 rev1=1 crypto rx=0 tx=0 comp rx=0 tx=0).stop
2024-03-16T09:16:26.436 INFO:teuthology.orchestra.run.smithi132.stdout:/usr/bin/ceph: stderr
2024-03-16T09:16:25.559+0000 7fedddde2700 1 -- 172.21.15.132:0/3683535406 >> 172.21.15.132:0/3683535406 conn(0x7fedd80ff670 msgr2=0x7fedd8101ac0 unknown :-1 s=STATE_NONE l=0).mark_down
2024-03-16T09:16:26.436 INFO:teuthology.orchestra.run.smithi132.stdout:/usr/bin/ceph: stderr
2024-03-16T09:16:25.559+0000 7fedddde2700 1 -- 172.21.15.132:0/3683535406 shutdown_connections
2024-03-16T09:16:26.436 INFO:teuthology.orchestra.run.smithi132.stdout:/usr/bin/ceph: stderr
2024-03-16T09:16:25.559+0000 7fedddde2700 1 -- 172.21.15.132:0/3683535406 wait complete.
2024-03-16T09:16:26.436 INFO:teuthology.orchestra.run.smithi132.stdout:/usr/bin/ceph: stderr
2024-03-16T09:16:25.560+0000 7fedddde2700 1 Processor -- start
2024-03-16T09:16:26.437 INFO:teuthology.orchestra.run.smithi132.stdout:/usr/bin/ceph: stderr
2024-03-16T09:16:25.560+0000 7fedddde2700 1 -- start start
2024-03-16T09:16:26.437 INFO:teuthology.orchestra.run.smithi132.stdout:/usr/bin/ceph: stderr
2024-03-16T09:16:25.560+0000 7fedddde2700 1 --2- >> [v2:172.21.15.132:3300/0,v1:172.21.15.132:6789/0] conn(0x7fedd8103cb0 0x7fedd8199790 unknown :-1 s=NONE pgs=0 cs=0 l=1 rev1=0 crypto rx=0 tx=0 comp rx=0 tx=0).connect
2024-03-16T09:16:26.437 INFO:teuthology.orchestra.run.smithi132.stdout:/usr/bin/ceph: stderr
2024-03-16T09:16:25.560+0000 7fedddde2700 1 -- --> [v2:172.21.15.132:3300/0,v1:172.21.15.132:6789/0] -- mon_getmap magic: 0 v1 -- 0x7fedd8199cd0 con 0x7fedd8103cb0
2024-03-16T09:16:26.437 INFO:teuthology.orchestra.run.smithi132.stdout:/usr/bin/ceph: stderr
2024-03-16T09:16:25.560+0000 7fedd77fe700 1 --2- >> [v2:172.21.15.132:3300/0,v1:172.21.15.132:6789/0] conn(0x7fedd8103cb0 0x7fedd8199790 unknown :-1 s=BANNER_CONNECTING pgs=0 cs=0 l=1 rev1=0 crypto rx=0 tx=0 comp rx=0 tx=0)._handle_peer_banner_payload supported=3 required=0
2024-03-16T09:16:26.437 INFO:teuthology.orchestra.run.smithi132.stdout:/usr/bin/ceph: stderr
2024-03-16T09:16:25.560+0000 7fedd77fe700 1 --2- >> [v2:172.21.15.132:3300/0,v1:172.21.15.132:6789/0] conn(0x7fedd8103cb0 0x7fedd8199790 unknown :-1 s=HELLO_CONNECTING pgs=0 cs=0 l=1 rev1=1 crypto rx=0 tx=0 comp rx=0 tx=0).handle_hello peer v2:172.21.15.132:3300/0 says I am v2:172.21.15.132:58882/0 (socket says 172.21.15.132:58882)
2024-03-16T09:16:26.437 INFO:teuthology.orchestra.run.smithi132.stdout:/usr/bin/ceph: stderr
2024-03-16T09:16:25.560+0000 7fedd77fe700 1 -- 172.21.15.132:0/1215972735 learned_addr learned my addr 172.21.15.132:0/1215972735 (peer_addr_for_me v2:172.21.15.132:0/0)
2024-03-16T09:16:26.437 INFO:teuthology.orchestra.run.smithi132.stdout:/usr/bin/ceph: stderr
2024-03-16T09:16:25.561+0000 7fedd77fe700 1 -- 172.21.15.132:0/1215972735 --> [v2:172.21.15.132:3300/0,v1:172.21.15.132:6789/0] -- mon_subscribe({config=0+,monmap=0+}) v3 -- 0x7fedc8009550 con 0x7fedd8103cb0
2024-03-16T09:16:26.437 INFO:teuthology.orchestra.run.smithi132.stdout:/usr/bin/ceph: stderr
2024-03-16T09:16:25.561+0000 7fedd77fe700 1 --2- 172.21.15.132:0/1215972735 >> [v2:172.21.15.132:3300/0,v1:172.21.15.132:6789/0] conn(0x7fedd8103cb0 0x7fedd8199790 secure :-1 s=READY pgs=64 cs=0 l=1 rev1=1 crypto rx=0x7fedc8011670 tx=0x7fedc8011aa0 comp rx=0 tx=0).ready entity=mon.0 client_cookie=0 server_cookie=0 in_seq=0 out_seq=0
2024-03-16T09:16:26.437 INFO:teuthology.orchestra.run.smithi132.stdout:/usr/bin/ceph: stderr
2024-03-16T09:16:25.561+0000 7fedd4ff9700 1 -- 172.21.15.132:0/1215972735 <== mon.0 v2:172.21.15.132:3300/0 1 ==== mon_map magic: 0 v1 ==== 229+0+0 (secure 0 0 0) 0x7fedc80039c0 con 0x7fedd8103cb0
2024-03-16T09:16:26.437 INFO:teuthology.orchestra.run.smithi132.stdout:/usr/bin/ceph: stderr
2024-03-16T09:16:25.561+0000 7fedd4ff9700 1 -- 172.21.15.132:0/1215972735 <== mon.0 v2:172.21.15.132:3300/0 2 ==== config(27 keys) v1 ==== 1101+0+0 (secure 0 0 0) 0x7fedc8003b20 con 0x7fedd8103cb0
2024-03-16T09:16:26.437 INFO:teuthology.orchestra.run.smithi132.stdout:/usr/bin/ceph: stderr
2024-03-16T09:16:25.561+0000 7fedddde2700 1 -- 172.21.15.132:0/1215972735 --> [v2:172.21.15.132:3300/0,v1:172.21.15.132:6789/0] -- mon_subscribe({mgrmap=0+}) v3 -- 0x7fedd8199ed0 con 0x7fedd8103cb0
2024-03-16T09:16:26.437 INFO:teuthology.orchestra.run.smithi132.stdout:/usr/bin/ceph: stderr
2024-03-16T09:16:25.561+0000 7fedd4ff9700 1 -- 172.21.15.132:0/1215972735 <== mon.0 v2:172.21.15.132:3300/0 3 ==== mon_map magic: 0 v1 ==== 229+0+0 (secure 0 0 0) 0x7fedc80247f0 con 0x7fedd8103cb0
2024-03-16T09:16:26.437 INFO:teuthology.orchestra.run.smithi132.stdout:/usr/bin/ceph: stderr
2024-03-16T09:16:25.561+0000 7fedddde2700 1 -- 172.21.15.132:0/1215972735 --> [v2:172.21.15.132:3300/0,v1:172.21.15.132:6789/0] -- mon_subscribe({osdmap=0}) v3 -- 0x7fedd819a370 con 0x7fedd8103cb0
2024-03-16T09:16:26.437 INFO:teuthology.orchestra.run.smithi132.stdout:/usr/bin/ceph: stderr
2024-03-16T09:16:25.562+0000 7fedd4ff9700 1 -- 172.21.15.132:0/1215972735 <== mon.0 v2:172.21.15.132:3300/0 4 ==== mgrmap(e 8) v1 ==== 45084+0+0 (secure 0 0 0) 0x7fedc801a430 con 0x7fedd8103cb0
2024-03-16T09:16:26.437 INFO:teuthology.orchestra.run.smithi132.stdout:/usr/bin/ceph: stderr
2024-03-16T09:16:25.562+0000 7fedddde2700 1 -- 172.21.15.132:0/1215972735 --> [v2:172.21.15.132:3300/0,v1:172.21.15.132:6789/0] -- mon_command({"prefix": "get_command_descriptions"} v 0) v1 -- 0x7fedd8062380 con 0x7fedd8103cb0
2024-03-16T09:16:26.438 INFO:teuthology.orchestra.run.smithi132.stdout:/usr/bin/ceph: stderr
2024-03-16T09:16:25.562+0000 7fedd4ff9700 1 --2- 172.21.15.132:0/1215972735 >> [v2:172.21.15.132:6800/3331199339,v1:172.21.15.132:6801/3331199339] conn(0x7fedc0038400 0x7fedc003a8b0 unknown :-1 s=NONE pgs=0 cs=0 l=1 rev1=0 crypto rx=0 tx=0 comp rx=0 tx=0).connect
2024-03-16T09:16:26.438 INFO:teuthology.orchestra.run.smithi132.stdout:/usr/bin/ceph: stderr
2024-03-16T09:16:25.562+0000 7fedd4ff9700 1 -- 172.21.15.132:0/1215972735 <== mon.0 v2:172.21.15.132:3300/0 5 ==== osd_map(2..2 src has 1..2) v4 ==== 940+0+0 (secure 0 0 0) 0x7fedc804c270 con 0x7fedd8103cb0
2024-03-16T09:16:26.438 INFO:teuthology.orchestra.run.smithi132.stdout:/usr/bin/ceph: stderr
2024-03-16T09:16:25.562+0000 7fedd6ffd700 1 --2- 172.21.15.132:0/1215972735 >> [v2:172.21.15.132:6800/3331199339,v1:172.21.15.132:6801/3331199339] conn(0x7fedc0038400 0x7fedc003a8b0 unknown :-1 s=BANNER_CONNECTING pgs=0 cs=0 l=1 rev1=0 crypto rx=0 tx=0 comp rx=0 tx=0)._handle_peer_banner_payload supported=3 required=0
2024-03-16T09:16:26.438 INFO:teuthology.orchestra.run.smithi132.stdout:/usr/bin/ceph: stderr
2024-03-16T09:16:25.563+0000 7fedd6ffd700 1 --2- 172.21.15.132:0/1215972735 >> [v2:172.21.15.132:6800/3331199339,v1:172.21.15.132:6801/3331199339] conn(0x7fedc0038400 0x7fedc003a8b0 secure :-1 s=READY pgs=20 cs=0 l=1 rev1=1 crypto rx=0x7fedcc006fd0 tx=0x7fedcc006e40 comp rx=0 tx=0).ready entity=mgr.14120 client_cookie=0 server_cookie=0 in_seq=0 out_seq=0
2024-03-16T09:16:26.438 INFO:teuthology.orchestra.run.smithi132.stdout:/usr/bin/ceph: stderr
2024-03-16T09:16:25.567+0000 7fedd4ff9700 1 -- 172.21.15.132:0/1215972735 <== mon.0 v2:172.21.15.132:3300/0 6 ==== mon_command_ack([{"prefix": "get_command_descriptions"}]=0 v0) v1 ==== 72+0+177933 (secure 0 0 0) 0x7fedc801a6e0 con 0x7fedd8103cb0
2024-03-16T09:16:26.438 INFO:teuthology.orchestra.run.smithi132.stdout:/usr/bin/ceph: stderr
2024-03-16T09:16:25.755+0000 7fedddde2700 1 -- 172.21.15.132:0/1215972735 --> [v2:172.21.15.132:3300/0,v1:172.21.15.132:6789/0] -- mon_command([{prefix=config set, name=mgr/cephadm/container_init}] v 0) v1 -- 0x7fedd819d270 con 0x7fedd8103cb0
2024-03-16T09:16:26.438 INFO:teuthology.orchestra.run.smithi132.stdout:/usr/bin/ceph: stderr
2024-03-16T09:16:25.759+0000 7fedd4ff9700 1 -- 172.21.15.132:0/1215972735 <== mon.0 v2:172.21.15.132:3300/0 7 ==== mon_command_ack([{prefix=config set, name=mgr/cephadm/container_init}]=0 v7)=0 v7) v1 ==== 142+0+0 (secure 0 0 0) 0x7fedc8018350 con 0x7fedd8103cb0
2024-03-16T09:16:26.438 INFO:teuthology.orchestra.run.smithi132.stdout:/usr/bin/ceph: stderr
2024-03-16T09:16:25.762+0000 7fedddde2700 1 -- 172.21.15.132:0/1215972735 >> [v2:172.21.15.132:6800/3331199339,v1:172.21.15.132:6801/3331199339] conn(0x7fedc0038400 msgr2=0x7fedc003a8b0 secure :-1 s=STATE_CONNECTION_ESTABLISHED l=1).mark_down
2024-03-16T09:16:26.438 INFO:teuthology.orchestra.run.smithi132.stdout:/usr/bin/ceph: stderr
2024-03-16T09:16:25.762+0000 7fedddde2700 1 --2- 172.21.15.132:0/1215972735 >> [v2:172.21.15.132:6800/3331199339,v1:172.21.15.132:6801/3331199339] conn(0x7fedc0038400 0x7fedc003a8b0 secure :-1 s=READY pgs=20 cs=0 l=1 rev1=1 crypto rx=0x7fedcc006fd0 tx=0x7fedcc006e40 comp rx=0 tx=0).stop
2024-03-16T09:16:26.438 INFO:teuthology.orchestra.run.smithi132.stdout:/usr/bin/ceph: stderr
2024-03-16T09:16:25.762+0000 7fedddde2700 1 -- 172.21.15.132:0/1215972735 >> [v2:172.21.15.132:3300/0,v1:172.21.15.132:6789/0] conn(0x7fedd8103cb0 msgr2=0x7fedd8199790 secure :-1 s=STATE_CONNECTION_ESTABLISHED l=1).mark_down
2024-03-16T09:16:26.438 INFO:teuthology.orchestra.run.smithi132.stdout:/usr/bin/ceph: stderr
2024-03-16T09:16:25.762+0000 7fedddde2700 1 --2- 172.21.15.132:0/1215972735 >> [v2:172.21.15.132:3300/0,v1:172.21.15.132:6789/0] conn(0x7fedd8103cb0 0x7fedd8199790 secure :-1 s=READY pgs=64 cs=0 l=1 rev1=1 crypto rx=0x7fedc8011670 tx=0x7fedc8011aa0 comp rx=0 tx=0).stop
2024-03-16T09:16:26.438 INFO:teuthology.orchestra.run.smithi132.stdout:/usr/bin/ceph: stderr
2024-03-16T09:16:25.762+0000 7fedddde2700 1 -- 172.21.15.132:0/1215972735 shutdown_connections
2024-03-16T09:16:26.438 INFO:teuthology.orchestra.run.smithi132.stdout:/usr/bin/ceph: stderr
2024-03-16T09:16:25.762+0000 7fedddde2700 1 --2- 172.21.15.132:0/1215972735 >> [v2:172.21.15.132:6800/3331199339,v1:172.21.15.132:6801/3331199339] conn(0x7fedc0038400 0x7fedc003a8b0 unknown :-1 s=CLOSED pgs=20 cs=0 l=1 rev1=1 crypto rx=0 tx=0 comp rx=0 tx=0).stop
2024-03-16T09:16:26.439 INFO:teuthology.orchestra.run.smithi132.stdout:/usr/bin/ceph: stderr
2024-03-16T09:16:25.762+0000 7fedddde2700 1 --2- 172.21.15.132:0/1215972735 >> [v2:172.21.15.132:3300/0,v1:172.21.15.132:6789/0] conn(0x7fedd8103cb0 0x7fedd8199790 unknown :-1 s=CLOSED pgs=64 cs=0 l=1 rev1=1 crypto rx=0 tx=0 comp rx=0 tx=0).stop
2024-03-16T09:16:26.439 INFO:teuthology.orchestra.run.smithi132.stdout:/usr/bin/ceph: stderr
2024-03-16T09:16:25.762+0000 7fedddde2700 1 -- 172.21.15.132:0/1215972735 >> 172.21.15.132:0/1215972735 conn(0x7fedd80ff670 msgr2=0x7fedd8100d70 unknown :-1 s=STATE_NONE l=0).mark_down
2024-03-16T09:16:26.439 INFO:teuthology.orchestra.run.smithi132.stdout:/usr/bin/ceph: stderr
2024-03-16T09:16:25.762+0000 7fedddde2700 1 -- 172.21.15.132:0/1215972735 shutdown_connections
2024-03-16T09:16:26.439 INFO:teuthology.orchestra.run.smithi132.stdout:/usr/bin/ceph: stderr
2024-03-16T09:16:25.762+0000 7fedddde2700 1 -- 172.21.15.132:0/1215972735 wait complete.
2024-03-16T09:16:26.854 INFO:journalctl@ceph.mon.smithi132.smithi132.stdout:Mar 16 09:16:26 smithi132 ceph-mon[29192]: from='client.? 172.21.15.132:0/1215972735' entity='client.admin'
2024-03-16T09:16:27.569 INFO:teuthology.orchestra.run.smithi132.stdout:/usr/bin/ceph: stderr
2024-03-16T09:16:26.862+0000 7fa76cb25700 1 Processor -- start
2024-03-16T09:16:27.569 INFO:teuthology.orchestra.run.smithi132.stdout:/usr/bin/ceph: stderr
2024-03-16T09:16:26.862+0000 7fa76cb25700 1 -- start start
2024-03-16T09:16:27.569 INFO:teuthology.orchestra.run.smithi132.stdout:/usr/bin/ceph: stderr
2024-03-16T09:16:26.862+0000 7fa76cb25700 1 --2- >> [v2:172.21.15.132:3300/0,v1:172.21.15.132:6789/0] conn(0x7fa7681048e0 0x7fa768104cf0 unknown :-1 s=NONE pgs=0 cs=0 l=0 rev1=0 crypto rx=0 tx=0 comp rx=0 tx=0).connect
2024-03-16T09:16:27.569 INFO:teuthology.orchestra.run.smithi132.stdout:/usr/bin/ceph: stderr
2024-03-16T09:16:26.862+0000 7fa76cb25700 1 -- --> [v2:172.21.15.132:3300/0,v1:172.21.15.132:6789/0] -- mon_getmap magic: 0 v1 -- 0x7fa768105230 con 0x7fa7681048e0
2024-03-16T09:16:27.569 INFO:teuthology.orchestra.run.smithi132.stdout:/usr/bin/ceph: stderr
2024-03-16T09:16:26.862+0000 7fa76659c700 1 --2- >> [v2:172.21.15.132:3300/0,v1:172.21.15.132:6789/0] conn(0x7fa7681048e0 0x7fa768104cf0 unknown :-1 s=BANNER_CONNECTING pgs=0 cs=0 l=0 rev1=0 crypto rx=0 tx=0 comp rx=0 tx=0)._handle_peer_banner_payload supported=3 required=0
2024-03-16T09:16:27.569 INFO:teuthology.orchestra.run.smithi132.stdout:/usr/bin/ceph: stderr
2024-03-16T09:16:26.862+0000 7fa76659c700 1 --2- >> [v2:172.21.15.132:3300/0,v1:172.21.15.132:6789/0] conn(0x7fa7681048e0 0x7fa768104cf0 unknown :-1 s=HELLO_CONNECTING pgs=0 cs=0 l=0 rev1=1 crypto rx=0 tx=0 comp rx=0 tx=0).handle_hello peer v2:172.21.15.132:3300/0 says I am v2:172.21.15.132:58894/0 (socket says 172.21.15.132:58894)
2024-03-16T09:16:27.570 INFO:teuthology.orchestra.run.smithi132.stdout:/usr/bin/ceph: stderr
2024-03-16T09:16:26.862+0000 7fa76659c700 1 -- 172.21.15.132:0/4162411495 learned_addr learned my addr 172.21.15.132:0/4162411495 (peer_addr_for_me v2:172.21.15.132:0/0)
2024-03-16T09:16:27.570 INFO:teuthology.orchestra.run.smithi132.stdout:/usr/bin/ceph: stderr
2024-03-16T09:16:26.863+0000 7fa76659c700 1 -- 172.21.15.132:0/4162411495 --> [v2:172.21.15.132:3300/0,v1:172.21.15.132:6789/0] -- mon_subscribe({config=0+,monmap=0+}) v3 -- 0x7fa768105370 con 0x7fa7681048e0
2024-03-16T09:16:27.570 INFO:teuthology.orchestra.run.smithi132.stdout:/usr/bin/ceph: stderr
2024-03-16T09:16:26.863+0000 7fa76659c700 1 --2- 172.21.15.132:0/4162411495 >> [v2:172.21.15.132:3300/0,v1:172.21.15.132:6789/0] conn(0x7fa7681048e0 0x7fa768104cf0 secure :-1 s=READY pgs=65 cs=0 l=1 rev1=1 crypto rx=0x7fa75800bb40 tx=0x7fa75800be50 comp rx=0 tx=0).ready entity=mon.0 client_cookie=fd0f0a27d890859 server_cookie=0 in_seq=0 out_seq=0
2024-03-16T09:16:27.570 INFO:teuthology.orchestra.run.smithi132.stdout:/usr/bin/ceph: stderr
2024-03-16T09:16:26.863+0000 7fa765d9b700 1 -- 172.21.15.132:0/4162411495 <== mon.0 v2:172.21.15.132:3300/0 1 ==== mon_map magic: 0 v1 ==== 229+0+0 (secure 0 0 0) 0x7fa75800dc00 con 0x7fa7681048e0
2024-03-16T09:16:27.570 INFO:teuthology.orchestra.run.smithi132.stdout:/usr/bin/ceph: stderr
2024-03-16T09:16:26.863+0000 7fa765d9b700 1 -- 172.21.15.132:0/4162411495 <== mon.0 v2:172.21.15.132:3300/0 2 ==== config(27 keys) v1 ==== 1101+0+0 (secure 0 0 0) 0x7fa7580044e0 con 0x7fa7681048e0
2024-03-16T09:16:27.570 INFO:teuthology.orchestra.run.smithi132.stdout:/usr/bin/ceph: stderr
2024-03-16T09:16:26.863+0000 7fa765d9b700 1 -- 172.21.15.132:0/4162411495 <== mon.0 v2:172.21.15.132:3300/0 3 ==== mon_map magic: 0 v1 ==== 229+0+0 (secure 0 0 0) 0x7fa758010470 con 0x7fa7681048e0
2024-03-16T09:16:27.570 INFO:teuthology.orchestra.run.smithi132.stdout:/usr/bin/ceph: stderr
2024-03-16T09:16:26.864+0000 7fa76cb25700 1 -- 172.21.15.132:0/4162411495 >> [v2:172.21.15.132:3300/0,v1:172.21.15.132:6789/0] conn(0x7fa7681048e0 msgr2=0x7fa768104cf0 secure :-1 s=STATE_CONNECTION_ESTABLISHED l=1).mark_down
2024-03-16T09:16:27.570 INFO:teuthology.orchestra.run.smithi132.stdout:/usr/bin/ceph: stderr
2024-03-16T09:16:26.864+0000 7fa76cb25700 1 --2- 172.21.15.132:0/4162411495 >> [v2:172.21.15.132:3300/0,v1:172.21.15.132:6789/0] conn(0x7fa7681048e0 0x7fa768104cf0 secure :-1 s=READY pgs=65 cs=0 l=1 rev1=1 crypto rx=0x7fa75800bb40 tx=0x7fa75800be50 comp rx=0 tx=0).stop
2024-03-16T09:16:27.570 INFO:teuthology.orchestra.run.smithi132.stdout:/usr/bin/ceph: stderr
2024-03-16T09:16:26.864+0000 7fa76cb25700 1 -- 172.21.15.132:0/4162411495 shutdown_connections
2024-03-16T09:16:27.570 INFO:teuthology.orchestra.run.smithi132.stdout:/usr/bin/ceph: stderr
2024-03-16T09:16:26.864+0000 7fa76cb25700 1 --2- 172.21.15.132:0/4162411495 >> [v2:172.21.15.132:3300/0,v1:172.21.15.132:6789/0] conn(0x7fa7681048e0 0x7fa768104cf0 unknown :-1 s=CLOSED pgs=65 cs=0 l=1 rev1=1 crypto rx=0 tx=0 comp rx=0 tx=0).stop
2024-03-16T09:16:27.570 INFO:teuthology.orchestra.run.smithi132.stdout:/usr/bin/ceph: stderr
2024-03-16T09:16:26.864+0000 7fa76cb25700 1 -- 172.21.15.132:0/4162411495 >> 172.21.15.132:0/4162411495 conn(0x7fa7680fff10 msgr2=0x7fa768102360 unknown :-1 s=STATE_NONE l=0).mark_down
2024-03-16T09:16:27.571 INFO:teuthology.orchestra.run.smithi132.stdout:/usr/bin/ceph: stderr
2024-03-16T09:16:26.864+0000 7fa76cb25700 1 -- 172.21.15.132:0/4162411495 shutdown_connections
2024-03-16T09:16:27.571 INFO:teuthology.orchestra.run.smithi132.stdout:/usr/bin/ceph: stderr
2024-03-16T09:16:26.864+0000 7fa76cb25700 1 -- 172.21.15.132:0/4162411495 wait complete.
2024-03-16T09:16:27.571 INFO:teuthology.orchestra.run.smithi132.stdout:/usr/bin/ceph: stderr
2024-03-16T09:16:26.864+0000 7fa76cb25700 1 Processor -- start
2024-03-16T09:16:27.571 INFO:teuthology.orchestra.run.smithi132.stdout:/usr/bin/ceph: stderr
2024-03-16T09:16:26.865+0000 7fa76cb25700 1 -- start start
2024-03-16T09:16:27.571 INFO:teuthology.orchestra.run.smithi132.stdout:/usr/bin/ceph: stderr
2024-03-16T09:16:26.865+0000 7fa76cb25700 1 --2- >> [v2:172.21.15.132:3300/0,v1:172.21.15.132:6789/0] conn(0x7fa7681048e0 0x7fa76819b960 unknown :-1 s=NONE pgs=0 cs=0 l=1 rev1=0 crypto rx=0 tx=0 comp rx=0 tx=0).connect
2024-03-16T09:16:27.571 INFO:teuthology.orchestra.run.smithi132.stdout:/usr/bin/ceph: stderr
