2024-03-16T09:32:57.259 INFO:journalctl@ceph.mgr.x.smithi077.stdout:Mar 16 09:32:56 smithi077 ceph-e287e1d6-e377-11ee-95c9-87774f69a715-mgr-x[32403]:
2024-03-16T09:32:56.798+0000 7fe39f5dd200 -1 mgr[py] Module telemetry has missing NOTIFY_TYPES member
2024-03-16T09:32:57.682 INFO:journalctl@ceph.mgr.x.smithi077.stdout:Mar 16 09:32:57 smithi077 ceph-e287e1d6-e377-11ee-95c9-87774f69a715-mgr-x[32403]:
2024-03-16T09:32:57.361+0000 7fe39f5dd200 -1 mgr[py] Module prometheus has missing NOTIFY_TYPES member
2024-03-16T09:32:57.682 INFO:journalctl@ceph.mgr.x.smithi077.stdout:Mar 16 09:32:57 smithi077 ceph-e287e1d6-e377-11ee-95c9-87774f69a715-mgr-x[32403]:
2024-03-16T09:32:57.460+0000 7fe39f5dd200 -1 mgr[py] Module status has missing NOTIFY_TYPES member
2024-03-16T09:32:57.682 INFO:journalctl@ceph.mgr.x.smithi077.stdout:Mar 16 09:32:57 smithi077 ceph-e287e1d6-e377-11ee-95c9-87774f69a715-mgr-x[32403]:
2024-03-16T09:32:57.679+0000 7fe39f5dd200 -1 mgr[py] Module nfs has missing NOTIFY_TYPES member
2024-03-16T09:32:58.009 INFO:journalctl@ceph.mon.a.smithi077.stdout:Mar 16 09:32:57 smithi077 ceph-mon[32171]: Active manager daemon x restarted
2024-03-16T09:32:58.009 INFO:journalctl@ceph.mon.a.smithi077.stdout:Mar 16 09:32:57 smithi077 ceph-mon[32171]: Activating manager daemon x
2024-03-16T09:32:58.009 INFO:journalctl@ceph.mon.a.smithi077.stdout:Mar 16 09:32:57 smithi077 ceph-mon[32171]: osdmap e3: 0 total, 0 up, 0 in
2024-03-16T09:32:58.009 INFO:journalctl@ceph.mon.a.smithi077.stdout:Mar 16 09:32:57 smithi077 ceph-mon[32171]: mgrmap e10: x(active, starting, since 0.00326038s)
2024-03-16T09:32:58.009 INFO:journalctl@ceph.mon.a.smithi077.stdout:Mar 16 09:32:57 smithi077 ceph-mon[32171]: from='mgr.14152 172.21.15.77:0/1379663073' entity='mgr.x' cmd=[{"prefix": "mon metadata", "id": "a"}]: dispatch
2024-03-16T09:32:58.009 INFO:journalctl@ceph.mon.a.smithi077.stdout:Mar 16 09:32:57 smithi077 ceph-mon[32171]: from='mgr.14152 172.21.15.77:0/1379663073' entity='mgr.x' cmd=[{"prefix": "mgr metadata", "who": "x", "id": "x"}]: dispatch
2024-03-16T09:32:58.009 INFO:journalctl@ceph.mon.a.smithi077.stdout:Mar 16 09:32:57 smithi077 ceph-mon[32171]: from='mgr.14152 172.21.15.77:0/1379663073' entity='mgr.x' cmd=[{"prefix": "mds metadata"}]: dispatch
2024-03-16T09:32:58.009 INFO:journalctl@ceph.mon.a.smithi077.stdout:Mar 16 09:32:57 smithi077 ceph-mon[32171]: from='mgr.14152 172.21.15.77:0/1379663073' entity='mgr.x' cmd=[{"prefix": "osd metadata"}]: dispatch
2024-03-16T09:32:58.010 INFO:journalctl@ceph.mon.a.smithi077.stdout:Mar 16 09:32:57 smithi077 ceph-mon[32171]: from='mgr.14152 172.21.15.77:0/1379663073' entity='mgr.x' cmd=[{"prefix": "mon metadata"}]: dispatch
2024-03-16T09:32:58.010 INFO:journalctl@ceph.mon.a.smithi077.stdout:Mar 16 09:32:57 smithi077 ceph-mon[32171]: Manager daemon x is now available
2024-03-16T09:32:58.010 INFO:journalctl@ceph.mon.a.smithi077.stdout:Mar 16 09:32:57 smithi077 ceph-mon[32171]: from='mgr.14152 172.21.15.77:0/1379663073' entity='mgr.x' cmd=[{"prefix": "config dump", "format": "json"}]: dispatch
2024-03-16T09:32:58.010 INFO:journalctl@ceph.mon.a.smithi077.stdout:Mar 16 09:32:57 smithi077 ceph-mon[32171]: from='mgr.14152 172.21.15.77:0/1379663073' entity='mgr.x' cmd=[{"prefix": "config dump", "format": "json"}]: dispatch
2024-03-16T09:32:58.963 INFO:journalctl@ceph.mon.a.smithi077.stdout:Mar 16 09:32:58 smithi077 ceph-mon[32171]: from='mgr.14152 172.21.15.77:0/1379663073' entity='mgr.x' cmd=[{"prefix":"config rm","who":"mgr","name":"mgr/rbd_support/x/mirror_snapshot_schedule"}]: dispatch
2024-03-16T09:32:58.963 INFO:journalctl@ceph.mon.a.smithi077.stdout:Mar 16 09:32:58 smithi077 ceph-mon[32171]: from='mgr.14152 172.21.15.77:0/1379663073' entity='mgr.x' cmd=[{"prefix":"config rm","who":"mgr","name":"mgr/rbd_support/x/trash_purge_schedule"}]: dispatch
2024-03-16T09:32:58.963 INFO:journalctl@ceph.mon.a.smithi077.stdout:Mar 16 09:32:58 smithi077 ceph-mon[32171]: mgrmap e11: x(active, since 1.00569s)
2024-03-16T09:32:59.662 INFO:teuthology.orchestra.run.smithi077.stdout:/usr/bin/ceph: stdout {
2024-03-16T09:32:59.662 INFO:teuthology.orchestra.run.smithi077.stdout:/usr/bin/ceph: stdout "mgrmap_epoch": 11,
2024-03-16T09:32:59.663 INFO:teuthology.orchestra.run.smithi077.stdout:/usr/bin/ceph: stdout "initialized": true
2024-03-16T09:32:59.663 INFO:teuthology.orchestra.run.smithi077.stdout:/usr/bin/ceph: stdout }
2024-03-16T09:32:59.663 INFO:teuthology.orchestra.run.smithi077.stdout:/usr/bin/ceph: stderr
2024-03-16T09:32:53.135+0000 7fdad7e9b700 1 Processor -- start
2024-03-16T09:32:59.663 INFO:teuthology.orchestra.run.smithi077.stdout:/usr/bin/ceph: stderr
2024-03-16T09:32:53.135+0000 7fdad7e9b700 1 -- start start
2024-03-16T09:32:59.663 INFO:teuthology.orchestra.run.smithi077.stdout:/usr/bin/ceph: stderr
2024-03-16T09:32:53.135+0000 7fdad7e9b700 1 --2- >> [v2:172.21.15.77:3300/0,v1:172.21.15.77:6789/0] conn(0x7fdad0108780 0x7fdad010ab70 unknown :-1 s=NONE pgs=0 cs=0 l=0 rev1=0 crypto rx=0 tx=0 comp rx=0 tx=0).connect
2024-03-16T09:32:59.663 INFO:teuthology.orchestra.run.smithi077.stdout:/usr/bin/ceph: stderr
2024-03-16T09:32:53.135+0000 7fdad7e9b700 1 -- --> [v2:172.21.15.77:3300/0,v1:172.21.15.77:6789/0] -- mon_getmap magic: 0 -- 0x7fdad007bdf0 con 0x7fdad0108780
2024-03-16T09:32:59.663 INFO:teuthology.orchestra.run.smithi077.stdout:/usr/bin/ceph: stderr
2024-03-16T09:32:53.136+0000 7fdad5c37700 1 --2- >> [v2:172.21.15.77:3300/0,v1:172.21.15.77:6789/0] conn(0x7fdad0108780 0x7fdad010ab70 unknown :-1 s=BANNER_CONNECTING pgs=0 cs=0 l=0 rev1=0 crypto rx=0 tx=0 comp rx=0 tx=0)._handle_peer_banner_payload supported=3 required=0
2024-03-16T09:32:59.663 INFO:teuthology.orchestra.run.smithi077.stdout:/usr/bin/ceph: stderr
2024-03-16T09:32:53.136+0000 7fdad5c37700 1 --2- >> [v2:172.21.15.77:3300/0,v1:172.21.15.77:6789/0] conn(0x7fdad0108780 0x7fdad010ab70 unknown :-1 s=HELLO_CONNECTING pgs=0 cs=0 l=0 rev1=1 crypto rx=0 tx=0 comp rx=0 tx=0).handle_hello peer v2:172.21.15.77:3300/0 says I am v2:172.21.15.77:56082/0 (socket says 172.21.15.77:56082)
2024-03-16T09:32:59.663 INFO:teuthology.orchestra.run.smithi077.stdout:/usr/bin/ceph: stderr
2024-03-16T09:32:53.136+0000 7fdad5c37700 1 -- 172.21.15.77:0/569208532 learned_addr learned my addr 172.21.15.77:0/569208532 (peer_addr_for_me v2:172.21.15.77:0/0)
2024-03-16T09:32:59.663 INFO:teuthology.orchestra.run.smithi077.stdout:/usr/bin/ceph: stderr
2024-03-16T09:32:53.136+0000 7fdad5c37700 1 -- 172.21.15.77:0/569208532 --> [v2:172.21.15.77:3300/0,v1:172.21.15.77:6789/0] -- mon_subscribe({config=0+,monmap=0+}) -- 0x7fdad010b0b0 con 0x7fdad0108780
2024-03-16T09:32:59.663 INFO:teuthology.orchestra.run.smithi077.stdout:/usr/bin/ceph: stderr
2024-03-16T09:32:53.136+0000 7fdad5c37700 1 --2- 172.21.15.77:0/569208532 >> [v2:172.21.15.77:3300/0,v1:172.21.15.77:6789/0] conn(0x7fdad0108780 0x7fdad010ab70 secure :-1 s=READY pgs=61 cs=0 l=1 rev1=1 crypto rx=0x7fdacc0098a0 tx=0x7fdacc009bb0 comp rx=0 tx=0).ready entity=mon.0 client_cookie=dc52478aca6841aa server_cookie=0 in_seq=0 out_seq=0
2024-03-16T09:32:59.664 INFO:teuthology.orchestra.run.smithi077.stdout:/usr/bin/ceph: stderr
2024-03-16T09:32:53.136+0000 7fdad4c35700 1 -- 172.21.15.77:0/569208532 <== mon.0 v2:172.21.15.77:3300/0 1 ==== mon_map magic: 0 ==== 205+0+0 (secure 0 0 0) 0x7fdacc004160 con 0x7fdad0108780
2024-03-16T09:32:59.664 INFO:teuthology.orchestra.run.smithi077.stdout:/usr/bin/ceph: stderr
2024-03-16T09:32:53.136+0000 7fdad4c35700 1 -- 172.21.15.77:0/569208532 <== mon.0 v2:172.21.15.77:3300/0 2 ==== config(26 keys) ==== 1102+0+0 (secure 0 0 0) 0x7fdacc004300 con 0x7fdad0108780
2024-03-16T09:32:59.664 INFO:teuthology.orchestra.run.smithi077.stdout:/usr/bin/ceph: stderr
2024-03-16T09:32:53.136+0000 7fdad4c35700 1 -- 172.21.15.77:0/569208532 <== mon.0 v2:172.21.15.77:3300/0 3 ==== mon_map magic: 0 ==== 205+0+0 (secure 0 0 0) 0x7fdacc011a50 con 0x7fdad0108780
2024-03-16T09:32:59.664 INFO:teuthology.orchestra.run.smithi077.stdout:/usr/bin/ceph: stderr
2024-03-16T09:32:53.137+0000 7fdad7e9b700 1 -- 172.21.15.77:0/569208532 >> [v2:172.21.15.77:3300/0,v1:172.21.15.77:6789/0] conn(0x7fdad0108780 msgr2=0x7fdad010ab70 secure :-1 s=STATE_CONNECTION_ESTABLISHED l=1).mark_down
2024-03-16T09:32:59.664 INFO:teuthology.orchestra.run.smithi077.stdout:/usr/bin/ceph: stderr
2024-03-16T09:32:53.137+0000 7fdad7e9b700 1 --2- 172.21.15.77:0/569208532 >> [v2:172.21.15.77:3300/0,v1:172.21.15.77:6789/0] conn(0x7fdad0108780 0x7fdad010ab70 secure :-1 s=READY pgs=61 cs=0 l=1 rev1=1 crypto rx=0x7fdacc0098a0 tx=0x7fdacc009bb0 comp rx=0 tx=0).stop
2024-03-16T09:32:59.664 INFO:teuthology.orchestra.run.smithi077.stdout:/usr/bin/ceph: stderr
2024-03-16T09:32:53.137+0000 7fdad7e9b700 1 -- 172.21.15.77:0/569208532 shutdown_connections
2024-03-16T09:32:59.664 INFO:teuthology.orchestra.run.smithi077.stdout:/usr/bin/ceph: stderr
2024-03-16T09:32:53.137+0000 7fdad7e9b700 1 --2- 172.21.15.77:0/569208532 >> [v2:172.21.15.77:3300/0,v1:172.21.15.77:6789/0] conn(0x7fdad0108780 0x7fdad010ab70 unknown :-1 s=CLOSED pgs=61 cs=0 l=1 rev1=1 crypto rx=0 tx=0 comp rx=0 tx=0).stop
2024-03-16T09:32:59.664 INFO:teuthology.orchestra.run.smithi077.stdout:/usr/bin/ceph: stderr
2024-03-16T09:32:53.137+0000 7fdad7e9b700 1 -- 172.21.15.77:0/569208532 >> 172.21.15.77:0/569208532 conn(0x7fdad01021d0 msgr2=0x7fdad01045f0 unknown :-1 s=STATE_NONE l=0).mark_down
2024-03-16T09:32:59.664 INFO:teuthology.orchestra.run.smithi077.stdout:/usr/bin/ceph: stderr
2024-03-16T09:32:53.137+0000 7fdad7e9b700 1 -- 172.21.15.77:0/569208532 shutdown_connections
2024-03-16T09:32:59.664 INFO:teuthology.orchestra.run.smithi077.stdout:/usr/bin/ceph: stderr
2024-03-16T09:32:53.137+0000 7fdad7e9b700 1 -- 172.21.15.77:0/569208532 wait complete.
2024-03-16T09:32:59.664 INFO:teuthology.orchestra.run.smithi077.stdout:/usr/bin/ceph: stderr
2024-03-16T09:32:53.138+0000 7fdad7e9b700 1 Processor -- start
2024-03-16T09:32:59.664 INFO:teuthology.orchestra.run.smithi077.stdout:/usr/bin/ceph: stderr
2024-03-16T09:32:53.138+0000 7fdad7e9b700 1 -- start start
2024-03-16T09:32:59.664 INFO:teuthology.orchestra.run.smithi077.stdout:/usr/bin/ceph: stderr
2024-03-16T09:32:53.138+0000 7fdad7e9b700 1 --2- >> [v2:172.21.15.77:3300/0,v1:172.21.15.77:6789/0] conn(0x7fdad0108780 0x7fdad019bac0 unknown :-1 s=NONE pgs=0 cs=0 l=1 rev1=0 crypto rx=0 tx=0 comp rx=0 tx=0).connect
2024-03-16T09:32:59.664 INFO:teuthology.orchestra.run.smithi077.stdout:/usr/bin/ceph: stderr
2024-03-16T09:32:53.138+0000 7fdad7e9b700 1 -- --> [v2:172.21.15.77:3300/0,v1:172.21.15.77:6789/0] -- mon_getmap magic: 0 -- 0x7fdad010c0b0 con 0x7fdad0108780
2024-03-16T09:32:59.665 INFO:teuthology.orchestra.run.smithi077.stdout:/usr/bin/ceph: stderr
2024-03-16T09:32:53.138+0000 7fdad5c37700 1 --2- >> [v2:172.21.15.77:3300/0,v1:172.21.15.77:6789/0] conn(0x7fdad0108780 0x7fdad019bac0 unknown :-1 s=BANNER_CONNECTING pgs=0 cs=0 l=1 rev1=0 crypto rx=0 tx=0 comp rx=0 tx=0)._handle_peer_banner_payload supported=3 required=0
2024-03-16T09:32:59.665 INFO:teuthology.orchestra.run.smithi077.stdout:/usr/bin/ceph: stderr
2024-03-16T09:32:53.138+0000 7fdad5c37700 1 --2- >> [v2:172.21.15.77:3300/0,v1:172.21.15.77:6789/0] conn(0x7fdad0108780 0x7fdad019bac0 unknown :-1 s=HELLO_CONNECTING pgs=0 cs=0 l=1 rev1=1 crypto rx=0 tx=0 comp rx=0 tx=0).handle_hello peer v2:172.21.15.77:3300/0 says I am v2:172.21.15.77:56084/0 (socket says 172.21.15.77:56084)
2024-03-16T09:32:59.665 INFO:teuthology.orchestra.run.smithi077.stdout:/usr/bin/ceph: stderr
2024-03-16T09:32:53.138+0000 7fdad5c37700 1 -- 172.21.15.77:0/3816945926 learned_addr learned my addr 172.21.15.77:0/3816945926 (peer_addr_for_me v2:172.21.15.77:0/0)
2024-03-16T09:32:59.665 INFO:teuthology.orchestra.run.smithi077.stdout:/usr/bin/ceph: stderr
2024-03-16T09:32:53.138+0000 7fdad5c37700 1 -- 172.21.15.77:0/3816945926 --> [v2:172.21.15.77:3300/0,v1:172.21.15.77:6789/0] -- mon_subscribe({config=0+,monmap=0+}) -- 0x7fdad019c000 con 0x7fdad0108780
2024-03-16T09:32:59.665 INFO:teuthology.orchestra.run.smithi077.stdout:/usr/bin/ceph: stderr
2024-03-16T09:32:53.138+0000 7fdad5c37700 1 --2- 172.21.15.77:0/3816945926 >> [v2:172.21.15.77:3300/0,v1:172.21.15.77:6789/0] conn(0x7fdad0108780 0x7fdad019bac0 secure :-1 s=READY pgs=62 cs=0 l=1 rev1=1 crypto rx=0x7fdacc011a20 tx=0x7fdacc011b00 comp rx=0 tx=0).ready entity=mon.0 client_cookie=0 server_cookie=0 in_seq=0 out_seq=0
2024-03-16T09:32:59.665 INFO:teuthology.orchestra.run.smithi077.stdout:/usr/bin/ceph: stderr
2024-03-16T09:32:53.139+0000 7fdac6ffd700 1 -- 172.21.15.77:0/3816945926 <== mon.0 v2:172.21.15.77:3300/0 1 ==== mon_map magic: 0 ==== 205+0+0 (secure 0 0 0) 0x7fdacc0039c0 con 0x7fdad0108780
2024-03-16T09:32:59.665 INFO:teuthology.orchestra.run.smithi077.stdout:/usr/bin/ceph: stderr
2024-03-16T09:32:53.139+0000 7fdac6ffd700 1 -- 172.21.15.77:0/3816945926 <== mon.0 v2:172.21.15.77:3300/0 2 ==== config(26 keys) ==== 1102+0+0 (secure 0 0 0) 0x7fdacc003b60 con 0x7fdad0108780
2024-03-16T09:32:59.665 INFO:teuthology.orchestra.run.smithi077.stdout:/usr/bin/ceph: stderr
2024-03-16T09:32:53.139+0000 7fdad7e9b700 1 -- 172.21.15.77:0/3816945926 --> [v2:172.21.15.77:3300/0,v1:172.21.15.77:6789/0] -- mon_subscribe({mgrmap=0+}) -- 0x7fdad019c290 con 0x7fdad0108780
2024-03-16T09:32:59.665 INFO:teuthology.orchestra.run.smithi077.stdout:/usr/bin/ceph: stderr
2024-03-16T09:32:53.139+0000 7fdac6ffd700 1 -- 172.21.15.77:0/3816945926 <== mon.0 v2:172.21.15.77:3300/0 3 ==== mon_map magic: 0 ==== 205+0+0 (secure 0 0 0) 0x7fdacc01a6b0 con 0x7fdad0108780
2024-03-16T09:32:59.665 INFO:teuthology.orchestra.run.smithi077.stdout:/usr/bin/ceph: stderr
2024-03-16T09:32:53.139+0000 7fdad7e9b700 1 -- 172.21.15.77:0/3816945926 --> [v2:172.21.15.77:3300/0,v1:172.21.15.77:6789/0] -- mon_subscribe({osdmap=0}) -- 0x7fdad019ef80 con 0x7fdad0108780
2024-03-16T09:32:59.665 INFO:teuthology.orchestra.run.smithi077.stdout:/usr/bin/ceph: stderr
2024-03-16T09:32:53.139+0000 7fdac6ffd700 1 -- 172.21.15.77:0/3816945926 <== mon.0 v2:172.21.15.77:3300/0 4 ==== mgrmap(e 9) ==== 46119+0+0 (secure 0 0 0) 0x7fdacc01a9b0 con 0x7fdad0108780
2024-03-16T09:32:59.665 INFO:teuthology.orchestra.run.smithi077.stdout:/usr/bin/ceph: stderr
2024-03-16T09:32:53.140+0000 7fdac6ffd700 1 --2- 172.21.15.77:0/3816945926 >> [v2:172.21.15.77:6800/3741578273,v1:172.21.15.77:6801/3741578273] conn(0x7fdabc038f20 0x7fdabc03b3e0 unknown :-1 s=NONE pgs=0 cs=0 l=1 rev1=0 crypto rx=0 tx=0 comp rx=0 tx=0).connect
2024-03-16T09:32:59.665 INFO:teuthology.orchestra.run.smithi077.stdout:/usr/bin/ceph: stderr
2024-03-16T09:32:53.140+0000 7fdac6ffd700 1 -- 172.21.15.77:0/3816945926 --> [v2:172.21.15.77:6800/3741578273,v1:172.21.15.77:6801/3741578273] -- command(tid 0: {"prefix": "get_command_descriptions"}) -- 0x7fdabc03baf0 con 0x7fdabc038f20
2024-03-16T09:32:59.665 INFO:teuthology.orchestra.run.smithi077.stdout:/usr/bin/ceph: stderr
2024-03-16T09:32:53.140+0000 7fdac6ffd700 1 -- 172.21.15.77:0/3816945926 <== mon.0 v2:172.21.15.77:3300/0 5 ==== osd_map(2..2 src has 1..2) ==== 940+0+0 (secure 0 0 0) 0x7fdacc04e310 con 0x7fdad0108780
2024-03-16T09:32:59.666 INFO:teuthology.orchestra.run.smithi077.stdout:/usr/bin/ceph: stderr
2024-03-16T09:32:53.140+0000 7fdad5436700 1 -- 172.21.15.77:0/3816945926 >> [v2:172.21.15.77:6800/3741578273,v1:172.21.15.77:6801/3741578273] conn(0x7fdabc038f20 msgr2=0x7fdabc03b3e0 unknown :-1 s=STATE_CONNECTING_RE l=1).process reconnect failed to v2:172.21.15.77:6800/3741578273
2024-03-16T09:32:59.666 INFO:teuthology.orchestra.run.smithi077.stdout:/usr/bin/ceph: stderr
2024-03-16T09:32:53.140+0000 7fdad5436700 1 --2- 172.21.15.77:0/3816945926 >> [v2:172.21.15.77:6800/3741578273,v1:172.21.15.77:6801/3741578273] conn(0x7fdabc038f20 0x7fdabc03b3e0 unknown :-1 s=START_CONNECT pgs=0 cs=0 l=1 rev1=0 crypto rx=0 tx=0 comp rx=0 tx=0)._fault waiting 0.200000
2024-03-16T09:32:59.666 INFO:teuthology.orchestra.run.smithi077.stdout:/usr/bin/ceph: stderr
2024-03-16T09:32:53.341+0000 7fdad5436700 1 -- 172.21.15.77:0/3816945926 >> [v2:172.21.15.77:6800/3741578273,v1:172.21.15.77:6801/3741578273] conn(0x7fdabc038f20 msgr2=0x7fdabc03b3e0 unknown :-1 s=STATE_CONNECTING_RE l=1).process reconnect failed to v2:172.21.15.77:6800/3741578273
2024-03-16T09:32:59.666 INFO:teuthology.orchestra.run.smithi077.stdout:/usr/bin/ceph: stderr
2024-03-16T09:32:53.341+0000 7fdad5436700 1 --2- 172.21.15.77:0/3816945926 >> [v2:172.21.15.77:6800/3741578273,v1:172.21.15.77:6801/3741578273] conn(0x7fdabc038f20 0x7fdabc03b3e0 unknown :-1 s=START_CONNECT pgs=0 cs=0 l=1 rev1=0 crypto rx=0 tx=0 comp rx=0 tx=0)._fault waiting 0.400000
2024-03-16T09:32:59.666 INFO:teuthology.orchestra.run.smithi077.stdout:/usr/bin/ceph: stderr
2024-03-16T09:32:53.742+0000 7fdad5436700 1 -- 172.21.15.77:0/3816945926 >> [v2:172.21.15.77:6800/3741578273,v1:172.21.15.77:6801/3741578273] conn(0x7fdabc038f20 msgr2=0x7fdabc03b3e0 unknown :-1 s=STATE_CONNECTING_RE l=1).process reconnect failed to v2:172.21.15.77:6800/3741578273
2024-03-16T09:32:59.666 INFO:teuthology.orchestra.run.smithi077.stdout:/usr/bin/ceph: stderr
2024-03-16T09:32:53.742+0000 7fdad5436700 1 --2- 172.21.15.77:0/3816945926 >> [v2:172.21.15.77:6800/3741578273,v1:172.21.15.77:6801/3741578273] conn(0x7fdabc038f20 0x7fdabc03b3e0 unknown :-1 s=START_CONNECT pgs=0 cs=0 l=1 rev1=0 crypto rx=0 tx=0 comp rx=0 tx=0)._fault waiting 0.800000
2024-03-16T09:32:59.666 INFO:teuthology.orchestra.run.smithi077.stdout:/usr/bin/ceph: stderr
2024-03-16T09:32:54.543+0000 7fdad5436700 1 -- 172.21.15.77:0/3816945926 >> [v2:172.21.15.77:6800/3741578273,v1:172.21.15.77:6801/3741578273] conn(0x7fdabc038f20 msgr2=0x7fdabc03b3e0 unknown :-1 s=STATE_CONNECTING_RE l=1).process reconnect failed to v2:172.21.15.77:6800/3741578273
2024-03-16T09:32:59.666 INFO:teuthology.orchestra.run.smithi077.stdout:/usr/bin/ceph: stderr
2024-03-16T09:32:54.543+0000 7fdad5436700 1 --2- 172.21.15.77:0/3816945926 >> [v2:172.21.15.77:6800/3741578273,v1:172.21.15.77:6801/3741578273] conn(0x7fdabc038f20 0x7fdabc03b3e0 unknown :-1 s=START_CONNECT pgs=0 cs=0 l=1 rev1=0 crypto rx=0 tx=0 comp rx=0 tx=0)._fault waiting 1.600000
2024-03-16T09:32:59.666 INFO:teuthology.orchestra.run.smithi077.stdout:/usr/bin/ceph: stderr
2024-03-16T09:32:56.144+0000 7fdad5436700 1 -- 172.21.15.77:0/3816945926 >> [v2:172.21.15.77:6800/3741578273,v1:172.21.15.77:6801/3741578273] conn(0x7fdabc038f20 msgr2=0x7fdabc03b3e0 unknown :-1 s=STATE_CONNECTING_RE l=1).process reconnect failed to v2:172.21.15.77:6800/3741578273
2024-03-16T09:32:59.666 INFO:teuthology.orchestra.run.smithi077.stdout:/usr/bin/ceph: stderr
2024-03-16T09:32:56.144+0000 7fdad5436700 1 --2- 172.21.15.77:0/3816945926 >> [v2:172.21.15.77:6800/3741578273,v1:172.21.15.77:6801/3741578273] conn(0x7fdabc038f20 0x7fdabc03b3e0 unknown :-1 s=START_CONNECT pgs=0 cs=0 l=1 rev1=0 crypto rx=0 tx=0 comp rx=0 tx=0)._fault waiting 3.200000
2024-03-16T09:32:59.666 INFO:teuthology.orchestra.run.smithi077.stdout:/usr/bin/ceph: stderr
2024-03-16T09:32:57.694+0000 7fdac6ffd700 1 -- 172.21.15.77:0/3816945926 <== mon.0 v2:172.21.15.77:3300/0 6 ==== mgrmap(e 10) ==== 45886+0+0 (secure 0 0 0) 0x7fdacc02d910 con 0x7fdad0108780
2024-03-16T09:32:59.666 INFO:teuthology.orchestra.run.smithi077.stdout:/usr/bin/ceph: stderr
2024-03-16T09:32:57.694+0000 7fdac6ffd700 1 -- 172.21.15.77:0/3816945926 >> [v2:172.21.15.77:6800/3741578273,v1:172.21.15.77:6801/3741578273] conn(0x7fdabc038f20 msgr2=0x7fdabc03b3e0 unknown :-1 s=STATE_CONNECTING l=1).mark_down
2024-03-16T09:32:59.666 INFO:teuthology.orchestra.run.smithi077.stdout:/usr/bin/ceph: stderr
2024-03-16T09:32:57.694+0000 7fdac6ffd700 1 --2- 172.21.15.77:0/3816945926 >> [v2:172.21.15.77:6800/3741578273,v1:172.21.15.77:6801/3741578273] conn(0x7fdabc038f20 0x7fdabc03b3e0 unknown :-1 s=START_CONNECT pgs=0 cs=0 l=1 rev1=0 crypto rx=0 tx=0 comp rx=0 tx=0).stop
2024-03-16T09:32:59.666 INFO:teuthology.orchestra.run.smithi077.stdout:/usr/bin/ceph: stderr
2024-03-16T09:32:58.695+0000 7fdac6ffd700 1 -- 172.21.15.77:0/3816945926 <== mon.0 v2:172.21.15.77:3300/0 7 ==== mgrmap(e 11) ==== 46013+0+0 (secure 0 0 0) 0x7fdacc04f360 con 0x7fdad0108780
2024-03-16T09:32:59.667 INFO:teuthology.orchestra.run.smithi077.stdout:/usr/bin/ceph: stderr
2024-03-16T09:32:58.695+0000 7fdac6ffd700 1 --2- 172.21.15.77:0/3816945926 >> [v2:172.21.15.77:6800/3114858521,v1:172.21.15.77:6801/3114858521] conn(0x7fdabc03c9a0 0x7fdabc03ed90 unknown :-1 s=NONE pgs=0 cs=0 l=1 rev1=0 crypto rx=0 tx=0 comp rx=0 tx=0).connect
2024-03-16T09:32:59.667 INFO:teuthology.orchestra.run.smithi077.stdout:/usr/bin/ceph: stderr
2024-03-16T09:32:58.695+0000 7fdac6ffd700 1 -- 172.21.15.77:0/3816945926 --> [v2:172.21.15.77:6800/3114858521,v1:172.21.15.77:6801/3114858521] -- command(tid 0: {"prefix": "get_command_descriptions"}) -- 0x7fdacc025e70 con 0x7fdabc03c9a0
2024-03-16T09:32:59.667 INFO:teuthology.orchestra.run.smithi077.stdout:/usr/bin/ceph: stderr
2024-03-16T09:32:58.695+0000 7fdad5436700 1 --2- 172.21.15.77:0/3816945926 >> [v2:172.21.15.77:6800/3114858521,v1:172.21.15.77:6801/3114858521] conn(0x7fdabc03c9a0 0x7fdabc03ed90 unknown :-1 s=BANNER_CONNECTING pgs=0 cs=0 l=1 rev1=0 crypto rx=0 tx=0 comp rx=0 tx=0)._handle_peer_banner_payload supported=3 required=0
2024-03-16T09:32:59.667 INFO:teuthology.orchestra.run.smithi077.stdout:/usr/bin/ceph: stderr
2024-03-16T09:32:58.696+0000 7fdad5436700 1 --2- 172.21.15.77:0/3816945926 >> [v2:172.21.15.77:6800/3114858521,v1:172.21.15.77:6801/3114858521] conn(0x7fdabc03c9a0 0x7fdabc03ed90 secure :-1 s=READY pgs=1 cs=0 l=1 rev1=1 crypto rx=0x7fdac0003a10 tx=0x7fdac00092b0 comp rx=0 tx=0).ready entity=mgr.14152 client_cookie=0 server_cookie=0 in_seq=0 out_seq=0
2024-03-16T09:32:59.667 INFO:teuthology.orchestra.run.smithi077.stdout:/usr/bin/ceph: stderr
2024-03-16T09:32:58.697+0000 7fdac6ffd700 1 -- 172.21.15.77:0/3816945926 <== mgr.14152 v2:172.21.15.77:6800/3114858521 1 ==== command_reply(tid 0: 0 ) ==== 8+0+7774 (secure 0 0 0) 0x7fdacc025e70 con 0x7fdabc03c9a0
2024-03-16T09:32:59.667 INFO:teuthology.orchestra.run.smithi077.stdout:/usr/bin/ceph: stderr
2024-03-16T09:32:58.709+0000 7fdad7e9b700 1 -- 172.21.15.77:0/3816945926 --> [v2:172.21.15.77:6800/3114858521,v1:172.21.15.77:6801/3114858521] -- command(tid 1: {"prefix": "mgr_status"}) -- 0x7fdad0063900 con 0x7fdabc03c9a0
2024-03-16T09:32:59.667 INFO:teuthology.orchestra.run.smithi077.stdout:/usr/bin/ceph: stderr
2024-03-16T09:32:58.709+0000 7fdac6ffd700 1 -- 172.21.15.77:0/3816945926 <== mgr.14152 v2:172.21.15.77:6800/3114858521 2 ==== command_reply(tid 1: 0 ) ==== 8+0+52 (secure 0 0 0) 0x7fdad0063900 con 0x7fdabc03c9a0
2024-03-16T09:32:59.667 INFO:teuthology.orchestra.run.smithi077.stdout:/usr/bin/ceph: stderr
2024-03-16T09:32:58.710+0000 7fdad7e9b700 1 -- 172.21.15.77:0/3816945926 >> [v2:172.21.15.77:6800/3114858521,v1:172.21.15.77:6801/3114858521] conn(0x7fdabc03c9a0 msgr2=0x7fdabc03ed90 secure :-1 s=STATE_CONNECTION_ESTABLISHED l=1).mark_down
2024-03-16T09:32:59.667 INFO:teuthology.orchestra.run.smithi077.stdout:/usr/bin/ceph: stderr
2024-03-16T09:32:58.710+0000 7fdad7e9b700 1 --2- 172.21.15.77:0/3816945926 >> [v2:172.21.15.77:6800/3114858521,v1:172.21.15.77:6801/3114858521] conn(0x7fdabc03c9a0 0x7fdabc03ed90 secure :-1 s=READY pgs=1 cs=0 l=1 rev1=1 crypto rx=0x7fdac0003a10 tx=0x7fdac00092b0 comp rx=0 tx=0).stop
2024-03-16T09:32:59.667 INFO:teuthology.orchestra.run.smithi077.stdout:/usr/bin/ceph: stderr
2024-03-16T09:32:58.710+0000 7fdad7e9b700 1 -- 172.21.15.77:0/3816945926 >> [v2:172.21.15.77:3300/0,v1:172.21.15.77:6789/0] conn(0x7fdad0108780 msgr2=0x7fdad019bac0 secure :-1 s=STATE_CONNECTION_ESTABLISHED l=1).mark_down
2024-03-16T09:32:59.667 INFO:teuthology.orchestra.run.smithi077.stdout:/usr/bin/ceph: stderr
2024-03-16T09:32:58.710+0000 7fdad7e9b700 1 --2- 172.21.15.77:0/3816945926 >> [v2:172.21.15.77:3300/0,v1:172.21.15.77:6789/0] conn(0x7fdad0108780 0x7fdad019bac0 secure :-1 s=READY pgs=62 cs=0 l=1 rev1=1 crypto rx=0x7fdacc011a20 tx=0x7fdacc011b00 comp rx=0 tx=0).stop
2024-03-16T09:32:59.667 INFO:teuthology.orchestra.run.smithi077.stdout:/usr/bin/ceph: stderr
2024-03-16T09:32:58.710+0000 7fdad7e9b700 1 -- 172.21.15.77:0/3816945926 shutdown_connections
2024-03-16T09:32:59.667 INFO:teuthology.orchestra.run.smithi077.stdout:/usr/bin/ceph: stderr
2024-03-16T09:32:58.710+0000 7fdad7e9b700 1 --2- 172.21.15.77:0/3816945926 >> [v2:172.21.15.77:6800/3114858521,v1:172.21.15.77:6801/3114858521] conn(0x7fdabc03c9a0 0x7fdabc03ed90 unknown :-1 s=CLOSED pgs=1 cs=0 l=1 rev1=1 crypto rx=0 tx=0 comp rx=0 tx=0).stop
2024-03-16T09:32:59.667 INFO:teuthology.orchestra.run.smithi077.stdout:/usr/bin/ceph: stderr
2024-03-16T09:32:58.710+0000 7fdad7e9b700 1 --2- 172.21.15.77:0/3816945926 >> [v2:172.21.15.77:3300/0,v1:172.21.15.77:6789/0] conn(0x7fdad0108780 0x7fdad019bac0 unknown :-1 s=CLOSED pgs=62 cs=0 l=1 rev1=1 crypto rx=0 tx=0 comp rx=0 tx=0).stop
2024-03-16T09:32:59.667 INFO:teuthology.orchestra.run.smithi077.stdout:/usr/bin/ceph: stderr
2024-03-16T09:32:58.710+0000 7fdad7e9b700 1 --2- 172.21.15.77:0/3816945926 >> [v2:172.21.15.77:6800/3741578273,v1:172.21.15.77:6801/3741578273] conn(0x7fdabc038f20 0x7fdabc03b3e0 unknown :-1 s=CLOSED pgs=0 cs=0 l=1 rev1=0 crypto rx=0 tx=0 comp rx=0 tx=0).stop
2024-03-16T09:32:59.667 INFO:teuthology.orchestra.run.smithi077.stdout:/usr/bin/ceph: stderr
2024-03-16T09:32:58.710+0000 7fdad7e9b700 1 -- 172.21.15.77:0/3816945926 >> 172.21.15.77:0/3816945926 conn(0x7fdad01021d0 msgr2=0x7fdad0102cf0 unknown :-1 s=STATE_NONE l=0).mark_down
2024-03-16T09:32:59.668 INFO:teuthology.orchestra.run.smithi077.stdout:/usr/bin/ceph: stderr
2024-03-16T09:32:58.710+0000 7fdad7e9b700 1 -- 172.21.15.77:0/3816945926 shutdown_connections
2024-03-16T09:32:59.668 INFO:teuthology.orchestra.run.smithi077.stdout:/usr/bin/ceph: stderr
2024-03-16T09:32:58.710+0000 7fdad7e9b700 1 -- 172.21.15.77:0/3816945926 wait complete.
2024-03-16T09:32:59.668 INFO:teuthology.orchestra.run.smithi077.stdout:mgr epoch 9 is available
2024-03-16T09:32:59.668 INFO:teuthology.orchestra.run.smithi077.stdout:Generating a dashboard self-signed certificate...
2024-03-16T09:32:59.902 INFO:journalctl@ceph.mon.a.smithi077.stdout:Mar 16 09:32:59 smithi077 ceph-mon[32171]: [16/Mar/2024:09:32:57] ENGINE Bus STARTING
2024-03-16T09:32:59.902 INFO:journalctl@ceph.mon.a.smithi077.stdout:Mar 16 09:32:59 smithi077 ceph-mon[32171]: [16/Mar/2024:09:32:58] ENGINE Serving on http://172.21.15.77:8765
2024-03-16T09:32:59.902 INFO:journalctl@ceph.mon.a.smithi077.stdout:Mar 16 09:32:59 smithi077 ceph-mon[32171]: [16/Mar/2024:09:32:58] ENGINE Serving on https://172.21.15.77:7150
2024-03-16T09:32:59.902 INFO:journalctl@ceph.mon.a.smithi077.stdout:Mar 16 09:32:59 smithi077 ceph-mon[32171]: [16/Mar/2024:09:32:58] ENGINE Bus STARTED
2024-03-16T09:32:59.902 INFO:journalctl@ceph.mon.a.smithi077.stdout:Mar 16 09:32:59 smithi077 ceph-mon[32171]: from='client.14156 -' entity='client.admin' cmd=[{"prefix": "get_command_descriptions"}]: dispatch
2024-03-16T09:32:59.902 INFO:journalctl@ceph.mon.a.smithi077.stdout:Mar 16 09:32:59 smithi077 ceph-mon[32171]: from='client.14156 -' entity='client.admin' cmd=[{"prefix": "mgr_status"}]: dispatch
2024-03-16T09:32:59.902 INFO:journalctl@ceph.mon.a.smithi077.stdout:Mar 16 09:32:59 smithi077 ceph-mon[32171]: from='mgr.14152 172.21.15.77:0/1379663073' entity='mgr.x'
2024-03-16T09:33:01.106 INFO:teuthology.orchestra.run.smithi077.stdout:/usr/bin/ceph: stdout Self-signed certificate created
2024-03-16T09:33:01.106 INFO:teuthology.orchestra.run.smithi077.stdout:/usr/bin/ceph: stderr
2024-03-16T09:33:00.100+0000 7fc0ebe75700 1 Processor -- start
2024-03-16T09:33:01.106 INFO:teuthology.orchestra.run.smithi077.stdout:/usr/bin/ceph: stderr
2024-03-16T09:33:00.100+0000 7fc0ebe75700 1 -- start start
2024-03-16T09:33:01.107 INFO:teuthology.orchestra.run.smithi077.stdout:/usr/bin/ceph: stderr
2024-03-16T09:33:00.100+0000 7fc0ebe75700 1 --2- >> [v2:172.21.15.77:3300/0,v1:172.21.15.77:6789/0] conn(0x7fc0e41087f0 0x7fc0e410abe0 unknown :-1 s=NONE pgs=0 cs=0 l=0 rev1=0 crypto rx=0 tx=0 comp rx=0 tx=0).connect
2024-03-16T09:33:01.107 INFO:teuthology.orchestra.run.smithi077.stdout:/usr/bin/ceph: stderr
2024-03-16T09:33:00.100+0000 7fc0ebe75700 1 -- --> [v2:172.21.15.77:3300/0,v1:172.21.15.77:6789/0] -- mon_getmap magic: 0 -- 0x7fc0e407bdd0 con 0x7fc0e41087f0
2024-03-16T09:33:01.107 INFO:teuthology.orchestra.run.smithi077.stdout:/usr/bin/ceph: stderr
2024-03-16T09:33:00.100+0000 7fc0e9c11700 1 --2- >> [v2:172.21.15.77:3300/0,v1:172.21.15.77:6789/0] conn(0x7fc0e41087f0 0x7fc0e410abe0 unknown :-1 s=BANNER_CONNECTING pgs=0 cs=0 l=0 rev1=0 crypto rx=0 tx=0 comp rx=0 tx=0)._handle_peer_banner_payload supported=3 required=0
2024-03-16T09:33:01.107 INFO:teuthology.orchestra.run.smithi077.stdout:/usr/bin/ceph: stderr
2024-03-16T09:33:00.100+0000 7fc0e9c11700 1 --2- >> [v2:172.21.15.77:3300/0,v1:172.21.15.77:6789/0] conn(0x7fc0e41087f0 0x7fc0e410abe0 unknown :-1 s=HELLO_CONNECTING pgs=0 cs=0 l=0 rev1=1 crypto rx=0 tx=0 comp rx=0 tx=0).handle_hello peer v2:172.21.15.77:3300/0 says I am v2:172.21.15.77:39064/0 (socket says 172.21.15.77:39064)
2024-03-16T09:33:01.107 INFO:teuthology.orchestra.run.smithi077.stdout:/usr/bin/ceph: stderr
2024-03-16T09:33:00.100+0000 7fc0e9c11700 1 -- 172.21.15.77:0/137542395 learned_addr learned my addr 172.21.15.77:0/137542395 (peer_addr_for_me v2:172.21.15.77:0/0)
2024-03-16T09:33:01.107 INFO:teuthology.orchestra.run.smithi077.stdout:/usr/bin/ceph: stderr
2024-03-16T09:33:00.101+0000 7fc0e9c11700 1 -- 172.21.15.77:0/137542395 --> [v2:172.21.15.77:3300/0,v1:172.21.15.77:6789/0] -- mon_subscribe({config=0+,monmap=0+}) -- 0x7fc0e410b120 con 0x7fc0e41087f0
2024-03-16T09:33:01.107 INFO:teuthology.orchestra.run.smithi077.stdout:/usr/bin/ceph: stderr
2024-03-16T09:33:00.101+0000 7fc0e9c11700 1 --2- 172.21.15.77:0/137542395 >> [v2:172.21.15.77:3300/0,v1:172.21.15.77:6789/0] conn(0x7fc0e41087f0 0x7fc0e410abe0 secure :-1 s=READY pgs=70 cs=0 l=1 rev1=1 crypto rx=0x7fc0e00098a0 tx=0x7fc0e0009bb0 comp rx=0 tx=0).ready entity=mon.0 client_cookie=f649abcd6439a0ab server_cookie=0 in_seq=0 out_seq=0
2024-03-16T09:33:01.107 INFO:teuthology.orchestra.run.smithi077.stdout:/usr/bin/ceph: stderr
2024-03-16T09:33:00.101+0000 7fc0e8c0f700 1 -- 172.21.15.77:0/137542395 <== mon.0 v2:172.21.15.77:3300/0 1 ==== mon_map magic: 0 ==== 205+0+0 (secure 0 0 0) 0x7fc0e0004160 con 0x7fc0e41087f0
2024-03-16T09:33:01.107 INFO:teuthology.orchestra.run.smithi077.stdout:/usr/bin/ceph: stderr
2024-03-16T09:33:00.101+0000 7fc0e8c0f700 1 -- 172.21.15.77:0/137542395 <== mon.0 v2:172.21.15.77:3300/0 2 ==== config(26 keys) ==== 1102+0+0 (secure 0 0 0) 0x7fc0e0004300 con 0x7fc0e41087f0
2024-03-16T09:33:01.107 INFO:teuthology.orchestra.run.smithi077.stdout:/usr/bin/ceph: stderr
2024-03-16T09:33:00.101+0000 7fc0e8c0f700 1 -- 172.21.15.77:0/137542395 <== mon.0 v2:172.21.15.77:3300/0 3 ==== mon_map magic: 0 ==== 205+0+0 (secure 0 0 0) 0x7fc0e0011a50 con 0x7fc0e41087f0
2024-03-16T09:33:01.107 INFO:teuthology.orchestra.run.smithi077.stdout:/usr/bin/ceph: stderr
2024-03-16T09:33:00.102+0000 7fc0ebe75700 1 -- 172.21.15.77:0/137542395 >> [v2:172.21.15.77:3300/0,v1:172.21.15.77:6789/0] conn(0x7fc0e41087f0 msgr2=0x7fc0e410abe0 secure :-1 s=STATE_CONNECTION_ESTABLISHED l=1).mark_down
2024-03-16T09:33:01.107 INFO:teuthology.orchestra.run.smithi077.stdout:/usr/bin/ceph: stderr
2024-03-16T09:33:00.102+0000 7fc0ebe75700 1 --2- 172.21.15.77:0/137542395 >> [v2:172.21.15.77:3300/0,v1:172.21.15.77:6789/0] conn(0x7fc0e41087f0 0x7fc0e410abe0 secure :-1 s=READY pgs=70 cs=0 l=1 rev1=1 crypto rx=0x7fc0e00098a0 tx=0x7fc0e0009bb0 comp rx=0 tx=0).stop
2024-03-16T09:33:01.107 INFO:teuthology.orchestra.run.smithi077.stdout:/usr/bin/ceph: stderr
2024-03-16T09:33:00.102+0000 7fc0ebe75700 1 -- 172.21.15.77:0/137542395 shutdown_connections
2024-03-16T09:33:01.107 INFO:teuthology.orchestra.run.smithi077.stdout:/usr/bin/ceph: stderr
2024-03-16T09:33:00.102+0000 7fc0ebe75700 1 --2- 172.21.15.77:0/137542395 >> [v2:172.21.15.77:3300/0,v1:172.21.15.77:6789/0] conn(0x7fc0e41087f0 0x7fc0e410abe0 unknown :-1 s=CLOSED pgs=70 cs=0 l=1 rev1=1 crypto rx=0 tx=0 comp rx=0 tx=0).stop
2024-03-16T09:33:01.108 INFO:teuthology.orchestra.run.smithi077.stdout:/usr/bin/ceph: stderr
2024-03-16T09:33:00.102+0000 7fc0ebe75700 1 -- 172.21.15.77:0/137542395 >> 172.21.15.77:0/137542395 conn(0x7fc0e4102220 msgr2=0x7fc0e4104640 unknown :-1 s=STATE_NONE l=0).mark_down
2024-03-16T09:33:01.108 INFO:teuthology.orchestra.run.smithi077.stdout:/usr/bin/ceph: stderr
2024-03-16T09:33:00.102+0000 7fc0ebe75700 1 -- 172.21.15.77:0/137542395 shutdown_connections
2024-03-16T09:33:01.108 INFO:teuthology.orchestra.run.smithi077.stdout:/usr/bin/ceph: stderr
2024-03-16T09:33:00.102+0000 7fc0ebe75700 1 -- 172.21.15.77:0/137542395 wait complete.
2024-03-16T09:33:01.108 INFO:teuthology.orchestra.run.smithi077.stdout:/usr/bin/ceph: stderr
2024-03-16T09:33:00.102+0000 7fc0ebe75700 1 Processor -- start
2024-03-16T09:33:01.108 INFO:teuthology.orchestra.run.smithi077.stdout:/usr/bin/ceph: stderr
2024-03-16T09:33:00.102+0000 7fc0ebe75700 1 -- start start
2024-03-16T09:33:01.108 INFO:teuthology.orchestra.run.smithi077.stdout:/usr/bin/ceph: stderr
2024-03-16T09:33:00.102+0000 7fc0ebe75700 1 --2- >> [v2:172.21.15.77:3300/0,v1:172.21.15.77:6789/0] conn(0x7fc0e41087f0 0x7fc0e419bb50 unknown :-1 s=NONE pgs=0 cs=0 l=1 rev1=0 crypto rx=0 tx=0 comp rx=0 tx=0).connect
2024-03-16T09:33:01.108 INFO:teuthology.orchestra.run.smithi077.stdout:/usr/bin/ceph: stderr
2024-03-16T09:33:00.102+0000 7fc0ebe75700 1 -- --> [v2:172.21.15.77:3300/0,v1:172.21.15.77:6789/0] -- mon_getmap magic: 0 -- 0x7fc0e410c0d0 con 0x7fc0e41087f0
2024-03-16T09:33:01.108 INFO:teuthology.orchestra.run.smithi077.stdout:/usr/bin/ceph: stderr
2024-03-16T09:33:00.102+0000 7fc0e9c11700 1 --2- >> [v2:172.21.15.77:3300/0,v1:172.21.15.77:6789/0] conn(0x7fc0e41087f0 0x7fc0e419bb50 unknown :-1 s=BANNER_CONNECTING pgs=0 cs=0 l=1 rev1=0 crypto rx=0 tx=0 comp rx=0 tx=0)._handle_peer_banner_payload supported=3 required=0
2024-03-16T09:33:01.108 INFO:teuthology.orchestra.run.smithi077.stdout:/usr/bin/ceph: stderr
2024-03-16T09:33:00.103+0000 7fc0e9c11700 1 --2- >> [v2:172.21.15.77:3300/0,v1:172.21.15.77:6789/0] conn(0x7fc0e41087f0 0x7fc0e419bb50 unknown :-1 s=HELLO_CONNECTING pgs=0 cs=0 l=1 rev1=1 crypto rx=0 tx=0 comp rx=0 tx=0).handle_hello peer v2:172.21.15.77:3300/0 says I am v2:172.21.15.77:39076/0 (socket says 172.21.15.77:39076)
2024-03-16T09:33:01.108 INFO:teuthology.orchestra.run.smithi077.stdout:/usr/bin/ceph: stderr
2024-03-16T09:33:00.103+0000 7fc0e9c11700 1 -- 172.21.15.77:0/382769395 learned_addr learned my addr 172.21.15.77:0/382769395 (peer_addr_for_me v2:172.21.15.77:0/0)
2024-03-16T09:33:01.108 INFO:teuthology.orchestra.run.smithi077.stdout:/usr/bin/ceph: stderr
2024-03-16T09:33:00.103+0000 7fc0e9c11700 1 -- 172.21.15.77:0/382769395 --> [v2:172.21.15.77:3300/0,v1:172.21.15.77:6789/0] -- mon_subscribe({config=0+,monmap=0+}) -- 0x7fc0e419c090 con 0x7fc0e41087f0
2024-03-16T09:33:01.108 INFO:teuthology.orchestra.run.smithi077.stdout:/usr/bin/ceph: stderr
2024-03-16T09:33:00.103+0000 7fc0e9c11700 1 --2- 172.21.15.77:0/382769395 >> [v2:172.21.15.77:3300/0,v1:172.21.15.77:6789/0] conn(0x7fc0e41087f0 0x7fc0e419bb50 secure :-1 s=READY pgs=71 cs=0 l=1 rev1=1 crypto rx=0x7fc0e0011670 tx=0x7fc0e0011ab0 comp rx=0 tx=0).ready entity=mon.0 client_cookie=0 server_cookie=0 in_seq=0 out_seq=0
2024-03-16T09:33:01.108 INFO:teuthology.orchestra.run.smithi077.stdout:/usr/bin/ceph: stderr
2024-03-16T09:33:00.103+0000 7fc0daffd700 1 -- 172.21.15.77:0/382769395 <== mon.0 v2:172.21.15.77:3300/0 1 ==== mon_map magic: 0 ==== 205+0+0 (secure 0 0 0) 0x7fc0e00038b0 con 0x7fc0e41087f0
2024-03-16T09:33:01.108 INFO:teuthology.orchestra.run.smithi077.stdout:/usr/bin/ceph: stderr
2024-03-16T09:33:00.103+0000 7fc0daffd700 1 -- 172.21.15.77:0/382769395 <== mon.0 v2:172.21.15.77:3300/0 2 ==== config(26 keys) ==== 1102+0+0 (secure 0 0 0) 0x7fc0e0003a50 con 0x7fc0e41087f0
2024-03-16T09:33:01.109 INFO:teuthology.orchestra.run.smithi077.stdout:/usr/bin/ceph: stderr
2024-03-16T09:33:00.103+0000 7fc0daffd700 1 -- 172.21.15.77:0/382769395 <== mon.0 v2:172.21.15.77:3300/0 3 ==== mon_map magic: 0 ==== 205+0+0 (secure 0 0 0) 0x7fc0e00195c0 con 0x7fc0e41087f0
2024-03-16T09:33:01.109 INFO:teuthology.orchestra.run.smithi077.stdout:/usr/bin/ceph: stderr
2024-03-16T09:33:00.103+0000 7fc0ebe75700 1 -- 172.21.15.77:0/382769395 --> [v2:172.21.15.77:3300/0,v1:172.21.15.77:6789/0] -- mon_subscribe({mgrmap=0+}) -- 0x7fc0e419c320 con 0x7fc0e41087f0
2024-03-16T09:33:01.109 INFO:teuthology.orchestra.run.smithi077.stdout:/usr/bin/ceph: stderr
2024-03-16T09:33:00.103+0000 7fc0ebe75700 1 -- 172.21.15.77:0/382769395 --> [v2:172.21.15.77:3300/0,v1:172.21.15.77:6789/0] -- mon_subscribe({osdmap=0}) -- 0x7fc0e419f010 con 0x7fc0e41087f0
2024-03-16T09:33:01.109 INFO:teuthology.orchestra.run.smithi077.stdout:/usr/bin/ceph: stderr
2024-03-16T09:33:00.104+0000 7fc0daffd700 1 -- 172.21.15.77:0/382769395 <== mon.0 v2:172.21.15.77:3300/0 4 ==== mgrmap(e 11) ==== 46013+0+0 (secure 0 0 0) 0x7fc0e001aa70 con 0x7fc0e41087f0
2024-03-16T09:33:01.109 INFO:teuthology.orchestra.run.smithi077.stdout:/usr/bin/ceph: stderr
2024-03-16T09:33:00.104+0000 7fc0ebe75700 1 -- 172.21.15.77:0/382769395 --> [v2:172.21.15.77:3300/0,v1:172.21.15.77:6789/0] -- mon_command({"prefix": "get_command_descriptions"} v 0) -- 0x7fc0e4063900 con 0x7fc0e41087f0
2024-03-16T09:33:01.109 INFO:teuthology.orchestra.run.smithi077.stdout:/usr/bin/ceph: stderr
2024-03-16T09:33:00.104+0000 7fc0daffd700 1 --2- 172.21.15.77:0/382769395 >> [v2:172.21.15.77:6800/3114858521,v1:172.21.15.77:6801/3114858521] conn(0x7fc0d0038e10 0x7fc0d003b2d0 unknown :-1 s=NONE pgs=0 cs=0 l=1 rev1=0 crypto rx=0 tx=0 comp rx=0 tx=0).connect
2024-03-16T09:33:01.109 INFO:teuthology.orchestra.run.smithi077.stdout:/usr/bin/ceph: stderr
2024-03-16T09:33:00.104+0000 7fc0daffd700 1 -- 172.21.15.77:0/382769395 <== mon.0 v2:172.21.15.77:3300/0 5 ==== osd_map(3..3 src has 1..3) ==== 1155+0+0 (secure 0 0 0) 0x7fc0e004d360 con 0x7fc0e41087f0
2024-03-16T09:33:01.109 INFO:teuthology.orchestra.run.smithi077.stdout:/usr/bin/ceph: stderr
2024-03-16T09:33:00.104+0000 7fc0e9410700 1 --2- 172.21.15.77:0/382769395 >> [v2:172.21.15.77:6800/3114858521,v1:172.21.15.77:6801/3114858521] conn(0x7fc0d0038e10 0x7fc0d003b2d0 unknown :-1 s=BANNER_CONNECTING pgs=0 cs=0 l=1 rev1=0 crypto rx=0 tx=0 comp rx=0 tx=0)._handle_peer_banner_payload supported=3 required=0
2024-03-16T09:33:01.109 INFO:teuthology.orchestra.run.smithi077.stdout:/usr/bin/ceph: stderr
2024-03-16T09:33:00.105+0000 7fc0e9410700 1 --2- 172.21.15.77:0/382769395 >> [v2:172.21.15.77:6800/3114858521,v1:172.21.15.77:6801/3114858521] conn(0x7fc0d0038e10 0x7fc0d003b2d0 secure :-1 s=READY pgs=7 cs=0 l=1 rev1=1 crypto rx=0x7fc0d4006fd0 tx=0x7fc0d4006e40 comp rx=0 tx=0).ready entity=mgr.14152 client_cookie=0 server_cookie=0 in_seq=0 out_seq=0
2024-03-16T09:33:01.109 INFO:teuthology.orchestra.run.smithi077.stdout:/usr/bin/ceph: stderr
2024-03-16T09:33:00.109+0000 7fc0daffd700 1 -- 172.21.15.77:0/382769395 <== mon.0 v2:172.21.15.77:3300/0 6 ==== mon_command_ack([{"prefix": "get_command_descriptions"}]=0 v0) ==== 72+0+186149 (secure 0 0 0) 0x7fc0e00212a0 con 0x7fc0e41087f0
2024-03-16T09:33:01.109 INFO:teuthology.orchestra.run.smithi077.stdout:/usr/bin/ceph: stderr
2024-03-16T09:33:00.311+0000 7fc0daffd700 1 -- 172.21.15.77:0/382769395 <== mon.0 v2:172.21.15.77:3300/0 7 ==== mgrmap(e 12) ==== 46119+0+0 (secure 0 0 0) 0x7fc0e0019c40 con 0x7fc0e41087f0
2024-03-16T09:33:01.109 INFO:teuthology.orchestra.run.smithi077.stdout:/usr/bin/ceph: stderr
2024-03-16T09:33:00.351+0000 7fc0ebe75700 1 -- 172.21.15.77:0/382769395 --> [v2:172.21.15.77:6800/3114858521,v1:172.21.15.77:6801/3114858521] -- mgr_command(tid 0: {"prefix": "dashboard create-self-signed-cert", "target": ["mon-mgr", ""]}) -- 0x7fc0e4103420 con 0x7fc0d0038e10
2024-03-16T09:33:01.109 INFO:teuthology.orchestra.run.smithi077.stdout:/usr/bin/ceph: stderr
2024-03-16T09:33:00.510+0000 7fc0daffd700 1 -- 172.21.15.77:0/382769395 <== mgr.14152 v2:172.21.15.77:6800/3114858521 1 ==== mgr_command_reply(tid 0: 0 ) ==== 8+0+32 (secure 0 0 0) 0x7fc0e4103420 con 0x7fc0d0038e10
2024-03-16T09:33:01.109 INFO:teuthology.orchestra.run.smithi077.stdout:/usr/bin/ceph: stderr
2024-03-16T09:33:00.513+0000 7fc0ebe75700 1 -- 172.21.15.77:0/382769395 >> [v2:172.21.15.77:6800/3114858521,v1:172.21.15.77:6801/3114858521] conn(0x7fc0d0038e10 msgr2=0x7fc0d003b2d0 secure :-1 s=STATE_CONNECTION_ESTABLISHED l=1).mark_down
2024-03-16T09:33:01.109 INFO:teuthology.orchestra.run.smithi077.stdout:/usr/bin/ceph: stderr
2024-03-16T09:33:00.513+0000 7fc0ebe75700 1 --2- 172.21.15.77:0/382769395 >> [v2:172.21.15.77:6800/3114858521,v1:172.21.15.77:6801/3114858521] conn(0x7fc0d0038e10 0x7fc0d003b2d0 secure :-1 s=READY pgs=7 cs=0 l=1 rev1=1 crypto rx=0x7fc0d4006fd0 tx=0x7fc0d4006e40 comp rx=0 tx=0).stop
2024-03-16T09:33:01.110 INFO:teuthology.orchestra.run.smithi077.stdout:/usr/bin/ceph: stderr
2024-03-16T09:33:00.513+0000 7fc0ebe75700 1 -- 172.21.15.77:0/382769395 >> [v2:172.21.15.77:3300/0,v1:172.21.15.77:6789/0] conn(0x7fc0e41087f0 msgr2=0x7fc0e419bb50 secure :-1 s=STATE_CONNECTION_ESTABLISHED l=1).mark_down
2024-03-16T09:33:01.110 INFO:teuthology.orchestra.run.smithi077.stdout:/usr/bin/ceph: stderr
2024-03-16T09:33:00.513+0000 7fc0ebe75700 1 --2- 172.21.15.77:0/382769395 >> [v2:172.21.15.77:3300/0,v1:172.21.15.77:6789/0] conn(0x7fc0e41087f0 0x7fc0e419bb50 secure :-1 s=READY pgs=71 cs=0 l=1 rev1=1 crypto rx=0x7fc0e0011670 tx=0x7fc0e0011ab0 comp rx=0 tx=0).stop
2024-03-16T09:33:01.110 INFO:teuthology.orchestra.run.smithi077.stdout:/usr/bin/ceph: stderr
2024-03-16T09:33:00.513+0000 7fc0ebe75700 1 -- 172.21.15.77:0/382769395 shutdown_connections
2024-03-16T09:33:01.110 INFO:teuthology.orchestra.run.smithi077.stdout:/usr/bin/ceph: stderr
2024-03-16T09:33:00.513+0000 7fc0ebe75700 1 --2- 172.21.15.77:0/382769395 >> [v2:172.21.15.77:6800/3114858521,v1:172.21.15.77:6801/3114858521] conn(0x7fc0d0038e10 0x7fc0d003b2d0 unknown :-1 s=CLOSED pgs=7 cs=0 l=1 rev1=1 crypto rx=0 tx=0 comp rx=0 tx=0).stop
2024-03-16T09:33:01.110 INFO:teuthology.orchestra.run.smithi077.stdout:/usr/bin/ceph: stderr
2024-03-16T09:33:00.513+0000 7fc0ebe75700 1 --2- 172.21.15.77:0/382769395 >> [v2:172.21.15.77:3300/0,v1:172.21.15.77:6789/0] conn(0x7fc0e41087f0 0x7fc0e419bb50 unknown :-1 s=CLOSED pgs=71 cs=0 l=1 rev1=1 crypto rx=0 tx=0 comp rx=0 tx=0).stop
2024-03-16T09:33:01.110 INFO:teuthology.orchestra.run.smithi077.stdout:/usr/bin/ceph: stderr
2024-03-16T09:33:00.513+0000 7fc0ebe75700 1 -- 172.21.15.77:0/382769395 >> 172.21.15.77:0/382769395 conn(0x7fc0e4102220 msgr2=0x7fc0e4102d10 unknown :-1 s=STATE_NONE l=0).mark_down
2024-03-16T09:33:01.110 INFO:teuthology.orchestra.run.smithi077.stdout:/usr/bin/ceph: stderr
2024-03-16T09:33:00.513+0000 7fc0ebe75700 1 -- 172.21.15.77:0/382769395 shutdown_connections
2024-03-16T09:33:01.110 INFO:teuthology.orchestra.run.smithi077.stdout:/usr/bin/ceph: stderr
2024-03-16T09:33:00.513+0000 7fc0ebe75700 1 -- 172.21.15.77:0/382769395 wait complete.
2024-03-16T09:33:01.110 INFO:teuthology.orchestra.run.smithi077.stdout:Creating initial admin user...
2024-03-16T09:33:01.351 INFO:journalctl@ceph.mon.a.smithi077.stdout:Mar 16 09:33:01 smithi077 ceph-mon[32171]: mgrmap e12: x(active, since 2s)
2024-03-16T09:33:01.352 INFO:journalctl@ceph.mon.a.smithi077.stdout:Mar 16 09:33:01 smithi077 ceph-mon[32171]: from='client.14164 -' entity='client.admin' cmd=[{"prefix": "dashboard create-self-signed-cert", "target": ["mon-mgr", ""]}]: dispatch
2024-03-16T09:33:01.352 INFO:journalctl@ceph.mon.a.smithi077.stdout:Mar 16 09:33:01 smithi077 ceph-mon[32171]: from='mgr.14152 172.21.15.77:0/1379663073' entity='mgr.x'
2024-03-16T09:33:01.352 INFO:journalctl@ceph.mon.a.smithi077.stdout:Mar 16 09:33:01 smithi077 ceph-mon[32171]: from='mgr.14152 172.21.15.77:0/1379663073' entity='mgr.x'
2024-03-16T09:33:01.352 INFO:journalctl@ceph.mon.a.smithi077.stdout:Mar 16 09:33:01 smithi077 ceph-mon[32171]: from='mgr.14152 172.21.15.77:0/1379663073' entity='mgr.x'
2024-03-16T09:33:02.509 INFO:journalctl@ceph.mon.a.smithi077.stdout:Mar 16 09:33:02 smithi077 ceph-mon[32171]: from='client.14166 -' entity='client.admin' cmd=[{"prefix": "dashboard ac-user-create", "username": "admin", "rolename": "administrator", "force_password": true, "pwd_update_required": true, "target": ["mon-mgr", ""]}]: dispatch
2024-03-16T09:33:02.509 INFO:journalctl@ceph.mon.a.smithi077.stdout:Mar 16 09:33:02 smithi077 ceph-mon[32171]: from='mgr.14152 172.21.15.77:0/1379663073' entity='mgr.x'
2024-03-16T09:33:03.378 INFO:teuthology.orchestra.run.smithi077.stdout:/usr/bin/ceph: stdout {"username": "admin", "password": "$2b$12$EEbq7oY74y4XbRny.IA7L.O/fB5sVYzpOLCNziOwjwZzEvZIF3bzO", "roles": ["administrator"], "name": null, "email": null, "lastUpdate": 1710581582, "enabled": true, "pwdExpirationDate": null, "pwdUpdateRequired": true}
2024-03-16T09:33:03.378 INFO:teuthology.orchestra.run.smithi077.stdout:/usr/bin/ceph: stderr
2024-03-16T09:33:01.537+0000 7f3ad1627700 1 Processor -- start
2024-03-16T09:33:03.378 INFO:teuthology.orchestra.run.smithi077.stdout:/usr/bin/ceph: stderr
2024-03-16T09:33:01.537+0000 7f3ad1627700 1 -- start start
2024-03-16T09:33:03.378 INFO:teuthology.orchestra.run.smithi077.stdout:/usr/bin/ceph: stderr
2024-03-16T09:33:01.537+0000 7f3ad1627700 1 --2- >> [v2:172.21.15.77:3300/0,v1:172.21.15.77:6789/0] conn(0x7f3acc1087a0 0x7f3acc10ab90 unknown :-1 s=NONE pgs=0 cs=0 l=0 rev1=0 crypto rx=0 tx=0 comp rx=0 tx=0).connect
2024-03-16T09:33:03.378 INFO:teuthology.orchestra.run.smithi077.stdout:/usr/bin/ceph: stderr
2024-03-16T09:33:01.537+0000 7f3ad1627700 1 -- --> [v2:172.21.15.77:3300/0,v1:172.21.15.77:6789/0] -- mon_getmap magic: 0 -- 0x7f3acc0635b0 con 0x7f3acc1087a0
2024-03-16T09:33:03.379 INFO:teuthology.orchestra.run.smithi077.stdout:/usr/bin/ceph: stderr
2024-03-16T09:33:01.538+0000 7f3acaffd700 1 --2- >> [v2:172.21.15.77:3300/0,v1:172.21.15.77:6789/0] conn(0x7f3acc1087a0 0x7f3acc10ab90 unknown :-1 s=BANNER_CONNECTING pgs=0 cs=0 l=0 rev1=0 crypto rx=0 tx=0 comp rx=0 tx=0)._handle_peer_banner_payload supported=3 required=0
2024-03-16T09:33:03.379 INFO:teuthology.orchestra.run.smithi077.stdout:/usr/bin/ceph: stderr
2024-03-16T09:33:01.538+0000 7f3acaffd700 1 --2- >> [v2:172.21.15.77:3300/0,v1:172.21.15.77:6789/0] conn(0x7f3acc1087a0 0x7f3acc10ab90 unknown :-1 s=HELLO_CONNECTING pgs=0 cs=0 l=0 rev1=1 crypto rx=0 tx=0 comp rx=0 tx=0).handle_hello peer v2:172.21.15.77:3300/0 says I am v2:172.21.15.77:39090/0 (socket says 172.21.15.77:39090)
2024-03-16T09:33:03.379 INFO:teuthology.orchestra.run.smithi077.stdout:/usr/bin/ceph: stderr
2024-03-16T09:33:01.538+0000 7f3acaffd700 1 -- 172.21.15.77:0/1373588312 learned_addr learned my addr 172.21.15.77:0/1373588312 (peer_addr_for_me v2:172.21.15.77:0/0)
2024-03-16T09:33:03.379 INFO:teuthology.orchestra.run.smithi077.stdout:/usr/bin/ceph: stderr
2024-03-16T09:33:01.538+0000 7f3acaffd700 1 -- 172.21.15.77:0/1373588312 --> [v2:172.21.15.77:3300/0,v1:172.21.15.77:6789/0] -- mon_subscribe({config=0+,monmap=0+}) -- 0x7f3acc10b0d0 con 0x7f3acc1087a0
2024-03-16T09:33:03.379 INFO:teuthology.orchestra.run.smithi077.stdout:/usr/bin/ceph: stderr
2024-03-16T09:33:01.538+0000 7f3acaffd700 1 --2- 172.21.15.77:0/1373588312 >> [v2:172.21.15.77:3300/0,v1:172.21.15.77:6789/0] conn(0x7f3acc1087a0 0x7f3acc10ab90 secure :-1 s=READY pgs=72 cs=0 l=1 rev1=1 crypto rx=0x7f3ab40098a0 tx=0x7f3ab4009bb0 comp rx=0 tx=0).ready entity=mon.0 client_cookie=24fa1b04ac1fc607 server_cookie=0 in_seq=0 out_seq=0
2024-03-16T09:33:03.379 INFO:teuthology.orchestra.run.smithi077.stdout:/usr/bin/ceph: stderr
2024-03-16T09:33:01.538+0000 7f3ac9ffb700 1 -- 172.21.15.77:0/1373588312 <== mon.0 v2:172.21.15.77:3300/0 1 ==== mon_map magic: 0 ==== 205+0+0 (secure 0 0 0) 0x7f3ab4004160 con 0x7f3acc1087a0
2024-03-16T09:33:03.379 INFO:teuthology.orchestra.run.smithi077.stdout:/usr/bin/ceph: stderr
2024-03-16T09:33:01.538+0000 7f3ac9ffb700 1 -- 172.21.15.77:0/1373588312 <== mon.0 v2:172.21.15.77:3300/0 2 ==== config(26 keys) ==== 1102+0+0 (secure 0 0 0) 0x7f3ab4004300 con 0x7f3acc1087a0
2024-03-16T09:33:03.379 INFO:teuthology.orchestra.run.smithi077.stdout:/usr/bin/ceph: stderr
2024-03-16T09:33:01.538+0000 7f3ac9ffb700 1 -- 172.21.15.77:0/1373588312 <== mon.0 v2:172.21.15.77:3300/0 3 ==== mon_map magic: 0 ==== 205+0+0 (secure 0 0 0) 0x7f3ab4011a50 con 0x7f3acc1087a0
2024-03-16T09:33:03.379 INFO:teuthology.orchestra.run.smithi077.stdout:/usr/bin/ceph: stderr
2024-03-16T09:33:01.539+0000 7f3ad1627700 1 -- 172.21.15.77:0/1373588312 >> [v2:172.21.15.77:3300/0,v1:172.21.15.77:6789/0] conn(0x7f3acc1087a0 msgr2=0x7f3acc10ab90 secure :-1 s=STATE_CONNECTION_ESTABLISHED l=1).mark_down
2024-03-16T09:33:03.379 INFO:teuthology.orchestra.run.smithi077.stdout:/usr/bin/ceph: stderr
2024-03-16T09:33:01.539+0000 7f3ad1627700 1 --2- 172.21.15.77:0/1373588312 >> [v2:172.21.15.77:3300/0,v1:172.21.15.77:6789/0] conn(0x7f3acc1087a0 0x7f3acc10ab90 secure :-1 s=READY pgs=72 cs=0 l=1 rev1=1 crypto rx=0x7f3ab40098a0 tx=0x7f3ab4009bb0 comp rx=0 tx=0).stop
2024-03-16T09:33:03.379 INFO:teuthology.orchestra.run.smithi077.stdout:/usr/bin/ceph: stderr
2024-03-16T09:33:01.539+0000 7f3ad1627700 1 -- 172.21.15.77:0/1373588312 shutdown_connections
2024-03-16T09:33:03.379 INFO:teuthology.orchestra.run.smithi077.stdout:/usr/bin/ceph: stderr
2024-03-16T09:33:01.539+0000 7f3ad1627700 1 --2- 172.21.15.77:0/1373588312 >> [v2:172.21.15.77:3300/0,v1:172.21.15.77:6789/0] conn(0x7f3acc1087a0 0x7f3acc10ab90 unknown :-1 s=CLOSED pgs=72 cs=0 l=1 rev1=1 crypto rx=0 tx=0 comp rx=0 tx=0).stop
2024-03-16T09:33:03.379 INFO:teuthology.orchestra.run.smithi077.stdout:/usr/bin/ceph: stderr
2024-03-16T09:33:01.539+0000 7f3ad1627700 1 -- 172.21.15.77:0/1373588312 >> 172.21.15.77:0/1373588312 conn(0x7f3acc1021b0 msgr2=0x7f3acc1045d0 unknown :-1 s=STATE_NONE l=0).mark_down
2024-03-16T09:33:03.380 INFO:teuthology.orchestra.run.smithi077.stdout:/usr/bin/ceph: stderr
