2024-03-16T09:36:47.047 INFO:teuthology.orchestra.run.smithi099.stdout:/usr/bin/ceph: stderr
2024-03-16T09:36:45.868+0000 7fec52800700 1 -- start start
2024-03-16T09:36:47.047 INFO:teuthology.orchestra.run.smithi099.stdout:/usr/bin/ceph: stderr
2024-03-16T09:36:45.869+0000 7fec52800700 1 --2- >> [v2:172.21.15.99:3300/0,v1:172.21.15.99:6789/0] conn(0x7fec4c07dea0 0x7fec4c1a2580 unknown :-1 s=NONE pgs=0 cs=0 l=1 rev1=0 crypto rx=0 tx=0 comp rx=0 tx=0).connect
2024-03-16T09:36:47.047 INFO:teuthology.orchestra.run.smithi099.stdout:/usr/bin/ceph: stderr
2024-03-16T09:36:45.869+0000 7fec52800700 1 -- --> [v2:172.21.15.99:3300/0,v1:172.21.15.99:6789/0] -- mon_getmap magic: 0 -- 0x7fec4c10a240 con 0x7fec4c07dea0
2024-03-16T09:36:47.047 INFO:teuthology.orchestra.run.smithi099.stdout:/usr/bin/ceph: stderr
2024-03-16T09:36:45.869+0000 7fec4b400700 1 --2- >> [v2:172.21.15.99:3300/0,v1:172.21.15.99:6789/0] conn(0x7fec4c07dea0 0x7fec4c1a2580 unknown :-1 s=BANNER_CONNECTING pgs=0 cs=0 l=1 rev1=0 crypto rx=0 tx=0 comp rx=0 tx=0)._handle_peer_banner_payload supported=3 required=0
2024-03-16T09:36:47.047 INFO:teuthology.orchestra.run.smithi099.stdout:/usr/bin/ceph: stderr
2024-03-16T09:36:45.869+0000 7fec4b400700 1 --2- >> [v2:172.21.15.99:3300/0,v1:172.21.15.99:6789/0] conn(0x7fec4c07dea0 0x7fec4c1a2580 unknown :-1 s=HELLO_CONNECTING pgs=0 cs=0 l=1 rev1=1 crypto rx=0 tx=0 comp rx=0 tx=0).handle_hello peer v2:172.21.15.99:3300/0 says I am v2:172.21.15.99:52408/0 (socket says 172.21.15.99:52408)
2024-03-16T09:36:47.047 INFO:teuthology.orchestra.run.smithi099.stdout:/usr/bin/ceph: stderr
2024-03-16T09:36:45.869+0000 7fec4b400700 1 -- 172.21.15.99:0/3787341098 learned_addr learned my addr 172.21.15.99:0/3787341098 (peer_addr_for_me v2:172.21.15.99:0/0)
2024-03-16T09:36:47.047 INFO:teuthology.orchestra.run.smithi099.stdout:/usr/bin/ceph: stderr
2024-03-16T09:36:45.869+0000 7fec4b400700 1 -- 172.21.15.99:0/3787341098 --> [v2:172.21.15.99:3300/0,v1:172.21.15.99:6789/0] -- mon_subscribe({config=0+,monmap=0+}) -- 0x7fec4c1a2ac0 con 0x7fec4c07dea0
2024-03-16T09:36:47.048 INFO:teuthology.orchestra.run.smithi099.stdout:/usr/bin/ceph: stderr
2024-03-16T09:36:45.870+0000 7fec4b400700 1 --2- 172.21.15.99:0/3787341098 >> [v2:172.21.15.99:3300/0,v1:172.21.15.99:6789/0] conn(0x7fec4c07dea0 0x7fec4c1a2580 secure :-1 s=READY pgs=73 cs=0 l=1 rev1=1 crypto rx=0x7fec3c009fd0 tx=0x7fec3c003d00 comp rx=0 tx=0).ready entity=mon.0 client_cookie=0 server_cookie=0 in_seq=0 out_seq=0
2024-03-16T09:36:47.048 INFO:teuthology.orchestra.run.smithi099.stdout:/usr/bin/ceph: stderr
2024-03-16T09:36:45.870+0000 7fec48c00700 1 -- 172.21.15.99:0/3787341098 <== mon.0 v2:172.21.15.99:3300/0 1 ==== mon_map magic: 0 ==== 205+0+0 (secure 0 0 0) 0x7fec3c021020 con 0x7fec4c07dea0
2024-03-16T09:36:47.048 INFO:teuthology.orchestra.run.smithi099.stdout:/usr/bin/ceph: stderr
2024-03-16T09:36:45.870+0000 7fec48c00700 1 -- 172.21.15.99:0/3787341098 <== mon.0 v2:172.21.15.99:3300/0 2 ==== config(29 keys) ==== 1209+0+0 (secure 0 0 0) 0x7fec3c0049f0 con 0x7fec4c07dea0
2024-03-16T09:36:47.048 INFO:teuthology.orchestra.run.smithi099.stdout:/usr/bin/ceph: stderr
2024-03-16T09:36:45.870+0000 7fec48c00700 1 -- 172.21.15.99:0/3787341098 <== mon.0 v2:172.21.15.99:3300/0 3 ==== mon_map magic: 0 ==== 205+0+0 (secure 0 0 0) 0x7fec3c017040 con 0x7fec4c07dea0
2024-03-16T09:36:47.048 INFO:teuthology.orchestra.run.smithi099.stdout:/usr/bin/ceph: stderr
2024-03-16T09:36:45.870+0000 7fec52800700 1 -- 172.21.15.99:0/3787341098 --> [v2:172.21.15.99:3300/0,v1:172.21.15.99:6789/0] -- mon_subscribe({mgrmap=0+}) -- 0x7fec4c1a2d50 con 0x7fec4c07dea0
2024-03-16T09:36:47.048 INFO:teuthology.orchestra.run.smithi099.stdout:/usr/bin/ceph: stderr
2024-03-16T09:36:45.870+0000 7fec52800700 1 -- 172.21.15.99:0/3787341098 --> [v2:172.21.15.99:3300/0,v1:172.21.15.99:6789/0] -- mon_subscribe({osdmap=0}) -- 0x7fec4c1a5a40 con 0x7fec4c07dea0
2024-03-16T09:36:47.048 INFO:teuthology.orchestra.run.smithi099.stdout:/usr/bin/ceph: stderr
2024-03-16T09:36:45.872+0000 7fec48c00700 1 -- 172.21.15.99:0/3787341098 <== mon.0 v2:172.21.15.99:3300/0 4 ==== mgrmap(e 12) ==== 46119+0+0 (secure 0 0 0) 0x7fec3c024020 con 0x7fec4c07dea0
2024-03-16T09:36:47.048 INFO:teuthology.orchestra.run.smithi099.stdout:/usr/bin/ceph: stderr
2024-03-16T09:36:45.872+0000 7fec52800700 1 -- 172.21.15.99:0/3787341098 --> [v2:172.21.15.99:3300/0,v1:172.21.15.99:6789/0] -- mon_command({"prefix": "get_command_descriptions"} v 0) -- 0x7fec4c063900 con 0x7fec4c07dea0
2024-03-16T09:36:47.048 INFO:teuthology.orchestra.run.smithi099.stdout:/usr/bin/ceph: stderr
2024-03-16T09:36:45.872+0000 7fec48c00700 1 --2- 172.21.15.99:0/3787341098 >> [v2:172.21.15.99:6800/699683446,v1:172.21.15.99:6801/699683446] conn(0x7fec30038fd0 0x7fec3003b490 unknown :-1 s=NONE pgs=0 cs=0 l=1 rev1=0 crypto rx=0 tx=0 comp rx=0 tx=0).connect
2024-03-16T09:36:47.048 INFO:teuthology.orchestra.run.smithi099.stdout:/usr/bin/ceph: stderr
2024-03-16T09:36:45.872+0000 7fec48c00700 1 -- 172.21.15.99:0/3787341098 <== mon.0 v2:172.21.15.99:3300/0 5 ==== osd_map(3..3 src has 1..3) ==== 1155+0+0 (secure 0 0 0) 0x7fec3c00f050 con 0x7fec4c07dea0
2024-03-16T09:36:47.048 INFO:teuthology.orchestra.run.smithi099.stdout:/usr/bin/ceph: stderr
2024-03-16T09:36:45.873+0000 7fec43e00700 1 --2- 172.21.15.99:0/3787341098 >> [v2:172.21.15.99:6800/699683446,v1:172.21.15.99:6801/699683446] conn(0x7fec30038fd0 0x7fec3003b490 unknown :-1 s=BANNER_CONNECTING pgs=0 cs=0 l=1 rev1=0 crypto rx=0 tx=0 comp rx=0 tx=0)._handle_peer_banner_payload supported=3 required=0
2024-03-16T09:36:47.048 INFO:teuthology.orchestra.run.smithi099.stdout:/usr/bin/ceph: stderr
2024-03-16T09:36:45.873+0000 7fec43e00700 1 --2- 172.21.15.99:0/3787341098 >> [v2:172.21.15.99:6800/699683446,v1:172.21.15.99:6801/699683446] conn(0x7fec30038fd0 0x7fec3003b490 secure :-1 s=READY pgs=8 cs=0 l=1 rev1=1 crypto rx=0x7fec34006fd0 tx=0x7fec34006e40 comp rx=0 tx=0).ready entity=mgr.14152 client_cookie=0 server_cookie=0 in_seq=0 out_seq=0
2024-03-16T09:36:47.048 INFO:teuthology.orchestra.run.smithi099.stdout:/usr/bin/ceph: stderr
2024-03-16T09:36:45.878+0000 7fec48c00700 1 -- 172.21.15.99:0/3787341098 <== mon.0 v2:172.21.15.99:3300/0 6 ==== mon_command_ack([{"prefix": "get_command_descriptions"}]=0 v0) ==== 72+0+186149 (secure 0 0 0) 0x7fec3c02b020 con 0x7fec4c07dea0
2024-03-16T09:36:47.048 INFO:teuthology.orchestra.run.smithi099.stdout:/usr/bin/ceph: stderr
2024-03-16T09:36:46.137+0000 7fec52800700 1 -- 172.21.15.99:0/3787341098 --> [v2:172.21.15.99:6800/699683446,v1:172.21.15.99:6801/699683446] -- mgr_command(tid 0: {"prefix": "dashboard ac-user-create", "username": "admin", "rolename": "administrator", "force_password": true, "pwd_update_required": true, "target": ["mon-mgr", ""]}) -- 0x7fec4c19c120 con 0x7fec30038fd0
2024-03-16T09:36:47.049 INFO:teuthology.orchestra.run.smithi099.stdout:/usr/bin/ceph: stderr
2024-03-16T09:36:46.370+0000 7fec48c00700 1 -- 172.21.15.99:0/3787341098 <== mgr.14152 v2:172.21.15.99:6800/699683446 1 ==== mgr_command_reply(tid 0: 0 ) ==== 8+0+252 (secure 0 0 0) 0x7fec4c19c120 con 0x7fec30038fd0
2024-03-16T09:36:47.049 INFO:teuthology.orchestra.run.smithi099.stdout:/usr/bin/ceph: stderr
2024-03-16T09:36:46.373+0000 7fec52800700 1 -- 172.21.15.99:0/3787341098 >> [v2:172.21.15.99:6800/699683446,v1:172.21.15.99:6801/699683446] conn(0x7fec30038fd0 msgr2=0x7fec3003b490 secure :-1 s=STATE_CONNECTION_ESTABLISHED l=1).mark_down
2024-03-16T09:36:47.049 INFO:teuthology.orchestra.run.smithi099.stdout:/usr/bin/ceph: stderr
2024-03-16T09:36:46.373+0000 7fec52800700 1 --2- 172.21.15.99:0/3787341098 >> [v2:172.21.15.99:6800/699683446,v1:172.21.15.99:6801/699683446] conn(0x7fec30038fd0 0x7fec3003b490 secure :-1 s=READY pgs=8 cs=0 l=1 rev1=1 crypto rx=0x7fec34006fd0 tx=0x7fec34006e40 comp rx=0 tx=0).stop
2024-03-16T09:36:47.049 INFO:teuthology.orchestra.run.smithi099.stdout:/usr/bin/ceph: stderr
2024-03-16T09:36:46.373+0000 7fec52800700 1 -- 172.21.15.99:0/3787341098 >> [v2:172.21.15.99:3300/0,v1:172.21.15.99:6789/0] conn(0x7fec4c07dea0 msgr2=0x7fec4c1a2580 secure :-1 s=STATE_CONNECTION_ESTABLISHED l=1).mark_down
2024-03-16T09:36:47.049 INFO:teuthology.orchestra.run.smithi099.stdout:/usr/bin/ceph: stderr
2024-03-16T09:36:46.373+0000 7fec52800700 1 --2- 172.21.15.99:0/3787341098 >> [v2:172.21.15.99:3300/0,v1:172.21.15.99:6789/0] conn(0x7fec4c07dea0 0x7fec4c1a2580 secure :-1 s=READY pgs=73 cs=0 l=1 rev1=1 crypto rx=0x7fec3c009fd0 tx=0x7fec3c003d00 comp rx=0 tx=0).stop
2024-03-16T09:36:47.049 INFO:teuthology.orchestra.run.smithi099.stdout:/usr/bin/ceph: stderr
2024-03-16T09:36:46.373+0000 7fec52800700 1 -- 172.21.15.99:0/3787341098 shutdown_connections
2024-03-16T09:36:47.049 INFO:teuthology.orchestra.run.smithi099.stdout:/usr/bin/ceph: stderr
2024-03-16T09:36:46.373+0000 7fec52800700 1 --2- 172.21.15.99:0/3787341098 >> [v2:172.21.15.99:6800/699683446,v1:172.21.15.99:6801/699683446] conn(0x7fec30038fd0 0x7fec3003b490 unknown :-1 s=CLOSED pgs=8 cs=0 l=1 rev1=1 crypto rx=0 tx=0 comp rx=0 tx=0).stop
2024-03-16T09:36:47.049 INFO:teuthology.orchestra.run.smithi099.stdout:/usr/bin/ceph: stderr
2024-03-16T09:36:46.373+0000 7fec52800700 1 --2- 172.21.15.99:0/3787341098 >> [v2:172.21.15.99:3300/0,v1:172.21.15.99:6789/0] conn(0x7fec4c07dea0 0x7fec4c1a2580 unknown :-1 s=CLOSED pgs=73 cs=0 l=1 rev1=1 crypto rx=0 tx=0 comp rx=0 tx=0).stop
2024-03-16T09:36:47.049 INFO:teuthology.orchestra.run.smithi099.stdout:/usr/bin/ceph: stderr
2024-03-16T09:36:46.373+0000 7fec52800700 1 -- 172.21.15.99:0/3787341098 >> 172.21.15.99:0/3787341098 conn(0x7fec4c103570 msgr2=0x7fec4c199260 unknown :-1 s=STATE_NONE l=0).mark_down
2024-03-16T09:36:47.049 INFO:teuthology.orchestra.run.smithi099.stdout:/usr/bin/ceph: stderr
2024-03-16T09:36:46.374+0000 7fec52800700 1 -- 172.21.15.99:0/3787341098 shutdown_connections
2024-03-16T09:36:47.049 INFO:teuthology.orchestra.run.smithi099.stdout:/usr/bin/ceph: stderr
2024-03-16T09:36:46.374+0000 7fec52800700 1 -- 172.21.15.99:0/3787341098 wait complete.
2024-03-16T09:36:47.049 INFO:teuthology.orchestra.run.smithi099.stdout:Fetching dashboard port number...
2024-03-16T09:36:47.231 INFO:journalctl@ceph.mon.a.smithi099.stdout:Mar 16 09:36:46 smithi099 ceph-mon[31535]: from='client.14166 -' entity='client.admin' cmd=[{"prefix": "dashboard ac-user-create", "username": "admin", "rolename": "administrator", "force_password": true, "pwd_update_required": true, "target": ["mon-mgr", ""]}]: dispatch
2024-03-16T09:36:47.231 INFO:journalctl@ceph.mon.a.smithi099.stdout:Mar 16 09:36:46 smithi099 ceph-mon[31535]: from='mgr.14152 172.21.15.99:0/3016441574' entity='mgr.x'
2024-03-16T09:36:47.231 INFO:journalctl@ceph.mon.a.smithi099.stdout:Mar 16 09:36:46 smithi099 ceph-mon[31535]: from='mgr.14152 172.21.15.99:0/3016441574' entity='mgr.x'
2024-03-16T09:36:48.115 INFO:journalctl@ceph.mon.a.smithi099.stdout:Mar 16 09:36:47 smithi099 ceph-mon[31535]: from='client.? 172.21.15.99:0/1137684905' entity='client.admin' cmd=[{"prefix": "config get", "who": "mgr", "key": "mgr/dashboard/ssl_server_port"}]: dispatch
2024-03-16T09:36:49.239 INFO:journalctl@ceph.mon.a.smithi099.stdout:Mar 16 09:36:48 smithi099 ceph-mon[31535]: mgrmap e13: x(active, since 6s)
2024-03-16T09:36:49.415 INFO:teuthology.orchestra.run.smithi099.stdout:/usr/bin/ceph: stdout 8443
2024-03-16T09:36:49.416 INFO:teuthology.orchestra.run.smithi099.stdout:/usr/bin/ceph: stderr
2024-03-16T09:36:47.663+0000 7f257b800700 1 Processor -- start
2024-03-16T09:36:49.416 INFO:teuthology.orchestra.run.smithi099.stdout:/usr/bin/ceph: stderr
2024-03-16T09:36:47.663+0000 7f257b800700 1 -- start start
2024-03-16T09:36:49.416 INFO:teuthology.orchestra.run.smithi099.stdout:/usr/bin/ceph: stderr
2024-03-16T09:36:47.663+0000 7f257b800700 1 --2- >> [v2:172.21.15.99:3300/0,v1:172.21.15.99:6789/0] conn(0x7f2574108a20 0x7f257410ae10 unknown :-1 s=NONE pgs=0 cs=0 l=0 rev1=0 crypto rx=0 tx=0 comp rx=0 tx=0).connect
2024-03-16T09:36:49.416 INFO:teuthology.orchestra.run.smithi099.stdout:/usr/bin/ceph: stderr
2024-03-16T09:36:47.664+0000 7f257b800700 1 -- --> [v2:172.21.15.99:3300/0,v1:172.21.15.99:6789/0] -- mon_getmap magic: 0 -- 0x7f257407c6d0 con 0x7f2574108a20
2024-03-16T09:36:49.416 INFO:teuthology.orchestra.run.smithi099.stdout:/usr/bin/ceph: stderr
2024-03-16T09:36:47.664+0000 7f2578e00700 1 --2- >> [v2:172.21.15.99:3300/0,v1:172.21.15.99:6789/0] conn(0x7f2574108a20 0x7f257410ae10 unknown :-1 s=BANNER_CONNECTING pgs=0 cs=0 l=0 rev1=0 crypto rx=0 tx=0 comp rx=0 tx=0)._handle_peer_banner_payload supported=3 required=0
2024-03-16T09:36:49.416 INFO:teuthology.orchestra.run.smithi099.stdout:/usr/bin/ceph: stderr
2024-03-16T09:36:47.664+0000 7f2578e00700 1 --2- >> [v2:172.21.15.99:3300/0,v1:172.21.15.99:6789/0] conn(0x7f2574108a20 0x7f257410ae10 unknown :-1 s=HELLO_CONNECTING pgs=0 cs=0 l=0 rev1=1 crypto rx=0 tx=0 comp rx=0 tx=0).handle_hello peer v2:172.21.15.99:3300/0 says I am v2:172.21.15.99:52418/0 (socket says 172.21.15.99:52418)
2024-03-16T09:36:49.416 INFO:teuthology.orchestra.run.smithi099.stdout:/usr/bin/ceph: stderr
2024-03-16T09:36:47.664+0000 7f2578e00700 1 -- 172.21.15.99:0/2737298149 learned_addr learned my addr 172.21.15.99:0/2737298149 (peer_addr_for_me v2:172.21.15.99:0/0)
2024-03-16T09:36:49.416 INFO:teuthology.orchestra.run.smithi099.stdout:/usr/bin/ceph: stderr
2024-03-16T09:36:47.665+0000 7f2578e00700 1 -- 172.21.15.99:0/2737298149 --> [v2:172.21.15.99:3300/0,v1:172.21.15.99:6789/0] -- mon_subscribe({config=0+,monmap=0+}) -- 0x7f257410b350 con 0x7f2574108a20
2024-03-16T09:36:49.416 INFO:teuthology.orchestra.run.smithi099.stdout:/usr/bin/ceph: stderr
2024-03-16T09:36:47.665+0000 7f2578e00700 1 --2- 172.21.15.99:0/2737298149 >> [v2:172.21.15.99:3300/0,v1:172.21.15.99:6789/0] conn(0x7f2574108a20 0x7f257410ae10 secure :-1 s=READY pgs=74 cs=0 l=1 rev1=1 crypto rx=0x7f25680098a0 tx=0x7f2568009bb0 comp rx=0 tx=0).ready entity=mon.0 client_cookie=fde8b7897b3440d4 server_cookie=0 in_seq=0 out_seq=0
2024-03-16T09:36:49.416 INFO:teuthology.orchestra.run.smithi099.stdout:/usr/bin/ceph: stderr
2024-03-16T09:36:47.665+0000 7f2573400700 1 -- 172.21.15.99:0/2737298149 <== mon.0 v2:172.21.15.99:3300/0 1 ==== mon_map magic: 0 ==== 205+0+0 (secure 0 0 0) 0x7f2568004160 con 0x7f2574108a20
2024-03-16T09:36:49.416 INFO:teuthology.orchestra.run.smithi099.stdout:/usr/bin/ceph: stderr
2024-03-16T09:36:47.665+0000 7f2573400700 1 -- 172.21.15.99:0/2737298149 <== mon.0 v2:172.21.15.99:3300/0 2 ==== config(29 keys) ==== 1209+0+0 (secure 0 0 0) 0x7f2568004300 con 0x7f2574108a20
2024-03-16T09:36:49.417 INFO:teuthology.orchestra.run.smithi099.stdout:/usr/bin/ceph: stderr
2024-03-16T09:36:47.665+0000 7f2573400700 1 -- 172.21.15.99:0/2737298149 <== mon.0 v2:172.21.15.99:3300/0 3 ==== mon_map magic: 0 ==== 205+0+0 (secure 0 0 0) 0x7f2568011c70 con 0x7f2574108a20
2024-03-16T09:36:49.417 INFO:teuthology.orchestra.run.smithi099.stdout:/usr/bin/ceph: stderr
2024-03-16T09:36:47.666+0000 7f257b800700 1 -- 172.21.15.99:0/2737298149 >> [v2:172.21.15.99:3300/0,v1:172.21.15.99:6789/0] conn(0x7f2574108a20 msgr2=0x7f257410ae10 secure :-1 s=STATE_CONNECTION_ESTABLISHED l=1).mark_down
2024-03-16T09:36:49.417 INFO:teuthology.orchestra.run.smithi099.stdout:/usr/bin/ceph: stderr
2024-03-16T09:36:47.666+0000 7f257b800700 1 --2- 172.21.15.99:0/2737298149 >> [v2:172.21.15.99:3300/0,v1:172.21.15.99:6789/0] conn(0x7f2574108a20 0x7f257410ae10 secure :-1 s=READY pgs=74 cs=0 l=1 rev1=1 crypto rx=0x7f25680098a0 tx=0x7f2568009bb0 comp rx=0 tx=0).stop
2024-03-16T09:36:49.417 INFO:teuthology.orchestra.run.smithi099.stdout:/usr/bin/ceph: stderr
2024-03-16T09:36:47.666+0000 7f257b800700 1 -- 172.21.15.99:0/2737298149 shutdown_connections
2024-03-16T09:36:49.417 INFO:teuthology.orchestra.run.smithi099.stdout:/usr/bin/ceph: stderr
2024-03-16T09:36:47.666+0000 7f257b800700 1 --2- 172.21.15.99:0/2737298149 >> [v2:172.21.15.99:3300/0,v1:172.21.15.99:6789/0] conn(0x7f2574108a20 0x7f257410ae10 unknown :-1 s=CLOSED pgs=74 cs=0 l=1 rev1=1 crypto rx=0 tx=0 comp rx=0 tx=0).stop
2024-03-16T09:36:49.417 INFO:teuthology.orchestra.run.smithi099.stdout:/usr/bin/ceph: stderr
2024-03-16T09:36:47.666+0000 7f257b800700 1 -- 172.21.15.99:0/2737298149 >> 172.21.15.99:0/2737298149 conn(0x7f2574102430 msgr2=0x7f2574104850 unknown :-1 s=STATE_NONE l=0).mark_down
2024-03-16T09:36:49.417 INFO:teuthology.orchestra.run.smithi099.stdout:/usr/bin/ceph: stderr
2024-03-16T09:36:47.666+0000 7f257b800700 1 -- 172.21.15.99:0/2737298149 shutdown_connections
2024-03-16T09:36:49.417 INFO:teuthology.orchestra.run.smithi099.stdout:/usr/bin/ceph: stderr
2024-03-16T09:36:47.666+0000 7f257b800700 1 -- 172.21.15.99:0/2737298149 wait complete.
2024-03-16T09:36:49.417 INFO:teuthology.orchestra.run.smithi099.stdout:/usr/bin/ceph: stderr
2024-03-16T09:36:47.667+0000 7f257b800700 1 Processor -- start
2024-03-16T09:36:49.417 INFO:teuthology.orchestra.run.smithi099.stdout:/usr/bin/ceph: stderr
2024-03-16T09:36:47.668+0000 7f257b800700 1 -- start start
2024-03-16T09:36:49.417 INFO:teuthology.orchestra.run.smithi099.stdout:/usr/bin/ceph: stderr
2024-03-16T09:36:47.668+0000 7f257b800700 1 --2- >> [v2:172.21.15.99:3300/0,v1:172.21.15.99:6789/0] conn(0x7f2574108a20 0x7f25741082a0 unknown :-1 s=NONE pgs=0 cs=0 l=1 rev1=0 crypto rx=0 tx=0 comp rx=0 tx=0).connect
2024-03-16T09:36:49.417 INFO:teuthology.orchestra.run.smithi099.stdout:/usr/bin/ceph: stderr
2024-03-16T09:36:47.668+0000 7f257b800700 1 -- --> [v2:172.21.15.99:3300/0,v1:172.21.15.99:6789/0] -- mon_getmap magic: 0 -- 0x7f257410c410 con 0x7f2574108a20
2024-03-16T09:36:49.417 INFO:teuthology.orchestra.run.smithi099.stdout:/usr/bin/ceph: stderr
2024-03-16T09:36:47.668+0000 7f2578e00700 1 --2- >> [v2:172.21.15.99:3300/0,v1:172.21.15.99:6789/0] conn(0x7f2574108a20 0x7f25741082a0 unknown :-1 s=BANNER_CONNECTING pgs=0 cs=0 l=1 rev1=0 crypto rx=0 tx=0 comp rx=0 tx=0)._handle_peer_banner_payload supported=3 required=0
2024-03-16T09:36:49.417 INFO:teuthology.orchestra.run.smithi099.stdout:/usr/bin/ceph: stderr
2024-03-16T09:36:47.668+0000 7f2578e00700 1 --2- >> [v2:172.21.15.99:3300/0,v1:172.21.15.99:6789/0] conn(0x7f2574108a20 0x7f25741082a0 unknown :-1 s=HELLO_CONNECTING pgs=0 cs=0 l=1 rev1=1 crypto rx=0 tx=0 comp rx=0 tx=0).handle_hello peer v2:172.21.15.99:3300/0 says I am v2:172.21.15.99:52426/0 (socket says 172.21.15.99:52426)
2024-03-16T09:36:49.418 INFO:teuthology.orchestra.run.smithi099.stdout:/usr/bin/ceph: stderr
2024-03-16T09:36:47.669+0000 7f2578e00700 1 -- 172.21.15.99:0/1137684905 learned_addr learned my addr 172.21.15.99:0/1137684905 (peer_addr_for_me v2:172.21.15.99:0/0)
2024-03-16T09:36:49.418 INFO:teuthology.orchestra.run.smithi099.stdout:/usr/bin/ceph: stderr
2024-03-16T09:36:47.669+0000 7f2578e00700 1 -- 172.21.15.99:0/1137684905 --> [v2:172.21.15.99:3300/0,v1:172.21.15.99:6789/0] -- mon_subscribe({config=0+,monmap=0+}) -- 0x7f25741087e0 con 0x7f2574108a20
2024-03-16T09:36:49.418 INFO:teuthology.orchestra.run.smithi099.stdout:/usr/bin/ceph: stderr
2024-03-16T09:36:47.669+0000 7f2578e00700 1 --2- 172.21.15.99:0/1137684905 >> [v2:172.21.15.99:3300/0,v1:172.21.15.99:6789/0] conn(0x7f2574108a20 0x7f25741082a0 secure :-1 s=READY pgs=75 cs=0 l=1 rev1=1 crypto rx=0x7f25680046e0 tx=0x7f2568011700 comp rx=0 tx=0).ready entity=mon.0 client_cookie=0 server_cookie=0 in_seq=0 out_seq=0
2024-03-16T09:36:49.418 INFO:teuthology.orchestra.run.smithi099.stdout:/usr/bin/ceph: stderr
2024-03-16T09:36:47.670+0000 7f2571600700 1 -- 172.21.15.99:0/1137684905 <== mon.0 v2:172.21.15.99:3300/0 1 ==== mon_map magic: 0 ==== 205+0+0 (secure 0 0 0) 0x7f25680036a0 con 0x7f2574108a20
2024-03-16T09:36:49.418 INFO:teuthology.orchestra.run.smithi099.stdout:/usr/bin/ceph: stderr
2024-03-16T09:36:47.670+0000 7f2571600700 1 -- 172.21.15.99:0/1137684905 <== mon.0 v2:172.21.15.99:3300/0 2 ==== config(29 keys) ==== 1209+0+0 (secure 0 0 0) 0x7f2568003d60 con 0x7f2574108a20
2024-03-16T09:36:49.418 INFO:teuthology.orchestra.run.smithi099.stdout:/usr/bin/ceph: stderr
2024-03-16T09:36:47.670+0000 7f257b800700 1 -- 172.21.15.99:0/1137684905 --> [v2:172.21.15.99:3300/0,v1:172.21.15.99:6789/0] -- mon_subscribe({mgrmap=0+}) -- 0x7f25741069d0 con 0x7f2574108a20
2024-03-16T09:36:49.418 INFO:teuthology.orchestra.run.smithi099.stdout:/usr/bin/ceph: stderr
2024-03-16T09:36:47.670+0000 7f2571600700 1 -- 172.21.15.99:0/1137684905 <== mon.0 v2:172.21.15.99:3300/0 3 ==== mon_map magic: 0 ==== 205+0+0 (secure 0 0 0) 0x7f25680193c0 con 0x7f2574108a20
2024-03-16T09:36:49.418 INFO:teuthology.orchestra.run.smithi099.stdout:/usr/bin/ceph: stderr
2024-03-16T09:36:47.670+0000 7f257b800700 1 -- 172.21.15.99:0/1137684905 --> [v2:172.21.15.99:3300/0,v1:172.21.15.99:6789/0] -- mon_subscribe({osdmap=0}) -- 0x7f2574106f10 con 0x7f2574108a20
2024-03-16T09:36:49.418 INFO:teuthology.orchestra.run.smithi099.stdout:/usr/bin/ceph: stderr
2024-03-16T09:36:47.671+0000 7f257b800700 1 -- 172.21.15.99:0/1137684905 --> [v2:172.21.15.99:3300/0,v1:172.21.15.99:6789/0] -- mon_command({"prefix": "get_command_descriptions"} v 0) -- 0x7f2574063900 con 0x7f2574108a20
2024-03-16T09:36:49.418 INFO:teuthology.orchestra.run.smithi099.stdout:/usr/bin/ceph: stderr
2024-03-16T09:36:47.671+0000 7f2571600700 1 -- 172.21.15.99:0/1137684905 <== mon.0 v2:172.21.15.99:3300/0 4 ==== mgrmap(e 12) ==== 46119+0+0 (secure 0 0 0) 0x7f2568019650 con 0x7f2574108a20
2024-03-16T09:36:49.418 INFO:teuthology.orchestra.run.smithi099.stdout:/usr/bin/ceph: stderr
2024-03-16T09:36:47.672+0000 7f2571600700 1 --2- 172.21.15.99:0/1137684905 >> [v2:172.21.15.99:6800/699683446,v1:172.21.15.99:6801/699683446] conn(0x7f255c038fd0 0x7f255c03b490 unknown :-1 s=NONE pgs=0 cs=0 l=1 rev1=0 crypto rx=0 tx=0 comp rx=0 tx=0).connect
2024-03-16T09:36:49.418 INFO:teuthology.orchestra.run.smithi099.stdout:/usr/bin/ceph: stderr
2024-03-16T09:36:47.672+0000 7f2571600700 1 -- 172.21.15.99:0/1137684905 <== mon.0 v2:172.21.15.99:3300/0 5 ==== osd_map(3..3 src has 1..3) ==== 1155+0+0 (secure 0 0 0) 0x7f256804cff0 con 0x7f2574108a20
2024-03-16T09:36:49.418 INFO:teuthology.orchestra.run.smithi099.stdout:/usr/bin/ceph: stderr
2024-03-16T09:36:47.673+0000 7f2573e00700 1 --2- 172.21.15.99:0/1137684905 >> [v2:172.21.15.99:6800/699683446,v1:172.21.15.99:6801/699683446] conn(0x7f255c038fd0 0x7f255c03b490 unknown :-1 s=BANNER_CONNECTING pgs=0 cs=0 l=1 rev1=0 crypto rx=0 tx=0 comp rx=0 tx=0)._handle_peer_banner_payload supported=3 required=0
2024-03-16T09:36:49.418 INFO:teuthology.orchestra.run.smithi099.stdout:/usr/bin/ceph: stderr
2024-03-16T09:36:47.674+0000 7f2573e00700 1 --2- 172.21.15.99:0/1137684905 >> [v2:172.21.15.99:6800/699683446,v1:172.21.15.99:6801/699683446] conn(0x7f255c038fd0 0x7f255c03b490 secure :-1 s=READY pgs=9 cs=0 l=1 rev1=1 crypto rx=0x7f2560006fd0 tx=0x7f2560006e40 comp rx=0 tx=0).ready entity=mgr.14152 client_cookie=0 server_cookie=0 in_seq=0 out_seq=0
2024-03-16T09:36:49.419 INFO:teuthology.orchestra.run.smithi099.stdout:/usr/bin/ceph: stderr
2024-03-16T09:36:47.678+0000 7f2571600700 1 -- 172.21.15.99:0/1137684905 <== mon.0 v2:172.21.15.99:3300/0 6 ==== mon_command_ack([{"prefix": "get_command_descriptions"}]=0 v0) ==== 72+0+186149 (secure 0 0 0) 0x7f256800f2e0 con 0x7f2574108a20
2024-03-16T09:36:49.419 INFO:teuthology.orchestra.run.smithi099.stdout:/usr/bin/ceph: stderr
2024-03-16T09:36:47.905+0000 7f257b800700 1 -- 172.21.15.99:0/1137684905 --> [v2:172.21.15.99:3300/0,v1:172.21.15.99:6789/0] -- mon_command({"prefix": "config get", "who": "mgr", "key": "mgr/dashboard/ssl_server_port"} v 0) -- 0x7f2574107190 con 0x7f2574108a20
2024-03-16T09:36:49.419 INFO:teuthology.orchestra.run.smithi099.stdout:/usr/bin/ceph: stderr
2024-03-16T09:36:47.905+0000 7f2571600700 1 -- 172.21.15.99:0/1137684905 <== mon.0 v2:172.21.15.99:3300/0 7 ==== mon_command_ack([{"prefix": "config get", "who": "mgr", "key": "mgr/dashboard/ssl_server_port"}]=0 v8) ==== 112+0+5 (secure 0 0 0) 0x7f2568029260 con 0x7f2574108a20
2024-03-16T09:36:49.419 INFO:teuthology.orchestra.run.smithi099.stdout:/usr/bin/ceph: stderr
2024-03-16T09:36:47.908+0000 7f257b800700 1 -- 172.21.15.99:0/1137684905 >> [v2:172.21.15.99:6800/699683446,v1:172.21.15.99:6801/699683446] conn(0x7f255c038fd0 msgr2=0x7f255c03b490 secure :-1 s=STATE_CONNECTION_ESTABLISHED l=1).mark_down
2024-03-16T09:36:49.419 INFO:teuthology.orchestra.run.smithi099.stdout:/usr/bin/ceph: stderr
2024-03-16T09:36:47.908+0000 7f257b800700 1 --2- 172.21.15.99:0/1137684905 >> [v2:172.21.15.99:6800/699683446,v1:172.21.15.99:6801/699683446] conn(0x7f255c038fd0 0x7f255c03b490 secure :-1 s=READY pgs=9 cs=0 l=1 rev1=1 crypto rx=0x7f2560006fd0 tx=0x7f2560006e40 comp rx=0 tx=0).stop
2024-03-16T09:36:49.419 INFO:teuthology.orchestra.run.smithi099.stdout:/usr/bin/ceph: stderr
2024-03-16T09:36:47.908+0000 7f257b800700 1 -- 172.21.15.99:0/1137684905 >> [v2:172.21.15.99:3300/0,v1:172.21.15.99:6789/0] conn(0x7f2574108a20 msgr2=0x7f25741082a0 secure :-1 s=STATE_CONNECTION_ESTABLISHED l=1).mark_down
2024-03-16T09:36:49.419 INFO:teuthology.orchestra.run.smithi099.stdout:/usr/bin/ceph: stderr
2024-03-16T09:36:47.908+0000 7f257b800700 1 --2- 172.21.15.99:0/1137684905 >> [v2:172.21.15.99:3300/0,v1:172.21.15.99:6789/0] conn(0x7f2574108a20 0x7f25741082a0 secure :-1 s=READY pgs=75 cs=0 l=1 rev1=1 crypto rx=0x7f25680046e0 tx=0x7f2568011700 comp rx=0 tx=0).stop
2024-03-16T09:36:49.419 INFO:teuthology.orchestra.run.smithi099.stdout:/usr/bin/ceph: stderr
2024-03-16T09:36:47.908+0000 7f257b800700 1 -- 172.21.15.99:0/1137684905 shutdown_connections
2024-03-16T09:36:49.419 INFO:teuthology.orchestra.run.smithi099.stdout:/usr/bin/ceph: stderr
2024-03-16T09:36:47.908+0000 7f257b800700 1 --2- 172.21.15.99:0/1137684905 >> [v2:172.21.15.99:6800/699683446,v1:172.21.15.99:6801/699683446] conn(0x7f255c038fd0 0x7f255c03b490 unknown :-1 s=CLOSED pgs=9 cs=0 l=1 rev1=1 crypto rx=0 tx=0 comp rx=0 tx=0).stop
2024-03-16T09:36:49.419 INFO:teuthology.orchestra.run.smithi099.stdout:/usr/bin/ceph: stderr
2024-03-16T09:36:47.908+0000 7f257b800700 1 --2- 172.21.15.99:0/1137684905 >> [v2:172.21.15.99:3300/0,v1:172.21.15.99:6789/0] conn(0x7f2574108a20 0x7f25741082a0 unknown :-1 s=CLOSED pgs=75 cs=0 l=1 rev1=1 crypto rx=0 tx=0 comp rx=0 tx=0).stop
2024-03-16T09:36:49.419 INFO:teuthology.orchestra.run.smithi099.stdout:/usr/bin/ceph: stderr
2024-03-16T09:36:47.908+0000 7f257b800700 1 -- 172.21.15.99:0/1137684905 >> 172.21.15.99:0/1137684905 conn(0x7f2574102430 msgr2=0x7f2574102fb0 unknown :-1 s=STATE_NONE l=0).mark_down
2024-03-16T09:36:49.419 INFO:teuthology.orchestra.run.smithi099.stdout:/usr/bin/ceph: stderr
2024-03-16T09:36:47.908+0000 7f257b800700 1 -- 172.21.15.99:0/1137684905 shutdown_connections
2024-03-16T09:36:49.419 INFO:teuthology.orchestra.run.smithi099.stdout:/usr/bin/ceph: stderr
2024-03-16T09:36:47.908+0000 7f257b800700 1 -- 172.21.15.99:0/1137684905 wait complete.
2024-03-16T09:36:49.440 INFO:teuthology.orchestra.run.smithi099.stdout:Non-zero exit code 1 from systemctl is-enabled firewalld.service
2024-03-16T09:36:49.440 INFO:teuthology.orchestra.run.smithi099.stdout:systemctl: stdout disabled
2024-03-16T09:36:49.463 INFO:teuthology.orchestra.run.smithi099.stdout:Non-zero exit code 3 from systemctl is-active firewalld.service
2024-03-16T09:36:49.464 INFO:teuthology.orchestra.run.smithi099.stdout:systemctl: stdout inactive
2024-03-16T09:36:49.464 INFO:teuthology.orchestra.run.smithi099.stdout:firewalld.service is not enabled
2024-03-16T09:36:49.464 INFO:teuthology.orchestra.run.smithi099.stdout:Not possible to open ports <[8443]>. firewalld.service is not available
2024-03-16T09:36:49.471 INFO:teuthology.orchestra.run.smithi099.stdout:Ceph Dashboard is now available at:
2024-03-16T09:36:49.471 INFO:teuthology.orchestra.run.smithi099.stdout:
2024-03-16T09:36:49.471 INFO:teuthology.orchestra.run.smithi099.stdout: URL: https://smithi099.front.sepia.ceph.com:8443/
2024-03-16T09:36:49.471 INFO:teuthology.orchestra.run.smithi099.stdout: User: admin
2024-03-16T09:36:49.471 INFO:teuthology.orchestra.run.smithi099.stdout: Password: 2lqf071qvx
2024-03-16T09:36:49.471 INFO:teuthology.orchestra.run.smithi099.stdout:
2024-03-16T09:36:49.472 INFO:teuthology.orchestra.run.smithi099.stdout:Saving cluster configuration to /var/lib/ceph/664b997c-e378-11ee-95c9-87774f69a715/config directory
2024-03-16T09:36:49.474 INFO:teuthology.orchestra.run.smithi099.stdout:Enabling autotune for osd_memory_target
2024-03-16T09:36:50.940 INFO:teuthology.orchestra.run.smithi099.stdout:/usr/bin/ceph: stderr
2024-03-16T09:36:50.040+0000 7f19b9800700 1 Processor -- start
2024-03-16T09:36:50.940 INFO:teuthology.orchestra.run.smithi099.stdout:/usr/bin/ceph: stderr
2024-03-16T09:36:50.040+0000 7f19b9800700 1 -- start start
2024-03-16T09:36:50.940 INFO:teuthology.orchestra.run.smithi099.stdout:/usr/bin/ceph: stderr
2024-03-16T09:36:50.040+0000 7f19b9800700 1 --2- >> [v2:172.21.15.99:3300/0,v1:172.21.15.99:6789/0] conn(0x7f19b4108ac0 0x7f19b410aeb0 unknown :-1 s=NONE pgs=0 cs=0 l=0 rev1=0 crypto rx=0 tx=0 comp rx=0 tx=0).connect
2024-03-16T09:36:50.940 INFO:teuthology.orchestra.run.smithi099.stdout:/usr/bin/ceph: stderr
2024-03-16T09:36:50.040+0000 7f19b9800700 1 -- --> [v2:172.21.15.99:3300/0,v1:172.21.15.99:6789/0] -- mon_getmap magic: 0 -- 0x7f19b407bde0 con 0x7f19b4108ac0
2024-03-16T09:36:50.940 INFO:teuthology.orchestra.run.smithi099.stdout:/usr/bin/ceph: stderr
2024-03-16T09:36:50.041+0000 7f19b2a00700 1 --2- >> [v2:172.21.15.99:3300/0,v1:172.21.15.99:6789/0] conn(0x7f19b4108ac0 0x7f19b410aeb0 unknown :-1 s=BANNER_CONNECTING pgs=0 cs=0 l=0 rev1=0 crypto rx=0 tx=0 comp rx=0 tx=0)._handle_peer_banner_payload supported=3 required=0
2024-03-16T09:36:50.940 INFO:teuthology.orchestra.run.smithi099.stdout:/usr/bin/ceph: stderr
2024-03-16T09:36:50.041+0000 7f19b2a00700 1 --2- >> [v2:172.21.15.99:3300/0,v1:172.21.15.99:6789/0] conn(0x7f19b4108ac0 0x7f19b410aeb0 unknown :-1 s=HELLO_CONNECTING pgs=0 cs=0 l=0 rev1=1 crypto rx=0 tx=0 comp rx=0 tx=0).handle_hello peer v2:172.21.15.99:3300/0 says I am v2:172.21.15.99:34372/0 (socket says 172.21.15.99:34372)
2024-03-16T09:36:50.941 INFO:teuthology.orchestra.run.smithi099.stdout:/usr/bin/ceph: stderr
2024-03-16T09:36:50.041+0000 7f19b2a00700 1 -- 172.21.15.99:0/3156937421 learned_addr learned my addr 172.21.15.99:0/3156937421 (peer_addr_for_me v2:172.21.15.99:0/0)
2024-03-16T09:36:50.941 INFO:teuthology.orchestra.run.smithi099.stdout:/usr/bin/ceph: stderr
2024-03-16T09:36:50.041+0000 7f19b2a00700 1 -- 172.21.15.99:0/3156937421 --> [v2:172.21.15.99:3300/0,v1:172.21.15.99:6789/0] -- mon_subscribe({config=0+,monmap=0+}) -- 0x7f19b410b3f0 con 0x7f19b4108ac0
2024-03-16T09:36:50.941 INFO:teuthology.orchestra.run.smithi099.stdout:/usr/bin/ceph: stderr
2024-03-16T09:36:50.042+0000 7f19b2a00700 1 --2- 172.21.15.99:0/3156937421 >> [v2:172.21.15.99:3300/0,v1:172.21.15.99:6789/0] conn(0x7f19b4108ac0 0x7f19b410aeb0 secure :-1 s=READY pgs=76 cs=0 l=1 rev1=1 crypto rx=0x7f19a40098a0 tx=0x7f19a4009bb0 comp rx=0 tx=0).ready entity=mon.0 client_cookie=22dd6c30625e7cef server_cookie=0 in_seq=0 out_seq=0
2024-03-16T09:36:50.941 INFO:teuthology.orchestra.run.smithi099.stdout:/usr/bin/ceph: stderr
2024-03-16T09:36:50.042+0000 7f19b1600700 1 -- 172.21.15.99:0/3156937421 <== mon.0 v2:172.21.15.99:3300/0 1 ==== mon_map magic: 0 ==== 205+0+0 (secure 0 0 0) 0x7f19a4004160 con 0x7f19b4108ac0
2024-03-16T09:36:50.941 INFO:teuthology.orchestra.run.smithi099.stdout:/usr/bin/ceph: stderr
2024-03-16T09:36:50.042+0000 7f19b1600700 1 -- 172.21.15.99:0/3156937421 <== mon.0 v2:172.21.15.99:3300/0 2 ==== config(29 keys) ==== 1209+0+0 (secure 0 0 0) 0x7f19a4004300 con 0x7f19b4108ac0
2024-03-16T09:36:50.941 INFO:teuthology.orchestra.run.smithi099.stdout:/usr/bin/ceph: stderr
2024-03-16T09:36:50.042+0000 7f19b1600700 1 -- 172.21.15.99:0/3156937421 <== mon.0 v2:172.21.15.99:3300/0 3 ==== mon_map magic: 0 ==== 205+0+0 (secure 0 0 0) 0x7f19a4011c70 con 0x7f19b4108ac0
2024-03-16T09:36:50.941 INFO:teuthology.orchestra.run.smithi099.stdout:/usr/bin/ceph: stderr
2024-03-16T09:36:50.042+0000 7f19b9800700 1 -- 172.21.15.99:0/3156937421 >> [v2:172.21.15.99:3300/0,v1:172.21.15.99:6789/0] conn(0x7f19b4108ac0 msgr2=0x7f19b410aeb0 secure :-1 s=STATE_CONNECTION_ESTABLISHED l=1).mark_down
2024-03-16T09:36:50.941 INFO:teuthology.orchestra.run.smithi099.stdout:/usr/bin/ceph: stderr
2024-03-16T09:36:50.042+0000 7f19b9800700 1 --2- 172.21.15.99:0/3156937421 >> [v2:172.21.15.99:3300/0,v1:172.21.15.99:6789/0] conn(0x7f19b4108ac0 0x7f19b410aeb0 secure :-1 s=READY pgs=76 cs=0 l=1 rev1=1 crypto rx=0x7f19a40098a0 tx=0x7f19a4009bb0 comp rx=0 tx=0).stop
2024-03-16T09:36:50.941 INFO:teuthology.orchestra.run.smithi099.stdout:/usr/bin/ceph: stderr
2024-03-16T09:36:50.043+0000 7f19b9800700 1 -- 172.21.15.99:0/3156937421 shutdown_connections
2024-03-16T09:36:50.941 INFO:teuthology.orchestra.run.smithi099.stdout:/usr/bin/ceph: stderr
2024-03-16T09:36:50.043+0000 7f19b9800700 1 --2- 172.21.15.99:0/3156937421 >> [v2:172.21.15.99:3300/0,v1:172.21.15.99:6789/0] conn(0x7f19b4108ac0 0x7f19b410aeb0 unknown :-1 s=CLOSED pgs=76 cs=0 l=1 rev1=1 crypto rx=0 tx=0 comp rx=0 tx=0).stop
2024-03-16T09:36:50.941 INFO:teuthology.orchestra.run.smithi099.stdout:/usr/bin/ceph: stderr
2024-03-16T09:36:50.043+0000 7f19b9800700 1 -- 172.21.15.99:0/3156937421 >> 172.21.15.99:0/3156937421 conn(0x7f19b4102430 msgr2=0x7f19b4104850 unknown :-1 s=STATE_NONE l=0).mark_down
2024-03-16T09:36:50.941 INFO:teuthology.orchestra.run.smithi099.stdout:/usr/bin/ceph: stderr
2024-03-16T09:36:50.043+0000 7f19b9800700 1 -- 172.21.15.99:0/3156937421 shutdown_connections
2024-03-16T09:36:50.941 INFO:teuthology.orchestra.run.smithi099.stdout:/usr/bin/ceph: stderr
2024-03-16T09:36:50.043+0000 7f19b9800700 1 -- 172.21.15.99:0/3156937421 wait complete.
2024-03-16T09:36:50.941 INFO:teuthology.orchestra.run.smithi099.stdout:/usr/bin/ceph: stderr
2024-03-16T09:36:50.044+0000 7f19b9800700 1 Processor -- start
2024-03-16T09:36:50.942 INFO:teuthology.orchestra.run.smithi099.stdout:/usr/bin/ceph: stderr
2024-03-16T09:36:50.044+0000 7f19b9800700 1 -- start start
2024-03-16T09:36:50.942 INFO:teuthology.orchestra.run.smithi099.stdout:/usr/bin/ceph: stderr
2024-03-16T09:36:50.044+0000 7f19b9800700 1 --2- >> [v2:172.21.15.99:3300/0,v1:172.21.15.99:6789/0] conn(0x7f19b4108ac0 0x7f19b419e230 unknown :-1 s=NONE pgs=0 cs=0 l=1 rev1=0 crypto rx=0 tx=0 comp rx=0 tx=0).connect
2024-03-16T09:36:50.942 INFO:teuthology.orchestra.run.smithi099.stdout:/usr/bin/ceph: stderr
2024-03-16T09:36:50.044+0000 7f19b9800700 1 -- --> [v2:172.21.15.99:3300/0,v1:172.21.15.99:6789/0] -- mon_getmap magic: 0 -- 0x7f19b410c450 con 0x7f19b4108ac0
2024-03-16T09:36:50.942 INFO:teuthology.orchestra.run.smithi099.stdout:/usr/bin/ceph: stderr
2024-03-16T09:36:50.045+0000 7f19b2a00700 1 --2- >> [v2:172.21.15.99:3300/0,v1:172.21.15.99:6789/0] conn(0x7f19b4108ac0 0x7f19b419e230 unknown :-1 s=BANNER_CONNECTING pgs=0 cs=0 l=1 rev1=0 crypto rx=0 tx=0 comp rx=0 tx=0)._handle_peer_banner_payload supported=3 required=0
2024-03-16T09:36:50.942 INFO:teuthology.orchestra.run.smithi099.stdout:/usr/bin/ceph: stderr
2024-03-16T09:36:50.045+0000 7f19b2a00700 1 --2- >> [v2:172.21.15.99:3300/0,v1:172.21.15.99:6789/0] conn(0x7f19b4108ac0 0x7f19b419e230 unknown :-1 s=HELLO_CONNECTING pgs=0 cs=0 l=1 rev1=1 crypto rx=0 tx=0 comp rx=0 tx=0).handle_hello peer v2:172.21.15.99:3300/0 says I am v2:172.21.15.99:34386/0 (socket says 172.21.15.99:34386)
2024-03-16T09:36:50.942 INFO:teuthology.orchestra.run.smithi099.stdout:/usr/bin/ceph: stderr
2024-03-16T09:36:50.045+0000 7f19b2a00700 1 -- 172.21.15.99:0/3935486509 learned_addr learned my addr 172.21.15.99:0/3935486509 (peer_addr_for_me v2:172.21.15.99:0/0)
2024-03-16T09:36:50.942 INFO:teuthology.orchestra.run.smithi099.stdout:/usr/bin/ceph: stderr
2024-03-16T09:36:50.045+0000 7f19b2a00700 1 -- 172.21.15.99:0/3935486509 --> [v2:172.21.15.99:3300/0,v1:172.21.15.99:6789/0] -- mon_subscribe({config=0+,monmap=0+}) -- 0x7f19b419e770 con 0x7f19b4108ac0
2024-03-16T09:36:50.942 INFO:teuthology.orchestra.run.smithi099.stdout:/usr/bin/ceph: stderr
2024-03-16T09:36:50.045+0000 7f19b2a00700 1 --2- 172.21.15.99:0/3935486509 >> [v2:172.21.15.99:3300/0,v1:172.21.15.99:6789/0] conn(0x7f19b4108ac0 0x7f19b419e230 secure :-1 s=READY pgs=77 cs=0 l=1 rev1=1 crypto rx=0x7f19a40046e0 tx=0x7f19a4011700 comp rx=0 tx=0).ready entity=mon.0 client_cookie=0 server_cookie=0 in_seq=0 out_seq=0
2024-03-16T09:36:50.942 INFO:teuthology.orchestra.run.smithi099.stdout:/usr/bin/ceph: stderr
2024-03-16T09:36:50.046+0000 7f19ab400700 1 -- 172.21.15.99:0/3935486509 <== mon.0 v2:172.21.15.99:3300/0 1 ==== mon_map magic: 0 ==== 205+0+0 (secure 0 0 0) 0x7f19a40036a0 con 0x7f19b4108ac0
2024-03-16T09:36:50.942 INFO:teuthology.orchestra.run.smithi099.stdout:/usr/bin/ceph: stderr
2024-03-16T09:36:50.046+0000 7f19ab400700 1 -- 172.21.15.99:0/3935486509 <== mon.0 v2:172.21.15.99:3300/0 2 ==== config(29 keys) ==== 1209+0+0 (secure 0 0 0) 0x7f19a4003d60 con 0x7f19b4108ac0
2024-03-16T09:36:50.942 INFO:teuthology.orchestra.run.smithi099.stdout:/usr/bin/ceph: stderr
2024-03-16T09:36:50.046+0000 7f19b9800700 1 -- 172.21.15.99:0/3935486509 --> [v2:172.21.15.99:3300/0,v1:172.21.15.99:6789/0] -- mon_subscribe({mgrmap=0+}) -- 0x7f19b419ea00 con 0x7f19b4108ac0
2024-03-16T09:36:50.942 INFO:teuthology.orchestra.run.smithi099.stdout:/usr/bin/ceph: stderr
2024-03-16T09:36:50.046+0000 7f19ab400700 1 -- 172.21.15.99:0/3935486509 <== mon.0 v2:172.21.15.99:3300/0 3 ==== mon_map magic: 0 ==== 205+0+0 (secure 0 0 0) 0x7f19a40193c0 con 0x7f19b4108ac0
2024-03-16T09:36:50.942 INFO:teuthology.orchestra.run.smithi099.stdout:/usr/bin/ceph: stderr
2024-03-16T09:36:50.046+0000 7f19b9800700 1 -- 172.21.15.99:0/3935486509 --> [v2:172.21.15.99:3300/0,v1:172.21.15.99:6789/0] -- mon_subscribe({osdmap=0}) -- 0x7f19b41a16f0 con 0x7f19b4108ac0
2024-03-16T09:36:50.942 INFO:teuthology.orchestra.run.smithi099.stdout:/usr/bin/ceph: stderr
2024-03-16T09:36:50.047+0000 7f19ab400700 1 -- 172.21.15.99:0/3935486509 <== mon.0 v2:172.21.15.99:3300/0 4 ==== mgrmap(e 13) ==== 46162+0+0 (secure 0 0 0) 0x7f19a401a430 con 0x7f19b4108ac0
2024-03-16T09:36:50.943 INFO:teuthology.orchestra.run.smithi099.stdout:/usr/bin/ceph: stderr
2024-03-16T09:36:50.047+0000 7f19b9800700 1 -- 172.21.15.99:0/3935486509 --> [v2:172.21.15.99:3300/0,v1:172.21.15.99:6789/0] -- mon_command({"prefix": "get_command_descriptions"} v 0) -- 0x7f19b4063900 con 0x7f19b4108ac0
2024-03-16T09:36:50.943 INFO:teuthology.orchestra.run.smithi099.stdout:/usr/bin/ceph: stderr
2024-03-16T09:36:50.047+0000 7f19ab400700 1 --2- 172.21.15.99:0/3935486509 >> [v2:172.21.15.99:6800/699683446,v1:172.21.15.99:6801/699683446] conn(0x7f1998039010 0x7f199803b4d0 unknown :-1 s=NONE pgs=0 cs=0 l=1 rev1=0 crypto rx=0 tx=0 comp rx=0 tx=0).connect
2024-03-16T09:36:50.943 INFO:teuthology.orchestra.run.smithi099.stdout:/usr/bin/ceph: stderr
2024-03-16T09:36:50.047+0000 7f19ab400700 1 -- 172.21.15.99:0/3935486509 <== mon.0 v2:172.21.15.99:3300/0 5 ==== osd_map(3..3 src has 1..3) ==== 1155+0+0 (secure 0 0 0) 0x7f19a404d0d0 con 0x7f19b4108ac0
2024-03-16T09:36:50.943 INFO:teuthology.orchestra.run.smithi099.stdout:/usr/bin/ceph: stderr
2024-03-16T09:36:50.048+0000 7f19b2000700 1 --2- 172.21.15.99:0/3935486509 >> [v2:172.21.15.99:6800/699683446,v1:172.21.15.99:6801/699683446] conn(0x7f1998039010 0x7f199803b4d0 unknown :-1 s=BANNER_CONNECTING pgs=0 cs=0 l=1 rev1=0 crypto rx=0 tx=0 comp rx=0 tx=0)._handle_peer_banner_payload supported=3 required=0
2024-03-16T09:36:50.943 INFO:teuthology.orchestra.run.smithi099.stdout:/usr/bin/ceph: stderr
2024-03-16T09:36:50.048+0000 7f19b2000700 1 --2- 172.21.15.99:0/3935486509 >> [v2:172.21.15.99:6800/699683446,v1:172.21.15.99:6801/699683446] conn(0x7f1998039010 0x7f199803b4d0 secure :-1 s=READY pgs=10 cs=0 l=1 rev1=1 crypto rx=0x7f19a0006fd0 tx=0x7f19a0006e40 comp rx=0 tx=0).ready entity=mgr.14152 client_cookie=0 server_cookie=0 in_seq=0 out_seq=0
2024-03-16T09:36:50.943 INFO:teuthology.orchestra.run.smithi099.stdout:/usr/bin/ceph: stderr
2024-03-16T09:36:50.053+0000 7f19ab400700 1 -- 172.21.15.99:0/3935486509 <== mon.0 v2:172.21.15.99:3300/0 6 ==== mon_command_ack([{"prefix": "get_command_descriptions"}]=0 v0) ==== 72+0+186149 (secure 0 0 0) 0x7f19a402c990 con 0x7f19b4108ac0
2024-03-16T09:36:50.943 INFO:teuthology.orchestra.run.smithi099.stdout:/usr/bin/ceph: stderr
2024-03-16T09:36:50.273+0000 7f19b9800700 1 -- 172.21.15.99:0/3935486509 --> [v2:172.21.15.99:3300/0,v1:172.21.15.99:6789/0] -- mon_command([{prefix=config set, name=osd_memory_target_autotune}] v 0) -- 0x7f19b41a1d10 con 0x7f19b4108ac0
2024-03-16T09:36:50.943 INFO:teuthology.orchestra.run.smithi099.stdout:/usr/bin/ceph: stderr
2024-03-16T09:36:50.274+0000 7f19ab400700 1 -- 172.21.15.99:0/3935486509 <== mon.0 v2:172.21.15.99:3300/0 7 ==== mon_command_ack([{prefix=config set, name=osd_memory_target_autotune}]=0 v8)=0 v8) ==== 127+0+0 (secure 0 0 0) 0x7f19a402cbf0 con 0x7f19b4108ac0
2024-03-16T09:36:50.943 INFO:teuthology.orchestra.run.smithi099.stdout:/usr/bin/ceph: stderr
2024-03-16T09:36:50.277+0000 7f19b9800700 1 -- 172.21.15.99:0/3935486509 >> [v2:172.21.15.99:6800/699683446,v1:172.21.15.99:6801/699683446] conn(0x7f1998039010 msgr2=0x7f199803b4d0 secure :-1 s=STATE_CONNECTION_ESTABLISHED l=1).mark_down
2024-03-16T09:36:50.943 INFO:teuthology.orchestra.run.smithi099.stdout:/usr/bin/ceph: stderr
2024-03-16T09:36:50.277+0000 7f19b9800700 1 --2- 172.21.15.99:0/3935486509 >> [v2:172.21.15.99:6800/699683446,v1:172.21.15.99:6801/699683446] conn(0x7f1998039010 0x7f199803b4d0 secure :-1 s=READY pgs=10 cs=0 l=1 rev1=1 crypto rx=0x7f19a0006fd0 tx=0x7f19a0006e40 comp rx=0 tx=0).stop
2024-03-16T09:36:50.943 INFO:teuthology.orchestra.run.smithi099.stdout:/usr/bin/ceph: stderr
2024-03-16T09:36:50.277+0000 7f19b9800700 1 -- 172.21.15.99:0/3935486509 >> [v2:172.21.15.99:3300/0,v1:172.21.15.99:6789/0] conn(0x7f19b4108ac0 msgr2=0x7f19b419e230 secure :-1 s=STATE_CONNECTION_ESTABLISHED l=1).mark_down
2024-03-16T09:36:50.943 INFO:teuthology.orchestra.run.smithi099.stdout:/usr/bin/ceph: stderr
2024-03-16T09:36:50.277+0000 7f19b9800700 1 --2- 172.21.15.99:0/3935486509 >> [v2:172.21.15.99:3300/0,v1:172.21.15.99:6789/0] conn(0x7f19b4108ac0 0x7f19b419e230 secure :-1 s=READY pgs=77 cs=0 l=1 rev1=1 crypto rx=0x7f19a40046e0 tx=0x7f19a4011700 comp rx=0 tx=0).stop
2024-03-16T09:36:50.943 INFO:teuthology.orchestra.run.smithi099.stdout:/usr/bin/ceph: stderr
2024-03-16T09:36:50.277+0000 7f19b9800700 1 -- 172.21.15.99:0/3935486509 shutdown_connections
2024-03-16T09:36:50.943 INFO:teuthology.orchestra.run.smithi099.stdout:/usr/bin/ceph: stderr
2024-03-16T09:36:50.277+0000 7f19b9800700 1 --2- 172.21.15.99:0/3935486509 >> [v2:172.21.15.99:6800/699683446,v1:172.21.15.99:6801/699683446] conn(0x7f1998039010 0x7f199803b4d0 unknown :-1 s=CLOSED pgs=10 cs=0 l=1 rev1=1 crypto rx=0 tx=0 comp rx=0 tx=0).stop
2024-03-16T09:36:50.943 INFO:teuthology.orchestra.run.smithi099.stdout:/usr/bin/ceph: stderr
2024-03-16T09:36:50.277+0000 7f19b9800700 1 --2- 172.21.15.99:0/3935486509 >> [v2:172.21.15.99:3300/0,v1:172.21.15.99:6789/0] conn(0x7f19b4108ac0 0x7f19b419e230 unknown :-1 s=CLOSED pgs=77 cs=0 l=1 rev1=1 crypto rx=0 tx=0 comp rx=0 tx=0).stop
2024-03-16T09:36:50.944 INFO:teuthology.orchestra.run.smithi099.stdout:/usr/bin/ceph: stderr
2024-03-16T09:36:50.277+0000 7f19b9800700 1 -- 172.21.15.99:0/3935486509 >> 172.21.15.99:0/3935486509 conn(0x7f19b4102430 msgr2=0x7f19b4102eb0 unknown :-1 s=STATE_NONE l=0).mark_down
2024-03-16T09:36:50.944 INFO:teuthology.orchestra.run.smithi099.stdout:/usr/bin/ceph: stderr
2024-03-16T09:36:50.278+0000 7f19b9800700 1 -- 172.21.15.99:0/3935486509 shutdown_connections
2024-03-16T09:36:50.944 INFO:teuthology.orchestra.run.smithi099.stdout:/usr/bin/ceph: stderr
2024-03-16T09:36:50.278+0000 7f19b9800700 1 -- 172.21.15.99:0/3935486509 wait complete.
2024-03-16T09:36:52.509 INFO:teuthology.orchestra.run.smithi099.stdout:/usr/bin/ceph: stderr
2024-03-16T09:36:51.516+0000 7f97e1600700 1 Processor -- start
2024-03-16T09:36:52.510 INFO:teuthology.orchestra.run.smithi099.stdout:/usr/bin/ceph: stderr
2024-03-16T09:36:51.516+0000 7f97e1600700 1 -- start start
2024-03-16T09:36:52.510 INFO:teuthology.orchestra.run.smithi099.stdout:/usr/bin/ceph: stderr
2024-03-16T09:36:51.517+0000 7f97e1600700 1 --2- >> [v2:172.21.15.99:3300/0,v1:172.21.15.99:6789/0] conn(0x7f97dc10b3b0 0x7f97dc10b7d0 unknown :-1 s=NONE pgs=0 cs=0 l=0 rev1=0 crypto rx=0 tx=0 comp rx=0 tx=0).connect
2024-03-16T09:36:52.510 INFO:teuthology.orchestra.run.smithi099.stdout:/usr/bin/ceph: stderr
2024-03-16T09:36:51.517+0000 7f97e1600700 1 -- --> [v2:172.21.15.99:3300/0,v1:172.21.15.99:6789/0] -- mon_getmap magic: 0 -- 0x7f97dc10bda0 con 0x7f97dc10b3b0
2024-03-16T09:36:52.510 INFO:teuthology.orchestra.run.smithi099.stdout:/usr/bin/ceph: stderr
2024-03-16T09:36:51.517+0000 7f97dbe00700 1 --2- >> [v2:172.21.15.99:3300/0,v1:172.21.15.99:6789/0] conn(0x7f97dc10b3b0 0x7f97dc10b7d0 unknown :-1 s=BANNER_CONNECTING pgs=0 cs=0 l=0 rev1=0 crypto rx=0 tx=0 comp rx=0 tx=0)._handle_peer_banner_payload supported=3 required=0
2024-03-16T09:36:52.510 INFO:teuthology.orchestra.run.smithi099.stdout:/usr/bin/ceph: stderr
2024-03-16T09:36:51.517+0000 7f97dbe00700 1 --2- >> [v2:172.21.15.99:3300/0,v1:172.21.15.99:6789/0] conn(0x7f97dc10b3b0 0x7f97dc10b7d0 unknown :-1 s=HELLO_CONNECTING pgs=0 cs=0 l=0 rev1=1 crypto rx=0 tx=0 comp rx=0 tx=0).handle_hello peer v2:172.21.15.99:3300/0 says I am v2:172.21.15.99:34392/0 (socket says 172.21.15.99:34392)
2024-03-16T09:36:52.510 INFO:teuthology.orchestra.run.smithi099.stdout:/usr/bin/ceph: stderr
2024-03-16T09:36:51.517+0000 7f97dbe00700 1 -- 172.21.15.99:0/2372354554 learned_addr learned my addr 172.21.15.99:0/2372354554 (peer_addr_for_me v2:172.21.15.99:0/0)
2024-03-16T09:36:52.510 INFO:teuthology.orchestra.run.smithi099.stdout:/usr/bin/ceph: stderr
2024-03-16T09:36:51.517+0000 7f97dbe00700 1 -- 172.21.15.99:0/2372354554 --> [v2:172.21.15.99:3300/0,v1:172.21.15.99:6789/0] -- mon_subscribe({config=0+,monmap=0+}) -- 0x7f97dc10bf20 con 0x7f97dc10b3b0
2024-03-16T09:36:52.510 INFO:teuthology.orchestra.run.smithi099.stdout:/usr/bin/ceph: stderr
2024-03-16T09:36:51.518+0000 7f97dbe00700 1 --2- 172.21.15.99:0/2372354554 >> [v2:172.21.15.99:3300/0,v1:172.21.15.99:6789/0] conn(0x7f97dc10b3b0 0x7f97dc10b7d0 secure :-1 s=READY pgs=78 cs=0 l=1 rev1=1 crypto rx=0x7f97cc009e80 tx=0x7f97cc00b330 comp rx=0 tx=0).ready entity=mon.0 client_cookie=aaf36671f7caaf7f server_cookie=0 in_seq=0 out_seq=0
2024-03-16T09:36:52.510 INFO:teuthology.orchestra.run.smithi099.stdout:/usr/bin/ceph: stderr
2024-03-16T09:36:51.518+0000 7f97db400700 1 -- 172.21.15.99:0/2372354554 <== mon.0 v2:172.21.15.99:3300/0 1 ==== mon_map magic: 0 ==== 205+0+0 (secure 0 0 0) 0x7f97cc017070 con 0x7f97dc10b3b0
2024-03-16T09:36:52.510 INFO:teuthology.orchestra.run.smithi099.stdout:/usr/bin/ceph: stderr
2024-03-16T09:36:51.518+0000 7f97db400700 1 -- 172.21.15.99:0/2372354554 <== mon.0 v2:172.21.15.99:3300/0 2 ==== config(29 keys) ==== 1209+0+0 (secure 0 0 0) 0x7f97cc00b8c0 con 0x7f97dc10b3b0
2024-03-16T09:36:52.510 INFO:teuthology.orchestra.run.smithi099.stdout:/usr/bin/ceph: stderr
2024-03-16T09:36:51.518+0000 7f97db400700 1 -- 172.21.15.99:0/2372354554 <== mon.0 v2:172.21.15.99:3300/0 3 ==== mon_map magic: 0 ==== 205+0+0 (secure 0 0 0) 0x7f97cc0046f0 con 0x7f97dc10b3b0
2024-03-16T09:36:52.511 INFO:teuthology.orchestra.run.smithi099.stdout:/usr/bin/ceph: stderr
2024-03-16T09:36:51.519+0000 7f97e1600700 1 -- 172.21.15.99:0/2372354554 >> [v2:172.21.15.99:3300/0,v1:172.21.15.99:6789/0] conn(0x7f97dc10b3b0 msgr2=0x7f97dc10b7d0 secure :-1 s=STATE_CONNECTION_ESTABLISHED l=1).mark_down
2024-03-16T09:36:52.511 INFO:teuthology.orchestra.run.smithi099.stdout:/usr/bin/ceph: stderr
2024-03-16T09:36:51.519+0000 7f97e1600700 1 --2- 172.21.15.99:0/2372354554 >> [v2:172.21.15.99:3300/0,v1:172.21.15.99:6789/0] conn(0x7f97dc10b3b0 0x7f97dc10b7d0 secure :-1 s=READY pgs=78 cs=0 l=1 rev1=1 crypto rx=0x7f97cc009e80 tx=0x7f97cc00b330 comp rx=0 tx=0).stop
2024-03-16T09:36:52.511 INFO:teuthology.orchestra.run.smithi099.stdout:/usr/bin/ceph: stderr
2024-03-16T09:36:51.519+0000 7f97e1600700 1 -- 172.21.15.99:0/2372354554 shutdown_connections
2024-03-16T09:36:52.511 INFO:teuthology.orchestra.run.smithi099.stdout:/usr/bin/ceph: stderr
2024-03-16T09:36:51.519+0000 7f97e1600700 1 --2- 172.21.15.99:0/2372354554 >> [v2:172.21.15.99:3300/0,v1:172.21.15.99:6789/0] conn(0x7f97dc10b3b0 0x7f97dc10b7d0 unknown :-1 s=CLOSED pgs=78 cs=0 l=1 rev1=1 crypto rx=0 tx=0 comp rx=0 tx=0).stop
2024-03-16T09:36:52.511 INFO:teuthology.orchestra.run.smithi099.stdout:/usr/bin/ceph: stderr
2024-03-16T09:36:51.519+0000 7f97e1600700 1 -- 172.21.15.99:0/2372354554 >> 172.21.15.99:0/2372354554 conn(0x7f97dc07d340 msgr2=0x7f97dc07d750 unknown :-1 s=STATE_NONE l=0).mark_down
2024-03-16T09:36:52.511 INFO:teuthology.orchestra.run.smithi099.stdout:/usr/bin/ceph: stderr
2024-03-16T09:36:51.519+0000 7f97e1600700 1 -- 172.21.15.99:0/2372354554 shutdown_connections
2024-03-16T09:36:52.511 INFO:teuthology.orchestra.run.smithi099.stdout:/usr/bin/ceph: stderr
2024-03-16T09:36:51.519+0000 7f97e1600700 1 -- 172.21.15.99:0/2372354554 wait complete.
2024-03-16T09:36:52.511 INFO:teuthology.orchestra.run.smithi099.stdout:/usr/bin/ceph: stderr
2024-03-16T09:36:51.520+0000 7f97e1600700 1 Processor -- start
2024-03-16T09:36:52.511 INFO:teuthology.orchestra.run.smithi099.stdout:/usr/bin/ceph: stderr
2024-03-16T09:36:51.520+0000 7f97e1600700 1 -- start start
2024-03-16T09:36:52.511 INFO:teuthology.orchestra.run.smithi099.stdout:/usr/bin/ceph: stderr
2024-03-16T09:36:51.521+0000 7f97e1600700 1 --2- >> [v2:172.21.15.99:3300/0,v1:172.21.15.99:6789/0] conn(0x7f97dc10b3b0 0x7f97dc19df40 unknown :-1 s=NONE pgs=0 cs=0 l=1 rev1=0 crypto rx=0 tx=0 comp rx=0 tx=0).connect
2024-03-16T09:36:52.511 INFO:teuthology.orchestra.run.smithi099.stdout:/usr/bin/ceph: stderr
2024-03-16T09:36:51.521+0000 7f97e1600700 1 -- --> [v2:172.21.15.99:3300/0,v1:172.21.15.99:6789/0] -- mon_getmap magic: 0 -- 0x7f97dc10e410 con 0x7f97dc10b3b0
