2024-03-16T09:36:02.255+0000 7f92c6000700 1 --2- 172.21.15.99:0/604072754 >> [v2:172.21.15.99:6800/1679168456,v1:172.21.15.99:6801/1679168456] conn(0x7f92ac038f20 0x7f92ac03b3e0 unknown :-1 s=START_CONNECT pgs=0 cs=0 l=1 rev1=0 crypto rx=0 tx=0 comp rx=0 tx=0)._fault waiting 0.400000
2024-03-16T09:36:10.047 INFO:teuthology.orchestra.run.smithi099.stdout:/usr/bin/ceph: stderr
2024-03-16T09:36:02.656+0000 7f92c6000700 1 -- 172.21.15.99:0/604072754 >> [v2:172.21.15.99:6800/1679168456,v1:172.21.15.99:6801/1679168456] conn(0x7f92ac038f20 msgr2=0x7f92ac03b3e0 unknown :-1 s=STATE_CONNECTING_RE l=1).process reconnect failed to v2:172.21.15.99:6800/1679168456
2024-03-16T09:36:10.047 INFO:teuthology.orchestra.run.smithi099.stdout:/usr/bin/ceph: stderr
2024-03-16T09:36:02.656+0000 7f92c6000700 1 --2- 172.21.15.99:0/604072754 >> [v2:172.21.15.99:6800/1679168456,v1:172.21.15.99:6801/1679168456] conn(0x7f92ac038f20 0x7f92ac03b3e0 unknown :-1 s=START_CONNECT pgs=0 cs=0 l=1 rev1=0 crypto rx=0 tx=0 comp rx=0 tx=0)._fault waiting 0.800000
2024-03-16T09:36:10.047 INFO:teuthology.orchestra.run.smithi099.stdout:/usr/bin/ceph: stderr
2024-03-16T09:36:03.458+0000 7f92c6000700 1 -- 172.21.15.99:0/604072754 >> [v2:172.21.15.99:6800/1679168456,v1:172.21.15.99:6801/1679168456] conn(0x7f92ac038f20 msgr2=0x7f92ac03b3e0 unknown :-1 s=STATE_CONNECTING_RE l=1).process reconnect failed to v2:172.21.15.99:6800/1679168456
2024-03-16T09:36:10.047 INFO:teuthology.orchestra.run.smithi099.stdout:/usr/bin/ceph: stderr
2024-03-16T09:36:03.458+0000 7f92c6000700 1 --2- 172.21.15.99:0/604072754 >> [v2:172.21.15.99:6800/1679168456,v1:172.21.15.99:6801/1679168456] conn(0x7f92ac038f20 0x7f92ac03b3e0 unknown :-1 s=START_CONNECT pgs=0 cs=0 l=1 rev1=0 crypto rx=0 tx=0 comp rx=0 tx=0)._fault waiting 1.600000
2024-03-16T09:36:10.047 INFO:teuthology.orchestra.run.smithi099.stdout:/usr/bin/ceph: stderr
2024-03-16T09:36:05.060+0000 7f92c6000700 1 -- 172.21.15.99:0/604072754 >> [v2:172.21.15.99:6800/1679168456,v1:172.21.15.99:6801/1679168456] conn(0x7f92ac038f20 msgr2=0x7f92ac03b3e0 unknown :-1 s=STATE_CONNECTING_RE l=1).process reconnect failed to v2:172.21.15.99:6800/1679168456
2024-03-16T09:36:10.048 INFO:teuthology.orchestra.run.smithi099.stdout:/usr/bin/ceph: stderr
2024-03-16T09:36:05.060+0000 7f92c6000700 1 --2- 172.21.15.99:0/604072754 >> [v2:172.21.15.99:6800/1679168456,v1:172.21.15.99:6801/1679168456] conn(0x7f92ac038f20 0x7f92ac03b3e0 unknown :-1 s=START_CONNECT pgs=0 cs=0 l=1 rev1=0 crypto rx=0 tx=0 comp rx=0 tx=0)._fault waiting 3.200000
2024-03-16T09:36:10.048 INFO:teuthology.orchestra.run.smithi099.stdout:/usr/bin/ceph: stderr
2024-03-16T09:36:07.923+0000 7f92bf400700 1 -- 172.21.15.99:0/604072754 <== mon.0 v2:172.21.15.99:3300/0 6 ==== mgrmap(e 6) ==== 45873+0+0 (secure 0 0 0) 0x7f92b8024ab0 con 0x7f92c807de40
2024-03-16T09:36:10.048 INFO:teuthology.orchestra.run.smithi099.stdout:/usr/bin/ceph: stderr
2024-03-16T09:36:07.923+0000 7f92bf400700 1 -- 172.21.15.99:0/604072754 >> [v2:172.21.15.99:6800/1679168456,v1:172.21.15.99:6801/1679168456] conn(0x7f92ac038f20 msgr2=0x7f92ac03b3e0 unknown :-1 s=STATE_CONNECTING l=1).mark_down
2024-03-16T09:36:10.048 INFO:teuthology.orchestra.run.smithi099.stdout:/usr/bin/ceph: stderr
2024-03-16T09:36:07.923+0000 7f92bf400700 1 --2- 172.21.15.99:0/604072754 >> [v2:172.21.15.99:6800/1679168456,v1:172.21.15.99:6801/1679168456] conn(0x7f92ac038f20 0x7f92ac03b3e0 unknown :-1 s=START_CONNECT pgs=0 cs=0 l=1 rev1=0 crypto rx=0 tx=0 comp rx=0 tx=0).stop
2024-03-16T09:36:10.048 INFO:teuthology.orchestra.run.smithi099.stdout:/usr/bin/ceph: stderr
2024-03-16T09:36:08.928+0000 7f92bf400700 1 -- 172.21.15.99:0/604072754 <== mon.0 v2:172.21.15.99:3300/0 7 ==== mgrmap(e 7) ==== 46000+0+0 (secure 0 0 0) 0x7f92b804e2f0 con 0x7f92c807de40
2024-03-16T09:36:10.048 INFO:teuthology.orchestra.run.smithi099.stdout:/usr/bin/ceph: stderr
2024-03-16T09:36:08.929+0000 7f92bf400700 1 --2- 172.21.15.99:0/604072754 >> [v2:172.21.15.99:6800/1684822662,v1:172.21.15.99:6801/1684822662] conn(0x7f92ac03c810 0x7f92ac03ec00 unknown :-1 s=NONE pgs=0 cs=0 l=1 rev1=0 crypto rx=0 tx=0 comp rx=0 tx=0).connect
2024-03-16T09:36:10.048 INFO:teuthology.orchestra.run.smithi099.stdout:/usr/bin/ceph: stderr
2024-03-16T09:36:08.929+0000 7f92bf400700 1 -- 172.21.15.99:0/604072754 --> [v2:172.21.15.99:6800/1684822662,v1:172.21.15.99:6801/1684822662] -- command(tid 0: {"prefix": "get_command_descriptions"}) -- 0x7f92b8001d30 con 0x7f92ac03c810
2024-03-16T09:36:10.048 INFO:teuthology.orchestra.run.smithi099.stdout:/usr/bin/ceph: stderr
2024-03-16T09:36:08.930+0000 7f92c6000700 1 --2- 172.21.15.99:0/604072754 >> [v2:172.21.15.99:6800/1684822662,v1:172.21.15.99:6801/1684822662] conn(0x7f92ac03c810 0x7f92ac03ec00 unknown :-1 s=BANNER_CONNECTING pgs=0 cs=0 l=1 rev1=0 crypto rx=0 tx=0 comp rx=0 tx=0)._handle_peer_banner_payload supported=3 required=0
2024-03-16T09:36:10.048 INFO:teuthology.orchestra.run.smithi099.stdout:/usr/bin/ceph: stderr
2024-03-16T09:36:08.934+0000 7f92c6000700 1 --2- 172.21.15.99:0/604072754 >> [v2:172.21.15.99:6800/1684822662,v1:172.21.15.99:6801/1684822662] conn(0x7f92ac03c810 0x7f92ac03ec00 secure :-1 s=READY pgs=4 cs=0 l=1 rev1=1 crypto rx=0x7f92b4003a10 tx=0x7f92b4009290 comp rx=0 tx=0).ready entity=mgr.14120 client_cookie=0 server_cookie=0 in_seq=0 out_seq=0
2024-03-16T09:36:10.048 INFO:teuthology.orchestra.run.smithi099.stdout:/usr/bin/ceph: stderr
2024-03-16T09:36:08.936+0000 7f92bf400700 1 -- 172.21.15.99:0/604072754 <== mgr.14120 v2:172.21.15.99:6800/1684822662 1 ==== command_reply(tid 0: 0 ) ==== 8+0+7774 (secure 0 0 0) 0x7f92b8001d30 con 0x7f92ac03c810
2024-03-16T09:36:10.048 INFO:teuthology.orchestra.run.smithi099.stdout:/usr/bin/ceph: stderr
2024-03-16T09:36:08.948+0000 7f92cdc00700 1 -- 172.21.15.99:0/604072754 --> [v2:172.21.15.99:6800/1684822662,v1:172.21.15.99:6801/1684822662] -- command(tid 1: {"prefix": "mgr_status"}) -- 0x7f92c8063900 con 0x7f92ac03c810
2024-03-16T09:36:10.048 INFO:teuthology.orchestra.run.smithi099.stdout:/usr/bin/ceph: stderr
2024-03-16T09:36:08.949+0000 7f92bf400700 1 -- 172.21.15.99:0/604072754 <== mgr.14120 v2:172.21.15.99:6800/1684822662 2 ==== command_reply(tid 1: 0 ) ==== 8+0+51 (secure 0 0 0) 0x7f92c8063900 con 0x7f92ac03c810
2024-03-16T09:36:10.048 INFO:teuthology.orchestra.run.smithi099.stdout:/usr/bin/ceph: stderr
2024-03-16T09:36:08.950+0000 7f92cdc00700 1 -- 172.21.15.99:0/604072754 >> [v2:172.21.15.99:6800/1684822662,v1:172.21.15.99:6801/1684822662] conn(0x7f92ac03c810 msgr2=0x7f92ac03ec00 secure :-1 s=STATE_CONNECTION_ESTABLISHED l=1).mark_down
2024-03-16T09:36:10.048 INFO:teuthology.orchestra.run.smithi099.stdout:/usr/bin/ceph: stderr
2024-03-16T09:36:08.950+0000 7f92cdc00700 1 --2- 172.21.15.99:0/604072754 >> [v2:172.21.15.99:6800/1684822662,v1:172.21.15.99:6801/1684822662] conn(0x7f92ac03c810 0x7f92ac03ec00 secure :-1 s=READY pgs=4 cs=0 l=1 rev1=1 crypto rx=0x7f92b4003a10 tx=0x7f92b4009290 comp rx=0 tx=0).stop
2024-03-16T09:36:10.049 INFO:teuthology.orchestra.run.smithi099.stdout:/usr/bin/ceph: stderr
2024-03-16T09:36:08.950+0000 7f92cdc00700 1 -- 172.21.15.99:0/604072754 >> [v2:172.21.15.99:3300/0,v1:172.21.15.99:6789/0] conn(0x7f92c807de40 msgr2=0x7f92c819e190 secure :-1 s=STATE_CONNECTION_ESTABLISHED l=1).mark_down
2024-03-16T09:36:10.049 INFO:teuthology.orchestra.run.smithi099.stdout:/usr/bin/ceph: stderr
2024-03-16T09:36:08.950+0000 7f92cdc00700 1 --2- 172.21.15.99:0/604072754 >> [v2:172.21.15.99:3300/0,v1:172.21.15.99:6789/0] conn(0x7f92c807de40 0x7f92c819e190 secure :-1 s=READY pgs=29 cs=0 l=1 rev1=1 crypto rx=0x7f92b80038d0 tx=0x7f92b80039b0 comp rx=0 tx=0).stop
2024-03-16T09:36:10.049 INFO:teuthology.orchestra.run.smithi099.stdout:/usr/bin/ceph: stderr
2024-03-16T09:36:08.950+0000 7f92cdc00700 1 -- 172.21.15.99:0/604072754 shutdown_connections
2024-03-16T09:36:10.049 INFO:teuthology.orchestra.run.smithi099.stdout:/usr/bin/ceph: stderr
2024-03-16T09:36:08.950+0000 7f92cdc00700 1 --2- 172.21.15.99:0/604072754 >> [v2:172.21.15.99:6800/1684822662,v1:172.21.15.99:6801/1684822662] conn(0x7f92ac03c810 0x7f92ac03ec00 unknown :-1 s=CLOSED pgs=4 cs=0 l=1 rev1=1 crypto rx=0 tx=0 comp rx=0 tx=0).stop
2024-03-16T09:36:10.049 INFO:teuthology.orchestra.run.smithi099.stdout:/usr/bin/ceph: stderr
2024-03-16T09:36:08.950+0000 7f92cdc00700 1 --2- 172.21.15.99:0/604072754 >> [v2:172.21.15.99:3300/0,v1:172.21.15.99:6789/0] conn(0x7f92c807de40 0x7f92c819e190 unknown :-1 s=CLOSED pgs=29 cs=0 l=1 rev1=1 crypto rx=0 tx=0 comp rx=0 tx=0).stop
2024-03-16T09:36:10.049 INFO:teuthology.orchestra.run.smithi099.stdout:/usr/bin/ceph: stderr
2024-03-16T09:36:08.950+0000 7f92cdc00700 1 --2- 172.21.15.99:0/604072754 >> [v2:172.21.15.99:6800/1679168456,v1:172.21.15.99:6801/1679168456] conn(0x7f92ac038f20 0x7f92ac03b3e0 unknown :-1 s=CLOSED pgs=0 cs=0 l=1 rev1=0 crypto rx=0 tx=0 comp rx=0 tx=0).stop
2024-03-16T09:36:10.049 INFO:teuthology.orchestra.run.smithi099.stdout:/usr/bin/ceph: stderr
2024-03-16T09:36:08.950+0000 7f92cdc00700 1 -- 172.21.15.99:0/604072754 >> 172.21.15.99:0/604072754 conn(0x7f92c8103570 msgr2=0x7f92c81040b0 unknown :-1 s=STATE_NONE l=0).mark_down
2024-03-16T09:36:10.049 INFO:teuthology.orchestra.run.smithi099.stdout:/usr/bin/ceph: stderr
2024-03-16T09:36:08.950+0000 7f92cdc00700 1 -- 172.21.15.99:0/604072754 shutdown_connections
2024-03-16T09:36:10.049 INFO:teuthology.orchestra.run.smithi099.stdout:/usr/bin/ceph: stderr
2024-03-16T09:36:08.950+0000 7f92cdc00700 1 -- 172.21.15.99:0/604072754 wait complete.
2024-03-16T09:36:10.049 INFO:teuthology.orchestra.run.smithi099.stdout:mgr epoch 5 is available
2024-03-16T09:36:10.049 INFO:teuthology.orchestra.run.smithi099.stdout:Setting orchestrator backend to cephadm...
2024-03-16T09:36:10.306 INFO:journalctl@ceph.mon.a.smithi099.stdout:Mar 16 09:36:09 smithi099 ceph-mon[31535]: from='client.14124 -' entity='client.admin' cmd=[{"prefix": "get_command_descriptions"}]: dispatch
2024-03-16T09:36:10.306 INFO:journalctl@ceph.mon.a.smithi099.stdout:Mar 16 09:36:09 smithi099 ceph-mon[31535]: from='client.14124 -' entity='client.admin' cmd=[{"prefix": "mgr_status"}]: dispatch
2024-03-16T09:36:11.115 INFO:journalctl@ceph.mon.a.smithi099.stdout:Mar 16 09:36:10 smithi099 ceph-mon[31535]: mgrmap e8: x(active, since 2s)
2024-03-16T09:36:11.115 INFO:journalctl@ceph.mon.a.smithi099.stdout:Mar 16 09:36:10 smithi099 ceph-mon[31535]: from='mgr.14120 172.21.15.99:0/1852908479' entity='mgr.x'
2024-03-16T09:36:11.115 INFO:journalctl@ceph.mon.a.smithi099.stdout:Mar 16 09:36:10 smithi099 ceph-mon[31535]: from='mgr.14120 172.21.15.99:0/1852908479' entity='mgr.x' cmd=[{"prefix": "config dump", "format": "json"}]: dispatch
2024-03-16T09:36:11.604 INFO:teuthology.orchestra.run.smithi099.stdout:/usr/bin/ceph: stderr
2024-03-16T09:36:10.596+0000 7fb9dbe00700 1 Processor -- start
2024-03-16T09:36:11.604 INFO:teuthology.orchestra.run.smithi099.stdout:/usr/bin/ceph: stderr
2024-03-16T09:36:10.596+0000 7fb9dbe00700 1 -- start start
2024-03-16T09:36:11.604 INFO:teuthology.orchestra.run.smithi099.stdout:/usr/bin/ceph: stderr
2024-03-16T09:36:10.596+0000 7fb9dbe00700 1 --2- >> [v2:172.21.15.99:3300/0,v1:172.21.15.99:6789/0] conn(0x7fb9d407de80 0x7fb9d407c330 unknown :-1 s=NONE pgs=0 cs=0 l=0 rev1=0 crypto rx=0 tx=0 comp rx=0 tx=0).connect
2024-03-16T09:36:11.604 INFO:teuthology.orchestra.run.smithi099.stdout:/usr/bin/ceph: stderr
2024-03-16T09:36:10.596+0000 7fb9dbe00700 1 -- --> [v2:172.21.15.99:3300/0,v1:172.21.15.99:6789/0] -- mon_getmap magic: 0 -- 0x7fb9d407c900 con 0x7fb9d407de80
2024-03-16T09:36:11.604 INFO:teuthology.orchestra.run.smithi099.stdout:/usr/bin/ceph: stderr
2024-03-16T09:36:10.597+0000 7fb9d9400700 1 --2- >> [v2:172.21.15.99:3300/0,v1:172.21.15.99:6789/0] conn(0x7fb9d407de80 0x7fb9d407c330 unknown :-1 s=BANNER_CONNECTING pgs=0 cs=0 l=0 rev1=0 crypto rx=0 tx=0 comp rx=0 tx=0)._handle_peer_banner_payload supported=3 required=0
2024-03-16T09:36:11.605 INFO:teuthology.orchestra.run.smithi099.stdout:/usr/bin/ceph: stderr
2024-03-16T09:36:10.597+0000 7fb9d9400700 1 --2- >> [v2:172.21.15.99:3300/0,v1:172.21.15.99:6789/0] conn(0x7fb9d407de80 0x7fb9d407c330 unknown :-1 s=HELLO_CONNECTING pgs=0 cs=0 l=0 rev1=1 crypto rx=0 tx=0 comp rx=0 tx=0).handle_hello peer v2:172.21.15.99:3300/0 says I am v2:172.21.15.99:38492/0 (socket says 172.21.15.99:38492)
2024-03-16T09:36:11.605 INFO:teuthology.orchestra.run.smithi099.stdout:/usr/bin/ceph: stderr
2024-03-16T09:36:10.597+0000 7fb9d9400700 1 -- 172.21.15.99:0/1742474714 learned_addr learned my addr 172.21.15.99:0/1742474714 (peer_addr_for_me v2:172.21.15.99:0/0)
2024-03-16T09:36:11.605 INFO:teuthology.orchestra.run.smithi099.stdout:/usr/bin/ceph: stderr
2024-03-16T09:36:10.597+0000 7fb9d9400700 1 -- 172.21.15.99:0/1742474714 --> [v2:172.21.15.99:3300/0,v1:172.21.15.99:6789/0] -- mon_subscribe({config=0+,monmap=0+}) -- 0x7fb9d407ca80 con 0x7fb9d407de80
2024-03-16T09:36:11.605 INFO:teuthology.orchestra.run.smithi099.stdout:/usr/bin/ceph: stderr
2024-03-16T09:36:10.597+0000 7fb9d9400700 1 --2- 172.21.15.99:0/1742474714 >> [v2:172.21.15.99:3300/0,v1:172.21.15.99:6789/0] conn(0x7fb9d407de80 0x7fb9d407c330 secure :-1 s=READY pgs=37 cs=0 l=1 rev1=1 crypto rx=0x7fb9c80098a0 tx=0x7fb9c8009bb0 comp rx=0 tx=0).ready entity=mon.0 client_cookie=4823f0173e44136 server_cookie=0 in_seq=0 out_seq=0
2024-03-16T09:36:11.605 INFO:teuthology.orchestra.run.smithi099.stdout:/usr/bin/ceph: stderr
2024-03-16T09:36:10.598+0000 7fb9d3e00700 1 -- 172.21.15.99:0/1742474714 <== mon.0 v2:172.21.15.99:3300/0 1 ==== mon_map magic: 0 ==== 205+0+0 (secure 0 0 0) 0x7fb9c8004160 con 0x7fb9d407de80
2024-03-16T09:36:11.605 INFO:teuthology.orchestra.run.smithi099.stdout:/usr/bin/ceph: stderr
2024-03-16T09:36:10.598+0000 7fb9d3e00700 1 -- 172.21.15.99:0/1742474714 <== mon.0 v2:172.21.15.99:3300/0 2 ==== config(29 keys) ==== 1178+0+0 (secure 0 0 0) 0x7fb9c8004300 con 0x7fb9d407de80
2024-03-16T09:36:11.605 INFO:teuthology.orchestra.run.smithi099.stdout:/usr/bin/ceph: stderr
2024-03-16T09:36:10.598+0000 7fb9d3e00700 1 -- 172.21.15.99:0/1742474714 <== mon.0 v2:172.21.15.99:3300/0 3 ==== mon_map magic: 0 ==== 205+0+0 (secure 0 0 0) 0x7fb9c8011cc0 con 0x7fb9d407de80
2024-03-16T09:36:11.605 INFO:teuthology.orchestra.run.smithi099.stdout:/usr/bin/ceph: stderr
2024-03-16T09:36:10.598+0000 7fb9dbe00700 1 -- 172.21.15.99:0/1742474714 >> [v2:172.21.15.99:3300/0,v1:172.21.15.99:6789/0] conn(0x7fb9d407de80 msgr2=0x7fb9d407c330 secure :-1 s=STATE_CONNECTION_ESTABLISHED l=1).mark_down
2024-03-16T09:36:11.605 INFO:teuthology.orchestra.run.smithi099.stdout:/usr/bin/ceph: stderr
2024-03-16T09:36:10.598+0000 7fb9dbe00700 1 --2- 172.21.15.99:0/1742474714 >> [v2:172.21.15.99:3300/0,v1:172.21.15.99:6789/0] conn(0x7fb9d407de80 0x7fb9d407c330 secure :-1 s=READY pgs=37 cs=0 l=1 rev1=1 crypto rx=0x7fb9c80098a0 tx=0x7fb9c8009bb0 comp rx=0 tx=0).stop
2024-03-16T09:36:11.605 INFO:teuthology.orchestra.run.smithi099.stdout:/usr/bin/ceph: stderr
2024-03-16T09:36:10.598+0000 7fb9dbe00700 1 -- 172.21.15.99:0/1742474714 shutdown_connections
2024-03-16T09:36:11.605 INFO:teuthology.orchestra.run.smithi099.stdout:/usr/bin/ceph: stderr
2024-03-16T09:36:10.598+0000 7fb9dbe00700 1 --2- 172.21.15.99:0/1742474714 >> [v2:172.21.15.99:3300/0,v1:172.21.15.99:6789/0] conn(0x7fb9d407de80 0x7fb9d407c330 unknown :-1 s=CLOSED pgs=37 cs=0 l=1 rev1=1 crypto rx=0 tx=0 comp rx=0 tx=0).stop
2024-03-16T09:36:11.605 INFO:teuthology.orchestra.run.smithi099.stdout:/usr/bin/ceph: stderr
2024-03-16T09:36:10.598+0000 7fb9dbe00700 1 -- 172.21.15.99:0/1742474714 >> 172.21.15.99:0/1742474714 conn(0x7fb9d4103570 msgr2=0x7fb9d4105990 unknown :-1 s=STATE_NONE l=0).mark_down
2024-03-16T09:36:11.605 INFO:teuthology.orchestra.run.smithi099.stdout:/usr/bin/ceph: stderr
2024-03-16T09:36:10.599+0000 7fb9dbe00700 1 -- 172.21.15.99:0/1742474714 shutdown_connections
2024-03-16T09:36:11.606 INFO:teuthology.orchestra.run.smithi099.stdout:/usr/bin/ceph: stderr
2024-03-16T09:36:10.599+0000 7fb9dbe00700 1 -- 172.21.15.99:0/1742474714 wait complete.
2024-03-16T09:36:11.606 INFO:teuthology.orchestra.run.smithi099.stdout:/usr/bin/ceph: stderr
2024-03-16T09:36:10.600+0000 7fb9dbe00700 1 Processor -- start
2024-03-16T09:36:11.606 INFO:teuthology.orchestra.run.smithi099.stdout:/usr/bin/ceph: stderr
2024-03-16T09:36:10.600+0000 7fb9dbe00700 1 -- start start
2024-03-16T09:36:11.606 INFO:teuthology.orchestra.run.smithi099.stdout:/usr/bin/ceph: stderr
2024-03-16T09:36:10.600+0000 7fb9dbe00700 1 --2- >> [v2:172.21.15.99:3300/0,v1:172.21.15.99:6789/0] conn(0x7fb9d407de80 0x7fb9d419e1a0 unknown :-1 s=NONE pgs=0 cs=0 l=1 rev1=0 crypto rx=0 tx=0 comp rx=0 tx=0).connect
2024-03-16T09:36:11.606 INFO:teuthology.orchestra.run.smithi099.stdout:/usr/bin/ceph: stderr
2024-03-16T09:36:10.600+0000 7fb9dbe00700 1 -- --> [v2:172.21.15.99:3300/0,v1:172.21.15.99:6789/0] -- mon_getmap magic: 0 -- 0x7fb9d410e5c0 con 0x7fb9d407de80
2024-03-16T09:36:11.606 INFO:teuthology.orchestra.run.smithi099.stdout:/usr/bin/ceph: stderr
2024-03-16T09:36:10.600+0000 7fb9d9400700 1 --2- >> [v2:172.21.15.99:3300/0,v1:172.21.15.99:6789/0] conn(0x7fb9d407de80 0x7fb9d419e1a0 unknown :-1 s=BANNER_CONNECTING pgs=0 cs=0 l=1 rev1=0 crypto rx=0 tx=0 comp rx=0 tx=0)._handle_peer_banner_payload supported=3 required=0
2024-03-16T09:36:11.606 INFO:teuthology.orchestra.run.smithi099.stdout:/usr/bin/ceph: stderr
2024-03-16T09:36:10.600+0000 7fb9d9400700 1 --2- >> [v2:172.21.15.99:3300/0,v1:172.21.15.99:6789/0] conn(0x7fb9d407de80 0x7fb9d419e1a0 unknown :-1 s=HELLO_CONNECTING pgs=0 cs=0 l=1 rev1=1 crypto rx=0 tx=0 comp rx=0 tx=0).handle_hello peer v2:172.21.15.99:3300/0 says I am v2:172.21.15.99:38502/0 (socket says 172.21.15.99:38502)
2024-03-16T09:36:11.606 INFO:teuthology.orchestra.run.smithi099.stdout:/usr/bin/ceph: stderr
2024-03-16T09:36:10.600+0000 7fb9d9400700 1 -- 172.21.15.99:0/3053404810 learned_addr learned my addr 172.21.15.99:0/3053404810 (peer_addr_for_me v2:172.21.15.99:0/0)
2024-03-16T09:36:11.606 INFO:teuthology.orchestra.run.smithi099.stdout:/usr/bin/ceph: stderr
2024-03-16T09:36:10.601+0000 7fb9d9400700 1 -- 172.21.15.99:0/3053404810 --> [v2:172.21.15.99:3300/0,v1:172.21.15.99:6789/0] -- mon_subscribe({config=0+,monmap=0+}) -- 0x7fb9d419e6e0 con 0x7fb9d407de80
2024-03-16T09:36:11.606 INFO:teuthology.orchestra.run.smithi099.stdout:/usr/bin/ceph: stderr
2024-03-16T09:36:10.601+0000 7fb9d9400700 1 --2- 172.21.15.99:0/3053404810 >> [v2:172.21.15.99:3300/0,v1:172.21.15.99:6789/0] conn(0x7fb9d407de80 0x7fb9d419e1a0 secure :-1 s=READY pgs=38 cs=0 l=1 rev1=1 crypto rx=0x7fb9c80038d0 tx=0x7fb9c80039b0 comp rx=0 tx=0).ready entity=mon.0 client_cookie=0 server_cookie=0 in_seq=0 out_seq=0
2024-03-16T09:36:11.606 INFO:teuthology.orchestra.run.smithi099.stdout:/usr/bin/ceph: stderr
2024-03-16T09:36:10.601+0000 7fb9d2000700 1 -- 172.21.15.99:0/3053404810 <== mon.0 v2:172.21.15.99:3300/0 1 ==== mon_map magic: 0 ==== 205+0+0 (secure 0 0 0) 0x7fb9c8003e10 con 0x7fb9d407de80
2024-03-16T09:36:11.606 INFO:teuthology.orchestra.run.smithi099.stdout:/usr/bin/ceph: stderr
2024-03-16T09:36:10.601+0000 7fb9d2000700 1 -- 172.21.15.99:0/3053404810 <== mon.0 v2:172.21.15.99:3300/0 2 ==== config(29 keys) ==== 1178+0+0 (secure 0 0 0) 0x7fb9c8003fb0 con 0x7fb9d407de80
2024-03-16T09:36:11.606 INFO:teuthology.orchestra.run.smithi099.stdout:/usr/bin/ceph: stderr
2024-03-16T09:36:10.601+0000 7fb9d2000700 1 -- 172.21.15.99:0/3053404810 <== mon.0 v2:172.21.15.99:3300/0 3 ==== mon_map magic: 0 ==== 205+0+0 (secure 0 0 0) 0x7fb9c8024840 con 0x7fb9d407de80
2024-03-16T09:36:11.607 INFO:teuthology.orchestra.run.smithi099.stdout:/usr/bin/ceph: stderr
2024-03-16T09:36:10.601+0000 7fb9dbe00700 1 -- 172.21.15.99:0/3053404810 --> [v2:172.21.15.99:3300/0,v1:172.21.15.99:6789/0] -- mon_subscribe({mgrmap=0+}) -- 0x7fb9d419e970 con 0x7fb9d407de80
2024-03-16T09:36:11.607 INFO:teuthology.orchestra.run.smithi099.stdout:/usr/bin/ceph: stderr
2024-03-16T09:36:10.601+0000 7fb9dbe00700 1 -- 172.21.15.99:0/3053404810 --> [v2:172.21.15.99:3300/0,v1:172.21.15.99:6789/0] -- mon_subscribe({osdmap=0}) -- 0x7fb9d41a1660 con 0x7fb9d407de80
2024-03-16T09:36:11.607 INFO:teuthology.orchestra.run.smithi099.stdout:/usr/bin/ceph: stderr
2024-03-16T09:36:10.602+0000 7fb9dbe00700 1 -- 172.21.15.99:0/3053404810 --> [v2:172.21.15.99:3300/0,v1:172.21.15.99:6789/0] -- mon_command({"prefix": "get_command_descriptions"} v 0) -- 0x7fb9d4063900 con 0x7fb9d407de80
2024-03-16T09:36:11.607 INFO:teuthology.orchestra.run.smithi099.stdout:/usr/bin/ceph: stderr
2024-03-16T09:36:10.603+0000 7fb9d2000700 1 -- 172.21.15.99:0/3053404810 <== mon.0 v2:172.21.15.99:3300/0 4 ==== mgrmap(e 8) ==== 46106+0+0 (secure 0 0 0) 0x7fb9c8022020 con 0x7fb9d407de80
2024-03-16T09:36:11.607 INFO:teuthology.orchestra.run.smithi099.stdout:/usr/bin/ceph: stderr
2024-03-16T09:36:10.603+0000 7fb9d2000700 1 --2- 172.21.15.99:0/3053404810 >> [v2:172.21.15.99:6800/1684822662,v1:172.21.15.99:6801/1684822662] conn(0x7fb9bc038f20 0x7fb9bc03b3e0 unknown :-1 s=NONE pgs=0 cs=0 l=1 rev1=0 crypto rx=0 tx=0 comp rx=0 tx=0).connect
2024-03-16T09:36:11.607 INFO:teuthology.orchestra.run.smithi099.stdout:/usr/bin/ceph: stderr
2024-03-16T09:36:10.603+0000 7fb9d2000700 1 -- 172.21.15.99:0/3053404810 <== mon.0 v2:172.21.15.99:3300/0 5 ==== osd_map(2..2 src has 1..2) ==== 940+0+0 (secure 0 0 0) 0x7fb9c804cf20 con 0x7fb9d407de80
2024-03-16T09:36:11.607 INFO:teuthology.orchestra.run.smithi099.stdout:/usr/bin/ceph: stderr
2024-03-16T09:36:10.603+0000 7fb9d8a00700 1 --2- 172.21.15.99:0/3053404810 >> [v2:172.21.15.99:6800/1684822662,v1:172.21.15.99:6801/1684822662] conn(0x7fb9bc038f20 0x7fb9bc03b3e0 unknown :-1 s=BANNER_CONNECTING pgs=0 cs=0 l=1 rev1=0 crypto rx=0 tx=0 comp rx=0 tx=0)._handle_peer_banner_payload supported=3 required=0
2024-03-16T09:36:11.607 INFO:teuthology.orchestra.run.smithi099.stdout:/usr/bin/ceph: stderr
2024-03-16T09:36:10.604+0000 7fb9d8a00700 1 --2- 172.21.15.99:0/3053404810 >> [v2:172.21.15.99:6800/1684822662,v1:172.21.15.99:6801/1684822662] conn(0x7fb9bc038f20 0x7fb9bc03b3e0 secure :-1 s=READY pgs=7 cs=0 l=1 rev1=1 crypto rx=0x7fb9c0006fd0 tx=0x7fb9c0006e40 comp rx=0 tx=0).ready entity=mgr.14120 client_cookie=0 server_cookie=0 in_seq=0 out_seq=0
2024-03-16T09:36:11.607 INFO:teuthology.orchestra.run.smithi099.stdout:/usr/bin/ceph: stderr
2024-03-16T09:36:10.609+0000 7fb9d2000700 1 -- 172.21.15.99:0/3053404810 <== mon.0 v2:172.21.15.99:3300/0 6 ==== mon_command_ack([{"prefix": "get_command_descriptions"}]=0 v0) ==== 72+0+186149 (secure 0 0 0) 0x7fb9c804c870 con 0x7fb9d407de80
2024-03-16T09:36:11.607 INFO:teuthology.orchestra.run.smithi099.stdout:/usr/bin/ceph: stderr
2024-03-16T09:36:10.846+0000 7fb9dbe00700 1 -- 172.21.15.99:0/3053404810 --> [v2:172.21.15.99:6800/1684822662,v1:172.21.15.99:6801/1684822662] -- mgr_command(tid 0: {"prefix": "orch set backend", "module_name": "cephadm", "target": ["mon-mgr", ""]}) -- 0x7fb9d41047e0 con 0x7fb9bc038f20
2024-03-16T09:36:11.607 INFO:teuthology.orchestra.run.smithi099.stdout:/usr/bin/ceph: stderr
2024-03-16T09:36:10.857+0000 7fb9d2000700 1 -- 172.21.15.99:0/3053404810 <== mgr.14120 v2:172.21.15.99:6800/1684822662 1 ==== mgr_command_reply(tid 0: 0 ) ==== 8+0+0 (secure 0 0 0) 0x7fb9d41047e0 con 0x7fb9bc038f20
2024-03-16T09:36:11.607 INFO:teuthology.orchestra.run.smithi099.stdout:/usr/bin/ceph: stderr
2024-03-16T09:36:10.860+0000 7fb9dbe00700 1 -- 172.21.15.99:0/3053404810 >> [v2:172.21.15.99:6800/1684822662,v1:172.21.15.99:6801/1684822662] conn(0x7fb9bc038f20 msgr2=0x7fb9bc03b3e0 secure :-1 s=STATE_CONNECTION_ESTABLISHED l=1).mark_down
2024-03-16T09:36:11.607 INFO:teuthology.orchestra.run.smithi099.stdout:/usr/bin/ceph: stderr
2024-03-16T09:36:10.860+0000 7fb9dbe00700 1 --2- 172.21.15.99:0/3053404810 >> [v2:172.21.15.99:6800/1684822662,v1:172.21.15.99:6801/1684822662] conn(0x7fb9bc038f20 0x7fb9bc03b3e0 secure :-1 s=READY pgs=7 cs=0 l=1 rev1=1 crypto rx=0x7fb9c0006fd0 tx=0x7fb9c0006e40 comp rx=0 tx=0).stop
2024-03-16T09:36:11.607 INFO:teuthology.orchestra.run.smithi099.stdout:/usr/bin/ceph: stderr
2024-03-16T09:36:10.860+0000 7fb9dbe00700 1 -- 172.21.15.99:0/3053404810 >> [v2:172.21.15.99:3300/0,v1:172.21.15.99:6789/0] conn(0x7fb9d407de80 msgr2=0x7fb9d419e1a0 secure :-1 s=STATE_CONNECTION_ESTABLISHED l=1).mark_down
2024-03-16T09:36:11.608 INFO:teuthology.orchestra.run.smithi099.stdout:/usr/bin/ceph: stderr
2024-03-16T09:36:10.860+0000 7fb9dbe00700 1 --2- 172.21.15.99:0/3053404810 >> [v2:172.21.15.99:3300/0,v1:172.21.15.99:6789/0] conn(0x7fb9d407de80 0x7fb9d419e1a0 secure :-1 s=READY pgs=38 cs=0 l=1 rev1=1 crypto rx=0x7fb9c80038d0 tx=0x7fb9c80039b0 comp rx=0 tx=0).stop
2024-03-16T09:36:11.608 INFO:teuthology.orchestra.run.smithi099.stdout:/usr/bin/ceph: stderr
2024-03-16T09:36:10.860+0000 7fb9dbe00700 1 -- 172.21.15.99:0/3053404810 shutdown_connections
2024-03-16T09:36:11.608 INFO:teuthology.orchestra.run.smithi099.stdout:/usr/bin/ceph: stderr
2024-03-16T09:36:10.860+0000 7fb9dbe00700 1 --2- 172.21.15.99:0/3053404810 >> [v2:172.21.15.99:6800/1684822662,v1:172.21.15.99:6801/1684822662] conn(0x7fb9bc038f20 0x7fb9bc03b3e0 unknown :-1 s=CLOSED pgs=7 cs=0 l=1 rev1=1 crypto rx=0 tx=0 comp rx=0 tx=0).stop
2024-03-16T09:36:11.608 INFO:teuthology.orchestra.run.smithi099.stdout:/usr/bin/ceph: stderr
2024-03-16T09:36:10.860+0000 7fb9dbe00700 1 --2- 172.21.15.99:0/3053404810 >> [v2:172.21.15.99:3300/0,v1:172.21.15.99:6789/0] conn(0x7fb9d407de80 0x7fb9d419e1a0 unknown :-1 s=CLOSED pgs=38 cs=0 l=1 rev1=1 crypto rx=0 tx=0 comp rx=0 tx=0).stop
2024-03-16T09:36:11.608 INFO:teuthology.orchestra.run.smithi099.stdout:/usr/bin/ceph: stderr
2024-03-16T09:36:10.860+0000 7fb9dbe00700 1 -- 172.21.15.99:0/3053404810 >> 172.21.15.99:0/3053404810 conn(0x7fb9d4103570 msgr2=0x7fb9d41040d0 unknown :-1 s=STATE_NONE l=0).mark_down
2024-03-16T09:36:11.608 INFO:teuthology.orchestra.run.smithi099.stdout:/usr/bin/ceph: stderr
2024-03-16T09:36:10.861+0000 7fb9dbe00700 1 -- 172.21.15.99:0/3053404810 shutdown_connections
2024-03-16T09:36:11.608 INFO:teuthology.orchestra.run.smithi099.stdout:/usr/bin/ceph: stderr
2024-03-16T09:36:10.861+0000 7fb9dbe00700 1 -- 172.21.15.99:0/3053404810 wait complete.
2024-03-16T09:36:12.186 INFO:journalctl@ceph.mon.a.smithi099.stdout:Mar 16 09:36:11 smithi099 ceph-mon[31535]: from='client.14132 -' entity='client.admin' cmd=[{"prefix": "orch set backend", "module_name": "cephadm", "target": ["mon-mgr", ""]}]: dispatch
2024-03-16T09:36:12.186 INFO:journalctl@ceph.mon.a.smithi099.stdout:Mar 16 09:36:11 smithi099 ceph-mon[31535]: [16/Mar/2024:09:36:10] ENGINE Bus STARTING
2024-03-16T09:36:12.186 INFO:journalctl@ceph.mon.a.smithi099.stdout:Mar 16 09:36:11 smithi099 ceph-mon[31535]: [16/Mar/2024:09:36:11] ENGINE Serving on http://172.21.15.99:8765
2024-03-16T09:36:12.186 INFO:journalctl@ceph.mon.a.smithi099.stdout:Mar 16 09:36:11 smithi099 ceph-mon[31535]: [16/Mar/2024:09:36:11] ENGINE Serving on https://172.21.15.99:7150
2024-03-16T09:36:12.186 INFO:journalctl@ceph.mon.a.smithi099.stdout:Mar 16 09:36:11 smithi099 ceph-mon[31535]: [16/Mar/2024:09:36:11] ENGINE Bus STARTED
2024-03-16T09:36:12.186 INFO:journalctl@ceph.mon.a.smithi099.stdout:Mar 16 09:36:11 smithi099 ceph-mon[31535]: from='mgr.14120 172.21.15.99:0/1852908479' entity='mgr.x' cmd=[{"prefix": "config dump", "format": "json"}]: dispatch
2024-03-16T09:36:13.084 INFO:teuthology.orchestra.run.smithi099.stdout:/usr/bin/ceph: stdout value unchanged
2024-03-16T09:36:13.085 INFO:teuthology.orchestra.run.smithi099.stdout:/usr/bin/ceph: stderr
2024-03-16T09:36:12.183+0000 7fdb2b200700 1 Processor -- start
2024-03-16T09:36:13.085 INFO:teuthology.orchestra.run.smithi099.stdout:/usr/bin/ceph: stderr
2024-03-16T09:36:12.183+0000 7fdb2b200700 1 -- start start
2024-03-16T09:36:13.085 INFO:teuthology.orchestra.run.smithi099.stdout:/usr/bin/ceph: stderr
2024-03-16T09:36:12.184+0000 7fdb2b200700 1 --2- >> [v2:172.21.15.99:3300/0,v1:172.21.15.99:6789/0] conn(0x7fdb24106260 0x7fdb24106680 unknown :-1 s=NONE pgs=0 cs=0 l=0 rev1=0 crypto rx=0 tx=0 comp rx=0 tx=0).connect
2024-03-16T09:36:13.085 INFO:teuthology.orchestra.run.smithi099.stdout:/usr/bin/ceph: stderr
2024-03-16T09:36:12.184+0000 7fdb2b200700 1 -- --> [v2:172.21.15.99:3300/0,v1:172.21.15.99:6789/0] -- mon_getmap magic: 0 -- 0x7fdb24106c50 con 0x7fdb24106260
2024-03-16T09:36:13.085 INFO:teuthology.orchestra.run.smithi099.stdout:/usr/bin/ceph: stderr
2024-03-16T09:36:12.184+0000 7fdb23e00700 1 --2- >> [v2:172.21.15.99:3300/0,v1:172.21.15.99:6789/0] conn(0x7fdb24106260 0x7fdb24106680 unknown :-1 s=BANNER_CONNECTING pgs=0 cs=0 l=0 rev1=0 crypto rx=0 tx=0 comp rx=0 tx=0)._handle_peer_banner_payload supported=3 required=0
2024-03-16T09:36:13.085 INFO:teuthology.orchestra.run.smithi099.stdout:/usr/bin/ceph: stderr
2024-03-16T09:36:12.184+0000 7fdb23e00700 1 --2- >> [v2:172.21.15.99:3300/0,v1:172.21.15.99:6789/0] conn(0x7fdb24106260 0x7fdb24106680 unknown :-1 s=HELLO_CONNECTING pgs=0 cs=0 l=0 rev1=1 crypto rx=0 tx=0 comp rx=0 tx=0).handle_hello peer v2:172.21.15.99:3300/0 says I am v2:172.21.15.99:38516/0 (socket says 172.21.15.99:38516)
2024-03-16T09:36:13.085 INFO:teuthology.orchestra.run.smithi099.stdout:/usr/bin/ceph: stderr
2024-03-16T09:36:12.184+0000 7fdb23e00700 1 -- 172.21.15.99:0/38840115 learned_addr learned my addr 172.21.15.99:0/38840115 (peer_addr_for_me v2:172.21.15.99:0/0)
2024-03-16T09:36:13.085 INFO:teuthology.orchestra.run.smithi099.stdout:/usr/bin/ceph: stderr
2024-03-16T09:36:12.184+0000 7fdb23e00700 1 -- 172.21.15.99:0/38840115 --> [v2:172.21.15.99:3300/0,v1:172.21.15.99:6789/0] -- mon_subscribe({config=0+,monmap=0+}) -- 0x7fdb241091f0 con 0x7fdb24106260
2024-03-16T09:36:13.085 INFO:teuthology.orchestra.run.smithi099.stdout:/usr/bin/ceph: stderr
2024-03-16T09:36:12.185+0000 7fdb23e00700 1 --2- 172.21.15.99:0/38840115 >> [v2:172.21.15.99:3300/0,v1:172.21.15.99:6789/0] conn(0x7fdb24106260 0x7fdb24106680 secure :-1 s=READY pgs=39 cs=0 l=1 rev1=1 crypto rx=0x7fdb140098a0 tx=0x7fdb14009bb0 comp rx=0 tx=0).ready entity=mon.0 client_cookie=a6bc925fb16be653 server_cookie=0 in_seq=0 out_seq=0
2024-03-16T09:36:13.085 INFO:teuthology.orchestra.run.smithi099.stdout:/usr/bin/ceph: stderr
2024-03-16T09:36:12.185+0000 7fdb22a00700 1 -- 172.21.15.99:0/38840115 <== mon.0 v2:172.21.15.99:3300/0 1 ==== mon_map magic: 0 ==== 205+0+0 (secure 0 0 0) 0x7fdb14004160 con 0x7fdb24106260
2024-03-16T09:36:13.085 INFO:teuthology.orchestra.run.smithi099.stdout:/usr/bin/ceph: stderr
2024-03-16T09:36:12.185+0000 7fdb22a00700 1 -- 172.21.15.99:0/38840115 <== mon.0 v2:172.21.15.99:3300/0 2 ==== config(29 keys) ==== 1178+0+0 (secure 0 0 0) 0x7fdb14004300 con 0x7fdb24106260
2024-03-16T09:36:13.085 INFO:teuthology.orchestra.run.smithi099.stdout:/usr/bin/ceph: stderr
2024-03-16T09:36:12.185+0000 7fdb22a00700 1 -- 172.21.15.99:0/38840115 <== mon.0 v2:172.21.15.99:3300/0 3 ==== mon_map magic: 0 ==== 205+0+0 (secure 0 0 0) 0x7fdb14011cc0 con 0x7fdb24106260
2024-03-16T09:36:13.086 INFO:teuthology.orchestra.run.smithi099.stdout:/usr/bin/ceph: stderr
2024-03-16T09:36:12.186+0000 7fdb2b200700 1 -- 172.21.15.99:0/38840115 >> [v2:172.21.15.99:3300/0,v1:172.21.15.99:6789/0] conn(0x7fdb24106260 msgr2=0x7fdb24106680 secure :-1 s=STATE_CONNECTION_ESTABLISHED l=1).mark_down
2024-03-16T09:36:13.086 INFO:teuthology.orchestra.run.smithi099.stdout:/usr/bin/ceph: stderr
2024-03-16T09:36:12.186+0000 7fdb2b200700 1 --2- 172.21.15.99:0/38840115 >> [v2:172.21.15.99:3300/0,v1:172.21.15.99:6789/0] conn(0x7fdb24106260 0x7fdb24106680 secure :-1 s=READY pgs=39 cs=0 l=1 rev1=1 crypto rx=0x7fdb140098a0 tx=0x7fdb14009bb0 comp rx=0 tx=0).stop
2024-03-16T09:36:13.086 INFO:teuthology.orchestra.run.smithi099.stdout:/usr/bin/ceph: stderr
2024-03-16T09:36:12.186+0000 7fdb2b200700 1 -- 172.21.15.99:0/38840115 shutdown_connections
2024-03-16T09:36:13.086 INFO:teuthology.orchestra.run.smithi099.stdout:/usr/bin/ceph: stderr
2024-03-16T09:36:12.186+0000 7fdb2b200700 1 --2- 172.21.15.99:0/38840115 >> [v2:172.21.15.99:3300/0,v1:172.21.15.99:6789/0] conn(0x7fdb24106260 0x7fdb24106680 unknown :-1 s=CLOSED pgs=39 cs=0 l=1 rev1=1 crypto rx=0 tx=0 comp rx=0 tx=0).stop
2024-03-16T09:36:13.086 INFO:teuthology.orchestra.run.smithi099.stdout:/usr/bin/ceph: stderr
2024-03-16T09:36:12.186+0000 7fdb2b200700 1 -- 172.21.15.99:0/38840115 >> 172.21.15.99:0/38840115 conn(0x7fdb24101bb0 msgr2=0x7fdb24103fd0 unknown :-1 s=STATE_NONE l=0).mark_down
2024-03-16T09:36:13.086 INFO:teuthology.orchestra.run.smithi099.stdout:/usr/bin/ceph: stderr
2024-03-16T09:36:12.186+0000 7fdb2b200700 1 -- 172.21.15.99:0/38840115 shutdown_connections
2024-03-16T09:36:13.086 INFO:teuthology.orchestra.run.smithi099.stdout:/usr/bin/ceph: stderr
2024-03-16T09:36:12.186+0000 7fdb2b200700 1 -- 172.21.15.99:0/38840115 wait complete.
2024-03-16T09:36:13.086 INFO:teuthology.orchestra.run.smithi099.stdout:/usr/bin/ceph: stderr
2024-03-16T09:36:12.187+0000 7fdb2b200700 1 Processor -- start
2024-03-16T09:36:13.086 INFO:teuthology.orchestra.run.smithi099.stdout:/usr/bin/ceph: stderr
2024-03-16T09:36:12.187+0000 7fdb2b200700 1 -- start start
2024-03-16T09:36:13.086 INFO:teuthology.orchestra.run.smithi099.stdout:/usr/bin/ceph: stderr
2024-03-16T09:36:12.188+0000 7fdb2b200700 1 --2- >> [v2:172.21.15.99:3300/0,v1:172.21.15.99:6789/0] conn(0x7fdb24106260 0x7fdb2419e270 unknown :-1 s=NONE pgs=0 cs=0 l=1 rev1=0 crypto rx=0 tx=0 comp rx=0 tx=0).connect
2024-03-16T09:36:13.086 INFO:teuthology.orchestra.run.smithi099.stdout:/usr/bin/ceph: stderr
2024-03-16T09:36:12.188+0000 7fdb2b200700 1 -- --> [v2:172.21.15.99:3300/0,v1:172.21.15.99:6789/0] -- mon_getmap magic: 0 -- 0x7fdb2410c5a0 con 0x7fdb24106260
2024-03-16T09:36:13.086 INFO:teuthology.orchestra.run.smithi099.stdout:/usr/bin/ceph: stderr
2024-03-16T09:36:12.188+0000 7fdb23e00700 1 --2- >> [v2:172.21.15.99:3300/0,v1:172.21.15.99:6789/0] conn(0x7fdb24106260 0x7fdb2419e270 unknown :-1 s=BANNER_CONNECTING pgs=0 cs=0 l=1 rev1=0 crypto rx=0 tx=0 comp rx=0 tx=0)._handle_peer_banner_payload supported=3 required=0
2024-03-16T09:36:13.086 INFO:teuthology.orchestra.run.smithi099.stdout:/usr/bin/ceph: stderr
2024-03-16T09:36:12.188+0000 7fdb23e00700 1 --2- >> [v2:172.21.15.99:3300/0,v1:172.21.15.99:6789/0] conn(0x7fdb24106260 0x7fdb2419e270 unknown :-1 s=HELLO_CONNECTING pgs=0 cs=0 l=1 rev1=1 crypto rx=0 tx=0 comp rx=0 tx=0).handle_hello peer v2:172.21.15.99:3300/0 says I am v2:172.21.15.99:38520/0 (socket says 172.21.15.99:38520)
2024-03-16T09:36:13.087 INFO:teuthology.orchestra.run.smithi099.stdout:/usr/bin/ceph: stderr
2024-03-16T09:36:12.188+0000 7fdb23e00700 1 -- 172.21.15.99:0/3931270621 learned_addr learned my addr 172.21.15.99:0/3931270621 (peer_addr_for_me v2:172.21.15.99:0/0)
2024-03-16T09:36:13.087 INFO:teuthology.orchestra.run.smithi099.stdout:/usr/bin/ceph: stderr
2024-03-16T09:36:12.188+0000 7fdb23e00700 1 -- 172.21.15.99:0/3931270621 --> [v2:172.21.15.99:3300/0,v1:172.21.15.99:6789/0] -- mon_subscribe({config=0+,monmap=0+}) -- 0x7fdb2419e7b0 con 0x7fdb24106260
2024-03-16T09:36:13.087 INFO:teuthology.orchestra.run.smithi099.stdout:/usr/bin/ceph: stderr
2024-03-16T09:36:12.189+0000 7fdb23e00700 1 --2- 172.21.15.99:0/3931270621 >> [v2:172.21.15.99:3300/0,v1:172.21.15.99:6789/0] conn(0x7fdb24106260 0x7fdb2419e270 secure :-1 s=READY pgs=40 cs=0 l=1 rev1=1 crypto rx=0x7fdb14011980 tx=0x7fdb14003980 comp rx=0 tx=0).ready entity=mon.0 client_cookie=0 server_cookie=0 in_seq=0 out_seq=0
2024-03-16T09:36:13.087 INFO:teuthology.orchestra.run.smithi099.stdout:/usr/bin/ceph: stderr
2024-03-16T09:36:12.189+0000 7fdb20c00700 1 -- 172.21.15.99:0/3931270621 <== mon.0 v2:172.21.15.99:3300/0 1 ==== mon_map magic: 0 ==== 205+0+0 (secure 0 0 0) 0x7fdb14003db0 con 0x7fdb24106260
2024-03-16T09:36:13.087 INFO:teuthology.orchestra.run.smithi099.stdout:/usr/bin/ceph: stderr
2024-03-16T09:36:12.189+0000 7fdb20c00700 1 -- 172.21.15.99:0/3931270621 <== mon.0 v2:172.21.15.99:3300/0 2 ==== config(29 keys) ==== 1178+0+0 (secure 0 0 0) 0x7fdb14020070 con 0x7fdb24106260
2024-03-16T09:36:13.087 INFO:teuthology.orchestra.run.smithi099.stdout:/usr/bin/ceph: stderr
2024-03-16T09:36:12.189+0000 7fdb2b200700 1 -- 172.21.15.99:0/3931270621 --> [v2:172.21.15.99:3300/0,v1:172.21.15.99:6789/0] -- mon_subscribe({mgrmap=0+}) -- 0x7fdb2419ea40 con 0x7fdb24106260
2024-03-16T09:36:13.087 INFO:teuthology.orchestra.run.smithi099.stdout:/usr/bin/ceph: stderr
2024-03-16T09:36:12.189+0000 7fdb20c00700 1 -- 172.21.15.99:0/3931270621 <== mon.0 v2:172.21.15.99:3300/0 3 ==== mon_map magic: 0 ==== 205+0+0 (secure 0 0 0) 0x7fdb14019630 con 0x7fdb24106260
2024-03-16T09:36:13.087 INFO:teuthology.orchestra.run.smithi099.stdout:/usr/bin/ceph: stderr
2024-03-16T09:36:12.189+0000 7fdb2b200700 1 -- 172.21.15.99:0/3931270621 --> [v2:172.21.15.99:3300/0,v1:172.21.15.99:6789/0] -- mon_subscribe({osdmap=0}) -- 0x7fdb241a1730 con 0x7fdb24106260
2024-03-16T09:36:13.087 INFO:teuthology.orchestra.run.smithi099.stdout:/usr/bin/ceph: stderr
2024-03-16T09:36:12.190+0000 7fdb20c00700 1 -- 172.21.15.99:0/3931270621 <== mon.0 v2:172.21.15.99:3300/0 4 ==== mgrmap(e 8) ==== 46106+0+0 (secure 0 0 0) 0x7fdb14003f50 con 0x7fdb24106260
2024-03-16T09:36:13.087 INFO:teuthology.orchestra.run.smithi099.stdout:/usr/bin/ceph: stderr
2024-03-16T09:36:12.190+0000 7fdb2b200700 1 -- 172.21.15.99:0/3931270621 --> [v2:172.21.15.99:3300/0,v1:172.21.15.99:6789/0] -- mon_command({"prefix": "get_command_descriptions"} v 0) -- 0x7fdb2410c720 con 0x7fdb24106260
2024-03-16T09:36:13.087 INFO:teuthology.orchestra.run.smithi099.stdout:/usr/bin/ceph: stderr
2024-03-16T09:36:12.191+0000 7fdb20c00700 1 --2- 172.21.15.99:0/3931270621 >> [v2:172.21.15.99:6800/1684822662,v1:172.21.15.99:6801/1684822662] conn(0x7fdb08038f20 0x7fdb0803b3e0 unknown :-1 s=NONE pgs=0 cs=0 l=1 rev1=0 crypto rx=0 tx=0 comp rx=0 tx=0).connect
2024-03-16T09:36:13.087 INFO:teuthology.orchestra.run.smithi099.stdout:/usr/bin/ceph: stderr
2024-03-16T09:36:12.191+0000 7fdb20c00700 1 -- 172.21.15.99:0/3931270621 <== mon.0 v2:172.21.15.99:3300/0 5 ==== osd_map(2..2 src has 1..2) ==== 940+0+0 (secure 0 0 0) 0x7fdb1404d180 con 0x7fdb24106260
2024-03-16T09:36:13.087 INFO:teuthology.orchestra.run.smithi099.stdout:/usr/bin/ceph: stderr
2024-03-16T09:36:12.191+0000 7fdb23400700 1 --2- 172.21.15.99:0/3931270621 >> [v2:172.21.15.99:6800/1684822662,v1:172.21.15.99:6801/1684822662] conn(0x7fdb08038f20 0x7fdb0803b3e0 unknown :-1 s=BANNER_CONNECTING pgs=0 cs=0 l=1 rev1=0 crypto rx=0 tx=0 comp rx=0 tx=0)._handle_peer_banner_payload supported=3 required=0
2024-03-16T09:36:13.087 INFO:teuthology.orchestra.run.smithi099.stdout:/usr/bin/ceph: stderr
2024-03-16T09:36:12.192+0000 7fdb23400700 1 --2- 172.21.15.99:0/3931270621 >> [v2:172.21.15.99:6800/1684822662,v1:172.21.15.99:6801/1684822662] conn(0x7fdb08038f20 0x7fdb0803b3e0 secure :-1 s=READY pgs=8 cs=0 l=1 rev1=1 crypto rx=0x7fdb10006fd0 tx=0x7fdb10006e40 comp rx=0 tx=0).ready entity=mgr.14120 client_cookie=0 server_cookie=0 in_seq=0 out_seq=0
2024-03-16T09:36:13.088 INFO:teuthology.orchestra.run.smithi099.stdout:/usr/bin/ceph: stderr
2024-03-16T09:36:12.196+0000 7fdb20c00700 1 -- 172.21.15.99:0/3931270621 <== mon.0 v2:172.21.15.99:3300/0 6 ==== mon_command_ack([{"prefix": "get_command_descriptions"}]=0 v0) ==== 72+0+186149 (secure 0 0 0) 0x7fdb14019860 con 0x7fdb24106260
2024-03-16T09:36:13.088 INFO:teuthology.orchestra.run.smithi099.stdout:/usr/bin/ceph: stderr
2024-03-16T09:36:12.403+0000 7fdb2b200700 1 -- 172.21.15.99:0/3931270621 --> [v2:172.21.15.99:6800/1684822662,v1:172.21.15.99:6801/1684822662] -- mgr_command(tid 0: {"prefix": "cephadm set-user", "user": "root", "target": ["mon-mgr", ""]}) -- 0x7fdb24102de0 con 0x7fdb08038f20
2024-03-16T09:36:13.088 INFO:teuthology.orchestra.run.smithi099.stdout:/usr/bin/ceph: stderr
2024-03-16T09:36:12.405+0000 7fdb20c00700 1 -- 172.21.15.99:0/3931270621 <== mgr.14120 v2:172.21.15.99:6800/1684822662 1 ==== mgr_command_reply(tid 0: 0 ) ==== 8+0+16 (secure 0 0 0) 0x7fdb24102de0 con 0x7fdb08038f20
2024-03-16T09:36:13.088 INFO:teuthology.orchestra.run.smithi099.stdout:/usr/bin/ceph: stderr
2024-03-16T09:36:12.407+0000 7fdb2b200700 1 -- 172.21.15.99:0/3931270621 >> [v2:172.21.15.99:6800/1684822662,v1:172.21.15.99:6801/1684822662] conn(0x7fdb08038f20 msgr2=0x7fdb0803b3e0 secure :-1 s=STATE_CONNECTION_ESTABLISHED l=1).mark_down
2024-03-16T09:36:13.088 INFO:teuthology.orchestra.run.smithi099.stdout:/usr/bin/ceph: stderr
2024-03-16T09:36:12.407+0000 7fdb2b200700 1 --2- 172.21.15.99:0/3931270621 >> [v2:172.21.15.99:6800/1684822662,v1:172.21.15.99:6801/1684822662] conn(0x7fdb08038f20 0x7fdb0803b3e0 secure :-1 s=READY pgs=8 cs=0 l=1 rev1=1 crypto rx=0x7fdb10006fd0 tx=0x7fdb10006e40 comp rx=0 tx=0).stop
2024-03-16T09:36:13.088 INFO:teuthology.orchestra.run.smithi099.stdout:/usr/bin/ceph: stderr
2024-03-16T09:36:12.407+0000 7fdb2b200700 1 -- 172.21.15.99:0/3931270621 >> [v2:172.21.15.99:3300/0,v1:172.21.15.99:6789/0] conn(0x7fdb24106260 msgr2=0x7fdb2419e270 secure :-1 s=STATE_CONNECTION_ESTABLISHED l=1).mark_down
2024-03-16T09:36:13.088 INFO:teuthology.orchestra.run.smithi099.stdout:/usr/bin/ceph: stderr
2024-03-16T09:36:12.407+0000 7fdb2b200700 1 --2- 172.21.15.99:0/3931270621 >> [v2:172.21.15.99:3300/0,v1:172.21.15.99:6789/0] conn(0x7fdb24106260 0x7fdb2419e270 secure :-1 s=READY pgs=40 cs=0 l=1 rev1=1 crypto rx=0x7fdb14011980 tx=0x7fdb14003980 comp rx=0 tx=0).stop
2024-03-16T09:36:13.088 INFO:teuthology.orchestra.run.smithi099.stdout:/usr/bin/ceph: stderr
2024-03-16T09:36:12.407+0000 7fdb2b200700 1 -- 172.21.15.99:0/3931270621 shutdown_connections
2024-03-16T09:36:13.088 INFO:teuthology.orchestra.run.smithi099.stdout:/usr/bin/ceph: stderr
2024-03-16T09:36:12.407+0000 7fdb2b200700 1 --2- 172.21.15.99:0/3931270621 >> [v2:172.21.15.99:6800/1684822662,v1:172.21.15.99:6801/1684822662] conn(0x7fdb08038f20 0x7fdb0803b3e0 unknown :-1 s=CLOSED pgs=8 cs=0 l=1 rev1=1 crypto rx=0 tx=0 comp rx=0 tx=0).stop
2024-03-16T09:36:13.088 INFO:teuthology.orchestra.run.smithi099.stdout:/usr/bin/ceph: stderr
2024-03-16T09:36:12.407+0000 7fdb2b200700 1 --2- 172.21.15.99:0/3931270621 >> [v2:172.21.15.99:3300/0,v1:172.21.15.99:6789/0] conn(0x7fdb24106260 0x7fdb2419e270 unknown :-1 s=CLOSED pgs=40 cs=0 l=1 rev1=1 crypto rx=0 tx=0 comp rx=0 tx=0).stop
2024-03-16T09:36:13.088 INFO:teuthology.orchestra.run.smithi099.stdout:/usr/bin/ceph: stderr
2024-03-16T09:36:12.407+0000 7fdb2b200700 1 -- 172.21.15.99:0/3931270621 >> 172.21.15.99:0/3931270621 conn(0x7fdb24101bb0 msgr2=0x7fdb241026d0 unknown :-1 s=STATE_NONE l=0).mark_down
2024-03-16T09:36:13.088 INFO:teuthology.orchestra.run.smithi099.stdout:/usr/bin/ceph: stderr
2024-03-16T09:36:12.407+0000 7fdb2b200700 1 -- 172.21.15.99:0/3931270621 shutdown_connections
2024-03-16T09:36:13.088 INFO:teuthology.orchestra.run.smithi099.stdout:/usr/bin/ceph: stderr
2024-03-16T09:36:12.408+0000 7fdb2b200700 1 -- 172.21.15.99:0/3931270621 wait complete.
2024-03-16T09:36:13.089 INFO:teuthology.orchestra.run.smithi099.stdout:Generating ssh key...
2024-03-16T09:36:13.615 INFO:journalctl@ceph.mon.a.smithi099.stdout:Mar 16 09:36:13 smithi099 ceph-mon[31535]: from='client.14134 -' entity='client.admin' cmd=[{"prefix": "cephadm set-user", "user": "root", "target": ["mon-mgr", ""]}]: dispatch
2024-03-16T09:36:14.615 INFO:journalctl@ceph.mon.a.smithi099.stdout:Mar 16 09:36:14 smithi099 ceph-mon[31535]: from='client.14136 -' entity='client.admin' cmd=[{"prefix": "cephadm generate-key", "target": ["mon-mgr", ""]}]: dispatch
2024-03-16T09:36:14.615 INFO:journalctl@ceph.mon.a.smithi099.stdout:Mar 16 09:36:14 smithi099 ceph-mon[31535]: Generating ssh key...
2024-03-16T09:36:14.615 INFO:journalctl@ceph.mon.a.smithi099.stdout:Mar 16 09:36:14 smithi099 ceph-mon[31535]: from='mgr.14120 172.21.15.99:0/1852908479' entity='mgr.x'
2024-03-16T09:36:14.615 INFO:journalctl@ceph.mon.a.smithi099.stdout:Mar 16 09:36:14 smithi099 ceph-mon[31535]: from='mgr.14120 172.21.15.99:0/1852908479' entity='mgr.x'
2024-03-16T09:36:14.616 INFO:journalctl@ceph.mgr.x.smithi099.stdout:Mar 16 09:36:14 smithi099 ceph-664b997c-e378-11ee-95c9-87774f69a715-mgr-x[31761]: Generating public/private rsa key pair.
2024-03-16T09:36:14.616 INFO:journalctl@ceph.mgr.x.smithi099.stdout:Mar 16 09:36:14 smithi099 ceph-664b997c-e378-11ee-95c9-87774f69a715-mgr-x[31761]: Your identification has been saved in /tmp/tmpxcye2h8d/key.
2024-03-16T09:36:14.616 INFO:journalctl@ceph.mgr.x.smithi099.stdout:Mar 16 09:36:14 smithi099 ceph-664b997c-e378-11ee-95c9-87774f69a715-mgr-x[31761]: Your public key has been saved in /tmp/tmpxcye2h8d/key.pub.
2024-03-16T09:36:14.616 INFO:journalctl@ceph.mgr.x.smithi099.stdout:Mar 16 09:36:14 smithi099 ceph-664b997c-e378-11ee-95c9-87774f69a715-mgr-x[31761]: The key fingerprint is:
2024-03-16T09:36:14.616 INFO:journalctl@ceph.mgr.x.smithi099.stdout:Mar 16 09:36:14 smithi099 ceph-664b997c-e378-11ee-95c9-87774f69a715-mgr-x[31761]: SHA256:A94/1mxqVlijSHB1cPpBHpxPPGox4FkhbiLOWz00JUM ceph-664b997c-e378-11ee-95c9-87774f69a715
2024-03-16T09:36:14.616 INFO:journalctl@ceph.mgr.x.smithi099.stdout:Mar 16 09:36:14 smithi099 ceph-664b997c-e378-11ee-95c9-87774f69a715-mgr-x[31761]: The key's randomart image is:
2024-03-16T09:36:14.616 INFO:journalctl@ceph.mgr.x.smithi099.stdout:Mar 16 09:36:14 smithi099 ceph-664b997c-e378-11ee-95c9-87774f69a715-mgr-x[31761]: +---[RSA 3072]----+
2024-03-16T09:36:14.616 INFO:journalctl@ceph.mgr.x.smithi099.stdout:Mar 16 09:36:14 smithi099 ceph-664b997c-e378-11ee-95c9-87774f69a715-mgr-x[31761]: | oE+O+ |
2024-03-16T09:36:14.616 INFO:journalctl@ceph.mgr.x.smithi099.stdout:Mar 16 09:36:14 smithi099 ceph-664b997c-e378-11ee-95c9-87774f69a715-mgr-x[31761]: | . .o &=.+ |
2024-03-16T09:36:14.616 INFO:journalctl@ceph.mgr.x.smithi099.stdout:Mar 16 09:36:14 smithi099 ceph-664b997c-e378-11ee-95c9-87774f69a715-mgr-x[31761]: | oo. O o* . |
2024-03-16T09:36:14.616 INFO:journalctl@ceph.mgr.x.smithi099.stdout:Mar 16 09:36:14 smithi099 ceph-664b997c-e378-11ee-95c9-87774f69a715-mgr-x[31761]: | + +.= o=.. |
2024-03-16T09:36:14.617 INFO:journalctl@ceph.mgr.x.smithi099.stdout:Mar 16 09:36:14 smithi099 ceph-664b997c-e378-11ee-95c9-87774f69a715-mgr-x[31761]: | +.S.o=.. |
2024-03-16T09:36:14.617 INFO:journalctl@ceph.mgr.x.smithi099.stdout:Mar 16 09:36:14 smithi099 ceph-664b997c-e378-11ee-95c9-87774f69a715-mgr-x[31761]: | o.oo+. |
2024-03-16T09:36:14.617 INFO:journalctl@ceph.mgr.x.smithi099.stdout:Mar 16 09:36:14 smithi099 ceph-664b997c-e378-11ee-95c9-87774f69a715-mgr-x[31761]: | . +.+ |
2024-03-16T09:36:14.617 INFO:journalctl@ceph.mgr.x.smithi099.stdout:Mar 16 09:36:14 smithi099 ceph-664b997c-e378-11ee-95c9-87774f69a715-mgr-x[31761]: | .o+ |
2024-03-16T09:36:14.617 INFO:journalctl@ceph.mgr.x.smithi099.stdout:Mar 16 09:36:14 smithi099 ceph-664b997c-e378-11ee-95c9-87774f69a715-mgr-x[31761]: | o. |
2024-03-16T09:36:14.617 INFO:journalctl@ceph.mgr.x.smithi099.stdout:Mar 16 09:36:14 smithi099 ceph-664b997c-e378-11ee-95c9-87774f69a715-mgr-x[31761]: +----[SHA256]-----+
2024-03-16T09:36:15.020 INFO:teuthology.orchestra.run.smithi099.stdout:/usr/bin/ceph: stderr
2024-03-16T09:36:13.648+0000 7f2715a00700 1 Processor -- start
2024-03-16T09:36:15.020 INFO:teuthology.orchestra.run.smithi099.stdout:/usr/bin/ceph: stderr
2024-03-16T09:36:13.648+0000 7f2715a00700 1 -- start start
2024-03-16T09:36:15.020 INFO:teuthology.orchestra.run.smithi099.stdout:/usr/bin/ceph: stderr
2024-03-16T09:36:13.649+0000 7f2715a00700 1 --2- >> [v2:172.21.15.99:3300/0,v1:172.21.15.99:6789/0] conn(0x7f271010a260 0x7f271010a680 unknown :-1 s=NONE pgs=0 cs=0 l=0 rev1=0 crypto rx=0 tx=0 comp rx=0 tx=0).connect
2024-03-16T09:36:15.020 INFO:teuthology.orchestra.run.smithi099.stdout:/usr/bin/ceph: stderr
2024-03-16T09:36:13.649+0000 7f2715a00700 1 -- --> [v2:172.21.15.99:3300/0,v1:172.21.15.99:6789/0] -- mon_getmap magic: 0 -- 0x7f271010ac50 con 0x7f271010a260
2024-03-16T09:36:15.020 INFO:teuthology.orchestra.run.smithi099.stdout:/usr/bin/ceph: stderr
2024-03-16T09:36:13.649+0000 7f270ea00700 1 --2- >> [v2:172.21.15.99:3300/0,v1:172.21.15.99:6789/0] conn(0x7f271010a260 0x7f271010a680 unknown :-1 s=BANNER_CONNECTING pgs=0 cs=0 l=0 rev1=0 crypto rx=0 tx=0 comp rx=0 tx=0)._handle_peer_banner_payload supported=3 required=0
2024-03-16T09:36:15.020 INFO:teuthology.orchestra.run.smithi099.stdout:/usr/bin/ceph: stderr
2024-03-16T09:36:13.649+0000 7f270ea00700 1 --2- >> [v2:172.21.15.99:3300/0,v1:172.21.15.99:6789/0] conn(0x7f271010a260 0x7f271010a680 unknown :-1 s=HELLO_CONNECTING pgs=0 cs=0 l=0 rev1=1 crypto rx=0 tx=0 comp rx=0 tx=0).handle_hello peer v2:172.21.15.99:3300/0 says I am v2:172.21.15.99:38534/0 (socket says 172.21.15.99:38534)
2024-03-16T09:36:15.020 INFO:teuthology.orchestra.run.smithi099.stdout:/usr/bin/ceph: stderr
2024-03-16T09:36:13.649+0000 7f270ea00700 1 -- 172.21.15.99:0/3365625869 learned_addr learned my addr 172.21.15.99:0/3365625869 (peer_addr_for_me v2:172.21.15.99:0/0)
2024-03-16T09:36:15.020 INFO:teuthology.orchestra.run.smithi099.stdout:/usr/bin/ceph: stderr
2024-03-16T09:36:13.649+0000 7f270ea00700 1 -- 172.21.15.99:0/3365625869 --> [v2:172.21.15.99:3300/0,v1:172.21.15.99:6789/0] -- mon_subscribe({config=0+,monmap=0+}) -- 0x7f271010b350 con 0x7f271010a260
2024-03-16T09:36:15.020 INFO:teuthology.orchestra.run.smithi099.stdout:/usr/bin/ceph: stderr
2024-03-16T09:36:13.650+0000 7f270ea00700 1 --2- 172.21.15.99:0/3365625869 >> [v2:172.21.15.99:3300/0,v1:172.21.15.99:6789/0] conn(0x7f271010a260 0x7f271010a680 secure :-1 s=READY pgs=41 cs=0 l=1 rev1=1 crypto rx=0x7f27000098a0 tx=0x7f2700009bb0 comp rx=0 tx=0).ready entity=mon.0 client_cookie=8ee76cc03b8e0da0 server_cookie=0 in_seq=0 out_seq=0
2024-03-16T09:36:15.020 INFO:teuthology.orchestra.run.smithi099.stdout:/usr/bin/ceph: stderr
2024-03-16T09:36:13.650+0000 7f270d600700 1 -- 172.21.15.99:0/3365625869 <== mon.0 v2:172.21.15.99:3300/0 1 ==== mon_map magic: 0 ==== 205+0+0 (secure 0 0 0) 0x7f2700004160 con 0x7f271010a260
2024-03-16T09:36:15.020 INFO:teuthology.orchestra.run.smithi099.stdout:/usr/bin/ceph: stderr
