2024-03-16T09:43:11.585+0000 7f9b3dd44700 1 -- 172.21.15.172:0/2960087173 --> [v2:172.21.15.172:3300/0,v1:172.21.15.172:6789/0] -- mon_subscribe({config=0+,monmap=0+}) v3 -- 0x7f9b340094f0 con 0x7f9b38102720
2024-03-16T09:43:12.577 INFO:teuthology.orchestra.run.smithi172.stdout:/usr/bin/ceph: stderr
2024-03-16T09:43:11.585+0000 7f9b3dd44700 1 --2- 172.21.15.172:0/2960087173 >> [v2:172.21.15.172:3300/0,v1:172.21.15.172:6789/0] conn(0x7f9b38102720 0x7f9b38111590 secure :-1 s=READY pgs=48 cs=0 l=1 rev1=1 crypto rx=0x7f9b3400b440 tx=0x7f9b34009250 comp rx=0 tx=0).ready entity=mon.0 client_cookie=0 server_cookie=0 in_seq=0 out_seq=0
2024-03-16T09:43:12.578 INFO:teuthology.orchestra.run.smithi172.stdout:/usr/bin/ceph: stderr
2024-03-16T09:43:11.585+0000 7f9b2e7fc700 1 -- 172.21.15.172:0/2960087173 <== mon.0 v2:172.21.15.172:3300/0 1 ==== mon_map magic: 0 v1 ==== 229+0+0 (secure 0 0 0) 0x7f9b34010760 con 0x7f9b38102720
2024-03-16T09:43:12.578 INFO:teuthology.orchestra.run.smithi172.stdout:/usr/bin/ceph: stderr
2024-03-16T09:43:11.585+0000 7f9b2e7fc700 1 -- 172.21.15.172:0/2960087173 <== mon.0 v2:172.21.15.172:3300/0 2 ==== config(27 keys) v1 ==== 1044+0+0 (secure 0 0 0) 0x7f9b34010d50 con 0x7f9b38102720
2024-03-16T09:43:12.578 INFO:teuthology.orchestra.run.smithi172.stdout:/usr/bin/ceph: stderr
2024-03-16T09:43:11.585+0000 7f9b3ffa8700 1 -- 172.21.15.172:0/2960087173 --> [v2:172.21.15.172:3300/0,v1:172.21.15.172:6789/0] -- mon_subscribe({mgrmap=0+}) v3 -- 0x7f9b38111cd0 con 0x7f9b38102720
2024-03-16T09:43:12.578 INFO:teuthology.orchestra.run.smithi172.stdout:/usr/bin/ceph: stderr
2024-03-16T09:43:11.585+0000 7f9b2e7fc700 1 -- 172.21.15.172:0/2960087173 <== mon.0 v2:172.21.15.172:3300/0 3 ==== mon_map magic: 0 v1 ==== 229+0+0 (secure 0 0 0) 0x7f9b3401ae20 con 0x7f9b38102720
2024-03-16T09:43:12.578 INFO:teuthology.orchestra.run.smithi172.stdout:/usr/bin/ceph: stderr
2024-03-16T09:43:11.585+0000 7f9b3ffa8700 1 -- 172.21.15.172:0/2960087173 --> [v2:172.21.15.172:3300/0,v1:172.21.15.172:6789/0] -- mon_subscribe({osdmap=0}) v3 -- 0x7f9b38112840 con 0x7f9b38102720
2024-03-16T09:43:12.578 INFO:teuthology.orchestra.run.smithi172.stdout:/usr/bin/ceph: stderr
2024-03-16T09:43:11.586+0000 7f9b2e7fc700 1 -- 172.21.15.172:0/2960087173 <== mon.0 v2:172.21.15.172:3300/0 4 ==== mgrmap(e 8) v1 ==== 43368+0+0 (secure 0 0 0) 0x7f9b3402e440 con 0x7f9b38102720
2024-03-16T09:43:12.578 INFO:teuthology.orchestra.run.smithi172.stdout:/usr/bin/ceph: stderr
2024-03-16T09:43:11.586+0000 7f9b2e7fc700 1 --2- 172.21.15.172:0/2960087173 >> [v2:172.21.15.172:6800/1667238040,v1:172.21.15.172:6801/1667238040] conn(0x7f9b24036770 0x7f9b24038c20 unknown :-1 s=NONE pgs=0 cs=0 l=1 rev1=0 crypto rx=0 tx=0 comp rx=0 tx=0).connect
2024-03-16T09:43:12.578 INFO:teuthology.orchestra.run.smithi172.stdout:/usr/bin/ceph: stderr
2024-03-16T09:43:11.586+0000 7f9b2e7fc700 1 -- 172.21.15.172:0/2960087173 <== mon.0 v2:172.21.15.172:3300/0 5 ==== osd_map(2..2 src has 1..2) v4 ==== 936+0+0 (secure 0 0 0) 0x7f9b3404a900 con 0x7f9b38102720
2024-03-16T09:43:12.578 INFO:teuthology.orchestra.run.smithi172.stdout:/usr/bin/ceph: stderr
2024-03-16T09:43:11.586+0000 7f9b3d543700 1 --2- 172.21.15.172:0/2960087173 >> [v2:172.21.15.172:6800/1667238040,v1:172.21.15.172:6801/1667238040] conn(0x7f9b24036770 0x7f9b24038c20 unknown :-1 s=BANNER_CONNECTING pgs=0 cs=0 l=1 rev1=0 crypto rx=0 tx=0 comp rx=0 tx=0)._handle_peer_banner_payload supported=3 required=0
2024-03-16T09:43:12.578 INFO:teuthology.orchestra.run.smithi172.stdout:/usr/bin/ceph: stderr
2024-03-16T09:43:11.586+0000 7f9b3ffa8700 1 -- 172.21.15.172:0/2960087173 --> [v2:172.21.15.172:3300/0,v1:172.21.15.172:6789/0] -- mon_command({"prefix": "get_command_descriptions"} v 0) v1 -- 0x7f9b3805f5f0 con 0x7f9b38102720
2024-03-16T09:43:12.578 INFO:teuthology.orchestra.run.smithi172.stdout:/usr/bin/ceph: stderr
2024-03-16T09:43:11.587+0000 7f9b3d543700 1 --2- 172.21.15.172:0/2960087173 >> [v2:172.21.15.172:6800/1667238040,v1:172.21.15.172:6801/1667238040] conn(0x7f9b24036770 0x7f9b24038c20 secure :-1 s=READY pgs=12 cs=0 l=1 rev1=1 crypto rx=0x7f9b28009990 tx=0x7f9b28006e40 comp rx=0 tx=0).ready entity=mgr.14120 client_cookie=0 server_cookie=0 in_seq=0 out_seq=0
2024-03-16T09:43:12.578 INFO:teuthology.orchestra.run.smithi172.stdout:/usr/bin/ceph: stderr
2024-03-16T09:43:11.591+0000 7f9b2e7fc700 1 -- 172.21.15.172:0/2960087173 <== mon.0 v2:172.21.15.172:3300/0 6 ==== mon_command_ack([{"prefix": "get_command_descriptions"}]=0 v0) v1 ==== 72+0+175445 (secure 0 0 0) 0x7f9b34018940 con 0x7f9b38102720
2024-03-16T09:43:12.578 INFO:teuthology.orchestra.run.smithi172.stdout:/usr/bin/ceph: stderr
2024-03-16T09:43:11.797+0000 7f9b3ffa8700 1 -- 172.21.15.172:0/2960087173 --> [v2:172.21.15.172:6800/1667238040,v1:172.21.15.172:6801/1667238040] -- mgr_command(tid 0: {"prefix": "orch apply", "service_type": "mon", "target": ["mon-mgr", ""]}) v1 -- 0x7f9b380ff130 con 0x7f9b24036770
2024-03-16T09:43:12.579 INFO:teuthology.orchestra.run.smithi172.stdout:/usr/bin/ceph: stderr
2024-03-16T09:43:11.804+0000 7f9b2e7fc700 1 -- 172.21.15.172:0/2960087173 <== mgr.14120 v2:172.21.15.172:6800/1667238040 1 ==== mgr_command_reply(tid 0: 0 ) v1 ==== 8+0+24 (secure 0 0 0) 0x7f9b380ff130 con 0x7f9b24036770
2024-03-16T09:43:12.579 INFO:teuthology.orchestra.run.smithi172.stdout:/usr/bin/ceph: stderr
2024-03-16T09:43:11.806+0000 7f9b3ffa8700 1 -- 172.21.15.172:0/2960087173 >> [v2:172.21.15.172:6800/1667238040,v1:172.21.15.172:6801/1667238040] conn(0x7f9b24036770 msgr2=0x7f9b24038c20 secure :-1 s=STATE_CONNECTION_ESTABLISHED l=1).mark_down
2024-03-16T09:43:12.579 INFO:teuthology.orchestra.run.smithi172.stdout:/usr/bin/ceph: stderr
2024-03-16T09:43:11.806+0000 7f9b3ffa8700 1 --2- 172.21.15.172:0/2960087173 >> [v2:172.21.15.172:6800/1667238040,v1:172.21.15.172:6801/1667238040] conn(0x7f9b24036770 0x7f9b24038c20 secure :-1 s=READY pgs=12 cs=0 l=1 rev1=1 crypto rx=0x7f9b28009990 tx=0x7f9b28006e40 comp rx=0 tx=0).stop
2024-03-16T09:43:12.579 INFO:teuthology.orchestra.run.smithi172.stdout:/usr/bin/ceph: stderr
2024-03-16T09:43:11.806+0000 7f9b3ffa8700 1 -- 172.21.15.172:0/2960087173 >> [v2:172.21.15.172:3300/0,v1:172.21.15.172:6789/0] conn(0x7f9b38102720 msgr2=0x7f9b38111590 secure :-1 s=STATE_CONNECTION_ESTABLISHED l=1).mark_down
2024-03-16T09:43:12.579 INFO:teuthology.orchestra.run.smithi172.stdout:/usr/bin/ceph: stderr
2024-03-16T09:43:11.806+0000 7f9b3ffa8700 1 --2- 172.21.15.172:0/2960087173 >> [v2:172.21.15.172:3300/0,v1:172.21.15.172:6789/0] conn(0x7f9b38102720 0x7f9b38111590 secure :-1 s=READY pgs=48 cs=0 l=1 rev1=1 crypto rx=0x7f9b3400b440 tx=0x7f9b34009250 comp rx=0 tx=0).stop
2024-03-16T09:43:12.579 INFO:teuthology.orchestra.run.smithi172.stdout:/usr/bin/ceph: stderr
2024-03-16T09:43:11.806+0000 7f9b3ffa8700 1 -- 172.21.15.172:0/2960087173 shutdown_connections
2024-03-16T09:43:12.579 INFO:teuthology.orchestra.run.smithi172.stdout:/usr/bin/ceph: stderr
2024-03-16T09:43:11.806+0000 7f9b3ffa8700 1 --2- 172.21.15.172:0/2960087173 >> [v2:172.21.15.172:6800/1667238040,v1:172.21.15.172:6801/1667238040] conn(0x7f9b24036770 0x7f9b24038c20 unknown :-1 s=CLOSED pgs=12 cs=0 l=1 rev1=1 crypto rx=0 tx=0 comp rx=0 tx=0).stop
2024-03-16T09:43:12.579 INFO:teuthology.orchestra.run.smithi172.stdout:/usr/bin/ceph: stderr
2024-03-16T09:43:11.806+0000 7f9b3ffa8700 1 --2- 172.21.15.172:0/2960087173 >> [v2:172.21.15.172:3300/0,v1:172.21.15.172:6789/0] conn(0x7f9b38102720 0x7f9b38111590 unknown :-1 s=CLOSED pgs=48 cs=0 l=1 rev1=1 crypto rx=0 tx=0 comp rx=0 tx=0).stop
2024-03-16T09:43:12.579 INFO:teuthology.orchestra.run.smithi172.stdout:/usr/bin/ceph: stderr
2024-03-16T09:43:11.806+0000 7f9b3ffa8700 1 -- 172.21.15.172:0/2960087173 >> 172.21.15.172:0/2960087173 conn(0x7f9b380fdea0 msgr2=0x7f9b380fea20 unknown :-1 s=STATE_NONE l=0).mark_down
2024-03-16T09:43:12.579 INFO:teuthology.orchestra.run.smithi172.stdout:/usr/bin/ceph: stderr
2024-03-16T09:43:11.806+0000 7f9b3ffa8700 1 -- 172.21.15.172:0/2960087173 shutdown_connections
2024-03-16T09:43:12.579 INFO:teuthology.orchestra.run.smithi172.stdout:/usr/bin/ceph: stderr
2024-03-16T09:43:11.806+0000 7f9b3ffa8700 1 -- 172.21.15.172:0/2960087173 wait complete.
2024-03-16T09:43:12.579 INFO:teuthology.orchestra.run.smithi172.stdout:Deploying mgr service with default placement...
2024-03-16T09:43:12.854 INFO:journalctl@ceph.mon.smithi172.smithi172.stdout:Mar 16 09:43:12 smithi172 ceph-mon[29227]: from='client.14142 -' entity='client.admin' cmd=[{"prefix": "orch apply", "service_type": "mon", "target": ["mon-mgr", ""]}]: dispatch
2024-03-16T09:43:12.854 INFO:journalctl@ceph.mon.smithi172.smithi172.stdout:Mar 16 09:43:12 smithi172 ceph-mon[29227]: Saving service mon spec with placement count:5
2024-03-16T09:43:12.854 INFO:journalctl@ceph.mon.smithi172.smithi172.stdout:Mar 16 09:43:12 smithi172 ceph-mon[29227]: from='mgr.14120 172.21.15.172:0/293855955' entity='mgr.smithi172.ybpmab'
2024-03-16T09:43:14.460 INFO:journalctl@ceph.mon.smithi172.smithi172.stdout:Mar 16 09:43:14 smithi172 ceph-mon[29227]: from='client.14144 -' entity='client.admin' cmd=[{"prefix": "orch apply", "service_type": "mgr", "target": ["mon-mgr", ""]}]: dispatch
2024-03-16T09:43:14.460 INFO:journalctl@ceph.mon.smithi172.smithi172.stdout:Mar 16 09:43:14 smithi172 ceph-mon[29227]: Saving service mgr spec with placement count:2
2024-03-16T09:43:14.460 INFO:journalctl@ceph.mon.smithi172.smithi172.stdout:Mar 16 09:43:14 smithi172 ceph-mon[29227]: from='mgr.14120 172.21.15.172:0/293855955' entity='mgr.smithi172.ybpmab'
2024-03-16T09:43:14.460 INFO:journalctl@ceph.mon.smithi172.smithi172.stdout:Mar 16 09:43:14 smithi172 ceph-mon[29227]: from='mgr.14120 172.21.15.172:0/293855955' entity='mgr.smithi172.ybpmab'
2024-03-16T09:43:14.579 INFO:teuthology.orchestra.run.smithi172.stdout:/usr/bin/ceph: stdout Scheduled mgr update...
2024-03-16T09:43:14.579 INFO:teuthology.orchestra.run.smithi172.stdout:/usr/bin/ceph: stderr
2024-03-16T09:43:12.948+0000 7f9f4a2b4700 1 Processor -- start
2024-03-16T09:43:14.580 INFO:teuthology.orchestra.run.smithi172.stdout:/usr/bin/ceph: stderr
2024-03-16T09:43:12.948+0000 7f9f4a2b4700 1 -- start start
2024-03-16T09:43:14.580 INFO:teuthology.orchestra.run.smithi172.stdout:/usr/bin/ceph: stderr
2024-03-16T09:43:12.948+0000 7f9f4a2b4700 1 --2- >> [v2:172.21.15.172:3300/0,v1:172.21.15.172:6789/0] conn(0x7f9f441015d0 0x7f9f441019e0 unknown :-1 s=NONE pgs=0 cs=0 l=0 rev1=0 crypto rx=0 tx=0 comp rx=0 tx=0).connect
2024-03-16T09:43:14.580 INFO:teuthology.orchestra.run.smithi172.stdout:/usr/bin/ceph: stderr
2024-03-16T09:43:12.948+0000 7f9f4a2b4700 1 -- --> [v2:172.21.15.172:3300/0,v1:172.21.15.172:6789/0] -- mon_getmap magic: 0 v1 -- 0x7f9f44101f20 con 0x7f9f441015d0
2024-03-16T09:43:14.580 INFO:teuthology.orchestra.run.smithi172.stdout:/usr/bin/ceph: stderr
2024-03-16T09:43:12.949+0000 7f9f43fff700 1 --2- >> [v2:172.21.15.172:3300/0,v1:172.21.15.172:6789/0] conn(0x7f9f441015d0 0x7f9f441019e0 unknown :-1 s=BANNER_CONNECTING pgs=0 cs=0 l=0 rev1=0 crypto rx=0 tx=0 comp rx=0 tx=0)._handle_peer_banner_payload supported=3 required=0
2024-03-16T09:43:14.580 INFO:teuthology.orchestra.run.smithi172.stdout:/usr/bin/ceph: stderr
2024-03-16T09:43:12.949+0000 7f9f43fff700 1 --2- >> [v2:172.21.15.172:3300/0,v1:172.21.15.172:6789/0] conn(0x7f9f441015d0 0x7f9f441019e0 unknown :-1 s=HELLO_CONNECTING pgs=0 cs=0 l=0 rev1=1 crypto rx=0 tx=0 comp rx=0 tx=0).handle_hello peer v2:172.21.15.172:3300/0 says I am v2:172.21.15.172:56806/0 (socket says 172.21.15.172:56806)
2024-03-16T09:43:14.580 INFO:teuthology.orchestra.run.smithi172.stdout:/usr/bin/ceph: stderr
2024-03-16T09:43:12.949+0000 7f9f43fff700 1 -- 172.21.15.172:0/4068382937 learned_addr learned my addr 172.21.15.172:0/4068382937 (peer_addr_for_me v2:172.21.15.172:0/0)
2024-03-16T09:43:14.580 INFO:teuthology.orchestra.run.smithi172.stdout:/usr/bin/ceph: stderr
2024-03-16T09:43:12.949+0000 7f9f43fff700 1 -- 172.21.15.172:0/4068382937 --> [v2:172.21.15.172:3300/0,v1:172.21.15.172:6789/0] -- mon_subscribe({config=0+,monmap=0+}) v3 -- 0x7f9f44102060 con 0x7f9f441015d0
2024-03-16T09:43:14.580 INFO:teuthology.orchestra.run.smithi172.stdout:/usr/bin/ceph: stderr
2024-03-16T09:43:12.949+0000 7f9f43fff700 1 --2- 172.21.15.172:0/4068382937 >> [v2:172.21.15.172:3300/0,v1:172.21.15.172:6789/0] conn(0x7f9f441015d0 0x7f9f441019e0 secure :-1 s=READY pgs=49 cs=0 l=1 rev1=1 crypto rx=0x7f9f340098e0 tx=0x7f9f34009250 comp rx=0 tx=0).ready entity=mon.0 client_cookie=34bec6705eb1a76c server_cookie=0 in_seq=0 out_seq=0
2024-03-16T09:43:14.580 INFO:teuthology.orchestra.run.smithi172.stdout:/usr/bin/ceph: stderr
2024-03-16T09:43:12.949+0000 7f9f42ffd700 1 -- 172.21.15.172:0/4068382937 <== mon.0 v2:172.21.15.172:3300/0 1 ==== mon_map magic: 0 v1 ==== 229+0+0 (secure 0 0 0) 0x7f9f3400b860 con 0x7f9f441015d0
2024-03-16T09:43:14.580 INFO:teuthology.orchestra.run.smithi172.stdout:/usr/bin/ceph: stderr
2024-03-16T09:43:12.949+0000 7f9f42ffd700 1 -- 172.21.15.172:0/4068382937 <== mon.0 v2:172.21.15.172:3300/0 2 ==== config(27 keys) v1 ==== 1044+0+0 (secure 0 0 0) 0x7f9f3400be50 con 0x7f9f441015d0
2024-03-16T09:43:14.580 INFO:teuthology.orchestra.run.smithi172.stdout:/usr/bin/ceph: stderr
2024-03-16T09:43:12.949+0000 7f9f42ffd700 1 -- 172.21.15.172:0/4068382937 <== mon.0 v2:172.21.15.172:3300/0 3 ==== mon_map magic: 0 v1 ==== 229+0+0 (secure 0 0 0) 0x7f9f34010380 con 0x7f9f441015d0
2024-03-16T09:43:14.580 INFO:teuthology.orchestra.run.smithi172.stdout:/usr/bin/ceph: stderr
2024-03-16T09:43:12.950+0000 7f9f4a2b4700 1 -- 172.21.15.172:0/4068382937 >> [v2:172.21.15.172:3300/0,v1:172.21.15.172:6789/0] conn(0x7f9f441015d0 msgr2=0x7f9f441019e0 secure :-1 s=STATE_CONNECTION_ESTABLISHED l=1).mark_down
2024-03-16T09:43:14.580 INFO:teuthology.orchestra.run.smithi172.stdout:/usr/bin/ceph: stderr
2024-03-16T09:43:12.950+0000 7f9f4a2b4700 1 --2- 172.21.15.172:0/4068382937 >> [v2:172.21.15.172:3300/0,v1:172.21.15.172:6789/0] conn(0x7f9f441015d0 0x7f9f441019e0 secure :-1 s=READY pgs=49 cs=0 l=1 rev1=1 crypto rx=0x7f9f340098e0 tx=0x7f9f34009250 comp rx=0 tx=0).stop
2024-03-16T09:43:14.580 INFO:teuthology.orchestra.run.smithi172.stdout:/usr/bin/ceph: stderr
2024-03-16T09:43:12.950+0000 7f9f4a2b4700 1 -- 172.21.15.172:0/4068382937 shutdown_connections
2024-03-16T09:43:14.580 INFO:teuthology.orchestra.run.smithi172.stdout:/usr/bin/ceph: stderr
2024-03-16T09:43:12.950+0000 7f9f4a2b4700 1 --2- 172.21.15.172:0/4068382937 >> [v2:172.21.15.172:3300/0,v1:172.21.15.172:6789/0] conn(0x7f9f441015d0 0x7f9f441019e0 unknown :-1 s=CLOSED pgs=49 cs=0 l=1 rev1=1 crypto rx=0 tx=0 comp rx=0 tx=0).stop
2024-03-16T09:43:14.581 INFO:teuthology.orchestra.run.smithi172.stdout:/usr/bin/ceph: stderr
2024-03-16T09:43:12.950+0000 7f9f4a2b4700 1 -- 172.21.15.172:0/4068382937 >> 172.21.15.172:0/4068382937 conn(0x7f9f440fcd50 msgr2=0x7f9f440ff160 unknown :-1 s=STATE_NONE l=0).mark_down
2024-03-16T09:43:14.581 INFO:teuthology.orchestra.run.smithi172.stdout:/usr/bin/ceph: stderr
2024-03-16T09:43:12.950+0000 7f9f4a2b4700 1 -- 172.21.15.172:0/4068382937 shutdown_connections
2024-03-16T09:43:14.581 INFO:teuthology.orchestra.run.smithi172.stdout:/usr/bin/ceph: stderr
2024-03-16T09:43:12.950+0000 7f9f4a2b4700 1 -- 172.21.15.172:0/4068382937 wait complete.
2024-03-16T09:43:14.581 INFO:teuthology.orchestra.run.smithi172.stdout:/usr/bin/ceph: stderr
2024-03-16T09:43:12.951+0000 7f9f4a2b4700 1 Processor -- start
2024-03-16T09:43:14.581 INFO:teuthology.orchestra.run.smithi172.stdout:/usr/bin/ceph: stderr
2024-03-16T09:43:12.951+0000 7f9f4a2b4700 1 -- start start
2024-03-16T09:43:14.581 INFO:teuthology.orchestra.run.smithi172.stdout:/usr/bin/ceph: stderr
2024-03-16T09:43:12.951+0000 7f9f4a2b4700 1 --2- >> [v2:172.21.15.172:3300/0,v1:172.21.15.172:6789/0] conn(0x7f9f441015d0 0x7f9f441115e0 unknown :-1 s=NONE pgs=0 cs=0 l=1 rev1=0 crypto rx=0 tx=0 comp rx=0 tx=0).connect
2024-03-16T09:43:14.581 INFO:teuthology.orchestra.run.smithi172.stdout:/usr/bin/ceph: stderr
2024-03-16T09:43:12.951+0000 7f9f4a2b4700 1 -- --> [v2:172.21.15.172:3300/0,v1:172.21.15.172:6789/0] -- mon_getmap magic: 0 v1 -- 0x7f9f44111b20 con 0x7f9f441015d0
2024-03-16T09:43:14.581 INFO:teuthology.orchestra.run.smithi172.stdout:/usr/bin/ceph: stderr
2024-03-16T09:43:12.951+0000 7f9f43fff700 1 --2- >> [v2:172.21.15.172:3300/0,v1:172.21.15.172:6789/0] conn(0x7f9f441015d0 0x7f9f441115e0 unknown :-1 s=BANNER_CONNECTING pgs=0 cs=0 l=1 rev1=0 crypto rx=0 tx=0 comp rx=0 tx=0)._handle_peer_banner_payload supported=3 required=0
2024-03-16T09:43:14.581 INFO:teuthology.orchestra.run.smithi172.stdout:/usr/bin/ceph: stderr
2024-03-16T09:43:12.951+0000 7f9f43fff700 1 --2- >> [v2:172.21.15.172:3300/0,v1:172.21.15.172:6789/0] conn(0x7f9f441015d0 0x7f9f441115e0 unknown :-1 s=HELLO_CONNECTING pgs=0 cs=0 l=1 rev1=1 crypto rx=0 tx=0 comp rx=0 tx=0).handle_hello peer v2:172.21.15.172:3300/0 says I am v2:172.21.15.172:56816/0 (socket says 172.21.15.172:56816)
2024-03-16T09:43:14.581 INFO:teuthology.orchestra.run.smithi172.stdout:/usr/bin/ceph: stderr
2024-03-16T09:43:12.951+0000 7f9f43fff700 1 -- 172.21.15.172:0/3744341836 learned_addr learned my addr 172.21.15.172:0/3744341836 (peer_addr_for_me v2:172.21.15.172:0/0)
2024-03-16T09:43:14.581 INFO:teuthology.orchestra.run.smithi172.stdout:/usr/bin/ceph: stderr
2024-03-16T09:43:12.951+0000 7f9f43fff700 1 -- 172.21.15.172:0/3744341836 --> [v2:172.21.15.172:3300/0,v1:172.21.15.172:6789/0] -- mon_subscribe({config=0+,monmap=0+}) v3 -- 0x7f9f340094f0 con 0x7f9f441015d0
2024-03-16T09:43:14.581 INFO:teuthology.orchestra.run.smithi172.stdout:/usr/bin/ceph: stderr
2024-03-16T09:43:12.951+0000 7f9f43fff700 1 --2- 172.21.15.172:0/3744341836 >> [v2:172.21.15.172:3300/0,v1:172.21.15.172:6789/0] conn(0x7f9f441015d0 0x7f9f441115e0 secure :-1 s=READY pgs=50 cs=0 l=1 rev1=1 crypto rx=0x7f9f34006b00 tx=0x7f9f34009250 comp rx=0 tx=0).ready entity=mon.0 client_cookie=0 server_cookie=0 in_seq=0 out_seq=0
2024-03-16T09:43:14.581 INFO:teuthology.orchestra.run.smithi172.stdout:/usr/bin/ceph: stderr
2024-03-16T09:43:12.952+0000 7f9f40ff9700 1 -- 172.21.15.172:0/3744341836 <== mon.0 v2:172.21.15.172:3300/0 1 ==== mon_map magic: 0 v1 ==== 229+0+0 (secure 0 0 0) 0x7f9f34010760 con 0x7f9f441015d0
2024-03-16T09:43:14.581 INFO:teuthology.orchestra.run.smithi172.stdout:/usr/bin/ceph: stderr
2024-03-16T09:43:12.952+0000 7f9f40ff9700 1 -- 172.21.15.172:0/3744341836 <== mon.0 v2:172.21.15.172:3300/0 2 ==== config(27 keys) v1 ==== 1044+0+0 (secure 0 0 0) 0x7f9f34010d50 con 0x7f9f441015d0
2024-03-16T09:43:14.581 INFO:teuthology.orchestra.run.smithi172.stdout:/usr/bin/ceph: stderr
2024-03-16T09:43:12.952+0000 7f9f40ff9700 1 -- 172.21.15.172:0/3744341836 <== mon.0 v2:172.21.15.172:3300/0 3 ==== mon_map magic: 0 v1 ==== 229+0+0 (secure 0 0 0) 0x7f9f3401ad40 con 0x7f9f441015d0
2024-03-16T09:43:14.581 INFO:teuthology.orchestra.run.smithi172.stdout:/usr/bin/ceph: stderr
2024-03-16T09:43:12.952+0000 7f9f4a2b4700 1 -- 172.21.15.172:0/3744341836 --> [v2:172.21.15.172:3300/0,v1:172.21.15.172:6789/0] -- mon_subscribe({mgrmap=0+}) v3 -- 0x7f9f44111d20 con 0x7f9f441015d0
2024-03-16T09:43:14.582 INFO:teuthology.orchestra.run.smithi172.stdout:/usr/bin/ceph: stderr
2024-03-16T09:43:12.952+0000 7f9f4a2b4700 1 -- 172.21.15.172:0/3744341836 --> [v2:172.21.15.172:3300/0,v1:172.21.15.172:6789/0] -- mon_subscribe({osdmap=0}) v3 -- 0x7f9f44112890 con 0x7f9f441015d0
2024-03-16T09:43:14.582 INFO:teuthology.orchestra.run.smithi172.stdout:/usr/bin/ceph: stderr
2024-03-16T09:43:12.953+0000 7f9f40ff9700 1 -- 172.21.15.172:0/3744341836 <== mon.0 v2:172.21.15.172:3300/0 4 ==== mgrmap(e 8) v1 ==== 43368+0+0 (secure 0 0 0) 0x7f9f3402e440 con 0x7f9f441015d0
2024-03-16T09:43:14.582 INFO:teuthology.orchestra.run.smithi172.stdout:/usr/bin/ceph: stderr
2024-03-16T09:43:12.953+0000 7f9f40ff9700 1 --2- 172.21.15.172:0/3744341836 >> [v2:172.21.15.172:6800/1667238040,v1:172.21.15.172:6801/1667238040] conn(0x7f9f2c0367e0 0x7f9f2c038c90 unknown :-1 s=NONE pgs=0 cs=0 l=1 rev1=0 crypto rx=0 tx=0 comp rx=0 tx=0).connect
2024-03-16T09:43:14.582 INFO:teuthology.orchestra.run.smithi172.stdout:/usr/bin/ceph: stderr
2024-03-16T09:43:12.953+0000 7f9f40ff9700 1 -- 172.21.15.172:0/3744341836 <== mon.0 v2:172.21.15.172:3300/0 5 ==== osd_map(2..2 src has 1..2) v4 ==== 936+0+0 (secure 0 0 0) 0x7f9f3404a580 con 0x7f9f441015d0
2024-03-16T09:43:14.582 INFO:teuthology.orchestra.run.smithi172.stdout:/usr/bin/ceph: stderr
2024-03-16T09:43:12.953+0000 7f9f437fe700 1 --2- 172.21.15.172:0/3744341836 >> [v2:172.21.15.172:6800/1667238040,v1:172.21.15.172:6801/1667238040] conn(0x7f9f2c0367e0 0x7f9f2c038c90 unknown :-1 s=BANNER_CONNECTING pgs=0 cs=0 l=1 rev1=0 crypto rx=0 tx=0 comp rx=0 tx=0)._handle_peer_banner_payload supported=3 required=0
2024-03-16T09:43:14.582 INFO:teuthology.orchestra.run.smithi172.stdout:/usr/bin/ceph: stderr
2024-03-16T09:43:12.953+0000 7f9f4a2b4700 1 -- 172.21.15.172:0/3744341836 --> [v2:172.21.15.172:3300/0,v1:172.21.15.172:6789/0] -- mon_command({"prefix": "get_command_descriptions"} v 0) v1 -- 0x7f9f4404bed0 con 0x7f9f441015d0
2024-03-16T09:43:14.582 INFO:teuthology.orchestra.run.smithi172.stdout:/usr/bin/ceph: stderr
2024-03-16T09:43:12.953+0000 7f9f437fe700 1 --2- 172.21.15.172:0/3744341836 >> [v2:172.21.15.172:6800/1667238040,v1:172.21.15.172:6801/1667238040] conn(0x7f9f2c0367e0 0x7f9f2c038c90 secure :-1 s=READY pgs=13 cs=0 l=1 rev1=1 crypto rx=0x7f9f38009990 tx=0x7f9f38006e40 comp rx=0 tx=0).ready entity=mgr.14120 client_cookie=0 server_cookie=0 in_seq=0 out_seq=0
2024-03-16T09:43:14.582 INFO:teuthology.orchestra.run.smithi172.stdout:/usr/bin/ceph: stderr
2024-03-16T09:43:12.958+0000 7f9f40ff9700 1 -- 172.21.15.172:0/3744341836 <== mon.0 v2:172.21.15.172:3300/0 6 ==== mon_command_ack([{"prefix": "get_command_descriptions"}]=0 v0) v1 ==== 72+0+175445 (secure 0 0 0) 0x7f9f34018940 con 0x7f9f441015d0
2024-03-16T09:43:14.582 INFO:teuthology.orchestra.run.smithi172.stdout:/usr/bin/ceph: stderr
2024-03-16T09:43:13.157+0000 7f9f4a2b4700 1 -- 172.21.15.172:0/3744341836 --> [v2:172.21.15.172:6800/1667238040,v1:172.21.15.172:6801/1667238040] -- mgr_command(tid 0: {"prefix": "orch apply", "service_type": "mgr", "target": ["mon-mgr", ""]}) v1 -- 0x7f9f440fe080 con 0x7f9f2c0367e0
2024-03-16T09:43:14.582 INFO:teuthology.orchestra.run.smithi172.stdout:/usr/bin/ceph: stderr
2024-03-16T09:43:13.164+0000 7f9f40ff9700 1 -- 172.21.15.172:0/3744341836 <== mgr.14120 v2:172.21.15.172:6800/1667238040 1 ==== mgr_command_reply(tid 0: 0 ) v1 ==== 8+0+24 (secure 0 0 0) 0x7f9f440fe080 con 0x7f9f2c0367e0
2024-03-16T09:43:14.582 INFO:teuthology.orchestra.run.smithi172.stdout:/usr/bin/ceph: stderr
2024-03-16T09:43:13.166+0000 7f9f4a2b4700 1 -- 172.21.15.172:0/3744341836 >> [v2:172.21.15.172:6800/1667238040,v1:172.21.15.172:6801/1667238040] conn(0x7f9f2c0367e0 msgr2=0x7f9f2c038c90 secure :-1 s=STATE_CONNECTION_ESTABLISHED l=1).mark_down
2024-03-16T09:43:14.582 INFO:teuthology.orchestra.run.smithi172.stdout:/usr/bin/ceph: stderr
2024-03-16T09:43:13.166+0000 7f9f4a2b4700 1 --2- 172.21.15.172:0/3744341836 >> [v2:172.21.15.172:6800/1667238040,v1:172.21.15.172:6801/1667238040] conn(0x7f9f2c0367e0 0x7f9f2c038c90 secure :-1 s=READY pgs=13 cs=0 l=1 rev1=1 crypto rx=0x7f9f38009990 tx=0x7f9f38006e40 comp rx=0 tx=0).stop
2024-03-16T09:43:14.582 INFO:teuthology.orchestra.run.smithi172.stdout:/usr/bin/ceph: stderr
2024-03-16T09:43:13.166+0000 7f9f4a2b4700 1 -- 172.21.15.172:0/3744341836 >> [v2:172.21.15.172:3300/0,v1:172.21.15.172:6789/0] conn(0x7f9f441015d0 msgr2=0x7f9f441115e0 secure :-1 s=STATE_CONNECTION_ESTABLISHED l=1).mark_down
2024-03-16T09:43:14.582 INFO:teuthology.orchestra.run.smithi172.stdout:/usr/bin/ceph: stderr
2024-03-16T09:43:13.166+0000 7f9f4a2b4700 1 --2- 172.21.15.172:0/3744341836 >> [v2:172.21.15.172:3300/0,v1:172.21.15.172:6789/0] conn(0x7f9f441015d0 0x7f9f441115e0 secure :-1 s=READY pgs=50 cs=0 l=1 rev1=1 crypto rx=0x7f9f34006b00 tx=0x7f9f34009250 comp rx=0 tx=0).stop
2024-03-16T09:43:14.583 INFO:teuthology.orchestra.run.smithi172.stdout:/usr/bin/ceph: stderr
2024-03-16T09:43:13.166+0000 7f9f4a2b4700 1 -- 172.21.15.172:0/3744341836 shutdown_connections
2024-03-16T09:43:14.583 INFO:teuthology.orchestra.run.smithi172.stdout:/usr/bin/ceph: stderr
2024-03-16T09:43:13.166+0000 7f9f4a2b4700 1 --2- 172.21.15.172:0/3744341836 >> [v2:172.21.15.172:6800/1667238040,v1:172.21.15.172:6801/1667238040] conn(0x7f9f2c0367e0 0x7f9f2c038c90 unknown :-1 s=CLOSED pgs=13 cs=0 l=1 rev1=1 crypto rx=0 tx=0 comp rx=0 tx=0).stop
2024-03-16T09:43:14.583 INFO:teuthology.orchestra.run.smithi172.stdout:/usr/bin/ceph: stderr
2024-03-16T09:43:13.166+0000 7f9f4a2b4700 1 --2- 172.21.15.172:0/3744341836 >> [v2:172.21.15.172:3300/0,v1:172.21.15.172:6789/0] conn(0x7f9f441015d0 0x7f9f441115e0 unknown :-1 s=CLOSED pgs=50 cs=0 l=1 rev1=1 crypto rx=0 tx=0 comp rx=0 tx=0).stop
2024-03-16T09:43:14.583 INFO:teuthology.orchestra.run.smithi172.stdout:/usr/bin/ceph: stderr
2024-03-16T09:43:13.166+0000 7f9f4a2b4700 1 -- 172.21.15.172:0/3744341836 >> 172.21.15.172:0/3744341836 conn(0x7f9f440fcd50 msgr2=0x7f9f440fd8b0 unknown :-1 s=STATE_NONE l=0).mark_down
2024-03-16T09:43:14.583 INFO:teuthology.orchestra.run.smithi172.stdout:/usr/bin/ceph: stderr
2024-03-16T09:43:13.166+0000 7f9f4a2b4700 1 -- 172.21.15.172:0/3744341836 shutdown_connections
2024-03-16T09:43:14.583 INFO:teuthology.orchestra.run.smithi172.stdout:/usr/bin/ceph: stderr
2024-03-16T09:43:13.166+0000 7f9f4a2b4700 1 -- 172.21.15.172:0/3744341836 wait complete.
2024-03-16T09:43:14.583 INFO:teuthology.orchestra.run.smithi172.stdout:Deploying crash service with default placement...
2024-03-16T09:43:15.906 INFO:journalctl@ceph.mon.smithi172.smithi172.stdout:Mar 16 09:43:15 smithi172 ceph-mon[29227]: from='mgr.14120 172.21.15.172:0/293855955' entity='mgr.smithi172.ybpmab'
2024-03-16T09:43:15.906 INFO:journalctl@ceph.mon.smithi172.smithi172.stdout:Mar 16 09:43:15 smithi172 ceph-mon[29227]: from='mgr.14120 172.21.15.172:0/293855955' entity='mgr.smithi172.ybpmab'
2024-03-16T09:43:16.402 INFO:teuthology.orchestra.run.smithi172.stdout:/usr/bin/ceph: stdout Scheduled crash update...
2024-03-16T09:43:16.402 INFO:teuthology.orchestra.run.smithi172.stdout:/usr/bin/ceph: stderr
2024-03-16T09:43:15.011+0000 7f6ae4c50700 1 Processor -- start
2024-03-16T09:43:16.403 INFO:teuthology.orchestra.run.smithi172.stdout:/usr/bin/ceph: stderr
2024-03-16T09:43:15.011+0000 7f6ae4c50700 1 -- start start
2024-03-16T09:43:16.403 INFO:teuthology.orchestra.run.smithi172.stdout:/usr/bin/ceph: stderr
2024-03-16T09:43:15.011+0000 7f6ae4c50700 1 --2- >> [v2:172.21.15.172:3300/0,v1:172.21.15.172:6789/0] conn(0x7f6ae0102d50 0x7f6ae0103160 unknown :-1 s=NONE pgs=0 cs=0 l=0 rev1=0 crypto rx=0 tx=0 comp rx=0 tx=0).connect
2024-03-16T09:43:16.403 INFO:teuthology.orchestra.run.smithi172.stdout:/usr/bin/ceph: stderr
2024-03-16T09:43:15.011+0000 7f6ae4c50700 1 -- --> [v2:172.21.15.172:3300/0,v1:172.21.15.172:6789/0] -- mon_getmap magic: 0 v1 -- 0x7f6ae0063d20 con 0x7f6ae0102d50
2024-03-16T09:43:16.403 INFO:teuthology.orchestra.run.smithi172.stdout:/usr/bin/ceph: stderr
2024-03-16T09:43:15.012+0000 7f6ade59c700 1 --2- >> [v2:172.21.15.172:3300/0,v1:172.21.15.172:6789/0] conn(0x7f6ae0102d50 0x7f6ae0103160 unknown :-1 s=BANNER_CONNECTING pgs=0 cs=0 l=0 rev1=0 crypto rx=0 tx=0 comp rx=0 tx=0)._handle_peer_banner_payload supported=3 required=0
2024-03-16T09:43:16.403 INFO:teuthology.orchestra.run.smithi172.stdout:/usr/bin/ceph: stderr
2024-03-16T09:43:15.012+0000 7f6ade59c700 1 --2- >> [v2:172.21.15.172:3300/0,v1:172.21.15.172:6789/0] conn(0x7f6ae0102d50 0x7f6ae0103160 unknown :-1 s=HELLO_CONNECTING pgs=0 cs=0 l=0 rev1=1 crypto rx=0 tx=0 comp rx=0 tx=0).handle_hello peer v2:172.21.15.172:3300/0 says I am v2:172.21.15.172:56826/0 (socket says 172.21.15.172:56826)
2024-03-16T09:43:16.403 INFO:teuthology.orchestra.run.smithi172.stdout:/usr/bin/ceph: stderr
2024-03-16T09:43:15.012+0000 7f6ade59c700 1 -- 172.21.15.172:0/1154628656 learned_addr learned my addr 172.21.15.172:0/1154628656 (peer_addr_for_me v2:172.21.15.172:0/0)
2024-03-16T09:43:16.403 INFO:teuthology.orchestra.run.smithi172.stdout:/usr/bin/ceph: stderr
2024-03-16T09:43:15.012+0000 7f6ade59c700 1 -- 172.21.15.172:0/1154628656 --> [v2:172.21.15.172:3300/0,v1:172.21.15.172:6789/0] -- mon_subscribe({config=0+,monmap=0+}) v3 -- 0x7f6ae01036a0 con 0x7f6ae0102d50
2024-03-16T09:43:16.403 INFO:teuthology.orchestra.run.smithi172.stdout:/usr/bin/ceph: stderr
2024-03-16T09:43:15.012+0000 7f6ade59c700 1 --2- 172.21.15.172:0/1154628656 >> [v2:172.21.15.172:3300/0,v1:172.21.15.172:6789/0] conn(0x7f6ae0102d50 0x7f6ae0103160 secure :-1 s=READY pgs=51 cs=0 l=1 rev1=1 crypto rx=0x7f6ad8009e50 tx=0x7f6ad8009840 comp rx=0 tx=0).ready entity=mon.0 client_cookie=d6cd681e33ab2124 server_cookie=0 in_seq=0 out_seq=0
2024-03-16T09:43:16.403 INFO:teuthology.orchestra.run.smithi172.stdout:/usr/bin/ceph: stderr
2024-03-16T09:43:15.012+0000 7f6add59a700 1 -- 172.21.15.172:0/1154628656 <== mon.0 v2:172.21.15.172:3300/0 1 ==== mon_map magic: 0 v1 ==== 229+0+0 (secure 0 0 0) 0x7f6ad80092e0 con 0x7f6ae0102d50
2024-03-16T09:43:16.403 INFO:teuthology.orchestra.run.smithi172.stdout:/usr/bin/ceph: stderr
2024-03-16T09:43:15.013+0000 7f6add59a700 1 -- 172.21.15.172:0/1154628656 <== mon.0 v2:172.21.15.172:3300/0 2 ==== config(27 keys) v1 ==== 1109+0+0 (secure 0 0 0) 0x7f6ad8012430 con 0x7f6ae0102d50
2024-03-16T09:43:16.403 INFO:teuthology.orchestra.run.smithi172.stdout:/usr/bin/ceph: stderr
2024-03-16T09:43:15.013+0000 7f6add59a700 1 -- 172.21.15.172:0/1154628656 <== mon.0 v2:172.21.15.172:3300/0 3 ==== mon_map magic: 0 v1 ==== 229+0+0 (secure 0 0 0) 0x7f6ad80075a0 con 0x7f6ae0102d50
2024-03-16T09:43:16.403 INFO:teuthology.orchestra.run.smithi172.stdout:/usr/bin/ceph: stderr
2024-03-16T09:43:15.013+0000 7f6ae4c50700 1 -- 172.21.15.172:0/1154628656 >> [v2:172.21.15.172:3300/0,v1:172.21.15.172:6789/0] conn(0x7f6ae0102d50 msgr2=0x7f6ae0103160 secure :-1 s=STATE_CONNECTION_ESTABLISHED l=1).mark_down
2024-03-16T09:43:16.403 INFO:teuthology.orchestra.run.smithi172.stdout:/usr/bin/ceph: stderr
2024-03-16T09:43:15.013+0000 7f6ae4c50700 1 --2- 172.21.15.172:0/1154628656 >> [v2:172.21.15.172:3300/0,v1:172.21.15.172:6789/0] conn(0x7f6ae0102d50 0x7f6ae0103160 secure :-1 s=READY pgs=51 cs=0 l=1 rev1=1 crypto rx=0x7f6ad8009e50 tx=0x7f6ad8009840 comp rx=0 tx=0).stop
2024-03-16T09:43:16.404 INFO:teuthology.orchestra.run.smithi172.stdout:/usr/bin/ceph: stderr
2024-03-16T09:43:15.013+0000 7f6ae4c50700 1 -- 172.21.15.172:0/1154628656 shutdown_connections
2024-03-16T09:43:16.404 INFO:teuthology.orchestra.run.smithi172.stdout:/usr/bin/ceph: stderr
2024-03-16T09:43:15.013+0000 7f6ae4c50700 1 --2- 172.21.15.172:0/1154628656 >> [v2:172.21.15.172:3300/0,v1:172.21.15.172:6789/0] conn(0x7f6ae0102d50 0x7f6ae0103160 unknown :-1 s=CLOSED pgs=51 cs=0 l=1 rev1=1 crypto rx=0 tx=0 comp rx=0 tx=0).stop
2024-03-16T09:43:16.404 INFO:teuthology.orchestra.run.smithi172.stdout:/usr/bin/ceph: stderr
2024-03-16T09:43:15.013+0000 7f6ae4c50700 1 -- 172.21.15.172:0/1154628656 >> 172.21.15.172:0/1154628656 conn(0x7f6ae00fc500 msgr2=0x7f6ae00fe910 unknown :-1 s=STATE_NONE l=0).mark_down
2024-03-16T09:43:16.404 INFO:teuthology.orchestra.run.smithi172.stdout:/usr/bin/ceph: stderr
2024-03-16T09:43:15.014+0000 7f6ae4c50700 1 -- 172.21.15.172:0/1154628656 shutdown_connections
2024-03-16T09:43:16.404 INFO:teuthology.orchestra.run.smithi172.stdout:/usr/bin/ceph: stderr
2024-03-16T09:43:15.014+0000 7f6ae4c50700 1 -- 172.21.15.172:0/1154628656 wait complete.
2024-03-16T09:43:16.404 INFO:teuthology.orchestra.run.smithi172.stdout:/usr/bin/ceph: stderr
2024-03-16T09:43:15.014+0000 7f6ae4c50700 1 Processor -- start
2024-03-16T09:43:16.404 INFO:teuthology.orchestra.run.smithi172.stdout:/usr/bin/ceph: stderr
2024-03-16T09:43:15.014+0000 7f6ae4c50700 1 -- start start
2024-03-16T09:43:16.404 INFO:teuthology.orchestra.run.smithi172.stdout:/usr/bin/ceph: stderr
2024-03-16T09:43:15.014+0000 7f6ae4c50700 1 --2- >> [v2:172.21.15.172:3300/0,v1:172.21.15.172:6789/0] conn(0x7f6ae0102d50 0x7f6ae01137d0 unknown :-1 s=NONE pgs=0 cs=0 l=1 rev1=0 crypto rx=0 tx=0 comp rx=0 tx=0).connect
2024-03-16T09:43:16.404 INFO:teuthology.orchestra.run.smithi172.stdout:/usr/bin/ceph: stderr
2024-03-16T09:43:15.014+0000 7f6ae4c50700 1 -- --> [v2:172.21.15.172:3300/0,v1:172.21.15.172:6789/0] -- mon_getmap magic: 0 v1 -- 0x7f6ae0113d10 con 0x7f6ae0102d50
2024-03-16T09:43:16.404 INFO:teuthology.orchestra.run.smithi172.stdout:/usr/bin/ceph: stderr
2024-03-16T09:43:15.014+0000 7f6ade59c700 1 --2- >> [v2:172.21.15.172:3300/0,v1:172.21.15.172:6789/0] conn(0x7f6ae0102d50 0x7f6ae01137d0 unknown :-1 s=BANNER_CONNECTING pgs=0 cs=0 l=1 rev1=0 crypto rx=0 tx=0 comp rx=0 tx=0)._handle_peer_banner_payload supported=3 required=0
2024-03-16T09:43:16.404 INFO:teuthology.orchestra.run.smithi172.stdout:/usr/bin/ceph: stderr
2024-03-16T09:43:15.014+0000 7f6ade59c700 1 --2- >> [v2:172.21.15.172:3300/0,v1:172.21.15.172:6789/0] conn(0x7f6ae0102d50 0x7f6ae01137d0 unknown :-1 s=HELLO_CONNECTING pgs=0 cs=0 l=1 rev1=1 crypto rx=0 tx=0 comp rx=0 tx=0).handle_hello peer v2:172.21.15.172:3300/0 says I am v2:172.21.15.172:56842/0 (socket says 172.21.15.172:56842)
2024-03-16T09:43:16.404 INFO:teuthology.orchestra.run.smithi172.stdout:/usr/bin/ceph: stderr
2024-03-16T09:43:15.014+0000 7f6ade59c700 1 -- 172.21.15.172:0/3982447391 learned_addr learned my addr 172.21.15.172:0/3982447391 (peer_addr_for_me v2:172.21.15.172:0/0)
2024-03-16T09:43:16.404 INFO:teuthology.orchestra.run.smithi172.stdout:/usr/bin/ceph: stderr
2024-03-16T09:43:15.015+0000 7f6ade59c700 1 -- 172.21.15.172:0/3982447391 --> [v2:172.21.15.172:3300/0,v1:172.21.15.172:6789/0] -- mon_subscribe({config=0+,monmap=0+}) v3 -- 0x7f6ad8009ae0 con 0x7f6ae0102d50
2024-03-16T09:43:16.404 INFO:teuthology.orchestra.run.smithi172.stdout:/usr/bin/ceph: stderr
2024-03-16T09:43:15.015+0000 7f6ade59c700 1 --2- 172.21.15.172:0/3982447391 >> [v2:172.21.15.172:3300/0,v1:172.21.15.172:6789/0] conn(0x7f6ae0102d50 0x7f6ae01137d0 secure :-1 s=READY pgs=52 cs=0 l=1 rev1=1 crypto rx=0x7f6ad800bc50 tx=0x7f6ad8009840 comp rx=0 tx=0).ready entity=mon.0 client_cookie=0 server_cookie=0 in_seq=0 out_seq=0
2024-03-16T09:43:16.404 INFO:teuthology.orchestra.run.smithi172.stdout:/usr/bin/ceph: stderr
2024-03-16T09:43:15.015+0000 7f6ad6ffd700 1 -- 172.21.15.172:0/3982447391 <== mon.0 v2:172.21.15.172:3300/0 1 ==== mon_map magic: 0 v1 ==== 229+0+0 (secure 0 0 0) 0x7f6ad80092e0 con 0x7f6ae0102d50
2024-03-16T09:43:16.405 INFO:teuthology.orchestra.run.smithi172.stdout:/usr/bin/ceph: stderr
2024-03-16T09:43:15.015+0000 7f6ae4c50700 1 -- 172.21.15.172:0/3982447391 --> [v2:172.21.15.172:3300/0,v1:172.21.15.172:6789/0] -- mon_subscribe({mgrmap=0+}) v3 -- 0x7f6ae0113f10 con 0x7f6ae0102d50
2024-03-16T09:43:16.405 INFO:teuthology.orchestra.run.smithi172.stdout:/usr/bin/ceph: stderr
2024-03-16T09:43:15.015+0000 7f6ad6ffd700 1 -- 172.21.15.172:0/3982447391 <== mon.0 v2:172.21.15.172:3300/0 2 ==== config(27 keys) v1 ==== 1109+0+0 (secure 0 0 0) 0x7f6ad8007d30 con 0x7f6ae0102d50
2024-03-16T09:43:16.405 INFO:teuthology.orchestra.run.smithi172.stdout:/usr/bin/ceph: stderr
2024-03-16T09:43:15.015+0000 7f6ad6ffd700 1 -- 172.21.15.172:0/3982447391 <== mon.0 v2:172.21.15.172:3300/0 3 ==== mon_map magic: 0 v1 ==== 229+0+0 (secure 0 0 0) 0x7f6ad8025910 con 0x7f6ae0102d50
2024-03-16T09:43:16.405 INFO:teuthology.orchestra.run.smithi172.stdout:/usr/bin/ceph: stderr
2024-03-16T09:43:15.015+0000 7f6ae4c50700 1 -- 172.21.15.172:0/3982447391 --> [v2:172.21.15.172:3300/0,v1:172.21.15.172:6789/0] -- mon_subscribe({osdmap=0}) v3 -- 0x7f6ae0114a80 con 0x7f6ae0102d50
2024-03-16T09:43:16.405 INFO:teuthology.orchestra.run.smithi172.stdout:/usr/bin/ceph: stderr
2024-03-16T09:43:15.016+0000 7f6ad6ffd700 1 -- 172.21.15.172:0/3982447391 <== mon.0 v2:172.21.15.172:3300/0 4 ==== mgrmap(e 8) v1 ==== 43368+0+0 (secure 0 0 0) 0x7f6ad8019050 con 0x7f6ae0102d50
2024-03-16T09:43:16.405 INFO:teuthology.orchestra.run.smithi172.stdout:/usr/bin/ceph: stderr
2024-03-16T09:43:15.016+0000 7f6ad6ffd700 1 --2- 172.21.15.172:0/3982447391 >> [v2:172.21.15.172:6800/1667238040,v1:172.21.15.172:6801/1667238040] conn(0x7f6acc0367e0 0x7f6acc038c90 unknown :-1 s=NONE pgs=0 cs=0 l=1 rev1=0 crypto rx=0 tx=0 comp rx=0 tx=0).connect
2024-03-16T09:43:16.405 INFO:teuthology.orchestra.run.smithi172.stdout:/usr/bin/ceph: stderr
2024-03-16T09:43:15.016+0000 7f6ad6ffd700 1 -- 172.21.15.172:0/3982447391 <== mon.0 v2:172.21.15.172:3300/0 5 ==== osd_map(2..2 src has 1..2) v4 ==== 936+0+0 (secure 0 0 0) 0x7f6ad804af60 con 0x7f6ae0102d50
2024-03-16T09:43:16.405 INFO:teuthology.orchestra.run.smithi172.stdout:/usr/bin/ceph: stderr
2024-03-16T09:43:15.016+0000 7f6ae4c50700 1 -- 172.21.15.172:0/3982447391 --> [v2:172.21.15.172:3300/0,v1:172.21.15.172:6789/0] -- mon_command({"prefix": "get_command_descriptions"} v 0) v1 -- 0x7f6ae005f5f0 con 0x7f6ae0102d50
2024-03-16T09:43:16.405 INFO:teuthology.orchestra.run.smithi172.stdout:/usr/bin/ceph: stderr
2024-03-16T09:43:15.016+0000 7f6addd9b700 1 --2- 172.21.15.172:0/3982447391 >> [v2:172.21.15.172:6800/1667238040,v1:172.21.15.172:6801/1667238040] conn(0x7f6acc0367e0 0x7f6acc038c90 unknown :-1 s=BANNER_CONNECTING pgs=0 cs=0 l=1 rev1=0 crypto rx=0 tx=0 comp rx=0 tx=0)._handle_peer_banner_payload supported=3 required=0
2024-03-16T09:43:16.405 INFO:teuthology.orchestra.run.smithi172.stdout:/usr/bin/ceph: stderr
2024-03-16T09:43:15.017+0000 7f6addd9b700 1 --2- 172.21.15.172:0/3982447391 >> [v2:172.21.15.172:6800/1667238040,v1:172.21.15.172:6801/1667238040] conn(0x7f6acc0367e0 0x7f6acc038c90 secure :-1 s=READY pgs=14 cs=0 l=1 rev1=1 crypto rx=0x7f6ac8009990 tx=0x7f6ac8006e40 comp rx=0 tx=0).ready entity=mgr.14120 client_cookie=0 server_cookie=0 in_seq=0 out_seq=0
2024-03-16T09:43:16.405 INFO:teuthology.orchestra.run.smithi172.stdout:/usr/bin/ceph: stderr
2024-03-16T09:43:15.021+0000 7f6ad6ffd700 1 -- 172.21.15.172:0/3982447391 <== mon.0 v2:172.21.15.172:3300/0 6 ==== mon_command_ack([{"prefix": "get_command_descriptions"}]=0 v0) v1 ==== 72+0+175445 (secure 0 0 0) 0x7f6ad8020070 con 0x7f6ae0102d50
2024-03-16T09:43:16.405 INFO:teuthology.orchestra.run.smithi172.stdout:/usr/bin/ceph: stderr
2024-03-16T09:43:15.257+0000 7f6ae4c50700 1 -- 172.21.15.172:0/3982447391 --> [v2:172.21.15.172:6800/1667238040,v1:172.21.15.172:6801/1667238040] -- mgr_command(tid 0: {"prefix": "orch apply", "service_type": "crash", "target": ["mon-mgr", ""]}) v1 -- 0x7f6ae00fd820 con 0x7f6acc0367e0
2024-03-16T09:43:16.405 INFO:teuthology.orchestra.run.smithi172.stdout:/usr/bin/ceph: stderr
2024-03-16T09:43:15.262+0000 7f6ad6ffd700 1 -- 172.21.15.172:0/3982447391 <== mgr.14120 v2:172.21.15.172:6800/1667238040 1 ==== mgr_command_reply(tid 0: 0 ) v1 ==== 8+0+26 (secure 0 0 0) 0x7f6ae00fd820 con 0x7f6acc0367e0
2024-03-16T09:43:16.405 INFO:teuthology.orchestra.run.smithi172.stdout:/usr/bin/ceph: stderr
2024-03-16T09:43:15.264+0000 7f6ae4c50700 1 -- 172.21.15.172:0/3982447391 >> [v2:172.21.15.172:6800/1667238040,v1:172.21.15.172:6801/1667238040] conn(0x7f6acc0367e0 msgr2=0x7f6acc038c90 secure :-1 s=STATE_CONNECTION_ESTABLISHED l=1).mark_down
2024-03-16T09:43:16.406 INFO:teuthology.orchestra.run.smithi172.stdout:/usr/bin/ceph: stderr
2024-03-16T09:43:15.264+0000 7f6ae4c50700 1 --2- 172.21.15.172:0/3982447391 >> [v2:172.21.15.172:6800/1667238040,v1:172.21.15.172:6801/1667238040] conn(0x7f6acc0367e0 0x7f6acc038c90 secure :-1 s=READY pgs=14 cs=0 l=1 rev1=1 crypto rx=0x7f6ac8009990 tx=0x7f6ac8006e40 comp rx=0 tx=0).stop
2024-03-16T09:43:16.406 INFO:teuthology.orchestra.run.smithi172.stdout:/usr/bin/ceph: stderr
2024-03-16T09:43:15.264+0000 7f6ae4c50700 1 -- 172.21.15.172:0/3982447391 >> [v2:172.21.15.172:3300/0,v1:172.21.15.172:6789/0] conn(0x7f6ae0102d50 msgr2=0x7f6ae01137d0 secure :-1 s=STATE_CONNECTION_ESTABLISHED l=1).mark_down
2024-03-16T09:43:16.406 INFO:teuthology.orchestra.run.smithi172.stdout:/usr/bin/ceph: stderr
2024-03-16T09:43:15.264+0000 7f6ae4c50700 1 --2- 172.21.15.172:0/3982447391 >> [v2:172.21.15.172:3300/0,v1:172.21.15.172:6789/0] conn(0x7f6ae0102d50 0x7f6ae01137d0 secure :-1 s=READY pgs=52 cs=0 l=1 rev1=1 crypto rx=0x7f6ad800bc50 tx=0x7f6ad8009840 comp rx=0 tx=0).stop
2024-03-16T09:43:16.406 INFO:teuthology.orchestra.run.smithi172.stdout:/usr/bin/ceph: stderr
2024-03-16T09:43:15.264+0000 7f6ae4c50700 1 -- 172.21.15.172:0/3982447391 shutdown_connections
2024-03-16T09:43:16.406 INFO:teuthology.orchestra.run.smithi172.stdout:/usr/bin/ceph: stderr
2024-03-16T09:43:15.264+0000 7f6ae4c50700 1 --2- 172.21.15.172:0/3982447391 >> [v2:172.21.15.172:6800/1667238040,v1:172.21.15.172:6801/1667238040] conn(0x7f6acc0367e0 0x7f6acc038c90 unknown :-1 s=CLOSED pgs=14 cs=0 l=1 rev1=1 crypto rx=0 tx=0 comp rx=0 tx=0).stop
2024-03-16T09:43:16.406 INFO:teuthology.orchestra.run.smithi172.stdout:/usr/bin/ceph: stderr
2024-03-16T09:43:15.264+0000 7f6ae4c50700 1 --2- 172.21.15.172:0/3982447391 >> [v2:172.21.15.172:3300/0,v1:172.21.15.172:6789/0] conn(0x7f6ae0102d50 0x7f6ae01137d0 unknown :-1 s=CLOSED pgs=52 cs=0 l=1 rev1=1 crypto rx=0 tx=0 comp rx=0 tx=0).stop
2024-03-16T09:43:16.406 INFO:teuthology.orchestra.run.smithi172.stdout:/usr/bin/ceph: stderr
2024-03-16T09:43:15.264+0000 7f6ae4c50700 1 -- 172.21.15.172:0/3982447391 >> 172.21.15.172:0/3982447391 conn(0x7f6ae00fc500 msgr2=0x7f6ae00fd050 unknown :-1 s=STATE_NONE l=0).mark_down
2024-03-16T09:43:16.406 INFO:teuthology.orchestra.run.smithi172.stdout:/usr/bin/ceph: stderr
2024-03-16T09:43:15.264+0000 7f6ae4c50700 1 -- 172.21.15.172:0/3982447391 shutdown_connections
2024-03-16T09:43:16.406 INFO:teuthology.orchestra.run.smithi172.stdout:/usr/bin/ceph: stderr
2024-03-16T09:43:15.264+0000 7f6ae4c50700 1 -- 172.21.15.172:0/3982447391 wait complete.
2024-03-16T09:43:16.406 INFO:teuthology.orchestra.run.smithi172.stdout:Deploying prometheus service with default placement...
2024-03-16T09:43:16.802 INFO:journalctl@ceph.mon.smithi172.smithi172.stdout:Mar 16 09:43:16 smithi172 ceph-mon[29227]: from='client.14146 -' entity='client.admin' cmd=[{"prefix": "orch apply", "service_type": "crash", "target": ["mon-mgr", ""]}]: dispatch
2024-03-16T09:43:16.802 INFO:journalctl@ceph.mon.smithi172.smithi172.stdout:Mar 16 09:43:16 smithi172 ceph-mon[29227]: Saving service crash spec with placement *
2024-03-16T09:43:16.802 INFO:journalctl@ceph.mon.smithi172.smithi172.stdout:Mar 16 09:43:16 smithi172 ceph-mon[29227]: from='mgr.14120 172.21.15.172:0/293855955' entity='mgr.smithi172.ybpmab'
2024-03-16T09:43:17.681 INFO:teuthology.orchestra.run.smithi172.stdout:/usr/bin/ceph: stdout Scheduled prometheus update...
2024-03-16T09:43:17.681 INFO:teuthology.orchestra.run.smithi172.stdout:/usr/bin/ceph: stderr
2024-03-16T09:43:16.812+0000 7f38f57bd700 1 Processor -- start
2024-03-16T09:43:17.681 INFO:teuthology.orchestra.run.smithi172.stdout:/usr/bin/ceph: stderr
2024-03-16T09:43:16.812+0000 7f38f57bd700 1 -- start start
2024-03-16T09:43:17.681 INFO:teuthology.orchestra.run.smithi172.stdout:/usr/bin/ceph: stderr
2024-03-16T09:43:16.812+0000 7f38f57bd700 1 --2- >> [v2:172.21.15.172:3300/0,v1:172.21.15.172:6789/0] conn(0x7f38f01026b0 0x7f38f0102ac0 unknown :-1 s=NONE pgs=0 cs=0 l=0 rev1=0 crypto rx=0 tx=0 comp rx=0 tx=0).connect
2024-03-16T09:43:17.682 INFO:teuthology.orchestra.run.smithi172.stdout:/usr/bin/ceph: stderr
2024-03-16T09:43:16.812+0000 7f38f57bd700 1 -- --> [v2:172.21.15.172:3300/0,v1:172.21.15.172:6789/0] -- mon_getmap magic: 0 v1 -- 0x7f38f0103000 con 0x7f38f01026b0
2024-03-16T09:43:17.682 INFO:teuthology.orchestra.run.smithi172.stdout:/usr/bin/ceph: stderr
2024-03-16T09:43:16.812+0000 7f38eeffd700 1 --2- >> [v2:172.21.15.172:3300/0,v1:172.21.15.172:6789/0] conn(0x7f38f01026b0 0x7f38f0102ac0 unknown :-1 s=BANNER_CONNECTING pgs=0 cs=0 l=0 rev1=0 crypto rx=0 tx=0 comp rx=0 tx=0)._handle_peer_banner_payload supported=3 required=0
2024-03-16T09:43:17.682 INFO:teuthology.orchestra.run.smithi172.stdout:/usr/bin/ceph: stderr
2024-03-16T09:43:16.812+0000 7f38eeffd700 1 --2- >> [v2:172.21.15.172:3300/0,v1:172.21.15.172:6789/0] conn(0x7f38f01026b0 0x7f38f0102ac0 unknown :-1 s=HELLO_CONNECTING pgs=0 cs=0 l=0 rev1=1 crypto rx=0 tx=0 comp rx=0 tx=0).handle_hello peer v2:172.21.15.172:3300/0 says I am v2:172.21.15.172:36344/0 (socket says 172.21.15.172:36344)
2024-03-16T09:43:17.682 INFO:teuthology.orchestra.run.smithi172.stdout:/usr/bin/ceph: stderr
2024-03-16T09:43:16.813+0000 7f38eeffd700 1 -- 172.21.15.172:0/3247627358 learned_addr learned my addr 172.21.15.172:0/3247627358 (peer_addr_for_me v2:172.21.15.172:0/0)
2024-03-16T09:43:17.682 INFO:teuthology.orchestra.run.smithi172.stdout:/usr/bin/ceph: stderr
2024-03-16T09:43:16.813+0000 7f38eeffd700 1 -- 172.21.15.172:0/3247627358 --> [v2:172.21.15.172:3300/0,v1:172.21.15.172:6789/0] -- mon_subscribe({config=0+,monmap=0+}) v3 -- 0x7f38f0103140 con 0x7f38f01026b0
2024-03-16T09:43:17.682 INFO:teuthology.orchestra.run.smithi172.stdout:/usr/bin/ceph: stderr
2024-03-16T09:43:16.813+0000 7f38eeffd700 1 --2- 172.21.15.172:0/3247627358 >> [v2:172.21.15.172:3300/0,v1:172.21.15.172:6789/0] conn(0x7f38f01026b0 0x7f38f0102ac0 secure :-1 s=READY pgs=53 cs=0 l=1 rev1=1 crypto rx=0x7f38e00098e0 tx=0x7f38e0009250 comp rx=0 tx=0).ready entity=mon.0 client_cookie=8c7bfe900f1da145 server_cookie=0 in_seq=0 out_seq=0
2024-03-16T09:43:17.682 INFO:teuthology.orchestra.run.smithi172.stdout:/usr/bin/ceph: stderr
2024-03-16T09:43:16.813+0000 7f38ee7fc700 1 -- 172.21.15.172:0/3247627358 <== mon.0 v2:172.21.15.172:3300/0 1 ==== mon_map magic: 0 v1 ==== 229+0+0 (secure 0 0 0) 0x7f38e000b860 con 0x7f38f01026b0
2024-03-16T09:43:17.682 INFO:teuthology.orchestra.run.smithi172.stdout:/usr/bin/ceph: stderr
2024-03-16T09:43:16.813+0000 7f38ee7fc700 1 -- 172.21.15.172:0/3247627358 <== mon.0 v2:172.21.15.172:3300/0 2 ==== config(27 keys) v1 ==== 1109+0+0 (secure 0 0 0) 0x7f38e000be90 con 0x7f38f01026b0
2024-03-16T09:43:17.682 INFO:teuthology.orchestra.run.smithi172.stdout:/usr/bin/ceph: stderr
2024-03-16T09:43:16.813+0000 7f38ee7fc700 1 -- 172.21.15.172:0/3247627358 <== mon.0 v2:172.21.15.172:3300/0 3 ==== mon_map magic: 0 v1 ==== 229+0+0 (secure 0 0 0) 0x7f38e00103c0 con 0x7f38f01026b0
2024-03-16T09:43:17.683 INFO:teuthology.orchestra.run.smithi172.stdout:/usr/bin/ceph: stderr
2024-03-16T09:43:16.814+0000 7f38f57bd700 1 -- 172.21.15.172:0/3247627358 >> [v2:172.21.15.172:3300/0,v1:172.21.15.172:6789/0] conn(0x7f38f01026b0 msgr2=0x7f38f0102ac0 secure :-1 s=STATE_CONNECTION_ESTABLISHED l=1).mark_down
2024-03-16T09:43:17.683 INFO:teuthology.orchestra.run.smithi172.stdout:/usr/bin/ceph: stderr
2024-03-16T09:43:16.814+0000 7f38f57bd700 1 --2- 172.21.15.172:0/3247627358 >> [v2:172.21.15.172:3300/0,v1:172.21.15.172:6789/0] conn(0x7f38f01026b0 0x7f38f0102ac0 secure :-1 s=READY pgs=53 cs=0 l=1 rev1=1 crypto rx=0x7f38e00098e0 tx=0x7f38e0009250 comp rx=0 tx=0).stop
2024-03-16T09:43:17.683 INFO:teuthology.orchestra.run.smithi172.stdout:/usr/bin/ceph: stderr
2024-03-16T09:43:16.814+0000 7f38f57bd700 1 -- 172.21.15.172:0/3247627358 shutdown_connections
2024-03-16T09:43:17.683 INFO:teuthology.orchestra.run.smithi172.stdout:/usr/bin/ceph: stderr
2024-03-16T09:43:16.814+0000 7f38f57bd700 1 --2- 172.21.15.172:0/3247627358 >> [v2:172.21.15.172:3300/0,v1:172.21.15.172:6789/0] conn(0x7f38f01026b0 0x7f38f0102ac0 unknown :-1 s=CLOSED pgs=53 cs=0 l=1 rev1=1 crypto rx=0 tx=0 comp rx=0 tx=0).stop
2024-03-16T09:43:17.683 INFO:teuthology.orchestra.run.smithi172.stdout:/usr/bin/ceph: stderr
2024-03-16T09:43:16.814+0000 7f38f57bd700 1 -- 172.21.15.172:0/3247627358 >> 172.21.15.172:0/3247627358 conn(0x7f38f00fde70 msgr2=0x7f38f0100280 unknown :-1 s=STATE_NONE l=0).mark_down
2024-03-16T09:43:17.683 INFO:teuthology.orchestra.run.smithi172.stdout:/usr/bin/ceph: stderr
2024-03-16T09:43:16.814+0000 7f38f57bd700 1 -- 172.21.15.172:0/3247627358 shutdown_connections
2024-03-16T09:43:17.683 INFO:teuthology.orchestra.run.smithi172.stdout:/usr/bin/ceph: stderr
2024-03-16T09:43:16.814+0000 7f38f57bd700 1 -- 172.21.15.172:0/3247627358 wait complete.
2024-03-16T09:43:17.683 INFO:teuthology.orchestra.run.smithi172.stdout:/usr/bin/ceph: stderr
2024-03-16T09:43:16.814+0000 7f38f57bd700 1 Processor -- start
2024-03-16T09:43:17.683 INFO:teuthology.orchestra.run.smithi172.stdout:/usr/bin/ceph: stderr
2024-03-16T09:43:16.814+0000 7f38f57bd700 1 -- start start
2024-03-16T09:43:17.683 INFO:teuthology.orchestra.run.smithi172.stdout:/usr/bin/ceph: stderr
2024-03-16T09:43:16.815+0000 7f38f57bd700 1 --2- >> [v2:172.21.15.172:3300/0,v1:172.21.15.172:6789/0] conn(0x7f38f01026b0 0x7f38f0111590 unknown :-1 s=NONE pgs=0 cs=0 l=1 rev1=0 crypto rx=0 tx=0 comp rx=0 tx=0).connect
2024-03-16T09:43:17.683 INFO:teuthology.orchestra.run.smithi172.stdout:/usr/bin/ceph: stderr
2024-03-16T09:43:16.815+0000 7f38f57bd700 1 -- --> [v2:172.21.15.172:3300/0,v1:172.21.15.172:6789/0] -- mon_getmap magic: 0 v1 -- 0x7f38f0111ad0 con 0x7f38f01026b0
2024-03-16T09:43:17.683 INFO:teuthology.orchestra.run.smithi172.stdout:/usr/bin/ceph: stderr
2024-03-16T09:43:16.815+0000 7f38eeffd700 1 --2- >> [v2:172.21.15.172:3300/0,v1:172.21.15.172:6789/0] conn(0x7f38f01026b0 0x7f38f0111590 unknown :-1 s=BANNER_CONNECTING pgs=0 cs=0 l=1 rev1=0 crypto rx=0 tx=0 comp rx=0 tx=0)._handle_peer_banner_payload supported=3 required=0
2024-03-16T09:43:17.683 INFO:teuthology.orchestra.run.smithi172.stdout:/usr/bin/ceph: stderr
2024-03-16T09:43:16.815+0000 7f38eeffd700 1 --2- >> [v2:172.21.15.172:3300/0,v1:172.21.15.172:6789/0] conn(0x7f38f01026b0 0x7f38f0111590 unknown :-1 s=HELLO_CONNECTING pgs=0 cs=0 l=1 rev1=1 crypto rx=0 tx=0 comp rx=0 tx=0).handle_hello peer v2:172.21.15.172:3300/0 says I am v2:172.21.15.172:36346/0 (socket says 172.21.15.172:36346)
2024-03-16T09:43:17.683 INFO:teuthology.orchestra.run.smithi172.stdout:/usr/bin/ceph: stderr
2024-03-16T09:43:16.815+0000 7f38eeffd700 1 -- 172.21.15.172:0/1454625084 learned_addr learned my addr 172.21.15.172:0/1454625084 (peer_addr_for_me v2:172.21.15.172:0/0)
2024-03-16T09:43:17.684 INFO:teuthology.orchestra.run.smithi172.stdout:/usr/bin/ceph: stderr
