2024-03-16T09:57:30.706+0000 7f7b92a00700 1 --2- 172.21.15.39:0/699453821 >> [v2:172.21.15.39:6800/3969870217,v1:172.21.15.39:6801/3969870217] conn(0x7f7b78038f20 0x7f7b7803b3e0 unknown :-1 s=START_CONNECT pgs=0 cs=0 l=1 rev1=0 crypto rx=0 tx=0 comp rx=0 tx=0)._fault waiting 0.200000
2024-03-16T09:57:39.053 INFO:teuthology.orchestra.run.smithi039.stdout:/usr/bin/ceph: stderr
2024-03-16T09:57:30.907+0000 7f7b92a00700 1 -- 172.21.15.39:0/699453821 >> [v2:172.21.15.39:6800/3969870217,v1:172.21.15.39:6801/3969870217] conn(0x7f7b78038f20 msgr2=0x7f7b7803b3e0 unknown :-1 s=STATE_CONNECTING_RE l=1).process reconnect failed to v2:172.21.15.39:6800/3969870217
2024-03-16T09:57:39.053 INFO:teuthology.orchestra.run.smithi039.stdout:/usr/bin/ceph: stderr
2024-03-16T09:57:30.907+0000 7f7b92a00700 1 --2- 172.21.15.39:0/699453821 >> [v2:172.21.15.39:6800/3969870217,v1:172.21.15.39:6801/3969870217] conn(0x7f7b78038f20 0x7f7b7803b3e0 unknown :-1 s=START_CONNECT pgs=0 cs=0 l=1 rev1=0 crypto rx=0 tx=0 comp rx=0 tx=0)._fault waiting 0.400000
2024-03-16T09:57:39.053 INFO:teuthology.orchestra.run.smithi039.stdout:/usr/bin/ceph: stderr
2024-03-16T09:57:31.308+0000 7f7b92a00700 1 -- 172.21.15.39:0/699453821 >> [v2:172.21.15.39:6800/3969870217,v1:172.21.15.39:6801/3969870217] conn(0x7f7b78038f20 msgr2=0x7f7b7803b3e0 unknown :-1 s=STATE_CONNECTING_RE l=1).process reconnect failed to v2:172.21.15.39:6800/3969870217
2024-03-16T09:57:39.053 INFO:teuthology.orchestra.run.smithi039.stdout:/usr/bin/ceph: stderr
2024-03-16T09:57:31.308+0000 7f7b92a00700 1 --2- 172.21.15.39:0/699453821 >> [v2:172.21.15.39:6800/3969870217,v1:172.21.15.39:6801/3969870217] conn(0x7f7b78038f20 0x7f7b7803b3e0 unknown :-1 s=START_CONNECT pgs=0 cs=0 l=1 rev1=0 crypto rx=0 tx=0 comp rx=0 tx=0)._fault waiting 0.800000
2024-03-16T09:57:39.053 INFO:teuthology.orchestra.run.smithi039.stdout:/usr/bin/ceph: stderr
2024-03-16T09:57:32.109+0000 7f7b92a00700 1 -- 172.21.15.39:0/699453821 >> [v2:172.21.15.39:6800/3969870217,v1:172.21.15.39:6801/3969870217] conn(0x7f7b78038f20 msgr2=0x7f7b7803b3e0 unknown :-1 s=STATE_CONNECTING_RE l=1).process reconnect failed to v2:172.21.15.39:6800/3969870217
2024-03-16T09:57:39.053 INFO:teuthology.orchestra.run.smithi039.stdout:/usr/bin/ceph: stderr
2024-03-16T09:57:32.109+0000 7f7b92a00700 1 --2- 172.21.15.39:0/699453821 >> [v2:172.21.15.39:6800/3969870217,v1:172.21.15.39:6801/3969870217] conn(0x7f7b78038f20 0x7f7b7803b3e0 unknown :-1 s=START_CONNECT pgs=0 cs=0 l=1 rev1=0 crypto rx=0 tx=0 comp rx=0 tx=0)._fault waiting 1.600000
2024-03-16T09:57:39.053 INFO:teuthology.orchestra.run.smithi039.stdout:/usr/bin/ceph: stderr
2024-03-16T09:57:33.711+0000 7f7b92a00700 1 -- 172.21.15.39:0/699453821 >> [v2:172.21.15.39:6800/3969870217,v1:172.21.15.39:6801/3969870217] conn(0x7f7b78038f20 msgr2=0x7f7b7803b3e0 unknown :-1 s=STATE_CONNECTING_RE l=1).process reconnect failed to v2:172.21.15.39:6800/3969870217
2024-03-16T09:57:39.053 INFO:teuthology.orchestra.run.smithi039.stdout:/usr/bin/ceph: stderr
2024-03-16T09:57:33.711+0000 7f7b92a00700 1 --2- 172.21.15.39:0/699453821 >> [v2:172.21.15.39:6800/3969870217,v1:172.21.15.39:6801/3969870217] conn(0x7f7b78038f20 0x7f7b7803b3e0 unknown :-1 s=START_CONNECT pgs=0 cs=0 l=1 rev1=0 crypto rx=0 tx=0 comp rx=0 tx=0)._fault waiting 3.200000
2024-03-16T09:57:39.053 INFO:teuthology.orchestra.run.smithi039.stdout:/usr/bin/ceph: stderr
2024-03-16T09:57:36.915+0000 7f7b92a00700 1 -- 172.21.15.39:0/699453821 >> [v2:172.21.15.39:6800/3969870217,v1:172.21.15.39:6801/3969870217] conn(0x7f7b78038f20 msgr2=0x7f7b7803b3e0 unknown :-1 s=STATE_CONNECTING_RE l=1).process reconnect failed to v2:172.21.15.39:6800/3969870217
2024-03-16T09:57:39.053 INFO:teuthology.orchestra.run.smithi039.stdout:/usr/bin/ceph: stderr
2024-03-16T09:57:36.915+0000 7f7b92a00700 1 --2- 172.21.15.39:0/699453821 >> [v2:172.21.15.39:6800/3969870217,v1:172.21.15.39:6801/3969870217] conn(0x7f7b78038f20 0x7f7b7803b3e0 unknown :-1 s=START_CONNECT pgs=0 cs=0 l=1 rev1=0 crypto rx=0 tx=0 comp rx=0 tx=0)._fault waiting 6.400000
2024-03-16T09:57:39.053 INFO:teuthology.orchestra.run.smithi039.stdout:/usr/bin/ceph: stderr
2024-03-16T09:57:37.243+0000 7f7b8be00700 1 -- 172.21.15.39:0/699453821 <== mon.0 v2:172.21.15.39:3300/0 6 ==== mgrmap(e 6) ==== 45873+0+0 (secure 0 0 0) 0x7f7b84024c90 con 0x7f7b941064a0
2024-03-16T09:57:39.053 INFO:teuthology.orchestra.run.smithi039.stdout:/usr/bin/ceph: stderr
2024-03-16T09:57:37.243+0000 7f7b8be00700 1 -- 172.21.15.39:0/699453821 >> [v2:172.21.15.39:6800/3969870217,v1:172.21.15.39:6801/3969870217] conn(0x7f7b78038f20 msgr2=0x7f7b7803b3e0 unknown :-1 s=STATE_CONNECTING l=1).mark_down
2024-03-16T09:57:39.053 INFO:teuthology.orchestra.run.smithi039.stdout:/usr/bin/ceph: stderr
2024-03-16T09:57:37.243+0000 7f7b8be00700 1 --2- 172.21.15.39:0/699453821 >> [v2:172.21.15.39:6800/3969870217,v1:172.21.15.39:6801/3969870217] conn(0x7f7b78038f20 0x7f7b7803b3e0 unknown :-1 s=START_CONNECT pgs=0 cs=0 l=1 rev1=0 crypto rx=0 tx=0 comp rx=0 tx=0).stop
2024-03-16T09:57:39.054 INFO:teuthology.orchestra.run.smithi039.stdout:/usr/bin/ceph: stderr
2024-03-16T09:57:38.247+0000 7f7b8be00700 1 -- 172.21.15.39:0/699453821 <== mon.0 v2:172.21.15.39:3300/0 7 ==== mgrmap(e 7) ==== 46000+0+0 (secure 0 0 0) 0x7f7b8404ed60 con 0x7f7b941064a0
2024-03-16T09:57:39.054 INFO:teuthology.orchestra.run.smithi039.stdout:/usr/bin/ceph: stderr
2024-03-16T09:57:38.247+0000 7f7b8be00700 1 --2- 172.21.15.39:0/699453821 >> [v2:172.21.15.39:6800/1974903299,v1:172.21.15.39:6801/1974903299] conn(0x7f7b7803c810 0x7f7b7803ec00 unknown :-1 s=NONE pgs=0 cs=0 l=1 rev1=0 crypto rx=0 tx=0 comp rx=0 tx=0).connect
2024-03-16T09:57:39.054 INFO:teuthology.orchestra.run.smithi039.stdout:/usr/bin/ceph: stderr
2024-03-16T09:57:38.248+0000 7f7b8be00700 1 -- 172.21.15.39:0/699453821 --> [v2:172.21.15.39:6800/1974903299,v1:172.21.15.39:6801/1974903299] -- command(tid 0: {"prefix": "get_command_descriptions"}) -- 0x7f7b84012ea0 con 0x7f7b7803c810
2024-03-16T09:57:39.054 INFO:teuthology.orchestra.run.smithi039.stdout:/usr/bin/ceph: stderr
2024-03-16T09:57:38.250+0000 7f7b92a00700 1 --2- 172.21.15.39:0/699453821 >> [v2:172.21.15.39:6800/1974903299,v1:172.21.15.39:6801/1974903299] conn(0x7f7b7803c810 0x7f7b7803ec00 unknown :-1 s=BANNER_CONNECTING pgs=0 cs=0 l=1 rev1=0 crypto rx=0 tx=0 comp rx=0 tx=0)._handle_peer_banner_payload supported=3 required=0
2024-03-16T09:57:39.054 INFO:teuthology.orchestra.run.smithi039.stdout:/usr/bin/ceph: stderr
2024-03-16T09:57:38.251+0000 7f7b92a00700 1 --2- 172.21.15.39:0/699453821 >> [v2:172.21.15.39:6800/1974903299,v1:172.21.15.39:6801/1974903299] conn(0x7f7b7803c810 0x7f7b7803ec00 secure :-1 s=READY pgs=1 cs=0 l=1 rev1=1 crypto rx=0x7f7b80003a10 tx=0x7f7b80009290 comp rx=0 tx=0).ready entity=mgr.14120 client_cookie=0 server_cookie=0 in_seq=0 out_seq=0
2024-03-16T09:57:39.054 INFO:teuthology.orchestra.run.smithi039.stdout:/usr/bin/ceph: stderr
2024-03-16T09:57:38.253+0000 7f7b8be00700 1 -- 172.21.15.39:0/699453821 <== mgr.14120 v2:172.21.15.39:6800/1974903299 1 ==== command_reply(tid 0: 0 ) ==== 8+0+7774 (secure 0 0 0) 0x7f7b84012ea0 con 0x7f7b7803c810
2024-03-16T09:57:39.054 INFO:teuthology.orchestra.run.smithi039.stdout:/usr/bin/ceph: stderr
2024-03-16T09:57:38.262+0000 7f7b9a200700 1 -- 172.21.15.39:0/699453821 --> [v2:172.21.15.39:6800/1974903299,v1:172.21.15.39:6801/1974903299] -- command(tid 1: {"prefix": "mgr_status"}) -- 0x7f7b9419eb10 con 0x7f7b7803c810
2024-03-16T09:57:39.054 INFO:teuthology.orchestra.run.smithi039.stdout:/usr/bin/ceph: stderr
2024-03-16T09:57:38.262+0000 7f7b8be00700 1 -- 172.21.15.39:0/699453821 <== mgr.14120 v2:172.21.15.39:6800/1974903299 2 ==== command_reply(tid 1: 0 ) ==== 8+0+51 (secure 0 0 0) 0x7f7b9419eb10 con 0x7f7b7803c810
2024-03-16T09:57:39.054 INFO:teuthology.orchestra.run.smithi039.stdout:/usr/bin/ceph: stderr
2024-03-16T09:57:38.263+0000 7f7b9a200700 1 -- 172.21.15.39:0/699453821 >> [v2:172.21.15.39:6800/1974903299,v1:172.21.15.39:6801/1974903299] conn(0x7f7b7803c810 msgr2=0x7f7b7803ec00 secure :-1 s=STATE_CONNECTION_ESTABLISHED l=1).mark_down
2024-03-16T09:57:39.054 INFO:teuthology.orchestra.run.smithi039.stdout:/usr/bin/ceph: stderr
2024-03-16T09:57:38.263+0000 7f7b9a200700 1 --2- 172.21.15.39:0/699453821 >> [v2:172.21.15.39:6800/1974903299,v1:172.21.15.39:6801/1974903299] conn(0x7f7b7803c810 0x7f7b7803ec00 secure :-1 s=READY pgs=1 cs=0 l=1 rev1=1 crypto rx=0x7f7b80003a10 tx=0x7f7b80009290 comp rx=0 tx=0).stop
2024-03-16T09:57:39.054 INFO:teuthology.orchestra.run.smithi039.stdout:/usr/bin/ceph: stderr
2024-03-16T09:57:38.263+0000 7f7b9a200700 1 -- 172.21.15.39:0/699453821 >> [v2:172.21.15.39:3300/0,v1:172.21.15.39:6789/0] conn(0x7f7b941064a0 msgr2=0x7f7b9419de60 secure :-1 s=STATE_CONNECTION_ESTABLISHED l=1).mark_down
2024-03-16T09:57:39.056 INFO:teuthology.orchestra.run.smithi039.stdout:/usr/bin/ceph: stderr
2024-03-16T09:57:38.263+0000 7f7b9a200700 1 --2- 172.21.15.39:0/699453821 >> [v2:172.21.15.39:3300/0,v1:172.21.15.39:6789/0] conn(0x7f7b941064a0 0x7f7b9419de60 secure :-1 s=READY pgs=29 cs=0 l=1 rev1=1 crypto rx=0x7f7b84011b60 tx=0x7f7b84011c40 comp rx=0 tx=0).stop
2024-03-16T09:57:39.056 INFO:teuthology.orchestra.run.smithi039.stdout:/usr/bin/ceph: stderr
2024-03-16T09:57:38.263+0000 7f7b9a200700 1 -- 172.21.15.39:0/699453821 shutdown_connections
2024-03-16T09:57:39.056 INFO:teuthology.orchestra.run.smithi039.stdout:/usr/bin/ceph: stderr
2024-03-16T09:57:38.263+0000 7f7b9a200700 1 --2- 172.21.15.39:0/699453821 >> [v2:172.21.15.39:6800/1974903299,v1:172.21.15.39:6801/1974903299] conn(0x7f7b7803c810 0x7f7b7803ec00 unknown :-1 s=CLOSED pgs=1 cs=0 l=1 rev1=1 crypto rx=0 tx=0 comp rx=0 tx=0).stop
2024-03-16T09:57:39.056 INFO:teuthology.orchestra.run.smithi039.stdout:/usr/bin/ceph: stderr
2024-03-16T09:57:38.263+0000 7f7b9a200700 1 --2- 172.21.15.39:0/699453821 >> [v2:172.21.15.39:3300/0,v1:172.21.15.39:6789/0] conn(0x7f7b941064a0 0x7f7b9419de60 unknown :-1 s=CLOSED pgs=29 cs=0 l=1 rev1=1 crypto rx=0 tx=0 comp rx=0 tx=0).stop
2024-03-16T09:57:39.056 INFO:teuthology.orchestra.run.smithi039.stdout:/usr/bin/ceph: stderr
2024-03-16T09:57:38.263+0000 7f7b9a200700 1 --2- 172.21.15.39:0/699453821 >> [v2:172.21.15.39:6800/3969870217,v1:172.21.15.39:6801/3969870217] conn(0x7f7b78038f20 0x7f7b7803b3e0 unknown :-1 s=CLOSED pgs=0 cs=0 l=1 rev1=0 crypto rx=0 tx=0 comp rx=0 tx=0).stop
2024-03-16T09:57:39.056 INFO:teuthology.orchestra.run.smithi039.stdout:/usr/bin/ceph: stderr
2024-03-16T09:57:38.263+0000 7f7b9a200700 1 -- 172.21.15.39:0/699453821 >> 172.21.15.39:0/699453821 conn(0x7f7b94102000 msgr2=0x7f7b94194aa0 unknown :-1 s=STATE_NONE l=0).mark_down
2024-03-16T09:57:39.056 INFO:teuthology.orchestra.run.smithi039.stdout:/usr/bin/ceph: stderr
2024-03-16T09:57:38.263+0000 7f7b9a200700 1 -- 172.21.15.39:0/699453821 shutdown_connections
2024-03-16T09:57:39.056 INFO:teuthology.orchestra.run.smithi039.stdout:/usr/bin/ceph: stderr
2024-03-16T09:57:38.263+0000 7f7b9a200700 1 -- 172.21.15.39:0/699453821 wait complete.
2024-03-16T09:57:39.056 INFO:teuthology.orchestra.run.smithi039.stdout:mgr epoch 5 is available
2024-03-16T09:57:39.056 INFO:teuthology.orchestra.run.smithi039.stdout:Setting orchestrator backend to cephadm...
2024-03-16T09:57:39.597 INFO:journalctl@ceph.mon.a.smithi039.stdout:Mar 16 09:57:39 smithi039 ceph-mon[31510]: from='client.14124 -' entity='client.admin' cmd=[{"prefix": "get_command_descriptions"}]: dispatch
2024-03-16T09:57:39.597 INFO:journalctl@ceph.mon.a.smithi039.stdout:Mar 16 09:57:39 smithi039 ceph-mon[31510]: from='client.14124 -' entity='client.admin' cmd=[{"prefix": "mgr_status"}]: dispatch
2024-03-16T09:57:39.597 INFO:journalctl@ceph.mon.a.smithi039.stdout:Mar 16 09:57:39 smithi039 ceph-mon[31510]: from='mgr.14120 172.21.15.39:0/3945929628' entity='mgr.x'
2024-03-16T09:57:39.597 INFO:journalctl@ceph.mon.a.smithi039.stdout:Mar 16 09:57:39 smithi039 ceph-mon[31510]: from='mgr.14120 172.21.15.39:0/3945929628' entity='mgr.x'
2024-03-16T09:57:40.506 INFO:journalctl@ceph.mon.a.smithi039.stdout:Mar 16 09:57:40 smithi039 ceph-mon[31510]: [16/Mar/2024:09:57:39] ENGINE Bus STARTING
2024-03-16T09:57:40.506 INFO:journalctl@ceph.mon.a.smithi039.stdout:Mar 16 09:57:40 smithi039 ceph-mon[31510]: mgrmap e8: x(active, since 2s)
2024-03-16T09:57:40.506 INFO:journalctl@ceph.mon.a.smithi039.stdout:Mar 16 09:57:40 smithi039 ceph-mon[31510]: [16/Mar/2024:09:57:39] ENGINE Serving on http://172.21.15.39:8765
2024-03-16T09:57:40.506 INFO:journalctl@ceph.mon.a.smithi039.stdout:Mar 16 09:57:40 smithi039 ceph-mon[31510]: [16/Mar/2024:09:57:39] ENGINE Serving on https://172.21.15.39:7150
2024-03-16T09:57:40.506 INFO:journalctl@ceph.mon.a.smithi039.stdout:Mar 16 09:57:40 smithi039 ceph-mon[31510]: [16/Mar/2024:09:57:39] ENGINE Bus STARTED
2024-03-16T09:57:40.506 INFO:journalctl@ceph.mon.a.smithi039.stdout:Mar 16 09:57:40 smithi039 ceph-mon[31510]: from='mgr.14120 172.21.15.39:0/3945929628' entity='mgr.x' cmd=[{"prefix": "config dump", "format": "json"}]: dispatch
2024-03-16T09:57:40.506 INFO:journalctl@ceph.mon.a.smithi039.stdout:Mar 16 09:57:40 smithi039 ceph-mon[31510]: from='client.14132 -' entity='client.admin' cmd=[{"prefix": "orch set backend", "module_name": "cephadm", "target": ["mon-mgr", ""]}]: dispatch
2024-03-16T09:57:40.506 INFO:journalctl@ceph.mon.a.smithi039.stdout:Mar 16 09:57:40 smithi039 ceph-mon[31510]: from='mgr.14120 172.21.15.39:0/3945929628' entity='mgr.x'
2024-03-16T09:57:40.506 INFO:journalctl@ceph.mon.a.smithi039.stdout:Mar 16 09:57:40 smithi039 ceph-mon[31510]: from='mgr.14120 172.21.15.39:0/3945929628' entity='mgr.x' cmd=[{"prefix": "config dump", "format": "json"}]: dispatch
2024-03-16T09:57:40.615 INFO:teuthology.orchestra.run.smithi039.stdout:/usr/bin/ceph: stderr
2024-03-16T09:57:39.596+0000 7f97bba00700 1 Processor -- start
2024-03-16T09:57:40.615 INFO:teuthology.orchestra.run.smithi039.stdout:/usr/bin/ceph: stderr
2024-03-16T09:57:39.596+0000 7f97bba00700 1 -- start start
2024-03-16T09:57:40.615 INFO:teuthology.orchestra.run.smithi039.stdout:/usr/bin/ceph: stderr
2024-03-16T09:57:39.596+0000 7f97bba00700 1 --2- >> [v2:172.21.15.39:3300/0,v1:172.21.15.39:6789/0] conn(0x7f97b4109db0 0x7f97b410a1d0 unknown :-1 s=NONE pgs=0 cs=0 l=0 rev1=0 crypto rx=0 tx=0 comp rx=0 tx=0).connect
2024-03-16T09:57:40.615 INFO:teuthology.orchestra.run.smithi039.stdout:/usr/bin/ceph: stderr
2024-03-16T09:57:39.596+0000 7f97bba00700 1 -- --> [v2:172.21.15.39:3300/0,v1:172.21.15.39:6789/0] -- mon_getmap magic: 0 -- 0x7f97b410a7a0 con 0x7f97b4109db0
2024-03-16T09:57:40.615 INFO:teuthology.orchestra.run.smithi039.stdout:/usr/bin/ceph: stderr
2024-03-16T09:57:39.597+0000 7f97b9000700 1 --2- >> [v2:172.21.15.39:3300/0,v1:172.21.15.39:6789/0] conn(0x7f97b4109db0 0x7f97b410a1d0 unknown :-1 s=BANNER_CONNECTING pgs=0 cs=0 l=0 rev1=0 crypto rx=0 tx=0 comp rx=0 tx=0)._handle_peer_banner_payload supported=3 required=0
2024-03-16T09:57:40.615 INFO:teuthology.orchestra.run.smithi039.stdout:/usr/bin/ceph: stderr
2024-03-16T09:57:39.597+0000 7f97b9000700 1 --2- >> [v2:172.21.15.39:3300/0,v1:172.21.15.39:6789/0] conn(0x7f97b4109db0 0x7f97b410a1d0 unknown :-1 s=HELLO_CONNECTING pgs=0 cs=0 l=0 rev1=1 crypto rx=0 tx=0 comp rx=0 tx=0).handle_hello peer v2:172.21.15.39:3300/0 says I am v2:172.21.15.39:58568/0 (socket says 172.21.15.39:58568)
2024-03-16T09:57:40.616 INFO:teuthology.orchestra.run.smithi039.stdout:/usr/bin/ceph: stderr
2024-03-16T09:57:39.597+0000 7f97b9000700 1 -- 172.21.15.39:0/1039167932 learned_addr learned my addr 172.21.15.39:0/1039167932 (peer_addr_for_me v2:172.21.15.39:0/0)
2024-03-16T09:57:40.616 INFO:teuthology.orchestra.run.smithi039.stdout:/usr/bin/ceph: stderr
2024-03-16T09:57:39.597+0000 7f97b9000700 1 -- 172.21.15.39:0/1039167932 --> [v2:172.21.15.39:3300/0,v1:172.21.15.39:6789/0] -- mon_subscribe({config=0+,monmap=0+}) -- 0x7f97b410afb0 con 0x7f97b4109db0
2024-03-16T09:57:40.616 INFO:teuthology.orchestra.run.smithi039.stdout:/usr/bin/ceph: stderr
2024-03-16T09:57:39.598+0000 7f97b9000700 1 --2- 172.21.15.39:0/1039167932 >> [v2:172.21.15.39:3300/0,v1:172.21.15.39:6789/0] conn(0x7f97b4109db0 0x7f97b410a1d0 secure :-1 s=READY pgs=37 cs=0 l=1 rev1=1 crypto rx=0x7f97a80098a0 tx=0x7f97a8009bb0 comp rx=0 tx=0).ready entity=mon.0 client_cookie=3a563c197daf2b02 server_cookie=0 in_seq=0 out_seq=0
2024-03-16T09:57:40.616 INFO:teuthology.orchestra.run.smithi039.stdout:/usr/bin/ceph: stderr
2024-03-16T09:57:39.598+0000 7f97b3400700 1 -- 172.21.15.39:0/1039167932 <== mon.0 v2:172.21.15.39:3300/0 1 ==== mon_map magic: 0 ==== 205+0+0 (secure 0 0 0) 0x7f97a8004160 con 0x7f97b4109db0
2024-03-16T09:57:40.616 INFO:teuthology.orchestra.run.smithi039.stdout:/usr/bin/ceph: stderr
2024-03-16T09:57:39.598+0000 7f97b3400700 1 -- 172.21.15.39:0/1039167932 <== mon.0 v2:172.21.15.39:3300/0 2 ==== config(27 keys) ==== 1109+0+0 (secure 0 0 0) 0x7f97a8004300 con 0x7f97b4109db0
2024-03-16T09:57:40.616 INFO:teuthology.orchestra.run.smithi039.stdout:/usr/bin/ceph: stderr
2024-03-16T09:57:39.598+0000 7f97b3400700 1 -- 172.21.15.39:0/1039167932 <== mon.0 v2:172.21.15.39:3300/0 3 ==== mon_map magic: 0 ==== 205+0+0 (secure 0 0 0) 0x7f97a8011b50 con 0x7f97b4109db0
2024-03-16T09:57:40.616 INFO:teuthology.orchestra.run.smithi039.stdout:/usr/bin/ceph: stderr
2024-03-16T09:57:39.599+0000 7f97bba00700 1 -- 172.21.15.39:0/1039167932 >> [v2:172.21.15.39:3300/0,v1:172.21.15.39:6789/0] conn(0x7f97b4109db0 msgr2=0x7f97b410a1d0 secure :-1 s=STATE_CONNECTION_ESTABLISHED l=1).mark_down
2024-03-16T09:57:40.616 INFO:teuthology.orchestra.run.smithi039.stdout:/usr/bin/ceph: stderr
2024-03-16T09:57:39.599+0000 7f97bba00700 1 --2- 172.21.15.39:0/1039167932 >> [v2:172.21.15.39:3300/0,v1:172.21.15.39:6789/0] conn(0x7f97b4109db0 0x7f97b410a1d0 secure :-1 s=READY pgs=37 cs=0 l=1 rev1=1 crypto rx=0x7f97a80098a0 tx=0x7f97a8009bb0 comp rx=0 tx=0).stop
2024-03-16T09:57:40.616 INFO:teuthology.orchestra.run.smithi039.stdout:/usr/bin/ceph: stderr
2024-03-16T09:57:39.599+0000 7f97bba00700 1 -- 172.21.15.39:0/1039167932 shutdown_connections
2024-03-16T09:57:40.616 INFO:teuthology.orchestra.run.smithi039.stdout:/usr/bin/ceph: stderr
2024-03-16T09:57:39.599+0000 7f97bba00700 1 --2- 172.21.15.39:0/1039167932 >> [v2:172.21.15.39:3300/0,v1:172.21.15.39:6789/0] conn(0x7f97b4109db0 0x7f97b410a1d0 unknown :-1 s=CLOSED pgs=37 cs=0 l=1 rev1=1 crypto rx=0 tx=0 comp rx=0 tx=0).stop
2024-03-16T09:57:40.616 INFO:teuthology.orchestra.run.smithi039.stdout:/usr/bin/ceph: stderr
2024-03-16T09:57:39.599+0000 7f97bba00700 1 -- 172.21.15.39:0/1039167932 >> 172.21.15.39:0/1039167932 conn(0x7f97b407d150 msgr2=0x7f97b407d5a0 unknown :-1 s=STATE_NONE l=0).mark_down
2024-03-16T09:57:40.616 INFO:teuthology.orchestra.run.smithi039.stdout:/usr/bin/ceph: stderr
2024-03-16T09:57:39.599+0000 7f97bba00700 1 -- 172.21.15.39:0/1039167932 shutdown_connections
2024-03-16T09:57:40.616 INFO:teuthology.orchestra.run.smithi039.stdout:/usr/bin/ceph: stderr
2024-03-16T09:57:39.599+0000 7f97bba00700 1 -- 172.21.15.39:0/1039167932 wait complete.
2024-03-16T09:57:40.617 INFO:teuthology.orchestra.run.smithi039.stdout:/usr/bin/ceph: stderr
2024-03-16T09:57:39.600+0000 7f97bba00700 1 Processor -- start
2024-03-16T09:57:40.617 INFO:teuthology.orchestra.run.smithi039.stdout:/usr/bin/ceph: stderr
2024-03-16T09:57:39.600+0000 7f97bba00700 1 -- start start
2024-03-16T09:57:40.617 INFO:teuthology.orchestra.run.smithi039.stdout:/usr/bin/ceph: stderr
2024-03-16T09:57:39.601+0000 7f97bba00700 1 --2- >> [v2:172.21.15.39:3300/0,v1:172.21.15.39:6789/0] conn(0x7f97b4109db0 0x7f97b419ddd0 unknown :-1 s=NONE pgs=0 cs=0 l=1 rev1=0 crypto rx=0 tx=0 comp rx=0 tx=0).connect
2024-03-16T09:57:40.617 INFO:teuthology.orchestra.run.smithi039.stdout:/usr/bin/ceph: stderr
2024-03-16T09:57:39.601+0000 7f97bba00700 1 -- --> [v2:172.21.15.39:3300/0,v1:172.21.15.39:6789/0] -- mon_getmap magic: 0 -- 0x7f97b410e360 con 0x7f97b4109db0
2024-03-16T09:57:40.617 INFO:teuthology.orchestra.run.smithi039.stdout:/usr/bin/ceph: stderr
2024-03-16T09:57:39.601+0000 7f97b9000700 1 --2- >> [v2:172.21.15.39:3300/0,v1:172.21.15.39:6789/0] conn(0x7f97b4109db0 0x7f97b419ddd0 unknown :-1 s=BANNER_CONNECTING pgs=0 cs=0 l=1 rev1=0 crypto rx=0 tx=0 comp rx=0 tx=0)._handle_peer_banner_payload supported=3 required=0
2024-03-16T09:57:40.617 INFO:teuthology.orchestra.run.smithi039.stdout:/usr/bin/ceph: stderr
2024-03-16T09:57:39.601+0000 7f97b9000700 1 --2- >> [v2:172.21.15.39:3300/0,v1:172.21.15.39:6789/0] conn(0x7f97b4109db0 0x7f97b419ddd0 unknown :-1 s=HELLO_CONNECTING pgs=0 cs=0 l=1 rev1=1 crypto rx=0 tx=0 comp rx=0 tx=0).handle_hello peer v2:172.21.15.39:3300/0 says I am v2:172.21.15.39:58582/0 (socket says 172.21.15.39:58582)
2024-03-16T09:57:40.617 INFO:teuthology.orchestra.run.smithi039.stdout:/usr/bin/ceph: stderr
2024-03-16T09:57:39.601+0000 7f97b9000700 1 -- 172.21.15.39:0/3210771254 learned_addr learned my addr 172.21.15.39:0/3210771254 (peer_addr_for_me v2:172.21.15.39:0/0)
2024-03-16T09:57:40.617 INFO:teuthology.orchestra.run.smithi039.stdout:/usr/bin/ceph: stderr
2024-03-16T09:57:39.601+0000 7f97b9000700 1 -- 172.21.15.39:0/3210771254 --> [v2:172.21.15.39:3300/0,v1:172.21.15.39:6789/0] -- mon_subscribe({config=0+,monmap=0+}) -- 0x7f97b419e310 con 0x7f97b4109db0
2024-03-16T09:57:40.617 INFO:teuthology.orchestra.run.smithi039.stdout:/usr/bin/ceph: stderr
2024-03-16T09:57:39.602+0000 7f97b9000700 1 --2- 172.21.15.39:0/3210771254 >> [v2:172.21.15.39:3300/0,v1:172.21.15.39:6789/0] conn(0x7f97b4109db0 0x7f97b419ddd0 secure :-1 s=READY pgs=38 cs=0 l=1 rev1=1 crypto rx=0x7f97a8011850 tx=0x7f97a8011c10 comp rx=0 tx=0).ready entity=mon.0 client_cookie=0 server_cookie=0 in_seq=0 out_seq=0
2024-03-16T09:57:40.617 INFO:teuthology.orchestra.run.smithi039.stdout:/usr/bin/ceph: stderr
2024-03-16T09:57:39.602+0000 7f97b1600700 1 -- 172.21.15.39:0/3210771254 <== mon.0 v2:172.21.15.39:3300/0 1 ==== mon_map magic: 0 ==== 205+0+0 (secure 0 0 0) 0x7f97a8003af0 con 0x7f97b4109db0
2024-03-16T09:57:40.617 INFO:teuthology.orchestra.run.smithi039.stdout:/usr/bin/ceph: stderr
2024-03-16T09:57:39.602+0000 7f97b1600700 1 -- 172.21.15.39:0/3210771254 <== mon.0 v2:172.21.15.39:3300/0 2 ==== config(27 keys) ==== 1109+0+0 (secure 0 0 0) 0x7f97a8020070 con 0x7f97b4109db0
2024-03-16T09:57:40.617 INFO:teuthology.orchestra.run.smithi039.stdout:/usr/bin/ceph: stderr
2024-03-16T09:57:39.602+0000 7f97b1600700 1 -- 172.21.15.39:0/3210771254 <== mon.0 v2:172.21.15.39:3300/0 3 ==== mon_map magic: 0 ==== 205+0+0 (secure 0 0 0) 0x7f97a80195a0 con 0x7f97b4109db0
2024-03-16T09:57:40.618 INFO:teuthology.orchestra.run.smithi039.stdout:/usr/bin/ceph: stderr
2024-03-16T09:57:39.602+0000 7f97bba00700 1 -- 172.21.15.39:0/3210771254 --> [v2:172.21.15.39:3300/0,v1:172.21.15.39:6789/0] -- mon_subscribe({mgrmap=0+}) -- 0x7f97b419e5a0 con 0x7f97b4109db0
2024-03-16T09:57:40.618 INFO:teuthology.orchestra.run.smithi039.stdout:/usr/bin/ceph: stderr
2024-03-16T09:57:39.602+0000 7f97bba00700 1 -- 172.21.15.39:0/3210771254 --> [v2:172.21.15.39:3300/0,v1:172.21.15.39:6789/0] -- mon_subscribe({osdmap=0}) -- 0x7f97b41a1290 con 0x7f97b4109db0
2024-03-16T09:57:40.618 INFO:teuthology.orchestra.run.smithi039.stdout:/usr/bin/ceph: stderr
2024-03-16T09:57:39.603+0000 7f97b1600700 1 -- 172.21.15.39:0/3210771254 <== mon.0 v2:172.21.15.39:3300/0 4 ==== mgrmap(e 8) ==== 46106+0+0 (secure 0 0 0) 0x7f97a8019850 con 0x7f97b4109db0
2024-03-16T09:57:40.618 INFO:teuthology.orchestra.run.smithi039.stdout:/usr/bin/ceph: stderr
2024-03-16T09:57:39.604+0000 7f97a6a00700 1 -- 172.21.15.39:0/3210771254 --> [v2:172.21.15.39:3300/0,v1:172.21.15.39:6789/0] -- mon_command({"prefix": "get_command_descriptions"} v 0) -- 0x7f97b4063900 con 0x7f97b4109db0
2024-03-16T09:57:40.618 INFO:teuthology.orchestra.run.smithi039.stdout:/usr/bin/ceph: stderr
2024-03-16T09:57:39.604+0000 7f97b1600700 1 --2- 172.21.15.39:0/3210771254 >> [v2:172.21.15.39:6800/1974903299,v1:172.21.15.39:6801/1974903299] conn(0x7f979c038f70 0x7f979c03b430 unknown :-1 s=NONE pgs=0 cs=0 l=1 rev1=0 crypto rx=0 tx=0 comp rx=0 tx=0).connect
2024-03-16T09:57:40.618 INFO:teuthology.orchestra.run.smithi039.stdout:/usr/bin/ceph: stderr
2024-03-16T09:57:39.604+0000 7f97b1600700 1 -- 172.21.15.39:0/3210771254 <== mon.0 v2:172.21.15.39:3300/0 5 ==== osd_map(2..2 src has 1..2) ==== 940+0+0 (secure 0 0 0) 0x7f97a8011e00 con 0x7f97b4109db0
2024-03-16T09:57:40.618 INFO:teuthology.orchestra.run.smithi039.stdout:/usr/bin/ceph: stderr
2024-03-16T09:57:39.604+0000 7f97b3e00700 1 --2- 172.21.15.39:0/3210771254 >> [v2:172.21.15.39:6800/1974903299,v1:172.21.15.39:6801/1974903299] conn(0x7f979c038f70 0x7f979c03b430 unknown :-1 s=BANNER_CONNECTING pgs=0 cs=0 l=1 rev1=0 crypto rx=0 tx=0 comp rx=0 tx=0)._handle_peer_banner_payload supported=3 required=0
2024-03-16T09:57:40.618 INFO:teuthology.orchestra.run.smithi039.stdout:/usr/bin/ceph: stderr
2024-03-16T09:57:39.605+0000 7f97b3e00700 1 --2- 172.21.15.39:0/3210771254 >> [v2:172.21.15.39:6800/1974903299,v1:172.21.15.39:6801/1974903299] conn(0x7f979c038f70 0x7f979c03b430 secure :-1 s=READY pgs=7 cs=0 l=1 rev1=1 crypto rx=0x7f97a0006fd0 tx=0x7f97a0006e40 comp rx=0 tx=0).ready entity=mgr.14120 client_cookie=0 server_cookie=0 in_seq=0 out_seq=0
2024-03-16T09:57:40.618 INFO:teuthology.orchestra.run.smithi039.stdout:/usr/bin/ceph: stderr
2024-03-16T09:57:39.611+0000 7f97b1600700 1 -- 172.21.15.39:0/3210771254 <== mon.0 v2:172.21.15.39:3300/0 6 ==== mon_command_ack([{"prefix": "get_command_descriptions"}]=0 v0) ==== 72+0+186149 (secure 0 0 0) 0x7f97a802b260 con 0x7f97b4109db0
2024-03-16T09:57:40.618 INFO:teuthology.orchestra.run.smithi039.stdout:/usr/bin/ceph: stderr
2024-03-16T09:57:39.853+0000 7f97a6a00700 1 -- 172.21.15.39:0/3210771254 --> [v2:172.21.15.39:6800/1974903299,v1:172.21.15.39:6801/1974903299] -- mgr_command(tid 0: {"prefix": "orch set backend", "module_name": "cephadm", "target": ["mon-mgr", ""]}) -- 0x7f97b4063070 con 0x7f979c038f70
2024-03-16T09:57:40.618 INFO:teuthology.orchestra.run.smithi039.stdout:/usr/bin/ceph: stderr
2024-03-16T09:57:39.869+0000 7f97b1600700 1 -- 172.21.15.39:0/3210771254 <== mgr.14120 v2:172.21.15.39:6800/1974903299 1 ==== mgr_command_reply(tid 0: 0 ) ==== 8+0+0 (secure 0 0 0) 0x7f97b4063070 con 0x7f979c038f70
2024-03-16T09:57:40.618 INFO:teuthology.orchestra.run.smithi039.stdout:/usr/bin/ceph: stderr
2024-03-16T09:57:39.872+0000 7f97a6a00700 1 -- 172.21.15.39:0/3210771254 >> [v2:172.21.15.39:6800/1974903299,v1:172.21.15.39:6801/1974903299] conn(0x7f979c038f70 msgr2=0x7f979c03b430 secure :-1 s=STATE_CONNECTION_ESTABLISHED l=1).mark_down
2024-03-16T09:57:40.618 INFO:teuthology.orchestra.run.smithi039.stdout:/usr/bin/ceph: stderr
2024-03-16T09:57:39.872+0000 7f97a6a00700 1 --2- 172.21.15.39:0/3210771254 >> [v2:172.21.15.39:6800/1974903299,v1:172.21.15.39:6801/1974903299] conn(0x7f979c038f70 0x7f979c03b430 secure :-1 s=READY pgs=7 cs=0 l=1 rev1=1 crypto rx=0x7f97a0006fd0 tx=0x7f97a0006e40 comp rx=0 tx=0).stop
2024-03-16T09:57:40.619 INFO:teuthology.orchestra.run.smithi039.stdout:/usr/bin/ceph: stderr
2024-03-16T09:57:39.872+0000 7f97a6a00700 1 -- 172.21.15.39:0/3210771254 >> [v2:172.21.15.39:3300/0,v1:172.21.15.39:6789/0] conn(0x7f97b4109db0 msgr2=0x7f97b419ddd0 secure :-1 s=STATE_CONNECTION_ESTABLISHED l=1).mark_down
2024-03-16T09:57:40.619 INFO:teuthology.orchestra.run.smithi039.stdout:/usr/bin/ceph: stderr
2024-03-16T09:57:39.872+0000 7f97a6a00700 1 --2- 172.21.15.39:0/3210771254 >> [v2:172.21.15.39:3300/0,v1:172.21.15.39:6789/0] conn(0x7f97b4109db0 0x7f97b419ddd0 secure :-1 s=READY pgs=38 cs=0 l=1 rev1=1 crypto rx=0x7f97a8011850 tx=0x7f97a8011c10 comp rx=0 tx=0).stop
2024-03-16T09:57:40.619 INFO:teuthology.orchestra.run.smithi039.stdout:/usr/bin/ceph: stderr
2024-03-16T09:57:39.872+0000 7f97a6a00700 1 -- 172.21.15.39:0/3210771254 shutdown_connections
2024-03-16T09:57:40.619 INFO:teuthology.orchestra.run.smithi039.stdout:/usr/bin/ceph: stderr
2024-03-16T09:57:39.872+0000 7f97a6a00700 1 --2- 172.21.15.39:0/3210771254 >> [v2:172.21.15.39:6800/1974903299,v1:172.21.15.39:6801/1974903299] conn(0x7f979c038f70 0x7f979c03b430 unknown :-1 s=CLOSED pgs=7 cs=0 l=1 rev1=1 crypto rx=0 tx=0 comp rx=0 tx=0).stop
2024-03-16T09:57:40.619 INFO:teuthology.orchestra.run.smithi039.stdout:/usr/bin/ceph: stderr
2024-03-16T09:57:39.872+0000 7f97a6a00700 1 --2- 172.21.15.39:0/3210771254 >> [v2:172.21.15.39:3300/0,v1:172.21.15.39:6789/0] conn(0x7f97b4109db0 0x7f97b419ddd0 unknown :-1 s=CLOSED pgs=38 cs=0 l=1 rev1=1 crypto rx=0 tx=0 comp rx=0 tx=0).stop
2024-03-16T09:57:40.619 INFO:teuthology.orchestra.run.smithi039.stdout:/usr/bin/ceph: stderr
2024-03-16T09:57:39.872+0000 7f97a6a00700 1 -- 172.21.15.39:0/3210771254 >> 172.21.15.39:0/3210771254 conn(0x7f97b407d150 msgr2=0x7f97b41074d0 unknown :-1 s=STATE_NONE l=0).mark_down
2024-03-16T09:57:40.619 INFO:teuthology.orchestra.run.smithi039.stdout:/usr/bin/ceph: stderr
2024-03-16T09:57:39.873+0000 7f97a6a00700 1 -- 172.21.15.39:0/3210771254 shutdown_connections
2024-03-16T09:57:40.619 INFO:teuthology.orchestra.run.smithi039.stdout:/usr/bin/ceph: stderr
2024-03-16T09:57:39.873+0000 7f97a6a00700 1 -- 172.21.15.39:0/3210771254 wait complete.
2024-03-16T09:57:42.098 INFO:teuthology.orchestra.run.smithi039.stdout:/usr/bin/ceph: stdout value unchanged
2024-03-16T09:57:42.100 INFO:teuthology.orchestra.run.smithi039.stdout:/usr/bin/ceph: stderr
2024-03-16T09:57:41.172+0000 7fdce3000700 1 Processor -- start
2024-03-16T09:57:42.100 INFO:teuthology.orchestra.run.smithi039.stdout:/usr/bin/ceph: stderr
2024-03-16T09:57:41.172+0000 7fdce3000700 1 -- start start
2024-03-16T09:57:42.100 INFO:teuthology.orchestra.run.smithi039.stdout:/usr/bin/ceph: stderr
2024-03-16T09:57:41.173+0000 7fdce3000700 1 --2- >> [v2:172.21.15.39:3300/0,v1:172.21.15.39:6789/0] conn(0x7fdcdc106400 0x7fdcdc106820 unknown :-1 s=NONE pgs=0 cs=0 l=0 rev1=0 crypto rx=0 tx=0 comp rx=0 tx=0).connect
2024-03-16T09:57:42.100 INFO:teuthology.orchestra.run.smithi039.stdout:/usr/bin/ceph: stderr
2024-03-16T09:57:41.173+0000 7fdce3000700 1 -- --> [v2:172.21.15.39:3300/0,v1:172.21.15.39:6789/0] -- mon_getmap magic: 0 -- 0x7fdcdc106d60 con 0x7fdcdc106400
2024-03-16T09:57:42.100 INFO:teuthology.orchestra.run.smithi039.stdout:/usr/bin/ceph: stderr
2024-03-16T09:57:41.173+0000 7fdcdbe00700 1 --2- >> [v2:172.21.15.39:3300/0,v1:172.21.15.39:6789/0] conn(0x7fdcdc106400 0x7fdcdc106820 unknown :-1 s=BANNER_CONNECTING pgs=0 cs=0 l=0 rev1=0 crypto rx=0 tx=0 comp rx=0 tx=0)._handle_peer_banner_payload supported=3 required=0
2024-03-16T09:57:42.100 INFO:teuthology.orchestra.run.smithi039.stdout:/usr/bin/ceph: stderr
2024-03-16T09:57:41.173+0000 7fdcdbe00700 1 --2- >> [v2:172.21.15.39:3300/0,v1:172.21.15.39:6789/0] conn(0x7fdcdc106400 0x7fdcdc106820 unknown :-1 s=HELLO_CONNECTING pgs=0 cs=0 l=0 rev1=1 crypto rx=0 tx=0 comp rx=0 tx=0).handle_hello peer v2:172.21.15.39:3300/0 says I am v2:172.21.15.39:38674/0 (socket says 172.21.15.39:38674)
2024-03-16T09:57:42.100 INFO:teuthology.orchestra.run.smithi039.stdout:/usr/bin/ceph: stderr
2024-03-16T09:57:41.173+0000 7fdcdbe00700 1 -- 172.21.15.39:0/1482693512 learned_addr learned my addr 172.21.15.39:0/1482693512 (peer_addr_for_me v2:172.21.15.39:0/0)
2024-03-16T09:57:42.100 INFO:teuthology.orchestra.run.smithi039.stdout:/usr/bin/ceph: stderr
2024-03-16T09:57:41.174+0000 7fdcdbe00700 1 -- 172.21.15.39:0/1482693512 --> [v2:172.21.15.39:3300/0,v1:172.21.15.39:6789/0] -- mon_subscribe({config=0+,monmap=0+}) -- 0x7fdcdc106ee0 con 0x7fdcdc106400
2024-03-16T09:57:42.100 INFO:teuthology.orchestra.run.smithi039.stdout:/usr/bin/ceph: stderr
2024-03-16T09:57:41.174+0000 7fdcdbe00700 1 --2- 172.21.15.39:0/1482693512 >> [v2:172.21.15.39:3300/0,v1:172.21.15.39:6789/0] conn(0x7fdcdc106400 0x7fdcdc106820 secure :-1 s=READY pgs=39 cs=0 l=1 rev1=1 crypto rx=0x7fdccc0098a0 tx=0x7fdccc009bb0 comp rx=0 tx=0).ready entity=mon.0 client_cookie=2788ad11de12a768 server_cookie=0 in_seq=0 out_seq=0
2024-03-16T09:57:42.100 INFO:teuthology.orchestra.run.smithi039.stdout:/usr/bin/ceph: stderr
2024-03-16T09:57:41.174+0000 7fdcdaa00700 1 -- 172.21.15.39:0/1482693512 <== mon.0 v2:172.21.15.39:3300/0 1 ==== mon_map magic: 0 ==== 205+0+0 (secure 0 0 0) 0x7fdccc004160 con 0x7fdcdc106400
2024-03-16T09:57:42.103 INFO:teuthology.orchestra.run.smithi039.stdout:/usr/bin/ceph: stderr
2024-03-16T09:57:41.174+0000 7fdcdaa00700 1 -- 172.21.15.39:0/1482693512 <== mon.0 v2:172.21.15.39:3300/0 2 ==== config(27 keys) ==== 1109+0+0 (secure 0 0 0) 0x7fdccc004300 con 0x7fdcdc106400
2024-03-16T09:57:42.103 INFO:teuthology.orchestra.run.smithi039.stdout:/usr/bin/ceph: stderr
2024-03-16T09:57:41.174+0000 7fdcdaa00700 1 -- 172.21.15.39:0/1482693512 <== mon.0 v2:172.21.15.39:3300/0 3 ==== mon_map magic: 0 ==== 205+0+0 (secure 0 0 0) 0x7fdccc011b50 con 0x7fdcdc106400
2024-03-16T09:57:42.103 INFO:teuthology.orchestra.run.smithi039.stdout:/usr/bin/ceph: stderr
2024-03-16T09:57:41.175+0000 7fdce3000700 1 -- 172.21.15.39:0/1482693512 >> [v2:172.21.15.39:3300/0,v1:172.21.15.39:6789/0] conn(0x7fdcdc106400 msgr2=0x7fdcdc106820 secure :-1 s=STATE_CONNECTION_ESTABLISHED l=1).mark_down
2024-03-16T09:57:42.103 INFO:teuthology.orchestra.run.smithi039.stdout:/usr/bin/ceph: stderr
2024-03-16T09:57:41.175+0000 7fdce3000700 1 --2- 172.21.15.39:0/1482693512 >> [v2:172.21.15.39:3300/0,v1:172.21.15.39:6789/0] conn(0x7fdcdc106400 0x7fdcdc106820 secure :-1 s=READY pgs=39 cs=0 l=1 rev1=1 crypto rx=0x7fdccc0098a0 tx=0x7fdccc009bb0 comp rx=0 tx=0).stop
2024-03-16T09:57:42.103 INFO:teuthology.orchestra.run.smithi039.stdout:/usr/bin/ceph: stderr
2024-03-16T09:57:41.175+0000 7fdce3000700 1 -- 172.21.15.39:0/1482693512 shutdown_connections
2024-03-16T09:57:42.103 INFO:teuthology.orchestra.run.smithi039.stdout:/usr/bin/ceph: stderr
2024-03-16T09:57:41.175+0000 7fdce3000700 1 --2- 172.21.15.39:0/1482693512 >> [v2:172.21.15.39:3300/0,v1:172.21.15.39:6789/0] conn(0x7fdcdc106400 0x7fdcdc106820 unknown :-1 s=CLOSED pgs=39 cs=0 l=1 rev1=1 crypto rx=0 tx=0 comp rx=0 tx=0).stop
2024-03-16T09:57:42.103 INFO:teuthology.orchestra.run.smithi039.stdout:/usr/bin/ceph: stderr
2024-03-16T09:57:41.175+0000 7fdce3000700 1 -- 172.21.15.39:0/1482693512 >> 172.21.15.39:0/1482693512 conn(0x7fdcdc102000 msgr2=0x7fdcdc104480 unknown :-1 s=STATE_NONE l=0).mark_down
2024-03-16T09:57:42.103 INFO:teuthology.orchestra.run.smithi039.stdout:/usr/bin/ceph: stderr
2024-03-16T09:57:41.175+0000 7fdce3000700 1 -- 172.21.15.39:0/1482693512 shutdown_connections
2024-03-16T09:57:42.103 INFO:teuthology.orchestra.run.smithi039.stdout:/usr/bin/ceph: stderr
2024-03-16T09:57:41.175+0000 7fdce3000700 1 -- 172.21.15.39:0/1482693512 wait complete.
2024-03-16T09:57:42.103 INFO:teuthology.orchestra.run.smithi039.stdout:/usr/bin/ceph: stderr
2024-03-16T09:57:41.176+0000 7fdce3000700 1 Processor -- start
2024-03-16T09:57:42.103 INFO:teuthology.orchestra.run.smithi039.stdout:/usr/bin/ceph: stderr
2024-03-16T09:57:41.176+0000 7fdce3000700 1 -- start start
2024-03-16T09:57:42.103 INFO:teuthology.orchestra.run.smithi039.stdout:/usr/bin/ceph: stderr
2024-03-16T09:57:41.177+0000 7fdce3000700 1 --2- >> [v2:172.21.15.39:3300/0,v1:172.21.15.39:6789/0] conn(0x7fdcdc106400 0x7fdcdc19de70 unknown :-1 s=NONE pgs=0 cs=0 l=1 rev1=0 crypto rx=0 tx=0 comp rx=0 tx=0).connect
2024-03-16T09:57:42.104 INFO:teuthology.orchestra.run.smithi039.stdout:/usr/bin/ceph: stderr
2024-03-16T09:57:41.177+0000 7fdce3000700 1 -- --> [v2:172.21.15.39:3300/0,v1:172.21.15.39:6789/0] -- mon_getmap magic: 0 -- 0x7fdcdc107f70 con 0x7fdcdc106400
2024-03-16T09:57:42.104 INFO:teuthology.orchestra.run.smithi039.stdout:/usr/bin/ceph: stderr
2024-03-16T09:57:41.177+0000 7fdcdbe00700 1 --2- >> [v2:172.21.15.39:3300/0,v1:172.21.15.39:6789/0] conn(0x7fdcdc106400 0x7fdcdc19de70 unknown :-1 s=BANNER_CONNECTING pgs=0 cs=0 l=1 rev1=0 crypto rx=0 tx=0 comp rx=0 tx=0)._handle_peer_banner_payload supported=3 required=0
2024-03-16T09:57:42.104 INFO:teuthology.orchestra.run.smithi039.stdout:/usr/bin/ceph: stderr
2024-03-16T09:57:41.177+0000 7fdcdbe00700 1 --2- >> [v2:172.21.15.39:3300/0,v1:172.21.15.39:6789/0] conn(0x7fdcdc106400 0x7fdcdc19de70 unknown :-1 s=HELLO_CONNECTING pgs=0 cs=0 l=1 rev1=1 crypto rx=0 tx=0 comp rx=0 tx=0).handle_hello peer v2:172.21.15.39:3300/0 says I am v2:172.21.15.39:38676/0 (socket says 172.21.15.39:38676)
2024-03-16T09:57:42.104 INFO:teuthology.orchestra.run.smithi039.stdout:/usr/bin/ceph: stderr
2024-03-16T09:57:41.177+0000 7fdcdbe00700 1 -- 172.21.15.39:0/730219003 learned_addr learned my addr 172.21.15.39:0/730219003 (peer_addr_for_me v2:172.21.15.39:0/0)
2024-03-16T09:57:42.107 INFO:teuthology.orchestra.run.smithi039.stdout:/usr/bin/ceph: stderr
2024-03-16T09:57:41.177+0000 7fdcdbe00700 1 -- 172.21.15.39:0/730219003 --> [v2:172.21.15.39:3300/0,v1:172.21.15.39:6789/0] -- mon_subscribe({config=0+,monmap=0+}) -- 0x7fdcdc19e3b0 con 0x7fdcdc106400
2024-03-16T09:57:42.107 INFO:teuthology.orchestra.run.smithi039.stdout:/usr/bin/ceph: stderr
2024-03-16T09:57:41.178+0000 7fdcdbe00700 1 --2- 172.21.15.39:0/730219003 >> [v2:172.21.15.39:3300/0,v1:172.21.15.39:6789/0] conn(0x7fdcdc106400 0x7fdcdc19de70 secure :-1 s=READY pgs=40 cs=0 l=1 rev1=1 crypto rx=0x7fdccc011b60 tx=0x7fdccc011c40 comp rx=0 tx=0).ready entity=mon.0 client_cookie=0 server_cookie=0 in_seq=0 out_seq=0
2024-03-16T09:57:42.107 INFO:teuthology.orchestra.run.smithi039.stdout:/usr/bin/ceph: stderr
2024-03-16T09:57:41.178+0000 7fdcd8c00700 1 -- 172.21.15.39:0/730219003 <== mon.0 v2:172.21.15.39:3300/0 1 ==== mon_map magic: 0 ==== 205+0+0 (secure 0 0 0) 0x7fdccc003970 con 0x7fdcdc106400
2024-03-16T09:57:42.107 INFO:teuthology.orchestra.run.smithi039.stdout:/usr/bin/ceph: stderr
2024-03-16T09:57:41.178+0000 7fdcd8c00700 1 -- 172.21.15.39:0/730219003 <== mon.0 v2:172.21.15.39:3300/0 2 ==== config(27 keys) ==== 1109+0+0 (secure 0 0 0) 0x7fdccc003b10 con 0x7fdcdc106400
2024-03-16T09:57:42.107 INFO:teuthology.orchestra.run.smithi039.stdout:/usr/bin/ceph: stderr
2024-03-16T09:57:41.178+0000 7fdce3000700 1 -- 172.21.15.39:0/730219003 --> [v2:172.21.15.39:3300/0,v1:172.21.15.39:6789/0] -- mon_subscribe({mgrmap=0+}) -- 0x7fdcdc19e640 con 0x7fdcdc106400
2024-03-16T09:57:42.107 INFO:teuthology.orchestra.run.smithi039.stdout:/usr/bin/ceph: stderr
2024-03-16T09:57:41.178+0000 7fdcd8c00700 1 -- 172.21.15.39:0/730219003 <== mon.0 v2:172.21.15.39:3300/0 3 ==== mon_map magic: 0 ==== 205+0+0 (secure 0 0 0) 0x7fdccc024610 con 0x7fdcdc106400
2024-03-16T09:57:42.107 INFO:teuthology.orchestra.run.smithi039.stdout:/usr/bin/ceph: stderr
2024-03-16T09:57:41.178+0000 7fdce3000700 1 -- 172.21.15.39:0/730219003 --> [v2:172.21.15.39:3300/0,v1:172.21.15.39:6789/0] -- mon_subscribe({osdmap=0}) -- 0x7fdcdc1a1330 con 0x7fdcdc106400
2024-03-16T09:57:42.108 INFO:teuthology.orchestra.run.smithi039.stdout:/usr/bin/ceph: stderr
2024-03-16T09:57:41.179+0000 7fdcd8c00700 1 -- 172.21.15.39:0/730219003 <== mon.0 v2:172.21.15.39:3300/0 4 ==== mgrmap(e 8) ==== 46106+0+0 (secure 0 0 0) 0x7fdccc01a9f0 con 0x7fdcdc106400
2024-03-16T09:57:42.108 INFO:teuthology.orchestra.run.smithi039.stdout:/usr/bin/ceph: stderr
2024-03-16T09:57:41.179+0000 7fdce3000700 1 -- 172.21.15.39:0/730219003 --> [v2:172.21.15.39:3300/0,v1:172.21.15.39:6789/0] -- mon_command({"prefix": "get_command_descriptions"} v 0) -- 0x7fdcdc063900 con 0x7fdcdc106400
2024-03-16T09:57:42.108 INFO:teuthology.orchestra.run.smithi039.stdout:/usr/bin/ceph: stderr
2024-03-16T09:57:41.180+0000 7fdcd8c00700 1 --2- 172.21.15.39:0/730219003 >> [v2:172.21.15.39:6800/1974903299,v1:172.21.15.39:6801/1974903299] conn(0x7fdcc0038f70 0x7fdcc003b430 unknown :-1 s=NONE pgs=0 cs=0 l=1 rev1=0 crypto rx=0 tx=0 comp rx=0 tx=0).connect
2024-03-16T09:57:42.108 INFO:teuthology.orchestra.run.smithi039.stdout:/usr/bin/ceph: stderr
2024-03-16T09:57:41.180+0000 7fdcd8c00700 1 -- 172.21.15.39:0/730219003 <== mon.0 v2:172.21.15.39:3300/0 5 ==== osd_map(2..2 src has 1..2) ==== 940+0+0 (secure 0 0 0) 0x7fdccc011e00 con 0x7fdcdc106400
2024-03-16T09:57:42.108 INFO:teuthology.orchestra.run.smithi039.stdout:/usr/bin/ceph: stderr
2024-03-16T09:57:41.180+0000 7fdcdb400700 1 --2- 172.21.15.39:0/730219003 >> [v2:172.21.15.39:6800/1974903299,v1:172.21.15.39:6801/1974903299] conn(0x7fdcc0038f70 0x7fdcc003b430 unknown :-1 s=BANNER_CONNECTING pgs=0 cs=0 l=1 rev1=0 crypto rx=0 tx=0 comp rx=0 tx=0)._handle_peer_banner_payload supported=3 required=0
2024-03-16T09:57:42.108 INFO:teuthology.orchestra.run.smithi039.stdout:/usr/bin/ceph: stderr
2024-03-16T09:57:41.181+0000 7fdcdb400700 1 --2- 172.21.15.39:0/730219003 >> [v2:172.21.15.39:6800/1974903299,v1:172.21.15.39:6801/1974903299] conn(0x7fdcc0038f70 0x7fdcc003b430 secure :-1 s=READY pgs=8 cs=0 l=1 rev1=1 crypto rx=0x7fdcc8006fd0 tx=0x7fdcc8006e40 comp rx=0 tx=0).ready entity=mgr.14120 client_cookie=0 server_cookie=0 in_seq=0 out_seq=0
2024-03-16T09:57:42.108 INFO:teuthology.orchestra.run.smithi039.stdout:/usr/bin/ceph: stderr
2024-03-16T09:57:41.186+0000 7fdcd8c00700 1 -- 172.21.15.39:0/730219003 <== mon.0 v2:172.21.15.39:3300/0 6 ==== mon_command_ack([{"prefix": "get_command_descriptions"}]=0 v0) ==== 72+0+186149 (secure 0 0 0) 0x7fdccc019e10 con 0x7fdcdc106400
2024-03-16T09:57:42.108 INFO:teuthology.orchestra.run.smithi039.stdout:/usr/bin/ceph: stderr
2024-03-16T09:57:41.417+0000 7fdce3000700 1 -- 172.21.15.39:0/730219003 --> [v2:172.21.15.39:6800/1974903299,v1:172.21.15.39:6801/1974903299] -- mgr_command(tid 0: {"prefix": "cephadm set-user", "user": "root", "target": ["mon-mgr", ""]}) -- 0x7fdcdc02dda0 con 0x7fdcc0038f70
2024-03-16T09:57:42.108 INFO:teuthology.orchestra.run.smithi039.stdout:/usr/bin/ceph: stderr
2024-03-16T09:57:41.419+0000 7fdcd8c00700 1 -- 172.21.15.39:0/730219003 <== mgr.14120 v2:172.21.15.39:6800/1974903299 1 ==== mgr_command_reply(tid 0: 0 ) ==== 8+0+16 (secure 0 0 0) 0x7fdcdc02dda0 con 0x7fdcc0038f70
2024-03-16T09:57:42.108 INFO:teuthology.orchestra.run.smithi039.stdout:/usr/bin/ceph: stderr
2024-03-16T09:57:41.422+0000 7fdce3000700 1 -- 172.21.15.39:0/730219003 >> [v2:172.21.15.39:6800/1974903299,v1:172.21.15.39:6801/1974903299] conn(0x7fdcc0038f70 msgr2=0x7fdcc003b430 secure :-1 s=STATE_CONNECTION_ESTABLISHED l=1).mark_down
2024-03-16T09:57:42.108 INFO:teuthology.orchestra.run.smithi039.stdout:/usr/bin/ceph: stderr
2024-03-16T09:57:41.422+0000 7fdce3000700 1 --2- 172.21.15.39:0/730219003 >> [v2:172.21.15.39:6800/1974903299,v1:172.21.15.39:6801/1974903299] conn(0x7fdcc0038f70 0x7fdcc003b430 secure :-1 s=READY pgs=8 cs=0 l=1 rev1=1 crypto rx=0x7fdcc8006fd0 tx=0x7fdcc8006e40 comp rx=0 tx=0).stop
2024-03-16T09:57:42.108 INFO:teuthology.orchestra.run.smithi039.stdout:/usr/bin/ceph: stderr
2024-03-16T09:57:41.423+0000 7fdce3000700 1 -- 172.21.15.39:0/730219003 >> [v2:172.21.15.39:3300/0,v1:172.21.15.39:6789/0] conn(0x7fdcdc106400 msgr2=0x7fdcdc19de70 secure :-1 s=STATE_CONNECTION_ESTABLISHED l=1).mark_down
2024-03-16T09:57:42.108 INFO:teuthology.orchestra.run.smithi039.stdout:/usr/bin/ceph: stderr
2024-03-16T09:57:41.423+0000 7fdce3000700 1 --2- 172.21.15.39:0/730219003 >> [v2:172.21.15.39:3300/0,v1:172.21.15.39:6789/0] conn(0x7fdcdc106400 0x7fdcdc19de70 secure :-1 s=READY pgs=40 cs=0 l=1 rev1=1 crypto rx=0x7fdccc011b60 tx=0x7fdccc011c40 comp rx=0 tx=0).stop
2024-03-16T09:57:42.108 INFO:teuthology.orchestra.run.smithi039.stdout:/usr/bin/ceph: stderr
2024-03-16T09:57:41.423+0000 7fdce3000700 1 -- 172.21.15.39:0/730219003 shutdown_connections
2024-03-16T09:57:42.109 INFO:teuthology.orchestra.run.smithi039.stdout:/usr/bin/ceph: stderr
2024-03-16T09:57:41.423+0000 7fdce3000700 1 --2- 172.21.15.39:0/730219003 >> [v2:172.21.15.39:6800/1974903299,v1:172.21.15.39:6801/1974903299] conn(0x7fdcc0038f70 0x7fdcc003b430 unknown :-1 s=CLOSED pgs=8 cs=0 l=1 rev1=1 crypto rx=0 tx=0 comp rx=0 tx=0).stop
2024-03-16T09:57:42.109 INFO:teuthology.orchestra.run.smithi039.stdout:/usr/bin/ceph: stderr
2024-03-16T09:57:41.423+0000 7fdce3000700 1 --2- 172.21.15.39:0/730219003 >> [v2:172.21.15.39:3300/0,v1:172.21.15.39:6789/0] conn(0x7fdcdc106400 0x7fdcdc19de70 unknown :-1 s=CLOSED pgs=40 cs=0 l=1 rev1=1 crypto rx=0 tx=0 comp rx=0 tx=0).stop
2024-03-16T09:57:42.109 INFO:teuthology.orchestra.run.smithi039.stdout:/usr/bin/ceph: stderr
2024-03-16T09:57:41.423+0000 7fdce3000700 1 -- 172.21.15.39:0/730219003 >> 172.21.15.39:0/730219003 conn(0x7fdcdc102000 msgr2=0x7fdcdc194a50 unknown :-1 s=STATE_NONE l=0).mark_down
2024-03-16T09:57:42.109 INFO:teuthology.orchestra.run.smithi039.stdout:/usr/bin/ceph: stderr
2024-03-16T09:57:41.423+0000 7fdce3000700 1 -- 172.21.15.39:0/730219003 shutdown_connections
2024-03-16T09:57:42.109 INFO:teuthology.orchestra.run.smithi039.stdout:/usr/bin/ceph: stderr
2024-03-16T09:57:41.423+0000 7fdce3000700 1 -- 172.21.15.39:0/730219003 wait complete.
2024-03-16T09:57:42.109 INFO:teuthology.orchestra.run.smithi039.stdout:Generating ssh key...
2024-03-16T09:57:42.455 INFO:journalctl@ceph.mon.a.smithi039.stdout:Mar 16 09:57:42 smithi039 ceph-mon[31510]: from='client.14134 -' entity='client.admin' cmd=[{"prefix": "cephadm set-user", "user": "root", "target": ["mon-mgr", ""]}]: dispatch
2024-03-16T09:57:43.456 INFO:journalctl@ceph.mgr.x.smithi039.stdout:Mar 16 09:57:43 smithi039 ceph-65a28618-e37b-11ee-95c9-87774f69a715-mgr-x[31749]: Generating public/private rsa key pair.
2024-03-16T09:57:43.457 INFO:journalctl@ceph.mgr.x.smithi039.stdout:Mar 16 09:57:43 smithi039 ceph-65a28618-e37b-11ee-95c9-87774f69a715-mgr-x[31749]: Your identification has been saved in /tmp/tmpyxatw6go/key.
2024-03-16T09:57:43.457 INFO:journalctl@ceph.mgr.x.smithi039.stdout:Mar 16 09:57:43 smithi039 ceph-65a28618-e37b-11ee-95c9-87774f69a715-mgr-x[31749]: Your public key has been saved in /tmp/tmpyxatw6go/key.pub.
2024-03-16T09:57:43.457 INFO:journalctl@ceph.mgr.x.smithi039.stdout:Mar 16 09:57:43 smithi039 ceph-65a28618-e37b-11ee-95c9-87774f69a715-mgr-x[31749]: The key fingerprint is:
2024-03-16T09:57:43.457 INFO:journalctl@ceph.mgr.x.smithi039.stdout:Mar 16 09:57:43 smithi039 ceph-65a28618-e37b-11ee-95c9-87774f69a715-mgr-x[31749]: SHA256:qw8gJrB2YXnpy3MEEJngFLC0mq6bbG3nc7emOVT4ZdQ ceph-65a28618-e37b-11ee-95c9-87774f69a715
2024-03-16T09:57:43.457 INFO:journalctl@ceph.mgr.x.smithi039.stdout:Mar 16 09:57:43 smithi039 ceph-65a28618-e37b-11ee-95c9-87774f69a715-mgr-x[31749]: The key's randomart image is:
2024-03-16T09:57:43.457 INFO:journalctl@ceph.mgr.x.smithi039.stdout:Mar 16 09:57:43 smithi039 ceph-65a28618-e37b-11ee-95c9-87774f69a715-mgr-x[31749]: +---[RSA 3072]----+
2024-03-16T09:57:43.457 INFO:journalctl@ceph.mgr.x.smithi039.stdout:Mar 16 09:57:43 smithi039 ceph-65a28618-e37b-11ee-95c9-87774f69a715-mgr-x[31749]: |o=oo+ . |
2024-03-16T09:57:43.457 INFO:journalctl@ceph.mgr.x.smithi039.stdout:Mar 16 09:57:43 smithi039 ceph-65a28618-e37b-11ee-95c9-87774f69a715-mgr-x[31749]: |+..oo . . E |
2024-03-16T09:57:43.457 INFO:journalctl@ceph.mgr.x.smithi039.stdout:Mar 16 09:57:43 smithi039 ceph-65a28618-e37b-11ee-95c9-87774f69a715-mgr-x[31749]: |oo + + . . |
2024-03-16T09:57:43.457 INFO:journalctl@ceph.mgr.x.smithi039.stdout:Mar 16 09:57:43 smithi039 ceph-65a28618-e37b-11ee-95c9-87774f69a715-mgr-x[31749]: |oo. + .. . o |
2024-03-16T09:57:43.457 INFO:journalctl@ceph.mgr.x.smithi039.stdout:Mar 16 09:57:43 smithi039 ceph-65a28618-e37b-11ee-95c9-87774f69a715-mgr-x[31749]: |=.o... .S o |
2024-03-16T09:57:43.457 INFO:journalctl@ceph.mgr.x.smithi039.stdout:Mar 16 09:57:43 smithi039 ceph-65a28618-e37b-11ee-95c9-87774f69a715-mgr-x[31749]: |oo....o. o |
2024-03-16T09:57:43.457 INFO:journalctl@ceph.mgr.x.smithi039.stdout:Mar 16 09:57:43 smithi039 ceph-65a28618-e37b-11ee-95c9-87774f69a715-mgr-x[31749]: | .. +o.. |
2024-03-16T09:57:43.457 INFO:journalctl@ceph.mgr.x.smithi039.stdout:Mar 16 09:57:43 smithi039 ceph-65a28618-e37b-11ee-95c9-87774f69a715-mgr-x[31749]: |oo o oo=.o |
2024-03-16T09:57:43.457 INFO:journalctl@ceph.mgr.x.smithi039.stdout:Mar 16 09:57:43 smithi039 ceph-65a28618-e37b-11ee-95c9-87774f69a715-mgr-x[31749]: |=o. o.++*.. |
2024-03-16T09:57:43.458 INFO:journalctl@ceph.mgr.x.smithi039.stdout:Mar 16 09:57:43 smithi039 ceph-65a28618-e37b-11ee-95c9-87774f69a715-mgr-x[31749]: +----[SHA256]-----+
2024-03-16T09:57:43.759 INFO:teuthology.orchestra.run.smithi039.stdout:/usr/bin/ceph: stderr
2024-03-16T09:57:42.720+0000 7f7f52800700 1 Processor -- start
2024-03-16T09:57:43.766 INFO:teuthology.orchestra.run.smithi039.stdout:/usr/bin/ceph: stderr
2024-03-16T09:57:42.720+0000 7f7f52800700 1 -- start start
2024-03-16T09:57:43.766 INFO:teuthology.orchestra.run.smithi039.stdout:/usr/bin/ceph: stderr
2024-03-16T09:57:42.721+0000 7f7f52800700 1 --2- >> [v2:172.21.15.39:3300/0,v1:172.21.15.39:6789/0] conn(0x7f7f4c07de40 0x7f7f4c07c2a0 unknown :-1 s=NONE pgs=0 cs=0 l=0 rev1=0 crypto rx=0 tx=0 comp rx=0 tx=0).connect
2024-03-16T09:57:43.766 INFO:teuthology.orchestra.run.smithi039.stdout:/usr/bin/ceph: stderr
2024-03-16T09:57:42.721+0000 7f7f52800700 1 -- --> [v2:172.21.15.39:3300/0,v1:172.21.15.39:6789/0] -- mon_getmap magic: 0 -- 0x7f7f4c07c870 con 0x7f7f4c07de40
2024-03-16T09:57:43.766 INFO:teuthology.orchestra.run.smithi039.stdout:/usr/bin/ceph: stderr
2024-03-16T09:57:42.721+0000 7f7f4b400700 1 --2- >> [v2:172.21.15.39:3300/0,v1:172.21.15.39:6789/0] conn(0x7f7f4c07de40 0x7f7f4c07c2a0 unknown :-1 s=BANNER_CONNECTING pgs=0 cs=0 l=0 rev1=0 crypto rx=0 tx=0 comp rx=0 tx=0)._handle_peer_banner_payload supported=3 required=0
2024-03-16T09:57:43.766 INFO:teuthology.orchestra.run.smithi039.stdout:/usr/bin/ceph: stderr
2024-03-16T09:57:42.721+0000 7f7f4b400700 1 --2- >> [v2:172.21.15.39:3300/0,v1:172.21.15.39:6789/0] conn(0x7f7f4c07de40 0x7f7f4c07c2a0 unknown :-1 s=HELLO_CONNECTING pgs=0 cs=0 l=0 rev1=1 crypto rx=0 tx=0 comp rx=0 tx=0).handle_hello peer v2:172.21.15.39:3300/0 says I am v2:172.21.15.39:38682/0 (socket says 172.21.15.39:38682)
2024-03-16T09:57:43.767 INFO:teuthology.orchestra.run.smithi039.stdout:/usr/bin/ceph: stderr
2024-03-16T09:57:42.721+0000 7f7f4b400700 1 -- 172.21.15.39:0/3624005056 learned_addr learned my addr 172.21.15.39:0/3624005056 (peer_addr_for_me v2:172.21.15.39:0/0)
2024-03-16T09:57:43.767 INFO:teuthology.orchestra.run.smithi039.stdout:/usr/bin/ceph: stderr
