2024-03-16T10:08:01.161+0000 7f6fd844a700 1 -- 172.21.15.77:0/983968834 --> [v2:172.21.15.77:6800/1427985582,v1:172.21.15.77:6801/1427985582] -- mgr_command(tid 0: {"prefix": "dashboard create-self-signed-cert", "target": ["mon-mgr", ""]}) -- 0x7f6fd0062710 con 0x7f6fbc038e50
2024-03-16T10:08:01.737 INFO:teuthology.orchestra.run.smithi077.stdout:/usr/bin/ceph: stderr
2024-03-16T10:08:01.252+0000 7f6fc77fe700 1 -- 172.21.15.77:0/983968834 <== mgr.14152 v2:172.21.15.77:6800/1427985582 1 ==== mgr_command_reply(tid 0: 0 ) ==== 8+0+32 (secure 0 0 0) 0x7f6fd0062710 con 0x7f6fbc038e50
2024-03-16T10:08:01.737 INFO:teuthology.orchestra.run.smithi077.stdout:/usr/bin/ceph: stderr
2024-03-16T10:08:01.254+0000 7f6fd844a700 1 -- 172.21.15.77:0/983968834 >> [v2:172.21.15.77:6800/1427985582,v1:172.21.15.77:6801/1427985582] conn(0x7f6fbc038e50 msgr2=0x7f6fbc03b310 secure :-1 s=STATE_CONNECTION_ESTABLISHED l=1).mark_down
2024-03-16T10:08:01.737 INFO:teuthology.orchestra.run.smithi077.stdout:/usr/bin/ceph: stderr
2024-03-16T10:08:01.254+0000 7f6fd844a700 1 --2- 172.21.15.77:0/983968834 >> [v2:172.21.15.77:6800/1427985582,v1:172.21.15.77:6801/1427985582] conn(0x7f6fbc038e50 0x7f6fbc03b310 secure :-1 s=READY pgs=7 cs=0 l=1 rev1=1 crypto rx=0x7f6fc0006fd0 tx=0x7f6fc0006e40 comp rx=0 tx=0).stop
2024-03-16T10:08:01.737 INFO:teuthology.orchestra.run.smithi077.stdout:/usr/bin/ceph: stderr
2024-03-16T10:08:01.254+0000 7f6fd844a700 1 -- 172.21.15.77:0/983968834 >> [v2:172.21.15.77:3300/0,v1:172.21.15.77:6789/0] conn(0x7f6fd01081b0 msgr2=0x7f6fd019dda0 secure :-1 s=STATE_CONNECTION_ESTABLISHED l=1).mark_down
2024-03-16T10:08:01.737 INFO:teuthology.orchestra.run.smithi077.stdout:/usr/bin/ceph: stderr
2024-03-16T10:08:01.254+0000 7f6fd844a700 1 --2- 172.21.15.77:0/983968834 >> [v2:172.21.15.77:3300/0,v1:172.21.15.77:6789/0] conn(0x7f6fd01081b0 0x7f6fd019dda0 secure :-1 s=READY pgs=71 cs=0 l=1 rev1=1 crypto rx=0x7f6fcc0117e0 tx=0x7f6fcc011ba0 comp rx=0 tx=0).stop
2024-03-16T10:08:01.737 INFO:teuthology.orchestra.run.smithi077.stdout:/usr/bin/ceph: stderr
2024-03-16T10:08:01.254+0000 7f6fd844a700 1 -- 172.21.15.77:0/983968834 shutdown_connections
2024-03-16T10:08:01.738 INFO:teuthology.orchestra.run.smithi077.stdout:/usr/bin/ceph: stderr
2024-03-16T10:08:01.255+0000 7f6fd844a700 1 --2- 172.21.15.77:0/983968834 >> [v2:172.21.15.77:6800/1427985582,v1:172.21.15.77:6801/1427985582] conn(0x7f6fbc038e50 0x7f6fbc03b310 unknown :-1 s=CLOSED pgs=7 cs=0 l=1 rev1=1 crypto rx=0 tx=0 comp rx=0 tx=0).stop
2024-03-16T10:08:01.738 INFO:teuthology.orchestra.run.smithi077.stdout:/usr/bin/ceph: stderr
2024-03-16T10:08:01.255+0000 7f6fd844a700 1 --2- 172.21.15.77:0/983968834 >> [v2:172.21.15.77:3300/0,v1:172.21.15.77:6789/0] conn(0x7f6fd01081b0 0x7f6fd019dda0 unknown :-1 s=CLOSED pgs=71 cs=0 l=1 rev1=1 crypto rx=0 tx=0 comp rx=0 tx=0).stop
2024-03-16T10:08:01.738 INFO:teuthology.orchestra.run.smithi077.stdout:/usr/bin/ceph: stderr
2024-03-16T10:08:01.255+0000 7f6fd844a700 1 -- 172.21.15.77:0/983968834 >> 172.21.15.77:0/983968834 conn(0x7f6fd01018d0 msgr2=0x7f6fd0194460 unknown :-1 s=STATE_NONE l=0).mark_down
2024-03-16T10:08:01.738 INFO:teuthology.orchestra.run.smithi077.stdout:/usr/bin/ceph: stderr
2024-03-16T10:08:01.255+0000 7f6fd844a700 1 -- 172.21.15.77:0/983968834 shutdown_connections
2024-03-16T10:08:01.738 INFO:teuthology.orchestra.run.smithi077.stdout:/usr/bin/ceph: stderr
2024-03-16T10:08:01.255+0000 7f6fd844a700 1 -- 172.21.15.77:0/983968834 wait complete.
2024-03-16T10:08:01.738 INFO:teuthology.orchestra.run.smithi077.stdout:Creating initial admin user...
2024-03-16T10:08:02.586 INFO:journalctl@ceph.mon.a.smithi077.stdout:Mar 16 10:08:02 smithi077 ceph-mon[32400]: from='client.14164 -' entity='client.admin' cmd=[{"prefix": "dashboard create-self-signed-cert", "target": ["mon-mgr", ""]}]: dispatch
2024-03-16T10:08:02.586 INFO:journalctl@ceph.mon.a.smithi077.stdout:Mar 16 10:08:02 smithi077 ceph-mon[32400]: from='mgr.14152 172.21.15.77:0/2450491629' entity='mgr.x'
2024-03-16T10:08:02.586 INFO:journalctl@ceph.mon.a.smithi077.stdout:Mar 16 10:08:02 smithi077 ceph-mon[32400]: from='mgr.14152 172.21.15.77:0/2450491629' entity='mgr.x'
2024-03-16T10:08:02.586 INFO:journalctl@ceph.mon.a.smithi077.stdout:Mar 16 10:08:02 smithi077 ceph-mon[32400]: mgrmap e12: x(active, since 2s)
2024-03-16T10:08:02.586 INFO:journalctl@ceph.mon.a.smithi077.stdout:Mar 16 10:08:02 smithi077 ceph-mon[32400]: from='mgr.14152 172.21.15.77:0/2450491629' entity='mgr.x'
2024-03-16T10:08:03.107 INFO:teuthology.orchestra.run.smithi077.stdout:/usr/bin/ceph: stdout {"username": "admin", "password": "$2b$12$QyQ.y0gTGEvJUhBzQNxBRuyR/B0ldrLqwC89EIp/z9H.2uLVrPND.", "roles": ["administrator"], "name": null, "email": null, "lastUpdate": 1710583682, "enabled": true, "pwdExpirationDate": null, "pwdUpdateRequired": true}
2024-03-16T10:08:03.108 INFO:teuthology.orchestra.run.smithi077.stdout:/usr/bin/ceph: stderr
2024-03-16T10:08:02.121+0000 7f55f3a5a700 1 Processor -- start
2024-03-16T10:08:03.108 INFO:teuthology.orchestra.run.smithi077.stdout:/usr/bin/ceph: stderr
2024-03-16T10:08:02.121+0000 7f55f3a5a700 1 -- start start
2024-03-16T10:08:03.108 INFO:teuthology.orchestra.run.smithi077.stdout:/usr/bin/ceph: stderr
2024-03-16T10:08:02.121+0000 7f55f3a5a700 1 --2- >> [v2:172.21.15.77:3300/0,v1:172.21.15.77:6789/0] conn(0x7f55ec107ca0 0x7f55ec1080c0 unknown :-1 s=NONE pgs=0 cs=0 l=0 rev1=0 crypto rx=0 tx=0 comp rx=0 tx=0).connect
2024-03-16T10:08:03.108 INFO:teuthology.orchestra.run.smithi077.stdout:/usr/bin/ceph: stderr
2024-03-16T10:08:02.121+0000 7f55f3a5a700 1 -- --> [v2:172.21.15.77:3300/0,v1:172.21.15.77:6789/0] -- mon_getmap magic: 0 -- 0x7f55ec108690 con 0x7f55ec107ca0
2024-03-16T10:08:03.108 INFO:teuthology.orchestra.run.smithi077.stdout:/usr/bin/ceph: stderr
2024-03-16T10:08:02.122+0000 7f55f17f6700 1 --2- >> [v2:172.21.15.77:3300/0,v1:172.21.15.77:6789/0] conn(0x7f55ec107ca0 0x7f55ec1080c0 unknown :-1 s=BANNER_CONNECTING pgs=0 cs=0 l=0 rev1=0 crypto rx=0 tx=0 comp rx=0 tx=0)._handle_peer_banner_payload supported=3 required=0
2024-03-16T10:08:03.108 INFO:teuthology.orchestra.run.smithi077.stdout:/usr/bin/ceph: stderr
2024-03-16T10:08:02.122+0000 7f55f17f6700 1 --2- >> [v2:172.21.15.77:3300/0,v1:172.21.15.77:6789/0] conn(0x7f55ec107ca0 0x7f55ec1080c0 unknown :-1 s=HELLO_CONNECTING pgs=0 cs=0 l=0 rev1=1 crypto rx=0 tx=0 comp rx=0 tx=0).handle_hello peer v2:172.21.15.77:3300/0 says I am v2:172.21.15.77:40946/0 (socket says 172.21.15.77:40946)
2024-03-16T10:08:03.108 INFO:teuthology.orchestra.run.smithi077.stdout:/usr/bin/ceph: stderr
2024-03-16T10:08:02.122+0000 7f55f17f6700 1 -- 172.21.15.77:0/688708026 learned_addr learned my addr 172.21.15.77:0/688708026 (peer_addr_for_me v2:172.21.15.77:0/0)
2024-03-16T10:08:03.108 INFO:teuthology.orchestra.run.smithi077.stdout:/usr/bin/ceph: stderr
2024-03-16T10:08:02.122+0000 7f55f17f6700 1 -- 172.21.15.77:0/688708026 --> [v2:172.21.15.77:3300/0,v1:172.21.15.77:6789/0] -- mon_subscribe({config=0+,monmap=0+}) -- 0x7f55ec108ea0 con 0x7f55ec107ca0
2024-03-16T10:08:03.108 INFO:teuthology.orchestra.run.smithi077.stdout:/usr/bin/ceph: stderr
2024-03-16T10:08:02.122+0000 7f55f17f6700 1 --2- 172.21.15.77:0/688708026 >> [v2:172.21.15.77:3300/0,v1:172.21.15.77:6789/0] conn(0x7f55ec107ca0 0x7f55ec1080c0 secure :-1 s=READY pgs=72 cs=0 l=1 rev1=1 crypto rx=0x7f55e80098a0 tx=0x7f55e8009bb0 comp rx=0 tx=0).ready entity=mon.0 client_cookie=29d21312167c6766 server_cookie=0 in_seq=0 out_seq=0
2024-03-16T10:08:03.108 INFO:teuthology.orchestra.run.smithi077.stdout:/usr/bin/ceph: stderr
2024-03-16T10:08:02.122+0000 7f55e3fff700 1 -- 172.21.15.77:0/688708026 <== mon.0 v2:172.21.15.77:3300/0 1 ==== mon_map magic: 0 ==== 205+0+0 (secure 0 0 0) 0x7f55e8004160 con 0x7f55ec107ca0
2024-03-16T10:08:03.108 INFO:teuthology.orchestra.run.smithi077.stdout:/usr/bin/ceph: stderr
2024-03-16T10:08:02.122+0000 7f55e3fff700 1 -- 172.21.15.77:0/688708026 <== mon.0 v2:172.21.15.77:3300/0 2 ==== config(27 keys) ==== 1140+0+0 (secure 0 0 0) 0x7f55e8004300 con 0x7f55ec107ca0
2024-03-16T10:08:03.108 INFO:teuthology.orchestra.run.smithi077.stdout:/usr/bin/ceph: stderr
2024-03-16T10:08:02.122+0000 7f55e3fff700 1 -- 172.21.15.77:0/688708026 <== mon.0 v2:172.21.15.77:3300/0 3 ==== mon_map magic: 0 ==== 205+0+0 (secure 0 0 0) 0x7f55e8011b20 con 0x7f55ec107ca0
2024-03-16T10:08:03.109 INFO:teuthology.orchestra.run.smithi077.stdout:/usr/bin/ceph: stderr
2024-03-16T10:08:02.123+0000 7f55f3a5a700 1 -- 172.21.15.77:0/688708026 >> [v2:172.21.15.77:3300/0,v1:172.21.15.77:6789/0] conn(0x7f55ec107ca0 msgr2=0x7f55ec1080c0 secure :-1 s=STATE_CONNECTION_ESTABLISHED l=1).mark_down
2024-03-16T10:08:03.109 INFO:teuthology.orchestra.run.smithi077.stdout:/usr/bin/ceph: stderr
2024-03-16T10:08:02.123+0000 7f55f3a5a700 1 --2- 172.21.15.77:0/688708026 >> [v2:172.21.15.77:3300/0,v1:172.21.15.77:6789/0] conn(0x7f55ec107ca0 0x7f55ec1080c0 secure :-1 s=READY pgs=72 cs=0 l=1 rev1=1 crypto rx=0x7f55e80098a0 tx=0x7f55e8009bb0 comp rx=0 tx=0).stop
2024-03-16T10:08:03.109 INFO:teuthology.orchestra.run.smithi077.stdout:/usr/bin/ceph: stderr
2024-03-16T10:08:02.123+0000 7f55f3a5a700 1 -- 172.21.15.77:0/688708026 shutdown_connections
2024-03-16T10:08:03.109 INFO:teuthology.orchestra.run.smithi077.stdout:/usr/bin/ceph: stderr
2024-03-16T10:08:02.123+0000 7f55f3a5a700 1 --2- 172.21.15.77:0/688708026 >> [v2:172.21.15.77:3300/0,v1:172.21.15.77:6789/0] conn(0x7f55ec107ca0 0x7f55ec1080c0 unknown :-1 s=CLOSED pgs=72 cs=0 l=1 rev1=1 crypto rx=0 tx=0 comp rx=0 tx=0).stop
2024-03-16T10:08:03.109 INFO:teuthology.orchestra.run.smithi077.stdout:/usr/bin/ceph: stderr
2024-03-16T10:08:02.123+0000 7f55f3a5a700 1 -- 172.21.15.77:0/688708026 >> 172.21.15.77:0/688708026 conn(0x7f55ec103260 msgr2=0x7f55ec105680 unknown :-1 s=STATE_NONE l=0).mark_down
2024-03-16T10:08:03.109 INFO:teuthology.orchestra.run.smithi077.stdout:/usr/bin/ceph: stderr
2024-03-16T10:08:02.123+0000 7f55f3a5a700 1 -- 172.21.15.77:0/688708026 shutdown_connections
2024-03-16T10:08:03.109 INFO:teuthology.orchestra.run.smithi077.stdout:/usr/bin/ceph: stderr
2024-03-16T10:08:02.123+0000 7f55f3a5a700 1 -- 172.21.15.77:0/688708026 wait complete.
2024-03-16T10:08:03.109 INFO:teuthology.orchestra.run.smithi077.stdout:/usr/bin/ceph: stderr
2024-03-16T10:08:02.124+0000 7f55f3a5a700 1 Processor -- start
2024-03-16T10:08:03.109 INFO:teuthology.orchestra.run.smithi077.stdout:/usr/bin/ceph: stderr
2024-03-16T10:08:02.124+0000 7f55f3a5a700 1 -- start start
2024-03-16T10:08:03.109 INFO:teuthology.orchestra.run.smithi077.stdout:/usr/bin/ceph: stderr
2024-03-16T10:08:02.124+0000 7f55f3a5a700 1 --2- >> [v2:172.21.15.77:3300/0,v1:172.21.15.77:6789/0] conn(0x7f55ec107ca0 0x7f55ec07db20 unknown :-1 s=NONE pgs=0 cs=0 l=1 rev1=0 crypto rx=0 tx=0 comp rx=0 tx=0).connect
2024-03-16T10:08:03.109 INFO:teuthology.orchestra.run.smithi077.stdout:/usr/bin/ceph: stderr
2024-03-16T10:08:02.124+0000 7f55f3a5a700 1 -- --> [v2:172.21.15.77:3300/0,v1:172.21.15.77:6789/0] -- mon_getmap magic: 0 -- 0x7f55ec10c250 con 0x7f55ec107ca0
2024-03-16T10:08:03.109 INFO:teuthology.orchestra.run.smithi077.stdout:/usr/bin/ceph: stderr
2024-03-16T10:08:02.124+0000 7f55f17f6700 1 --2- >> [v2:172.21.15.77:3300/0,v1:172.21.15.77:6789/0] conn(0x7f55ec107ca0 0x7f55ec07db20 unknown :-1 s=BANNER_CONNECTING pgs=0 cs=0 l=1 rev1=0 crypto rx=0 tx=0 comp rx=0 tx=0)._handle_peer_banner_payload supported=3 required=0
2024-03-16T10:08:03.109 INFO:teuthology.orchestra.run.smithi077.stdout:/usr/bin/ceph: stderr
2024-03-16T10:08:02.124+0000 7f55f17f6700 1 --2- >> [v2:172.21.15.77:3300/0,v1:172.21.15.77:6789/0] conn(0x7f55ec107ca0 0x7f55ec07db20 unknown :-1 s=HELLO_CONNECTING pgs=0 cs=0 l=1 rev1=1 crypto rx=0 tx=0 comp rx=0 tx=0).handle_hello peer v2:172.21.15.77:3300/0 says I am v2:172.21.15.77:40958/0 (socket says 172.21.15.77:40958)
2024-03-16T10:08:03.110 INFO:teuthology.orchestra.run.smithi077.stdout:/usr/bin/ceph: stderr
2024-03-16T10:08:02.124+0000 7f55f17f6700 1 -- 172.21.15.77:0/704336201 learned_addr learned my addr 172.21.15.77:0/704336201 (peer_addr_for_me v2:172.21.15.77:0/0)
2024-03-16T10:08:03.110 INFO:teuthology.orchestra.run.smithi077.stdout:/usr/bin/ceph: stderr
2024-03-16T10:08:02.124+0000 7f55f17f6700 1 -- 172.21.15.77:0/704336201 --> [v2:172.21.15.77:3300/0,v1:172.21.15.77:6789/0] -- mon_subscribe({config=0+,monmap=0+}) -- 0x7f55ec07e060 con 0x7f55ec107ca0
2024-03-16T10:08:03.110 INFO:teuthology.orchestra.run.smithi077.stdout:/usr/bin/ceph: stderr
2024-03-16T10:08:02.124+0000 7f55f17f6700 1 --2- 172.21.15.77:0/704336201 >> [v2:172.21.15.77:3300/0,v1:172.21.15.77:6789/0] conn(0x7f55ec107ca0 0x7f55ec07db20 secure :-1 s=READY pgs=73 cs=0 l=1 rev1=1 crypto rx=0x7f55e80117e0 tx=0x7f55e8011c10 comp rx=0 tx=0).ready entity=mon.0 client_cookie=0 server_cookie=0 in_seq=0 out_seq=0
2024-03-16T10:08:03.110 INFO:teuthology.orchestra.run.smithi077.stdout:/usr/bin/ceph: stderr
2024-03-16T10:08:02.124+0000 7f55e27fc700 1 -- 172.21.15.77:0/704336201 <== mon.0 v2:172.21.15.77:3300/0 1 ==== mon_map magic: 0 ==== 205+0+0 (secure 0 0 0) 0x7f55e8003bf0 con 0x7f55ec107ca0
2024-03-16T10:08:03.110 INFO:teuthology.orchestra.run.smithi077.stdout:/usr/bin/ceph: stderr
2024-03-16T10:08:02.124+0000 7f55e27fc700 1 -- 172.21.15.77:0/704336201 <== mon.0 v2:172.21.15.77:3300/0 2 ==== config(27 keys) ==== 1140+0+0 (secure 0 0 0) 0x7f55e801a910 con 0x7f55ec107ca0
2024-03-16T10:08:03.110 INFO:teuthology.orchestra.run.smithi077.stdout:/usr/bin/ceph: stderr
2024-03-16T10:08:02.124+0000 7f55f3a5a700 1 -- 172.21.15.77:0/704336201 --> [v2:172.21.15.77:3300/0,v1:172.21.15.77:6789/0] -- mon_subscribe({mgrmap=0+}) -- 0x7f55ec07c2a0 con 0x7f55ec107ca0
2024-03-16T10:08:03.110 INFO:teuthology.orchestra.run.smithi077.stdout:/usr/bin/ceph: stderr
2024-03-16T10:08:02.124+0000 7f55e27fc700 1 -- 172.21.15.77:0/704336201 <== mon.0 v2:172.21.15.77:3300/0 3 ==== mon_map magic: 0 ==== 205+0+0 (secure 0 0 0) 0x7f55e80249a0 con 0x7f55ec107ca0
2024-03-16T10:08:03.110 INFO:teuthology.orchestra.run.smithi077.stdout:/usr/bin/ceph: stderr
2024-03-16T10:08:02.124+0000 7f55f3a5a700 1 -- 172.21.15.77:0/704336201 --> [v2:172.21.15.77:3300/0,v1:172.21.15.77:6789/0] -- mon_subscribe({osdmap=0}) -- 0x7f55ec07c700 con 0x7f55ec107ca0
2024-03-16T10:08:03.110 INFO:teuthology.orchestra.run.smithi077.stdout:/usr/bin/ceph: stderr
2024-03-16T10:08:02.125+0000 7f55e27fc700 1 -- 172.21.15.77:0/704336201 <== mon.0 v2:172.21.15.77:3300/0 4 ==== mgrmap(e 12) ==== 46119+0+0 (secure 0 0 0) 0x7f55e8022020 con 0x7f55ec107ca0
2024-03-16T10:08:03.110 INFO:teuthology.orchestra.run.smithi077.stdout:/usr/bin/ceph: stderr
2024-03-16T10:08:02.125+0000 7f55e27fc700 1 --2- 172.21.15.77:0/704336201 >> [v2:172.21.15.77:6800/1427985582,v1:172.21.15.77:6801/1427985582] conn(0x7f55d8038f80 0x7f55d803b440 unknown :-1 s=NONE pgs=0 cs=0 l=1 rev1=0 crypto rx=0 tx=0 comp rx=0 tx=0).connect
2024-03-16T10:08:03.110 INFO:teuthology.orchestra.run.smithi077.stdout:/usr/bin/ceph: stderr
2024-03-16T10:08:02.125+0000 7f55e27fc700 1 -- 172.21.15.77:0/704336201 <== mon.0 v2:172.21.15.77:3300/0 5 ==== osd_map(3..3 src has 1..3) ==== 1155+0+0 (secure 0 0 0) 0x7f55e804d2c0 con 0x7f55ec107ca0
2024-03-16T10:08:03.110 INFO:teuthology.orchestra.run.smithi077.stdout:/usr/bin/ceph: stderr
2024-03-16T10:08:02.125+0000 7f55f3a5a700 1 -- 172.21.15.77:0/704336201 --> [v2:172.21.15.77:3300/0,v1:172.21.15.77:6789/0] -- mon_command({"prefix": "get_command_descriptions"} v 0) -- 0x7f55ec063900 con 0x7f55ec107ca0
2024-03-16T10:08:03.110 INFO:teuthology.orchestra.run.smithi077.stdout:/usr/bin/ceph: stderr
2024-03-16T10:08:02.126+0000 7f55f0ff5700 1 --2- 172.21.15.77:0/704336201 >> [v2:172.21.15.77:6800/1427985582,v1:172.21.15.77:6801/1427985582] conn(0x7f55d8038f80 0x7f55d803b440 unknown :-1 s=BANNER_CONNECTING pgs=0 cs=0 l=1 rev1=0 crypto rx=0 tx=0 comp rx=0 tx=0)._handle_peer_banner_payload supported=3 required=0
2024-03-16T10:08:03.110 INFO:teuthology.orchestra.run.smithi077.stdout:/usr/bin/ceph: stderr
2024-03-16T10:08:02.126+0000 7f55f0ff5700 1 --2- 172.21.15.77:0/704336201 >> [v2:172.21.15.77:6800/1427985582,v1:172.21.15.77:6801/1427985582] conn(0x7f55d8038f80 0x7f55d803b440 secure :-1 s=READY pgs=8 cs=0 l=1 rev1=1 crypto rx=0x7f55dc006fd0 tx=0x7f55dc006e40 comp rx=0 tx=0).ready entity=mgr.14152 client_cookie=0 server_cookie=0 in_seq=0 out_seq=0
2024-03-16T10:08:03.111 INFO:teuthology.orchestra.run.smithi077.stdout:/usr/bin/ceph: stderr
2024-03-16T10:08:02.131+0000 7f55e27fc700 1 -- 172.21.15.77:0/704336201 <== mon.0 v2:172.21.15.77:3300/0 6 ==== mon_command_ack([{"prefix": "get_command_descriptions"}]=0 v0) ==== 72+0+186149 (secure 0 0 0) 0x7f55e8011e20 con 0x7f55ec107ca0
2024-03-16T10:08:03.111 INFO:teuthology.orchestra.run.smithi077.stdout:/usr/bin/ceph: stderr
2024-03-16T10:08:02.357+0000 7f55f3a5a700 1 -- 172.21.15.77:0/704336201 --> [v2:172.21.15.77:6800/1427985582,v1:172.21.15.77:6801/1427985582] -- mgr_command(tid 0: {"prefix": "dashboard ac-user-create", "username": "admin", "rolename": "administrator", "force_password": true, "pwd_update_required": true, "target": ["mon-mgr", ""]}) -- 0x7f55ec07c980 con 0x7f55d8038f80
2024-03-16T10:08:03.111 INFO:teuthology.orchestra.run.smithi077.stdout:/usr/bin/ceph: stderr
2024-03-16T10:08:02.585+0000 7f55e27fc700 1 -- 172.21.15.77:0/704336201 <== mgr.14152 v2:172.21.15.77:6800/1427985582 1 ==== mgr_command_reply(tid 0: 0 ) ==== 8+0+252 (secure 0 0 0) 0x7f55ec07c980 con 0x7f55d8038f80
2024-03-16T10:08:03.111 INFO:teuthology.orchestra.run.smithi077.stdout:/usr/bin/ceph: stderr
2024-03-16T10:08:02.587+0000 7f55f3a5a700 1 -- 172.21.15.77:0/704336201 >> [v2:172.21.15.77:6800/1427985582,v1:172.21.15.77:6801/1427985582] conn(0x7f55d8038f80 msgr2=0x7f55d803b440 secure :-1 s=STATE_CONNECTION_ESTABLISHED l=1).mark_down
2024-03-16T10:08:03.111 INFO:teuthology.orchestra.run.smithi077.stdout:/usr/bin/ceph: stderr
2024-03-16T10:08:02.587+0000 7f55f3a5a700 1 --2- 172.21.15.77:0/704336201 >> [v2:172.21.15.77:6800/1427985582,v1:172.21.15.77:6801/1427985582] conn(0x7f55d8038f80 0x7f55d803b440 secure :-1 s=READY pgs=8 cs=0 l=1 rev1=1 crypto rx=0x7f55dc006fd0 tx=0x7f55dc006e40 comp rx=0 tx=0).stop
2024-03-16T10:08:03.111 INFO:teuthology.orchestra.run.smithi077.stdout:/usr/bin/ceph: stderr
2024-03-16T10:08:02.587+0000 7f55f3a5a700 1 -- 172.21.15.77:0/704336201 >> [v2:172.21.15.77:3300/0,v1:172.21.15.77:6789/0] conn(0x7f55ec107ca0 msgr2=0x7f55ec07db20 secure :-1 s=STATE_CONNECTION_ESTABLISHED l=1).mark_down
2024-03-16T10:08:03.111 INFO:teuthology.orchestra.run.smithi077.stdout:/usr/bin/ceph: stderr
2024-03-16T10:08:02.587+0000 7f55f3a5a700 1 --2- 172.21.15.77:0/704336201 >> [v2:172.21.15.77:3300/0,v1:172.21.15.77:6789/0] conn(0x7f55ec107ca0 0x7f55ec07db20 secure :-1 s=READY pgs=73 cs=0 l=1 rev1=1 crypto rx=0x7f55e80117e0 tx=0x7f55e8011c10 comp rx=0 tx=0).stop
2024-03-16T10:08:03.111 INFO:teuthology.orchestra.run.smithi077.stdout:/usr/bin/ceph: stderr
2024-03-16T10:08:02.587+0000 7f55f3a5a700 1 -- 172.21.15.77:0/704336201 shutdown_connections
2024-03-16T10:08:03.111 INFO:teuthology.orchestra.run.smithi077.stdout:/usr/bin/ceph: stderr
2024-03-16T10:08:02.587+0000 7f55f3a5a700 1 --2- 172.21.15.77:0/704336201 >> [v2:172.21.15.77:6800/1427985582,v1:172.21.15.77:6801/1427985582] conn(0x7f55d8038f80 0x7f55d803b440 unknown :-1 s=CLOSED pgs=8 cs=0 l=1 rev1=1 crypto rx=0 tx=0 comp rx=0 tx=0).stop
2024-03-16T10:08:03.111 INFO:teuthology.orchestra.run.smithi077.stdout:/usr/bin/ceph: stderr
2024-03-16T10:08:02.587+0000 7f55f3a5a700 1 --2- 172.21.15.77:0/704336201 >> [v2:172.21.15.77:3300/0,v1:172.21.15.77:6789/0] conn(0x7f55ec107ca0 0x7f55ec07db20 unknown :-1 s=CLOSED pgs=73 cs=0 l=1 rev1=1 crypto rx=0 tx=0 comp rx=0 tx=0).stop
2024-03-16T10:08:03.111 INFO:teuthology.orchestra.run.smithi077.stdout:/usr/bin/ceph: stderr
2024-03-16T10:08:02.587+0000 7f55f3a5a700 1 -- 172.21.15.77:0/704336201 >> 172.21.15.77:0/704336201 conn(0x7f55ec103260 msgr2=0x7f55ec103e70 unknown :-1 s=STATE_NONE l=0).mark_down
2024-03-16T10:08:03.111 INFO:teuthology.orchestra.run.smithi077.stdout:/usr/bin/ceph: stderr
2024-03-16T10:08:02.587+0000 7f55f3a5a700 1 -- 172.21.15.77:0/704336201 shutdown_connections
2024-03-16T10:08:03.111 INFO:teuthology.orchestra.run.smithi077.stdout:/usr/bin/ceph: stderr
2024-03-16T10:08:02.587+0000 7f55f3a5a700 1 -- 172.21.15.77:0/704336201 wait complete.
2024-03-16T10:08:03.112 INFO:teuthology.orchestra.run.smithi077.stdout:Fetching dashboard port number...
2024-03-16T10:08:03.745 INFO:journalctl@ceph.mon.a.smithi077.stdout:Mar 16 10:08:03 smithi077 ceph-mon[32400]: from='client.14166 -' entity='client.admin' cmd=[{"prefix": "dashboard ac-user-create", "username": "admin", "rolename": "administrator", "force_password": true, "pwd_update_required": true, "target": ["mon-mgr", ""]}]: dispatch
2024-03-16T10:08:03.745 INFO:journalctl@ceph.mon.a.smithi077.stdout:Mar 16 10:08:03 smithi077 ceph-mon[32400]: from='mgr.14152 172.21.15.77:0/2450491629' entity='mgr.x'
2024-03-16T10:08:04.365 INFO:teuthology.orchestra.run.smithi077.stdout:/usr/bin/ceph: stdout 8443
2024-03-16T10:08:04.366 INFO:teuthology.orchestra.run.smithi077.stdout:/usr/bin/ceph: stderr
2024-03-16T10:08:03.475+0000 7fcc3ac48700 1 Processor -- start
2024-03-16T10:08:04.366 INFO:teuthology.orchestra.run.smithi077.stdout:/usr/bin/ceph: stderr
2024-03-16T10:08:03.475+0000 7fcc3ac48700 1 -- start start
2024-03-16T10:08:04.366 INFO:teuthology.orchestra.run.smithi077.stdout:/usr/bin/ceph: stderr
2024-03-16T10:08:03.476+0000 7fcc3ac48700 1 --2- >> [v2:172.21.15.77:3300/0,v1:172.21.15.77:6789/0] conn(0x7fcc34108200 0x7fcc34108620 unknown :-1 s=NONE pgs=0 cs=0 l=0 rev1=0 crypto rx=0 tx=0 comp rx=0 tx=0).connect
2024-03-16T10:08:04.366 INFO:teuthology.orchestra.run.smithi077.stdout:/usr/bin/ceph: stderr
2024-03-16T10:08:03.476+0000 7fcc3ac48700 1 -- --> [v2:172.21.15.77:3300/0,v1:172.21.15.77:6789/0] -- mon_getmap magic: 0 -- 0x7fcc34108bf0 con 0x7fcc34108200
2024-03-16T10:08:04.366 INFO:teuthology.orchestra.run.smithi077.stdout:/usr/bin/ceph: stderr
2024-03-16T10:08:03.476+0000 7fcc389e4700 1 --2- >> [v2:172.21.15.77:3300/0,v1:172.21.15.77:6789/0] conn(0x7fcc34108200 0x7fcc34108620 unknown :-1 s=BANNER_CONNECTING pgs=0 cs=0 l=0 rev1=0 crypto rx=0 tx=0 comp rx=0 tx=0)._handle_peer_banner_payload supported=3 required=0
2024-03-16T10:08:04.367 INFO:teuthology.orchestra.run.smithi077.stdout:/usr/bin/ceph: stderr
2024-03-16T10:08:03.476+0000 7fcc389e4700 1 --2- >> [v2:172.21.15.77:3300/0,v1:172.21.15.77:6789/0] conn(0x7fcc34108200 0x7fcc34108620 unknown :-1 s=HELLO_CONNECTING pgs=0 cs=0 l=0 rev1=1 crypto rx=0 tx=0 comp rx=0 tx=0).handle_hello peer v2:172.21.15.77:3300/0 says I am v2:172.21.15.77:40970/0 (socket says 172.21.15.77:40970)
2024-03-16T10:08:04.367 INFO:teuthology.orchestra.run.smithi077.stdout:/usr/bin/ceph: stderr
2024-03-16T10:08:03.476+0000 7fcc389e4700 1 -- 172.21.15.77:0/279320158 learned_addr learned my addr 172.21.15.77:0/279320158 (peer_addr_for_me v2:172.21.15.77:0/0)
2024-03-16T10:08:04.367 INFO:teuthology.orchestra.run.smithi077.stdout:/usr/bin/ceph: stderr
2024-03-16T10:08:03.476+0000 7fcc389e4700 1 -- 172.21.15.77:0/279320158 --> [v2:172.21.15.77:3300/0,v1:172.21.15.77:6789/0] -- mon_subscribe({config=0+,monmap=0+}) -- 0x7fcc34106eb0 con 0x7fcc34108200
2024-03-16T10:08:04.367 INFO:teuthology.orchestra.run.smithi077.stdout:/usr/bin/ceph: stderr
2024-03-16T10:08:03.476+0000 7fcc389e4700 1 --2- 172.21.15.77:0/279320158 >> [v2:172.21.15.77:3300/0,v1:172.21.15.77:6789/0] conn(0x7fcc34108200 0x7fcc34108620 secure :-1 s=READY pgs=74 cs=0 l=1 rev1=1 crypto rx=0x7fcc280098a0 tx=0x7fcc28009bb0 comp rx=0 tx=0).ready entity=mon.0 client_cookie=6d4fd97ef5629415 server_cookie=0 in_seq=0 out_seq=0
2024-03-16T10:08:04.367 INFO:teuthology.orchestra.run.smithi077.stdout:/usr/bin/ceph: stderr
2024-03-16T10:08:03.476+0000 7fcc337fe700 1 -- 172.21.15.77:0/279320158 <== mon.0 v2:172.21.15.77:3300/0 1 ==== mon_map magic: 0 ==== 205+0+0 (secure 0 0 0) 0x7fcc28004160 con 0x7fcc34108200
2024-03-16T10:08:04.367 INFO:teuthology.orchestra.run.smithi077.stdout:/usr/bin/ceph: stderr
2024-03-16T10:08:03.477+0000 7fcc337fe700 1 -- 172.21.15.77:0/279320158 <== mon.0 v2:172.21.15.77:3300/0 2 ==== config(27 keys) ==== 1140+0+0 (secure 0 0 0) 0x7fcc28004300 con 0x7fcc34108200
2024-03-16T10:08:04.367 INFO:teuthology.orchestra.run.smithi077.stdout:/usr/bin/ceph: stderr
2024-03-16T10:08:03.477+0000 7fcc337fe700 1 -- 172.21.15.77:0/279320158 <== mon.0 v2:172.21.15.77:3300/0 3 ==== mon_map magic: 0 ==== 205+0+0 (secure 0 0 0) 0x7fcc28011b20 con 0x7fcc34108200
2024-03-16T10:08:04.367 INFO:teuthology.orchestra.run.smithi077.stdout:/usr/bin/ceph: stderr
2024-03-16T10:08:03.477+0000 7fcc3ac48700 1 -- 172.21.15.77:0/279320158 >> [v2:172.21.15.77:3300/0,v1:172.21.15.77:6789/0] conn(0x7fcc34108200 msgr2=0x7fcc34108620 secure :-1 s=STATE_CONNECTION_ESTABLISHED l=1).mark_down
2024-03-16T10:08:04.367 INFO:teuthology.orchestra.run.smithi077.stdout:/usr/bin/ceph: stderr
2024-03-16T10:08:03.477+0000 7fcc3ac48700 1 --2- 172.21.15.77:0/279320158 >> [v2:172.21.15.77:3300/0,v1:172.21.15.77:6789/0] conn(0x7fcc34108200 0x7fcc34108620 secure :-1 s=READY pgs=74 cs=0 l=1 rev1=1 crypto rx=0x7fcc280098a0 tx=0x7fcc28009bb0 comp rx=0 tx=0).stop
2024-03-16T10:08:04.367 INFO:teuthology.orchestra.run.smithi077.stdout:/usr/bin/ceph: stderr
2024-03-16T10:08:03.478+0000 7fcc3ac48700 1 -- 172.21.15.77:0/279320158 shutdown_connections
2024-03-16T10:08:04.367 INFO:teuthology.orchestra.run.smithi077.stdout:/usr/bin/ceph: stderr
2024-03-16T10:08:03.478+0000 7fcc3ac48700 1 --2- 172.21.15.77:0/279320158 >> [v2:172.21.15.77:3300/0,v1:172.21.15.77:6789/0] conn(0x7fcc34108200 0x7fcc34108620 unknown :-1 s=CLOSED pgs=74 cs=0 l=1 rev1=1 crypto rx=0 tx=0 comp rx=0 tx=0).stop
2024-03-16T10:08:04.367 INFO:teuthology.orchestra.run.smithi077.stdout:/usr/bin/ceph: stderr
2024-03-16T10:08:03.478+0000 7fcc3ac48700 1 -- 172.21.15.77:0/279320158 >> 172.21.15.77:0/279320158 conn(0x7fcc34101a00 msgr2=0x7fcc34103e20 unknown :-1 s=STATE_NONE l=0).mark_down
2024-03-16T10:08:04.367 INFO:teuthology.orchestra.run.smithi077.stdout:/usr/bin/ceph: stderr
2024-03-16T10:08:03.478+0000 7fcc3ac48700 1 -- 172.21.15.77:0/279320158 shutdown_connections
2024-03-16T10:08:04.367 INFO:teuthology.orchestra.run.smithi077.stdout:/usr/bin/ceph: stderr
2024-03-16T10:08:03.478+0000 7fcc3ac48700 1 -- 172.21.15.77:0/279320158 wait complete.
2024-03-16T10:08:04.368 INFO:teuthology.orchestra.run.smithi077.stdout:/usr/bin/ceph: stderr
2024-03-16T10:08:03.478+0000 7fcc3ac48700 1 Processor -- start
2024-03-16T10:08:04.368 INFO:teuthology.orchestra.run.smithi077.stdout:/usr/bin/ceph: stderr
2024-03-16T10:08:03.478+0000 7fcc3ac48700 1 -- start start
2024-03-16T10:08:04.368 INFO:teuthology.orchestra.run.smithi077.stdout:/usr/bin/ceph: stderr
2024-03-16T10:08:03.478+0000 7fcc3ac48700 1 --2- >> [v2:172.21.15.77:3300/0,v1:172.21.15.77:6789/0] conn(0x7fcc34108200 0x7fcc3419bf70 unknown :-1 s=NONE pgs=0 cs=0 l=1 rev1=0 crypto rx=0 tx=0 comp rx=0 tx=0).connect
2024-03-16T10:08:04.368 INFO:teuthology.orchestra.run.smithi077.stdout:/usr/bin/ceph: stderr
2024-03-16T10:08:03.478+0000 7fcc3ac48700 1 -- --> [v2:172.21.15.77:3300/0,v1:172.21.15.77:6789/0] -- mon_getmap magic: 0 -- 0x7fcc34105da0 con 0x7fcc34108200
2024-03-16T10:08:04.368 INFO:teuthology.orchestra.run.smithi077.stdout:/usr/bin/ceph: stderr
2024-03-16T10:08:03.478+0000 7fcc389e4700 1 --2- >> [v2:172.21.15.77:3300/0,v1:172.21.15.77:6789/0] conn(0x7fcc34108200 0x7fcc3419bf70 unknown :-1 s=BANNER_CONNECTING pgs=0 cs=0 l=1 rev1=0 crypto rx=0 tx=0 comp rx=0 tx=0)._handle_peer_banner_payload supported=3 required=0
2024-03-16T10:08:04.368 INFO:teuthology.orchestra.run.smithi077.stdout:/usr/bin/ceph: stderr
2024-03-16T10:08:03.479+0000 7fcc389e4700 1 --2- >> [v2:172.21.15.77:3300/0,v1:172.21.15.77:6789/0] conn(0x7fcc34108200 0x7fcc3419bf70 unknown :-1 s=HELLO_CONNECTING pgs=0 cs=0 l=1 rev1=1 crypto rx=0 tx=0 comp rx=0 tx=0).handle_hello peer v2:172.21.15.77:3300/0 says I am v2:172.21.15.77:40974/0 (socket says 172.21.15.77:40974)
2024-03-16T10:08:04.368 INFO:teuthology.orchestra.run.smithi077.stdout:/usr/bin/ceph: stderr
2024-03-16T10:08:03.479+0000 7fcc389e4700 1 -- 172.21.15.77:0/864755326 learned_addr learned my addr 172.21.15.77:0/864755326 (peer_addr_for_me v2:172.21.15.77:0/0)
2024-03-16T10:08:04.368 INFO:teuthology.orchestra.run.smithi077.stdout:/usr/bin/ceph: stderr
2024-03-16T10:08:03.479+0000 7fcc389e4700 1 -- 172.21.15.77:0/864755326 --> [v2:172.21.15.77:3300/0,v1:172.21.15.77:6789/0] -- mon_subscribe({config=0+,monmap=0+}) -- 0x7fcc3419c4b0 con 0x7fcc34108200
2024-03-16T10:08:04.368 INFO:teuthology.orchestra.run.smithi077.stdout:/usr/bin/ceph: stderr
2024-03-16T10:08:03.479+0000 7fcc389e4700 1 --2- 172.21.15.77:0/864755326 >> [v2:172.21.15.77:3300/0,v1:172.21.15.77:6789/0] conn(0x7fcc34108200 0x7fcc3419bf70 secure :-1 s=READY pgs=75 cs=0 l=1 rev1=1 crypto rx=0x7fcc280117e0 tx=0x7fcc28011ba0 comp rx=0 tx=0).ready entity=mon.0 client_cookie=0 server_cookie=0 in_seq=0 out_seq=0
2024-03-16T10:08:04.368 INFO:teuthology.orchestra.run.smithi077.stdout:/usr/bin/ceph: stderr
2024-03-16T10:08:03.479+0000 7fcc31ffb700 1 -- 172.21.15.77:0/864755326 <== mon.0 v2:172.21.15.77:3300/0 1 ==== mon_map magic: 0 ==== 205+0+0 (secure 0 0 0) 0x7fcc28003bf0 con 0x7fcc34108200
2024-03-16T10:08:04.368 INFO:teuthology.orchestra.run.smithi077.stdout:/usr/bin/ceph: stderr
2024-03-16T10:08:03.479+0000 7fcc31ffb700 1 -- 172.21.15.77:0/864755326 <== mon.0 v2:172.21.15.77:3300/0 2 ==== config(27 keys) ==== 1140+0+0 (secure 0 0 0) 0x7fcc2801a910 con 0x7fcc34108200
2024-03-16T10:08:04.368 INFO:teuthology.orchestra.run.smithi077.stdout:/usr/bin/ceph: stderr
2024-03-16T10:08:03.479+0000 7fcc3ac48700 1 -- 172.21.15.77:0/864755326 --> [v2:172.21.15.77:3300/0,v1:172.21.15.77:6789/0] -- mon_subscribe({mgrmap=0+}) -- 0x7fcc3419c740 con 0x7fcc34108200
2024-03-16T10:08:04.368 INFO:teuthology.orchestra.run.smithi077.stdout:/usr/bin/ceph: stderr
2024-03-16T10:08:03.479+0000 7fcc31ffb700 1 -- 172.21.15.77:0/864755326 <== mon.0 v2:172.21.15.77:3300/0 3 ==== mon_map magic: 0 ==== 205+0+0 (secure 0 0 0) 0x7fcc28024970 con 0x7fcc34108200
2024-03-16T10:08:04.368 INFO:teuthology.orchestra.run.smithi077.stdout:/usr/bin/ceph: stderr
2024-03-16T10:08:03.479+0000 7fcc3ac48700 1 -- 172.21.15.77:0/864755326 --> [v2:172.21.15.77:3300/0,v1:172.21.15.77:6789/0] -- mon_subscribe({osdmap=0}) -- 0x7fcc3419cba0 con 0x7fcc34108200
2024-03-16T10:08:04.368 INFO:teuthology.orchestra.run.smithi077.stdout:/usr/bin/ceph: stderr
2024-03-16T10:08:03.480+0000 7fcc31ffb700 1 -- 172.21.15.77:0/864755326 <== mon.0 v2:172.21.15.77:3300/0 4 ==== mgrmap(e 12) ==== 46119+0+0 (secure 0 0 0) 0x7fcc28022020 con 0x7fcc34108200
2024-03-16T10:08:04.369 INFO:teuthology.orchestra.run.smithi077.stdout:/usr/bin/ceph: stderr
2024-03-16T10:08:03.480+0000 7fcc31ffb700 1 --2- 172.21.15.77:0/864755326 >> [v2:172.21.15.77:6800/1427985582,v1:172.21.15.77:6801/1427985582] conn(0x7fcc24038f70 0x7fcc2403b430 unknown :-1 s=NONE pgs=0 cs=0 l=1 rev1=0 crypto rx=0 tx=0 comp rx=0 tx=0).connect
2024-03-16T10:08:04.369 INFO:teuthology.orchestra.run.smithi077.stdout:/usr/bin/ceph: stderr
2024-03-16T10:08:03.480+0000 7fcc31ffb700 1 -- 172.21.15.77:0/864755326 <== mon.0 v2:172.21.15.77:3300/0 5 ==== osd_map(3..3 src has 1..3) ==== 1155+0+0 (secure 0 0 0) 0x7fcc2804d8d0 con 0x7fcc34108200
2024-03-16T10:08:04.369 INFO:teuthology.orchestra.run.smithi077.stdout:/usr/bin/ceph: stderr
2024-03-16T10:08:03.480+0000 7fcc3ac48700 1 -- 172.21.15.77:0/864755326 --> [v2:172.21.15.77:3300/0,v1:172.21.15.77:6789/0] -- mon_command({"prefix": "get_command_descriptions"} v 0) -- 0x7fcc34063900 con 0x7fcc34108200
2024-03-16T10:08:04.369 INFO:teuthology.orchestra.run.smithi077.stdout:/usr/bin/ceph: stderr
2024-03-16T10:08:03.480+0000 7fcc33fff700 1 --2- 172.21.15.77:0/864755326 >> [v2:172.21.15.77:6800/1427985582,v1:172.21.15.77:6801/1427985582] conn(0x7fcc24038f70 0x7fcc2403b430 unknown :-1 s=BANNER_CONNECTING pgs=0 cs=0 l=1 rev1=0 crypto rx=0 tx=0 comp rx=0 tx=0)._handle_peer_banner_payload supported=3 required=0
2024-03-16T10:08:04.369 INFO:teuthology.orchestra.run.smithi077.stdout:/usr/bin/ceph: stderr
2024-03-16T10:08:03.481+0000 7fcc33fff700 1 --2- 172.21.15.77:0/864755326 >> [v2:172.21.15.77:6800/1427985582,v1:172.21.15.77:6801/1427985582] conn(0x7fcc24038f70 0x7fcc2403b430 secure :-1 s=READY pgs=9 cs=0 l=1 rev1=1 crypto rx=0x7fcc20006fd0 tx=0x7fcc20006e40 comp rx=0 tx=0).ready entity=mgr.14152 client_cookie=0 server_cookie=0 in_seq=0 out_seq=0
2024-03-16T10:08:04.369 INFO:teuthology.orchestra.run.smithi077.stdout:/usr/bin/ceph: stderr
2024-03-16T10:08:03.485+0000 7fcc31ffb700 1 -- 172.21.15.77:0/864755326 <== mon.0 v2:172.21.15.77:3300/0 6 ==== mon_command_ack([{"prefix": "get_command_descriptions"}]=0 v0) ==== 72+0+186149 (secure 0 0 0) 0x7fcc2802cdf0 con 0x7fcc34108200
2024-03-16T10:08:04.369 INFO:teuthology.orchestra.run.smithi077.stdout:/usr/bin/ceph: stderr
2024-03-16T10:08:03.690+0000 7fcc3ac48700 1 -- 172.21.15.77:0/864755326 --> [v2:172.21.15.77:3300/0,v1:172.21.15.77:6789/0] -- mon_command({"prefix": "config get", "who": "mgr", "key": "mgr/dashboard/ssl_server_port"} v 0) -- 0x7fcc3402db70 con 0x7fcc34108200
2024-03-16T10:08:04.369 INFO:teuthology.orchestra.run.smithi077.stdout:/usr/bin/ceph: stderr
2024-03-16T10:08:03.690+0000 7fcc31ffb700 1 -- 172.21.15.77:0/864755326 <== mon.0 v2:172.21.15.77:3300/0 7 ==== mon_command_ack([{"prefix": "config get", "who": "mgr", "key": "mgr/dashboard/ssl_server_port"}]=0 v8) ==== 112+0+5 (secure 0 0 0) 0x7fcc28032030 con 0x7fcc34108200
2024-03-16T10:08:04.369 INFO:teuthology.orchestra.run.smithi077.stdout:/usr/bin/ceph: stderr
2024-03-16T10:08:03.692+0000 7fcc3ac48700 1 -- 172.21.15.77:0/864755326 >> [v2:172.21.15.77:6800/1427985582,v1:172.21.15.77:6801/1427985582] conn(0x7fcc24038f70 msgr2=0x7fcc2403b430 secure :-1 s=STATE_CONNECTION_ESTABLISHED l=1).mark_down
2024-03-16T10:08:04.369 INFO:teuthology.orchestra.run.smithi077.stdout:/usr/bin/ceph: stderr
2024-03-16T10:08:03.692+0000 7fcc3ac48700 1 --2- 172.21.15.77:0/864755326 >> [v2:172.21.15.77:6800/1427985582,v1:172.21.15.77:6801/1427985582] conn(0x7fcc24038f70 0x7fcc2403b430 secure :-1 s=READY pgs=9 cs=0 l=1 rev1=1 crypto rx=0x7fcc20006fd0 tx=0x7fcc20006e40 comp rx=0 tx=0).stop
2024-03-16T10:08:04.369 INFO:teuthology.orchestra.run.smithi077.stdout:/usr/bin/ceph: stderr
2024-03-16T10:08:03.692+0000 7fcc3ac48700 1 -- 172.21.15.77:0/864755326 >> [v2:172.21.15.77:3300/0,v1:172.21.15.77:6789/0] conn(0x7fcc34108200 msgr2=0x7fcc3419bf70 secure :-1 s=STATE_CONNECTION_ESTABLISHED l=1).mark_down
2024-03-16T10:08:04.369 INFO:teuthology.orchestra.run.smithi077.stdout:/usr/bin/ceph: stderr
2024-03-16T10:08:03.692+0000 7fcc3ac48700 1 --2- 172.21.15.77:0/864755326 >> [v2:172.21.15.77:3300/0,v1:172.21.15.77:6789/0] conn(0x7fcc34108200 0x7fcc3419bf70 secure :-1 s=READY pgs=75 cs=0 l=1 rev1=1 crypto rx=0x7fcc280117e0 tx=0x7fcc28011ba0 comp rx=0 tx=0).stop
2024-03-16T10:08:04.369 INFO:teuthology.orchestra.run.smithi077.stdout:/usr/bin/ceph: stderr
2024-03-16T10:08:03.692+0000 7fcc3ac48700 1 -- 172.21.15.77:0/864755326 shutdown_connections
2024-03-16T10:08:04.369 INFO:teuthology.orchestra.run.smithi077.stdout:/usr/bin/ceph: stderr
2024-03-16T10:08:03.692+0000 7fcc3ac48700 1 --2- 172.21.15.77:0/864755326 >> [v2:172.21.15.77:6800/1427985582,v1:172.21.15.77:6801/1427985582] conn(0x7fcc24038f70 0x7fcc2403b430 unknown :-1 s=CLOSED pgs=9 cs=0 l=1 rev1=1 crypto rx=0 tx=0 comp rx=0 tx=0).stop
2024-03-16T10:08:04.370 INFO:teuthology.orchestra.run.smithi077.stdout:/usr/bin/ceph: stderr
2024-03-16T10:08:03.692+0000 7fcc3ac48700 1 --2- 172.21.15.77:0/864755326 >> [v2:172.21.15.77:3300/0,v1:172.21.15.77:6789/0] conn(0x7fcc34108200 0x7fcc3419bf70 unknown :-1 s=CLOSED pgs=75 cs=0 l=1 rev1=1 crypto rx=0 tx=0 comp rx=0 tx=0).stop
2024-03-16T10:08:04.370 INFO:teuthology.orchestra.run.smithi077.stdout:/usr/bin/ceph: stderr
2024-03-16T10:08:03.692+0000 7fcc3ac48700 1 -- 172.21.15.77:0/864755326 >> 172.21.15.77:0/864755326 conn(0x7fcc34101a00 msgr2=0x7fcc34102420 unknown :-1 s=STATE_NONE l=0).mark_down
2024-03-16T10:08:04.370 INFO:teuthology.orchestra.run.smithi077.stdout:/usr/bin/ceph: stderr
2024-03-16T10:08:03.692+0000 7fcc3ac48700 1 -- 172.21.15.77:0/864755326 shutdown_connections
2024-03-16T10:08:04.370 INFO:teuthology.orchestra.run.smithi077.stdout:/usr/bin/ceph: stderr
2024-03-16T10:08:03.693+0000 7fcc3ac48700 1 -- 172.21.15.77:0/864755326 wait complete.
2024-03-16T10:08:04.372 INFO:teuthology.orchestra.run.smithi077.stdout:Non-zero exit code 1 from systemctl is-enabled firewalld.service
2024-03-16T10:08:04.373 INFO:teuthology.orchestra.run.smithi077.stdout:systemctl: stdout disabled
2024-03-16T10:08:04.379 INFO:teuthology.orchestra.run.smithi077.stdout:Non-zero exit code 3 from systemctl is-active firewalld.service
2024-03-16T10:08:04.379 INFO:teuthology.orchestra.run.smithi077.stdout:systemctl: stdout inactive
2024-03-16T10:08:04.379 INFO:teuthology.orchestra.run.smithi077.stdout:firewalld.service is not enabled
2024-03-16T10:08:04.379 INFO:teuthology.orchestra.run.smithi077.stdout:Not possible to open ports <[8443]>. firewalld.service is not available
2024-03-16T10:08:04.381 INFO:teuthology.orchestra.run.smithi077.stdout:Ceph Dashboard is now available at:
2024-03-16T10:08:04.381 INFO:teuthology.orchestra.run.smithi077.stdout:
2024-03-16T10:08:04.381 INFO:teuthology.orchestra.run.smithi077.stdout: URL: https://smithi077.front.sepia.ceph.com:8443/
2024-03-16T10:08:04.381 INFO:teuthology.orchestra.run.smithi077.stdout: User: admin
2024-03-16T10:08:04.381 INFO:teuthology.orchestra.run.smithi077.stdout: Password: hal2v57sbq
2024-03-16T10:08:04.381 INFO:teuthology.orchestra.run.smithi077.stdout:
2024-03-16T10:08:04.382 INFO:teuthology.orchestra.run.smithi077.stdout:Saving cluster configuration to /var/lib/ceph/c6ee6c60-e37c-11ee-95c9-87774f69a715/config directory
2024-03-16T10:08:04.382 INFO:teuthology.orchestra.run.smithi077.stdout:Enabling autotune for osd_memory_target
2024-03-16T10:08:04.745 INFO:journalctl@ceph.mon.a.smithi077.stdout:Mar 16 10:08:04 smithi077 ceph-mon[32400]: from='client.? 172.21.15.77:0/864755326' entity='client.admin' cmd=[{"prefix": "config get", "who": "mgr", "key": "mgr/dashboard/ssl_server_port"}]: dispatch
2024-03-16T10:08:06.368 INFO:teuthology.orchestra.run.smithi077.stdout:/usr/bin/ceph: stderr
2024-03-16T10:08:05.634+0000 7fa506c96700 1 Processor -- start
2024-03-16T10:08:06.368 INFO:teuthology.orchestra.run.smithi077.stdout:/usr/bin/ceph: stderr
2024-03-16T10:08:05.634+0000 7fa506c96700 1 -- start start
2024-03-16T10:08:06.368 INFO:teuthology.orchestra.run.smithi077.stdout:/usr/bin/ceph: stderr
2024-03-16T10:08:05.634+0000 7fa506c96700 1 --2- >> [v2:172.21.15.77:3300/0,v1:172.21.15.77:6789/0] conn(0x7fa500106560 0x7fa500106980 unknown :-1 s=NONE pgs=0 cs=0 l=0 rev1=0 crypto rx=0 tx=0 comp rx=0 tx=0).connect
2024-03-16T10:08:06.368 INFO:teuthology.orchestra.run.smithi077.stdout:/usr/bin/ceph: stderr
2024-03-16T10:08:05.634+0000 7fa506c96700 1 -- --> [v2:172.21.15.77:3300/0,v1:172.21.15.77:6789/0] -- mon_getmap magic: 0 -- 0x7fa50007be10 con 0x7fa500106560
2024-03-16T10:08:06.368 INFO:teuthology.orchestra.run.smithi077.stdout:/usr/bin/ceph: stderr
2024-03-16T10:08:05.635+0000 7fa504a32700 1 --2- >> [v2:172.21.15.77:3300/0,v1:172.21.15.77:6789/0] conn(0x7fa500106560 0x7fa500106980 unknown :-1 s=BANNER_CONNECTING pgs=0 cs=0 l=0 rev1=0 crypto rx=0 tx=0 comp rx=0 tx=0)._handle_peer_banner_payload supported=3 required=0
2024-03-16T10:08:06.368 INFO:teuthology.orchestra.run.smithi077.stdout:/usr/bin/ceph: stderr
2024-03-16T10:08:05.635+0000 7fa504a32700 1 --2- >> [v2:172.21.15.77:3300/0,v1:172.21.15.77:6789/0] conn(0x7fa500106560 0x7fa500106980 unknown :-1 s=HELLO_CONNECTING pgs=0 cs=0 l=0 rev1=1 crypto rx=0 tx=0 comp rx=0 tx=0).handle_hello peer v2:172.21.15.77:3300/0 says I am v2:172.21.15.77:40982/0 (socket says 172.21.15.77:40982)
2024-03-16T10:08:06.368 INFO:teuthology.orchestra.run.smithi077.stdout:/usr/bin/ceph: stderr
2024-03-16T10:08:05.635+0000 7fa504a32700 1 -- 172.21.15.77:0/216999694 learned_addr learned my addr 172.21.15.77:0/216999694 (peer_addr_for_me v2:172.21.15.77:0/0)
2024-03-16T10:08:06.368 INFO:teuthology.orchestra.run.smithi077.stdout:/usr/bin/ceph: stderr
2024-03-16T10:08:05.635+0000 7fa504a32700 1 -- 172.21.15.77:0/216999694 --> [v2:172.21.15.77:3300/0,v1:172.21.15.77:6789/0] -- mon_subscribe({config=0+,monmap=0+}) -- 0x7fa500106ec0 con 0x7fa500106560
2024-03-16T10:08:06.369 INFO:teuthology.orchestra.run.smithi077.stdout:/usr/bin/ceph: stderr
2024-03-16T10:08:05.635+0000 7fa504a32700 1 --2- 172.21.15.77:0/216999694 >> [v2:172.21.15.77:3300/0,v1:172.21.15.77:6789/0] conn(0x7fa500106560 0x7fa500106980 secure :-1 s=READY pgs=76 cs=0 l=1 rev1=1 crypto rx=0x7fa4fc009e80 tx=0x7fa4fc00b330 comp rx=0 tx=0).ready entity=mon.0 client_cookie=52c8f0f8c1666e7e server_cookie=0 in_seq=0 out_seq=0
2024-03-16T10:08:06.369 INFO:teuthology.orchestra.run.smithi077.stdout:/usr/bin/ceph: stderr
2024-03-16T10:08:05.635+0000 7fa4f77fe700 1 -- 172.21.15.77:0/216999694 <== mon.0 v2:172.21.15.77:3300/0 1 ==== mon_map magic: 0 ==== 205+0+0 (secure 0 0 0) 0x7fa4fc017070 con 0x7fa500106560
2024-03-16T10:08:06.369 INFO:teuthology.orchestra.run.smithi077.stdout:/usr/bin/ceph: stderr
2024-03-16T10:08:05.635+0000 7fa4f77fe700 1 -- 172.21.15.77:0/216999694 <== mon.0 v2:172.21.15.77:3300/0 2 ==== config(27 keys) ==== 1140+0+0 (secure 0 0 0) 0x7fa4fc00b8c0 con 0x7fa500106560
2024-03-16T10:08:06.369 INFO:teuthology.orchestra.run.smithi077.stdout:/usr/bin/ceph: stderr
2024-03-16T10:08:05.635+0000 7fa4f77fe700 1 -- 172.21.15.77:0/216999694 <== mon.0 v2:172.21.15.77:3300/0 3 ==== mon_map magic: 0 ==== 205+0+0 (secure 0 0 0) 0x7fa4fc0045c0 con 0x7fa500106560
2024-03-16T10:08:06.369 INFO:teuthology.orchestra.run.smithi077.stdout:/usr/bin/ceph: stderr
2024-03-16T10:08:05.636+0000 7fa506c96700 1 -- 172.21.15.77:0/216999694 >> [v2:172.21.15.77:3300/0,v1:172.21.15.77:6789/0] conn(0x7fa500106560 msgr2=0x7fa500106980 secure :-1 s=STATE_CONNECTION_ESTABLISHED l=1).mark_down
2024-03-16T10:08:06.369 INFO:teuthology.orchestra.run.smithi077.stdout:/usr/bin/ceph: stderr
2024-03-16T10:08:05.636+0000 7fa506c96700 1 --2- 172.21.15.77:0/216999694 >> [v2:172.21.15.77:3300/0,v1:172.21.15.77:6789/0] conn(0x7fa500106560 0x7fa500106980 secure :-1 s=READY pgs=76 cs=0 l=1 rev1=1 crypto rx=0x7fa4fc009e80 tx=0x7fa4fc00b330 comp rx=0 tx=0).stop
2024-03-16T10:08:06.369 INFO:teuthology.orchestra.run.smithi077.stdout:/usr/bin/ceph: stderr
2024-03-16T10:08:05.636+0000 7fa506c96700 1 -- 172.21.15.77:0/216999694 shutdown_connections
2024-03-16T10:08:06.369 INFO:teuthology.orchestra.run.smithi077.stdout:/usr/bin/ceph: stderr
2024-03-16T10:08:05.636+0000 7fa506c96700 1 --2- 172.21.15.77:0/216999694 >> [v2:172.21.15.77:3300/0,v1:172.21.15.77:6789/0] conn(0x7fa500106560 0x7fa500106980 unknown :-1 s=CLOSED pgs=76 cs=0 l=1 rev1=1 crypto rx=0 tx=0 comp rx=0 tx=0).stop
2024-03-16T10:08:06.369 INFO:teuthology.orchestra.run.smithi077.stdout:/usr/bin/ceph: stderr
2024-03-16T10:08:05.636+0000 7fa506c96700 1 -- 172.21.15.77:0/216999694 >> 172.21.15.77:0/216999694 conn(0x7fa5001020e0 msgr2=0x7fa500104540 unknown :-1 s=STATE_NONE l=0).mark_down
2024-03-16T10:08:06.369 INFO:teuthology.orchestra.run.smithi077.stdout:/usr/bin/ceph: stderr
2024-03-16T10:08:05.636+0000 7fa506c96700 1 -- 172.21.15.77:0/216999694 shutdown_connections
2024-03-16T10:08:06.369 INFO:teuthology.orchestra.run.smithi077.stdout:/usr/bin/ceph: stderr
2024-03-16T10:08:05.636+0000 7fa506c96700 1 -- 172.21.15.77:0/216999694 wait complete.
2024-03-16T10:08:06.369 INFO:teuthology.orchestra.run.smithi077.stdout:/usr/bin/ceph: stderr
2024-03-16T10:08:05.637+0000 7fa506c96700 1 Processor -- start
2024-03-16T10:08:06.369 INFO:teuthology.orchestra.run.smithi077.stdout:/usr/bin/ceph: stderr
2024-03-16T10:08:05.637+0000 7fa506c96700 1 -- start start
2024-03-16T10:08:06.370 INFO:teuthology.orchestra.run.smithi077.stdout:/usr/bin/ceph: stderr
2024-03-16T10:08:05.637+0000 7fa506c96700 1 --2- >> [v2:172.21.15.77:3300/0,v1:172.21.15.77:6789/0] conn(0x7fa500106560 0x7fa50019de00 unknown :-1 s=NONE pgs=0 cs=0 l=1 rev1=0 crypto rx=0 tx=0 comp rx=0 tx=0).connect
2024-03-16T10:08:06.370 INFO:teuthology.orchestra.run.smithi077.stdout:/usr/bin/ceph: stderr
2024-03-16T10:08:05.637+0000 7fa506c96700 1 -- --> [v2:172.21.15.77:3300/0,v1:172.21.15.77:6789/0] -- mon_getmap magic: 0 -- 0x7fa500107f90 con 0x7fa500106560
2024-03-16T10:08:06.370 INFO:teuthology.orchestra.run.smithi077.stdout:/usr/bin/ceph: stderr
2024-03-16T10:08:05.637+0000 7fa504a32700 1 --2- >> [v2:172.21.15.77:3300/0,v1:172.21.15.77:6789/0] conn(0x7fa500106560 0x7fa50019de00 unknown :-1 s=BANNER_CONNECTING pgs=0 cs=0 l=1 rev1=0 crypto rx=0 tx=0 comp rx=0 tx=0)._handle_peer_banner_payload supported=3 required=0
2024-03-16T10:08:06.370 INFO:teuthology.orchestra.run.smithi077.stdout:/usr/bin/ceph: stderr
2024-03-16T10:08:05.637+0000 7fa504a32700 1 --2- >> [v2:172.21.15.77:3300/0,v1:172.21.15.77:6789/0] conn(0x7fa500106560 0x7fa50019de00 unknown :-1 s=HELLO_CONNECTING pgs=0 cs=0 l=1 rev1=1 crypto rx=0 tx=0 comp rx=0 tx=0).handle_hello peer v2:172.21.15.77:3300/0 says I am v2:172.21.15.77:40992/0 (socket says 172.21.15.77:40992)
2024-03-16T10:08:06.370 INFO:teuthology.orchestra.run.smithi077.stdout:/usr/bin/ceph: stderr
2024-03-16T10:08:05.637+0000 7fa504a32700 1 -- 172.21.15.77:0/2507104889 learned_addr learned my addr 172.21.15.77:0/2507104889 (peer_addr_for_me v2:172.21.15.77:0/0)
2024-03-16T10:08:06.370 INFO:teuthology.orchestra.run.smithi077.stdout:/usr/bin/ceph: stderr
2024-03-16T10:08:05.637+0000 7fa504a32700 1 -- 172.21.15.77:0/2507104889 --> [v2:172.21.15.77:3300/0,v1:172.21.15.77:6789/0] -- mon_subscribe({config=0+,monmap=0+}) -- 0x7fa50019e340 con 0x7fa500106560
2024-03-16T10:08:06.370 INFO:teuthology.orchestra.run.smithi077.stdout:/usr/bin/ceph: stderr
2024-03-16T10:08:05.637+0000 7fa504a32700 1 --2- 172.21.15.77:0/2507104889 >> [v2:172.21.15.77:3300/0,v1:172.21.15.77:6789/0] conn(0x7fa500106560 0x7fa50019de00 secure :-1 s=READY pgs=77 cs=0 l=1 rev1=1 crypto rx=0x7fa4fc00b7b0 tx=0x7fa4fc00bd50 comp rx=0 tx=0).ready entity=mon.0 client_cookie=0 server_cookie=0 in_seq=0 out_seq=0
2024-03-16T10:08:06.370 INFO:teuthology.orchestra.run.smithi077.stdout:/usr/bin/ceph: stderr
2024-03-16T10:08:05.638+0000 7fa4f5ffb700 1 -- 172.21.15.77:0/2507104889 <== mon.0 v2:172.21.15.77:3300/0 1 ==== mon_map magic: 0 ==== 205+0+0 (secure 0 0 0) 0x7fa4fc020020 con 0x7fa500106560
2024-03-16T10:08:06.370 INFO:teuthology.orchestra.run.smithi077.stdout:/usr/bin/ceph: stderr
2024-03-16T10:08:05.638+0000 7fa506c96700 1 -- 172.21.15.77:0/2507104889 --> [v2:172.21.15.77:3300/0,v1:172.21.15.77:6789/0] -- mon_subscribe({mgrmap=0+}) -- 0x7fa50019e5d0 con 0x7fa500106560
2024-03-16T10:08:06.370 INFO:teuthology.orchestra.run.smithi077.stdout:/usr/bin/ceph: stderr
2024-03-16T10:08:05.638+0000 7fa4f5ffb700 1 -- 172.21.15.77:0/2507104889 <== mon.0 v2:172.21.15.77:3300/0 2 ==== config(27 keys) ==== 1140+0+0 (secure 0 0 0) 0x7fa4fc003d90 con 0x7fa500106560
2024-03-16T10:08:06.370 INFO:teuthology.orchestra.run.smithi077.stdout:/usr/bin/ceph: stderr
2024-03-16T10:08:05.638+0000 7fa4f5ffb700 1 -- 172.21.15.77:0/2507104889 <== mon.0 v2:172.21.15.77:3300/0 3 ==== mon_map magic: 0 ==== 205+0+0 (secure 0 0 0) 0x7fa4fc017040 con 0x7fa500106560
2024-03-16T10:08:06.370 INFO:teuthology.orchestra.run.smithi077.stdout:/usr/bin/ceph: stderr
2024-03-16T10:08:05.638+0000 7fa506c96700 1 -- 172.21.15.77:0/2507104889 --> [v2:172.21.15.77:3300/0,v1:172.21.15.77:6789/0] -- mon_subscribe({osdmap=0}) -- 0x7fa5001a12c0 con 0x7fa500106560
2024-03-16T10:08:06.371 INFO:teuthology.orchestra.run.smithi077.stdout:/usr/bin/ceph: stderr
2024-03-16T10:08:05.639+0000 7fa4f5ffb700 1 -- 172.21.15.77:0/2507104889 <== mon.0 v2:172.21.15.77:3300/0 4 ==== mgrmap(e 13) ==== 46162+0+0 (secure 0 0 0) 0x7fa4fc023020 con 0x7fa500106560
2024-03-16T10:08:06.371 INFO:teuthology.orchestra.run.smithi077.stdout:/usr/bin/ceph: stderr
2024-03-16T10:08:05.639+0000 7fa4f5ffb700 1 --2- 172.21.15.77:0/2507104889 >> [v2:172.21.15.77:6800/1427985582,v1:172.21.15.77:6801/1427985582] conn(0x7fa4e8039020 0x7fa4e803b4e0 unknown :-1 s=NONE pgs=0 cs=0 l=1 rev1=0 crypto rx=0 tx=0 comp rx=0 tx=0).connect
2024-03-16T10:08:06.371 INFO:teuthology.orchestra.run.smithi077.stdout:/usr/bin/ceph: stderr
2024-03-16T10:08:05.639+0000 7fa506c96700 1 -- 172.21.15.77:0/2507104889 --> [v2:172.21.15.77:3300/0,v1:172.21.15.77:6789/0] -- mon_command({"prefix": "get_command_descriptions"} v 0) -- 0x7fa500063900 con 0x7fa500106560
2024-03-16T10:08:06.371 INFO:teuthology.orchestra.run.smithi077.stdout:/usr/bin/ceph: stderr
2024-03-16T10:08:05.639+0000 7fa4f5ffb700 1 -- 172.21.15.77:0/2507104889 <== mon.0 v2:172.21.15.77:3300/0 5 ==== osd_map(3..3 src has 1..3) ==== 1155+0+0 (secure 0 0 0) 0x7fa4fc00f050 con 0x7fa500106560
2024-03-16T10:08:06.371 INFO:teuthology.orchestra.run.smithi077.stdout:/usr/bin/ceph: stderr
2024-03-16T10:08:05.639+0000 7fa4f7fff700 1 --2- 172.21.15.77:0/2507104889 >> [v2:172.21.15.77:6800/1427985582,v1:172.21.15.77:6801/1427985582] conn(0x7fa4e8039020 0x7fa4e803b4e0 unknown :-1 s=BANNER_CONNECTING pgs=0 cs=0 l=1 rev1=0 crypto rx=0 tx=0 comp rx=0 tx=0)._handle_peer_banner_payload supported=3 required=0
2024-03-16T10:08:06.371 INFO:teuthology.orchestra.run.smithi077.stdout:/usr/bin/ceph: stderr
2024-03-16T10:08:05.640+0000 7fa4f7fff700 1 --2- 172.21.15.77:0/2507104889 >> [v2:172.21.15.77:6800/1427985582,v1:172.21.15.77:6801/1427985582] conn(0x7fa4e8039020 0x7fa4e803b4e0 secure :-1 s=READY pgs=10 cs=0 l=1 rev1=1 crypto rx=0x7fa4f0006fd0 tx=0x7fa4f0006e40 comp rx=0 tx=0).ready entity=mgr.14152 client_cookie=0 server_cookie=0 in_seq=0 out_seq=0
2024-03-16T10:08:06.371 INFO:teuthology.orchestra.run.smithi077.stdout:/usr/bin/ceph: stderr
