2024-03-16T10:35:53.416 INFO:teuthology.orchestra.run.smithi002.stdout:/usr/bin/ceph: stderr
2024-03-16T10:35:46.885+0000 7fe802ffd700 1 --2- 172.21.15.2:0/1901410750 >> [v2:172.21.15.2:6800/3739300318,v1:172.21.15.2:6801/3739300318] conn(0x7fe7f8038550 0x7fe7f803aa10 unknown :-1 s=NONE pgs=0 cs=0 l=1 rev1=0 crypto rx=0 tx=0 comp rx=0 tx=0).connect
2024-03-16T10:35:53.416 INFO:teuthology.orchestra.run.smithi002.stdout:/usr/bin/ceph: stderr
2024-03-16T10:35:46.885+0000 7fe802ffd700 1 -- 172.21.15.2:0/1901410750 --> [v2:172.21.15.2:6800/3739300318,v1:172.21.15.2:6801/3739300318] -- command(tid 0: {"prefix": "get_command_descriptions"}) v1 -- 0x7fe7f803b120 con 0x7fe7f8038550
2024-03-16T10:35:53.416 INFO:teuthology.orchestra.run.smithi002.stdout:/usr/bin/ceph: stderr
2024-03-16T10:35:46.885+0000 7fe802ffd700 1 -- 172.21.15.2:0/1901410750 <== mon.0 v2:172.21.15.2:3300/0 5 ==== osd_map(2..2 src has 1..2) v4 ==== 940+0+0 (secure 0 0 0) 0x7fe7fc04c7d0 con 0x7fe80c105240
2024-03-16T10:35:53.416 INFO:teuthology.orchestra.run.smithi002.stdout:/usr/bin/ceph: stderr
2024-03-16T10:35:46.885+0000 7fe811365700 1 -- 172.21.15.2:0/1901410750 >> [v2:172.21.15.2:6800/3739300318,v1:172.21.15.2:6801/3739300318] conn(0x7fe7f8038550 msgr2=0x7fe7f803aa10 unknown :-1 s=STATE_CONNECTING_RE l=1).process reconnect failed to v2:172.21.15.2:6800/3739300318
2024-03-16T10:35:53.416 INFO:teuthology.orchestra.run.smithi002.stdout:/usr/bin/ceph: stderr
2024-03-16T10:35:46.885+0000 7fe811365700 1 --2- 172.21.15.2:0/1901410750 >> [v2:172.21.15.2:6800/3739300318,v1:172.21.15.2:6801/3739300318] conn(0x7fe7f8038550 0x7fe7f803aa10 unknown :-1 s=START_CONNECT pgs=0 cs=0 l=1 rev1=0 crypto rx=0 tx=0 comp rx=0 tx=0)._fault waiting 0.200000
2024-03-16T10:35:53.416 INFO:teuthology.orchestra.run.smithi002.stdout:/usr/bin/ceph: stderr
2024-03-16T10:35:47.086+0000 7fe811365700 1 -- 172.21.15.2:0/1901410750 >> [v2:172.21.15.2:6800/3739300318,v1:172.21.15.2:6801/3739300318] conn(0x7fe7f8038550 msgr2=0x7fe7f803aa10 unknown :-1 s=STATE_CONNECTING_RE l=1).process reconnect failed to v2:172.21.15.2:6800/3739300318
2024-03-16T10:35:53.416 INFO:teuthology.orchestra.run.smithi002.stdout:/usr/bin/ceph: stderr
2024-03-16T10:35:47.086+0000 7fe811365700 1 --2- 172.21.15.2:0/1901410750 >> [v2:172.21.15.2:6800/3739300318,v1:172.21.15.2:6801/3739300318] conn(0x7fe7f8038550 0x7fe7f803aa10 unknown :-1 s=START_CONNECT pgs=0 cs=0 l=1 rev1=0 crypto rx=0 tx=0 comp rx=0 tx=0)._fault waiting 0.400000
2024-03-16T10:35:53.416 INFO:teuthology.orchestra.run.smithi002.stdout:/usr/bin/ceph: stderr
2024-03-16T10:35:47.487+0000 7fe811365700 1 -- 172.21.15.2:0/1901410750 >> [v2:172.21.15.2:6800/3739300318,v1:172.21.15.2:6801/3739300318] conn(0x7fe7f8038550 msgr2=0x7fe7f803aa10 unknown :-1 s=STATE_CONNECTING_RE l=1).process reconnect failed to v2:172.21.15.2:6800/3739300318
2024-03-16T10:35:53.417 INFO:teuthology.orchestra.run.smithi002.stdout:/usr/bin/ceph: stderr
2024-03-16T10:35:47.487+0000 7fe811365700 1 --2- 172.21.15.2:0/1901410750 >> [v2:172.21.15.2:6800/3739300318,v1:172.21.15.2:6801/3739300318] conn(0x7fe7f8038550 0x7fe7f803aa10 unknown :-1 s=START_CONNECT pgs=0 cs=0 l=1 rev1=0 crypto rx=0 tx=0 comp rx=0 tx=0)._fault waiting 0.800000
2024-03-16T10:35:53.417 INFO:teuthology.orchestra.run.smithi002.stdout:/usr/bin/ceph: stderr
2024-03-16T10:35:48.287+0000 7fe811365700 1 -- 172.21.15.2:0/1901410750 >> [v2:172.21.15.2:6800/3739300318,v1:172.21.15.2:6801/3739300318] conn(0x7fe7f8038550 msgr2=0x7fe7f803aa10 unknown :-1 s=STATE_CONNECTING_RE l=1).process reconnect failed to v2:172.21.15.2:6800/3739300318
2024-03-16T10:35:53.417 INFO:teuthology.orchestra.run.smithi002.stdout:/usr/bin/ceph: stderr
2024-03-16T10:35:48.287+0000 7fe811365700 1 --2- 172.21.15.2:0/1901410750 >> [v2:172.21.15.2:6800/3739300318,v1:172.21.15.2:6801/3739300318] conn(0x7fe7f8038550 0x7fe7f803aa10 unknown :-1 s=START_CONNECT pgs=0 cs=0 l=1 rev1=0 crypto rx=0 tx=0 comp rx=0 tx=0)._fault waiting 1.600000
2024-03-16T10:35:53.417 INFO:teuthology.orchestra.run.smithi002.stdout:/usr/bin/ceph: stderr
2024-03-16T10:35:49.888+0000 7fe811365700 1 -- 172.21.15.2:0/1901410750 >> [v2:172.21.15.2:6800/3739300318,v1:172.21.15.2:6801/3739300318] conn(0x7fe7f8038550 msgr2=0x7fe7f803aa10 unknown :-1 s=STATE_CONNECTING_RE l=1).process reconnect failed to v2:172.21.15.2:6800/3739300318
2024-03-16T10:35:53.417 INFO:teuthology.orchestra.run.smithi002.stdout:/usr/bin/ceph: stderr
2024-03-16T10:35:49.888+0000 7fe811365700 1 --2- 172.21.15.2:0/1901410750 >> [v2:172.21.15.2:6800/3739300318,v1:172.21.15.2:6801/3739300318] conn(0x7fe7f8038550 0x7fe7f803aa10 unknown :-1 s=START_CONNECT pgs=0 cs=0 l=1 rev1=0 crypto rx=0 tx=0 comp rx=0 tx=0)._fault waiting 3.200000
2024-03-16T10:35:53.417 INFO:teuthology.orchestra.run.smithi002.stdout:/usr/bin/ceph: stderr
2024-03-16T10:35:51.599+0000 7fe802ffd700 1 -- 172.21.15.2:0/1901410750 <== mon.0 v2:172.21.15.2:3300/0 6 ==== mgrmap(e 10) v1 ==== 45169+0+0 (secure 0 0 0) 0x7fe7fc01ed60 con 0x7fe80c105240
2024-03-16T10:35:53.417 INFO:teuthology.orchestra.run.smithi002.stdout:/usr/bin/ceph: stderr
2024-03-16T10:35:51.599+0000 7fe802ffd700 1 -- 172.21.15.2:0/1901410750 >> [v2:172.21.15.2:6800/3739300318,v1:172.21.15.2:6801/3739300318] conn(0x7fe7f8038550 msgr2=0x7fe7f803aa10 unknown :-1 s=STATE_CONNECTING l=1).mark_down
2024-03-16T10:35:53.417 INFO:teuthology.orchestra.run.smithi002.stdout:/usr/bin/ceph: stderr
2024-03-16T10:35:51.599+0000 7fe802ffd700 1 --2- 172.21.15.2:0/1901410750 >> [v2:172.21.15.2:6800/3739300318,v1:172.21.15.2:6801/3739300318] conn(0x7fe7f8038550 0x7fe7f803aa10 unknown :-1 s=START_CONNECT pgs=0 cs=0 l=1 rev1=0 crypto rx=0 tx=0 comp rx=0 tx=0).stop
2024-03-16T10:35:53.417 INFO:teuthology.orchestra.run.smithi002.stdout:/usr/bin/ceph: stderr
2024-03-16T10:35:52.600+0000 7fe802ffd700 1 -- 172.21.15.2:0/1901410750 <== mon.0 v2:172.21.15.2:3300/0 7 ==== mgrmap(e 11) v1 ==== 45296+0+0 (secure 0 0 0) 0x7fe7fc021410 con 0x7fe80c105240
2024-03-16T10:35:53.417 INFO:teuthology.orchestra.run.smithi002.stdout:/usr/bin/ceph: stderr
2024-03-16T10:35:52.600+0000 7fe802ffd700 1 --2- 172.21.15.2:0/1901410750 >> [v2:172.21.15.2:6800/486800969,v1:172.21.15.2:6801/486800969] conn(0x7fe7f803bfc0 0x7fe7f803e3b0 unknown :-1 s=NONE pgs=0 cs=0 l=1 rev1=0 crypto rx=0 tx=0 comp rx=0 tx=0).connect
2024-03-16T10:35:53.417 INFO:teuthology.orchestra.run.smithi002.stdout:/usr/bin/ceph: stderr
2024-03-16T10:35:52.600+0000 7fe802ffd700 1 -- 172.21.15.2:0/1901410750 --> [v2:172.21.15.2:6800/486800969,v1:172.21.15.2:6801/486800969] -- command(tid 0: {"prefix": "get_command_descriptions"}) v1 -- 0x7fe7f803b120 con 0x7fe7f803bfc0
2024-03-16T10:35:53.417 INFO:teuthology.orchestra.run.smithi002.stdout:/usr/bin/ceph: stderr
2024-03-16T10:35:52.601+0000 7fe811365700 1 --2- 172.21.15.2:0/1901410750 >> [v2:172.21.15.2:6800/486800969,v1:172.21.15.2:6801/486800969] conn(0x7fe7f803bfc0 0x7fe7f803e3b0 unknown :-1 s=BANNER_CONNECTING pgs=0 cs=0 l=1 rev1=0 crypto rx=0 tx=0 comp rx=0 tx=0)._handle_peer_banner_payload supported=3 required=0
2024-03-16T10:35:53.417 INFO:teuthology.orchestra.run.smithi002.stdout:/usr/bin/ceph: stderr
2024-03-16T10:35:52.601+0000 7fe811365700 1 --2- 172.21.15.2:0/1901410750 >> [v2:172.21.15.2:6800/486800969,v1:172.21.15.2:6801/486800969] conn(0x7fe7f803bfc0 0x7fe7f803e3b0 secure :-1 s=READY pgs=2 cs=0 l=1 rev1=1 crypto rx=0x7fe808003a10 tx=0x7fe808009270 comp rx=0 tx=0).ready entity=mgr.14164 client_cookie=0 server_cookie=0 in_seq=0 out_seq=0
2024-03-16T10:35:53.417 INFO:teuthology.orchestra.run.smithi002.stdout:/usr/bin/ceph: stderr
2024-03-16T10:35:52.602+0000 7fe802ffd700 1 -- 172.21.15.2:0/1901410750 <== mgr.14164 v2:172.21.15.2:6800/486800969 1 ==== command_reply(tid 0: 0 ) v1 ==== 8+0+6910 (secure 0 0 0) 0x7fe7f803b120 con 0x7fe7f803bfc0
2024-03-16T10:35:53.418 INFO:teuthology.orchestra.run.smithi002.stdout:/usr/bin/ceph: stderr
2024-03-16T10:35:52.608+0000 7fe800ff9700 1 -- 172.21.15.2:0/1901410750 --> [v2:172.21.15.2:6800/486800969,v1:172.21.15.2:6801/486800969] -- command(tid 1: {"prefix": "mgr_status"}) v1 -- 0x7fe7f4002600 con 0x7fe7f803bfc0
2024-03-16T10:35:53.418 INFO:teuthology.orchestra.run.smithi002.stdout:/usr/bin/ceph: stderr
2024-03-16T10:35:52.608+0000 7fe802ffd700 1 -- 172.21.15.2:0/1901410750 <== mgr.14164 v2:172.21.15.2:6800/486800969 2 ==== command_reply(tid 1: 0 ) v1 ==== 8+0+52 (secure 0 0 0) 0x7fe7f4002600 con 0x7fe7f803bfc0
2024-03-16T10:35:53.418 INFO:teuthology.orchestra.run.smithi002.stdout:/usr/bin/ceph: stderr
2024-03-16T10:35:52.608+0000 7fe800ff9700 1 -- 172.21.15.2:0/1901410750 >> [v2:172.21.15.2:6800/486800969,v1:172.21.15.2:6801/486800969] conn(0x7fe7f803bfc0 msgr2=0x7fe7f803e3b0 secure :-1 s=STATE_CONNECTION_ESTABLISHED l=1).mark_down
2024-03-16T10:35:53.418 INFO:teuthology.orchestra.run.smithi002.stdout:/usr/bin/ceph: stderr
2024-03-16T10:35:52.608+0000 7fe800ff9700 1 --2- 172.21.15.2:0/1901410750 >> [v2:172.21.15.2:6800/486800969,v1:172.21.15.2:6801/486800969] conn(0x7fe7f803bfc0 0x7fe7f803e3b0 secure :-1 s=READY pgs=2 cs=0 l=1 rev1=1 crypto rx=0x7fe808003a10 tx=0x7fe808009270 comp rx=0 tx=0).stop
2024-03-16T10:35:53.418 INFO:teuthology.orchestra.run.smithi002.stdout:/usr/bin/ceph: stderr
2024-03-16T10:35:52.608+0000 7fe800ff9700 1 -- 172.21.15.2:0/1901410750 >> [v2:172.21.15.2:3300/0,v1:172.21.15.2:6789/0] conn(0x7fe80c105240 msgr2=0x7fe80c19c330 secure :-1 s=STATE_CONNECTION_ESTABLISHED l=1).mark_down
2024-03-16T10:35:53.418 INFO:teuthology.orchestra.run.smithi002.stdout:/usr/bin/ceph: stderr
2024-03-16T10:35:52.608+0000 7fe800ff9700 1 --2- 172.21.15.2:0/1901410750 >> [v2:172.21.15.2:3300/0,v1:172.21.15.2:6789/0] conn(0x7fe80c105240 0x7fe80c19c330 secure :-1 s=READY pgs=74 cs=0 l=1 rev1=1 crypto rx=0x7fe7fc00b340 tx=0x7fe7fc004070 comp rx=0 tx=0).stop
2024-03-16T10:35:53.418 INFO:teuthology.orchestra.run.smithi002.stdout:/usr/bin/ceph: stderr
2024-03-16T10:35:52.609+0000 7fe800ff9700 1 -- 172.21.15.2:0/1901410750 shutdown_connections
2024-03-16T10:35:53.418 INFO:teuthology.orchestra.run.smithi002.stdout:/usr/bin/ceph: stderr
2024-03-16T10:35:52.609+0000 7fe800ff9700 1 --2- 172.21.15.2:0/1901410750 >> [v2:172.21.15.2:6800/486800969,v1:172.21.15.2:6801/486800969] conn(0x7fe7f803bfc0 0x7fe7f803e3b0 unknown :-1 s=CLOSED pgs=2 cs=0 l=1 rev1=1 crypto rx=0 tx=0 comp rx=0 tx=0).stop
2024-03-16T10:35:53.418 INFO:teuthology.orchestra.run.smithi002.stdout:/usr/bin/ceph: stderr
2024-03-16T10:35:52.609+0000 7fe800ff9700 1 --2- 172.21.15.2:0/1901410750 >> [v2:172.21.15.2:3300/0,v1:172.21.15.2:6789/0] conn(0x7fe80c105240 0x7fe80c19c330 unknown :-1 s=CLOSED pgs=74 cs=0 l=1 rev1=1 crypto rx=0 tx=0 comp rx=0 tx=0).stop
2024-03-16T10:35:53.418 INFO:teuthology.orchestra.run.smithi002.stdout:/usr/bin/ceph: stderr
2024-03-16T10:35:52.609+0000 7fe800ff9700 1 --2- 172.21.15.2:0/1901410750 >> [v2:172.21.15.2:6800/3739300318,v1:172.21.15.2:6801/3739300318] conn(0x7fe7f8038550 0x7fe7f803aa10 unknown :-1 s=CLOSED pgs=0 cs=0 l=1 rev1=0 crypto rx=0 tx=0 comp rx=0 tx=0).stop
2024-03-16T10:35:53.418 INFO:teuthology.orchestra.run.smithi002.stdout:/usr/bin/ceph: stderr
2024-03-16T10:35:52.609+0000 7fe800ff9700 1 -- 172.21.15.2:0/1901410750 >> 172.21.15.2:0/1901410750 conn(0x7fe80c100820 msgr2=0x7fe80c18e720 unknown :-1 s=STATE_NONE l=0).mark_down
2024-03-16T10:35:53.418 INFO:teuthology.orchestra.run.smithi002.stdout:/usr/bin/ceph: stderr
2024-03-16T10:35:52.609+0000 7fe800ff9700 1 -- 172.21.15.2:0/1901410750 shutdown_connections
2024-03-16T10:35:53.418 INFO:teuthology.orchestra.run.smithi002.stdout:/usr/bin/ceph: stderr
2024-03-16T10:35:52.609+0000 7fe800ff9700 1 -- 172.21.15.2:0/1901410750 wait complete.
2024-03-16T10:35:53.418 INFO:teuthology.orchestra.run.smithi002.stdout:mgr epoch 9 is available
2024-03-16T10:35:53.418 INFO:teuthology.orchestra.run.smithi002.stdout:Generating a dashboard self-signed certificate...
2024-03-16T10:35:53.799 INFO:journalctl@ceph.mon.smithi002.smithi002.stdout:Mar 16 10:35:53 smithi002 ceph-mon[29248]: [16/Mar/2024:10:35:51] ENGINE Bus STARTING
2024-03-16T10:35:53.799 INFO:journalctl@ceph.mon.smithi002.smithi002.stdout:Mar 16 10:35:53 smithi002 ceph-mon[29248]: [16/Mar/2024:10:35:52] ENGINE Serving on https://172.21.15.2:7150
2024-03-16T10:35:53.799 INFO:journalctl@ceph.mon.smithi002.smithi002.stdout:Mar 16 10:35:53 smithi002 ceph-mon[29248]: [16/Mar/2024:10:35:52] ENGINE Serving on http://172.21.15.2:8765
2024-03-16T10:35:53.799 INFO:journalctl@ceph.mon.smithi002.smithi002.stdout:Mar 16 10:35:53 smithi002 ceph-mon[29248]: [16/Mar/2024:10:35:52] ENGINE Bus STARTED
2024-03-16T10:35:53.799 INFO:journalctl@ceph.mon.smithi002.smithi002.stdout:Mar 16 10:35:53 smithi002 ceph-mon[29248]: from='client.14168 -' entity='client.admin' cmd=[{"prefix": "get_command_descriptions"}]: dispatch
2024-03-16T10:35:53.799 INFO:journalctl@ceph.mon.smithi002.smithi002.stdout:Mar 16 10:35:53 smithi002 ceph-mon[29248]: mgrmap e11: smithi002.zevrtm(active, since 1.00554s)
2024-03-16T10:35:53.799 INFO:journalctl@ceph.mon.smithi002.smithi002.stdout:Mar 16 10:35:53 smithi002 ceph-mon[29248]: from='client.14168 -' entity='client.admin' cmd=[{"prefix": "mgr_status"}]: dispatch
2024-03-16T10:35:53.799 INFO:journalctl@ceph.mon.smithi002.smithi002.stdout:Mar 16 10:35:53 smithi002 ceph-mon[29248]: from='mgr.14164 172.21.15.2:0/779446619' entity='mgr.smithi002.zevrtm'
2024-03-16T10:35:54.725 INFO:teuthology.orchestra.run.smithi002.stdout:/usr/bin/ceph: stdout Self-signed certificate created
2024-03-16T10:35:54.725 INFO:teuthology.orchestra.run.smithi002.stdout:/usr/bin/ceph: stderr
2024-03-16T10:35:53.863+0000 7ff6bb33a700 1 Processor -- start
2024-03-16T10:35:54.725 INFO:teuthology.orchestra.run.smithi002.stdout:/usr/bin/ceph: stderr
2024-03-16T10:35:53.864+0000 7ff6bb33a700 1 -- start start
2024-03-16T10:35:54.725 INFO:teuthology.orchestra.run.smithi002.stdout:/usr/bin/ceph: stderr
2024-03-16T10:35:53.864+0000 7ff6bb33a700 1 --2- >> [v2:172.21.15.2:3300/0,v1:172.21.15.2:6789/0] conn(0x7ff6b41051c0 0x7ff6b41055e0 unknown :-1 s=NONE pgs=0 cs=0 l=0 rev1=0 crypto rx=0 tx=0 comp rx=0 tx=0).connect
2024-03-16T10:35:54.725 INFO:teuthology.orchestra.run.smithi002.stdout:/usr/bin/ceph: stderr
2024-03-16T10:35:53.864+0000 7ff6bb33a700 1 -- --> [v2:172.21.15.2:3300/0,v1:172.21.15.2:6789/0] -- mon_getmap magic: 0 v1 -- 0x7ff6b4105bb0 con 0x7ff6b41051c0
2024-03-16T10:35:54.725 INFO:teuthology.orchestra.run.smithi002.stdout:/usr/bin/ceph: stderr
2024-03-16T10:35:53.864+0000 7ff6b90d6700 1 --2- >> [v2:172.21.15.2:3300/0,v1:172.21.15.2:6789/0] conn(0x7ff6b41051c0 0x7ff6b41055e0 unknown :-1 s=BANNER_CONNECTING pgs=0 cs=0 l=0 rev1=0 crypto rx=0 tx=0 comp rx=0 tx=0)._handle_peer_banner_payload supported=3 required=0
2024-03-16T10:35:54.725 INFO:teuthology.orchestra.run.smithi002.stdout:/usr/bin/ceph: stderr
2024-03-16T10:35:53.864+0000 7ff6b90d6700 1 --2- >> [v2:172.21.15.2:3300/0,v1:172.21.15.2:6789/0] conn(0x7ff6b41051c0 0x7ff6b41055e0 unknown :-1 s=HELLO_CONNECTING pgs=0 cs=0 l=0 rev1=1 crypto rx=0 tx=0 comp rx=0 tx=0).handle_hello peer v2:172.21.15.2:3300/0 says I am v2:172.21.15.2:44850/0 (socket says 172.21.15.2:44850)
2024-03-16T10:35:54.725 INFO:teuthology.orchestra.run.smithi002.stdout:/usr/bin/ceph: stderr
2024-03-16T10:35:53.864+0000 7ff6b90d6700 1 -- 172.21.15.2:0/3842122860 learned_addr learned my addr 172.21.15.2:0/3842122860 (peer_addr_for_me v2:172.21.15.2:0/0)
2024-03-16T10:35:54.725 INFO:teuthology.orchestra.run.smithi002.stdout:/usr/bin/ceph: stderr
2024-03-16T10:35:53.864+0000 7ff6b90d6700 1 -- 172.21.15.2:0/3842122860 --> [v2:172.21.15.2:3300/0,v1:172.21.15.2:6789/0] -- mon_subscribe({config=0+,monmap=0+}) v3 -- 0x7ff6b41063c0 con 0x7ff6b41051c0
2024-03-16T10:35:54.725 INFO:teuthology.orchestra.run.smithi002.stdout:/usr/bin/ceph: stderr
2024-03-16T10:35:53.864+0000 7ff6b90d6700 1 --2- 172.21.15.2:0/3842122860 >> [v2:172.21.15.2:3300/0,v1:172.21.15.2:6789/0] conn(0x7ff6b41051c0 0x7ff6b41055e0 secure :-1 s=READY pgs=82 cs=0 l=1 rev1=1 crypto rx=0x7ff6b00098a0 tx=0x7ff6b0009bb0 comp rx=0 tx=0).ready entity=mon.0 client_cookie=abfbe5731d3ce9d8 server_cookie=0 in_seq=0 out_seq=0
2024-03-16T10:35:54.725 INFO:teuthology.orchestra.run.smithi002.stdout:/usr/bin/ceph: stderr
2024-03-16T10:35:53.865+0000 7ff6abfff700 1 -- 172.21.15.2:0/3842122860 <== mon.0 v2:172.21.15.2:3300/0 1 ==== mon_map magic: 0 v1 ==== 229+0+0 (secure 0 0 0) 0x7ff6b0004180 con 0x7ff6b41051c0
2024-03-16T10:35:54.726 INFO:teuthology.orchestra.run.smithi002.stdout:/usr/bin/ceph: stderr
2024-03-16T10:35:53.865+0000 7ff6abfff700 1 -- 172.21.15.2:0/3842122860 <== mon.0 v2:172.21.15.2:3300/0 2 ==== config(27 keys) v1 ==== 1109+0+0 (secure 0 0 0) 0x7ff6b00042e0 con 0x7ff6b41051c0
2024-03-16T10:35:54.726 INFO:teuthology.orchestra.run.smithi002.stdout:/usr/bin/ceph: stderr
2024-03-16T10:35:53.865+0000 7ff6abfff700 1 -- 172.21.15.2:0/3842122860 <== mon.0 v2:172.21.15.2:3300/0 3 ==== mon_map magic: 0 v1 ==== 229+0+0 (secure 0 0 0) 0x7ff6b0011b10 con 0x7ff6b41051c0
2024-03-16T10:35:54.726 INFO:teuthology.orchestra.run.smithi002.stdout:/usr/bin/ceph: stderr
2024-03-16T10:35:53.865+0000 7ff6bb33a700 1 -- 172.21.15.2:0/3842122860 >> [v2:172.21.15.2:3300/0,v1:172.21.15.2:6789/0] conn(0x7ff6b41051c0 msgr2=0x7ff6b41055e0 secure :-1 s=STATE_CONNECTION_ESTABLISHED l=1).mark_down
2024-03-16T10:35:54.726 INFO:teuthology.orchestra.run.smithi002.stdout:/usr/bin/ceph: stderr
2024-03-16T10:35:53.865+0000 7ff6bb33a700 1 --2- 172.21.15.2:0/3842122860 >> [v2:172.21.15.2:3300/0,v1:172.21.15.2:6789/0] conn(0x7ff6b41051c0 0x7ff6b41055e0 secure :-1 s=READY pgs=82 cs=0 l=1 rev1=1 crypto rx=0x7ff6b00098a0 tx=0x7ff6b0009bb0 comp rx=0 tx=0).stop
2024-03-16T10:35:54.726 INFO:teuthology.orchestra.run.smithi002.stdout:/usr/bin/ceph: stderr
2024-03-16T10:35:53.865+0000 7ff6bb33a700 1 -- 172.21.15.2:0/3842122860 shutdown_connections
2024-03-16T10:35:54.726 INFO:teuthology.orchestra.run.smithi002.stdout:/usr/bin/ceph: stderr
2024-03-16T10:35:53.865+0000 7ff6bb33a700 1 --2- 172.21.15.2:0/3842122860 >> [v2:172.21.15.2:3300/0,v1:172.21.15.2:6789/0] conn(0x7ff6b41051c0 0x7ff6b41055e0 unknown :-1 s=CLOSED pgs=82 cs=0 l=1 rev1=1 crypto rx=0 tx=0 comp rx=0 tx=0).stop
2024-03-16T10:35:54.726 INFO:teuthology.orchestra.run.smithi002.stdout:/usr/bin/ceph: stderr
2024-03-16T10:35:53.865+0000 7ff6bb33a700 1 -- 172.21.15.2:0/3842122860 >> 172.21.15.2:0/3842122860 conn(0x7ff6b4100780 msgr2=0x7ff6b4102ba0 unknown :-1 s=STATE_NONE l=0).mark_down
2024-03-16T10:35:54.726 INFO:teuthology.orchestra.run.smithi002.stdout:/usr/bin/ceph: stderr
2024-03-16T10:35:53.866+0000 7ff6bb33a700 1 -- 172.21.15.2:0/3842122860 shutdown_connections
2024-03-16T10:35:54.726 INFO:teuthology.orchestra.run.smithi002.stdout:/usr/bin/ceph: stderr
2024-03-16T10:35:53.866+0000 7ff6bb33a700 1 -- 172.21.15.2:0/3842122860 wait complete.
2024-03-16T10:35:54.726 INFO:teuthology.orchestra.run.smithi002.stdout:/usr/bin/ceph: stderr
2024-03-16T10:35:53.866+0000 7ff6bb33a700 1 Processor -- start
2024-03-16T10:35:54.726 INFO:teuthology.orchestra.run.smithi002.stdout:/usr/bin/ceph: stderr
2024-03-16T10:35:53.866+0000 7ff6bb33a700 1 -- start start
2024-03-16T10:35:54.726 INFO:teuthology.orchestra.run.smithi002.stdout:/usr/bin/ceph: stderr
2024-03-16T10:35:53.866+0000 7ff6bb33a700 1 --2- >> [v2:172.21.15.2:3300/0,v1:172.21.15.2:6789/0] conn(0x7ff6b41051c0 0x7ff6b4198fb0 unknown :-1 s=NONE pgs=0 cs=0 l=1 rev1=0 crypto rx=0 tx=0 comp rx=0 tx=0).connect
2024-03-16T10:35:54.726 INFO:teuthology.orchestra.run.smithi002.stdout:/usr/bin/ceph: stderr
2024-03-16T10:35:53.866+0000 7ff6bb33a700 1 -- --> [v2:172.21.15.2:3300/0,v1:172.21.15.2:6789/0] -- mon_getmap magic: 0 v1 -- 0x7ff6b41994f0 con 0x7ff6b41051c0
2024-03-16T10:35:54.726 INFO:teuthology.orchestra.run.smithi002.stdout:/usr/bin/ceph: stderr
2024-03-16T10:35:53.867+0000 7ff6b90d6700 1 --2- >> [v2:172.21.15.2:3300/0,v1:172.21.15.2:6789/0] conn(0x7ff6b41051c0 0x7ff6b4198fb0 unknown :-1 s=BANNER_CONNECTING pgs=0 cs=0 l=1 rev1=0 crypto rx=0 tx=0 comp rx=0 tx=0)._handle_peer_banner_payload supported=3 required=0
2024-03-16T10:35:54.727 INFO:teuthology.orchestra.run.smithi002.stdout:/usr/bin/ceph: stderr
2024-03-16T10:35:53.867+0000 7ff6b90d6700 1 --2- >> [v2:172.21.15.2:3300/0,v1:172.21.15.2:6789/0] conn(0x7ff6b41051c0 0x7ff6b4198fb0 unknown :-1 s=HELLO_CONNECTING pgs=0 cs=0 l=1 rev1=1 crypto rx=0 tx=0 comp rx=0 tx=0).handle_hello peer v2:172.21.15.2:3300/0 says I am v2:172.21.15.2:44854/0 (socket says 172.21.15.2:44854)
2024-03-16T10:35:54.727 INFO:teuthology.orchestra.run.smithi002.stdout:/usr/bin/ceph: stderr
2024-03-16T10:35:53.867+0000 7ff6b90d6700 1 -- 172.21.15.2:0/1070219877 learned_addr learned my addr 172.21.15.2:0/1070219877 (peer_addr_for_me v2:172.21.15.2:0/0)
2024-03-16T10:35:54.727 INFO:teuthology.orchestra.run.smithi002.stdout:/usr/bin/ceph: stderr
2024-03-16T10:35:53.867+0000 7ff6b90d6700 1 -- 172.21.15.2:0/1070219877 --> [v2:172.21.15.2:3300/0,v1:172.21.15.2:6789/0] -- mon_subscribe({config=0+,monmap=0+}) v3 -- 0x7ff6b0009550 con 0x7ff6b41051c0
2024-03-16T10:35:54.727 INFO:teuthology.orchestra.run.smithi002.stdout:/usr/bin/ceph: stderr
2024-03-16T10:35:53.867+0000 7ff6b90d6700 1 --2- 172.21.15.2:0/1070219877 >> [v2:172.21.15.2:3300/0,v1:172.21.15.2:6789/0] conn(0x7ff6b41051c0 0x7ff6b4198fb0 secure :-1 s=READY pgs=83 cs=0 l=1 rev1=1 crypto rx=0x7ff6b0009fb0 tx=0x7ff6b0011890 comp rx=0 tx=0).ready entity=mon.0 client_cookie=0 server_cookie=0 in_seq=0 out_seq=0
2024-03-16T10:35:54.729 INFO:teuthology.orchestra.run.smithi002.stdout:/usr/bin/ceph: stderr
2024-03-16T10:35:53.867+0000 7ff6aa7fc700 1 -- 172.21.15.2:0/1070219877 <== mon.0 v2:172.21.15.2:3300/0 1 ==== mon_map magic: 0 v1 ==== 229+0+0 (secure 0 0 0) 0x7ff6b00038b0 con 0x7ff6b41051c0
2024-03-16T10:35:54.729 INFO:teuthology.orchestra.run.smithi002.stdout:/usr/bin/ceph: stderr
2024-03-16T10:35:53.867+0000 7ff6aa7fc700 1 -- 172.21.15.2:0/1070219877 <== mon.0 v2:172.21.15.2:3300/0 2 ==== config(27 keys) v1 ==== 1109+0+0 (secure 0 0 0) 0x7ff6b0003a10 con 0x7ff6b41051c0
2024-03-16T10:35:54.729 INFO:teuthology.orchestra.run.smithi002.stdout:/usr/bin/ceph: stderr
2024-03-16T10:35:53.867+0000 7ff6bb33a700 1 -- 172.21.15.2:0/1070219877 --> [v2:172.21.15.2:3300/0,v1:172.21.15.2:6789/0] -- mon_subscribe({mgrmap=0+}) v3 -- 0x7ff6b41996f0 con 0x7ff6b41051c0
2024-03-16T10:35:54.729 INFO:teuthology.orchestra.run.smithi002.stdout:/usr/bin/ceph: stderr
2024-03-16T10:35:53.867+0000 7ff6bb33a700 1 -- 172.21.15.2:0/1070219877 --> [v2:172.21.15.2:3300/0,v1:172.21.15.2:6789/0] -- mon_subscribe({osdmap=0}) v3 -- 0x7ff6b4199b90 con 0x7ff6b41051c0
2024-03-16T10:35:54.729 INFO:teuthology.orchestra.run.smithi002.stdout:/usr/bin/ceph: stderr
2024-03-16T10:35:53.868+0000 7ff6aa7fc700 1 -- 172.21.15.2:0/1070219877 <== mon.0 v2:172.21.15.2:3300/0 3 ==== mon_map magic: 0 v1 ==== 229+0+0 (secure 0 0 0) 0x7ff6b0019770 con 0x7ff6b41051c0
2024-03-16T10:35:54.730 INFO:teuthology.orchestra.run.smithi002.stdout:/usr/bin/ceph: stderr
2024-03-16T10:35:53.868+0000 7ff6aa7fc700 1 -- 172.21.15.2:0/1070219877 <== mon.0 v2:172.21.15.2:3300/0 4 ==== mgrmap(e 11) v1 ==== 45296+0+0 (secure 0 0 0) 0x7ff6b00198d0 con 0x7ff6b41051c0
2024-03-16T10:35:54.730 INFO:teuthology.orchestra.run.smithi002.stdout:/usr/bin/ceph: stderr
2024-03-16T10:35:53.869+0000 7ff6bb33a700 1 -- 172.21.15.2:0/1070219877 --> [v2:172.21.15.2:3300/0,v1:172.21.15.2:6789/0] -- mon_command({"prefix": "get_command_descriptions"} v 0) v1 -- 0x7ff6b41095d0 con 0x7ff6b41051c0
2024-03-16T10:35:54.730 INFO:teuthology.orchestra.run.smithi002.stdout:/usr/bin/ceph: stderr
2024-03-16T10:35:53.869+0000 7ff6aa7fc700 1 --2- 172.21.15.2:0/1070219877 >> [v2:172.21.15.2:6800/486800969,v1:172.21.15.2:6801/486800969] conn(0x7ff6a0038430 0x7ff6a003a8f0 unknown :-1 s=NONE pgs=0 cs=0 l=1 rev1=0 crypto rx=0 tx=0 comp rx=0 tx=0).connect
2024-03-16T10:35:54.730 INFO:teuthology.orchestra.run.smithi002.stdout:/usr/bin/ceph: stderr
2024-03-16T10:35:53.869+0000 7ff6aa7fc700 1 -- 172.21.15.2:0/1070219877 <== mon.0 v2:172.21.15.2:3300/0 5 ==== osd_map(3..3 src has 1..3) v4 ==== 1155+0+0 (secure 0 0 0) 0x7ff6b004d460 con 0x7ff6b41051c0
2024-03-16T10:35:54.730 INFO:teuthology.orchestra.run.smithi002.stdout:/usr/bin/ceph: stderr
2024-03-16T10:35:53.869+0000 7ff6b88d5700 1 --2- 172.21.15.2:0/1070219877 >> [v2:172.21.15.2:6800/486800969,v1:172.21.15.2:6801/486800969] conn(0x7ff6a0038430 0x7ff6a003a8f0 unknown :-1 s=BANNER_CONNECTING pgs=0 cs=0 l=1 rev1=0 crypto rx=0 tx=0 comp rx=0 tx=0)._handle_peer_banner_payload supported=3 required=0
2024-03-16T10:35:54.730 INFO:teuthology.orchestra.run.smithi002.stdout:/usr/bin/ceph: stderr
2024-03-16T10:35:53.869+0000 7ff6b88d5700 1 --2- 172.21.15.2:0/1070219877 >> [v2:172.21.15.2:6800/486800969,v1:172.21.15.2:6801/486800969] conn(0x7ff6a0038430 0x7ff6a003a8f0 secure :-1 s=READY pgs=7 cs=0 l=1 rev1=1 crypto rx=0x7ff6a4006fd0 tx=0x7ff6a4006e40 comp rx=0 tx=0).ready entity=mgr.14164 client_cookie=0 server_cookie=0 in_seq=0 out_seq=0
2024-03-16T10:35:54.730 INFO:teuthology.orchestra.run.smithi002.stdout:/usr/bin/ceph: stderr
2024-03-16T10:35:53.878+0000 7ff6aa7fc700 1 -- 172.21.15.2:0/1070219877 <== mon.0 v2:172.21.15.2:3300/0 6 ==== mon_command_ack([{"prefix": "get_command_descriptions"}]=0 v0) v1 ==== 72+0+182738 (secure 0 0 0) 0x7ff6b0022d70 con 0x7ff6b41051c0
2024-03-16T10:35:54.730 INFO:teuthology.orchestra.run.smithi002.stdout:/usr/bin/ceph: stderr
2024-03-16T10:35:54.099+0000 7ff6bb33a700 1 -- 172.21.15.2:0/1070219877 --> [v2:172.21.15.2:6800/486800969,v1:172.21.15.2:6801/486800969] -- mgr_command(tid 0: {"prefix": "dashboard create-self-signed-cert", "target": ["mon-mgr", ""]}) v1 -- 0x7ff6b419c8a0 con 0x7ff6a0038430
2024-03-16T10:35:54.730 INFO:teuthology.orchestra.run.smithi002.stdout:/usr/bin/ceph: stderr
2024-03-16T10:35:54.176+0000 7ff6aa7fc700 1 -- 172.21.15.2:0/1070219877 <== mgr.14164 v2:172.21.15.2:6800/486800969 1 ==== mgr_command_reply(tid 0: 0 ) v1 ==== 8+0+32 (secure 0 0 0) 0x7ff6b419c8a0 con 0x7ff6a0038430
2024-03-16T10:35:54.730 INFO:teuthology.orchestra.run.smithi002.stdout:/usr/bin/ceph: stderr
2024-03-16T10:35:54.178+0000 7ff6bb33a700 1 -- 172.21.15.2:0/1070219877 >> [v2:172.21.15.2:6800/486800969,v1:172.21.15.2:6801/486800969] conn(0x7ff6a0038430 msgr2=0x7ff6a003a8f0 secure :-1 s=STATE_CONNECTION_ESTABLISHED l=1).mark_down
2024-03-16T10:35:54.730 INFO:teuthology.orchestra.run.smithi002.stdout:/usr/bin/ceph: stderr
2024-03-16T10:35:54.178+0000 7ff6bb33a700 1 --2- 172.21.15.2:0/1070219877 >> [v2:172.21.15.2:6800/486800969,v1:172.21.15.2:6801/486800969] conn(0x7ff6a0038430 0x7ff6a003a8f0 secure :-1 s=READY pgs=7 cs=0 l=1 rev1=1 crypto rx=0x7ff6a4006fd0 tx=0x7ff6a4006e40 comp rx=0 tx=0).stop
2024-03-16T10:35:54.730 INFO:teuthology.orchestra.run.smithi002.stdout:/usr/bin/ceph: stderr
2024-03-16T10:35:54.178+0000 7ff6bb33a700 1 -- 172.21.15.2:0/1070219877 >> [v2:172.21.15.2:3300/0,v1:172.21.15.2:6789/0] conn(0x7ff6b41051c0 msgr2=0x7ff6b4198fb0 secure :-1 s=STATE_CONNECTION_ESTABLISHED l=1).mark_down
2024-03-16T10:35:54.730 INFO:teuthology.orchestra.run.smithi002.stdout:/usr/bin/ceph: stderr
2024-03-16T10:35:54.178+0000 7ff6bb33a700 1 --2- 172.21.15.2:0/1070219877 >> [v2:172.21.15.2:3300/0,v1:172.21.15.2:6789/0] conn(0x7ff6b41051c0 0x7ff6b4198fb0 secure :-1 s=READY pgs=83 cs=0 l=1 rev1=1 crypto rx=0x7ff6b0009fb0 tx=0x7ff6b0011890 comp rx=0 tx=0).stop
2024-03-16T10:35:54.730 INFO:teuthology.orchestra.run.smithi002.stdout:/usr/bin/ceph: stderr
2024-03-16T10:35:54.178+0000 7ff6bb33a700 1 -- 172.21.15.2:0/1070219877 shutdown_connections
2024-03-16T10:35:54.731 INFO:teuthology.orchestra.run.smithi002.stdout:/usr/bin/ceph: stderr
2024-03-16T10:35:54.178+0000 7ff6bb33a700 1 --2- 172.21.15.2:0/1070219877 >> [v2:172.21.15.2:6800/486800969,v1:172.21.15.2:6801/486800969] conn(0x7ff6a0038430 0x7ff6a003a8f0 unknown :-1 s=CLOSED pgs=7 cs=0 l=1 rev1=1 crypto rx=0 tx=0 comp rx=0 tx=0).stop
2024-03-16T10:35:54.731 INFO:teuthology.orchestra.run.smithi002.stdout:/usr/bin/ceph: stderr
2024-03-16T10:35:54.178+0000 7ff6bb33a700 1 --2- 172.21.15.2:0/1070219877 >> [v2:172.21.15.2:3300/0,v1:172.21.15.2:6789/0] conn(0x7ff6b41051c0 0x7ff6b4198fb0 unknown :-1 s=CLOSED pgs=83 cs=0 l=1 rev1=1 crypto rx=0 tx=0 comp rx=0 tx=0).stop
2024-03-16T10:35:54.731 INFO:teuthology.orchestra.run.smithi002.stdout:/usr/bin/ceph: stderr
2024-03-16T10:35:54.178+0000 7ff6bb33a700 1 -- 172.21.15.2:0/1070219877 >> 172.21.15.2:0/1070219877 conn(0x7ff6b4100780 msgr2=0x7ff6b4101330 unknown :-1 s=STATE_NONE l=0).mark_down
2024-03-16T10:35:54.731 INFO:teuthology.orchestra.run.smithi002.stdout:/usr/bin/ceph: stderr
2024-03-16T10:35:54.178+0000 7ff6bb33a700 1 -- 172.21.15.2:0/1070219877 shutdown_connections
2024-03-16T10:35:54.731 INFO:teuthology.orchestra.run.smithi002.stdout:/usr/bin/ceph: stderr
2024-03-16T10:35:54.178+0000 7ff6bb33a700 1 -- 172.21.15.2:0/1070219877 wait complete.
2024-03-16T10:35:54.731 INFO:teuthology.orchestra.run.smithi002.stdout:Creating initial admin user...
2024-03-16T10:35:55.111 INFO:journalctl@ceph.mon.smithi002.smithi002.stdout:Mar 16 10:35:54 smithi002 ceph-mon[29248]: from='mgr.14164 172.21.15.2:0/779446619' entity='mgr.smithi002.zevrtm'
2024-03-16T10:35:55.112 INFO:journalctl@ceph.mon.smithi002.smithi002.stdout:Mar 16 10:35:54 smithi002 ceph-mon[29248]: from='client.14176 -' entity='client.admin' cmd=[{"prefix": "dashboard create-self-signed-cert", "target": ["mon-mgr", ""]}]: dispatch
2024-03-16T10:35:55.112 INFO:journalctl@ceph.mon.smithi002.smithi002.stdout:Mar 16 10:35:54 smithi002 ceph-mon[29248]: from='mgr.14164 172.21.15.2:0/779446619' entity='mgr.smithi002.zevrtm'
2024-03-16T10:35:55.112 INFO:journalctl@ceph.mon.smithi002.smithi002.stdout:Mar 16 10:35:54 smithi002 ceph-mon[29248]: from='mgr.14164 172.21.15.2:0/779446619' entity='mgr.smithi002.zevrtm'
2024-03-16T10:35:55.112 INFO:journalctl@ceph.mon.smithi002.smithi002.stdout:Mar 16 10:35:54 smithi002 ceph-mon[29248]: mgrmap e12: smithi002.zevrtm(active, since 3s)
2024-03-16T10:35:56.846 INFO:journalctl@ceph.mon.smithi002.smithi002.stdout:Mar 16 10:35:56 smithi002 ceph-mon[29248]: from='client.14178 -' entity='client.admin' cmd=[{"prefix": "dashboard ac-user-create", "username": "admin", "rolename": "administrator", "force_password": true, "pwd_update_required": true, "target": ["mon-mgr", ""]}]: dispatch
2024-03-16T10:35:56.846 INFO:journalctl@ceph.mon.smithi002.smithi002.stdout:Mar 16 10:35:56 smithi002 ceph-mon[29248]: from='mgr.14164 172.21.15.2:0/779446619' entity='mgr.smithi002.zevrtm'
2024-03-16T10:35:56.853 INFO:teuthology.orchestra.run.smithi002.stdout:/usr/bin/ceph: stdout {"username": "admin", "password": "$2b$12$ykRJrPPYaetw1X/bID5uxeLk8qoXB2GgUAclloM8eGBa6i1i9I.DG", "roles": ["administrator"], "name": null, "email": null, "lastUpdate": 1710585355, "enabled": true, "pwdExpirationDate": null, "pwdUpdateRequired": true}
2024-03-16T10:35:56.853 INFO:teuthology.orchestra.run.smithi002.stdout:/usr/bin/ceph: stderr
2024-03-16T10:35:55.139+0000 7fdee2d23700 1 Processor -- start
2024-03-16T10:35:56.853 INFO:teuthology.orchestra.run.smithi002.stdout:/usr/bin/ceph: stderr
2024-03-16T10:35:55.139+0000 7fdee2d23700 1 -- start start
2024-03-16T10:35:56.853 INFO:teuthology.orchestra.run.smithi002.stdout:/usr/bin/ceph: stderr
2024-03-16T10:35:55.140+0000 7fdee2d23700 1 --2- >> [v2:172.21.15.2:3300/0,v1:172.21.15.2:6789/0] conn(0x7fdedc07ad00 0x7fdedc079160 unknown :-1 s=NONE pgs=0 cs=0 l=0 rev1=0 crypto rx=0 tx=0 comp rx=0 tx=0).connect
2024-03-16T10:35:56.853 INFO:teuthology.orchestra.run.smithi002.stdout:/usr/bin/ceph: stderr
2024-03-16T10:35:55.140+0000 7fdee2d23700 1 -- --> [v2:172.21.15.2:3300/0,v1:172.21.15.2:6789/0] -- mon_getmap magic: 0 v1 -- 0x7fdedc079730 con 0x7fdedc07ad00
2024-03-16T10:35:56.853 INFO:teuthology.orchestra.run.smithi002.stdout:/usr/bin/ceph: stderr
2024-03-16T10:35:55.140+0000 7fdee0abf700 1 --2- >> [v2:172.21.15.2:3300/0,v1:172.21.15.2:6789/0] conn(0x7fdedc07ad00 0x7fdedc079160 unknown :-1 s=BANNER_CONNECTING pgs=0 cs=0 l=0 rev1=0 crypto rx=0 tx=0 comp rx=0 tx=0)._handle_peer_banner_payload supported=3 required=0
2024-03-16T10:35:56.854 INFO:teuthology.orchestra.run.smithi002.stdout:/usr/bin/ceph: stderr
2024-03-16T10:35:55.140+0000 7fdee0abf700 1 --2- >> [v2:172.21.15.2:3300/0,v1:172.21.15.2:6789/0] conn(0x7fdedc07ad00 0x7fdedc079160 unknown :-1 s=HELLO_CONNECTING pgs=0 cs=0 l=0 rev1=1 crypto rx=0 tx=0 comp rx=0 tx=0).handle_hello peer v2:172.21.15.2:3300/0 says I am v2:172.21.15.2:44868/0 (socket says 172.21.15.2:44868)
2024-03-16T10:35:56.854 INFO:teuthology.orchestra.run.smithi002.stdout:/usr/bin/ceph: stderr
2024-03-16T10:35:55.140+0000 7fdee0abf700 1 -- 172.21.15.2:0/106548606 learned_addr learned my addr 172.21.15.2:0/106548606 (peer_addr_for_me v2:172.21.15.2:0/0)
2024-03-16T10:35:56.854 INFO:teuthology.orchestra.run.smithi002.stdout:/usr/bin/ceph: stderr
2024-03-16T10:35:55.140+0000 7fdee0abf700 1 -- 172.21.15.2:0/106548606 --> [v2:172.21.15.2:3300/0,v1:172.21.15.2:6789/0] -- mon_subscribe({config=0+,monmap=0+}) v3 -- 0x7fdedc079870 con 0x7fdedc07ad00
2024-03-16T10:35:56.854 INFO:teuthology.orchestra.run.smithi002.stdout:/usr/bin/ceph: stderr
2024-03-16T10:35:55.140+0000 7fdee0abf700 1 --2- 172.21.15.2:0/106548606 >> [v2:172.21.15.2:3300/0,v1:172.21.15.2:6789/0] conn(0x7fdedc07ad00 0x7fdedc079160 secure :-1 s=READY pgs=84 cs=0 l=1 rev1=1 crypto rx=0x7fded00098a0 tx=0x7fded0009bb0 comp rx=0 tx=0).ready entity=mon.0 client_cookie=a50da6bab24657e7 server_cookie=0 in_seq=0 out_seq=0
2024-03-16T10:35:56.854 INFO:teuthology.orchestra.run.smithi002.stdout:/usr/bin/ceph: stderr
2024-03-16T10:35:55.140+0000 7fdedb7fe700 1 -- 172.21.15.2:0/106548606 <== mon.0 v2:172.21.15.2:3300/0 1 ==== mon_map magic: 0 v1 ==== 229+0+0 (secure 0 0 0) 0x7fded0004180 con 0x7fdedc07ad00
2024-03-16T10:35:56.854 INFO:teuthology.orchestra.run.smithi002.stdout:/usr/bin/ceph: stderr
2024-03-16T10:35:55.140+0000 7fdedb7fe700 1 -- 172.21.15.2:0/106548606 <== mon.0 v2:172.21.15.2:3300/0 2 ==== config(27 keys) v1 ==== 1109+0+0 (secure 0 0 0) 0x7fded00042e0 con 0x7fdedc07ad00
2024-03-16T10:35:56.854 INFO:teuthology.orchestra.run.smithi002.stdout:/usr/bin/ceph: stderr
2024-03-16T10:35:55.140+0000 7fdedb7fe700 1 -- 172.21.15.2:0/106548606 <== mon.0 v2:172.21.15.2:3300/0 3 ==== mon_map magic: 0 v1 ==== 229+0+0 (secure 0 0 0) 0x7fded0011b10 con 0x7fdedc07ad00
2024-03-16T10:35:56.854 INFO:teuthology.orchestra.run.smithi002.stdout:/usr/bin/ceph: stderr
2024-03-16T10:35:55.141+0000 7fdee2d23700 1 -- 172.21.15.2:0/106548606 >> [v2:172.21.15.2:3300/0,v1:172.21.15.2:6789/0] conn(0x7fdedc07ad00 msgr2=0x7fdedc079160 secure :-1 s=STATE_CONNECTION_ESTABLISHED l=1).mark_down
2024-03-16T10:35:56.854 INFO:teuthology.orchestra.run.smithi002.stdout:/usr/bin/ceph: stderr
2024-03-16T10:35:55.141+0000 7fdee2d23700 1 --2- 172.21.15.2:0/106548606 >> [v2:172.21.15.2:3300/0,v1:172.21.15.2:6789/0] conn(0x7fdedc07ad00 0x7fdedc079160 secure :-1 s=READY pgs=84 cs=0 l=1 rev1=1 crypto rx=0x7fded00098a0 tx=0x7fded0009bb0 comp rx=0 tx=0).stop
2024-03-16T10:35:56.854 INFO:teuthology.orchestra.run.smithi002.stdout:/usr/bin/ceph: stderr
2024-03-16T10:35:55.141+0000 7fdee2d23700 1 -- 172.21.15.2:0/106548606 shutdown_connections
2024-03-16T10:35:56.854 INFO:teuthology.orchestra.run.smithi002.stdout:/usr/bin/ceph: stderr
2024-03-16T10:35:55.141+0000 7fdee2d23700 1 --2- 172.21.15.2:0/106548606 >> [v2:172.21.15.2:3300/0,v1:172.21.15.2:6789/0] conn(0x7fdedc07ad00 0x7fdedc079160 unknown :-1 s=CLOSED pgs=84 cs=0 l=1 rev1=1 crypto rx=0 tx=0 comp rx=0 tx=0).stop
2024-03-16T10:35:56.854 INFO:teuthology.orchestra.run.smithi002.stdout:/usr/bin/ceph: stderr
2024-03-16T10:35:55.141+0000 7fdee2d23700 1 -- 172.21.15.2:0/106548606 >> 172.21.15.2:0/106548606 conn(0x7fdedc1018e0 msgr2=0x7fdedc103d20 unknown :-1 s=STATE_NONE l=0).mark_down
2024-03-16T10:35:56.854 INFO:teuthology.orchestra.run.smithi002.stdout:/usr/bin/ceph: stderr
2024-03-16T10:35:55.141+0000 7fdee2d23700 1 -- 172.21.15.2:0/106548606 shutdown_connections
2024-03-16T10:35:56.854 INFO:teuthology.orchestra.run.smithi002.stdout:/usr/bin/ceph: stderr
2024-03-16T10:35:55.141+0000 7fdee2d23700 1 -- 172.21.15.2:0/106548606 wait complete.
2024-03-16T10:35:56.855 INFO:teuthology.orchestra.run.smithi002.stdout:/usr/bin/ceph: stderr
2024-03-16T10:35:55.142+0000 7fdee2d23700 1 Processor -- start
2024-03-16T10:35:56.855 INFO:teuthology.orchestra.run.smithi002.stdout:/usr/bin/ceph: stderr
2024-03-16T10:35:55.142+0000 7fdee2d23700 1 -- start start
2024-03-16T10:35:56.855 INFO:teuthology.orchestra.run.smithi002.stdout:/usr/bin/ceph: stderr
2024-03-16T10:35:55.142+0000 7fdee2d23700 1 --2- >> [v2:172.21.15.2:3300/0,v1:172.21.15.2:6789/0] conn(0x7fdedc07ad00 0x7fdedc19c2f0 unknown :-1 s=NONE pgs=0 cs=0 l=1 rev1=0 crypto rx=0 tx=0 comp rx=0 tx=0).connect
2024-03-16T10:35:56.855 INFO:teuthology.orchestra.run.smithi002.stdout:/usr/bin/ceph: stderr
2024-03-16T10:35:55.142+0000 7fdee2d23700 1 -- --> [v2:172.21.15.2:3300/0,v1:172.21.15.2:6789/0] -- mon_getmap magic: 0 v1 -- 0x7fdedc19c830 con 0x7fdedc07ad00
2024-03-16T10:35:56.855 INFO:teuthology.orchestra.run.smithi002.stdout:/usr/bin/ceph: stderr
2024-03-16T10:35:55.142+0000 7fdee0abf700 1 --2- >> [v2:172.21.15.2:3300/0,v1:172.21.15.2:6789/0] conn(0x7fdedc07ad00 0x7fdedc19c2f0 unknown :-1 s=BANNER_CONNECTING pgs=0 cs=0 l=1 rev1=0 crypto rx=0 tx=0 comp rx=0 tx=0)._handle_peer_banner_payload supported=3 required=0
2024-03-16T10:35:56.855 INFO:teuthology.orchestra.run.smithi002.stdout:/usr/bin/ceph: stderr
2024-03-16T10:35:55.142+0000 7fdee0abf700 1 --2- >> [v2:172.21.15.2:3300/0,v1:172.21.15.2:6789/0] conn(0x7fdedc07ad00 0x7fdedc19c2f0 unknown :-1 s=HELLO_CONNECTING pgs=0 cs=0 l=1 rev1=1 crypto rx=0 tx=0 comp rx=0 tx=0).handle_hello peer v2:172.21.15.2:3300/0 says I am v2:172.21.15.2:44882/0 (socket says 172.21.15.2:44882)
2024-03-16T10:35:56.855 INFO:teuthology.orchestra.run.smithi002.stdout:/usr/bin/ceph: stderr
2024-03-16T10:35:55.142+0000 7fdee0abf700 1 -- 172.21.15.2:0/2731887509 learned_addr learned my addr 172.21.15.2:0/2731887509 (peer_addr_for_me v2:172.21.15.2:0/0)
2024-03-16T10:35:56.855 INFO:teuthology.orchestra.run.smithi002.stdout:/usr/bin/ceph: stderr
2024-03-16T10:35:55.142+0000 7fdee0abf700 1 -- 172.21.15.2:0/2731887509 --> [v2:172.21.15.2:3300/0,v1:172.21.15.2:6789/0] -- mon_subscribe({config=0+,monmap=0+}) v3 -- 0x7fded0009550 con 0x7fdedc07ad00
2024-03-16T10:35:56.855 INFO:teuthology.orchestra.run.smithi002.stdout:/usr/bin/ceph: stderr
2024-03-16T10:35:55.142+0000 7fdee0abf700 1 --2- 172.21.15.2:0/2731887509 >> [v2:172.21.15.2:3300/0,v1:172.21.15.2:6789/0] conn(0x7fdedc07ad00 0x7fdedc19c2f0 secure :-1 s=READY pgs=85 cs=0 l=1 rev1=1 crypto rx=0x7fded0009fb0 tx=0x7fded0011890 comp rx=0 tx=0).ready entity=mon.0 client_cookie=0 server_cookie=0 in_seq=0 out_seq=0
2024-03-16T10:35:56.855 INFO:teuthology.orchestra.run.smithi002.stdout:/usr/bin/ceph: stderr
2024-03-16T10:35:55.142+0000 7fded9ffb700 1 -- 172.21.15.2:0/2731887509 <== mon.0 v2:172.21.15.2:3300/0 1 ==== mon_map magic: 0 v1 ==== 229+0+0 (secure 0 0 0) 0x7fded00038b0 con 0x7fdedc07ad00
2024-03-16T10:35:56.855 INFO:teuthology.orchestra.run.smithi002.stdout:/usr/bin/ceph: stderr
2024-03-16T10:35:55.142+0000 7fdee2d23700 1 -- 172.21.15.2:0/2731887509 --> [v2:172.21.15.2:3300/0,v1:172.21.15.2:6789/0] -- mon_subscribe({mgrmap=0+}) v3 -- 0x7fdedc19ca30 con 0x7fdedc07ad00
2024-03-16T10:35:56.855 INFO:teuthology.orchestra.run.smithi002.stdout:/usr/bin/ceph: stderr
2024-03-16T10:35:55.142+0000 7fded9ffb700 1 -- 172.21.15.2:0/2731887509 <== mon.0 v2:172.21.15.2:3300/0 2 ==== config(27 keys) v1 ==== 1109+0+0 (secure 0 0 0) 0x7fded0003a10 con 0x7fdedc07ad00
2024-03-16T10:35:56.855 INFO:teuthology.orchestra.run.smithi002.stdout:/usr/bin/ceph: stderr
2024-03-16T10:35:55.143+0000 7fded9ffb700 1 -- 172.21.15.2:0/2731887509 <== mon.0 v2:172.21.15.2:3300/0 3 ==== mon_map magic: 0 v1 ==== 229+0+0 (secure 0 0 0) 0x7fded0019770 con 0x7fdedc07ad00
2024-03-16T10:35:56.855 INFO:teuthology.orchestra.run.smithi002.stdout:/usr/bin/ceph: stderr
2024-03-16T10:35:55.143+0000 7fdee2d23700 1 -- 172.21.15.2:0/2731887509 --> [v2:172.21.15.2:3300/0,v1:172.21.15.2:6789/0] -- mon_subscribe({osdmap=0}) v3 -- 0x7fdedc19ced0 con 0x7fdedc07ad00
2024-03-16T10:35:56.855 INFO:teuthology.orchestra.run.smithi002.stdout:/usr/bin/ceph: stderr
2024-03-16T10:35:55.143+0000 7fded9ffb700 1 -- 172.21.15.2:0/2731887509 <== mon.0 v2:172.21.15.2:3300/0 4 ==== mgrmap(e 12) v1 ==== 45402+0+0 (secure 0 0 0) 0x7fded001ac10 con 0x7fdedc07ad00
2024-03-16T10:35:56.855 INFO:teuthology.orchestra.run.smithi002.stdout:/usr/bin/ceph: stderr
2024-03-16T10:35:55.144+0000 7fdee2d23700 1 -- 172.21.15.2:0/2731887509 --> [v2:172.21.15.2:3300/0,v1:172.21.15.2:6789/0] -- mon_command({"prefix": "get_command_descriptions"} v 0) v1 -- 0x7fdedc10c700 con 0x7fdedc07ad00
2024-03-16T10:35:56.856 INFO:teuthology.orchestra.run.smithi002.stdout:/usr/bin/ceph: stderr
2024-03-16T10:35:55.144+0000 7fded9ffb700 1 --2- 172.21.15.2:0/2731887509 >> [v2:172.21.15.2:6800/486800969,v1:172.21.15.2:6801/486800969] conn(0x7fdecc038500 0x7fdecc03a9c0 unknown :-1 s=NONE pgs=0 cs=0 l=1 rev1=0 crypto rx=0 tx=0 comp rx=0 tx=0).connect
2024-03-16T10:35:56.856 INFO:teuthology.orchestra.run.smithi002.stdout:/usr/bin/ceph: stderr
2024-03-16T10:35:55.144+0000 7fded9ffb700 1 -- 172.21.15.2:0/2731887509 <== mon.0 v2:172.21.15.2:3300/0 5 ==== osd_map(3..3 src has 1..3) v4 ==== 1155+0+0 (secure 0 0 0) 0x7fded004c630 con 0x7fdedc07ad00
2024-03-16T10:35:56.856 INFO:teuthology.orchestra.run.smithi002.stdout:/usr/bin/ceph: stderr
2024-03-16T10:35:55.144+0000 7fdedbfff700 1 --2- 172.21.15.2:0/2731887509 >> [v2:172.21.15.2:6800/486800969,v1:172.21.15.2:6801/486800969] conn(0x7fdecc038500 0x7fdecc03a9c0 unknown :-1 s=BANNER_CONNECTING pgs=0 cs=0 l=1 rev1=0 crypto rx=0 tx=0 comp rx=0 tx=0)._handle_peer_banner_payload supported=3 required=0
2024-03-16T10:35:56.856 INFO:teuthology.orchestra.run.smithi002.stdout:/usr/bin/ceph: stderr
2024-03-16T10:35:55.144+0000 7fdedbfff700 1 --2- 172.21.15.2:0/2731887509 >> [v2:172.21.15.2:6800/486800969,v1:172.21.15.2:6801/486800969] conn(0x7fdecc038500 0x7fdecc03a9c0 secure :-1 s=READY pgs=8 cs=0 l=1 rev1=1 crypto rx=0x7fdec8006fd0 tx=0x7fdec8006e40 comp rx=0 tx=0).ready entity=mgr.14164 client_cookie=0 server_cookie=0 in_seq=0 out_seq=0
2024-03-16T10:35:56.856 INFO:teuthology.orchestra.run.smithi002.stdout:/usr/bin/ceph: stderr
2024-03-16T10:35:55.148+0000 7fded9ffb700 1 -- 172.21.15.2:0/2731887509 <== mon.0 v2:172.21.15.2:3300/0 6 ==== mon_command_ack([{"prefix": "get_command_descriptions"}]=0 v0) v1 ==== 72+0+182738 (secure 0 0 0) 0x7fded0022700 con 0x7fdedc07ad00
2024-03-16T10:35:56.856 INFO:teuthology.orchestra.run.smithi002.stdout:/usr/bin/ceph: stderr
2024-03-16T10:35:55.374+0000 7fdee2d23700 1 -- 172.21.15.2:0/2731887509 --> [v2:172.21.15.2:6800/486800969,v1:172.21.15.2:6801/486800969] -- mgr_command(tid 0: {"prefix": "dashboard ac-user-create", "username": "admin", "rolename": "administrator", "force_password": true, "pwd_update_required": true, "target": ["mon-mgr", ""]}) v1 -- 0x7fdedc10c8c0 con 0x7fdecc038500
2024-03-16T10:35:56.856 INFO:teuthology.orchestra.run.smithi002.stdout:/usr/bin/ceph: stderr
2024-03-16T10:35:55.621+0000 7fded9ffb700 1 -- 172.21.15.2:0/2731887509 <== mgr.14164 v2:172.21.15.2:6800/486800969 1 ==== mgr_command_reply(tid 0: 0 ) v1 ==== 8+0+252 (secure 0 0 0) 0x7fdedc10c8c0 con 0x7fdecc038500
2024-03-16T10:35:56.856 INFO:teuthology.orchestra.run.smithi002.stdout:/usr/bin/ceph: stderr
2024-03-16T10:35:55.623+0000 7fdee2d23700 1 -- 172.21.15.2:0/2731887509 >> [v2:172.21.15.2:6800/486800969,v1:172.21.15.2:6801/486800969] conn(0x7fdecc038500 msgr2=0x7fdecc03a9c0 secure :-1 s=STATE_CONNECTION_ESTABLISHED l=1).mark_down
2024-03-16T10:35:56.856 INFO:teuthology.orchestra.run.smithi002.stdout:/usr/bin/ceph: stderr
2024-03-16T10:35:55.623+0000 7fdee2d23700 1 --2- 172.21.15.2:0/2731887509 >> [v2:172.21.15.2:6800/486800969,v1:172.21.15.2:6801/486800969] conn(0x7fdecc038500 0x7fdecc03a9c0 secure :-1 s=READY pgs=8 cs=0 l=1 rev1=1 crypto rx=0x7fdec8006fd0 tx=0x7fdec8006e40 comp rx=0 tx=0).stop
2024-03-16T10:35:56.856 INFO:teuthology.orchestra.run.smithi002.stdout:/usr/bin/ceph: stderr
2024-03-16T10:35:55.623+0000 7fdee2d23700 1 -- 172.21.15.2:0/2731887509 >> [v2:172.21.15.2:3300/0,v1:172.21.15.2:6789/0] conn(0x7fdedc07ad00 msgr2=0x7fdedc19c2f0 secure :-1 s=STATE_CONNECTION_ESTABLISHED l=1).mark_down
2024-03-16T10:35:56.856 INFO:teuthology.orchestra.run.smithi002.stdout:/usr/bin/ceph: stderr
2024-03-16T10:35:55.623+0000 7fdee2d23700 1 --2- 172.21.15.2:0/2731887509 >> [v2:172.21.15.2:3300/0,v1:172.21.15.2:6789/0] conn(0x7fdedc07ad00 0x7fdedc19c2f0 secure :-1 s=READY pgs=85 cs=0 l=1 rev1=1 crypto rx=0x7fded0009fb0 tx=0x7fded0011890 comp rx=0 tx=0).stop
2024-03-16T10:35:56.856 INFO:teuthology.orchestra.run.smithi002.stdout:/usr/bin/ceph: stderr
2024-03-16T10:35:55.623+0000 7fdee2d23700 1 -- 172.21.15.2:0/2731887509 shutdown_connections
2024-03-16T10:35:56.856 INFO:teuthology.orchestra.run.smithi002.stdout:/usr/bin/ceph: stderr
2024-03-16T10:35:55.623+0000 7fdee2d23700 1 --2- 172.21.15.2:0/2731887509 >> [v2:172.21.15.2:6800/486800969,v1:172.21.15.2:6801/486800969] conn(0x7fdecc038500 0x7fdecc03a9c0 unknown :-1 s=CLOSED pgs=8 cs=0 l=1 rev1=1 crypto rx=0 tx=0 comp rx=0 tx=0).stop
2024-03-16T10:35:56.856 INFO:teuthology.orchestra.run.smithi002.stdout:/usr/bin/ceph: stderr
2024-03-16T10:35:55.623+0000 7fdee2d23700 1 --2- 172.21.15.2:0/2731887509 >> [v2:172.21.15.2:3300/0,v1:172.21.15.2:6789/0] conn(0x7fdedc07ad00 0x7fdedc19c2f0 unknown :-1 s=CLOSED pgs=85 cs=0 l=1 rev1=1 crypto rx=0 tx=0 comp rx=0 tx=0).stop
2024-03-16T10:35:56.857 INFO:teuthology.orchestra.run.smithi002.stdout:/usr/bin/ceph: stderr
2024-03-16T10:35:55.623+0000 7fdee2d23700 1 -- 172.21.15.2:0/2731887509 >> 172.21.15.2:0/2731887509 conn(0x7fdedc1018e0 msgr2=0x7fdedc102470 unknown :-1 s=STATE_NONE l=0).mark_down
2024-03-16T10:35:56.857 INFO:teuthology.orchestra.run.smithi002.stdout:/usr/bin/ceph: stderr
2024-03-16T10:35:55.623+0000 7fdee2d23700 1 -- 172.21.15.2:0/2731887509 shutdown_connections
2024-03-16T10:35:56.857 INFO:teuthology.orchestra.run.smithi002.stdout:/usr/bin/ceph: stderr
2024-03-16T10:35:55.623+0000 7fdee2d23700 1 -- 172.21.15.2:0/2731887509 wait complete.
2024-03-16T10:35:56.857 INFO:teuthology.orchestra.run.smithi002.stdout:Fetching dashboard port number...
2024-03-16T10:35:57.798 INFO:journalctl@ceph.mon.smithi002.smithi002.stdout:Mar 16 10:35:57 smithi002 ceph-mon[29248]: from='client.? 172.21.15.2:0/2588737114' entity='client.admin' cmd=[{"prefix": "config get", "who": "mgr", "key": "mgr/dashboard/ssl_server_port"}]: dispatch
2024-03-16T10:35:58.054 INFO:teuthology.orchestra.run.smithi002.stdout:/usr/bin/ceph: stdout 8443
2024-03-16T10:35:58.054 INFO:teuthology.orchestra.run.smithi002.stdout:/usr/bin/ceph: stderr
2024-03-16T10:35:57.268+0000 7fd61c59c700 1 Processor -- start
2024-03-16T10:35:58.054 INFO:teuthology.orchestra.run.smithi002.stdout:/usr/bin/ceph: stderr
2024-03-16T10:35:57.268+0000 7fd61c59c700 1 -- start start
2024-03-16T10:35:58.054 INFO:teuthology.orchestra.run.smithi002.stdout:/usr/bin/ceph: stderr
2024-03-16T10:35:57.268+0000 7fd61c59c700 1 --2- >> [v2:172.21.15.2:3300/0,v1:172.21.15.2:6789/0] conn(0x7fd614105250 0x7fd614105670 unknown :-1 s=NONE pgs=0 cs=0 l=0 rev1=0 crypto rx=0 tx=0 comp rx=0 tx=0).connect
2024-03-16T10:35:58.054 INFO:teuthology.orchestra.run.smithi002.stdout:/usr/bin/ceph: stderr
2024-03-16T10:35:57.268+0000 7fd61c59c700 1 -- --> [v2:172.21.15.2:3300/0,v1:172.21.15.2:6789/0] -- mon_getmap magic: 0 v1 -- 0x7fd614105c40 con 0x7fd614105250
2024-03-16T10:35:58.054 INFO:teuthology.orchestra.run.smithi002.stdout:/usr/bin/ceph: stderr
2024-03-16T10:35:57.268+0000 7fd61a338700 1 --2- >> [v2:172.21.15.2:3300/0,v1:172.21.15.2:6789/0] conn(0x7fd614105250 0x7fd614105670 unknown :-1 s=BANNER_CONNECTING pgs=0 cs=0 l=0 rev1=0 crypto rx=0 tx=0 comp rx=0 tx=0)._handle_peer_banner_payload supported=3 required=0
2024-03-16T10:35:58.054 INFO:teuthology.orchestra.run.smithi002.stdout:/usr/bin/ceph: stderr
2024-03-16T10:35:57.268+0000 7fd61a338700 1 --2- >> [v2:172.21.15.2:3300/0,v1:172.21.15.2:6789/0] conn(0x7fd614105250 0x7fd614105670 unknown :-1 s=HELLO_CONNECTING pgs=0 cs=0 l=0 rev1=1 crypto rx=0 tx=0 comp rx=0 tx=0).handle_hello peer v2:172.21.15.2:3300/0 says I am v2:172.21.15.2:44886/0 (socket says 172.21.15.2:44886)
2024-03-16T10:35:58.054 INFO:teuthology.orchestra.run.smithi002.stdout:/usr/bin/ceph: stderr
2024-03-16T10:35:57.269+0000 7fd61a338700 1 -- 172.21.15.2:0/3865263675 learned_addr learned my addr 172.21.15.2:0/3865263675 (peer_addr_for_me v2:172.21.15.2:0/0)
2024-03-16T10:35:58.055 INFO:teuthology.orchestra.run.smithi002.stdout:/usr/bin/ceph: stderr
2024-03-16T10:35:57.269+0000 7fd61a338700 1 -- 172.21.15.2:0/3865263675 --> [v2:172.21.15.2:3300/0,v1:172.21.15.2:6789/0] -- mon_subscribe({config=0+,monmap=0+}) v3 -- 0x7fd614106450 con 0x7fd614105250
2024-03-16T10:35:58.055 INFO:teuthology.orchestra.run.smithi002.stdout:/usr/bin/ceph: stderr
2024-03-16T10:35:57.269+0000 7fd61a338700 1 --2- 172.21.15.2:0/3865263675 >> [v2:172.21.15.2:3300/0,v1:172.21.15.2:6789/0] conn(0x7fd614105250 0x7fd614105670 secure :-1 s=READY pgs=86 cs=0 l=1 rev1=1 crypto rx=0x7fd604009e80 tx=0x7fd60400b330 comp rx=0 tx=0).ready entity=mon.0 client_cookie=2e71eea13a0c107a server_cookie=0 in_seq=0 out_seq=0
2024-03-16T10:35:58.055 INFO:teuthology.orchestra.run.smithi002.stdout:/usr/bin/ceph: stderr
2024-03-16T10:35:57.269+0000 7fd619336700 1 -- 172.21.15.2:0/3865263675 <== mon.0 v2:172.21.15.2:3300/0 1 ==== mon_map magic: 0 v1 ==== 229+0+0 (secure 0 0 0) 0x7fd60400e070 con 0x7fd614105250
2024-03-16T10:35:58.055 INFO:teuthology.orchestra.run.smithi002.stdout:/usr/bin/ceph: stderr
2024-03-16T10:35:57.269+0000 7fd619336700 1 -- 172.21.15.2:0/3865263675 <== mon.0 v2:172.21.15.2:3300/0 2 ==== config(27 keys) v1 ==== 1109+0+0 (secure 0 0 0) 0x7fd60400b8c0 con 0x7fd614105250
