2024-03-16T10:56:36.522 INFO:teuthology.orchestra.run.smithi078.stdout:/usr/bin/ceph: stderr
2024-03-16T10:56:30.425+0000 7ff4037fe700 1 -- 172.21.15.78:0/769511956 >> [v2:172.21.15.78:6800/2003716687,v1:172.21.15.78:6801/2003716687] conn(0x7ff3ec038f70 msgr2=0x7ff3ec03b430 unknown :-1 s=STATE_CONNECTING_RE l=1).process reconnect failed to v2:172.21.15.78:6800/2003716687
2024-03-16T10:56:36.522 INFO:teuthology.orchestra.run.smithi078.stdout:/usr/bin/ceph: stderr
2024-03-16T10:56:30.425+0000 7ff4037fe700 1 --2- 172.21.15.78:0/769511956 >> [v2:172.21.15.78:6800/2003716687,v1:172.21.15.78:6801/2003716687] conn(0x7ff3ec038f70 0x7ff3ec03b430 unknown :-1 s=START_CONNECT pgs=0 cs=0 l=1 rev1=0 crypto rx=0 tx=0 comp rx=0 tx=0)._fault waiting 0.200000
2024-03-16T10:56:36.522 INFO:teuthology.orchestra.run.smithi078.stdout:/usr/bin/ceph: stderr
2024-03-16T10:56:30.426+0000 7ff40a28e700 1 -- 172.21.15.78:0/769511956 --> [v2:172.21.15.78:6800/2003716687,v1:172.21.15.78:6801/2003716687] -- command(tid 0: {"prefix": "get_command_descriptions"}) -- 0x7ff404063900 con 0x7ff3ec038f70
2024-03-16T10:56:36.522 INFO:teuthology.orchestra.run.smithi078.stdout:/usr/bin/ceph: stderr
2024-03-16T10:56:30.626+0000 7ff4037fe700 1 -- 172.21.15.78:0/769511956 >> [v2:172.21.15.78:6800/2003716687,v1:172.21.15.78:6801/2003716687] conn(0x7ff3ec038f70 msgr2=0x7ff3ec03b430 unknown :-1 s=STATE_CONNECTING_RE l=1).process reconnect failed to v2:172.21.15.78:6800/2003716687
2024-03-16T10:56:36.522 INFO:teuthology.orchestra.run.smithi078.stdout:/usr/bin/ceph: stderr
2024-03-16T10:56:30.626+0000 7ff4037fe700 1 --2- 172.21.15.78:0/769511956 >> [v2:172.21.15.78:6800/2003716687,v1:172.21.15.78:6801/2003716687] conn(0x7ff3ec038f70 0x7ff3ec03b430 unknown :-1 s=START_CONNECT pgs=0 cs=0 l=1 rev1=0 crypto rx=0 tx=0 comp rx=0 tx=0)._fault waiting 0.400000
2024-03-16T10:56:36.522 INFO:teuthology.orchestra.run.smithi078.stdout:/usr/bin/ceph: stderr
2024-03-16T10:56:31.027+0000 7ff4037fe700 1 -- 172.21.15.78:0/769511956 >> [v2:172.21.15.78:6800/2003716687,v1:172.21.15.78:6801/2003716687] conn(0x7ff3ec038f70 msgr2=0x7ff3ec03b430 unknown :-1 s=STATE_CONNECTING_RE l=1).process reconnect failed to v2:172.21.15.78:6800/2003716687
2024-03-16T10:56:36.523 INFO:teuthology.orchestra.run.smithi078.stdout:/usr/bin/ceph: stderr
2024-03-16T10:56:31.027+0000 7ff4037fe700 1 --2- 172.21.15.78:0/769511956 >> [v2:172.21.15.78:6800/2003716687,v1:172.21.15.78:6801/2003716687] conn(0x7ff3ec038f70 0x7ff3ec03b430 unknown :-1 s=START_CONNECT pgs=0 cs=0 l=1 rev1=0 crypto rx=0 tx=0 comp rx=0 tx=0)._fault waiting 0.800000
2024-03-16T10:56:36.523 INFO:teuthology.orchestra.run.smithi078.stdout:/usr/bin/ceph: stderr
2024-03-16T10:56:31.828+0000 7ff4037fe700 1 -- 172.21.15.78:0/769511956 >> [v2:172.21.15.78:6800/2003716687,v1:172.21.15.78:6801/2003716687] conn(0x7ff3ec038f70 msgr2=0x7ff3ec03b430 unknown :-1 s=STATE_CONNECTING_RE l=1).process reconnect failed to v2:172.21.15.78:6800/2003716687
2024-03-16T10:56:36.523 INFO:teuthology.orchestra.run.smithi078.stdout:/usr/bin/ceph: stderr
2024-03-16T10:56:31.828+0000 7ff4037fe700 1 --2- 172.21.15.78:0/769511956 >> [v2:172.21.15.78:6800/2003716687,v1:172.21.15.78:6801/2003716687] conn(0x7ff3ec038f70 0x7ff3ec03b430 unknown :-1 s=START_CONNECT pgs=0 cs=0 l=1 rev1=0 crypto rx=0 tx=0 comp rx=0 tx=0)._fault waiting 1.600000
2024-03-16T10:56:36.523 INFO:teuthology.orchestra.run.smithi078.stdout:/usr/bin/ceph: stderr
2024-03-16T10:56:33.429+0000 7ff4037fe700 1 -- 172.21.15.78:0/769511956 >> [v2:172.21.15.78:6800/2003716687,v1:172.21.15.78:6801/2003716687] conn(0x7ff3ec038f70 msgr2=0x7ff3ec03b430 unknown :-1 s=STATE_CONNECTING_RE l=1).process reconnect failed to v2:172.21.15.78:6800/2003716687
2024-03-16T10:56:36.523 INFO:teuthology.orchestra.run.smithi078.stdout:/usr/bin/ceph: stderr
2024-03-16T10:56:33.429+0000 7ff4037fe700 1 --2- 172.21.15.78:0/769511956 >> [v2:172.21.15.78:6800/2003716687,v1:172.21.15.78:6801/2003716687] conn(0x7ff3ec038f70 0x7ff3ec03b430 unknown :-1 s=START_CONNECT pgs=0 cs=0 l=1 rev1=0 crypto rx=0 tx=0 comp rx=0 tx=0)._fault waiting 3.200000
2024-03-16T10:56:36.523 INFO:teuthology.orchestra.run.smithi078.stdout:/usr/bin/ceph: stderr
2024-03-16T10:56:34.962+0000 7ff4017fa700 1 -- 172.21.15.78:0/769511956 <== mon.0 v2:172.21.15.78:3300/0 6 ==== mgrmap(e 6) ==== 45873+0+0 (secure 0 0 0) 0x7ff3f4024a40 con 0x7ff404108760
2024-03-16T10:56:36.523 INFO:teuthology.orchestra.run.smithi078.stdout:/usr/bin/ceph: stderr
2024-03-16T10:56:34.962+0000 7ff4017fa700 1 -- 172.21.15.78:0/769511956 >> [v2:172.21.15.78:6800/2003716687,v1:172.21.15.78:6801/2003716687] conn(0x7ff3ec038f70 msgr2=0x7ff3ec03b430 unknown :-1 s=STATE_CONNECTING l=1).mark_down
2024-03-16T10:56:36.523 INFO:teuthology.orchestra.run.smithi078.stdout:/usr/bin/ceph: stderr
2024-03-16T10:56:34.962+0000 7ff4017fa700 1 --2- 172.21.15.78:0/769511956 >> [v2:172.21.15.78:6800/2003716687,v1:172.21.15.78:6801/2003716687] conn(0x7ff3ec038f70 0x7ff3ec03b430 unknown :-1 s=START_CONNECT pgs=0 cs=0 l=1 rev1=0 crypto rx=0 tx=0 comp rx=0 tx=0).stop
2024-03-16T10:56:36.523 INFO:teuthology.orchestra.run.smithi078.stdout:/usr/bin/ceph: stderr
2024-03-16T10:56:35.963+0000 7ff4017fa700 1 -- 172.21.15.78:0/769511956 <== mon.0 v2:172.21.15.78:3300/0 7 ==== mgrmap(e 7) ==== 46000+0+0 (secure 0 0 0) 0x7ff3f4041fc0 con 0x7ff404108760
2024-03-16T10:56:36.523 INFO:teuthology.orchestra.run.smithi078.stdout:/usr/bin/ceph: stderr
2024-03-16T10:56:35.964+0000 7ff4017fa700 1 --2- 172.21.15.78:0/769511956 >> [v2:172.21.15.78:6800/3269664941,v1:172.21.15.78:6801/3269664941] conn(0x7ff3ec03c670 0x7ff3ec03ea60 unknown :-1 s=NONE pgs=0 cs=0 l=1 rev1=0 crypto rx=0 tx=0 comp rx=0 tx=0).connect
2024-03-16T10:56:36.523 INFO:teuthology.orchestra.run.smithi078.stdout:/usr/bin/ceph: stderr
2024-03-16T10:56:35.964+0000 7ff4017fa700 1 -- 172.21.15.78:0/769511956 --> [v2:172.21.15.78:6800/3269664941,v1:172.21.15.78:6801/3269664941] -- command(tid 0: {"prefix": "get_command_descriptions"}) -- 0x7ff3f4012ea0 con 0x7ff3ec03c670
2024-03-16T10:56:36.523 INFO:teuthology.orchestra.run.smithi078.stdout:/usr/bin/ceph: stderr
2024-03-16T10:56:35.964+0000 7ff4037fe700 1 --2- 172.21.15.78:0/769511956 >> [v2:172.21.15.78:6800/3269664941,v1:172.21.15.78:6801/3269664941] conn(0x7ff3ec03c670 0x7ff3ec03ea60 unknown :-1 s=BANNER_CONNECTING pgs=0 cs=0 l=1 rev1=0 crypto rx=0 tx=0 comp rx=0 tx=0)._handle_peer_banner_payload supported=3 required=0
2024-03-16T10:56:36.524 INFO:teuthology.orchestra.run.smithi078.stdout:/usr/bin/ceph: stderr
2024-03-16T10:56:35.965+0000 7ff4037fe700 1 --2- 172.21.15.78:0/769511956 >> [v2:172.21.15.78:6800/3269664941,v1:172.21.15.78:6801/3269664941] conn(0x7ff3ec03c670 0x7ff3ec03ea60 secure :-1 s=READY pgs=3 cs=0 l=1 rev1=1 crypto rx=0x7ff3f8003a10 tx=0x7ff3f80092b0 comp rx=0 tx=0).ready entity=mgr.14120 client_cookie=0 server_cookie=0 in_seq=0 out_seq=0
2024-03-16T10:56:36.524 INFO:teuthology.orchestra.run.smithi078.stdout:/usr/bin/ceph: stderr
2024-03-16T10:56:35.966+0000 7ff4017fa700 1 -- 172.21.15.78:0/769511956 <== mgr.14120 v2:172.21.15.78:6800/3269664941 1 ==== command_reply(tid 0: 0 ) ==== 8+0+7774 (secure 0 0 0) 0x7ff3f4012ea0 con 0x7ff3ec03c670
2024-03-16T10:56:36.524 INFO:teuthology.orchestra.run.smithi078.stdout:/usr/bin/ceph: stderr
2024-03-16T10:56:35.977+0000 7ff40a28e700 1 -- 172.21.15.78:0/769511956 --> [v2:172.21.15.78:6800/3269664941,v1:172.21.15.78:6801/3269664941] -- command(tid 1: {"prefix": "mgr_status"}) -- 0x7ff4041034c0 con 0x7ff3ec03c670
2024-03-16T10:56:36.524 INFO:teuthology.orchestra.run.smithi078.stdout:/usr/bin/ceph: stderr
2024-03-16T10:56:35.977+0000 7ff4017fa700 1 -- 172.21.15.78:0/769511956 <== mgr.14120 v2:172.21.15.78:6800/3269664941 2 ==== command_reply(tid 1: 0 ) ==== 8+0+51 (secure 0 0 0) 0x7ff4041034c0 con 0x7ff3ec03c670
2024-03-16T10:56:36.524 INFO:teuthology.orchestra.run.smithi078.stdout:/usr/bin/ceph: stderr
2024-03-16T10:56:35.978+0000 7ff40a28e700 1 -- 172.21.15.78:0/769511956 >> [v2:172.21.15.78:6800/3269664941,v1:172.21.15.78:6801/3269664941] conn(0x7ff3ec03c670 msgr2=0x7ff3ec03ea60 secure :-1 s=STATE_CONNECTION_ESTABLISHED l=1).mark_down
2024-03-16T10:56:36.524 INFO:teuthology.orchestra.run.smithi078.stdout:/usr/bin/ceph: stderr
2024-03-16T10:56:35.978+0000 7ff40a28e700 1 --2- 172.21.15.78:0/769511956 >> [v2:172.21.15.78:6800/3269664941,v1:172.21.15.78:6801/3269664941] conn(0x7ff3ec03c670 0x7ff3ec03ea60 secure :-1 s=READY pgs=3 cs=0 l=1 rev1=1 crypto rx=0x7ff3f8003a10 tx=0x7ff3f80092b0 comp rx=0 tx=0).stop
2024-03-16T10:56:36.524 INFO:teuthology.orchestra.run.smithi078.stdout:/usr/bin/ceph: stderr
2024-03-16T10:56:35.978+0000 7ff40a28e700 1 -- 172.21.15.78:0/769511956 >> [v2:172.21.15.78:3300/0,v1:172.21.15.78:6789/0] conn(0x7ff404108760 msgr2=0x7ff40419bb10 secure :-1 s=STATE_CONNECTION_ESTABLISHED l=1).mark_down
2024-03-16T10:56:36.524 INFO:teuthology.orchestra.run.smithi078.stdout:/usr/bin/ceph: stderr
2024-03-16T10:56:35.978+0000 7ff40a28e700 1 --2- 172.21.15.78:0/769511956 >> [v2:172.21.15.78:3300/0,v1:172.21.15.78:6789/0] conn(0x7ff404108760 0x7ff40419bb10 secure :-1 s=READY pgs=29 cs=0 l=1 rev1=1 crypto rx=0x7ff3f4011a50 tx=0x7ff3f4004290 comp rx=0 tx=0).stop
2024-03-16T10:56:36.524 INFO:teuthology.orchestra.run.smithi078.stdout:/usr/bin/ceph: stderr
2024-03-16T10:56:35.978+0000 7ff40a28e700 1 -- 172.21.15.78:0/769511956 shutdown_connections
2024-03-16T10:56:36.524 INFO:teuthology.orchestra.run.smithi078.stdout:/usr/bin/ceph: stderr
2024-03-16T10:56:35.978+0000 7ff40a28e700 1 --2- 172.21.15.78:0/769511956 >> [v2:172.21.15.78:6800/3269664941,v1:172.21.15.78:6801/3269664941] conn(0x7ff3ec03c670 0x7ff3ec03ea60 unknown :-1 s=CLOSED pgs=3 cs=0 l=1 rev1=1 crypto rx=0 tx=0 comp rx=0 tx=0).stop
2024-03-16T10:56:36.524 INFO:teuthology.orchestra.run.smithi078.stdout:/usr/bin/ceph: stderr
2024-03-16T10:56:35.978+0000 7ff40a28e700 1 --2- 172.21.15.78:0/769511956 >> [v2:172.21.15.78:3300/0,v1:172.21.15.78:6789/0] conn(0x7ff404108760 0x7ff40419bb10 unknown :-1 s=CLOSED pgs=29 cs=0 l=1 rev1=1 crypto rx=0 tx=0 comp rx=0 tx=0).stop
2024-03-16T10:56:36.524 INFO:teuthology.orchestra.run.smithi078.stdout:/usr/bin/ceph: stderr
2024-03-16T10:56:35.978+0000 7ff40a28e700 1 --2- 172.21.15.78:0/769511956 >> [v2:172.21.15.78:6800/2003716687,v1:172.21.15.78:6801/2003716687] conn(0x7ff3ec038f70 0x7ff3ec03b430 unknown :-1 s=CLOSED pgs=0 cs=0 l=1 rev1=0 crypto rx=0 tx=0 comp rx=0 tx=0).stop
2024-03-16T10:56:36.524 INFO:teuthology.orchestra.run.smithi078.stdout:/usr/bin/ceph: stderr
2024-03-16T10:56:35.978+0000 7ff40a28e700 1 -- 172.21.15.78:0/769511956 >> 172.21.15.78:0/769511956 conn(0x7ff4041021b0 msgr2=0x7ff404102db0 unknown :-1 s=STATE_NONE l=0).mark_down
2024-03-16T10:56:36.525 INFO:teuthology.orchestra.run.smithi078.stdout:/usr/bin/ceph: stderr
2024-03-16T10:56:35.978+0000 7ff40a28e700 1 -- 172.21.15.78:0/769511956 shutdown_connections
2024-03-16T10:56:36.525 INFO:teuthology.orchestra.run.smithi078.stdout:/usr/bin/ceph: stderr
2024-03-16T10:56:35.978+0000 7ff40a28e700 1 -- 172.21.15.78:0/769511956 wait complete.
2024-03-16T10:56:36.525 INFO:teuthology.orchestra.run.smithi078.stdout:mgr epoch 5 is available
2024-03-16T10:56:36.525 INFO:teuthology.orchestra.run.smithi078.stdout:Setting orchestrator backend to cephadm...
2024-03-16T10:56:37.222 INFO:journalctl@ceph.mon.a.smithi078.stdout:Mar 16 10:56:37 smithi078 ceph-mon[32235]: from='client.14124 -' entity='client.admin' cmd=[{"prefix": "get_command_descriptions"}]: dispatch
2024-03-16T10:56:37.222 INFO:journalctl@ceph.mon.a.smithi078.stdout:Mar 16 10:56:37 smithi078 ceph-mon[32235]: from='client.14124 -' entity='client.admin' cmd=[{"prefix": "mgr_status"}]: dispatch
2024-03-16T10:56:37.223 INFO:journalctl@ceph.mon.a.smithi078.stdout:Mar 16 10:56:37 smithi078 ceph-mon[32235]: from='mgr.14120 172.21.15.78:0/594798726' entity='mgr.x' cmd=[{"prefix": "config dump", "format": "json"}]: dispatch
2024-03-16T10:56:37.800 INFO:teuthology.orchestra.run.smithi078.stdout:/usr/bin/ceph: stderr
2024-03-16T10:56:37.001+0000 7f5a04a1c700 1 Processor -- start
2024-03-16T10:56:37.806 INFO:teuthology.orchestra.run.smithi078.stdout:/usr/bin/ceph: stderr
2024-03-16T10:56:37.001+0000 7f5a04a1c700 1 -- start start
2024-03-16T10:56:37.807 INFO:teuthology.orchestra.run.smithi078.stdout:/usr/bin/ceph: stderr
2024-03-16T10:56:37.001+0000 7f5a04a1c700 1 --2- >> [v2:172.21.15.78:3300/0,v1:172.21.15.78:6789/0] conn(0x7f5a00106bf0 0x7f5a00107010 unknown :-1 s=NONE pgs=0 cs=0 l=0 rev1=0 crypto rx=0 tx=0 comp rx=0 tx=0).connect
2024-03-16T10:56:37.807 INFO:teuthology.orchestra.run.smithi078.stdout:/usr/bin/ceph: stderr
2024-03-16T10:56:37.001+0000 7f5a04a1c700 1 -- --> [v2:172.21.15.78:3300/0,v1:172.21.15.78:6789/0] -- mon_getmap magic: 0 -- 0x7f5a001075e0 con 0x7f5a00106bf0
2024-03-16T10:56:37.807 INFO:teuthology.orchestra.run.smithi078.stdout:/usr/bin/ceph: stderr
2024-03-16T10:56:37.002+0000 7f59fe59c700 1 --2- >> [v2:172.21.15.78:3300/0,v1:172.21.15.78:6789/0] conn(0x7f5a00106bf0 0x7f5a00107010 unknown :-1 s=BANNER_CONNECTING pgs=0 cs=0 l=0 rev1=0 crypto rx=0 tx=0 comp rx=0 tx=0)._handle_peer_banner_payload supported=3 required=0
2024-03-16T10:56:37.807 INFO:teuthology.orchestra.run.smithi078.stdout:/usr/bin/ceph: stderr
2024-03-16T10:56:37.002+0000 7f59fe59c700 1 --2- >> [v2:172.21.15.78:3300/0,v1:172.21.15.78:6789/0] conn(0x7f5a00106bf0 0x7f5a00107010 unknown :-1 s=HELLO_CONNECTING pgs=0 cs=0 l=0 rev1=1 crypto rx=0 tx=0 comp rx=0 tx=0).handle_hello peer v2:172.21.15.78:3300/0 says I am v2:172.21.15.78:35720/0 (socket says 172.21.15.78:35720)
2024-03-16T10:56:37.807 INFO:teuthology.orchestra.run.smithi078.stdout:/usr/bin/ceph: stderr
2024-03-16T10:56:37.002+0000 7f59fe59c700 1 -- 172.21.15.78:0/3789232090 learned_addr learned my addr 172.21.15.78:0/3789232090 (peer_addr_for_me v2:172.21.15.78:0/0)
2024-03-16T10:56:37.807 INFO:teuthology.orchestra.run.smithi078.stdout:/usr/bin/ceph: stderr
2024-03-16T10:56:37.002+0000 7f59fe59c700 1 -- 172.21.15.78:0/3789232090 --> [v2:172.21.15.78:3300/0,v1:172.21.15.78:6789/0] -- mon_subscribe({config=0+,monmap=0+}) -- 0x7f5a00107df0 con 0x7f5a00106bf0
2024-03-16T10:56:37.807 INFO:teuthology.orchestra.run.smithi078.stdout:/usr/bin/ceph: stderr
2024-03-16T10:56:37.002+0000 7f59fe59c700 1 --2- 172.21.15.78:0/3789232090 >> [v2:172.21.15.78:3300/0,v1:172.21.15.78:6789/0] conn(0x7f5a00106bf0 0x7f5a00107010 secure :-1 s=READY pgs=37 cs=0 l=1 rev1=1 crypto rx=0x7f59f0009e80 tx=0x7f59f000b330 comp rx=0 tx=0).ready entity=mon.0 client_cookie=3fcf09cae3dc7a6e server_cookie=0 in_seq=0 out_seq=0
2024-03-16T10:56:37.807 INFO:teuthology.orchestra.run.smithi078.stdout:/usr/bin/ceph: stderr
2024-03-16T10:56:37.002+0000 7f59fd59a700 1 -- 172.21.15.78:0/3789232090 <== mon.0 v2:172.21.15.78:3300/0 1 ==== mon_map magic: 0 ==== 205+0+0 (secure 0 0 0) 0x7f59f0017070 con 0x7f5a00106bf0
2024-03-16T10:56:37.807 INFO:teuthology.orchestra.run.smithi078.stdout:/usr/bin/ceph: stderr
2024-03-16T10:56:37.002+0000 7f59fd59a700 1 -- 172.21.15.78:0/3789232090 <== mon.0 v2:172.21.15.78:3300/0 2 ==== config(26 keys) ==== 1071+0+0 (secure 0 0 0) 0x7f59f000b8c0 con 0x7f5a00106bf0
2024-03-16T10:56:37.807 INFO:teuthology.orchestra.run.smithi078.stdout:/usr/bin/ceph: stderr
2024-03-16T10:56:37.002+0000 7f59fd59a700 1 -- 172.21.15.78:0/3789232090 <== mon.0 v2:172.21.15.78:3300/0 3 ==== mon_map magic: 0 ==== 205+0+0 (secure 0 0 0) 0x7f59f0004520 con 0x7f5a00106bf0
2024-03-16T10:56:37.807 INFO:teuthology.orchestra.run.smithi078.stdout:/usr/bin/ceph: stderr
2024-03-16T10:56:37.003+0000 7f5a04a1c700 1 -- 172.21.15.78:0/3789232090 >> [v2:172.21.15.78:3300/0,v1:172.21.15.78:6789/0] conn(0x7f5a00106bf0 msgr2=0x7f5a00107010 secure :-1 s=STATE_CONNECTION_ESTABLISHED l=1).mark_down
2024-03-16T10:56:37.807 INFO:teuthology.orchestra.run.smithi078.stdout:/usr/bin/ceph: stderr
2024-03-16T10:56:37.003+0000 7f5a04a1c700 1 --2- 172.21.15.78:0/3789232090 >> [v2:172.21.15.78:3300/0,v1:172.21.15.78:6789/0] conn(0x7f5a00106bf0 0x7f5a00107010 secure :-1 s=READY pgs=37 cs=0 l=1 rev1=1 crypto rx=0x7f59f0009e80 tx=0x7f59f000b330 comp rx=0 tx=0).stop
2024-03-16T10:56:37.808 INFO:teuthology.orchestra.run.smithi078.stdout:/usr/bin/ceph: stderr
2024-03-16T10:56:37.003+0000 7f5a04a1c700 1 -- 172.21.15.78:0/3789232090 shutdown_connections
2024-03-16T10:56:37.808 INFO:teuthology.orchestra.run.smithi078.stdout:/usr/bin/ceph: stderr
2024-03-16T10:56:37.003+0000 7f5a04a1c700 1 --2- 172.21.15.78:0/3789232090 >> [v2:172.21.15.78:3300/0,v1:172.21.15.78:6789/0] conn(0x7f5a00106bf0 0x7f5a00107010 unknown :-1 s=CLOSED pgs=37 cs=0 l=1 rev1=1 crypto rx=0 tx=0 comp rx=0 tx=0).stop
2024-03-16T10:56:37.808 INFO:teuthology.orchestra.run.smithi078.stdout:/usr/bin/ceph: stderr
2024-03-16T10:56:37.003+0000 7f5a04a1c700 1 -- 172.21.15.78:0/3789232090 >> 172.21.15.78:0/3789232090 conn(0x7f5a001021b0 msgr2=0x7f5a001045d0 unknown :-1 s=STATE_NONE l=0).mark_down
2024-03-16T10:56:37.808 INFO:teuthology.orchestra.run.smithi078.stdout:/usr/bin/ceph: stderr
2024-03-16T10:56:37.003+0000 7f5a04a1c700 1 -- 172.21.15.78:0/3789232090 shutdown_connections
2024-03-16T10:56:37.808 INFO:teuthology.orchestra.run.smithi078.stdout:/usr/bin/ceph: stderr
2024-03-16T10:56:37.003+0000 7f5a04a1c700 1 -- 172.21.15.78:0/3789232090 wait complete.
2024-03-16T10:56:37.808 INFO:teuthology.orchestra.run.smithi078.stdout:/usr/bin/ceph: stderr
2024-03-16T10:56:37.004+0000 7f5a04a1c700 1 Processor -- start
2024-03-16T10:56:37.808 INFO:teuthology.orchestra.run.smithi078.stdout:/usr/bin/ceph: stderr
2024-03-16T10:56:37.004+0000 7f5a04a1c700 1 -- start start
2024-03-16T10:56:37.808 INFO:teuthology.orchestra.run.smithi078.stdout:/usr/bin/ceph: stderr
2024-03-16T10:56:37.004+0000 7f5a04a1c700 1 --2- >> [v2:172.21.15.78:3300/0,v1:172.21.15.78:6789/0] conn(0x7f5a00106bf0 0x7f5a000631f0 unknown :-1 s=NONE pgs=0 cs=0 l=1 rev1=0 crypto rx=0 tx=0 comp rx=0 tx=0).connect
2024-03-16T10:56:37.808 INFO:teuthology.orchestra.run.smithi078.stdout:/usr/bin/ceph: stderr
2024-03-16T10:56:37.004+0000 7f5a04a1c700 1 -- --> [v2:172.21.15.78:3300/0,v1:172.21.15.78:6789/0] -- mon_getmap magic: 0 -- 0x7f5a0010b020 con 0x7f5a00106bf0
2024-03-16T10:56:37.808 INFO:teuthology.orchestra.run.smithi078.stdout:/usr/bin/ceph: stderr
2024-03-16T10:56:37.004+0000 7f59fe59c700 1 --2- >> [v2:172.21.15.78:3300/0,v1:172.21.15.78:6789/0] conn(0x7f5a00106bf0 0x7f5a000631f0 unknown :-1 s=BANNER_CONNECTING pgs=0 cs=0 l=1 rev1=0 crypto rx=0 tx=0 comp rx=0 tx=0)._handle_peer_banner_payload supported=3 required=0
2024-03-16T10:56:37.808 INFO:teuthology.orchestra.run.smithi078.stdout:/usr/bin/ceph: stderr
2024-03-16T10:56:37.004+0000 7f59fe59c700 1 --2- >> [v2:172.21.15.78:3300/0,v1:172.21.15.78:6789/0] conn(0x7f5a00106bf0 0x7f5a000631f0 unknown :-1 s=HELLO_CONNECTING pgs=0 cs=0 l=1 rev1=1 crypto rx=0 tx=0 comp rx=0 tx=0).handle_hello peer v2:172.21.15.78:3300/0 says I am v2:172.21.15.78:35732/0 (socket says 172.21.15.78:35732)
2024-03-16T10:56:37.808 INFO:teuthology.orchestra.run.smithi078.stdout:/usr/bin/ceph: stderr
2024-03-16T10:56:37.004+0000 7f59fe59c700 1 -- 172.21.15.78:0/1985457299 learned_addr learned my addr 172.21.15.78:0/1985457299 (peer_addr_for_me v2:172.21.15.78:0/0)
2024-03-16T10:56:37.808 INFO:teuthology.orchestra.run.smithi078.stdout:/usr/bin/ceph: stderr
2024-03-16T10:56:37.004+0000 7f59fe59c700 1 -- 172.21.15.78:0/1985457299 --> [v2:172.21.15.78:3300/0,v1:172.21.15.78:6789/0] -- mon_subscribe({config=0+,monmap=0+}) -- 0x7f5a0019e800 con 0x7f5a00106bf0
2024-03-16T10:56:37.809 INFO:teuthology.orchestra.run.smithi078.stdout:/usr/bin/ceph: stderr
2024-03-16T10:56:37.004+0000 7f59fe59c700 1 --2- 172.21.15.78:0/1985457299 >> [v2:172.21.15.78:3300/0,v1:172.21.15.78:6789/0] conn(0x7f5a00106bf0 0x7f5a000631f0 secure :-1 s=READY pgs=38 cs=0 l=1 rev1=1 crypto rx=0x7f59f0000f80 tx=0x7f59f0009640 comp rx=0 tx=0).ready entity=mon.0 client_cookie=0 server_cookie=0 in_seq=0 out_seq=0
2024-03-16T10:56:37.809 INFO:teuthology.orchestra.run.smithi078.stdout:/usr/bin/ceph: stderr
2024-03-16T10:56:37.004+0000 7f59f77fe700 1 -- 172.21.15.78:0/1985457299 <== mon.0 v2:172.21.15.78:3300/0 1 ==== mon_map magic: 0 ==== 205+0+0 (secure 0 0 0) 0x7f59f0020020 con 0x7f5a00106bf0
2024-03-16T10:56:37.809 INFO:teuthology.orchestra.run.smithi078.stdout:/usr/bin/ceph: stderr
2024-03-16T10:56:37.005+0000 7f5a04a1c700 1 -- 172.21.15.78:0/1985457299 --> [v2:172.21.15.78:3300/0,v1:172.21.15.78:6789/0] -- mon_subscribe({mgrmap=0+}) -- 0x7f5a0019e9d0 con 0x7f5a00106bf0
2024-03-16T10:56:37.809 INFO:teuthology.orchestra.run.smithi078.stdout:/usr/bin/ceph: stderr
2024-03-16T10:56:37.005+0000 7f59f77fe700 1 -- 172.21.15.78:0/1985457299 <== mon.0 v2:172.21.15.78:3300/0 2 ==== config(26 keys) ==== 1071+0+0 (secure 0 0 0) 0x7f59f000bba0 con 0x7f5a00106bf0
2024-03-16T10:56:37.809 INFO:teuthology.orchestra.run.smithi078.stdout:/usr/bin/ceph: stderr
2024-03-16T10:56:37.005+0000 7f59f77fe700 1 -- 172.21.15.78:0/1985457299 <== mon.0 v2:172.21.15.78:3300/0 3 ==== mon_map magic: 0 ==== 205+0+0 (secure 0 0 0) 0x7f59f0017040 con 0x7f5a00106bf0
2024-03-16T10:56:37.809 INFO:teuthology.orchestra.run.smithi078.stdout:/usr/bin/ceph: stderr
2024-03-16T10:56:37.005+0000 7f5a04a1c700 1 -- 172.21.15.78:0/1985457299 --> [v2:172.21.15.78:3300/0,v1:172.21.15.78:6789/0] -- mon_subscribe({osdmap=0}) -- 0x7f5a0019ee50 con 0x7f5a00106bf0
2024-03-16T10:56:37.809 INFO:teuthology.orchestra.run.smithi078.stdout:/usr/bin/ceph: stderr
2024-03-16T10:56:37.005+0000 7f59f77fe700 1 -- 172.21.15.78:0/1985457299 <== mon.0 v2:172.21.15.78:3300/0 4 ==== mgrmap(e 7) ==== 46000+0+0 (secure 0 0 0) 0x7f59f0023020 con 0x7f5a00106bf0
2024-03-16T10:56:37.809 INFO:teuthology.orchestra.run.smithi078.stdout:/usr/bin/ceph: stderr
2024-03-16T10:56:37.005+0000 7f59f77fe700 1 --2- 172.21.15.78:0/1985457299 >> [v2:172.21.15.78:6800/3269664941,v1:172.21.15.78:6801/3269664941] conn(0x7f59ec038e50 0x7f59ec03b310 unknown :-1 s=NONE pgs=0 cs=0 l=1 rev1=0 crypto rx=0 tx=0 comp rx=0 tx=0).connect
2024-03-16T10:56:37.809 INFO:teuthology.orchestra.run.smithi078.stdout:/usr/bin/ceph: stderr
2024-03-16T10:56:37.005+0000 7f5a04a1c700 1 -- 172.21.15.78:0/1985457299 --> [v2:172.21.15.78:3300/0,v1:172.21.15.78:6789/0] -- mon_command({"prefix": "get_command_descriptions"} v 0) -- 0x7f5a00063900 con 0x7f5a00106bf0
2024-03-16T10:56:37.809 INFO:teuthology.orchestra.run.smithi078.stdout:/usr/bin/ceph: stderr
2024-03-16T10:56:37.006+0000 7f59f77fe700 1 -- 172.21.15.78:0/1985457299 <== mon.0 v2:172.21.15.78:3300/0 5 ==== osd_map(2..2 src has 1..2) ==== 940+0+0 (secure 0 0 0) 0x7f59f000f050 con 0x7f5a00106bf0
2024-03-16T10:56:37.809 INFO:teuthology.orchestra.run.smithi078.stdout:/usr/bin/ceph: stderr
2024-03-16T10:56:37.006+0000 7f59fdd9b700 1 --2- 172.21.15.78:0/1985457299 >> [v2:172.21.15.78:6800/3269664941,v1:172.21.15.78:6801/3269664941] conn(0x7f59ec038e50 0x7f59ec03b310 unknown :-1 s=BANNER_CONNECTING pgs=0 cs=0 l=1 rev1=0 crypto rx=0 tx=0 comp rx=0 tx=0)._handle_peer_banner_payload supported=3 required=0
2024-03-16T10:56:37.809 INFO:teuthology.orchestra.run.smithi078.stdout:/usr/bin/ceph: stderr
2024-03-16T10:56:37.006+0000 7f59fdd9b700 1 --2- 172.21.15.78:0/1985457299 >> [v2:172.21.15.78:6800/3269664941,v1:172.21.15.78:6801/3269664941] conn(0x7f59ec038e50 0x7f59ec03b310 secure :-1 s=READY pgs=7 cs=0 l=1 rev1=1 crypto rx=0x7f59e8006fd0 tx=0x7f59e8006e40 comp rx=0 tx=0).ready entity=mgr.14120 client_cookie=0 server_cookie=0 in_seq=0 out_seq=0
2024-03-16T10:56:37.809 INFO:teuthology.orchestra.run.smithi078.stdout:/usr/bin/ceph: stderr
2024-03-16T10:56:37.011+0000 7f59f77fe700 1 -- 172.21.15.78:0/1985457299 <== mon.0 v2:172.21.15.78:3300/0 6 ==== mon_command_ack([{"prefix": "get_command_descriptions"}]=0 v0) ==== 72+0+186149 (secure 0 0 0) 0x7f59f002a020 con 0x7f5a00106bf0
2024-03-16T10:56:37.809 INFO:teuthology.orchestra.run.smithi078.stdout:/usr/bin/ceph: stderr
2024-03-16T10:56:37.015+0000 7f59f77fe700 1 -- 172.21.15.78:0/1985457299 <== mon.0 v2:172.21.15.78:3300/0 7 ==== mgrmap(e 8) ==== 46106+0+0 (secure 0 0 0) 0x7f59f0025400 con 0x7f5a00106bf0
2024-03-16T10:56:37.810 INFO:teuthology.orchestra.run.smithi078.stdout:/usr/bin/ceph: stderr
2024-03-16T10:56:37.221+0000 7f5a04a1c700 1 -- 172.21.15.78:0/1985457299 --> [v2:172.21.15.78:6800/3269664941,v1:172.21.15.78:6801/3269664941] -- mgr_command(tid 0: {"prefix": "orch set backend", "module_name": "cephadm", "target": ["mon-mgr", ""]}) -- 0x7f5a00103420 con 0x7f59ec038e50
2024-03-16T10:56:37.810 INFO:teuthology.orchestra.run.smithi078.stdout:/usr/bin/ceph: stderr
2024-03-16T10:56:37.228+0000 7f59f77fe700 1 -- 172.21.15.78:0/1985457299 <== mgr.14120 v2:172.21.15.78:6800/3269664941 1 ==== mgr_command_reply(tid 0: 0 ) ==== 8+0+0 (secure 0 0 0) 0x7f5a00103420 con 0x7f59ec038e50
2024-03-16T10:56:37.810 INFO:teuthology.orchestra.run.smithi078.stdout:/usr/bin/ceph: stderr
2024-03-16T10:56:37.230+0000 7f5a04a1c700 1 -- 172.21.15.78:0/1985457299 >> [v2:172.21.15.78:6800/3269664941,v1:172.21.15.78:6801/3269664941] conn(0x7f59ec038e50 msgr2=0x7f59ec03b310 secure :-1 s=STATE_CONNECTION_ESTABLISHED l=1).mark_down
2024-03-16T10:56:37.810 INFO:teuthology.orchestra.run.smithi078.stdout:/usr/bin/ceph: stderr
2024-03-16T10:56:37.230+0000 7f5a04a1c700 1 --2- 172.21.15.78:0/1985457299 >> [v2:172.21.15.78:6800/3269664941,v1:172.21.15.78:6801/3269664941] conn(0x7f59ec038e50 0x7f59ec03b310 secure :-1 s=READY pgs=7 cs=0 l=1 rev1=1 crypto rx=0x7f59e8006fd0 tx=0x7f59e8006e40 comp rx=0 tx=0).stop
2024-03-16T10:56:37.810 INFO:teuthology.orchestra.run.smithi078.stdout:/usr/bin/ceph: stderr
2024-03-16T10:56:37.230+0000 7f5a04a1c700 1 -- 172.21.15.78:0/1985457299 >> [v2:172.21.15.78:3300/0,v1:172.21.15.78:6789/0] conn(0x7f5a00106bf0 msgr2=0x7f5a000631f0 secure :-1 s=STATE_CONNECTION_ESTABLISHED l=1).mark_down
2024-03-16T10:56:37.810 INFO:teuthology.orchestra.run.smithi078.stdout:/usr/bin/ceph: stderr
2024-03-16T10:56:37.230+0000 7f5a04a1c700 1 --2- 172.21.15.78:0/1985457299 >> [v2:172.21.15.78:3300/0,v1:172.21.15.78:6789/0] conn(0x7f5a00106bf0 0x7f5a000631f0 secure :-1 s=READY pgs=38 cs=0 l=1 rev1=1 crypto rx=0x7f59f0000f80 tx=0x7f59f0009640 comp rx=0 tx=0).stop
2024-03-16T10:56:37.810 INFO:teuthology.orchestra.run.smithi078.stdout:/usr/bin/ceph: stderr
2024-03-16T10:56:37.230+0000 7f5a04a1c700 1 -- 172.21.15.78:0/1985457299 shutdown_connections
2024-03-16T10:56:37.810 INFO:teuthology.orchestra.run.smithi078.stdout:/usr/bin/ceph: stderr
2024-03-16T10:56:37.230+0000 7f5a04a1c700 1 --2- 172.21.15.78:0/1985457299 >> [v2:172.21.15.78:6800/3269664941,v1:172.21.15.78:6801/3269664941] conn(0x7f59ec038e50 0x7f59ec03b310 unknown :-1 s=CLOSED pgs=7 cs=0 l=1 rev1=1 crypto rx=0 tx=0 comp rx=0 tx=0).stop
2024-03-16T10:56:37.810 INFO:teuthology.orchestra.run.smithi078.stdout:/usr/bin/ceph: stderr
2024-03-16T10:56:37.230+0000 7f5a04a1c700 1 --2- 172.21.15.78:0/1985457299 >> [v2:172.21.15.78:3300/0,v1:172.21.15.78:6789/0] conn(0x7f5a00106bf0 0x7f5a000631f0 unknown :-1 s=CLOSED pgs=38 cs=0 l=1 rev1=1 crypto rx=0 tx=0 comp rx=0 tx=0).stop
2024-03-16T10:56:37.810 INFO:teuthology.orchestra.run.smithi078.stdout:/usr/bin/ceph: stderr
2024-03-16T10:56:37.230+0000 7f5a04a1c700 1 -- 172.21.15.78:0/1985457299 >> 172.21.15.78:0/1985457299 conn(0x7f5a001021b0 msgr2=0x7f5a00102d10 unknown :-1 s=STATE_NONE l=0).mark_down
2024-03-16T10:56:37.810 INFO:teuthology.orchestra.run.smithi078.stdout:/usr/bin/ceph: stderr
2024-03-16T10:56:37.230+0000 7f5a04a1c700 1 -- 172.21.15.78:0/1985457299 shutdown_connections
2024-03-16T10:56:37.810 INFO:teuthology.orchestra.run.smithi078.stdout:/usr/bin/ceph: stderr
2024-03-16T10:56:37.230+0000 7f5a04a1c700 1 -- 172.21.15.78:0/1985457299 wait complete.
2024-03-16T10:56:38.050 INFO:journalctl@ceph.mon.a.smithi078.stdout:Mar 16 10:56:38 smithi078 ceph-mon[32235]: [16/Mar/2024:10:56:36] ENGINE Bus STARTING
2024-03-16T10:56:38.050 INFO:journalctl@ceph.mon.a.smithi078.stdout:Mar 16 10:56:38 smithi078 ceph-mon[32235]: [16/Mar/2024:10:56:36] ENGINE Serving on https://172.21.15.78:7150
2024-03-16T10:56:38.050 INFO:journalctl@ceph.mon.a.smithi078.stdout:Mar 16 10:56:38 smithi078 ceph-mon[32235]: [16/Mar/2024:10:56:36] ENGINE Serving on http://172.21.15.78:8765
2024-03-16T10:56:38.050 INFO:journalctl@ceph.mon.a.smithi078.stdout:Mar 16 10:56:38 smithi078 ceph-mon[32235]: [16/Mar/2024:10:56:36] ENGINE Bus STARTED
2024-03-16T10:56:38.050 INFO:journalctl@ceph.mon.a.smithi078.stdout:Mar 16 10:56:38 smithi078 ceph-mon[32235]: mgrmap e8: x(active, since 2s)
2024-03-16T10:56:38.050 INFO:journalctl@ceph.mon.a.smithi078.stdout:Mar 16 10:56:38 smithi078 ceph-mon[32235]: from='mgr.14120 172.21.15.78:0/594798726' entity='mgr.x'
2024-03-16T10:56:38.050 INFO:journalctl@ceph.mon.a.smithi078.stdout:Mar 16 10:56:38 smithi078 ceph-mon[32235]: from='mgr.14120 172.21.15.78:0/594798726' entity='mgr.x' cmd=[{"prefix": "config dump", "format": "json"}]: dispatch
2024-03-16T10:56:39.059 INFO:journalctl@ceph.mon.a.smithi078.stdout:Mar 16 10:56:39 smithi078 ceph-mon[32235]: from='client.14132 -' entity='client.admin' cmd=[{"prefix": "orch set backend", "module_name": "cephadm", "target": ["mon-mgr", ""]}]: dispatch
2024-03-16T10:56:39.070 INFO:teuthology.orchestra.run.smithi078.stdout:/usr/bin/ceph: stdout value unchanged
2024-03-16T10:56:39.071 INFO:teuthology.orchestra.run.smithi078.stdout:/usr/bin/ceph: stderr
2024-03-16T10:56:38.250+0000 7fdcd5ea3700 1 Processor -- start
2024-03-16T10:56:39.071 INFO:teuthology.orchestra.run.smithi078.stdout:/usr/bin/ceph: stderr
2024-03-16T10:56:38.250+0000 7fdcd5ea3700 1 -- start start
2024-03-16T10:56:39.071 INFO:teuthology.orchestra.run.smithi078.stdout:/usr/bin/ceph: stderr
2024-03-16T10:56:38.250+0000 7fdcd5ea3700 1 --2- >> [v2:172.21.15.78:3300/0,v1:172.21.15.78:6789/0] conn(0x7fdcd0107d00 0x7fdcd0108120 unknown :-1 s=NONE pgs=0 cs=0 l=0 rev1=0 crypto rx=0 tx=0 comp rx=0 tx=0).connect
2024-03-16T10:56:39.071 INFO:teuthology.orchestra.run.smithi078.stdout:/usr/bin/ceph: stderr
2024-03-16T10:56:38.250+0000 7fdcd5ea3700 1 -- --> [v2:172.21.15.78:3300/0,v1:172.21.15.78:6789/0] -- mon_getmap magic: 0 -- 0x7fdcd01086f0 con 0x7fdcd0107d00
2024-03-16T10:56:39.071 INFO:teuthology.orchestra.run.smithi078.stdout:/usr/bin/ceph: stderr
2024-03-16T10:56:38.250+0000 7fdccf7fe700 1 --2- >> [v2:172.21.15.78:3300/0,v1:172.21.15.78:6789/0] conn(0x7fdcd0107d00 0x7fdcd0108120 unknown :-1 s=BANNER_CONNECTING pgs=0 cs=0 l=0 rev1=0 crypto rx=0 tx=0 comp rx=0 tx=0)._handle_peer_banner_payload supported=3 required=0
2024-03-16T10:56:39.071 INFO:teuthology.orchestra.run.smithi078.stdout:/usr/bin/ceph: stderr
2024-03-16T10:56:38.250+0000 7fdccf7fe700 1 --2- >> [v2:172.21.15.78:3300/0,v1:172.21.15.78:6789/0] conn(0x7fdcd0107d00 0x7fdcd0108120 unknown :-1 s=HELLO_CONNECTING pgs=0 cs=0 l=0 rev1=1 crypto rx=0 tx=0 comp rx=0 tx=0).handle_hello peer v2:172.21.15.78:3300/0 says I am v2:172.21.15.78:35744/0 (socket says 172.21.15.78:35744)
2024-03-16T10:56:39.071 INFO:teuthology.orchestra.run.smithi078.stdout:/usr/bin/ceph: stderr
2024-03-16T10:56:38.250+0000 7fdccf7fe700 1 -- 172.21.15.78:0/2550006753 learned_addr learned my addr 172.21.15.78:0/2550006753 (peer_addr_for_me v2:172.21.15.78:0/0)
2024-03-16T10:56:39.071 INFO:teuthology.orchestra.run.smithi078.stdout:/usr/bin/ceph: stderr
2024-03-16T10:56:38.250+0000 7fdccf7fe700 1 -- 172.21.15.78:0/2550006753 --> [v2:172.21.15.78:3300/0,v1:172.21.15.78:6789/0] -- mon_subscribe({config=0+,monmap=0+}) -- 0x7fdcd0108f00 con 0x7fdcd0107d00
2024-03-16T10:56:39.071 INFO:teuthology.orchestra.run.smithi078.stdout:/usr/bin/ceph: stderr
2024-03-16T10:56:38.250+0000 7fdccf7fe700 1 --2- 172.21.15.78:0/2550006753 >> [v2:172.21.15.78:3300/0,v1:172.21.15.78:6789/0] conn(0x7fdcd0107d00 0x7fdcd0108120 secure :-1 s=READY pgs=39 cs=0 l=1 rev1=1 crypto rx=0x7fdcc00098a0 tx=0x7fdcc0009bb0 comp rx=0 tx=0).ready entity=mon.0 client_cookie=ed448271a4918ed2 server_cookie=0 in_seq=0 out_seq=0
2024-03-16T10:56:39.071 INFO:teuthology.orchestra.run.smithi078.stdout:/usr/bin/ceph: stderr
2024-03-16T10:56:38.250+0000 7fdcce7fc700 1 -- 172.21.15.78:0/2550006753 <== mon.0 v2:172.21.15.78:3300/0 1 ==== mon_map magic: 0 ==== 205+0+0 (secure 0 0 0) 0x7fdcc0004160 con 0x7fdcd0107d00
2024-03-16T10:56:39.071 INFO:teuthology.orchestra.run.smithi078.stdout:/usr/bin/ceph: stderr
2024-03-16T10:56:38.251+0000 7fdcce7fc700 1 -- 172.21.15.78:0/2550006753 <== mon.0 v2:172.21.15.78:3300/0 2 ==== config(26 keys) ==== 1071+0+0 (secure 0 0 0) 0x7fdcc0004300 con 0x7fdcd0107d00
2024-03-16T10:56:39.071 INFO:teuthology.orchestra.run.smithi078.stdout:/usr/bin/ceph: stderr
2024-03-16T10:56:38.251+0000 7fdcce7fc700 1 -- 172.21.15.78:0/2550006753 <== mon.0 v2:172.21.15.78:3300/0 3 ==== mon_map magic: 0 ==== 205+0+0 (secure 0 0 0) 0x7fdcc0011a80 con 0x7fdcd0107d00
2024-03-16T10:56:39.071 INFO:teuthology.orchestra.run.smithi078.stdout:/usr/bin/ceph: stderr
2024-03-16T10:56:38.251+0000 7fdcd5ea3700 1 -- 172.21.15.78:0/2550006753 >> [v2:172.21.15.78:3300/0,v1:172.21.15.78:6789/0] conn(0x7fdcd0107d00 msgr2=0x7fdcd0108120 secure :-1 s=STATE_CONNECTION_ESTABLISHED l=1).mark_down
2024-03-16T10:56:39.072 INFO:teuthology.orchestra.run.smithi078.stdout:/usr/bin/ceph: stderr
2024-03-16T10:56:38.251+0000 7fdcd5ea3700 1 --2- 172.21.15.78:0/2550006753 >> [v2:172.21.15.78:3300/0,v1:172.21.15.78:6789/0] conn(0x7fdcd0107d00 0x7fdcd0108120 secure :-1 s=READY pgs=39 cs=0 l=1 rev1=1 crypto rx=0x7fdcc00098a0 tx=0x7fdcc0009bb0 comp rx=0 tx=0).stop
2024-03-16T10:56:39.072 INFO:teuthology.orchestra.run.smithi078.stdout:/usr/bin/ceph: stderr
2024-03-16T10:56:38.251+0000 7fdcd5ea3700 1 -- 172.21.15.78:0/2550006753 shutdown_connections
2024-03-16T10:56:39.072 INFO:teuthology.orchestra.run.smithi078.stdout:/usr/bin/ceph: stderr
2024-03-16T10:56:38.251+0000 7fdcd5ea3700 1 --2- 172.21.15.78:0/2550006753 >> [v2:172.21.15.78:3300/0,v1:172.21.15.78:6789/0] conn(0x7fdcd0107d00 0x7fdcd0108120 unknown :-1 s=CLOSED pgs=39 cs=0 l=1 rev1=1 crypto rx=0 tx=0 comp rx=0 tx=0).stop
2024-03-16T10:56:39.072 INFO:teuthology.orchestra.run.smithi078.stdout:/usr/bin/ceph: stderr
2024-03-16T10:56:38.251+0000 7fdcd5ea3700 1 -- 172.21.15.78:0/2550006753 >> 172.21.15.78:0/2550006753 conn(0x7fdcd0103340 msgr2=0x7fdcd0105760 unknown :-1 s=STATE_NONE l=0).mark_down
2024-03-16T10:56:39.072 INFO:teuthology.orchestra.run.smithi078.stdout:/usr/bin/ceph: stderr
2024-03-16T10:56:38.251+0000 7fdcd5ea3700 1 -- 172.21.15.78:0/2550006753 shutdown_connections
2024-03-16T10:56:39.072 INFO:teuthology.orchestra.run.smithi078.stdout:/usr/bin/ceph: stderr
2024-03-16T10:56:38.251+0000 7fdcd5ea3700 1 -- 172.21.15.78:0/2550006753 wait complete.
2024-03-16T10:56:39.072 INFO:teuthology.orchestra.run.smithi078.stdout:/usr/bin/ceph: stderr
2024-03-16T10:56:38.252+0000 7fdcd5ea3700 1 Processor -- start
2024-03-16T10:56:39.072 INFO:teuthology.orchestra.run.smithi078.stdout:/usr/bin/ceph: stderr
2024-03-16T10:56:38.252+0000 7fdcd5ea3700 1 -- start start
2024-03-16T10:56:39.072 INFO:teuthology.orchestra.run.smithi078.stdout:/usr/bin/ceph: stderr
2024-03-16T10:56:38.252+0000 7fdcd5ea3700 1 --2- >> [v2:172.21.15.78:3300/0,v1:172.21.15.78:6789/0] conn(0x7fdcd0107d00 0x7fdcd019bb70 unknown :-1 s=NONE pgs=0 cs=0 l=1 rev1=0 crypto rx=0 tx=0 comp rx=0 tx=0).connect
2024-03-16T10:56:39.072 INFO:teuthology.orchestra.run.smithi078.stdout:/usr/bin/ceph: stderr
2024-03-16T10:56:38.252+0000 7fdcd5ea3700 1 -- --> [v2:172.21.15.78:3300/0,v1:172.21.15.78:6789/0] -- mon_getmap magic: 0 -- 0x7fdcd010c130 con 0x7fdcd0107d00
2024-03-16T10:56:39.072 INFO:teuthology.orchestra.run.smithi078.stdout:/usr/bin/ceph: stderr
2024-03-16T10:56:38.252+0000 7fdccf7fe700 1 --2- >> [v2:172.21.15.78:3300/0,v1:172.21.15.78:6789/0] conn(0x7fdcd0107d00 0x7fdcd019bb70 unknown :-1 s=BANNER_CONNECTING pgs=0 cs=0 l=1 rev1=0 crypto rx=0 tx=0 comp rx=0 tx=0)._handle_peer_banner_payload supported=3 required=0
2024-03-16T10:56:39.072 INFO:teuthology.orchestra.run.smithi078.stdout:/usr/bin/ceph: stderr
2024-03-16T10:56:38.252+0000 7fdccf7fe700 1 --2- >> [v2:172.21.15.78:3300/0,v1:172.21.15.78:6789/0] conn(0x7fdcd0107d00 0x7fdcd019bb70 unknown :-1 s=HELLO_CONNECTING pgs=0 cs=0 l=1 rev1=1 crypto rx=0 tx=0 comp rx=0 tx=0).handle_hello peer v2:172.21.15.78:3300/0 says I am v2:172.21.15.78:35748/0 (socket says 172.21.15.78:35748)
2024-03-16T10:56:39.072 INFO:teuthology.orchestra.run.smithi078.stdout:/usr/bin/ceph: stderr
2024-03-16T10:56:38.252+0000 7fdccf7fe700 1 -- 172.21.15.78:0/381509545 learned_addr learned my addr 172.21.15.78:0/381509545 (peer_addr_for_me v2:172.21.15.78:0/0)
2024-03-16T10:56:39.073 INFO:teuthology.orchestra.run.smithi078.stdout:/usr/bin/ceph: stderr
2024-03-16T10:56:38.252+0000 7fdccf7fe700 1 -- 172.21.15.78:0/381509545 --> [v2:172.21.15.78:3300/0,v1:172.21.15.78:6789/0] -- mon_subscribe({config=0+,monmap=0+}) -- 0x7fdcd019c0b0 con 0x7fdcd0107d00
2024-03-16T10:56:39.073 INFO:teuthology.orchestra.run.smithi078.stdout:/usr/bin/ceph: stderr
2024-03-16T10:56:38.253+0000 7fdccf7fe700 1 --2- 172.21.15.78:0/381509545 >> [v2:172.21.15.78:3300/0,v1:172.21.15.78:6789/0] conn(0x7fdcd0107d00 0x7fdcd019bb70 secure :-1 s=READY pgs=40 cs=0 l=1 rev1=1 crypto rx=0x7fdcc0006af0 tx=0x7fdcc0011b70 comp rx=0 tx=0).ready entity=mon.0 client_cookie=0 server_cookie=0 in_seq=0 out_seq=0
2024-03-16T10:56:39.073 INFO:teuthology.orchestra.run.smithi078.stdout:/usr/bin/ceph: stderr
2024-03-16T10:56:38.253+0000 7fdcccff9700 1 -- 172.21.15.78:0/381509545 <== mon.0 v2:172.21.15.78:3300/0 1 ==== mon_map magic: 0 ==== 205+0+0 (secure 0 0 0) 0x7fdcc0003930 con 0x7fdcd0107d00
2024-03-16T10:56:39.073 INFO:teuthology.orchestra.run.smithi078.stdout:/usr/bin/ceph: stderr
2024-03-16T10:56:38.253+0000 7fdcccff9700 1 -- 172.21.15.78:0/381509545 <== mon.0 v2:172.21.15.78:3300/0 2 ==== config(26 keys) ==== 1071+0+0 (secure 0 0 0) 0x7fdcc0003ad0 con 0x7fdcd0107d00
2024-03-16T10:56:39.073 INFO:teuthology.orchestra.run.smithi078.stdout:/usr/bin/ceph: stderr
2024-03-16T10:56:38.253+0000 7fdcd5ea3700 1 -- 172.21.15.78:0/381509545 --> [v2:172.21.15.78:3300/0,v1:172.21.15.78:6789/0] -- mon_subscribe({mgrmap=0+}) -- 0x7fdcd019c340 con 0x7fdcd0107d00
2024-03-16T10:56:39.073 INFO:teuthology.orchestra.run.smithi078.stdout:/usr/bin/ceph: stderr
2024-03-16T10:56:38.253+0000 7fdcccff9700 1 -- 172.21.15.78:0/381509545 <== mon.0 v2:172.21.15.78:3300/0 3 ==== mon_map magic: 0 ==== 205+0+0 (secure 0 0 0) 0x7fdcc00195e0 con 0x7fdcd0107d00
2024-03-16T10:56:39.073 INFO:teuthology.orchestra.run.smithi078.stdout:/usr/bin/ceph: stderr
2024-03-16T10:56:38.253+0000 7fdcd5ea3700 1 -- 172.21.15.78:0/381509545 --> [v2:172.21.15.78:3300/0,v1:172.21.15.78:6789/0] -- mon_subscribe({osdmap=0}) -- 0x7fdcd019f030 con 0x7fdcd0107d00
2024-03-16T10:56:39.073 INFO:teuthology.orchestra.run.smithi078.stdout:/usr/bin/ceph: stderr
2024-03-16T10:56:38.254+0000 7fdcccff9700 1 -- 172.21.15.78:0/381509545 <== mon.0 v2:172.21.15.78:3300/0 4 ==== mgrmap(e 8) ==== 46106+0+0 (secure 0 0 0) 0x7fdcc0019910 con 0x7fdcd0107d00
2024-03-16T10:56:39.073 INFO:teuthology.orchestra.run.smithi078.stdout:/usr/bin/ceph: stderr
2024-03-16T10:56:38.254+0000 7fdcd5ea3700 1 -- 172.21.15.78:0/381509545 --> [v2:172.21.15.78:3300/0,v1:172.21.15.78:6789/0] -- mon_command({"prefix": "get_command_descriptions"} v 0) -- 0x7fdcd0063900 con 0x7fdcd0107d00
2024-03-16T10:56:39.073 INFO:teuthology.orchestra.run.smithi078.stdout:/usr/bin/ceph: stderr
2024-03-16T10:56:38.254+0000 7fdcccff9700 1 --2- 172.21.15.78:0/381509545 >> [v2:172.21.15.78:6800/3269664941,v1:172.21.15.78:6801/3269664941] conn(0x7fdcb8038f20 0x7fdcb803b3e0 unknown :-1 s=NONE pgs=0 cs=0 l=1 rev1=0 crypto rx=0 tx=0 comp rx=0 tx=0).connect
2024-03-16T10:56:39.073 INFO:teuthology.orchestra.run.smithi078.stdout:/usr/bin/ceph: stderr
2024-03-16T10:56:38.254+0000 7fdcccff9700 1 -- 172.21.15.78:0/381509545 <== mon.0 v2:172.21.15.78:3300/0 5 ==== osd_map(2..2 src has 1..2) ==== 940+0+0 (secure 0 0 0) 0x7fdcc004d560 con 0x7fdcd0107d00
2024-03-16T10:56:39.073 INFO:teuthology.orchestra.run.smithi078.stdout:/usr/bin/ceph: stderr
2024-03-16T10:56:38.254+0000 7fdcceffd700 1 --2- 172.21.15.78:0/381509545 >> [v2:172.21.15.78:6800/3269664941,v1:172.21.15.78:6801/3269664941] conn(0x7fdcb8038f20 0x7fdcb803b3e0 unknown :-1 s=BANNER_CONNECTING pgs=0 cs=0 l=1 rev1=0 crypto rx=0 tx=0 comp rx=0 tx=0)._handle_peer_banner_payload supported=3 required=0
2024-03-16T10:56:39.073 INFO:teuthology.orchestra.run.smithi078.stdout:/usr/bin/ceph: stderr
2024-03-16T10:56:38.254+0000 7fdcceffd700 1 --2- 172.21.15.78:0/381509545 >> [v2:172.21.15.78:6800/3269664941,v1:172.21.15.78:6801/3269664941] conn(0x7fdcb8038f20 0x7fdcb803b3e0 secure :-1 s=READY pgs=8 cs=0 l=1 rev1=1 crypto rx=0x7fdcc4006fd0 tx=0x7fdcc4006e40 comp rx=0 tx=0).ready entity=mgr.14120 client_cookie=0 server_cookie=0 in_seq=0 out_seq=0
2024-03-16T10:56:39.073 INFO:teuthology.orchestra.run.smithi078.stdout:/usr/bin/ceph: stderr
2024-03-16T10:56:38.259+0000 7fdcccff9700 1 -- 172.21.15.78:0/381509545 <== mon.0 v2:172.21.15.78:3300/0 6 ==== mon_command_ack([{"prefix": "get_command_descriptions"}]=0 v0) ==== 72+0+186149 (secure 0 0 0) 0x7fdcc0019d00 con 0x7fdcd0107d00
2024-03-16T10:56:39.074 INFO:teuthology.orchestra.run.smithi078.stdout:/usr/bin/ceph: stderr
2024-03-16T10:56:38.454+0000 7fdcd5ea3700 1 -- 172.21.15.78:0/381509545 --> [v2:172.21.15.78:6800/3269664941,v1:172.21.15.78:6801/3269664941] -- mgr_command(tid 0: {"prefix": "cephadm set-user", "user": "root", "target": ["mon-mgr", ""]}) -- 0x7fdcd01045e0 con 0x7fdcb8038f20
2024-03-16T10:56:39.074 INFO:teuthology.orchestra.run.smithi078.stdout:/usr/bin/ceph: stderr
2024-03-16T10:56:38.455+0000 7fdcccff9700 1 -- 172.21.15.78:0/381509545 <== mgr.14120 v2:172.21.15.78:6800/3269664941 1 ==== mgr_command_reply(tid 0: 0 ) ==== 8+0+16 (secure 0 0 0) 0x7fdcd01045e0 con 0x7fdcb8038f20
2024-03-16T10:56:39.074 INFO:teuthology.orchestra.run.smithi078.stdout:/usr/bin/ceph: stderr
2024-03-16T10:56:38.457+0000 7fdcd5ea3700 1 -- 172.21.15.78:0/381509545 >> [v2:172.21.15.78:6800/3269664941,v1:172.21.15.78:6801/3269664941] conn(0x7fdcb8038f20 msgr2=0x7fdcb803b3e0 secure :-1 s=STATE_CONNECTION_ESTABLISHED l=1).mark_down
2024-03-16T10:56:39.074 INFO:teuthology.orchestra.run.smithi078.stdout:/usr/bin/ceph: stderr
2024-03-16T10:56:38.457+0000 7fdcd5ea3700 1 --2- 172.21.15.78:0/381509545 >> [v2:172.21.15.78:6800/3269664941,v1:172.21.15.78:6801/3269664941] conn(0x7fdcb8038f20 0x7fdcb803b3e0 secure :-1 s=READY pgs=8 cs=0 l=1 rev1=1 crypto rx=0x7fdcc4006fd0 tx=0x7fdcc4006e40 comp rx=0 tx=0).stop
2024-03-16T10:56:39.074 INFO:teuthology.orchestra.run.smithi078.stdout:/usr/bin/ceph: stderr
2024-03-16T10:56:38.457+0000 7fdcd5ea3700 1 -- 172.21.15.78:0/381509545 >> [v2:172.21.15.78:3300/0,v1:172.21.15.78:6789/0] conn(0x7fdcd0107d00 msgr2=0x7fdcd019bb70 secure :-1 s=STATE_CONNECTION_ESTABLISHED l=1).mark_down
2024-03-16T10:56:39.074 INFO:teuthology.orchestra.run.smithi078.stdout:/usr/bin/ceph: stderr
2024-03-16T10:56:38.457+0000 7fdcd5ea3700 1 --2- 172.21.15.78:0/381509545 >> [v2:172.21.15.78:3300/0,v1:172.21.15.78:6789/0] conn(0x7fdcd0107d00 0x7fdcd019bb70 secure :-1 s=READY pgs=40 cs=0 l=1 rev1=1 crypto rx=0x7fdcc0006af0 tx=0x7fdcc0011b70 comp rx=0 tx=0).stop
2024-03-16T10:56:39.074 INFO:teuthology.orchestra.run.smithi078.stdout:/usr/bin/ceph: stderr
2024-03-16T10:56:38.457+0000 7fdcd5ea3700 1 -- 172.21.15.78:0/381509545 shutdown_connections
2024-03-16T10:56:39.074 INFO:teuthology.orchestra.run.smithi078.stdout:/usr/bin/ceph: stderr
2024-03-16T10:56:38.457+0000 7fdcd5ea3700 1 --2- 172.21.15.78:0/381509545 >> [v2:172.21.15.78:6800/3269664941,v1:172.21.15.78:6801/3269664941] conn(0x7fdcb8038f20 0x7fdcb803b3e0 unknown :-1 s=CLOSED pgs=8 cs=0 l=1 rev1=1 crypto rx=0 tx=0 comp rx=0 tx=0).stop
2024-03-16T10:56:39.074 INFO:teuthology.orchestra.run.smithi078.stdout:/usr/bin/ceph: stderr
2024-03-16T10:56:38.457+0000 7fdcd5ea3700 1 --2- 172.21.15.78:0/381509545 >> [v2:172.21.15.78:3300/0,v1:172.21.15.78:6789/0] conn(0x7fdcd0107d00 0x7fdcd019bb70 unknown :-1 s=CLOSED pgs=40 cs=0 l=1 rev1=1 crypto rx=0 tx=0 comp rx=0 tx=0).stop
2024-03-16T10:56:39.074 INFO:teuthology.orchestra.run.smithi078.stdout:/usr/bin/ceph: stderr
2024-03-16T10:56:38.457+0000 7fdcd5ea3700 1 -- 172.21.15.78:0/381509545 >> 172.21.15.78:0/381509545 conn(0x7fdcd0103340 msgr2=0x7fdcd0103ed0 unknown :-1 s=STATE_NONE l=0).mark_down
2024-03-16T10:56:39.074 INFO:teuthology.orchestra.run.smithi078.stdout:/usr/bin/ceph: stderr
2024-03-16T10:56:38.457+0000 7fdcd5ea3700 1 -- 172.21.15.78:0/381509545 shutdown_connections
2024-03-16T10:56:39.074 INFO:teuthology.orchestra.run.smithi078.stdout:/usr/bin/ceph: stderr
2024-03-16T10:56:38.457+0000 7fdcd5ea3700 1 -- 172.21.15.78:0/381509545 wait complete.
2024-03-16T10:56:39.074 INFO:teuthology.orchestra.run.smithi078.stdout:Generating ssh key...
2024-03-16T10:56:40.020 INFO:journalctl@ceph.mgr.x.smithi078.stdout:Mar 16 10:56:39 smithi078 ceph-a1941e5e-e383-11ee-95c9-87774f69a715-mgr-x[32470]: Generating public/private rsa key pair.
2024-03-16T10:56:40.020 INFO:journalctl@ceph.mgr.x.smithi078.stdout:Mar 16 10:56:39 smithi078 ceph-a1941e5e-e383-11ee-95c9-87774f69a715-mgr-x[32470]: Your identification has been saved in /tmp/tmpizca0mqr/key.
2024-03-16T10:56:40.020 INFO:journalctl@ceph.mgr.x.smithi078.stdout:Mar 16 10:56:39 smithi078 ceph-a1941e5e-e383-11ee-95c9-87774f69a715-mgr-x[32470]: Your public key has been saved in /tmp/tmpizca0mqr/key.pub.
2024-03-16T10:56:40.021 INFO:journalctl@ceph.mgr.x.smithi078.stdout:Mar 16 10:56:39 smithi078 ceph-a1941e5e-e383-11ee-95c9-87774f69a715-mgr-x[32470]: The key fingerprint is:
2024-03-16T10:56:40.021 INFO:journalctl@ceph.mgr.x.smithi078.stdout:Mar 16 10:56:39 smithi078 ceph-a1941e5e-e383-11ee-95c9-87774f69a715-mgr-x[32470]: SHA256:0fabJsKF+3WfIsRuqVygOCdiggF3s4YU4zb+9ZYxppc ceph-a1941e5e-e383-11ee-95c9-87774f69a715
2024-03-16T10:56:40.021 INFO:journalctl@ceph.mgr.x.smithi078.stdout:Mar 16 10:56:39 smithi078 ceph-a1941e5e-e383-11ee-95c9-87774f69a715-mgr-x[32470]: The key's randomart image is:
2024-03-16T10:56:40.021 INFO:journalctl@ceph.mgr.x.smithi078.stdout:Mar 16 10:56:39 smithi078 ceph-a1941e5e-e383-11ee-95c9-87774f69a715-mgr-x[32470]: +---[RSA 3072]----+
2024-03-16T10:56:40.021 INFO:journalctl@ceph.mgr.x.smithi078.stdout:Mar 16 10:56:39 smithi078 ceph-a1941e5e-e383-11ee-95c9-87774f69a715-mgr-x[32470]: | o |
2024-03-16T10:56:40.021 INFO:journalctl@ceph.mgr.x.smithi078.stdout:Mar 16 10:56:39 smithi078 ceph-a1941e5e-e383-11ee-95c9-87774f69a715-mgr-x[32470]: | . o . |
2024-03-16T10:56:40.021 INFO:journalctl@ceph.mgr.x.smithi078.stdout:Mar 16 10:56:39 smithi078 ceph-a1941e5e-e383-11ee-95c9-87774f69a715-mgr-x[32470]: |. * o . o |
2024-03-16T10:56:40.021 INFO:journalctl@ceph.mgr.x.smithi078.stdout:Mar 16 10:56:39 smithi078 ceph-a1941e5e-e383-11ee-95c9-87774f69a715-mgr-x[32470]: |.= + o + . |
2024-03-16T10:56:40.021 INFO:journalctl@ceph.mgr.x.smithi078.stdout:Mar 16 10:56:39 smithi078 ceph-a1941e5e-e383-11ee-95c9-87774f69a715-mgr-x[32470]: |. o o . S.o . |
2024-03-16T10:56:40.021 INFO:journalctl@ceph.mgr.x.smithi078.stdout:Mar 16 10:56:39 smithi078 ceph-a1941e5e-e383-11ee-95c9-87774f69a715-mgr-x[32470]: |.. o ..=.B.o o |
2024-03-16T10:56:40.021 INFO:journalctl@ceph.mgr.x.smithi078.stdout:Mar 16 10:56:39 smithi078 ceph-a1941e5e-e383-11ee-95c9-87774f69a715-mgr-x[32470]: |.. o.+.oE +.* . |
2024-03-16T10:56:40.021 INFO:journalctl@ceph.mgr.x.smithi078.stdout:Mar 16 10:56:39 smithi078 ceph-a1941e5e-e383-11ee-95c9-87774f69a715-mgr-x[32470]: | o . +o.o.O o ..|
2024-03-16T10:56:40.021 INFO:journalctl@ceph.mgr.x.smithi078.stdout:Mar 16 10:56:39 smithi078 ceph-a1941e5e-e383-11ee-95c9-87774f69a715-mgr-x[32470]: | o+ . ...|
2024-03-16T10:56:40.022 INFO:journalctl@ceph.mgr.x.smithi078.stdout:Mar 16 10:56:39 smithi078 ceph-a1941e5e-e383-11ee-95c9-87774f69a715-mgr-x[32470]: +----[SHA256]-----+
2024-03-16T10:56:40.309 INFO:journalctl@ceph.mon.a.smithi078.stdout:Mar 16 10:56:40 smithi078 ceph-mon[32235]: from='client.14134 -' entity='client.admin' cmd=[{"prefix": "cephadm set-user", "user": "root", "target": ["mon-mgr", ""]}]: dispatch
2024-03-16T10:56:40.309 INFO:journalctl@ceph.mon.a.smithi078.stdout:Mar 16 10:56:40 smithi078 ceph-mon[32235]: from='mgr.14120 172.21.15.78:0/594798726' entity='mgr.x'
2024-03-16T10:56:40.309 INFO:journalctl@ceph.mon.a.smithi078.stdout:Mar 16 10:56:40 smithi078 ceph-mon[32235]: from='mgr.14120 172.21.15.78:0/594798726' entity='mgr.x'
2024-03-16T10:56:40.436 INFO:teuthology.orchestra.run.smithi078.stdout:/usr/bin/ceph: stderr
2024-03-16T10:56:39.482+0000 7f70d84ae700 1 Processor -- start
2024-03-16T10:56:40.436 INFO:teuthology.orchestra.run.smithi078.stdout:/usr/bin/ceph: stderr
2024-03-16T10:56:39.482+0000 7f70d84ae700 1 -- start start
2024-03-16T10:56:40.436 INFO:teuthology.orchestra.run.smithi078.stdout:/usr/bin/ceph: stderr
2024-03-16T10:56:39.482+0000 7f70d84ae700 1 --2- >> [v2:172.21.15.78:3300/0,v1:172.21.15.78:6789/0] conn(0x7f70d0107d00 0x7f70d0108120 unknown :-1 s=NONE pgs=0 cs=0 l=0 rev1=0 crypto rx=0 tx=0 comp rx=0 tx=0).connect
2024-03-16T10:56:40.436 INFO:teuthology.orchestra.run.smithi078.stdout:/usr/bin/ceph: stderr
2024-03-16T10:56:39.482+0000 7f70d84ae700 1 -- --> [v2:172.21.15.78:3300/0,v1:172.21.15.78:6789/0] -- mon_getmap magic: 0 -- 0x7f70d01086f0 con 0x7f70d0107d00
2024-03-16T10:56:40.436 INFO:teuthology.orchestra.run.smithi078.stdout:/usr/bin/ceph: stderr
2024-03-16T10:56:39.482+0000 7f70d624a700 1 --2- >> [v2:172.21.15.78:3300/0,v1:172.21.15.78:6789/0] conn(0x7f70d0107d00 0x7f70d0108120 unknown :-1 s=BANNER_CONNECTING pgs=0 cs=0 l=0 rev1=0 crypto rx=0 tx=0 comp rx=0 tx=0)._handle_peer_banner_payload supported=3 required=0
2024-03-16T10:56:40.436 INFO:teuthology.orchestra.run.smithi078.stdout:/usr/bin/ceph: stderr
2024-03-16T10:56:39.482+0000 7f70d624a700 1 --2- >> [v2:172.21.15.78:3300/0,v1:172.21.15.78:6789/0] conn(0x7f70d0107d00 0x7f70d0108120 unknown :-1 s=HELLO_CONNECTING pgs=0 cs=0 l=0 rev1=1 crypto rx=0 tx=0 comp rx=0 tx=0).handle_hello peer v2:172.21.15.78:3300/0 says I am v2:172.21.15.78:35760/0 (socket says 172.21.15.78:35760)
