2024-03-16T10:56:52.950+0000 7f10c1c11700 1 --2- 172.21.15.78:0/858952961 >> [v2:172.21.15.78:3300/0,v1:172.21.15.78:6789/0] conn(0x7f10bc108720 0x7f10bc10ab10 secure :-1 s=READY pgs=53 cs=0 l=1 rev1=1 crypto rx=0x7f10ac0098a0 tx=0x7f10ac009bb0 comp rx=0 tx=0).stop
2024-03-16T10:56:53.761 INFO:teuthology.orchestra.run.smithi078.stdout:/usr/bin/ceph: stderr
2024-03-16T10:56:52.950+0000 7f10c1c11700 1 -- 172.21.15.78:0/858952961 shutdown_connections
2024-03-16T10:56:53.761 INFO:teuthology.orchestra.run.smithi078.stdout:/usr/bin/ceph: stderr
2024-03-16T10:56:52.950+0000 7f10c1c11700 1 --2- 172.21.15.78:0/858952961 >> [v2:172.21.15.78:3300/0,v1:172.21.15.78:6789/0] conn(0x7f10bc108720 0x7f10bc10ab10 unknown :-1 s=CLOSED pgs=53 cs=0 l=1 rev1=1 crypto rx=0 tx=0 comp rx=0 tx=0).stop
2024-03-16T10:56:53.761 INFO:teuthology.orchestra.run.smithi078.stdout:/usr/bin/ceph: stderr
2024-03-16T10:56:52.950+0000 7f10c1c11700 1 -- 172.21.15.78:0/858952961 >> 172.21.15.78:0/858952961 conn(0x7f10bc1021d0 msgr2=0x7f10bc1045f0 unknown :-1 s=STATE_NONE l=0).mark_down
2024-03-16T10:56:53.761 INFO:teuthology.orchestra.run.smithi078.stdout:/usr/bin/ceph: stderr
2024-03-16T10:56:52.950+0000 7f10c1c11700 1 -- 172.21.15.78:0/858952961 shutdown_connections
2024-03-16T10:56:53.761 INFO:teuthology.orchestra.run.smithi078.stdout:/usr/bin/ceph: stderr
2024-03-16T10:56:52.950+0000 7f10c1c11700 1 -- 172.21.15.78:0/858952961 wait complete.
2024-03-16T10:56:53.761 INFO:teuthology.orchestra.run.smithi078.stdout:/usr/bin/ceph: stderr
2024-03-16T10:56:52.950+0000 7f10c1c11700 1 Processor -- start
2024-03-16T10:56:53.761 INFO:teuthology.orchestra.run.smithi078.stdout:/usr/bin/ceph: stderr
2024-03-16T10:56:52.951+0000 7f10c1c11700 1 -- start start
2024-03-16T10:56:53.761 INFO:teuthology.orchestra.run.smithi078.stdout:/usr/bin/ceph: stderr
2024-03-16T10:56:52.951+0000 7f10c1c11700 1 --2- >> [v2:172.21.15.78:3300/0,v1:172.21.15.78:6789/0] conn(0x7f10bc108720 0x7f10bc19baa0 unknown :-1 s=NONE pgs=0 cs=0 l=1 rev1=0 crypto rx=0 tx=0 comp rx=0 tx=0).connect
2024-03-16T10:56:53.761 INFO:teuthology.orchestra.run.smithi078.stdout:/usr/bin/ceph: stderr
2024-03-16T10:56:52.951+0000 7f10c1c11700 1 -- --> [v2:172.21.15.78:3300/0,v1:172.21.15.78:6789/0] -- mon_getmap magic: 0 -- 0x7f10bc10c060 con 0x7f10bc108720
2024-03-16T10:56:53.761 INFO:teuthology.orchestra.run.smithi078.stdout:/usr/bin/ceph: stderr
2024-03-16T10:56:52.951+0000 7f10bb7fe700 1 --2- >> [v2:172.21.15.78:3300/0,v1:172.21.15.78:6789/0] conn(0x7f10bc108720 0x7f10bc19baa0 unknown :-1 s=BANNER_CONNECTING pgs=0 cs=0 l=1 rev1=0 crypto rx=0 tx=0 comp rx=0 tx=0)._handle_peer_banner_payload supported=3 required=0
2024-03-16T10:56:53.761 INFO:teuthology.orchestra.run.smithi078.stdout:/usr/bin/ceph: stderr
2024-03-16T10:56:52.951+0000 7f10bb7fe700 1 --2- >> [v2:172.21.15.78:3300/0,v1:172.21.15.78:6789/0] conn(0x7f10bc108720 0x7f10bc19baa0 unknown :-1 s=HELLO_CONNECTING pgs=0 cs=0 l=1 rev1=1 crypto rx=0 tx=0 comp rx=0 tx=0).handle_hello peer v2:172.21.15.78:3300/0 says I am v2:172.21.15.78:55830/0 (socket says 172.21.15.78:55830)
2024-03-16T10:56:53.761 INFO:teuthology.orchestra.run.smithi078.stdout:/usr/bin/ceph: stderr
2024-03-16T10:56:52.951+0000 7f10bb7fe700 1 -- 172.21.15.78:0/1197319974 learned_addr learned my addr 172.21.15.78:0/1197319974 (peer_addr_for_me v2:172.21.15.78:0/0)
2024-03-16T10:56:53.761 INFO:teuthology.orchestra.run.smithi078.stdout:/usr/bin/ceph: stderr
2024-03-16T10:56:52.951+0000 7f10bb7fe700 1 -- 172.21.15.78:0/1197319974 --> [v2:172.21.15.78:3300/0,v1:172.21.15.78:6789/0] -- mon_subscribe({config=0+,monmap=0+}) -- 0x7f10bc19bfe0 con 0x7f10bc108720
2024-03-16T10:56:53.762 INFO:teuthology.orchestra.run.smithi078.stdout:/usr/bin/ceph: stderr
2024-03-16T10:56:52.951+0000 7f10bb7fe700 1 --2- 172.21.15.78:0/1197319974 >> [v2:172.21.15.78:3300/0,v1:172.21.15.78:6789/0] conn(0x7f10bc108720 0x7f10bc19baa0 secure :-1 s=READY pgs=54 cs=0 l=1 rev1=1 crypto rx=0x7f10ac011a00 tx=0x7f10ac011ae0 comp rx=0 tx=0).ready entity=mon.0 client_cookie=0 server_cookie=0 in_seq=0 out_seq=0
2024-03-16T10:56:53.762 INFO:teuthology.orchestra.run.smithi078.stdout:/usr/bin/ceph: stderr
2024-03-16T10:56:52.952+0000 7f10b8ff9700 1 -- 172.21.15.78:0/1197319974 <== mon.0 v2:172.21.15.78:3300/0 1 ==== mon_map magic: 0 ==== 205+0+0 (secure 0 0 0) 0x7f10ac003af0 con 0x7f10bc108720
2024-03-16T10:56:53.762 INFO:teuthology.orchestra.run.smithi078.stdout:/usr/bin/ceph: stderr
2024-03-16T10:56:52.952+0000 7f10c1c11700 1 -- 172.21.15.78:0/1197319974 --> [v2:172.21.15.78:3300/0,v1:172.21.15.78:6789/0] -- mon_subscribe({mgrmap=0+}) -- 0x7f10bc19c270 con 0x7f10bc108720
2024-03-16T10:56:53.762 INFO:teuthology.orchestra.run.smithi078.stdout:/usr/bin/ceph: stderr
2024-03-16T10:56:52.952+0000 7f10b8ff9700 1 -- 172.21.15.78:0/1197319974 <== mon.0 v2:172.21.15.78:3300/0 2 ==== config(26 keys) ==== 1102+0+0 (secure 0 0 0) 0x7f10ac01a8e0 con 0x7f10bc108720
2024-03-16T10:56:53.762 INFO:teuthology.orchestra.run.smithi078.stdout:/usr/bin/ceph: stderr
2024-03-16T10:56:52.952+0000 7f10b8ff9700 1 -- 172.21.15.78:0/1197319974 <== mon.0 v2:172.21.15.78:3300/0 3 ==== mon_map magic: 0 ==== 205+0+0 (secure 0 0 0) 0x7f10ac024840 con 0x7f10bc108720
2024-03-16T10:56:53.762 INFO:teuthology.orchestra.run.smithi078.stdout:/usr/bin/ceph: stderr
2024-03-16T10:56:52.952+0000 7f10c1c11700 1 -- 172.21.15.78:0/1197319974 --> [v2:172.21.15.78:3300/0,v1:172.21.15.78:6789/0] -- mon_subscribe({osdmap=0}) -- 0x7f10bc19ef60 con 0x7f10bc108720
2024-03-16T10:56:53.762 INFO:teuthology.orchestra.run.smithi078.stdout:/usr/bin/ceph: stderr
2024-03-16T10:56:52.953+0000 7f10b8ff9700 1 -- 172.21.15.78:0/1197319974 <== mon.0 v2:172.21.15.78:3300/0 4 ==== mgrmap(e 8) ==== 46106+0+0 (secure 0 0 0) 0x7f10ac022020 con 0x7f10bc108720
2024-03-16T10:56:53.762 INFO:teuthology.orchestra.run.smithi078.stdout:/usr/bin/ceph: stderr
2024-03-16T10:56:52.953+0000 7f10c1c11700 1 -- 172.21.15.78:0/1197319974 --> [v2:172.21.15.78:3300/0,v1:172.21.15.78:6789/0] -- mon_command({"prefix": "get_command_descriptions"} v 0) -- 0x7f10bc063900 con 0x7f10bc108720
2024-03-16T10:56:53.762 INFO:teuthology.orchestra.run.smithi078.stdout:/usr/bin/ceph: stderr
2024-03-16T10:56:52.953+0000 7f10b8ff9700 1 --2- 172.21.15.78:0/1197319974 >> [v2:172.21.15.78:6800/3269664941,v1:172.21.15.78:6801/3269664941] conn(0x7f10a4038f70 0x7f10a403b430 unknown :-1 s=NONE pgs=0 cs=0 l=1 rev1=0 crypto rx=0 tx=0 comp rx=0 tx=0).connect
2024-03-16T10:56:53.762 INFO:teuthology.orchestra.run.smithi078.stdout:/usr/bin/ceph: stderr
2024-03-16T10:56:52.953+0000 7f10b8ff9700 1 -- 172.21.15.78:0/1197319974 <== mon.0 v2:172.21.15.78:3300/0 5 ==== osd_map(2..2 src has 1..2) ==== 940+0+0 (secure 0 0 0) 0x7f10ac04d250 con 0x7f10bc108720
2024-03-16T10:56:53.762 INFO:teuthology.orchestra.run.smithi078.stdout:/usr/bin/ceph: stderr
2024-03-16T10:56:52.953+0000 7f10baffd700 1 --2- 172.21.15.78:0/1197319974 >> [v2:172.21.15.78:6800/3269664941,v1:172.21.15.78:6801/3269664941] conn(0x7f10a4038f70 0x7f10a403b430 unknown :-1 s=BANNER_CONNECTING pgs=0 cs=0 l=1 rev1=0 crypto rx=0 tx=0 comp rx=0 tx=0)._handle_peer_banner_payload supported=3 required=0
2024-03-16T10:56:53.762 INFO:teuthology.orchestra.run.smithi078.stdout:/usr/bin/ceph: stderr
2024-03-16T10:56:52.953+0000 7f10baffd700 1 --2- 172.21.15.78:0/1197319974 >> [v2:172.21.15.78:6800/3269664941,v1:172.21.15.78:6801/3269664941] conn(0x7f10a4038f70 0x7f10a403b430 secure :-1 s=READY pgs=15 cs=0 l=1 rev1=1 crypto rx=0x7f10b0006fd0 tx=0x7f10b0006e40 comp rx=0 tx=0).ready entity=mgr.14120 client_cookie=0 server_cookie=0 in_seq=0 out_seq=0
2024-03-16T10:56:53.762 INFO:teuthology.orchestra.run.smithi078.stdout:/usr/bin/ceph: stderr
2024-03-16T10:56:52.958+0000 7f10b8ff9700 1 -- 172.21.15.78:0/1197319974 <== mon.0 v2:172.21.15.78:3300/0 6 ==== mon_command_ack([{"prefix": "get_command_descriptions"}]=0 v0) ==== 72+0+186149 (secure 0 0 0) 0x7f10ac019c70 con 0x7f10bc108720
2024-03-16T10:56:53.763 INFO:teuthology.orchestra.run.smithi078.stdout:/usr/bin/ceph: stderr
2024-03-16T10:56:53.164+0000 7f10c1c11700 1 -- 172.21.15.78:0/1197319974 --> [v2:172.21.15.78:3300/0,v1:172.21.15.78:6789/0] -- mon_command([{prefix=config set, name=mgr/dashboard/ssl_server_port}] v 0) -- 0x7f10bc19f580 con 0x7f10bc108720
2024-03-16T10:56:53.763 INFO:teuthology.orchestra.run.smithi078.stdout:/usr/bin/ceph: stderr
2024-03-16T10:56:53.168+0000 7f10b8ff9700 1 -- 172.21.15.78:0/1197319974 <== mon.0 v2:172.21.15.78:3300/0 7 ==== mon_command_ack([{prefix=config set, name=mgr/dashboard/ssl_server_port}]=0 v8)=0 v8) ==== 130+0+0 (secure 0 0 0) 0x7f10ac024e20 con 0x7f10bc108720
2024-03-16T10:56:53.763 INFO:teuthology.orchestra.run.smithi078.stdout:/usr/bin/ceph: stderr
2024-03-16T10:56:53.170+0000 7f10c1c11700 1 -- 172.21.15.78:0/1197319974 >> [v2:172.21.15.78:6800/3269664941,v1:172.21.15.78:6801/3269664941] conn(0x7f10a4038f70 msgr2=0x7f10a403b430 secure :-1 s=STATE_CONNECTION_ESTABLISHED l=1).mark_down
2024-03-16T10:56:53.763 INFO:teuthology.orchestra.run.smithi078.stdout:/usr/bin/ceph: stderr
2024-03-16T10:56:53.170+0000 7f10c1c11700 1 --2- 172.21.15.78:0/1197319974 >> [v2:172.21.15.78:6800/3269664941,v1:172.21.15.78:6801/3269664941] conn(0x7f10a4038f70 0x7f10a403b430 secure :-1 s=READY pgs=15 cs=0 l=1 rev1=1 crypto rx=0x7f10b0006fd0 tx=0x7f10b0006e40 comp rx=0 tx=0).stop
2024-03-16T10:56:53.763 INFO:teuthology.orchestra.run.smithi078.stdout:/usr/bin/ceph: stderr
2024-03-16T10:56:53.170+0000 7f10c1c11700 1 -- 172.21.15.78:0/1197319974 >> [v2:172.21.15.78:3300/0,v1:172.21.15.78:6789/0] conn(0x7f10bc108720 msgr2=0x7f10bc19baa0 secure :-1 s=STATE_CONNECTION_ESTABLISHED l=1).mark_down
2024-03-16T10:56:53.763 INFO:teuthology.orchestra.run.smithi078.stdout:/usr/bin/ceph: stderr
2024-03-16T10:56:53.170+0000 7f10c1c11700 1 --2- 172.21.15.78:0/1197319974 >> [v2:172.21.15.78:3300/0,v1:172.21.15.78:6789/0] conn(0x7f10bc108720 0x7f10bc19baa0 secure :-1 s=READY pgs=54 cs=0 l=1 rev1=1 crypto rx=0x7f10ac011a00 tx=0x7f10ac011ae0 comp rx=0 tx=0).stop
2024-03-16T10:56:53.763 INFO:teuthology.orchestra.run.smithi078.stdout:/usr/bin/ceph: stderr
2024-03-16T10:56:53.170+0000 7f10c1c11700 1 -- 172.21.15.78:0/1197319974 shutdown_connections
2024-03-16T10:56:53.763 INFO:teuthology.orchestra.run.smithi078.stdout:/usr/bin/ceph: stderr
2024-03-16T10:56:53.170+0000 7f10c1c11700 1 --2- 172.21.15.78:0/1197319974 >> [v2:172.21.15.78:6800/3269664941,v1:172.21.15.78:6801/3269664941] conn(0x7f10a4038f70 0x7f10a403b430 unknown :-1 s=CLOSED pgs=15 cs=0 l=1 rev1=1 crypto rx=0 tx=0 comp rx=0 tx=0).stop
2024-03-16T10:56:53.763 INFO:teuthology.orchestra.run.smithi078.stdout:/usr/bin/ceph: stderr
2024-03-16T10:56:53.170+0000 7f10c1c11700 1 --2- 172.21.15.78:0/1197319974 >> [v2:172.21.15.78:3300/0,v1:172.21.15.78:6789/0] conn(0x7f10bc108720 0x7f10bc19baa0 unknown :-1 s=CLOSED pgs=54 cs=0 l=1 rev1=1 crypto rx=0 tx=0 comp rx=0 tx=0).stop
2024-03-16T10:56:53.763 INFO:teuthology.orchestra.run.smithi078.stdout:/usr/bin/ceph: stderr
2024-03-16T10:56:53.170+0000 7f10c1c11700 1 -- 172.21.15.78:0/1197319974 >> 172.21.15.78:0/1197319974 conn(0x7f10bc1021d0 msgr2=0x7f10bc102c50 unknown :-1 s=STATE_NONE l=0).mark_down
2024-03-16T10:56:53.763 INFO:teuthology.orchestra.run.smithi078.stdout:/usr/bin/ceph: stderr
2024-03-16T10:56:53.170+0000 7f10c1c11700 1 -- 172.21.15.78:0/1197319974 shutdown_connections
2024-03-16T10:56:53.763 INFO:teuthology.orchestra.run.smithi078.stdout:/usr/bin/ceph: stderr
2024-03-16T10:56:53.170+0000 7f10c1c11700 1 -- 172.21.15.78:0/1197319974 wait complete.
2024-03-16T10:56:53.763 INFO:teuthology.orchestra.run.smithi078.stdout:Enabling the dashboard module...
2024-03-16T10:56:54.146 INFO:journalctl@ceph.mon.a.smithi078.stdout:Mar 16 10:56:54 smithi078 ceph-mon[32235]: from='mgr.14120 172.21.15.78:0/594798726' entity='mgr.x'
2024-03-16T10:56:54.147 INFO:journalctl@ceph.mon.a.smithi078.stdout:Mar 16 10:56:54 smithi078 ceph-mon[32235]: from='client.? 172.21.15.78:0/1197319974' entity='client.admin'
2024-03-16T10:56:55.309 INFO:journalctl@ceph.mon.a.smithi078.stdout:Mar 16 10:56:55 smithi078 ceph-mon[32235]: from='client.? 172.21.15.78:0/4273096991' entity='client.admin' cmd=[{"prefix": "mgr module enable", "module": "dashboard"}]: dispatch
2024-03-16T10:56:55.309 INFO:journalctl@ceph.mgr.x.smithi078.stdout:Mar 16 10:56:55 smithi078 ceph-a1941e5e-e383-11ee-95c9-87774f69a715-mgr-x[32470]: ignoring --setuser ceph since I am not root
2024-03-16T10:56:55.310 INFO:journalctl@ceph.mgr.x.smithi078.stdout:Mar 16 10:56:55 smithi078 ceph-a1941e5e-e383-11ee-95c9-87774f69a715-mgr-x[32470]: ignoring --setgroup ceph since I am not root
2024-03-16T10:56:55.881 INFO:journalctl@ceph.mgr.x.smithi078.stdout:Mar 16 10:56:55 smithi078 ceph-a1941e5e-e383-11ee-95c9-87774f69a715-mgr-x[32470]:
2024-03-16T10:56:55.600+0000 7f2df879e200 -1 mgr[py] Module osd_perf_query has missing NOTIFY_TYPES member
2024-03-16T10:56:55.881 INFO:journalctl@ceph.mgr.x.smithi078.stdout:Mar 16 10:56:55 smithi078 ceph-a1941e5e-e383-11ee-95c9-87774f69a715-mgr-x[32470]:
2024-03-16T10:56:55.694+0000 7f2df879e200 -1 mgr[py] Module snap_schedule has missing NOTIFY_TYPES member
2024-03-16T10:56:55.889 INFO:teuthology.orchestra.run.smithi078.stdout:/usr/bin/ceph: stderr
2024-03-16T10:56:54.165+0000 7f7b68689700 1 Processor -- start
2024-03-16T10:56:55.889 INFO:teuthology.orchestra.run.smithi078.stdout:/usr/bin/ceph: stderr
2024-03-16T10:56:54.166+0000 7f7b68689700 1 -- start start
2024-03-16T10:56:55.889 INFO:teuthology.orchestra.run.smithi078.stdout:/usr/bin/ceph: stderr
2024-03-16T10:56:54.166+0000 7f7b68689700 1 --2- >> [v2:172.21.15.78:3300/0,v1:172.21.15.78:6789/0] conn(0x7f7b60105fa0 0x7f7b601063c0 unknown :-1 s=NONE pgs=0 cs=0 l=0 rev1=0 crypto rx=0 tx=0 comp rx=0 tx=0).connect
2024-03-16T10:56:55.889 INFO:teuthology.orchestra.run.smithi078.stdout:/usr/bin/ceph: stderr
2024-03-16T10:56:54.166+0000 7f7b68689700 1 -- --> [v2:172.21.15.78:3300/0,v1:172.21.15.78:6789/0] -- mon_getmap magic: 0 -- 0x7f7b60106990 con 0x7f7b60105fa0
2024-03-16T10:56:55.889 INFO:teuthology.orchestra.run.smithi078.stdout:/usr/bin/ceph: stderr
2024-03-16T10:56:54.166+0000 7f7b66425700 1 --2- >> [v2:172.21.15.78:3300/0,v1:172.21.15.78:6789/0] conn(0x7f7b60105fa0 0x7f7b601063c0 unknown :-1 s=BANNER_CONNECTING pgs=0 cs=0 l=0 rev1=0 crypto rx=0 tx=0 comp rx=0 tx=0)._handle_peer_banner_payload supported=3 required=0
2024-03-16T10:56:55.889 INFO:teuthology.orchestra.run.smithi078.stdout:/usr/bin/ceph: stderr
2024-03-16T10:56:54.166+0000 7f7b66425700 1 --2- >> [v2:172.21.15.78:3300/0,v1:172.21.15.78:6789/0] conn(0x7f7b60105fa0 0x7f7b601063c0 unknown :-1 s=HELLO_CONNECTING pgs=0 cs=0 l=0 rev1=1 crypto rx=0 tx=0 comp rx=0 tx=0).handle_hello peer v2:172.21.15.78:3300/0 says I am v2:172.21.15.78:55846/0 (socket says 172.21.15.78:55846)
2024-03-16T10:56:55.889 INFO:teuthology.orchestra.run.smithi078.stdout:/usr/bin/ceph: stderr
2024-03-16T10:56:54.166+0000 7f7b66425700 1 -- 172.21.15.78:0/4168566947 learned_addr learned my addr 172.21.15.78:0/4168566947 (peer_addr_for_me v2:172.21.15.78:0/0)
2024-03-16T10:56:55.889 INFO:teuthology.orchestra.run.smithi078.stdout:/usr/bin/ceph: stderr
2024-03-16T10:56:54.166+0000 7f7b66425700 1 -- 172.21.15.78:0/4168566947 --> [v2:172.21.15.78:3300/0,v1:172.21.15.78:6789/0] -- mon_subscribe({config=0+,monmap=0+}) -- 0x7f7b60108fd0 con 0x7f7b60105fa0
2024-03-16T10:56:55.889 INFO:teuthology.orchestra.run.smithi078.stdout:/usr/bin/ceph: stderr
2024-03-16T10:56:54.167+0000 7f7b66425700 1 --2- 172.21.15.78:0/4168566947 >> [v2:172.21.15.78:3300/0,v1:172.21.15.78:6789/0] conn(0x7f7b60105fa0 0x7f7b601063c0 secure :-1 s=READY pgs=55 cs=0 l=1 rev1=1 crypto rx=0x7f7b5c0098a0 tx=0x7f7b5c009bb0 comp rx=0 tx=0).ready entity=mon.0 client_cookie=39f35b0fc7f2415e server_cookie=0 in_seq=0 out_seq=0
2024-03-16T10:56:55.889 INFO:teuthology.orchestra.run.smithi078.stdout:/usr/bin/ceph: stderr
2024-03-16T10:56:54.167+0000 7f7b65423700 1 -- 172.21.15.78:0/4168566947 <== mon.0 v2:172.21.15.78:3300/0 1 ==== mon_map magic: 0 ==== 205+0+0 (secure 0 0 0) 0x7f7b5c004160 con 0x7f7b60105fa0
2024-03-16T10:56:55.889 INFO:teuthology.orchestra.run.smithi078.stdout:/usr/bin/ceph: stderr
2024-03-16T10:56:54.167+0000 7f7b65423700 1 -- 172.21.15.78:0/4168566947 <== mon.0 v2:172.21.15.78:3300/0 2 ==== config(26 keys) ==== 1102+0+0 (secure 0 0 0) 0x7f7b5c004300 con 0x7f7b60105fa0
2024-03-16T10:56:55.890 INFO:teuthology.orchestra.run.smithi078.stdout:/usr/bin/ceph: stderr
2024-03-16T10:56:54.167+0000 7f7b65423700 1 -- 172.21.15.78:0/4168566947 <== mon.0 v2:172.21.15.78:3300/0 3 ==== mon_map magic: 0 ==== 205+0+0 (secure 0 0 0) 0x7f7b5c011a50 con 0x7f7b60105fa0
2024-03-16T10:56:55.890 INFO:teuthology.orchestra.run.smithi078.stdout:/usr/bin/ceph: stderr
2024-03-16T10:56:54.167+0000 7f7b68689700 1 -- 172.21.15.78:0/4168566947 >> [v2:172.21.15.78:3300/0,v1:172.21.15.78:6789/0] conn(0x7f7b60105fa0 msgr2=0x7f7b601063c0 secure :-1 s=STATE_CONNECTION_ESTABLISHED l=1).mark_down
2024-03-16T10:56:55.890 INFO:teuthology.orchestra.run.smithi078.stdout:/usr/bin/ceph: stderr
2024-03-16T10:56:54.167+0000 7f7b68689700 1 --2- 172.21.15.78:0/4168566947 >> [v2:172.21.15.78:3300/0,v1:172.21.15.78:6789/0] conn(0x7f7b60105fa0 0x7f7b601063c0 secure :-1 s=READY pgs=55 cs=0 l=1 rev1=1 crypto rx=0x7f7b5c0098a0 tx=0x7f7b5c009bb0 comp rx=0 tx=0).stop
2024-03-16T10:56:55.890 INFO:teuthology.orchestra.run.smithi078.stdout:/usr/bin/ceph: stderr
2024-03-16T10:56:54.168+0000 7f7b68689700 1 -- 172.21.15.78:0/4168566947 shutdown_connections
2024-03-16T10:56:55.890 INFO:teuthology.orchestra.run.smithi078.stdout:/usr/bin/ceph: stderr
2024-03-16T10:56:54.168+0000 7f7b68689700 1 --2- 172.21.15.78:0/4168566947 >> [v2:172.21.15.78:3300/0,v1:172.21.15.78:6789/0] conn(0x7f7b60105fa0 0x7f7b601063c0 unknown :-1 s=CLOSED pgs=55 cs=0 l=1 rev1=1 crypto rx=0 tx=0 comp rx=0 tx=0).stop
2024-03-16T10:56:55.890 INFO:teuthology.orchestra.run.smithi078.stdout:/usr/bin/ceph: stderr
2024-03-16T10:56:54.168+0000 7f7b68689700 1 -- 172.21.15.78:0/4168566947 >> 172.21.15.78:0/4168566947 conn(0x7f7b601018f0 msgr2=0x7f7b60103d10 unknown :-1 s=STATE_NONE l=0).mark_down
2024-03-16T10:56:55.890 INFO:teuthology.orchestra.run.smithi078.stdout:/usr/bin/ceph: stderr
2024-03-16T10:56:54.168+0000 7f7b68689700 1 -- 172.21.15.78:0/4168566947 shutdown_connections
2024-03-16T10:56:55.890 INFO:teuthology.orchestra.run.smithi078.stdout:/usr/bin/ceph: stderr
2024-03-16T10:56:54.168+0000 7f7b68689700 1 -- 172.21.15.78:0/4168566947 wait complete.
2024-03-16T10:56:55.890 INFO:teuthology.orchestra.run.smithi078.stdout:/usr/bin/ceph: stderr
2024-03-16T10:56:54.168+0000 7f7b68689700 1 Processor -- start
2024-03-16T10:56:55.890 INFO:teuthology.orchestra.run.smithi078.stdout:/usr/bin/ceph: stderr
2024-03-16T10:56:54.168+0000 7f7b68689700 1 -- start start
2024-03-16T10:56:55.890 INFO:teuthology.orchestra.run.smithi078.stdout:/usr/bin/ceph: stderr
2024-03-16T10:56:54.168+0000 7f7b68689700 1 --2- >> [v2:172.21.15.78:3300/0,v1:172.21.15.78:6789/0] conn(0x7f7b60105fa0 0x7f7b60108850 unknown :-1 s=NONE pgs=0 cs=0 l=1 rev1=0 crypto rx=0 tx=0 comp rx=0 tx=0).connect
2024-03-16T10:56:55.890 INFO:teuthology.orchestra.run.smithi078.stdout:/usr/bin/ceph: stderr
2024-03-16T10:56:54.168+0000 7f7b68689700 1 -- --> [v2:172.21.15.78:3300/0,v1:172.21.15.78:6789/0] -- mon_getmap magic: 0 -- 0x7f7b6010c200 con 0x7f7b60105fa0
2024-03-16T10:56:55.890 INFO:teuthology.orchestra.run.smithi078.stdout:/usr/bin/ceph: stderr
2024-03-16T10:56:54.169+0000 7f7b66425700 1 --2- >> [v2:172.21.15.78:3300/0,v1:172.21.15.78:6789/0] conn(0x7f7b60105fa0 0x7f7b60108850 unknown :-1 s=BANNER_CONNECTING pgs=0 cs=0 l=1 rev1=0 crypto rx=0 tx=0 comp rx=0 tx=0)._handle_peer_banner_payload supported=3 required=0
2024-03-16T10:56:55.891 INFO:teuthology.orchestra.run.smithi078.stdout:/usr/bin/ceph: stderr
2024-03-16T10:56:54.169+0000 7f7b66425700 1 --2- >> [v2:172.21.15.78:3300/0,v1:172.21.15.78:6789/0] conn(0x7f7b60105fa0 0x7f7b60108850 unknown :-1 s=HELLO_CONNECTING pgs=0 cs=0 l=1 rev1=1 crypto rx=0 tx=0 comp rx=0 tx=0).handle_hello peer v2:172.21.15.78:3300/0 says I am v2:172.21.15.78:55858/0 (socket says 172.21.15.78:55858)
2024-03-16T10:56:55.891 INFO:teuthology.orchestra.run.smithi078.stdout:/usr/bin/ceph: stderr
2024-03-16T10:56:54.169+0000 7f7b66425700 1 -- 172.21.15.78:0/4273096991 learned_addr learned my addr 172.21.15.78:0/4273096991 (peer_addr_for_me v2:172.21.15.78:0/0)
2024-03-16T10:56:55.891 INFO:teuthology.orchestra.run.smithi078.stdout:/usr/bin/ceph: stderr
2024-03-16T10:56:54.169+0000 7f7b66425700 1 -- 172.21.15.78:0/4273096991 --> [v2:172.21.15.78:3300/0,v1:172.21.15.78:6789/0] -- mon_subscribe({config=0+,monmap=0+}) -- 0x7f7b60108d90 con 0x7f7b60105fa0
2024-03-16T10:56:55.891 INFO:teuthology.orchestra.run.smithi078.stdout:/usr/bin/ceph: stderr
2024-03-16T10:56:54.169+0000 7f7b66425700 1 --2- 172.21.15.78:0/4273096991 >> [v2:172.21.15.78:3300/0,v1:172.21.15.78:6789/0] conn(0x7f7b60105fa0 0x7f7b60108850 secure :-1 s=READY pgs=56 cs=0 l=1 rev1=1 crypto rx=0x7f7b5c0117a0 tx=0x7f7b5c011ad0 comp rx=0 tx=0).ready entity=mon.0 client_cookie=0 server_cookie=0 in_seq=0 out_seq=0
2024-03-16T10:56:55.891 INFO:teuthology.orchestra.run.smithi078.stdout:/usr/bin/ceph: stderr
2024-03-16T10:56:54.169+0000 7f7b577fe700 1 -- 172.21.15.78:0/4273096991 <== mon.0 v2:172.21.15.78:3300/0 1 ==== mon_map magic: 0 ==== 205+0+0 (secure 0 0 0) 0x7f7b5c0038b0 con 0x7f7b60105fa0
2024-03-16T10:56:55.891 INFO:teuthology.orchestra.run.smithi078.stdout:/usr/bin/ceph: stderr
2024-03-16T10:56:54.169+0000 7f7b577fe700 1 -- 172.21.15.78:0/4273096991 <== mon.0 v2:172.21.15.78:3300/0 2 ==== config(26 keys) ==== 1102+0+0 (secure 0 0 0) 0x7f7b5c003a50 con 0x7f7b60105fa0
2024-03-16T10:56:55.891 INFO:teuthology.orchestra.run.smithi078.stdout:/usr/bin/ceph: stderr
2024-03-16T10:56:54.169+0000 7f7b68689700 1 -- 172.21.15.78:0/4273096991 --> [v2:172.21.15.78:3300/0,v1:172.21.15.78:6789/0] -- mon_subscribe({mgrmap=0+}) -- 0x7f7b60106f80 con 0x7f7b60105fa0
2024-03-16T10:56:55.891 INFO:teuthology.orchestra.run.smithi078.stdout:/usr/bin/ceph: stderr
2024-03-16T10:56:54.169+0000 7f7b577fe700 1 -- 172.21.15.78:0/4273096991 <== mon.0 v2:172.21.15.78:3300/0 3 ==== mon_map magic: 0 ==== 205+0+0 (secure 0 0 0) 0x7f7b5c019600 con 0x7f7b60105fa0
2024-03-16T10:56:55.891 INFO:teuthology.orchestra.run.smithi078.stdout:/usr/bin/ceph: stderr
2024-03-16T10:56:54.169+0000 7f7b68689700 1 -- 172.21.15.78:0/4273096991 --> [v2:172.21.15.78:3300/0,v1:172.21.15.78:6789/0] -- mon_subscribe({osdmap=0}) -- 0x7f7b601074c0 con 0x7f7b60105fa0
2024-03-16T10:56:55.891 INFO:teuthology.orchestra.run.smithi078.stdout:/usr/bin/ceph: stderr
2024-03-16T10:56:54.170+0000 7f7b577fe700 1 -- 172.21.15.78:0/4273096991 <== mon.0 v2:172.21.15.78:3300/0 4 ==== mgrmap(e 8) ==== 46106+0+0 (secure 0 0 0) 0x7f7b5c019900 con 0x7f7b60105fa0
2024-03-16T10:56:55.891 INFO:teuthology.orchestra.run.smithi078.stdout:/usr/bin/ceph: stderr
2024-03-16T10:56:54.170+0000 7f7b68689700 1 -- 172.21.15.78:0/4273096991 --> [v2:172.21.15.78:3300/0,v1:172.21.15.78:6789/0] -- mon_command({"prefix": "get_command_descriptions"} v 0) -- 0x7f7b6010c380 con 0x7f7b60105fa0
2024-03-16T10:56:55.891 INFO:teuthology.orchestra.run.smithi078.stdout:/usr/bin/ceph: stderr
2024-03-16T10:56:54.171+0000 7f7b577fe700 1 --2- 172.21.15.78:0/4273096991 >> [v2:172.21.15.78:6800/3269664941,v1:172.21.15.78:6801/3269664941] conn(0x7f7b4c038f20 0x7f7b4c03b3e0 unknown :-1 s=NONE pgs=0 cs=0 l=1 rev1=0 crypto rx=0 tx=0 comp rx=0 tx=0).connect
2024-03-16T10:56:55.891 INFO:teuthology.orchestra.run.smithi078.stdout:/usr/bin/ceph: stderr
2024-03-16T10:56:54.171+0000 7f7b577fe700 1 -- 172.21.15.78:0/4273096991 <== mon.0 v2:172.21.15.78:3300/0 5 ==== osd_map(2..2 src has 1..2) ==== 940+0+0 (secure 0 0 0) 0x7f7b5c04d070 con 0x7f7b60105fa0
2024-03-16T10:56:55.891 INFO:teuthology.orchestra.run.smithi078.stdout:/usr/bin/ceph: stderr
2024-03-16T10:56:54.171+0000 7f7b65c24700 1 --2- 172.21.15.78:0/4273096991 >> [v2:172.21.15.78:6800/3269664941,v1:172.21.15.78:6801/3269664941] conn(0x7f7b4c038f20 0x7f7b4c03b3e0 unknown :-1 s=BANNER_CONNECTING pgs=0 cs=0 l=1 rev1=0 crypto rx=0 tx=0 comp rx=0 tx=0)._handle_peer_banner_payload supported=3 required=0
2024-03-16T10:56:55.892 INFO:teuthology.orchestra.run.smithi078.stdout:/usr/bin/ceph: stderr
2024-03-16T10:56:54.171+0000 7f7b65c24700 1 --2- 172.21.15.78:0/4273096991 >> [v2:172.21.15.78:6800/3269664941,v1:172.21.15.78:6801/3269664941] conn(0x7f7b4c038f20 0x7f7b4c03b3e0 secure :-1 s=READY pgs=16 cs=0 l=1 rev1=1 crypto rx=0x7f7b50006fd0 tx=0x7f7b50006e40 comp rx=0 tx=0).ready entity=mgr.14120 client_cookie=0 server_cookie=0 in_seq=0 out_seq=0
2024-03-16T10:56:55.892 INFO:teuthology.orchestra.run.smithi078.stdout:/usr/bin/ceph: stderr
2024-03-16T10:56:54.178+0000 7f7b577fe700 1 -- 172.21.15.78:0/4273096991 <== mon.0 v2:172.21.15.78:3300/0 6 ==== mon_command_ack([{"prefix": "get_command_descriptions"}]=0 v0) ==== 72+0+186149 (secure 0 0 0) 0x7f7b5c04ca00 con 0x7f7b60105fa0
2024-03-16T10:56:55.892 INFO:teuthology.orchestra.run.smithi078.stdout:/usr/bin/ceph: stderr
2024-03-16T10:56:54.439+0000 7f7b68689700 1 -- 172.21.15.78:0/4273096991 --> [v2:172.21.15.78:3300/0,v1:172.21.15.78:6789/0] -- mon_command({"prefix": "mgr module enable", "module": "dashboard"} v 0) -- 0x7f7b60107c20 con 0x7f7b60105fa0
2024-03-16T10:56:55.892 INFO:teuthology.orchestra.run.smithi078.stdout:/usr/bin/ceph: stderr
2024-03-16T10:56:55.036+0000 7f7b577fe700 1 -- 172.21.15.78:0/4273096991 <== mon.0 v2:172.21.15.78:3300/0 7 ==== mon_command_ack([{"prefix": "mgr module enable", "module": "dashboard"}]=0 v9) ==== 88+0+0 (secure 0 0 0) 0x7f7b5c0234e0 con 0x7f7b60105fa0
2024-03-16T10:56:55.892 INFO:teuthology.orchestra.run.smithi078.stdout:/usr/bin/ceph: stderr
2024-03-16T10:56:55.037+0000 7f7b577fe700 1 -- 172.21.15.78:0/4273096991 <== mon.0 v2:172.21.15.78:3300/0 8 ==== mgrmap(e 9) ==== 46119+0+0 (secure 0 0 0) 0x7f7b5c01aa70 con 0x7f7b60105fa0
2024-03-16T10:56:55.892 INFO:teuthology.orchestra.run.smithi078.stdout:/usr/bin/ceph: stderr
2024-03-16T10:56:55.039+0000 7f7b68689700 1 -- 172.21.15.78:0/4273096991 >> [v2:172.21.15.78:6800/3269664941,v1:172.21.15.78:6801/3269664941] conn(0x7f7b4c038f20 msgr2=0x7f7b4c03b3e0 secure :-1 s=STATE_CONNECTION_ESTABLISHED l=1).mark_down
2024-03-16T10:56:55.892 INFO:teuthology.orchestra.run.smithi078.stdout:/usr/bin/ceph: stderr
2024-03-16T10:56:55.039+0000 7f7b68689700 1 --2- 172.21.15.78:0/4273096991 >> [v2:172.21.15.78:6800/3269664941,v1:172.21.15.78:6801/3269664941] conn(0x7f7b4c038f20 0x7f7b4c03b3e0 secure :-1 s=READY pgs=16 cs=0 l=1 rev1=1 crypto rx=0x7f7b50006fd0 tx=0x7f7b50006e40 comp rx=0 tx=0).stop
2024-03-16T10:56:55.892 INFO:teuthology.orchestra.run.smithi078.stdout:/usr/bin/ceph: stderr
2024-03-16T10:56:55.039+0000 7f7b68689700 1 -- 172.21.15.78:0/4273096991 >> [v2:172.21.15.78:3300/0,v1:172.21.15.78:6789/0] conn(0x7f7b60105fa0 msgr2=0x7f7b60108850 secure :-1 s=STATE_CONNECTION_ESTABLISHED l=1).mark_down
2024-03-16T10:56:55.892 INFO:teuthology.orchestra.run.smithi078.stdout:/usr/bin/ceph: stderr
2024-03-16T10:56:55.039+0000 7f7b68689700 1 --2- 172.21.15.78:0/4273096991 >> [v2:172.21.15.78:3300/0,v1:172.21.15.78:6789/0] conn(0x7f7b60105fa0 0x7f7b60108850 secure :-1 s=READY pgs=56 cs=0 l=1 rev1=1 crypto rx=0x7f7b5c0117a0 tx=0x7f7b5c011ad0 comp rx=0 tx=0).stop
2024-03-16T10:56:55.892 INFO:teuthology.orchestra.run.smithi078.stdout:/usr/bin/ceph: stderr
2024-03-16T10:56:55.039+0000 7f7b68689700 1 -- 172.21.15.78:0/4273096991 shutdown_connections
2024-03-16T10:56:55.892 INFO:teuthology.orchestra.run.smithi078.stdout:/usr/bin/ceph: stderr
2024-03-16T10:56:55.039+0000 7f7b68689700 1 --2- 172.21.15.78:0/4273096991 >> [v2:172.21.15.78:6800/3269664941,v1:172.21.15.78:6801/3269664941] conn(0x7f7b4c038f20 0x7f7b4c03b3e0 unknown :-1 s=CLOSED pgs=16 cs=0 l=1 rev1=1 crypto rx=0 tx=0 comp rx=0 tx=0).stop
2024-03-16T10:56:55.892 INFO:teuthology.orchestra.run.smithi078.stdout:/usr/bin/ceph: stderr
2024-03-16T10:56:55.039+0000 7f7b68689700 1 --2- 172.21.15.78:0/4273096991 >> [v2:172.21.15.78:3300/0,v1:172.21.15.78:6789/0] conn(0x7f7b60105fa0 0x7f7b60108850 unknown :-1 s=CLOSED pgs=56 cs=0 l=1 rev1=1 crypto rx=0 tx=0 comp rx=0 tx=0).stop
2024-03-16T10:56:55.892 INFO:teuthology.orchestra.run.smithi078.stdout:/usr/bin/ceph: stderr
2024-03-16T10:56:55.039+0000 7f7b68689700 1 -- 172.21.15.78:0/4273096991 >> 172.21.15.78:0/4273096991 conn(0x7f7b601018f0 msgr2=0x7f7b60102400 unknown :-1 s=STATE_NONE l=0).mark_down
2024-03-16T10:56:55.893 INFO:teuthology.orchestra.run.smithi078.stdout:/usr/bin/ceph: stderr
2024-03-16T10:56:55.039+0000 7f7b68689700 1 -- 172.21.15.78:0/4273096991 shutdown_connections
2024-03-16T10:56:55.893 INFO:teuthology.orchestra.run.smithi078.stdout:/usr/bin/ceph: stderr
2024-03-16T10:56:55.039+0000 7f7b68689700 1 -- 172.21.15.78:0/4273096991 wait complete.
2024-03-16T10:56:56.137 INFO:journalctl@ceph.mon.a.smithi078.stdout:Mar 16 10:56:56 smithi078 ceph-mon[32235]: from='client.? 172.21.15.78:0/4273096991' entity='client.admin' cmd='[{"prefix": "mgr module enable", "module": "dashboard"}]': finished
2024-03-16T10:56:56.137 INFO:journalctl@ceph.mon.a.smithi078.stdout:Mar 16 10:56:56 smithi078 ceph-mon[32235]: mgrmap e9: x(active, since 20s)
2024-03-16T10:56:56.449 INFO:journalctl@ceph.mgr.x.smithi078.stdout:Mar 16 10:56:56 smithi078 ceph-a1941e5e-e383-11ee-95c9-87774f69a715-mgr-x[32470]:
2024-03-16T10:56:56.351+0000 7f2df879e200 -1 mgr[py] Module zabbix has missing NOTIFY_TYPES member
2024-03-16T10:56:56.449 INFO:journalctl@ceph.mgr.x.smithi078.stdout:Mar 16 10:56:56 smithi078 ceph-a1941e5e-e383-11ee-95c9-87774f69a715-mgr-x[32470]:
2024-03-16T10:56:56.448+0000 7f2df879e200 -1 mgr[py] Module balancer has missing NOTIFY_TYPES member
2024-03-16T10:56:56.776 INFO:journalctl@ceph.mgr.x.smithi078.stdout:Mar 16 10:56:56 smithi078 ceph-a1941e5e-e383-11ee-95c9-87774f69a715-mgr-x[32470]:
2024-03-16T10:56:56.593+0000 7f2df879e200 -1 mgr[py] Module influx has missing NOTIFY_TYPES member
2024-03-16T10:56:56.777 INFO:journalctl@ceph.mgr.x.smithi078.stdout:Mar 16 10:56:56 smithi078 ceph-a1941e5e-e383-11ee-95c9-87774f69a715-mgr-x[32470]:
2024-03-16T10:56:56.692+0000 7f2df879e200 -1 mgr[py] Module alerts has missing NOTIFY_TYPES member
2024-03-16T10:56:56.777 INFO:journalctl@ceph.mgr.x.smithi078.stdout:Mar 16 10:56:56 smithi078 ceph-a1941e5e-e383-11ee-95c9-87774f69a715-mgr-x[32470]:
2024-03-16T10:56:56.775+0000 7f2df879e200 -1 mgr[py] Module iostat has missing NOTIFY_TYPES member
2024-03-16T10:56:57.155 INFO:teuthology.orchestra.run.smithi078.stdout:/usr/bin/ceph: stdout {
2024-03-16T10:56:57.155 INFO:teuthology.orchestra.run.smithi078.stdout:/usr/bin/ceph: stdout "epoch": 9,
2024-03-16T10:56:57.155 INFO:teuthology.orchestra.run.smithi078.stdout:/usr/bin/ceph: stdout "available": true,
2024-03-16T10:56:57.155 INFO:teuthology.orchestra.run.smithi078.stdout:/usr/bin/ceph: stdout "active_name": "x",
2024-03-16T10:56:57.155 INFO:teuthology.orchestra.run.smithi078.stdout:/usr/bin/ceph: stdout "num_standby": 0
2024-03-16T10:56:57.155 INFO:teuthology.orchestra.run.smithi078.stdout:/usr/bin/ceph: stdout }
2024-03-16T10:56:57.155 INFO:teuthology.orchestra.run.smithi078.stdout:/usr/bin/ceph: stderr
2024-03-16T10:56:56.348+0000 7f5a98a68700 1 Processor -- start
2024-03-16T10:56:57.155 INFO:teuthology.orchestra.run.smithi078.stdout:/usr/bin/ceph: stderr
2024-03-16T10:56:56.349+0000 7f5a98a68700 1 -- start start
2024-03-16T10:56:57.155 INFO:teuthology.orchestra.run.smithi078.stdout:/usr/bin/ceph: stderr
2024-03-16T10:56:56.349+0000 7f5a98a68700 1 --2- >> [v2:172.21.15.78:3300/0,v1:172.21.15.78:6789/0] conn(0x7f5a941065f0 0x7f5a94106a10 unknown :-1 s=NONE pgs=0 cs=0 l=0 rev1=0 crypto rx=0 tx=0 comp rx=0 tx=0).connect
2024-03-16T10:56:57.155 INFO:teuthology.orchestra.run.smithi078.stdout:/usr/bin/ceph: stderr
2024-03-16T10:56:56.349+0000 7f5a98a68700 1 -- --> [v2:172.21.15.78:3300/0,v1:172.21.15.78:6789/0] -- mon_getmap magic: 0 -- 0x7f5a94063550 con 0x7f5a941065f0
2024-03-16T10:56:57.156 INFO:teuthology.orchestra.run.smithi078.stdout:/usr/bin/ceph: stderr
2024-03-16T10:56:56.349+0000 7f5a9259c700 1 --2- >> [v2:172.21.15.78:3300/0,v1:172.21.15.78:6789/0] conn(0x7f5a941065f0 0x7f5a94106a10 unknown :-1 s=BANNER_CONNECTING pgs=0 cs=0 l=0 rev1=0 crypto rx=0 tx=0 comp rx=0 tx=0)._handle_peer_banner_payload supported=3 required=0
2024-03-16T10:56:57.156 INFO:teuthology.orchestra.run.smithi078.stdout:/usr/bin/ceph: stderr
2024-03-16T10:56:56.349+0000 7f5a9259c700 1 --2- >> [v2:172.21.15.78:3300/0,v1:172.21.15.78:6789/0] conn(0x7f5a941065f0 0x7f5a94106a10 unknown :-1 s=HELLO_CONNECTING pgs=0 cs=0 l=0 rev1=1 crypto rx=0 tx=0 comp rx=0 tx=0).handle_hello peer v2:172.21.15.78:3300/0 says I am v2:172.21.15.78:45284/0 (socket says 172.21.15.78:45284)
2024-03-16T10:56:57.156 INFO:teuthology.orchestra.run.smithi078.stdout:/usr/bin/ceph: stderr
2024-03-16T10:56:56.349+0000 7f5a9259c700 1 -- 172.21.15.78:0/847402231 learned_addr learned my addr 172.21.15.78:0/847402231 (peer_addr_for_me v2:172.21.15.78:0/0)
2024-03-16T10:56:57.156 INFO:teuthology.orchestra.run.smithi078.stdout:/usr/bin/ceph: stderr
2024-03-16T10:56:56.350+0000 7f5a9259c700 1 -- 172.21.15.78:0/847402231 --> [v2:172.21.15.78:3300/0,v1:172.21.15.78:6789/0] -- mon_subscribe({config=0+,monmap=0+}) -- 0x7f5a94106f50 con 0x7f5a941065f0
2024-03-16T10:56:57.156 INFO:teuthology.orchestra.run.smithi078.stdout:/usr/bin/ceph: stderr
2024-03-16T10:56:56.350+0000 7f5a9259c700 1 --2- 172.21.15.78:0/847402231 >> [v2:172.21.15.78:3300/0,v1:172.21.15.78:6789/0] conn(0x7f5a941065f0 0x7f5a94106a10 secure :-1 s=READY pgs=59 cs=0 l=1 rev1=1 crypto rx=0x7f5a840098a0 tx=0x7f5a84009bb0 comp rx=0 tx=0).ready entity=mon.0 client_cookie=720d35ee3a6c5fad server_cookie=0 in_seq=0 out_seq=0
2024-03-16T10:56:57.156 INFO:teuthology.orchestra.run.smithi078.stdout:/usr/bin/ceph: stderr
2024-03-16T10:56:56.350+0000 7f5a9159a700 1 -- 172.21.15.78:0/847402231 <== mon.0 v2:172.21.15.78:3300/0 1 ==== mon_map magic: 0 ==== 205+0+0 (secure 0 0 0) 0x7f5a84004160 con 0x7f5a941065f0
2024-03-16T10:56:57.156 INFO:teuthology.orchestra.run.smithi078.stdout:/usr/bin/ceph: stderr
2024-03-16T10:56:56.350+0000 7f5a9159a700 1 -- 172.21.15.78:0/847402231 <== mon.0 v2:172.21.15.78:3300/0 2 ==== config(26 keys) ==== 1102+0+0 (secure 0 0 0) 0x7f5a84004300 con 0x7f5a941065f0
2024-03-16T10:56:57.156 INFO:teuthology.orchestra.run.smithi078.stdout:/usr/bin/ceph: stderr
2024-03-16T10:56:56.350+0000 7f5a9159a700 1 -- 172.21.15.78:0/847402231 <== mon.0 v2:172.21.15.78:3300/0 3 ==== mon_map magic: 0 ==== 205+0+0 (secure 0 0 0) 0x7f5a84011a50 con 0x7f5a941065f0
2024-03-16T10:56:57.156 INFO:teuthology.orchestra.run.smithi078.stdout:/usr/bin/ceph: stderr
2024-03-16T10:56:56.350+0000 7f5a98a68700 1 -- 172.21.15.78:0/847402231 >> [v2:172.21.15.78:3300/0,v1:172.21.15.78:6789/0] conn(0x7f5a941065f0 msgr2=0x7f5a94106a10 secure :-1 s=STATE_CONNECTION_ESTABLISHED l=1).mark_down
2024-03-16T10:56:57.156 INFO:teuthology.orchestra.run.smithi078.stdout:/usr/bin/ceph: stderr
2024-03-16T10:56:56.350+0000 7f5a98a68700 1 --2- 172.21.15.78:0/847402231 >> [v2:172.21.15.78:3300/0,v1:172.21.15.78:6789/0] conn(0x7f5a941065f0 0x7f5a94106a10 secure :-1 s=READY pgs=59 cs=0 l=1 rev1=1 crypto rx=0x7f5a840098a0 tx=0x7f5a84009bb0 comp rx=0 tx=0).stop
2024-03-16T10:56:57.156 INFO:teuthology.orchestra.run.smithi078.stdout:/usr/bin/ceph: stderr
2024-03-16T10:56:56.351+0000 7f5a98a68700 1 -- 172.21.15.78:0/847402231 shutdown_connections
2024-03-16T10:56:57.156 INFO:teuthology.orchestra.run.smithi078.stdout:/usr/bin/ceph: stderr
2024-03-16T10:56:56.351+0000 7f5a98a68700 1 --2- 172.21.15.78:0/847402231 >> [v2:172.21.15.78:3300/0,v1:172.21.15.78:6789/0] conn(0x7f5a941065f0 0x7f5a94106a10 unknown :-1 s=CLOSED pgs=59 cs=0 l=1 rev1=1 crypto rx=0 tx=0 comp rx=0 tx=0).stop
2024-03-16T10:56:57.156 INFO:teuthology.orchestra.run.smithi078.stdout:/usr/bin/ceph: stderr
2024-03-16T10:56:56.351+0000 7f5a98a68700 1 -- 172.21.15.78:0/847402231 >> 172.21.15.78:0/847402231 conn(0x7f5a941021b0 msgr2=0x7f5a941045d0 unknown :-1 s=STATE_NONE l=0).mark_down
2024-03-16T10:56:57.156 INFO:teuthology.orchestra.run.smithi078.stdout:/usr/bin/ceph: stderr
2024-03-16T10:56:56.351+0000 7f5a98a68700 1 -- 172.21.15.78:0/847402231 shutdown_connections
2024-03-16T10:56:57.157 INFO:teuthology.orchestra.run.smithi078.stdout:/usr/bin/ceph: stderr
2024-03-16T10:56:56.351+0000 7f5a98a68700 1 -- 172.21.15.78:0/847402231 wait complete.
2024-03-16T10:56:57.157 INFO:teuthology.orchestra.run.smithi078.stdout:/usr/bin/ceph: stderr
2024-03-16T10:56:56.351+0000 7f5a98a68700 1 Processor -- start
2024-03-16T10:56:57.157 INFO:teuthology.orchestra.run.smithi078.stdout:/usr/bin/ceph: stderr
2024-03-16T10:56:56.351+0000 7f5a98a68700 1 -- start start
2024-03-16T10:56:57.157 INFO:teuthology.orchestra.run.smithi078.stdout:/usr/bin/ceph: stderr
2024-03-16T10:56:56.352+0000 7f5a98a68700 1 --2- >> [v2:172.21.15.78:3300/0,v1:172.21.15.78:6789/0] conn(0x7f5a941065f0 0x7f5a9419dd50 unknown :-1 s=NONE pgs=0 cs=0 l=1 rev1=0 crypto rx=0 tx=0 comp rx=0 tx=0).connect
2024-03-16T10:56:57.157 INFO:teuthology.orchestra.run.smithi078.stdout:/usr/bin/ceph: stderr
2024-03-16T10:56:56.352+0000 7f5a98a68700 1 -- --> [v2:172.21.15.78:3300/0,v1:172.21.15.78:6789/0] -- mon_getmap magic: 0 -- 0x7f5a94107fc0 con 0x7f5a941065f0
2024-03-16T10:56:57.157 INFO:teuthology.orchestra.run.smithi078.stdout:/usr/bin/ceph: stderr
2024-03-16T10:56:56.352+0000 7f5a9259c700 1 --2- >> [v2:172.21.15.78:3300/0,v1:172.21.15.78:6789/0] conn(0x7f5a941065f0 0x7f5a9419dd50 unknown :-1 s=BANNER_CONNECTING pgs=0 cs=0 l=1 rev1=0 crypto rx=0 tx=0 comp rx=0 tx=0)._handle_peer_banner_payload supported=3 required=0
2024-03-16T10:56:57.157 INFO:teuthology.orchestra.run.smithi078.stdout:/usr/bin/ceph: stderr
2024-03-16T10:56:56.352+0000 7f5a9259c700 1 --2- >> [v2:172.21.15.78:3300/0,v1:172.21.15.78:6789/0] conn(0x7f5a941065f0 0x7f5a9419dd50 unknown :-1 s=HELLO_CONNECTING pgs=0 cs=0 l=1 rev1=1 crypto rx=0 tx=0 comp rx=0 tx=0).handle_hello peer v2:172.21.15.78:3300/0 says I am v2:172.21.15.78:45288/0 (socket says 172.21.15.78:45288)
2024-03-16T10:56:57.157 INFO:teuthology.orchestra.run.smithi078.stdout:/usr/bin/ceph: stderr
2024-03-16T10:56:56.352+0000 7f5a9259c700 1 -- 172.21.15.78:0/837895382 learned_addr learned my addr 172.21.15.78:0/837895382 (peer_addr_for_me v2:172.21.15.78:0/0)
2024-03-16T10:56:57.157 INFO:teuthology.orchestra.run.smithi078.stdout:/usr/bin/ceph: stderr
2024-03-16T10:56:56.352+0000 7f5a9259c700 1 -- 172.21.15.78:0/837895382 --> [v2:172.21.15.78:3300/0,v1:172.21.15.78:6789/0] -- mon_subscribe({config=0+,monmap=0+}) -- 0x7f5a9419e290 con 0x7f5a941065f0
2024-03-16T10:56:57.157 INFO:teuthology.orchestra.run.smithi078.stdout:/usr/bin/ceph: stderr
2024-03-16T10:56:56.352+0000 7f5a9259c700 1 --2- 172.21.15.78:0/837895382 >> [v2:172.21.15.78:3300/0,v1:172.21.15.78:6789/0] conn(0x7f5a941065f0 0x7f5a9419dd50 secure :-1 s=READY pgs=60 cs=0 l=1 rev1=1 crypto rx=0x7f5a84011a00 tx=0x7f5a84011ae0 comp rx=0 tx=0).ready entity=mon.0 client_cookie=0 server_cookie=0 in_seq=0 out_seq=0
2024-03-16T10:56:57.157 INFO:teuthology.orchestra.run.smithi078.stdout:/usr/bin/ceph: stderr
2024-03-16T10:56:56.352+0000 7f5a837fe700 1 -- 172.21.15.78:0/837895382 <== mon.0 v2:172.21.15.78:3300/0 1 ==== mon_map magic: 0 ==== 205+0+0 (secure 0 0 0) 0x7f5a840039e0 con 0x7f5a941065f0
2024-03-16T10:56:57.157 INFO:teuthology.orchestra.run.smithi078.stdout:/usr/bin/ceph: stderr
2024-03-16T10:56:56.352+0000 7f5a837fe700 1 -- 172.21.15.78:0/837895382 <== mon.0 v2:172.21.15.78:3300/0 2 ==== config(26 keys) ==== 1102+0+0 (secure 0 0 0) 0x7f5a8401a8e0 con 0x7f5a941065f0
2024-03-16T10:56:57.157 INFO:teuthology.orchestra.run.smithi078.stdout:/usr/bin/ceph: stderr
2024-03-16T10:56:56.352+0000 7f5a98a68700 1 -- 172.21.15.78:0/837895382 --> [v2:172.21.15.78:3300/0,v1:172.21.15.78:6789/0] -- mon_subscribe({mgrmap=0+}) -- 0x7f5a9419e520 con 0x7f5a941065f0
2024-03-16T10:56:57.157 INFO:teuthology.orchestra.run.smithi078.stdout:/usr/bin/ceph: stderr
2024-03-16T10:56:56.352+0000 7f5a837fe700 1 -- 172.21.15.78:0/837895382 <== mon.0 v2:172.21.15.78:3300/0 3 ==== mon_map magic: 0 ==== 205+0+0 (secure 0 0 0) 0x7f5a84024760 con 0x7f5a941065f0
2024-03-16T10:56:57.158 INFO:teuthology.orchestra.run.smithi078.stdout:/usr/bin/ceph: stderr
2024-03-16T10:56:56.352+0000 7f5a98a68700 1 -- 172.21.15.78:0/837895382 --> [v2:172.21.15.78:3300/0,v1:172.21.15.78:6789/0] -- mon_subscribe({osdmap=0}) -- 0x7f5a941a1210 con 0x7f5a941065f0
2024-03-16T10:56:57.158 INFO:teuthology.orchestra.run.smithi078.stdout:/usr/bin/ceph: stderr
2024-03-16T10:56:56.353+0000 7f5a817fa700 1 -- 172.21.15.78:0/837895382 --> [v2:172.21.15.78:3300/0,v1:172.21.15.78:6789/0] -- mon_command({"prefix": "get_command_descriptions"} v 0) -- 0x7f5a78005330 con 0x7f5a941065f0
2024-03-16T10:56:57.158 INFO:teuthology.orchestra.run.smithi078.stdout:/usr/bin/ceph: stderr
2024-03-16T10:56:56.354+0000 7f5a837fe700 1 -- 172.21.15.78:0/837895382 <== mon.0 v2:172.21.15.78:3300/0 4 ==== mgrmap(e 9) ==== 46119+0+0 (secure 0 0 0) 0x7f5a84022020 con 0x7f5a941065f0
2024-03-16T10:56:57.158 INFO:teuthology.orchestra.run.smithi078.stdout:/usr/bin/ceph: stderr
2024-03-16T10:56:56.354+0000 7f5a837fe700 1 --2- 172.21.15.78:0/837895382 >> [v2:172.21.15.78:6800/3269664941,v1:172.21.15.78:6801/3269664941] conn(0x7f5a7c038fc0 0x7f5a7c03b480 unknown :-1 s=NONE pgs=0 cs=0 l=1 rev1=0 crypto rx=0 tx=0 comp rx=0 tx=0).connect
2024-03-16T10:56:57.158 INFO:teuthology.orchestra.run.smithi078.stdout:/usr/bin/ceph: stderr
2024-03-16T10:56:56.354+0000 7f5a837fe700 1 -- 172.21.15.78:0/837895382 <== mon.0 v2:172.21.15.78:3300/0 5 ==== osd_map(2..2 src has 1..2) ==== 940+0+0 (secure 0 0 0) 0x7f5a8404d690 con 0x7f5a941065f0
2024-03-16T10:56:57.158 INFO:teuthology.orchestra.run.smithi078.stdout:/usr/bin/ceph: stderr
2024-03-16T10:56:56.354+0000 7f5a91d9b700 1 -- 172.21.15.78:0/837895382 >> [v2:172.21.15.78:6800/3269664941,v1:172.21.15.78:6801/3269664941] conn(0x7f5a7c038fc0 msgr2=0x7f5a7c03b480 unknown :-1 s=STATE_CONNECTING_RE l=1).process reconnect failed to v2:172.21.15.78:6800/3269664941
2024-03-16T10:56:57.158 INFO:teuthology.orchestra.run.smithi078.stdout:/usr/bin/ceph: stderr
2024-03-16T10:56:56.354+0000 7f5a91d9b700 1 --2- 172.21.15.78:0/837895382 >> [v2:172.21.15.78:6800/3269664941,v1:172.21.15.78:6801/3269664941] conn(0x7f5a7c038fc0 0x7f5a7c03b480 unknown :-1 s=START_CONNECT pgs=0 cs=0 l=1 rev1=0 crypto rx=0 tx=0 comp rx=0 tx=0)._fault waiting 0.200000
2024-03-16T10:56:57.158 INFO:teuthology.orchestra.run.smithi078.stdout:/usr/bin/ceph: stderr
2024-03-16T10:56:56.358+0000 7f5a837fe700 1 -- 172.21.15.78:0/837895382 <== mon.0 v2:172.21.15.78:3300/0 6 ==== mon_command_ack([{"prefix": "get_command_descriptions"}]=0 v0) ==== 72+0+186149 (secure 0 0 0) 0x7f5a8404c0c0 con 0x7f5a941065f0
2024-03-16T10:56:57.158 INFO:teuthology.orchestra.run.smithi078.stdout:/usr/bin/ceph: stderr
2024-03-16T10:56:56.555+0000 7f5a91d9b700 1 -- 172.21.15.78:0/837895382 >> [v2:172.21.15.78:6800/3269664941,v1:172.21.15.78:6801/3269664941] conn(0x7f5a7c038fc0 msgr2=0x7f5a7c03b480 unknown :-1 s=STATE_CONNECTING_RE l=1).process reconnect failed to v2:172.21.15.78:6800/3269664941
2024-03-16T10:56:57.158 INFO:teuthology.orchestra.run.smithi078.stdout:/usr/bin/ceph: stderr
2024-03-16T10:56:56.555+0000 7f5a91d9b700 1 --2- 172.21.15.78:0/837895382 >> [v2:172.21.15.78:6800/3269664941,v1:172.21.15.78:6801/3269664941] conn(0x7f5a7c038fc0 0x7f5a7c03b480 unknown :-1 s=START_CONNECT pgs=0 cs=0 l=1 rev1=0 crypto rx=0 tx=0 comp rx=0 tx=0)._fault waiting 0.400000
2024-03-16T10:56:57.158 INFO:teuthology.orchestra.run.smithi078.stdout:/usr/bin/ceph: stderr
2024-03-16T10:56:56.616+0000 7f5a817fa700 1 -- 172.21.15.78:0/837895382 --> [v2:172.21.15.78:3300/0,v1:172.21.15.78:6789/0] -- mon_command({"prefix": "mgr stat"} v 0) -- 0x7f5a780058f0 con 0x7f5a941065f0
2024-03-16T10:56:57.158 INFO:teuthology.orchestra.run.smithi078.stdout:/usr/bin/ceph: stderr
2024-03-16T10:56:56.617+0000 7f5a837fe700 1 -- 172.21.15.78:0/837895382 <== mon.0 v2:172.21.15.78:3300/0 7 ==== mon_command_ack([{"prefix": "mgr stat"}]=0 v9) ==== 56+0+88 (secure 0 0 0) 0x7f5a8404c440 con 0x7f5a941065f0
2024-03-16T10:56:57.158 INFO:teuthology.orchestra.run.smithi078.stdout:/usr/bin/ceph: stderr
2024-03-16T10:56:56.619+0000 7f5a817fa700 1 -- 172.21.15.78:0/837895382 >> [v2:172.21.15.78:6800/3269664941,v1:172.21.15.78:6801/3269664941] conn(0x7f5a7c038fc0 msgr2=0x7f5a7c03b480 unknown :-1 s=STATE_CONNECTING l=1).mark_down
2024-03-16T10:56:57.158 INFO:teuthology.orchestra.run.smithi078.stdout:/usr/bin/ceph: stderr
2024-03-16T10:56:56.619+0000 7f5a817fa700 1 --2- 172.21.15.78:0/837895382 >> [v2:172.21.15.78:6800/3269664941,v1:172.21.15.78:6801/3269664941] conn(0x7f5a7c038fc0 0x7f5a7c03b480 unknown :-1 s=START_CONNECT pgs=0 cs=0 l=1 rev1=0 crypto rx=0 tx=0 comp rx=0 tx=0).stop
2024-03-16T10:56:57.159 INFO:teuthology.orchestra.run.smithi078.stdout:/usr/bin/ceph: stderr
2024-03-16T10:56:56.619+0000 7f5a817fa700 1 -- 172.21.15.78:0/837895382 >> [v2:172.21.15.78:3300/0,v1:172.21.15.78:6789/0] conn(0x7f5a941065f0 msgr2=0x7f5a9419dd50 secure :-1 s=STATE_CONNECTION_ESTABLISHED l=1).mark_down
2024-03-16T10:56:57.159 INFO:teuthology.orchestra.run.smithi078.stdout:/usr/bin/ceph: stderr
2024-03-16T10:56:56.619+0000 7f5a817fa700 1 --2- 172.21.15.78:0/837895382 >> [v2:172.21.15.78:3300/0,v1:172.21.15.78:6789/0] conn(0x7f5a941065f0 0x7f5a9419dd50 secure :-1 s=READY pgs=60 cs=0 l=1 rev1=1 crypto rx=0x7f5a84011a00 tx=0x7f5a84011ae0 comp rx=0 tx=0).stop
2024-03-16T10:56:57.159 INFO:teuthology.orchestra.run.smithi078.stdout:/usr/bin/ceph: stderr
2024-03-16T10:56:56.619+0000 7f5a817fa700 1 -- 172.21.15.78:0/837895382 shutdown_connections
2024-03-16T10:56:57.159 INFO:teuthology.orchestra.run.smithi078.stdout:/usr/bin/ceph: stderr
2024-03-16T10:56:56.619+0000 7f5a817fa700 1 --2- 172.21.15.78:0/837895382 >> [v2:172.21.15.78:6800/3269664941,v1:172.21.15.78:6801/3269664941] conn(0x7f5a7c038fc0 0x7f5a7c03b480 unknown :-1 s=CLOSED pgs=0 cs=0 l=1 rev1=0 crypto rx=0 tx=0 comp rx=0 tx=0).stop
2024-03-16T10:56:57.159 INFO:teuthology.orchestra.run.smithi078.stdout:/usr/bin/ceph: stderr
2024-03-16T10:56:56.619+0000 7f5a817fa700 1 --2- 172.21.15.78:0/837895382 >> [v2:172.21.15.78:3300/0,v1:172.21.15.78:6789/0] conn(0x7f5a941065f0 0x7f5a9419dd50 unknown :-1 s=CLOSED pgs=60 cs=0 l=1 rev1=1 crypto rx=0 tx=0 comp rx=0 tx=0).stop
2024-03-16T10:56:57.159 INFO:teuthology.orchestra.run.smithi078.stdout:/usr/bin/ceph: stderr
2024-03-16T10:56:56.619+0000 7f5a817fa700 1 -- 172.21.15.78:0/837895382 >> 172.21.15.78:0/837895382 conn(0x7f5a941021b0 msgr2=0x7f5a94194a10 unknown :-1 s=STATE_NONE l=0).mark_down
2024-03-16T10:56:57.159 INFO:teuthology.orchestra.run.smithi078.stdout:/usr/bin/ceph: stderr
2024-03-16T10:56:56.619+0000 7f5a817fa700 1 -- 172.21.15.78:0/837895382 shutdown_connections
2024-03-16T10:56:57.159 INFO:teuthology.orchestra.run.smithi078.stdout:/usr/bin/ceph: stderr
2024-03-16T10:56:56.619+0000 7f5a817fa700 1 -- 172.21.15.78:0/837895382 wait complete.
2024-03-16T10:56:57.159 INFO:teuthology.orchestra.run.smithi078.stdout:Waiting for the mgr to restart...
2024-03-16T10:56:57.159 INFO:teuthology.orchestra.run.smithi078.stdout:Waiting for mgr epoch 9...
2024-03-16T10:56:57.309 INFO:journalctl@ceph.mon.a.smithi078.stdout:Mar 16 10:56:57 smithi078 ceph-mon[32235]: from='client.? 172.21.15.78:0/837895382' entity='client.admin' cmd=[{"prefix": "mgr stat"}]: dispatch
2024-03-16T10:56:57.309 INFO:journalctl@ceph.mgr.x.smithi078.stdout:Mar 16 10:56:57 smithi078 ceph-a1941e5e-e383-11ee-95c9-87774f69a715-mgr-x[32470]:
2024-03-16T10:56:57.041+0000 7f2df879e200 -1 mgr[py] Module rgw has missing NOTIFY_TYPES member
2024-03-16T10:56:57.309 INFO:journalctl@ceph.mgr.x.smithi078.stdout:Mar 16 10:56:57 smithi078 ceph-a1941e5e-e383-11ee-95c9-87774f69a715-mgr-x[32470]:
2024-03-16T10:56:57.151+0000 7f2df879e200 -1 mgr[py] Module rbd_support has missing NOTIFY_TYPES member
2024-03-16T10:56:57.310 INFO:journalctl@ceph.mgr.x.smithi078.stdout:Mar 16 10:56:57 smithi078 ceph-a1941e5e-e383-11ee-95c9-87774f69a715-mgr-x[32470]:
2024-03-16T10:56:57.246+0000 7f2df879e200 -1 mgr[py] Module progress has missing NOTIFY_TYPES member
2024-03-16T10:56:57.770 INFO:journalctl@ceph.mgr.x.smithi078.stdout:Mar 16 10:56:57 smithi078 ceph-a1941e5e-e383-11ee-95c9-87774f69a715-mgr-x[32470]:
2024-03-16T10:56:57.342+0000 7f2df879e200 -1 mgr[py] Module pg_autoscaler has missing NOTIFY_TYPES member
2024-03-16T10:56:57.770 INFO:journalctl@ceph.mgr.x.smithi078.stdout:Mar 16 10:56:57 smithi078 ceph-a1941e5e-e383-11ee-95c9-87774f69a715-mgr-x[32470]:
2024-03-16T10:56:57.523+0000 7f2df879e200 -1 mgr[py] Module devicehealth has missing NOTIFY_TYPES member
2024-03-16T10:56:58.809 INFO:journalctl@ceph.mgr.x.smithi078.stdout:Mar 16 10:56:58 smithi078 ceph-a1941e5e-e383-11ee-95c9-87774f69a715-mgr-x[32470]:
2024-03-16T10:56:58.475+0000 7f2df879e200 -1 mgr[py] Module rook has missing NOTIFY_TYPES member
2024-03-16T10:56:58.809 INFO:journalctl@ceph.mgr.x.smithi078.stdout:Mar 16 10:56:58 smithi078 ceph-a1941e5e-e383-11ee-95c9-87774f69a715-mgr-x[32470]:
2024-03-16T10:56:58.605+0000 7f2df879e200 -1 mgr[py] Module diskprediction_local has missing NOTIFY_TYPES member
2024-03-16T10:56:59.224 INFO:journalctl@ceph.mgr.x.smithi078.stdout:Mar 16 10:56:58 smithi078 ceph-a1941e5e-e383-11ee-95c9-87774f69a715-mgr-x[32470]:
2024-03-16T10:56:58.936+0000 7f2df879e200 -1 mgr[py] Module selftest has missing NOTIFY_TYPES member
2024-03-16T10:56:59.224 INFO:journalctl@ceph.mgr.x.smithi078.stdout:Mar 16 10:56:59 smithi078 ceph-a1941e5e-e383-11ee-95c9-87774f69a715-mgr-x[32470]:
2024-03-16T10:56:59.026+0000 7f2df879e200 -1 mgr[py] Module telegraf has missing NOTIFY_TYPES member
2024-03-16T10:56:59.224 INFO:journalctl@ceph.mgr.x.smithi078.stdout:Mar 16 10:56:59 smithi078 ceph-a1941e5e-e383-11ee-95c9-87774f69a715-mgr-x[32470]:
2024-03-16T10:56:59.223+0000 7f2df879e200 -1 mgr[py] Module test_orchestrator has missing NOTIFY_TYPES member
