2024-03-16T11:13:07.166+0000 7f918dffb700 1 -- 172.21.15.105:0/3038683159 <== mon.0 v2:172.21.15.105:3300/0 1 ==== mon_map magic: 0 v1 ==== 229+0+0 (secure 0 0 0) 0x7f918000e070 con 0x7f9190106f90
2024-03-16T11:13:08.263 INFO:teuthology.orchestra.run.smithi105.stdout:/usr/bin/ceph: stderr
2024-03-16T11:13:07.166+0000 7f918dffb700 1 -- 172.21.15.105:0/3038683159 <== mon.0 v2:172.21.15.105:3300/0 2 ==== config(27 keys) v1 ==== 1037+0+0 (secure 0 0 0) 0x7f9180003e90 con 0x7f9190106f90
2024-03-16T11:13:08.263 INFO:teuthology.orchestra.run.smithi105.stdout:/usr/bin/ceph: stderr
2024-03-16T11:13:07.166+0000 7f918dffb700 1 -- 172.21.15.105:0/3038683159 <== mon.0 v2:172.21.15.105:3300/0 3 ==== mon_map magic: 0 v1 ==== 229+0+0 (secure 0 0 0) 0x7f9180004380 con 0x7f9190106f90
2024-03-16T11:13:08.263 INFO:teuthology.orchestra.run.smithi105.stdout:/usr/bin/ceph: stderr
2024-03-16T11:13:07.167+0000 7f91959bd700 1 -- 172.21.15.105:0/3038683159 >> [v2:172.21.15.105:3300/0,v1:172.21.15.105:6789/0] conn(0x7f9190106f90 msgr2=0x7f9190109380 secure :-1 s=STATE_CONNECTION_ESTABLISHED l=1).mark_down
2024-03-16T11:13:08.264 INFO:teuthology.orchestra.run.smithi105.stdout:/usr/bin/ceph: stderr
2024-03-16T11:13:07.167+0000 7f91959bd700 1 --2- 172.21.15.105:0/3038683159 >> [v2:172.21.15.105:3300/0,v1:172.21.15.105:6789/0] conn(0x7f9190106f90 0x7f9190109380 secure :-1 s=READY pgs=41 cs=0 l=1 rev1=1 crypto rx=0x7f9180009e80 tx=0x7f918000b330 comp rx=0 tx=0).stop
2024-03-16T11:13:08.264 INFO:teuthology.orchestra.run.smithi105.stdout:/usr/bin/ceph: stderr
2024-03-16T11:13:07.167+0000 7f91959bd700 1 -- 172.21.15.105:0/3038683159 shutdown_connections
2024-03-16T11:13:08.264 INFO:teuthology.orchestra.run.smithi105.stdout:/usr/bin/ceph: stderr
2024-03-16T11:13:07.167+0000 7f91959bd700 1 --2- 172.21.15.105:0/3038683159 >> [v2:172.21.15.105:3300/0,v1:172.21.15.105:6789/0] conn(0x7f9190106f90 0x7f9190109380 unknown :-1 s=CLOSED pgs=41 cs=0 l=1 rev1=1 crypto rx=0 tx=0 comp rx=0 tx=0).stop
2024-03-16T11:13:08.264 INFO:teuthology.orchestra.run.smithi105.stdout:/usr/bin/ceph: stderr
2024-03-16T11:13:07.167+0000 7f91959bd700 1 -- 172.21.15.105:0/3038683159 >> 172.21.15.105:0/3038683159 conn(0x7f91901008c0 msgr2=0x7f9190102d20 unknown :-1 s=STATE_NONE l=0).mark_down
2024-03-16T11:13:08.264 INFO:teuthology.orchestra.run.smithi105.stdout:/usr/bin/ceph: stderr
2024-03-16T11:13:07.167+0000 7f91959bd700 1 -- 172.21.15.105:0/3038683159 shutdown_connections
2024-03-16T11:13:08.264 INFO:teuthology.orchestra.run.smithi105.stdout:/usr/bin/ceph: stderr
2024-03-16T11:13:07.167+0000 7f91959bd700 1 -- 172.21.15.105:0/3038683159 wait complete.
2024-03-16T11:13:08.264 INFO:teuthology.orchestra.run.smithi105.stdout:/usr/bin/ceph: stderr
2024-03-16T11:13:07.167+0000 7f91959bd700 1 Processor -- start
2024-03-16T11:13:08.264 INFO:teuthology.orchestra.run.smithi105.stdout:/usr/bin/ceph: stderr
2024-03-16T11:13:07.167+0000 7f91959bd700 1 -- start start
2024-03-16T11:13:08.264 INFO:teuthology.orchestra.run.smithi105.stdout:/usr/bin/ceph: stderr
2024-03-16T11:13:07.167+0000 7f91959bd700 1 --2- >> [v2:172.21.15.105:3300/0,v1:172.21.15.105:6789/0] conn(0x7f9190106f90 0x7f919019a0b0 unknown :-1 s=NONE pgs=0 cs=0 l=1 rev1=0 crypto rx=0 tx=0 comp rx=0 tx=0).connect
2024-03-16T11:13:08.264 INFO:teuthology.orchestra.run.smithi105.stdout:/usr/bin/ceph: stderr
2024-03-16T11:13:07.167+0000 7f91959bd700 1 -- --> [v2:172.21.15.105:3300/0,v1:172.21.15.105:6789/0] -- mon_getmap magic: 0 v1 -- 0x7f919019a5f0 con 0x7f9190106f90
2024-03-16T11:13:08.264 INFO:teuthology.orchestra.run.smithi105.stdout:/usr/bin/ceph: stderr
2024-03-16T11:13:07.168+0000 7f918effd700 1 --2- >> [v2:172.21.15.105:3300/0,v1:172.21.15.105:6789/0] conn(0x7f9190106f90 0x7f919019a0b0 unknown :-1 s=BANNER_CONNECTING pgs=0 cs=0 l=1 rev1=0 crypto rx=0 tx=0 comp rx=0 tx=0)._handle_peer_banner_payload supported=3 required=0
2024-03-16T11:13:08.264 INFO:teuthology.orchestra.run.smithi105.stdout:/usr/bin/ceph: stderr
2024-03-16T11:13:07.168+0000 7f918effd700 1 --2- >> [v2:172.21.15.105:3300/0,v1:172.21.15.105:6789/0] conn(0x7f9190106f90 0x7f919019a0b0 unknown :-1 s=HELLO_CONNECTING pgs=0 cs=0 l=1 rev1=1 crypto rx=0 tx=0 comp rx=0 tx=0).handle_hello peer v2:172.21.15.105:3300/0 says I am v2:172.21.15.105:47750/0 (socket says 172.21.15.105:47750)
2024-03-16T11:13:08.264 INFO:teuthology.orchestra.run.smithi105.stdout:/usr/bin/ceph: stderr
2024-03-16T11:13:07.168+0000 7f918effd700 1 -- 172.21.15.105:0/3922039307 learned_addr learned my addr 172.21.15.105:0/3922039307 (peer_addr_for_me v2:172.21.15.105:0/0)
2024-03-16T11:13:08.264 INFO:teuthology.orchestra.run.smithi105.stdout:/usr/bin/ceph: stderr
2024-03-16T11:13:07.168+0000 7f918effd700 1 -- 172.21.15.105:0/3922039307 --> [v2:172.21.15.105:3300/0,v1:172.21.15.105:6789/0] -- mon_subscribe({config=0+,monmap=0+}) v3 -- 0x7f9180009b30 con 0x7f9190106f90
2024-03-16T11:13:08.264 INFO:teuthology.orchestra.run.smithi105.stdout:/usr/bin/ceph: stderr
2024-03-16T11:13:07.168+0000 7f918effd700 1 --2- 172.21.15.105:0/3922039307 >> [v2:172.21.15.105:3300/0,v1:172.21.15.105:6789/0] conn(0x7f9190106f90 0x7f919019a0b0 secure :-1 s=READY pgs=42 cs=0 l=1 rev1=1 crypto rx=0x7f918000b7b0 tx=0x7f9180004920 comp rx=0 tx=0).ready entity=mon.0 client_cookie=0 server_cookie=0 in_seq=0 out_seq=0
2024-03-16T11:13:08.265 INFO:teuthology.orchestra.run.smithi105.stdout:/usr/bin/ceph: stderr
2024-03-16T11:13:07.168+0000 7f91949bb700 1 -- 172.21.15.105:0/3922039307 <== mon.0 v2:172.21.15.105:3300/0 1 ==== mon_map magic: 0 v1 ==== 229+0+0 (secure 0 0 0) 0x7f918000e040 con 0x7f9190106f90
2024-03-16T11:13:08.265 INFO:teuthology.orchestra.run.smithi105.stdout:/usr/bin/ceph: stderr
2024-03-16T11:13:07.168+0000 7f91949bb700 1 -- 172.21.15.105:0/3922039307 <== mon.0 v2:172.21.15.105:3300/0 2 ==== config(27 keys) v1 ==== 1037+0+0 (secure 0 0 0) 0x7f9180003c30 con 0x7f9190106f90
2024-03-16T11:13:08.265 INFO:teuthology.orchestra.run.smithi105.stdout:/usr/bin/ceph: stderr
2024-03-16T11:13:07.168+0000 7f91959bd700 1 -- 172.21.15.105:0/3922039307 --> [v2:172.21.15.105:3300/0,v1:172.21.15.105:6789/0] -- mon_subscribe({mgrmap=0+}) v3 -- 0x7f919019a7f0 con 0x7f9190106f90
2024-03-16T11:13:08.265 INFO:teuthology.orchestra.run.smithi105.stdout:/usr/bin/ceph: stderr
2024-03-16T11:13:07.168+0000 7f91949bb700 1 -- 172.21.15.105:0/3922039307 <== mon.0 v2:172.21.15.105:3300/0 3 ==== mon_map magic: 0 v1 ==== 229+0+0 (secure 0 0 0) 0x7f918001b740 con 0x7f9190106f90
2024-03-16T11:13:08.265 INFO:teuthology.orchestra.run.smithi105.stdout:/usr/bin/ceph: stderr
2024-03-16T11:13:07.168+0000 7f91959bd700 1 -- 172.21.15.105:0/3922039307 --> [v2:172.21.15.105:3300/0,v1:172.21.15.105:6789/0] -- mon_subscribe({osdmap=0}) v3 -- 0x7f919019acf0 con 0x7f9190106f90
2024-03-16T11:13:08.265 INFO:teuthology.orchestra.run.smithi105.stdout:/usr/bin/ceph: stderr
2024-03-16T11:13:07.169+0000 7f91949bb700 1 -- 172.21.15.105:0/3922039307 <== mon.0 v2:172.21.15.105:3300/0 4 ==== mgrmap(e 8) v1 ==== 45283+0+0 (secure 0 0 0) 0x7f9180019040 con 0x7f9190106f90
2024-03-16T11:13:08.265 INFO:teuthology.orchestra.run.smithi105.stdout:/usr/bin/ceph: stderr
2024-03-16T11:13:07.169+0000 7f91949bb700 1 --2- 172.21.15.105:0/3922039307 >> [v2:172.21.15.105:6800/96777983,v1:172.21.15.105:6801/96777983] conn(0x7f9178038320 0x7f917803a7e0 unknown :-1 s=NONE pgs=0 cs=0 l=1 rev1=0 crypto rx=0 tx=0 comp rx=0 tx=0).connect
2024-03-16T11:13:08.265 INFO:teuthology.orchestra.run.smithi105.stdout:/usr/bin/ceph: stderr
2024-03-16T11:13:07.169+0000 7f91949bb700 1 -- 172.21.15.105:0/3922039307 <== mon.0 v2:172.21.15.105:3300/0 5 ==== osd_map(2..2 src has 1..2) v4 ==== 940+0+0 (secure 0 0 0) 0x7f918004bca0 con 0x7f9190106f90
2024-03-16T11:13:08.265 INFO:teuthology.orchestra.run.smithi105.stdout:/usr/bin/ceph: stderr
2024-03-16T11:13:07.169+0000 7f91959bd700 1 -- 172.21.15.105:0/3922039307 --> [v2:172.21.15.105:3300/0,v1:172.21.15.105:6789/0] -- mon_command({"prefix": "get_command_descriptions"} v 0) v1 -- 0x7f919010a570 con 0x7f9190106f90
2024-03-16T11:13:08.265 INFO:teuthology.orchestra.run.smithi105.stdout:/usr/bin/ceph: stderr
2024-03-16T11:13:07.169+0000 7f918e7fc700 1 --2- 172.21.15.105:0/3922039307 >> [v2:172.21.15.105:6800/96777983,v1:172.21.15.105:6801/96777983] conn(0x7f9178038320 0x7f917803a7e0 unknown :-1 s=BANNER_CONNECTING pgs=0 cs=0 l=1 rev1=0 crypto rx=0 tx=0 comp rx=0 tx=0)._handle_peer_banner_payload supported=3 required=0
2024-03-16T11:13:08.265 INFO:teuthology.orchestra.run.smithi105.stdout:/usr/bin/ceph: stderr
2024-03-16T11:13:07.170+0000 7f918e7fc700 1 --2- 172.21.15.105:0/3922039307 >> [v2:172.21.15.105:6800/96777983,v1:172.21.15.105:6801/96777983] conn(0x7f9178038320 0x7f917803a7e0 secure :-1 s=READY pgs=9 cs=0 l=1 rev1=1 crypto rx=0x7f9184006fd0 tx=0x7f9184006e40 comp rx=0 tx=0).ready entity=mgr.14120 client_cookie=0 server_cookie=0 in_seq=0 out_seq=0
2024-03-16T11:13:08.265 INFO:teuthology.orchestra.run.smithi105.stdout:/usr/bin/ceph: stderr
2024-03-16T11:13:07.174+0000 7f91949bb700 1 -- 172.21.15.105:0/3922039307 <== mon.0 v2:172.21.15.105:3300/0 6 ==== mon_command_ack([{"prefix": "get_command_descriptions"}]=0 v0) v1 ==== 72+0+180422 (secure 0 0 0) 0x7f9180012c30 con 0x7f9190106f90
2024-03-16T11:13:08.265 INFO:teuthology.orchestra.run.smithi105.stdout:/usr/bin/ceph: stderr
2024-03-16T11:13:07.365+0000 7f91959bd700 1 -- 172.21.15.105:0/3922039307 --> [v2:172.21.15.105:6800/96777983,v1:172.21.15.105:6801/96777983] -- mgr_command(tid 0: {"prefix": "cephadm generate-key", "target": ["mon-mgr", ""]}) v1 -- 0x7f9190101d70 con 0x7f9178038320
2024-03-16T11:13:08.265 INFO:teuthology.orchestra.run.smithi105.stdout:/usr/bin/ceph: stderr
2024-03-16T11:13:07.684+0000 7f91949bb700 1 -- 172.21.15.105:0/3922039307 <== mgr.14120 v2:172.21.15.105:6800/96777983 1 ==== mgr_command_reply(tid 0: 0 ) v1 ==== 8+0+0 (secure 0 0 0) 0x7f9190101d70 con 0x7f9178038320
2024-03-16T11:13:08.266 INFO:teuthology.orchestra.run.smithi105.stdout:/usr/bin/ceph: stderr
2024-03-16T11:13:07.686+0000 7f91959bd700 1 -- 172.21.15.105:0/3922039307 >> [v2:172.21.15.105:6800/96777983,v1:172.21.15.105:6801/96777983] conn(0x7f9178038320 msgr2=0x7f917803a7e0 secure :-1 s=STATE_CONNECTION_ESTABLISHED l=1).mark_down
2024-03-16T11:13:08.266 INFO:teuthology.orchestra.run.smithi105.stdout:/usr/bin/ceph: stderr
2024-03-16T11:13:07.686+0000 7f91959bd700 1 --2- 172.21.15.105:0/3922039307 >> [v2:172.21.15.105:6800/96777983,v1:172.21.15.105:6801/96777983] conn(0x7f9178038320 0x7f917803a7e0 secure :-1 s=READY pgs=9 cs=0 l=1 rev1=1 crypto rx=0x7f9184006fd0 tx=0x7f9184006e40 comp rx=0 tx=0).stop
2024-03-16T11:13:08.266 INFO:teuthology.orchestra.run.smithi105.stdout:/usr/bin/ceph: stderr
2024-03-16T11:13:07.686+0000 7f91959bd700 1 -- 172.21.15.105:0/3922039307 >> [v2:172.21.15.105:3300/0,v1:172.21.15.105:6789/0] conn(0x7f9190106f90 msgr2=0x7f919019a0b0 secure :-1 s=STATE_CONNECTION_ESTABLISHED l=1).mark_down
2024-03-16T11:13:08.266 INFO:teuthology.orchestra.run.smithi105.stdout:/usr/bin/ceph: stderr
2024-03-16T11:13:07.686+0000 7f91959bd700 1 --2- 172.21.15.105:0/3922039307 >> [v2:172.21.15.105:3300/0,v1:172.21.15.105:6789/0] conn(0x7f9190106f90 0x7f919019a0b0 secure :-1 s=READY pgs=42 cs=0 l=1 rev1=1 crypto rx=0x7f918000b7b0 tx=0x7f9180004920 comp rx=0 tx=0).stop
2024-03-16T11:13:08.266 INFO:teuthology.orchestra.run.smithi105.stdout:/usr/bin/ceph: stderr
2024-03-16T11:13:07.687+0000 7f91959bd700 1 -- 172.21.15.105:0/3922039307 shutdown_connections
2024-03-16T11:13:08.266 INFO:teuthology.orchestra.run.smithi105.stdout:/usr/bin/ceph: stderr
2024-03-16T11:13:07.687+0000 7f91959bd700 1 --2- 172.21.15.105:0/3922039307 >> [v2:172.21.15.105:6800/96777983,v1:172.21.15.105:6801/96777983] conn(0x7f9178038320 0x7f917803a7e0 unknown :-1 s=CLOSED pgs=9 cs=0 l=1 rev1=1 crypto rx=0 tx=0 comp rx=0 tx=0).stop
2024-03-16T11:13:08.266 INFO:teuthology.orchestra.run.smithi105.stdout:/usr/bin/ceph: stderr
2024-03-16T11:13:07.687+0000 7f91959bd700 1 --2- 172.21.15.105:0/3922039307 >> [v2:172.21.15.105:3300/0,v1:172.21.15.105:6789/0] conn(0x7f9190106f90 0x7f919019a0b0 unknown :-1 s=CLOSED pgs=42 cs=0 l=1 rev1=1 crypto rx=0 tx=0 comp rx=0 tx=0).stop
2024-03-16T11:13:08.266 INFO:teuthology.orchestra.run.smithi105.stdout:/usr/bin/ceph: stderr
2024-03-16T11:13:07.687+0000 7f91959bd700 1 -- 172.21.15.105:0/3922039307 >> 172.21.15.105:0/3922039307 conn(0x7f91901008c0 msgr2=0x7f9190101660 unknown :-1 s=STATE_NONE l=0).mark_down
2024-03-16T11:13:08.266 INFO:teuthology.orchestra.run.smithi105.stdout:/usr/bin/ceph: stderr
2024-03-16T11:13:07.687+0000 7f91959bd700 1 -- 172.21.15.105:0/3922039307 shutdown_connections
2024-03-16T11:13:08.266 INFO:teuthology.orchestra.run.smithi105.stdout:/usr/bin/ceph: stderr
2024-03-16T11:13:07.687+0000 7f91959bd700 1 -- 172.21.15.105:0/3922039307 wait complete.
2024-03-16T11:13:08.881 INFO:journalctl@ceph.mon.smithi105.smithi105.stdout:Mar 16 11:13:08 smithi105 ceph-mon[29233]: from='client.14136 -' entity='client.admin' cmd=[{"prefix": "cephadm generate-key", "target": ["mon-mgr", ""]}]: dispatch
2024-03-16T11:13:08.881 INFO:journalctl@ceph.mon.smithi105.smithi105.stdout:Mar 16 11:13:08 smithi105 ceph-mon[29233]: Generating ssh key...
2024-03-16T11:13:08.881 INFO:journalctl@ceph.mon.smithi105.smithi105.stdout:Mar 16 11:13:08 smithi105 ceph-mon[29233]: from='mgr.14120 172.21.15.105:0/1665111180' entity='mgr.smithi105.wbecil'
2024-03-16T11:13:08.881 INFO:journalctl@ceph.mon.smithi105.smithi105.stdout:Mar 16 11:13:08 smithi105 ceph-mon[29233]: from='mgr.14120 172.21.15.105:0/1665111180' entity='mgr.smithi105.wbecil'
2024-03-16T11:13:09.497 INFO:teuthology.orchestra.run.smithi105.stdout:/usr/bin/ceph: stdout ssh-rsa AAAAB3NzaC1yc2EAAAADAQABAAABgQDJyQluE0CG3HC51EQLbYtjs0zMdnWn0WemwYdO8Z0LxailXAKHaGymWayp6EL4E2PSIYVAF8VwZhsh1eX+FwneRrYq7HbVJNqknvxMcJjoH5ETMAZpp+xDHgJmjhkVMu7twspHx45eYzy4EX0N+7uM+DfrIDIMEZ0u1NH2aK7YUTfLHm3pnmGHfKxR13Vhx9Hwu3g5Mh3eSaOEhE02tBmbWnT6p6VQiscZuPSOBGiprNtQKDj8pPGz+gqludrdnVqrdqotq31hcETKsqURg/JS9wEUs/InuKGewLgXCoL6ZYtwxlH6vIGHhiLZqWn9SENGPnt06NmacCNcgZbsSd61ATdTANi1teZfsIVVWYtDA7HH7H7YRrkJATVja+N3zpung1eGhvLN0Xg6wkJWiVLKWYyIrJFnqnR2xuCNXjrRWhPVkSJXg1nxq7oza2A0HqIjqV3W6wa5vo88xTG2kyQKwNrOU8hD965vhSb8RiJ+RhYwaMjDmryIVDeE/JHTON0= ceph-fdf138d8-e385-11ee-95c9-87774f69a715
2024-03-16T11:13:09.498 INFO:teuthology.orchestra.run.smithi105.stdout:/usr/bin/ceph: stderr
2024-03-16T11:13:08.682+0000 7f4c22d74700 1 Processor -- start
2024-03-16T11:13:09.498 INFO:teuthology.orchestra.run.smithi105.stdout:/usr/bin/ceph: stderr
2024-03-16T11:13:08.682+0000 7f4c22d74700 1 -- start start
2024-03-16T11:13:09.498 INFO:teuthology.orchestra.run.smithi105.stdout:/usr/bin/ceph: stderr
2024-03-16T11:13:08.682+0000 7f4c22d74700 1 --2- >> [v2:172.21.15.105:3300/0,v1:172.21.15.105:6789/0] conn(0x7f4c1c105340 0x7f4c1c105760 unknown :-1 s=NONE pgs=0 cs=0 l=0 rev1=0 crypto rx=0 tx=0 comp rx=0 tx=0).connect
2024-03-16T11:13:09.503 INFO:teuthology.orchestra.run.smithi105.stdout:/usr/bin/ceph: stderr
2024-03-16T11:13:08.682+0000 7f4c22d74700 1 -- --> [v2:172.21.15.105:3300/0,v1:172.21.15.105:6789/0] -- mon_getmap magic: 0 v1 -- 0x7f4c1c105d30 con 0x7f4c1c105340
2024-03-16T11:13:09.503 INFO:teuthology.orchestra.run.smithi105.stdout:/usr/bin/ceph: stderr
2024-03-16T11:13:08.683+0000 7f4c20b10700 1 --2- >> [v2:172.21.15.105:3300/0,v1:172.21.15.105:6789/0] conn(0x7f4c1c105340 0x7f4c1c105760 unknown :-1 s=BANNER_CONNECTING pgs=0 cs=0 l=0 rev1=0 crypto rx=0 tx=0 comp rx=0 tx=0)._handle_peer_banner_payload supported=3 required=0
2024-03-16T11:13:09.503 INFO:teuthology.orchestra.run.smithi105.stdout:/usr/bin/ceph: stderr
2024-03-16T11:13:08.683+0000 7f4c20b10700 1 --2- >> [v2:172.21.15.105:3300/0,v1:172.21.15.105:6789/0] conn(0x7f4c1c105340 0x7f4c1c105760 unknown :-1 s=HELLO_CONNECTING pgs=0 cs=0 l=0 rev1=1 crypto rx=0 tx=0 comp rx=0 tx=0).handle_hello peer v2:172.21.15.105:3300/0 says I am v2:172.21.15.105:54828/0 (socket says 172.21.15.105:54828)
2024-03-16T11:13:09.504 INFO:teuthology.orchestra.run.smithi105.stdout:/usr/bin/ceph: stderr
2024-03-16T11:13:08.683+0000 7f4c20b10700 1 -- 172.21.15.105:0/3932915973 learned_addr learned my addr 172.21.15.105:0/3932915973 (peer_addr_for_me v2:172.21.15.105:0/0)
2024-03-16T11:13:09.504 INFO:teuthology.orchestra.run.smithi105.stdout:/usr/bin/ceph: stderr
2024-03-16T11:13:08.683+0000 7f4c20b10700 1 -- 172.21.15.105:0/3932915973 --> [v2:172.21.15.105:3300/0,v1:172.21.15.105:6789/0] -- mon_subscribe({config=0+,monmap=0+}) v3 -- 0x7f4c1c106540 con 0x7f4c1c105340
2024-03-16T11:13:09.504 INFO:teuthology.orchestra.run.smithi105.stdout:/usr/bin/ceph: stderr
2024-03-16T11:13:08.683+0000 7f4c20b10700 1 --2- 172.21.15.105:0/3932915973 >> [v2:172.21.15.105:3300/0,v1:172.21.15.105:6789/0] conn(0x7f4c1c105340 0x7f4c1c105760 secure :-1 s=READY pgs=43 cs=0 l=1 rev1=1 crypto rx=0x7f4c14009e80 tx=0x7f4c1400b330 comp rx=0 tx=0).ready entity=mon.0 client_cookie=850438d21c4e36b0 server_cookie=0 in_seq=0 out_seq=0
2024-03-16T11:13:09.504 INFO:teuthology.orchestra.run.smithi105.stdout:/usr/bin/ceph: stderr
2024-03-16T11:13:08.683+0000 7f4c1b7fe700 1 -- 172.21.15.105:0/3932915973 <== mon.0 v2:172.21.15.105:3300/0 1 ==== mon_map magic: 0 v1 ==== 229+0+0 (secure 0 0 0) 0x7f4c1400e070 con 0x7f4c1c105340
2024-03-16T11:13:09.504 INFO:teuthology.orchestra.run.smithi105.stdout:/usr/bin/ceph: stderr
2024-03-16T11:13:08.683+0000 7f4c1b7fe700 1 -- 172.21.15.105:0/3932915973 <== mon.0 v2:172.21.15.105:3300/0 2 ==== config(27 keys) v1 ==== 1037+0+0 (secure 0 0 0) 0x7f4c14003e90 con 0x7f4c1c105340
2024-03-16T11:13:09.504 INFO:teuthology.orchestra.run.smithi105.stdout:/usr/bin/ceph: stderr
2024-03-16T11:13:08.683+0000 7f4c1b7fe700 1 -- 172.21.15.105:0/3932915973 <== mon.0 v2:172.21.15.105:3300/0 3 ==== mon_map magic: 0 v1 ==== 229+0+0 (secure 0 0 0) 0x7f4c14004380 con 0x7f4c1c105340
2024-03-16T11:13:09.504 INFO:teuthology.orchestra.run.smithi105.stdout:/usr/bin/ceph: stderr
2024-03-16T11:13:08.684+0000 7f4c22d74700 1 -- 172.21.15.105:0/3932915973 >> [v2:172.21.15.105:3300/0,v1:172.21.15.105:6789/0] conn(0x7f4c1c105340 msgr2=0x7f4c1c105760 secure :-1 s=STATE_CONNECTION_ESTABLISHED l=1).mark_down
2024-03-16T11:13:09.504 INFO:teuthology.orchestra.run.smithi105.stdout:/usr/bin/ceph: stderr
2024-03-16T11:13:08.684+0000 7f4c22d74700 1 --2- 172.21.15.105:0/3932915973 >> [v2:172.21.15.105:3300/0,v1:172.21.15.105:6789/0] conn(0x7f4c1c105340 0x7f4c1c105760 secure :-1 s=READY pgs=43 cs=0 l=1 rev1=1 crypto rx=0x7f4c14009e80 tx=0x7f4c1400b330 comp rx=0 tx=0).stop
2024-03-16T11:13:09.504 INFO:teuthology.orchestra.run.smithi105.stdout:/usr/bin/ceph: stderr
2024-03-16T11:13:08.684+0000 7f4c22d74700 1 -- 172.21.15.105:0/3932915973 shutdown_connections
2024-03-16T11:13:09.504 INFO:teuthology.orchestra.run.smithi105.stdout:/usr/bin/ceph: stderr
2024-03-16T11:13:08.684+0000 7f4c22d74700 1 --2- 172.21.15.105:0/3932915973 >> [v2:172.21.15.105:3300/0,v1:172.21.15.105:6789/0] conn(0x7f4c1c105340 0x7f4c1c105760 unknown :-1 s=CLOSED pgs=43 cs=0 l=1 rev1=1 crypto rx=0 tx=0 comp rx=0 tx=0).stop
2024-03-16T11:13:09.504 INFO:teuthology.orchestra.run.smithi105.stdout:/usr/bin/ceph: stderr
2024-03-16T11:13:08.684+0000 7f4c22d74700 1 -- 172.21.15.105:0/3932915973 >> 172.21.15.105:0/3932915973 conn(0x7f4c1c1008c0 msgr2=0x7f4c1c102d20 unknown :-1 s=STATE_NONE l=0).mark_down
2024-03-16T11:13:09.504 INFO:teuthology.orchestra.run.smithi105.stdout:/usr/bin/ceph: stderr
2024-03-16T11:13:08.684+0000 7f4c22d74700 1 -- 172.21.15.105:0/3932915973 shutdown_connections
2024-03-16T11:13:09.504 INFO:teuthology.orchestra.run.smithi105.stdout:/usr/bin/ceph: stderr
2024-03-16T11:13:08.684+0000 7f4c22d74700 1 -- 172.21.15.105:0/3932915973 wait complete.
2024-03-16T11:13:09.504 INFO:teuthology.orchestra.run.smithi105.stdout:/usr/bin/ceph: stderr
2024-03-16T11:13:08.684+0000 7f4c22d74700 1 Processor -- start
2024-03-16T11:13:09.504 INFO:teuthology.orchestra.run.smithi105.stdout:/usr/bin/ceph: stderr
2024-03-16T11:13:08.684+0000 7f4c22d74700 1 -- start start
2024-03-16T11:13:09.505 INFO:teuthology.orchestra.run.smithi105.stdout:/usr/bin/ceph: stderr
2024-03-16T11:13:08.684+0000 7f4c22d74700 1 --2- >> [v2:172.21.15.105:3300/0,v1:172.21.15.105:6789/0] conn(0x7f4c1c105340 0x7f4c1c199000 unknown :-1 s=NONE pgs=0 cs=0 l=1 rev1=0 crypto rx=0 tx=0 comp rx=0 tx=0).connect
2024-03-16T11:13:09.505 INFO:teuthology.orchestra.run.smithi105.stdout:/usr/bin/ceph: stderr
2024-03-16T11:13:08.684+0000 7f4c22d74700 1 -- --> [v2:172.21.15.105:3300/0,v1:172.21.15.105:6789/0] -- mon_getmap magic: 0 v1 -- 0x7f4c1c199540 con 0x7f4c1c105340
2024-03-16T11:13:09.505 INFO:teuthology.orchestra.run.smithi105.stdout:/usr/bin/ceph: stderr
2024-03-16T11:13:08.685+0000 7f4c20b10700 1 --2- >> [v2:172.21.15.105:3300/0,v1:172.21.15.105:6789/0] conn(0x7f4c1c105340 0x7f4c1c199000 unknown :-1 s=BANNER_CONNECTING pgs=0 cs=0 l=1 rev1=0 crypto rx=0 tx=0 comp rx=0 tx=0)._handle_peer_banner_payload supported=3 required=0
2024-03-16T11:13:09.505 INFO:teuthology.orchestra.run.smithi105.stdout:/usr/bin/ceph: stderr
2024-03-16T11:13:08.685+0000 7f4c20b10700 1 --2- >> [v2:172.21.15.105:3300/0,v1:172.21.15.105:6789/0] conn(0x7f4c1c105340 0x7f4c1c199000 unknown :-1 s=HELLO_CONNECTING pgs=0 cs=0 l=1 rev1=1 crypto rx=0 tx=0 comp rx=0 tx=0).handle_hello peer v2:172.21.15.105:3300/0 says I am v2:172.21.15.105:54836/0 (socket says 172.21.15.105:54836)
2024-03-16T11:13:09.505 INFO:teuthology.orchestra.run.smithi105.stdout:/usr/bin/ceph: stderr
2024-03-16T11:13:08.685+0000 7f4c20b10700 1 -- 172.21.15.105:0/3537475981 learned_addr learned my addr 172.21.15.105:0/3537475981 (peer_addr_for_me v2:172.21.15.105:0/0)
2024-03-16T11:13:09.505 INFO:teuthology.orchestra.run.smithi105.stdout:/usr/bin/ceph: stderr
2024-03-16T11:13:08.685+0000 7f4c20b10700 1 -- 172.21.15.105:0/3537475981 --> [v2:172.21.15.105:3300/0,v1:172.21.15.105:6789/0] -- mon_subscribe({config=0+,monmap=0+}) v3 -- 0x7f4c14009b30 con 0x7f4c1c105340
2024-03-16T11:13:09.505 INFO:teuthology.orchestra.run.smithi105.stdout:/usr/bin/ceph: stderr
2024-03-16T11:13:08.685+0000 7f4c20b10700 1 --2- 172.21.15.105:0/3537475981 >> [v2:172.21.15.105:3300/0,v1:172.21.15.105:6789/0] conn(0x7f4c1c105340 0x7f4c1c199000 secure :-1 s=READY pgs=44 cs=0 l=1 rev1=1 crypto rx=0x7f4c1400d010 tx=0x7f4c14004430 comp rx=0 tx=0).ready entity=mon.0 client_cookie=0 server_cookie=0 in_seq=0 out_seq=0
2024-03-16T11:13:09.505 INFO:teuthology.orchestra.run.smithi105.stdout:/usr/bin/ceph: stderr
2024-03-16T11:13:08.685+0000 7f4c19ffb700 1 -- 172.21.15.105:0/3537475981 <== mon.0 v2:172.21.15.105:3300/0 1 ==== mon_map magic: 0 v1 ==== 229+0+0 (secure 0 0 0) 0x7f4c1400e040 con 0x7f4c1c105340
2024-03-16T11:13:09.505 INFO:teuthology.orchestra.run.smithi105.stdout:/usr/bin/ceph: stderr
2024-03-16T11:13:08.685+0000 7f4c19ffb700 1 -- 172.21.15.105:0/3537475981 <== mon.0 v2:172.21.15.105:3300/0 2 ==== config(27 keys) v1 ==== 1037+0+0 (secure 0 0 0) 0x7f4c14003c30 con 0x7f4c1c105340
2024-03-16T11:13:09.505 INFO:teuthology.orchestra.run.smithi105.stdout:/usr/bin/ceph: stderr
2024-03-16T11:13:08.685+0000 7f4c22d74700 1 -- 172.21.15.105:0/3537475981 --> [v2:172.21.15.105:3300/0,v1:172.21.15.105:6789/0] -- mon_subscribe({mgrmap=0+}) v3 -- 0x7f4c1c199740 con 0x7f4c1c105340
2024-03-16T11:13:09.505 INFO:teuthology.orchestra.run.smithi105.stdout:/usr/bin/ceph: stderr
2024-03-16T11:13:08.685+0000 7f4c19ffb700 1 -- 172.21.15.105:0/3537475981 <== mon.0 v2:172.21.15.105:3300/0 3 ==== mon_map magic: 0 v1 ==== 229+0+0 (secure 0 0 0) 0x7f4c1401b790 con 0x7f4c1c105340
2024-03-16T11:13:09.505 INFO:teuthology.orchestra.run.smithi105.stdout:/usr/bin/ceph: stderr
2024-03-16T11:13:08.685+0000 7f4c22d74700 1 -- 172.21.15.105:0/3537475981 --> [v2:172.21.15.105:3300/0,v1:172.21.15.105:6789/0] -- mon_subscribe({osdmap=0}) v3 -- 0x7f4c1c199c40 con 0x7f4c1c105340
2024-03-16T11:13:09.506 INFO:teuthology.orchestra.run.smithi105.stdout:/usr/bin/ceph: stderr
2024-03-16T11:13:08.686+0000 7f4c19ffb700 1 -- 172.21.15.105:0/3537475981 <== mon.0 v2:172.21.15.105:3300/0 4 ==== mgrmap(e 8) v1 ==== 45283+0+0 (secure 0 0 0) 0x7f4c14019040 con 0x7f4c1c105340
2024-03-16T11:13:09.506 INFO:teuthology.orchestra.run.smithi105.stdout:/usr/bin/ceph: stderr
2024-03-16T11:13:08.686+0000 7f4c19ffb700 1 --2- 172.21.15.105:0/3537475981 >> [v2:172.21.15.105:6800/96777983,v1:172.21.15.105:6801/96777983] conn(0x7f4c04038330 0x7f4c0403a7f0 unknown :-1 s=NONE pgs=0 cs=0 l=1 rev1=0 crypto rx=0 tx=0 comp rx=0 tx=0).connect
2024-03-16T11:13:09.506 INFO:teuthology.orchestra.run.smithi105.stdout:/usr/bin/ceph: stderr
2024-03-16T11:13:08.686+0000 7f4c22d74700 1 -- 172.21.15.105:0/3537475981 --> [v2:172.21.15.105:3300/0,v1:172.21.15.105:6789/0] -- mon_command({"prefix": "get_command_descriptions"} v 0) v1 -- 0x7f4c1c0623c0 con 0x7f4c1c105340
2024-03-16T11:13:09.506 INFO:teuthology.orchestra.run.smithi105.stdout:/usr/bin/ceph: stderr
2024-03-16T11:13:08.686+0000 7f4c19ffb700 1 -- 172.21.15.105:0/3537475981 <== mon.0 v2:172.21.15.105:3300/0 5 ==== osd_map(2..2 src has 1..2) v4 ==== 940+0+0 (secure 0 0 0) 0x7f4c1404bda0 con 0x7f4c1c105340
2024-03-16T11:13:09.506 INFO:teuthology.orchestra.run.smithi105.stdout:/usr/bin/ceph: stderr
2024-03-16T11:13:08.686+0000 7f4c1bfff700 1 --2- 172.21.15.105:0/3537475981 >> [v2:172.21.15.105:6800/96777983,v1:172.21.15.105:6801/96777983] conn(0x7f4c04038330 0x7f4c0403a7f0 unknown :-1 s=BANNER_CONNECTING pgs=0 cs=0 l=1 rev1=0 crypto rx=0 tx=0 comp rx=0 tx=0)._handle_peer_banner_payload supported=3 required=0
2024-03-16T11:13:09.506 INFO:teuthology.orchestra.run.smithi105.stdout:/usr/bin/ceph: stderr
2024-03-16T11:13:08.687+0000 7f4c1bfff700 1 --2- 172.21.15.105:0/3537475981 >> [v2:172.21.15.105:6800/96777983,v1:172.21.15.105:6801/96777983] conn(0x7f4c04038330 0x7f4c0403a7f0 secure :-1 s=READY pgs=10 cs=0 l=1 rev1=1 crypto rx=0x7f4c10006fd0 tx=0x7f4c10006e40 comp rx=0 tx=0).ready entity=mgr.14120 client_cookie=0 server_cookie=0 in_seq=0 out_seq=0
2024-03-16T11:13:09.506 INFO:teuthology.orchestra.run.smithi105.stdout:/usr/bin/ceph: stderr
2024-03-16T11:13:08.691+0000 7f4c19ffb700 1 -- 172.21.15.105:0/3537475981 <== mon.0 v2:172.21.15.105:3300/0 6 ==== mon_command_ack([{"prefix": "get_command_descriptions"}]=0 v0) v1 ==== 72+0+180422 (secure 0 0 0) 0x7f4c1401a390 con 0x7f4c1c105340
2024-03-16T11:13:09.506 INFO:teuthology.orchestra.run.smithi105.stdout:/usr/bin/ceph: stderr
2024-03-16T11:13:08.880+0000 7f4c22d74700 1 -- 172.21.15.105:0/3537475981 --> [v2:172.21.15.105:6800/96777983,v1:172.21.15.105:6801/96777983] -- mgr_command(tid 0: {"prefix": "cephadm get-pub-key", "target": ["mon-mgr", ""]}) v1 -- 0x7f4c1c101df0 con 0x7f4c04038330
2024-03-16T11:13:09.506 INFO:teuthology.orchestra.run.smithi105.stdout:/usr/bin/ceph: stderr
2024-03-16T11:13:08.881+0000 7f4c19ffb700 1 -- 172.21.15.105:0/3537475981 <== mgr.14120 v2:172.21.15.105:6800/96777983 1 ==== mgr_command_reply(tid 0: 0 ) v1 ==== 8+0+595 (secure 0 0 0) 0x7f4c1c101df0 con 0x7f4c04038330
2024-03-16T11:13:09.506 INFO:teuthology.orchestra.run.smithi105.stdout:/usr/bin/ceph: stderr
2024-03-16T11:13:08.883+0000 7f4c22d74700 1 -- 172.21.15.105:0/3537475981 >> [v2:172.21.15.105:6800/96777983,v1:172.21.15.105:6801/96777983] conn(0x7f4c04038330 msgr2=0x7f4c0403a7f0 secure :-1 s=STATE_CONNECTION_ESTABLISHED l=1).mark_down
2024-03-16T11:13:09.506 INFO:teuthology.orchestra.run.smithi105.stdout:/usr/bin/ceph: stderr
2024-03-16T11:13:08.883+0000 7f4c22d74700 1 --2- 172.21.15.105:0/3537475981 >> [v2:172.21.15.105:6800/96777983,v1:172.21.15.105:6801/96777983] conn(0x7f4c04038330 0x7f4c0403a7f0 secure :-1 s=READY pgs=10 cs=0 l=1 rev1=1 crypto rx=0x7f4c10006fd0 tx=0x7f4c10006e40 comp rx=0 tx=0).stop
2024-03-16T11:13:09.506 INFO:teuthology.orchestra.run.smithi105.stdout:/usr/bin/ceph: stderr
2024-03-16T11:13:08.883+0000 7f4c22d74700 1 -- 172.21.15.105:0/3537475981 >> [v2:172.21.15.105:3300/0,v1:172.21.15.105:6789/0] conn(0x7f4c1c105340 msgr2=0x7f4c1c199000 secure :-1 s=STATE_CONNECTION_ESTABLISHED l=1).mark_down
2024-03-16T11:13:09.507 INFO:teuthology.orchestra.run.smithi105.stdout:/usr/bin/ceph: stderr
2024-03-16T11:13:08.883+0000 7f4c22d74700 1 --2- 172.21.15.105:0/3537475981 >> [v2:172.21.15.105:3300/0,v1:172.21.15.105:6789/0] conn(0x7f4c1c105340 0x7f4c1c199000 secure :-1 s=READY pgs=44 cs=0 l=1 rev1=1 crypto rx=0x7f4c1400d010 tx=0x7f4c14004430 comp rx=0 tx=0).stop
2024-03-16T11:13:09.507 INFO:teuthology.orchestra.run.smithi105.stdout:/usr/bin/ceph: stderr
2024-03-16T11:13:08.883+0000 7f4c22d74700 1 -- 172.21.15.105:0/3537475981 shutdown_connections
2024-03-16T11:13:09.507 INFO:teuthology.orchestra.run.smithi105.stdout:/usr/bin/ceph: stderr
2024-03-16T11:13:08.883+0000 7f4c22d74700 1 --2- 172.21.15.105:0/3537475981 >> [v2:172.21.15.105:6800/96777983,v1:172.21.15.105:6801/96777983] conn(0x7f4c04038330 0x7f4c0403a7f0 unknown :-1 s=CLOSED pgs=10 cs=0 l=1 rev1=1 crypto rx=0 tx=0 comp rx=0 tx=0).stop
2024-03-16T11:13:09.507 INFO:teuthology.orchestra.run.smithi105.stdout:/usr/bin/ceph: stderr
2024-03-16T11:13:08.883+0000 7f4c22d74700 1 --2- 172.21.15.105:0/3537475981 >> [v2:172.21.15.105:3300/0,v1:172.21.15.105:6789/0] conn(0x7f4c1c105340 0x7f4c1c199000 unknown :-1 s=CLOSED pgs=44 cs=0 l=1 rev1=1 crypto rx=0 tx=0 comp rx=0 tx=0).stop
2024-03-16T11:13:09.507 INFO:teuthology.orchestra.run.smithi105.stdout:/usr/bin/ceph: stderr
2024-03-16T11:13:08.883+0000 7f4c22d74700 1 -- 172.21.15.105:0/3537475981 >> 172.21.15.105:0/3537475981 conn(0x7f4c1c1008c0 msgr2=0x7f4c1c1016e0 unknown :-1 s=STATE_NONE l=0).mark_down
2024-03-16T11:13:09.507 INFO:teuthology.orchestra.run.smithi105.stdout:/usr/bin/ceph: stderr
2024-03-16T11:13:08.883+0000 7f4c22d74700 1 -- 172.21.15.105:0/3537475981 shutdown_connections
2024-03-16T11:13:09.507 INFO:teuthology.orchestra.run.smithi105.stdout:/usr/bin/ceph: stderr
2024-03-16T11:13:08.883+0000 7f4c22d74700 1 -- 172.21.15.105:0/3537475981 wait complete.
2024-03-16T11:13:09.507 INFO:teuthology.orchestra.run.smithi105.stdout:Wrote public SSH key to /home/ubuntu/cephtest/ceph.pub
2024-03-16T11:13:09.507 INFO:teuthology.orchestra.run.smithi105.stdout:Adding key to root@localhost authorized_keys...
2024-03-16T11:13:09.507 INFO:teuthology.orchestra.run.smithi105.stdout:Adding host smithi105...
2024-03-16T11:13:09.905 INFO:journalctl@ceph.mon.smithi105.smithi105.stdout:Mar 16 11:13:09 smithi105 ceph-mon[29233]: from='client.14138 -' entity='client.admin' cmd=[{"prefix": "cephadm get-pub-key", "target": ["mon-mgr", ""]}]: dispatch
2024-03-16T11:13:10.745 INFO:journalctl@ceph.mon.smithi105.smithi105.stdout:Mar 16 11:13:10 smithi105 ceph-mon[29233]: from='client.14140 -' entity='client.admin' cmd=[{"prefix": "orch host add", "hostname": "smithi105", "addr": "172.21.15.105", "target": ["mon-mgr", ""]}]: dispatch
2024-03-16T11:13:12.396 INFO:journalctl@ceph.mon.smithi105.smithi105.stdout:Mar 16 11:13:12 smithi105 ceph-mon[29233]: Deploying cephadm binary to smithi105
2024-03-16T11:13:13.278 INFO:teuthology.orchestra.run.smithi105.stdout:/usr/bin/ceph: stdout Added host 'smithi105' with addr '172.21.15.105'
2024-03-16T11:13:13.278 INFO:teuthology.orchestra.run.smithi105.stdout:/usr/bin/ceph: stderr
2024-03-16T11:13:09.935+0000 7f03a6083700 1 Processor -- start
2024-03-16T11:13:13.278 INFO:teuthology.orchestra.run.smithi105.stdout:/usr/bin/ceph: stderr
2024-03-16T11:13:09.935+0000 7f03a6083700 1 -- start start
2024-03-16T11:13:13.279 INFO:teuthology.orchestra.run.smithi105.stdout:/usr/bin/ceph: stderr
2024-03-16T11:13:09.935+0000 7f03a6083700 1 --2- >> [v2:172.21.15.105:3300/0,v1:172.21.15.105:6789/0] conn(0x7f03a0104d30 0x7f03a0105150 unknown :-1 s=NONE pgs=0 cs=0 l=0 rev1=0 crypto rx=0 tx=0 comp rx=0 tx=0).connect
2024-03-16T11:13:13.279 INFO:teuthology.orchestra.run.smithi105.stdout:/usr/bin/ceph: stderr
2024-03-16T11:13:09.935+0000 7f03a6083700 1 -- --> [v2:172.21.15.105:3300/0,v1:172.21.15.105:6789/0] -- mon_getmap magic: 0 v1 -- 0x7f03a0079e20 con 0x7f03a0104d30
2024-03-16T11:13:13.279 INFO:teuthology.orchestra.run.smithi105.stdout:/usr/bin/ceph: stderr
2024-03-16T11:13:09.935+0000 7f039f7fe700 1 --2- >> [v2:172.21.15.105:3300/0,v1:172.21.15.105:6789/0] conn(0x7f03a0104d30 0x7f03a0105150 unknown :-1 s=BANNER_CONNECTING pgs=0 cs=0 l=0 rev1=0 crypto rx=0 tx=0 comp rx=0 tx=0)._handle_peer_banner_payload supported=3 required=0
2024-03-16T11:13:13.279 INFO:teuthology.orchestra.run.smithi105.stdout:/usr/bin/ceph: stderr
2024-03-16T11:13:09.935+0000 7f039f7fe700 1 --2- >> [v2:172.21.15.105:3300/0,v1:172.21.15.105:6789/0] conn(0x7f03a0104d30 0x7f03a0105150 unknown :-1 s=HELLO_CONNECTING pgs=0 cs=0 l=0 rev1=1 crypto rx=0 tx=0 comp rx=0 tx=0).handle_hello peer v2:172.21.15.105:3300/0 says I am v2:172.21.15.105:54838/0 (socket says 172.21.15.105:54838)
2024-03-16T11:13:13.279 INFO:teuthology.orchestra.run.smithi105.stdout:/usr/bin/ceph: stderr
2024-03-16T11:13:09.935+0000 7f039f7fe700 1 -- 172.21.15.105:0/1239566349 learned_addr learned my addr 172.21.15.105:0/1239566349 (peer_addr_for_me v2:172.21.15.105:0/0)
2024-03-16T11:13:13.279 INFO:teuthology.orchestra.run.smithi105.stdout:/usr/bin/ceph: stderr
2024-03-16T11:13:09.936+0000 7f039f7fe700 1 -- 172.21.15.105:0/1239566349 --> [v2:172.21.15.105:3300/0,v1:172.21.15.105:6789/0] -- mon_subscribe({config=0+,monmap=0+}) v3 -- 0x7f03a0079f60 con 0x7f03a0104d30
2024-03-16T11:13:13.279 INFO:teuthology.orchestra.run.smithi105.stdout:/usr/bin/ceph: stderr
2024-03-16T11:13:09.936+0000 7f039f7fe700 1 --2- 172.21.15.105:0/1239566349 >> [v2:172.21.15.105:3300/0,v1:172.21.15.105:6789/0] conn(0x7f03a0104d30 0x7f03a0105150 secure :-1 s=READY pgs=45 cs=0 l=1 rev1=1 crypto rx=0x7f03900098a0 tx=0x7f0390009bb0 comp rx=0 tx=0).ready entity=mon.0 client_cookie=fecee76e084048f3 server_cookie=0 in_seq=0 out_seq=0
2024-03-16T11:13:13.279 INFO:teuthology.orchestra.run.smithi105.stdout:/usr/bin/ceph: stderr
2024-03-16T11:13:09.936+0000 7f039e7fc700 1 -- 172.21.15.105:0/1239566349 <== mon.0 v2:172.21.15.105:3300/0 1 ==== mon_map magic: 0 v1 ==== 229+0+0 (secure 0 0 0) 0x7f0390004180 con 0x7f03a0104d30
2024-03-16T11:13:13.279 INFO:teuthology.orchestra.run.smithi105.stdout:/usr/bin/ceph: stderr
2024-03-16T11:13:09.936+0000 7f039e7fc700 1 -- 172.21.15.105:0/1239566349 <== mon.0 v2:172.21.15.105:3300/0 2 ==== config(27 keys) v1 ==== 1037+0+0 (secure 0 0 0) 0x7f03900042e0 con 0x7f03a0104d30
2024-03-16T11:13:13.279 INFO:teuthology.orchestra.run.smithi105.stdout:/usr/bin/ceph: stderr
2024-03-16T11:13:09.936+0000 7f039e7fc700 1 -- 172.21.15.105:0/1239566349 <== mon.0 v2:172.21.15.105:3300/0 3 ==== mon_map magic: 0 v1 ==== 229+0+0 (secure 0 0 0) 0x7f0390011a50 con 0x7f03a0104d30
2024-03-16T11:13:13.279 INFO:teuthology.orchestra.run.smithi105.stdout:/usr/bin/ceph: stderr
2024-03-16T11:13:09.936+0000 7f03a6083700 1 -- 172.21.15.105:0/1239566349 >> [v2:172.21.15.105:3300/0,v1:172.21.15.105:6789/0] conn(0x7f03a0104d30 msgr2=0x7f03a0105150 secure :-1 s=STATE_CONNECTION_ESTABLISHED l=1).mark_down
2024-03-16T11:13:13.279 INFO:teuthology.orchestra.run.smithi105.stdout:/usr/bin/ceph: stderr
2024-03-16T11:13:09.936+0000 7f03a6083700 1 --2- 172.21.15.105:0/1239566349 >> [v2:172.21.15.105:3300/0,v1:172.21.15.105:6789/0] conn(0x7f03a0104d30 0x7f03a0105150 secure :-1 s=READY pgs=45 cs=0 l=1 rev1=1 crypto rx=0x7f03900098a0 tx=0x7f0390009bb0 comp rx=0 tx=0).stop
2024-03-16T11:13:13.279 INFO:teuthology.orchestra.run.smithi105.stdout:/usr/bin/ceph: stderr
2024-03-16T11:13:09.936+0000 7f03a6083700 1 -- 172.21.15.105:0/1239566349 shutdown_connections
2024-03-16T11:13:13.280 INFO:teuthology.orchestra.run.smithi105.stdout:/usr/bin/ceph: stderr
2024-03-16T11:13:09.936+0000 7f03a6083700 1 --2- 172.21.15.105:0/1239566349 >> [v2:172.21.15.105:3300/0,v1:172.21.15.105:6789/0] conn(0x7f03a0104d30 0x7f03a0105150 unknown :-1 s=CLOSED pgs=45 cs=0 l=1 rev1=1 crypto rx=0 tx=0 comp rx=0 tx=0).stop
2024-03-16T11:13:13.280 INFO:teuthology.orchestra.run.smithi105.stdout:/usr/bin/ceph: stderr
2024-03-16T11:13:09.936+0000 7f03a6083700 1 -- 172.21.15.105:0/1239566349 >> 172.21.15.105:0/1239566349 conn(0x7f03a01008b0 msgr2=0x7f03a0102d10 unknown :-1 s=STATE_NONE l=0).mark_down
2024-03-16T11:13:13.280 INFO:teuthology.orchestra.run.smithi105.stdout:/usr/bin/ceph: stderr
2024-03-16T11:13:09.937+0000 7f03a6083700 1 -- 172.21.15.105:0/1239566349 shutdown_connections
2024-03-16T11:13:13.280 INFO:teuthology.orchestra.run.smithi105.stdout:/usr/bin/ceph: stderr
2024-03-16T11:13:09.937+0000 7f03a6083700 1 -- 172.21.15.105:0/1239566349 wait complete.
2024-03-16T11:13:13.280 INFO:teuthology.orchestra.run.smithi105.stdout:/usr/bin/ceph: stderr
2024-03-16T11:13:09.937+0000 7f03a6083700 1 Processor -- start
2024-03-16T11:13:13.280 INFO:teuthology.orchestra.run.smithi105.stdout:/usr/bin/ceph: stderr
2024-03-16T11:13:09.937+0000 7f03a6083700 1 -- start start
2024-03-16T11:13:13.280 INFO:teuthology.orchestra.run.smithi105.stdout:/usr/bin/ceph: stderr
2024-03-16T11:13:09.937+0000 7f03a6083700 1 --2- >> [v2:172.21.15.105:3300/0,v1:172.21.15.105:6789/0] conn(0x7f03a0104d30 0x7f03a019c330 unknown :-1 s=NONE pgs=0 cs=0 l=1 rev1=0 crypto rx=0 tx=0 comp rx=0 tx=0).connect
2024-03-16T11:13:13.280 INFO:teuthology.orchestra.run.smithi105.stdout:/usr/bin/ceph: stderr
2024-03-16T11:13:09.937+0000 7f03a6083700 1 -- --> [v2:172.21.15.105:3300/0,v1:172.21.15.105:6789/0] -- mon_getmap magic: 0 v1 -- 0x7f03a019c870 con 0x7f03a0104d30
2024-03-16T11:13:13.280 INFO:teuthology.orchestra.run.smithi105.stdout:/usr/bin/ceph: stderr
2024-03-16T11:13:09.938+0000 7f039f7fe700 1 --2- >> [v2:172.21.15.105:3300/0,v1:172.21.15.105:6789/0] conn(0x7f03a0104d30 0x7f03a019c330 unknown :-1 s=BANNER_CONNECTING pgs=0 cs=0 l=1 rev1=0 crypto rx=0 tx=0 comp rx=0 tx=0)._handle_peer_banner_payload supported=3 required=0
2024-03-16T11:13:13.280 INFO:teuthology.orchestra.run.smithi105.stdout:/usr/bin/ceph: stderr
2024-03-16T11:13:09.938+0000 7f039f7fe700 1 --2- >> [v2:172.21.15.105:3300/0,v1:172.21.15.105:6789/0] conn(0x7f03a0104d30 0x7f03a019c330 unknown :-1 s=HELLO_CONNECTING pgs=0 cs=0 l=1 rev1=1 crypto rx=0 tx=0 comp rx=0 tx=0).handle_hello peer v2:172.21.15.105:3300/0 says I am v2:172.21.15.105:54842/0 (socket says 172.21.15.105:54842)
2024-03-16T11:13:13.280 INFO:teuthology.orchestra.run.smithi105.stdout:/usr/bin/ceph: stderr
2024-03-16T11:13:09.938+0000 7f039f7fe700 1 -- 172.21.15.105:0/4213819876 learned_addr learned my addr 172.21.15.105:0/4213819876 (peer_addr_for_me v2:172.21.15.105:0/0)
2024-03-16T11:13:13.280 INFO:teuthology.orchestra.run.smithi105.stdout:/usr/bin/ceph: stderr
2024-03-16T11:13:09.938+0000 7f039f7fe700 1 -- 172.21.15.105:0/4213819876 --> [v2:172.21.15.105:3300/0,v1:172.21.15.105:6789/0] -- mon_subscribe({config=0+,monmap=0+}) v3 -- 0x7f0390009550 con 0x7f03a0104d30
2024-03-16T11:13:13.280 INFO:teuthology.orchestra.run.smithi105.stdout:/usr/bin/ceph: stderr
2024-03-16T11:13:09.938+0000 7f039f7fe700 1 --2- 172.21.15.105:0/4213819876 >> [v2:172.21.15.105:3300/0,v1:172.21.15.105:6789/0] conn(0x7f03a0104d30 0x7f03a019c330 secure :-1 s=READY pgs=46 cs=0 l=1 rev1=1 crypto rx=0x7f0390003f80 tx=0x7f0390011ab0 comp rx=0 tx=0).ready entity=mon.0 client_cookie=0 server_cookie=0 in_seq=0 out_seq=0
2024-03-16T11:13:13.280 INFO:teuthology.orchestra.run.smithi105.stdout:/usr/bin/ceph: stderr
2024-03-16T11:13:09.938+0000 7f039cff9700 1 -- 172.21.15.105:0/4213819876 <== mon.0 v2:172.21.15.105:3300/0 1 ==== mon_map magic: 0 v1 ==== 229+0+0 (secure 0 0 0) 0x7f0390003a80 con 0x7f03a0104d30
2024-03-16T11:13:13.280 INFO:teuthology.orchestra.run.smithi105.stdout:/usr/bin/ceph: stderr
2024-03-16T11:13:09.938+0000 7f039cff9700 1 -- 172.21.15.105:0/4213819876 <== mon.0 v2:172.21.15.105:3300/0 2 ==== config(27 keys) v1 ==== 1037+0+0 (secure 0 0 0) 0x7f0390003be0 con 0x7f03a0104d30
2024-03-16T11:13:13.281 INFO:teuthology.orchestra.run.smithi105.stdout:/usr/bin/ceph: stderr
2024-03-16T11:13:09.938+0000 7f03a6083700 1 -- 172.21.15.105:0/4213819876 --> [v2:172.21.15.105:3300/0,v1:172.21.15.105:6789/0] -- mon_subscribe({mgrmap=0+}) v3 -- 0x7f03a019ca70 con 0x7f03a0104d30
2024-03-16T11:13:13.281 INFO:teuthology.orchestra.run.smithi105.stdout:/usr/bin/ceph: stderr
2024-03-16T11:13:09.938+0000 7f039cff9700 1 -- 172.21.15.105:0/4213819876 <== mon.0 v2:172.21.15.105:3300/0 3 ==== mon_map magic: 0 v1 ==== 229+0+0 (secure 0 0 0) 0x7f0390019820 con 0x7f03a0104d30
2024-03-16T11:13:13.281 INFO:teuthology.orchestra.run.smithi105.stdout:/usr/bin/ceph: stderr
2024-03-16T11:13:09.938+0000 7f03a6083700 1 -- 172.21.15.105:0/4213819876 --> [v2:172.21.15.105:3300/0,v1:172.21.15.105:6789/0] -- mon_subscribe({osdmap=0}) v3 -- 0x7f03a019cf10 con 0x7f03a0104d30
2024-03-16T11:13:13.281 INFO:teuthology.orchestra.run.smithi105.stdout:/usr/bin/ceph: stderr
2024-03-16T11:13:09.939+0000 7f039cff9700 1 -- 172.21.15.105:0/4213819876 <== mon.0 v2:172.21.15.105:3300/0 4 ==== mgrmap(e 8) v1 ==== 45283+0+0 (secure 0 0 0) 0x7f039001a430 con 0x7f03a0104d30
2024-03-16T11:13:13.281 INFO:teuthology.orchestra.run.smithi105.stdout:/usr/bin/ceph: stderr
2024-03-16T11:13:09.939+0000 7f03a6083700 1 -- 172.21.15.105:0/4213819876 --> [v2:172.21.15.105:3300/0,v1:172.21.15.105:6789/0] -- mon_command({"prefix": "get_command_descriptions"} v 0) v1 -- 0x7f03a0195bb0 con 0x7f03a0104d30
2024-03-16T11:13:13.281 INFO:teuthology.orchestra.run.smithi105.stdout:/usr/bin/ceph: stderr
2024-03-16T11:13:09.939+0000 7f039cff9700 1 --2- 172.21.15.105:0/4213819876 >> [v2:172.21.15.105:6800/96777983,v1:172.21.15.105:6801/96777983] conn(0x7f0388038320 0x7f038803a7e0 unknown :-1 s=NONE pgs=0 cs=0 l=1 rev1=0 crypto rx=0 tx=0 comp rx=0 tx=0).connect
2024-03-16T11:13:13.281 INFO:teuthology.orchestra.run.smithi105.stdout:/usr/bin/ceph: stderr
2024-03-16T11:13:09.939+0000 7f039cff9700 1 -- 172.21.15.105:0/4213819876 <== mon.0 v2:172.21.15.105:3300/0 5 ==== osd_map(2..2 src has 1..2) v4 ==== 940+0+0 (secure 0 0 0) 0x7f039004c620 con 0x7f03a0104d30
2024-03-16T11:13:13.281 INFO:teuthology.orchestra.run.smithi105.stdout:/usr/bin/ceph: stderr
2024-03-16T11:13:09.939+0000 7f039effd700 1 --2- 172.21.15.105:0/4213819876 >> [v2:172.21.15.105:6800/96777983,v1:172.21.15.105:6801/96777983] conn(0x7f0388038320 0x7f038803a7e0 unknown :-1 s=BANNER_CONNECTING pgs=0 cs=0 l=1 rev1=0 crypto rx=0 tx=0 comp rx=0 tx=0)._handle_peer_banner_payload supported=3 required=0
2024-03-16T11:13:13.281 INFO:teuthology.orchestra.run.smithi105.stdout:/usr/bin/ceph: stderr
2024-03-16T11:13:09.940+0000 7f039effd700 1 --2- 172.21.15.105:0/4213819876 >> [v2:172.21.15.105:6800/96777983,v1:172.21.15.105:6801/96777983] conn(0x7f0388038320 0x7f038803a7e0 secure :-1 s=READY pgs=11 cs=0 l=1 rev1=1 crypto rx=0x7f0394006fd0 tx=0x7f0394006e40 comp rx=0 tx=0).ready entity=mgr.14120 client_cookie=0 server_cookie=0 in_seq=0 out_seq=0
2024-03-16T11:13:13.281 INFO:teuthology.orchestra.run.smithi105.stdout:/usr/bin/ceph: stderr
2024-03-16T11:13:09.944+0000 7f039cff9700 1 -- 172.21.15.105:0/4213819876 <== mon.0 v2:172.21.15.105:3300/0 6 ==== mon_command_ack([{"prefix": "get_command_descriptions"}]=0 v0) v1 ==== 72+0+180422 (secure 0 0 0) 0x7f039001acc0 con 0x7f03a0104d30
2024-03-16T11:13:13.282 INFO:teuthology.orchestra.run.smithi105.stdout:/usr/bin/ceph: stderr
2024-03-16T11:13:10.137+0000 7f03a6083700 1 -- 172.21.15.105:0/4213819876 --> [v2:172.21.15.105:6800/96777983,v1:172.21.15.105:6801/96777983] -- mgr_command(tid 0: {"prefix": "orch host add", "hostname": "smithi105", "addr": "172.21.15.105", "target": ["mon-mgr", ""]}) v1 -- 0x7f03a00611d0 con 0x7f0388038320
2024-03-16T11:13:13.282 INFO:teuthology.orchestra.run.smithi105.stdout:/usr/bin/ceph: stderr
2024-03-16T11:13:12.660+0000 7f039cff9700 1 -- 172.21.15.105:0/4213819876 <== mgr.14120 v2:172.21.15.105:6800/96777983 1 ==== mgr_command_reply(tid 0: 0 ) v1 ==== 8+0+49 (secure 0 0 0) 0x7f03a00611d0 con 0x7f0388038320
2024-03-16T11:13:13.282 INFO:teuthology.orchestra.run.smithi105.stdout:/usr/bin/ceph: stderr
2024-03-16T11:13:12.663+0000 7f03a6083700 1 -- 172.21.15.105:0/4213819876 >> [v2:172.21.15.105:6800/96777983,v1:172.21.15.105:6801/96777983] conn(0x7f0388038320 msgr2=0x7f038803a7e0 secure :-1 s=STATE_CONNECTION_ESTABLISHED l=1).mark_down
2024-03-16T11:13:13.282 INFO:teuthology.orchestra.run.smithi105.stdout:/usr/bin/ceph: stderr
2024-03-16T11:13:12.663+0000 7f03a6083700 1 --2- 172.21.15.105:0/4213819876 >> [v2:172.21.15.105:6800/96777983,v1:172.21.15.105:6801/96777983] conn(0x7f0388038320 0x7f038803a7e0 secure :-1 s=READY pgs=11 cs=0 l=1 rev1=1 crypto rx=0x7f0394006fd0 tx=0x7f0394006e40 comp rx=0 tx=0).stop
2024-03-16T11:13:13.282 INFO:teuthology.orchestra.run.smithi105.stdout:/usr/bin/ceph: stderr
2024-03-16T11:13:12.663+0000 7f03a6083700 1 -- 172.21.15.105:0/4213819876 >> [v2:172.21.15.105:3300/0,v1:172.21.15.105:6789/0] conn(0x7f03a0104d30 msgr2=0x7f03a019c330 secure :-1 s=STATE_CONNECTION_ESTABLISHED l=1).mark_down
2024-03-16T11:13:13.282 INFO:teuthology.orchestra.run.smithi105.stdout:/usr/bin/ceph: stderr
2024-03-16T11:13:12.663+0000 7f03a6083700 1 --2- 172.21.15.105:0/4213819876 >> [v2:172.21.15.105:3300/0,v1:172.21.15.105:6789/0] conn(0x7f03a0104d30 0x7f03a019c330 secure :-1 s=READY pgs=46 cs=0 l=1 rev1=1 crypto rx=0x7f0390003f80 tx=0x7f0390011ab0 comp rx=0 tx=0).stop
2024-03-16T11:13:13.282 INFO:teuthology.orchestra.run.smithi105.stdout:/usr/bin/ceph: stderr
2024-03-16T11:13:12.663+0000 7f03a6083700 1 -- 172.21.15.105:0/4213819876 shutdown_connections
2024-03-16T11:13:13.282 INFO:teuthology.orchestra.run.smithi105.stdout:/usr/bin/ceph: stderr
2024-03-16T11:13:12.663+0000 7f03a6083700 1 --2- 172.21.15.105:0/4213819876 >> [v2:172.21.15.105:6800/96777983,v1:172.21.15.105:6801/96777983] conn(0x7f0388038320 0x7f038803a7e0 unknown :-1 s=CLOSED pgs=11 cs=0 l=1 rev1=1 crypto rx=0 tx=0 comp rx=0 tx=0).stop
2024-03-16T11:13:13.282 INFO:teuthology.orchestra.run.smithi105.stdout:/usr/bin/ceph: stderr
2024-03-16T11:13:12.663+0000 7f03a6083700 1 --2- 172.21.15.105:0/4213819876 >> [v2:172.21.15.105:3300/0,v1:172.21.15.105:6789/0] conn(0x7f03a0104d30 0x7f03a019c330 unknown :-1 s=CLOSED pgs=46 cs=0 l=1 rev1=1 crypto rx=0 tx=0 comp rx=0 tx=0).stop
2024-03-16T11:13:13.282 INFO:teuthology.orchestra.run.smithi105.stdout:/usr/bin/ceph: stderr
2024-03-16T11:13:12.663+0000 7f03a6083700 1 -- 172.21.15.105:0/4213819876 >> 172.21.15.105:0/4213819876 conn(0x7f03a01008b0 msgr2=0x7f03a01908f0 unknown :-1 s=STATE_NONE l=0).mark_down
2024-03-16T11:13:13.282 INFO:teuthology.orchestra.run.smithi105.stdout:/usr/bin/ceph: stderr
2024-03-16T11:13:12.663+0000 7f03a6083700 1 -- 172.21.15.105:0/4213819876 shutdown_connections
2024-03-16T11:13:13.282 INFO:teuthology.orchestra.run.smithi105.stdout:/usr/bin/ceph: stderr
2024-03-16T11:13:12.663+0000 7f03a6083700 1 -- 172.21.15.105:0/4213819876 wait complete.
2024-03-16T11:13:13.282 INFO:teuthology.orchestra.run.smithi105.stdout:Deploying mon service with default placement...
2024-03-16T11:13:13.910 INFO:journalctl@ceph.mon.smithi105.smithi105.stdout:Mar 16 11:13:13 smithi105 ceph-mon[29233]: from='mgr.14120 172.21.15.105:0/1665111180' entity='mgr.smithi105.wbecil'
2024-03-16T11:13:13.910 INFO:journalctl@ceph.mon.smithi105.smithi105.stdout:Mar 16 11:13:13 smithi105 ceph-mon[29233]: Added host smithi105
2024-03-16T11:13:13.910 INFO:journalctl@ceph.mon.smithi105.smithi105.stdout:Mar 16 11:13:13 smithi105 ceph-mon[29233]: from='mgr.14120 172.21.15.105:0/1665111180' entity='mgr.smithi105.wbecil' cmd=[{"prefix": "config dump", "format": "json"}]: dispatch
2024-03-16T11:13:15.245 INFO:journalctl@ceph.mon.smithi105.smithi105.stdout:Mar 16 11:13:14 smithi105 ceph-mon[29233]: from='client.14142 -' entity='client.admin' cmd=[{"prefix": "orch apply", "service_type": "mon", "target": ["mon-mgr", ""]}]: dispatch
2024-03-16T11:13:15.245 INFO:journalctl@ceph.mon.smithi105.smithi105.stdout:Mar 16 11:13:14 smithi105 ceph-mon[29233]: Saving service mon spec with placement count:5
2024-03-16T11:13:15.245 INFO:journalctl@ceph.mon.smithi105.smithi105.stdout:Mar 16 11:13:14 smithi105 ceph-mon[29233]: from='mgr.14120 172.21.15.105:0/1665111180' entity='mgr.smithi105.wbecil'
2024-03-16T11:13:15.245 INFO:journalctl@ceph.mon.smithi105.smithi105.stdout:Mar 16 11:13:14 smithi105 ceph-mon[29233]: from='mgr.14120 172.21.15.105:0/1665111180' entity='mgr.smithi105.wbecil'
2024-03-16T11:13:15.357 INFO:teuthology.orchestra.run.smithi105.stdout:/usr/bin/ceph: stdout Scheduled mon update...
2024-03-16T11:13:15.357 INFO:teuthology.orchestra.run.smithi105.stdout:/usr/bin/ceph: stderr
2024-03-16T11:13:13.710+0000 7f4ab8eba700 1 Processor -- start
2024-03-16T11:13:15.358 INFO:teuthology.orchestra.run.smithi105.stdout:/usr/bin/ceph: stderr
2024-03-16T11:13:13.710+0000 7f4ab8eba700 1 -- start start
2024-03-16T11:13:15.358 INFO:teuthology.orchestra.run.smithi105.stdout:/usr/bin/ceph: stderr
2024-03-16T11:13:13.710+0000 7f4ab8eba700 1 --2- >> [v2:172.21.15.105:3300/0,v1:172.21.15.105:6789/0] conn(0x7f4ab4104730 0x7f4ab4104b50 unknown :-1 s=NONE pgs=0 cs=0 l=0 rev1=0 crypto rx=0 tx=0 comp rx=0 tx=0).connect
2024-03-16T11:13:15.358 INFO:teuthology.orchestra.run.smithi105.stdout:/usr/bin/ceph: stderr
2024-03-16T11:13:13.710+0000 7f4ab8eba700 1 -- --> [v2:172.21.15.105:3300/0,v1:172.21.15.105:6789/0] -- mon_getmap magic: 0 v1 -- 0x7f4ab4105120 con 0x7f4ab4104730
2024-03-16T11:13:15.358 INFO:teuthology.orchestra.run.smithi105.stdout:/usr/bin/ceph: stderr
2024-03-16T11:13:13.710+0000 7f4ab259c700 1 --2- >> [v2:172.21.15.105:3300/0,v1:172.21.15.105:6789/0] conn(0x7f4ab4104730 0x7f4ab4104b50 unknown :-1 s=BANNER_CONNECTING pgs=0 cs=0 l=0 rev1=0 crypto rx=0 tx=0 comp rx=0 tx=0)._handle_peer_banner_payload supported=3 required=0
2024-03-16T11:13:15.358 INFO:teuthology.orchestra.run.smithi105.stdout:/usr/bin/ceph: stderr
2024-03-16T11:13:13.710+0000 7f4ab259c700 1 --2- >> [v2:172.21.15.105:3300/0,v1:172.21.15.105:6789/0] conn(0x7f4ab4104730 0x7f4ab4104b50 unknown :-1 s=HELLO_CONNECTING pgs=0 cs=0 l=0 rev1=1 crypto rx=0 tx=0 comp rx=0 tx=0).handle_hello peer v2:172.21.15.105:3300/0 says I am v2:172.21.15.105:54854/0 (socket says 172.21.15.105:54854)
2024-03-16T11:13:15.358 INFO:teuthology.orchestra.run.smithi105.stdout:/usr/bin/ceph: stderr
