2024-03-16T11:13:04.324 INFO:teuthology.orchestra.run.smithi105.stdout:/usr/bin/ceph: stderr
2024-03-16T11:12:58.258+0000 7fb5b741d700 1 -- 172.21.15.105:0/187428574 --> [v2:172.21.15.105:3300/0,v1:172.21.15.105:6789/0] -- mon_subscribe({mgrmap=0+}) v3 -- 0x7fb5b019a880 con 0x7fb5b0106420
2024-03-16T11:13:04.324 INFO:teuthology.orchestra.run.smithi105.stdout:/usr/bin/ceph: stderr
2024-03-16T11:12:58.258+0000 7fb5a67fc700 1 -- 172.21.15.105:0/187428574 <== mon.0 v2:172.21.15.105:3300/0 3 ==== mon_map magic: 0 v1 ==== 229+0+0 (secure 0 0 0) 0x7fb5a00197b0 con 0x7fb5b0106420
2024-03-16T11:13:04.324 INFO:teuthology.orchestra.run.smithi105.stdout:/usr/bin/ceph: stderr
2024-03-16T11:12:58.258+0000 7fb5b741d700 1 -- 172.21.15.105:0/187428574 --> [v2:172.21.15.105:3300/0,v1:172.21.15.105:6789/0] -- mon_subscribe({osdmap=0}) v3 -- 0x7fb5b019ad20 con 0x7fb5b0106420
2024-03-16T11:13:04.324 INFO:teuthology.orchestra.run.smithi105.stdout:/usr/bin/ceph: stderr
2024-03-16T11:12:58.259+0000 7fb5a67fc700 1 -- 172.21.15.105:0/187428574 <== mon.0 v2:172.21.15.105:3300/0 4 ==== mgrmap(e 5) v1 ==== 45283+0+0 (secure 0 0 0) 0x7fb5a0019a20 con 0x7fb5b0106420
2024-03-16T11:13:04.325 INFO:teuthology.orchestra.run.smithi105.stdout:/usr/bin/ceph: stderr
2024-03-16T11:12:58.259+0000 7fb5a67fc700 1 --2- 172.21.15.105:0/187428574 >> [v2:172.21.15.105:6800/1178907019,v1:172.21.15.105:6801/1178907019] conn(0x7fb59c038320 0x7fb59c03a7e0 unknown :-1 s=NONE pgs=0 cs=0 l=1 rev1=0 crypto rx=0 tx=0 comp rx=0 tx=0).connect
2024-03-16T11:13:04.325 INFO:teuthology.orchestra.run.smithi105.stdout:/usr/bin/ceph: stderr
2024-03-16T11:12:58.259+0000 7fb5a67fc700 1 -- 172.21.15.105:0/187428574 --> [v2:172.21.15.105:6800/1178907019,v1:172.21.15.105:6801/1178907019] -- command(tid 0: {"prefix": "get_command_descriptions"}) v1 -- 0x7fb59c03aef0 con 0x7fb59c038320
2024-03-16T11:13:04.325 INFO:teuthology.orchestra.run.smithi105.stdout:/usr/bin/ceph: stderr
2024-03-16T11:12:58.259+0000 7fb5a67fc700 1 -- 172.21.15.105:0/187428574 <== mon.0 v2:172.21.15.105:3300/0 5 ==== osd_map(1..1 src has 1..1) v4 ==== 725+0+0 (secure 0 0 0) 0x7fb5a004c4e0 con 0x7fb5b0106420
2024-03-16T11:13:04.325 INFO:teuthology.orchestra.run.smithi105.stdout:/usr/bin/ceph: stderr
2024-03-16T11:12:58.259+0000 7fb5b49b8700 1 -- 172.21.15.105:0/187428574 >> [v2:172.21.15.105:6800/1178907019,v1:172.21.15.105:6801/1178907019] conn(0x7fb59c038320 msgr2=0x7fb59c03a7e0 unknown :-1 s=STATE_CONNECTING_RE l=1).process reconnect failed to v2:172.21.15.105:6800/1178907019
2024-03-16T11:13:04.325 INFO:teuthology.orchestra.run.smithi105.stdout:/usr/bin/ceph: stderr
2024-03-16T11:12:58.259+0000 7fb5b49b8700 1 --2- 172.21.15.105:0/187428574 >> [v2:172.21.15.105:6800/1178907019,v1:172.21.15.105:6801/1178907019] conn(0x7fb59c038320 0x7fb59c03a7e0 unknown :-1 s=START_CONNECT pgs=0 cs=0 l=1 rev1=0 crypto rx=0 tx=0 comp rx=0 tx=0)._fault waiting 0.200000
2024-03-16T11:13:04.325 INFO:teuthology.orchestra.run.smithi105.stdout:/usr/bin/ceph: stderr
2024-03-16T11:12:58.460+0000 7fb5b49b8700 1 -- 172.21.15.105:0/187428574 >> [v2:172.21.15.105:6800/1178907019,v1:172.21.15.105:6801/1178907019] conn(0x7fb59c038320 msgr2=0x7fb59c03a7e0 unknown :-1 s=STATE_CONNECTING_RE l=1).process reconnect failed to v2:172.21.15.105:6800/1178907019
2024-03-16T11:13:04.325 INFO:teuthology.orchestra.run.smithi105.stdout:/usr/bin/ceph: stderr
2024-03-16T11:12:58.460+0000 7fb5b49b8700 1 --2- 172.21.15.105:0/187428574 >> [v2:172.21.15.105:6800/1178907019,v1:172.21.15.105:6801/1178907019] conn(0x7fb59c038320 0x7fb59c03a7e0 unknown :-1 s=START_CONNECT pgs=0 cs=0 l=1 rev1=0 crypto rx=0 tx=0 comp rx=0 tx=0)._fault waiting 0.400000
2024-03-16T11:13:04.326 INFO:teuthology.orchestra.run.smithi105.stdout:/usr/bin/ceph: stderr
2024-03-16T11:12:58.861+0000 7fb5b49b8700 1 -- 172.21.15.105:0/187428574 >> [v2:172.21.15.105:6800/1178907019,v1:172.21.15.105:6801/1178907019] conn(0x7fb59c038320 msgr2=0x7fb59c03a7e0 unknown :-1 s=STATE_CONNECTING_RE l=1).process reconnect failed to v2:172.21.15.105:6800/1178907019
2024-03-16T11:13:04.326 INFO:teuthology.orchestra.run.smithi105.stdout:/usr/bin/ceph: stderr
2024-03-16T11:12:58.861+0000 7fb5b49b8700 1 --2- 172.21.15.105:0/187428574 >> [v2:172.21.15.105:6800/1178907019,v1:172.21.15.105:6801/1178907019] conn(0x7fb59c038320 0x7fb59c03a7e0 unknown :-1 s=START_CONNECT pgs=0 cs=0 l=1 rev1=0 crypto rx=0 tx=0 comp rx=0 tx=0)._fault waiting 0.800000
2024-03-16T11:13:04.326 INFO:teuthology.orchestra.run.smithi105.stdout:/usr/bin/ceph: stderr
2024-03-16T11:12:59.662+0000 7fb5b49b8700 1 -- 172.21.15.105:0/187428574 >> [v2:172.21.15.105:6800/1178907019,v1:172.21.15.105:6801/1178907019] conn(0x7fb59c038320 msgr2=0x7fb59c03a7e0 unknown :-1 s=STATE_CONNECTING_RE l=1).process reconnect failed to v2:172.21.15.105:6800/1178907019
2024-03-16T11:13:04.326 INFO:teuthology.orchestra.run.smithi105.stdout:/usr/bin/ceph: stderr
2024-03-16T11:12:59.662+0000 7fb5b49b8700 1 --2- 172.21.15.105:0/187428574 >> [v2:172.21.15.105:6800/1178907019,v1:172.21.15.105:6801/1178907019] conn(0x7fb59c038320 0x7fb59c03a7e0 unknown :-1 s=START_CONNECT pgs=0 cs=0 l=1 rev1=0 crypto rx=0 tx=0 comp rx=0 tx=0)._fault waiting 1.600000
2024-03-16T11:13:04.326 INFO:teuthology.orchestra.run.smithi105.stdout:/usr/bin/ceph: stderr
2024-03-16T11:13:01.263+0000 7fb5b49b8700 1 -- 172.21.15.105:0/187428574 >> [v2:172.21.15.105:6800/1178907019,v1:172.21.15.105:6801/1178907019] conn(0x7fb59c038320 msgr2=0x7fb59c03a7e0 unknown :-1 s=STATE_CONNECTING_RE l=1).process reconnect failed to v2:172.21.15.105:6800/1178907019
2024-03-16T11:13:04.326 INFO:teuthology.orchestra.run.smithi105.stdout:/usr/bin/ceph: stderr
2024-03-16T11:13:01.263+0000 7fb5b49b8700 1 --2- 172.21.15.105:0/187428574 >> [v2:172.21.15.105:6800/1178907019,v1:172.21.15.105:6801/1178907019] conn(0x7fb59c038320 0x7fb59c03a7e0 unknown :-1 s=START_CONNECT pgs=0 cs=0 l=1 rev1=0 crypto rx=0 tx=0 comp rx=0 tx=0)._fault waiting 3.200000
2024-03-16T11:13:04.327 INFO:teuthology.orchestra.run.smithi105.stdout:/usr/bin/ceph: stderr
2024-03-16T11:13:02.722+0000 7fb5a67fc700 1 -- 172.21.15.105:0/187428574 <== mon.0 v2:172.21.15.105:3300/0 6 ==== mgrmap(e 6) v1 ==== 45050+0+0 (secure 0 0 0) 0x7fb5a001a950 con 0x7fb5b0106420
2024-03-16T11:13:04.327 INFO:teuthology.orchestra.run.smithi105.stdout:/usr/bin/ceph: stderr
2024-03-16T11:13:02.722+0000 7fb5a67fc700 1 -- 172.21.15.105:0/187428574 >> [v2:172.21.15.105:6800/1178907019,v1:172.21.15.105:6801/1178907019] conn(0x7fb59c038320 msgr2=0x7fb59c03a7e0 unknown :-1 s=STATE_CONNECTING l=1).mark_down
2024-03-16T11:13:04.327 INFO:teuthology.orchestra.run.smithi105.stdout:/usr/bin/ceph: stderr
2024-03-16T11:13:02.722+0000 7fb5a67fc700 1 --2- 172.21.15.105:0/187428574 >> [v2:172.21.15.105:6800/1178907019,v1:172.21.15.105:6801/1178907019] conn(0x7fb59c038320 0x7fb59c03a7e0 unknown :-1 s=START_CONNECT pgs=0 cs=0 l=1 rev1=0 crypto rx=0 tx=0 comp rx=0 tx=0).stop
2024-03-16T11:13:04.327 INFO:teuthology.orchestra.run.smithi105.stdout:/usr/bin/ceph: stderr
2024-03-16T11:13:03.723+0000 7fb5a67fc700 1 -- 172.21.15.105:0/187428574 <== mon.0 v2:172.21.15.105:3300/0 7 ==== mgrmap(e 7) v1 ==== 45177+0+0 (secure 0 0 0) 0x7fb5a004dac0 con 0x7fb5b0106420
2024-03-16T11:13:04.327 INFO:teuthology.orchestra.run.smithi105.stdout:/usr/bin/ceph: stderr
2024-03-16T11:13:03.723+0000 7fb5a67fc700 1 --2- 172.21.15.105:0/187428574 >> [v2:172.21.15.105:6800/96777983,v1:172.21.15.105:6801/96777983] conn(0x7fb59c03bc00 0x7fb59c03dff0 unknown :-1 s=NONE pgs=0 cs=0 l=1 rev1=0 crypto rx=0 tx=0 comp rx=0 tx=0).connect
2024-03-16T11:13:04.327 INFO:teuthology.orchestra.run.smithi105.stdout:/usr/bin/ceph: stderr
2024-03-16T11:13:03.723+0000 7fb5a67fc700 1 -- 172.21.15.105:0/187428574 --> [v2:172.21.15.105:6800/96777983,v1:172.21.15.105:6801/96777983] -- command(tid 0: {"prefix": "get_command_descriptions"}) v1 -- 0x7fb59c03aef0 con 0x7fb59c03bc00
2024-03-16T11:13:04.328 INFO:teuthology.orchestra.run.smithi105.stdout:/usr/bin/ceph: stderr
2024-03-16T11:13:03.724+0000 7fb5b49b8700 1 --2- 172.21.15.105:0/187428574 >> [v2:172.21.15.105:6800/96777983,v1:172.21.15.105:6801/96777983] conn(0x7fb59c03bc00 0x7fb59c03dff0 unknown :-1 s=BANNER_CONNECTING pgs=0 cs=0 l=1 rev1=0 crypto rx=0 tx=0 comp rx=0 tx=0)._handle_peer_banner_payload supported=3 required=0
2024-03-16T11:13:04.328 INFO:teuthology.orchestra.run.smithi105.stdout:/usr/bin/ceph: stderr
2024-03-16T11:13:03.725+0000 7fb5b49b8700 1 --2- 172.21.15.105:0/187428574 >> [v2:172.21.15.105:6800/96777983,v1:172.21.15.105:6801/96777983] conn(0x7fb59c03bc00 0x7fb59c03dff0 secure :-1 s=READY pgs=1 cs=0 l=1 rev1=1 crypto rx=0x7fb5ac003a10 tx=0x7fb5ac0092b0 comp rx=0 tx=0).ready entity=mgr.14120 client_cookie=0 server_cookie=0 in_seq=0 out_seq=0
2024-03-16T11:13:04.328 INFO:teuthology.orchestra.run.smithi105.stdout:/usr/bin/ceph: stderr
2024-03-16T11:13:03.725+0000 7fb5a67fc700 1 -- 172.21.15.105:0/187428574 <== mgr.14120 v2:172.21.15.105:6800/96777983 1 ==== command_reply(tid 0: 0 ) v1 ==== 8+0+6910 (secure 0 0 0) 0x7fb59c03aef0 con 0x7fb59c03bc00
2024-03-16T11:13:04.328 INFO:teuthology.orchestra.run.smithi105.stdout:/usr/bin/ceph: stderr
2024-03-16T11:13:03.731+0000 7fb5b741d700 1 -- 172.21.15.105:0/187428574 --> [v2:172.21.15.105:6800/96777983,v1:172.21.15.105:6801/96777983] -- command(tid 1: {"prefix": "mgr_status"}) v1 -- 0x7fb5b019b480 con 0x7fb59c03bc00
2024-03-16T11:13:04.328 INFO:teuthology.orchestra.run.smithi105.stdout:/usr/bin/ceph: stderr
2024-03-16T11:13:03.731+0000 7fb5a67fc700 1 -- 172.21.15.105:0/187428574 <== mgr.14120 v2:172.21.15.105:6800/96777983 2 ==== command_reply(tid 1: 0 ) v1 ==== 8+0+51 (secure 0 0 0) 0x7fb5b019b480 con 0x7fb59c03bc00
2024-03-16T11:13:04.328 INFO:teuthology.orchestra.run.smithi105.stdout:/usr/bin/ceph: stderr
2024-03-16T11:13:03.732+0000 7fb5b741d700 1 -- 172.21.15.105:0/187428574 >> [v2:172.21.15.105:6800/96777983,v1:172.21.15.105:6801/96777983] conn(0x7fb59c03bc00 msgr2=0x7fb59c03dff0 secure :-1 s=STATE_CONNECTION_ESTABLISHED l=1).mark_down
2024-03-16T11:13:04.328 INFO:teuthology.orchestra.run.smithi105.stdout:/usr/bin/ceph: stderr
2024-03-16T11:13:03.732+0000 7fb5b741d700 1 --2- 172.21.15.105:0/187428574 >> [v2:172.21.15.105:6800/96777983,v1:172.21.15.105:6801/96777983] conn(0x7fb59c03bc00 0x7fb59c03dff0 secure :-1 s=READY pgs=1 cs=0 l=1 rev1=1 crypto rx=0x7fb5ac003a10 tx=0x7fb5ac0092b0 comp rx=0 tx=0).stop
2024-03-16T11:13:04.329 INFO:teuthology.orchestra.run.smithi105.stdout:/usr/bin/ceph: stderr
2024-03-16T11:13:03.732+0000 7fb5b741d700 1 -- 172.21.15.105:0/187428574 >> [v2:172.21.15.105:3300/0,v1:172.21.15.105:6789/0] conn(0x7fb5b0106420 msgr2=0x7fb5b019a140 secure :-1 s=STATE_CONNECTION_ESTABLISHED l=1).mark_down
2024-03-16T11:13:04.329 INFO:teuthology.orchestra.run.smithi105.stdout:/usr/bin/ceph: stderr
2024-03-16T11:13:03.732+0000 7fb5b741d700 1 --2- 172.21.15.105:0/187428574 >> [v2:172.21.15.105:3300/0,v1:172.21.15.105:6789/0] conn(0x7fb5b0106420 0x7fb5b019a140 secure :-1 s=READY pgs=29 cs=0 l=1 rev1=1 crypto rx=0x7fb5a0009520 tx=0x7fb5a0011ab0 comp rx=0 tx=0).stop
2024-03-16T11:13:04.329 INFO:teuthology.orchestra.run.smithi105.stdout:/usr/bin/ceph: stderr
2024-03-16T11:13:03.732+0000 7fb5b741d700 1 -- 172.21.15.105:0/187428574 shutdown_connections
2024-03-16T11:13:04.329 INFO:teuthology.orchestra.run.smithi105.stdout:/usr/bin/ceph: stderr
2024-03-16T11:13:03.732+0000 7fb5b741d700 1 --2- 172.21.15.105:0/187428574 >> [v2:172.21.15.105:6800/96777983,v1:172.21.15.105:6801/96777983] conn(0x7fb59c03bc00 0x7fb59c03dff0 unknown :-1 s=CLOSED pgs=1 cs=0 l=1 rev1=1 crypto rx=0 tx=0 comp rx=0 tx=0).stop
2024-03-16T11:13:04.329 INFO:teuthology.orchestra.run.smithi105.stdout:/usr/bin/ceph: stderr
2024-03-16T11:13:03.732+0000 7fb5b741d700 1 --2- 172.21.15.105:0/187428574 >> [v2:172.21.15.105:3300/0,v1:172.21.15.105:6789/0] conn(0x7fb5b0106420 0x7fb5b019a140 unknown :-1 s=CLOSED pgs=29 cs=0 l=1 rev1=1 crypto rx=0 tx=0 comp rx=0 tx=0).stop
2024-03-16T11:13:04.329 INFO:teuthology.orchestra.run.smithi105.stdout:/usr/bin/ceph: stderr
2024-03-16T11:13:03.732+0000 7fb5b741d700 1 --2- 172.21.15.105:0/187428574 >> [v2:172.21.15.105:6800/1178907019,v1:172.21.15.105:6801/1178907019] conn(0x7fb59c038320 0x7fb59c03a7e0 unknown :-1 s=CLOSED pgs=0 cs=0 l=1 rev1=0 crypto rx=0 tx=0 comp rx=0 tx=0).stop
2024-03-16T11:13:04.329 INFO:teuthology.orchestra.run.smithi105.stdout:/usr/bin/ceph: stderr
2024-03-16T11:13:03.732+0000 7fb5b741d700 1 -- 172.21.15.105:0/187428574 >> 172.21.15.105:0/187428574 conn(0x7fb5b0101a00 msgr2=0x7fb5b01030d0 unknown :-1 s=STATE_NONE l=0).mark_down
2024-03-16T11:13:04.330 INFO:teuthology.orchestra.run.smithi105.stdout:/usr/bin/ceph: stderr
2024-03-16T11:13:03.732+0000 7fb5b741d700 1 -- 172.21.15.105:0/187428574 shutdown_connections
2024-03-16T11:13:04.330 INFO:teuthology.orchestra.run.smithi105.stdout:/usr/bin/ceph: stderr
2024-03-16T11:13:03.732+0000 7fb5b741d700 1 -- 172.21.15.105:0/187428574 wait complete.
2024-03-16T11:13:04.330 INFO:teuthology.orchestra.run.smithi105.stdout:mgr epoch 5 is available
2024-03-16T11:13:04.330 INFO:teuthology.orchestra.run.smithi105.stdout:Setting orchestrator backend to cephadm...
2024-03-16T11:13:04.936 INFO:journalctl@ceph.mon.smithi105.smithi105.stdout:Mar 16 11:13:04 smithi105 ceph-mon[29233]: from='client.14124 -' entity='client.admin' cmd=[{"prefix": "get_command_descriptions"}]: dispatch
2024-03-16T11:13:04.936 INFO:journalctl@ceph.mon.smithi105.smithi105.stdout:Mar 16 11:13:04 smithi105 ceph-mon[29233]: from='client.14124 -' entity='client.admin' cmd=[{"prefix": "mgr_status"}]: dispatch
2024-03-16T11:13:05.533 INFO:teuthology.orchestra.run.smithi105.stdout:/usr/bin/ceph: stderr
2024-03-16T11:13:04.721+0000 7f1f75a3f700 1 Processor -- start
2024-03-16T11:13:05.533 INFO:teuthology.orchestra.run.smithi105.stdout:/usr/bin/ceph: stderr
2024-03-16T11:13:04.721+0000 7f1f75a3f700 1 -- start start
2024-03-16T11:13:05.534 INFO:teuthology.orchestra.run.smithi105.stdout:/usr/bin/ceph: stderr
2024-03-16T11:13:04.721+0000 7f1f75a3f700 1 --2- >> [v2:172.21.15.105:3300/0,v1:172.21.15.105:6789/0] conn(0x7f1f70106f00 0x7f1f701092f0 unknown :-1 s=NONE pgs=0 cs=0 l=0 rev1=0 crypto rx=0 tx=0 comp rx=0 tx=0).connect
2024-03-16T11:13:05.534 INFO:teuthology.orchestra.run.smithi105.stdout:/usr/bin/ceph: stderr
2024-03-16T11:13:04.721+0000 7f1f75a3f700 1 -- --> [v2:172.21.15.105:3300/0,v1:172.21.15.105:6789/0] -- mon_getmap magic: 0 v1 -- 0x7f1f70079e60 con 0x7f1f70106f00
2024-03-16T11:13:05.534 INFO:teuthology.orchestra.run.smithi105.stdout:/usr/bin/ceph: stderr
2024-03-16T11:13:04.722+0000 7f1f6effd700 1 --2- >> [v2:172.21.15.105:3300/0,v1:172.21.15.105:6789/0] conn(0x7f1f70106f00 0x7f1f701092f0 unknown :-1 s=BANNER_CONNECTING pgs=0 cs=0 l=0 rev1=0 crypto rx=0 tx=0 comp rx=0 tx=0)._handle_peer_banner_payload supported=3 required=0
2024-03-16T11:13:05.534 INFO:teuthology.orchestra.run.smithi105.stdout:/usr/bin/ceph: stderr
2024-03-16T11:13:04.722+0000 7f1f6effd700 1 --2- >> [v2:172.21.15.105:3300/0,v1:172.21.15.105:6789/0] conn(0x7f1f70106f00 0x7f1f701092f0 unknown :-1 s=HELLO_CONNECTING pgs=0 cs=0 l=0 rev1=1 crypto rx=0 tx=0 comp rx=0 tx=0).handle_hello peer v2:172.21.15.105:3300/0 says I am v2:172.21.15.105:47696/0 (socket says 172.21.15.105:47696)
2024-03-16T11:13:05.534 INFO:teuthology.orchestra.run.smithi105.stdout:/usr/bin/ceph: stderr
2024-03-16T11:13:04.722+0000 7f1f6effd700 1 -- 172.21.15.105:0/3538702890 learned_addr learned my addr 172.21.15.105:0/3538702890 (peer_addr_for_me v2:172.21.15.105:0/0)
2024-03-16T11:13:05.534 INFO:teuthology.orchestra.run.smithi105.stdout:/usr/bin/ceph: stderr
2024-03-16T11:13:04.722+0000 7f1f6effd700 1 -- 172.21.15.105:0/3538702890 --> [v2:172.21.15.105:3300/0,v1:172.21.15.105:6789/0] -- mon_subscribe({config=0+,monmap=0+}) v3 -- 0x7f1f70109830 con 0x7f1f70106f00
2024-03-16T11:13:05.534 INFO:teuthology.orchestra.run.smithi105.stdout:/usr/bin/ceph: stderr
2024-03-16T11:13:04.722+0000 7f1f6effd700 1 --2- 172.21.15.105:0/3538702890 >> [v2:172.21.15.105:3300/0,v1:172.21.15.105:6789/0] conn(0x7f1f70106f00 0x7f1f701092f0 secure :-1 s=READY pgs=37 cs=0 l=1 rev1=1 crypto rx=0x7f1f680098a0 tx=0x7f1f68009bb0 comp rx=0 tx=0).ready entity=mon.0 client_cookie=672f6cb498577bc3 server_cookie=0 in_seq=0 out_seq=0
2024-03-16T11:13:05.534 INFO:teuthology.orchestra.run.smithi105.stdout:/usr/bin/ceph: stderr
2024-03-16T11:13:04.722+0000 7f1f6dffb700 1 -- 172.21.15.105:0/3538702890 <== mon.0 v2:172.21.15.105:3300/0 1 ==== mon_map magic: 0 v1 ==== 229+0+0 (secure 0 0 0) 0x7f1f68004180 con 0x7f1f70106f00
2024-03-16T11:13:05.534 INFO:teuthology.orchestra.run.smithi105.stdout:/usr/bin/ceph: stderr
2024-03-16T11:13:04.722+0000 7f1f6dffb700 1 -- 172.21.15.105:0/3538702890 <== mon.0 v2:172.21.15.105:3300/0 2 ==== config(27 keys) v1 ==== 1037+0+0 (secure 0 0 0) 0x7f1f680042e0 con 0x7f1f70106f00
2024-03-16T11:13:05.534 INFO:teuthology.orchestra.run.smithi105.stdout:/usr/bin/ceph: stderr
2024-03-16T11:13:04.722+0000 7f1f6dffb700 1 -- 172.21.15.105:0/3538702890 <== mon.0 v2:172.21.15.105:3300/0 3 ==== mon_map magic: 0 v1 ==== 229+0+0 (secure 0 0 0) 0x7f1f68011a50 con 0x7f1f70106f00
2024-03-16T11:13:05.534 INFO:teuthology.orchestra.run.smithi105.stdout:/usr/bin/ceph: stderr
2024-03-16T11:13:04.723+0000 7f1f75a3f700 1 -- 172.21.15.105:0/3538702890 >> [v2:172.21.15.105:3300/0,v1:172.21.15.105:6789/0] conn(0x7f1f70106f00 msgr2=0x7f1f701092f0 secure :-1 s=STATE_CONNECTION_ESTABLISHED l=1).mark_down
2024-03-16T11:13:05.534 INFO:teuthology.orchestra.run.smithi105.stdout:/usr/bin/ceph: stderr
2024-03-16T11:13:04.723+0000 7f1f75a3f700 1 --2- 172.21.15.105:0/3538702890 >> [v2:172.21.15.105:3300/0,v1:172.21.15.105:6789/0] conn(0x7f1f70106f00 0x7f1f701092f0 secure :-1 s=READY pgs=37 cs=0 l=1 rev1=1 crypto rx=0x7f1f680098a0 tx=0x7f1f68009bb0 comp rx=0 tx=0).stop
2024-03-16T11:13:05.534 INFO:teuthology.orchestra.run.smithi105.stdout:/usr/bin/ceph: stderr
2024-03-16T11:13:04.723+0000 7f1f75a3f700 1 -- 172.21.15.105:0/3538702890 shutdown_connections
2024-03-16T11:13:05.535 INFO:teuthology.orchestra.run.smithi105.stdout:/usr/bin/ceph: stderr
2024-03-16T11:13:04.723+0000 7f1f75a3f700 1 --2- 172.21.15.105:0/3538702890 >> [v2:172.21.15.105:3300/0,v1:172.21.15.105:6789/0] conn(0x7f1f70106f00 0x7f1f701092f0 unknown :-1 s=CLOSED pgs=37 cs=0 l=1 rev1=1 crypto rx=0 tx=0 comp rx=0 tx=0).stop
2024-03-16T11:13:05.535 INFO:teuthology.orchestra.run.smithi105.stdout:/usr/bin/ceph: stderr
2024-03-16T11:13:04.723+0000 7f1f75a3f700 1 -- 172.21.15.105:0/3538702890 >> 172.21.15.105:0/3538702890 conn(0x7f1f701008b0 msgr2=0x7f1f70102d10 unknown :-1 s=STATE_NONE l=0).mark_down
2024-03-16T11:13:05.535 INFO:teuthology.orchestra.run.smithi105.stdout:/usr/bin/ceph: stderr
2024-03-16T11:13:04.723+0000 7f1f75a3f700 1 -- 172.21.15.105:0/3538702890 shutdown_connections
2024-03-16T11:13:05.535 INFO:teuthology.orchestra.run.smithi105.stdout:/usr/bin/ceph: stderr
2024-03-16T11:13:04.723+0000 7f1f75a3f700 1 -- 172.21.15.105:0/3538702890 wait complete.
2024-03-16T11:13:05.535 INFO:teuthology.orchestra.run.smithi105.stdout:/usr/bin/ceph: stderr
2024-03-16T11:13:04.723+0000 7f1f75a3f700 1 Processor -- start
2024-03-16T11:13:05.535 INFO:teuthology.orchestra.run.smithi105.stdout:/usr/bin/ceph: stderr
2024-03-16T11:13:04.724+0000 7f1f75a3f700 1 -- start start
2024-03-16T11:13:05.535 INFO:teuthology.orchestra.run.smithi105.stdout:/usr/bin/ceph: stderr
2024-03-16T11:13:04.724+0000 7f1f75a3f700 1 --2- >> [v2:172.21.15.105:3300/0,v1:172.21.15.105:6789/0] conn(0x7f1f70106f00 0x7f1f70106860 unknown :-1 s=NONE pgs=0 cs=0 l=1 rev1=0 crypto rx=0 tx=0 comp rx=0 tx=0).connect
2024-03-16T11:13:05.535 INFO:teuthology.orchestra.run.smithi105.stdout:/usr/bin/ceph: stderr
2024-03-16T11:13:04.724+0000 7f1f75a3f700 1 -- --> [v2:172.21.15.105:3300/0,v1:172.21.15.105:6789/0] -- mon_getmap magic: 0 v1 -- 0x7f1f70106da0 con 0x7f1f70106f00
2024-03-16T11:13:05.535 INFO:teuthology.orchestra.run.smithi105.stdout:/usr/bin/ceph: stderr
2024-03-16T11:13:04.724+0000 7f1f6effd700 1 --2- >> [v2:172.21.15.105:3300/0,v1:172.21.15.105:6789/0] conn(0x7f1f70106f00 0x7f1f70106860 unknown :-1 s=BANNER_CONNECTING pgs=0 cs=0 l=1 rev1=0 crypto rx=0 tx=0 comp rx=0 tx=0)._handle_peer_banner_payload supported=3 required=0
2024-03-16T11:13:05.535 INFO:teuthology.orchestra.run.smithi105.stdout:/usr/bin/ceph: stderr
2024-03-16T11:13:04.724+0000 7f1f6effd700 1 --2- >> [v2:172.21.15.105:3300/0,v1:172.21.15.105:6789/0] conn(0x7f1f70106f00 0x7f1f70106860 unknown :-1 s=HELLO_CONNECTING pgs=0 cs=0 l=1 rev1=1 crypto rx=0 tx=0 comp rx=0 tx=0).handle_hello peer v2:172.21.15.105:3300/0 says I am v2:172.21.15.105:47706/0 (socket says 172.21.15.105:47706)
2024-03-16T11:13:05.535 INFO:teuthology.orchestra.run.smithi105.stdout:/usr/bin/ceph: stderr
2024-03-16T11:13:04.724+0000 7f1f6effd700 1 -- 172.21.15.105:0/60928217 learned_addr learned my addr 172.21.15.105:0/60928217 (peer_addr_for_me v2:172.21.15.105:0/0)
2024-03-16T11:13:05.535 INFO:teuthology.orchestra.run.smithi105.stdout:/usr/bin/ceph: stderr
2024-03-16T11:13:04.724+0000 7f1f6effd700 1 -- 172.21.15.105:0/60928217 --> [v2:172.21.15.105:3300/0,v1:172.21.15.105:6789/0] -- mon_subscribe({config=0+,monmap=0+}) v3 -- 0x7f1f68009550 con 0x7f1f70106f00
2024-03-16T11:13:05.536 INFO:teuthology.orchestra.run.smithi105.stdout:/usr/bin/ceph: stderr
2024-03-16T11:13:04.724+0000 7f1f6effd700 1 --2- 172.21.15.105:0/60928217 >> [v2:172.21.15.105:3300/0,v1:172.21.15.105:6789/0] conn(0x7f1f70106f00 0x7f1f70106860 secure :-1 s=READY pgs=38 cs=0 l=1 rev1=1 crypto rx=0x7f1f68003f80 tx=0x7f1f68011ab0 comp rx=0 tx=0).ready entity=mon.0 client_cookie=0 server_cookie=0 in_seq=0 out_seq=0
2024-03-16T11:13:05.536 INFO:teuthology.orchestra.run.smithi105.stdout:/usr/bin/ceph: stderr
2024-03-16T11:13:04.724+0000 7f1f74a3d700 1 -- 172.21.15.105:0/60928217 <== mon.0 v2:172.21.15.105:3300/0 1 ==== mon_map magic: 0 v1 ==== 229+0+0 (secure 0 0 0) 0x7f1f68003a80 con 0x7f1f70106f00
2024-03-16T11:13:05.536 INFO:teuthology.orchestra.run.smithi105.stdout:/usr/bin/ceph: stderr
2024-03-16T11:13:04.724+0000 7f1f74a3d700 1 -- 172.21.15.105:0/60928217 <== mon.0 v2:172.21.15.105:3300/0 2 ==== config(27 keys) v1 ==== 1037+0+0 (secure 0 0 0) 0x7f1f68003be0 con 0x7f1f70106f00
2024-03-16T11:13:05.536 INFO:teuthology.orchestra.run.smithi105.stdout:/usr/bin/ceph: stderr
2024-03-16T11:13:04.724+0000 7f1f75a3f700 1 -- 172.21.15.105:0/60928217 --> [v2:172.21.15.105:3300/0,v1:172.21.15.105:6789/0] -- mon_subscribe({mgrmap=0+}) v3 -- 0x7f1f70104eb0 con 0x7f1f70106f00
2024-03-16T11:13:05.536 INFO:teuthology.orchestra.run.smithi105.stdout:/usr/bin/ceph: stderr
2024-03-16T11:13:04.724+0000 7f1f74a3d700 1 -- 172.21.15.105:0/60928217 <== mon.0 v2:172.21.15.105:3300/0 3 ==== mon_map magic: 0 v1 ==== 229+0+0 (secure 0 0 0) 0x7f1f68019820 con 0x7f1f70106f00
2024-03-16T11:13:05.536 INFO:teuthology.orchestra.run.smithi105.stdout:/usr/bin/ceph: stderr
2024-03-16T11:13:04.724+0000 7f1f75a3f700 1 -- 172.21.15.105:0/60928217 --> [v2:172.21.15.105:3300/0,v1:172.21.15.105:6789/0] -- mon_subscribe({osdmap=0}) v3 -- 0x7f1f70105350 con 0x7f1f70106f00
2024-03-16T11:13:05.536 INFO:teuthology.orchestra.run.smithi105.stdout:/usr/bin/ceph: stderr
2024-03-16T11:13:04.725+0000 7f1f74a3d700 1 -- 172.21.15.105:0/60928217 <== mon.0 v2:172.21.15.105:3300/0 4 ==== mgrmap(e 7) v1 ==== 45177+0+0 (secure 0 0 0) 0x7f1f6801a430 con 0x7f1f70106f00
2024-03-16T11:13:05.536 INFO:teuthology.orchestra.run.smithi105.stdout:/usr/bin/ceph: stderr
2024-03-16T11:13:04.725+0000 7f1f74a3d700 1 --2- 172.21.15.105:0/60928217 >> [v2:172.21.15.105:6800/96777983,v1:172.21.15.105:6801/96777983] conn(0x7f1f580381f0 0x7f1f5803a6b0 unknown :-1 s=NONE pgs=0 cs=0 l=1 rev1=0 crypto rx=0 tx=0 comp rx=0 tx=0).connect
2024-03-16T11:13:05.536 INFO:teuthology.orchestra.run.smithi105.stdout:/usr/bin/ceph: stderr
2024-03-16T11:13:04.725+0000 7f1f75a3f700 1 -- 172.21.15.105:0/60928217 --> [v2:172.21.15.105:3300/0,v1:172.21.15.105:6789/0] -- mon_command({"prefix": "get_command_descriptions"} v 0) v1 -- 0x7f1f7010a550 con 0x7f1f70106f00
2024-03-16T11:13:05.537 INFO:teuthology.orchestra.run.smithi105.stdout:/usr/bin/ceph: stderr
2024-03-16T11:13:04.725+0000 7f1f74a3d700 1 -- 172.21.15.105:0/60928217 <== mon.0 v2:172.21.15.105:3300/0 5 ==== osd_map(2..2 src has 1..2) v4 ==== 940+0+0 (secure 0 0 0) 0x7f1f6804c330 con 0x7f1f70106f00
2024-03-16T11:13:05.537 INFO:teuthology.orchestra.run.smithi105.stdout:/usr/bin/ceph: stderr
2024-03-16T11:13:04.726+0000 7f1f6e7fc700 1 --2- 172.21.15.105:0/60928217 >> [v2:172.21.15.105:6800/96777983,v1:172.21.15.105:6801/96777983] conn(0x7f1f580381f0 0x7f1f5803a6b0 unknown :-1 s=BANNER_CONNECTING pgs=0 cs=0 l=1 rev1=0 crypto rx=0 tx=0 comp rx=0 tx=0)._handle_peer_banner_payload supported=3 required=0
2024-03-16T11:13:05.537 INFO:teuthology.orchestra.run.smithi105.stdout:/usr/bin/ceph: stderr
2024-03-16T11:13:04.726+0000 7f1f6e7fc700 1 --2- 172.21.15.105:0/60928217 >> [v2:172.21.15.105:6800/96777983,v1:172.21.15.105:6801/96777983] conn(0x7f1f580381f0 0x7f1f5803a6b0 secure :-1 s=READY pgs=7 cs=0 l=1 rev1=1 crypto rx=0x7f1f6400ad30 tx=0x7f1f640093f0 comp rx=0 tx=0).ready entity=mgr.14120 client_cookie=0 server_cookie=0 in_seq=0 out_seq=0
2024-03-16T11:13:05.537 INFO:teuthology.orchestra.run.smithi105.stdout:/usr/bin/ceph: stderr
2024-03-16T11:13:04.730+0000 7f1f74a3d700 1 -- 172.21.15.105:0/60928217 <== mon.0 v2:172.21.15.105:3300/0 6 ==== mon_command_ack([{"prefix": "get_command_descriptions"}]=0 v0) v1 ==== 72+0+180422 (secure 0 0 0) 0x7f1f68018530 con 0x7f1f70106f00
2024-03-16T11:13:05.537 INFO:teuthology.orchestra.run.smithi105.stdout:/usr/bin/ceph: stderr
2024-03-16T11:13:04.775+0000 7f1f74a3d700 1 -- 172.21.15.105:0/60928217 <== mon.0 v2:172.21.15.105:3300/0 7 ==== mgrmap(e 8) v1 ==== 45283+0+0 (secure 0 0 0) 0x7f1f6802d440 con 0x7f1f70106f00
2024-03-16T11:13:05.537 INFO:teuthology.orchestra.run.smithi105.stdout:/usr/bin/ceph: stderr
2024-03-16T11:13:04.935+0000 7f1f75a3f700 1 -- 172.21.15.105:0/60928217 --> [v2:172.21.15.105:6800/96777983,v1:172.21.15.105:6801/96777983] -- mgr_command(tid 0: {"prefix": "orch set backend", "module_name": "cephadm", "target": ["mon-mgr", ""]}) v1 -- 0x7f1f70102c10 con 0x7f1f580381f0
2024-03-16T11:13:05.537 INFO:teuthology.orchestra.run.smithi105.stdout:/usr/bin/ceph: stderr
2024-03-16T11:13:04.944+0000 7f1f74a3d700 1 -- 172.21.15.105:0/60928217 <== mgr.14120 v2:172.21.15.105:6800/96777983 1 ==== mgr_command_reply(tid 0: 0 ) v1 ==== 8+0+0 (secure 0 0 0) 0x7f1f70102c10 con 0x7f1f580381f0
2024-03-16T11:13:05.538 INFO:teuthology.orchestra.run.smithi105.stdout:/usr/bin/ceph: stderr
2024-03-16T11:13:04.947+0000 7f1f75a3f700 1 -- 172.21.15.105:0/60928217 >> [v2:172.21.15.105:6800/96777983,v1:172.21.15.105:6801/96777983] conn(0x7f1f580381f0 msgr2=0x7f1f5803a6b0 secure :-1 s=STATE_CONNECTION_ESTABLISHED l=1).mark_down
2024-03-16T11:13:05.538 INFO:teuthology.orchestra.run.smithi105.stdout:/usr/bin/ceph: stderr
2024-03-16T11:13:04.947+0000 7f1f75a3f700 1 --2- 172.21.15.105:0/60928217 >> [v2:172.21.15.105:6800/96777983,v1:172.21.15.105:6801/96777983] conn(0x7f1f580381f0 0x7f1f5803a6b0 secure :-1 s=READY pgs=7 cs=0 l=1 rev1=1 crypto rx=0x7f1f6400ad30 tx=0x7f1f640093f0 comp rx=0 tx=0).stop
2024-03-16T11:13:05.538 INFO:teuthology.orchestra.run.smithi105.stdout:/usr/bin/ceph: stderr
2024-03-16T11:13:04.947+0000 7f1f75a3f700 1 -- 172.21.15.105:0/60928217 >> [v2:172.21.15.105:3300/0,v1:172.21.15.105:6789/0] conn(0x7f1f70106f00 msgr2=0x7f1f70106860 secure :-1 s=STATE_CONNECTION_ESTABLISHED l=1).mark_down
2024-03-16T11:13:05.538 INFO:teuthology.orchestra.run.smithi105.stdout:/usr/bin/ceph: stderr
2024-03-16T11:13:04.947+0000 7f1f75a3f700 1 --2- 172.21.15.105:0/60928217 >> [v2:172.21.15.105:3300/0,v1:172.21.15.105:6789/0] conn(0x7f1f70106f00 0x7f1f70106860 secure :-1 s=READY pgs=38 cs=0 l=1 rev1=1 crypto rx=0x7f1f68003f80 tx=0x7f1f68011ab0 comp rx=0 tx=0).stop
2024-03-16T11:13:05.538 INFO:teuthology.orchestra.run.smithi105.stdout:/usr/bin/ceph: stderr
2024-03-16T11:13:04.947+0000 7f1f75a3f700 1 -- 172.21.15.105:0/60928217 shutdown_connections
2024-03-16T11:13:05.538 INFO:teuthology.orchestra.run.smithi105.stdout:/usr/bin/ceph: stderr
2024-03-16T11:13:04.947+0000 7f1f75a3f700 1 --2- 172.21.15.105:0/60928217 >> [v2:172.21.15.105:6800/96777983,v1:172.21.15.105:6801/96777983] conn(0x7f1f580381f0 0x7f1f5803a6b0 unknown :-1 s=CLOSED pgs=7 cs=0 l=1 rev1=1 crypto rx=0 tx=0 comp rx=0 tx=0).stop
2024-03-16T11:13:05.538 INFO:teuthology.orchestra.run.smithi105.stdout:/usr/bin/ceph: stderr
2024-03-16T11:13:04.947+0000 7f1f75a3f700 1 --2- 172.21.15.105:0/60928217 >> [v2:172.21.15.105:3300/0,v1:172.21.15.105:6789/0] conn(0x7f1f70106f00 0x7f1f70106860 unknown :-1 s=CLOSED pgs=38 cs=0 l=1 rev1=1 crypto rx=0 tx=0 comp rx=0 tx=0).stop
2024-03-16T11:13:05.538 INFO:teuthology.orchestra.run.smithi105.stdout:/usr/bin/ceph: stderr
2024-03-16T11:13:04.947+0000 7f1f75a3f700 1 -- 172.21.15.105:0/60928217 >> 172.21.15.105:0/60928217 conn(0x7f1f701008b0 msgr2=0x7f1f70101ff0 unknown :-1 s=STATE_NONE l=0).mark_down
2024-03-16T11:13:05.538 INFO:teuthology.orchestra.run.smithi105.stdout:/usr/bin/ceph: stderr
2024-03-16T11:13:04.947+0000 7f1f75a3f700 1 -- 172.21.15.105:0/60928217 shutdown_connections
2024-03-16T11:13:05.538 INFO:teuthology.orchestra.run.smithi105.stdout:/usr/bin/ceph: stderr
2024-03-16T11:13:04.947+0000 7f1f75a3f700 1 -- 172.21.15.105:0/60928217 wait complete.
2024-03-16T11:13:06.170 INFO:journalctl@ceph.mon.smithi105.smithi105.stdout:Mar 16 11:13:05 smithi105 ceph-mon[29233]: [16/Mar/2024:11:13:04] ENGINE Bus STARTING
2024-03-16T11:13:06.170 INFO:journalctl@ceph.mon.smithi105.smithi105.stdout:Mar 16 11:13:05 smithi105 ceph-mon[29233]: [16/Mar/2024:11:13:04] ENGINE Serving on https://172.21.15.105:7150
2024-03-16T11:13:06.170 INFO:journalctl@ceph.mon.smithi105.smithi105.stdout:Mar 16 11:13:05 smithi105 ceph-mon[29233]: [16/Mar/2024:11:13:04] ENGINE Serving on http://172.21.15.105:8765
2024-03-16T11:13:06.170 INFO:journalctl@ceph.mon.smithi105.smithi105.stdout:Mar 16 11:13:05 smithi105 ceph-mon[29233]: [16/Mar/2024:11:13:04] ENGINE Bus STARTED
2024-03-16T11:13:06.170 INFO:journalctl@ceph.mon.smithi105.smithi105.stdout:Mar 16 11:13:05 smithi105 ceph-mon[29233]: mgrmap e8: smithi105.wbecil(active, since 2s)
2024-03-16T11:13:06.170 INFO:journalctl@ceph.mon.smithi105.smithi105.stdout:Mar 16 11:13:05 smithi105 ceph-mon[29233]: from='mgr.14120 172.21.15.105:0/1665111180' entity='mgr.smithi105.wbecil' cmd=[{"prefix": "config dump", "format": "json"}]: dispatch
2024-03-16T11:13:06.170 INFO:journalctl@ceph.mon.smithi105.smithi105.stdout:Mar 16 11:13:05 smithi105 ceph-mon[29233]: from='client.14132 -' entity='client.admin' cmd=[{"prefix": "orch set backend", "module_name": "cephadm", "target": ["mon-mgr", ""]}]: dispatch
2024-03-16T11:13:06.171 INFO:journalctl@ceph.mon.smithi105.smithi105.stdout:Mar 16 11:13:05 smithi105 ceph-mon[29233]: from='mgr.14120 172.21.15.105:0/1665111180' entity='mgr.smithi105.wbecil'
2024-03-16T11:13:06.171 INFO:journalctl@ceph.mon.smithi105.smithi105.stdout:Mar 16 11:13:05 smithi105 ceph-mon[29233]: from='mgr.14120 172.21.15.105:0/1665111180' entity='mgr.smithi105.wbecil' cmd=[{"prefix": "config dump", "format": "json"}]: dispatch
2024-03-16T11:13:06.731 INFO:teuthology.orchestra.run.smithi105.stdout:/usr/bin/ceph: stdout value unchanged
2024-03-16T11:13:06.732 INFO:teuthology.orchestra.run.smithi105.stdout:/usr/bin/ceph: stderr
2024-03-16T11:13:05.968+0000 7f33a8f21700 1 Processor -- start
2024-03-16T11:13:06.732 INFO:teuthology.orchestra.run.smithi105.stdout:/usr/bin/ceph: stderr
2024-03-16T11:13:05.968+0000 7f33a8f21700 1 -- start start
2024-03-16T11:13:06.732 INFO:teuthology.orchestra.run.smithi105.stdout:/usr/bin/ceph: stderr
2024-03-16T11:13:05.968+0000 7f33a8f21700 1 --2- >> [v2:172.21.15.105:3300/0,v1:172.21.15.105:6789/0] conn(0x7f33a407be90 0x7f33a407a2f0 unknown :-1 s=NONE pgs=0 cs=0 l=0 rev1=0 crypto rx=0 tx=0 comp rx=0 tx=0).connect
2024-03-16T11:13:06.732 INFO:teuthology.orchestra.run.smithi105.stdout:/usr/bin/ceph: stderr
2024-03-16T11:13:05.968+0000 7f33a8f21700 1 -- --> [v2:172.21.15.105:3300/0,v1:172.21.15.105:6789/0] -- mon_getmap magic: 0 v1 -- 0x7f33a407a8c0 con 0x7f33a407be90
2024-03-16T11:13:06.732 INFO:teuthology.orchestra.run.smithi105.stdout:/usr/bin/ceph: stderr
2024-03-16T11:13:05.968+0000 7f33a259c700 1 --2- >> [v2:172.21.15.105:3300/0,v1:172.21.15.105:6789/0] conn(0x7f33a407be90 0x7f33a407a2f0 unknown :-1 s=BANNER_CONNECTING pgs=0 cs=0 l=0 rev1=0 crypto rx=0 tx=0 comp rx=0 tx=0)._handle_peer_banner_payload supported=3 required=0
2024-03-16T11:13:06.732 INFO:teuthology.orchestra.run.smithi105.stdout:/usr/bin/ceph: stderr
2024-03-16T11:13:05.968+0000 7f33a259c700 1 --2- >> [v2:172.21.15.105:3300/0,v1:172.21.15.105:6789/0] conn(0x7f33a407be90 0x7f33a407a2f0 unknown :-1 s=HELLO_CONNECTING pgs=0 cs=0 l=0 rev1=1 crypto rx=0 tx=0 comp rx=0 tx=0).handle_hello peer v2:172.21.15.105:3300/0 says I am v2:172.21.15.105:47718/0 (socket says 172.21.15.105:47718)
2024-03-16T11:13:06.732 INFO:teuthology.orchestra.run.smithi105.stdout:/usr/bin/ceph: stderr
2024-03-16T11:13:05.968+0000 7f33a259c700 1 -- 172.21.15.105:0/1899473578 learned_addr learned my addr 172.21.15.105:0/1899473578 (peer_addr_for_me v2:172.21.15.105:0/0)
2024-03-16T11:13:06.732 INFO:teuthology.orchestra.run.smithi105.stdout:/usr/bin/ceph: stderr
2024-03-16T11:13:05.968+0000 7f33a259c700 1 -- 172.21.15.105:0/1899473578 --> [v2:172.21.15.105:3300/0,v1:172.21.15.105:6789/0] -- mon_subscribe({config=0+,monmap=0+}) v3 -- 0x7f33a407aa00 con 0x7f33a407be90
2024-03-16T11:13:06.732 INFO:teuthology.orchestra.run.smithi105.stdout:/usr/bin/ceph: stderr
2024-03-16T11:13:05.969+0000 7f33a259c700 1 --2- 172.21.15.105:0/1899473578 >> [v2:172.21.15.105:3300/0,v1:172.21.15.105:6789/0] conn(0x7f33a407be90 0x7f33a407a2f0 secure :-1 s=READY pgs=39 cs=0 l=1 rev1=1 crypto rx=0x7f33980098a0 tx=0x7f3398009bb0 comp rx=0 tx=0).ready entity=mon.0 client_cookie=f32125d53df4fbbe server_cookie=0 in_seq=0 out_seq=0
2024-03-16T11:13:06.732 INFO:teuthology.orchestra.run.smithi105.stdout:/usr/bin/ceph: stderr
2024-03-16T11:13:05.969+0000 7f33a159a700 1 -- 172.21.15.105:0/1899473578 <== mon.0 v2:172.21.15.105:3300/0 1 ==== mon_map magic: 0 v1 ==== 229+0+0 (secure 0 0 0) 0x7f3398004180 con 0x7f33a407be90
2024-03-16T11:13:06.732 INFO:teuthology.orchestra.run.smithi105.stdout:/usr/bin/ceph: stderr
2024-03-16T11:13:05.969+0000 7f33a159a700 1 -- 172.21.15.105:0/1899473578 <== mon.0 v2:172.21.15.105:3300/0 2 ==== config(27 keys) v1 ==== 1037+0+0 (secure 0 0 0) 0x7f33980042e0 con 0x7f33a407be90
2024-03-16T11:13:06.732 INFO:teuthology.orchestra.run.smithi105.stdout:/usr/bin/ceph: stderr
2024-03-16T11:13:05.969+0000 7f33a159a700 1 -- 172.21.15.105:0/1899473578 <== mon.0 v2:172.21.15.105:3300/0 3 ==== mon_map magic: 0 v1 ==== 229+0+0 (secure 0 0 0) 0x7f3398011a50 con 0x7f33a407be90
2024-03-16T11:13:06.732 INFO:teuthology.orchestra.run.smithi105.stdout:/usr/bin/ceph: stderr
2024-03-16T11:13:05.969+0000 7f33a8f21700 1 -- 172.21.15.105:0/1899473578 >> [v2:172.21.15.105:3300/0,v1:172.21.15.105:6789/0] conn(0x7f33a407be90 msgr2=0x7f33a407a2f0 secure :-1 s=STATE_CONNECTION_ESTABLISHED l=1).mark_down
2024-03-16T11:13:06.732 INFO:teuthology.orchestra.run.smithi105.stdout:/usr/bin/ceph: stderr
2024-03-16T11:13:05.969+0000 7f33a8f21700 1 --2- 172.21.15.105:0/1899473578 >> [v2:172.21.15.105:3300/0,v1:172.21.15.105:6789/0] conn(0x7f33a407be90 0x7f33a407a2f0 secure :-1 s=READY pgs=39 cs=0 l=1 rev1=1 crypto rx=0x7f33980098a0 tx=0x7f3398009bb0 comp rx=0 tx=0).stop
2024-03-16T11:13:06.733 INFO:teuthology.orchestra.run.smithi105.stdout:/usr/bin/ceph: stderr
2024-03-16T11:13:05.969+0000 7f33a8f21700 1 -- 172.21.15.105:0/1899473578 shutdown_connections
2024-03-16T11:13:06.733 INFO:teuthology.orchestra.run.smithi105.stdout:/usr/bin/ceph: stderr
2024-03-16T11:13:05.969+0000 7f33a8f21700 1 --2- 172.21.15.105:0/1899473578 >> [v2:172.21.15.105:3300/0,v1:172.21.15.105:6789/0] conn(0x7f33a407be90 0x7f33a407a2f0 unknown :-1 s=CLOSED pgs=39 cs=0 l=1 rev1=1 crypto rx=0 tx=0 comp rx=0 tx=0).stop
2024-03-16T11:13:06.733 INFO:teuthology.orchestra.run.smithi105.stdout:/usr/bin/ceph: stderr
2024-03-16T11:13:05.969+0000 7f33a8f21700 1 -- 172.21.15.105:0/1899473578 >> 172.21.15.105:0/1899473578 conn(0x7f33a4101a00 msgr2=0x7f33a4103e20 unknown :-1 s=STATE_NONE l=0).mark_down
2024-03-16T11:13:06.733 INFO:teuthology.orchestra.run.smithi105.stdout:/usr/bin/ceph: stderr
2024-03-16T11:13:05.969+0000 7f33a8f21700 1 -- 172.21.15.105:0/1899473578 shutdown_connections
2024-03-16T11:13:06.733 INFO:teuthology.orchestra.run.smithi105.stdout:/usr/bin/ceph: stderr
2024-03-16T11:13:05.969+0000 7f33a8f21700 1 -- 172.21.15.105:0/1899473578 wait complete.
2024-03-16T11:13:06.733 INFO:teuthology.orchestra.run.smithi105.stdout:/usr/bin/ceph: stderr
2024-03-16T11:13:05.970+0000 7f33a8f21700 1 Processor -- start
2024-03-16T11:13:06.733 INFO:teuthology.orchestra.run.smithi105.stdout:/usr/bin/ceph: stderr
2024-03-16T11:13:05.970+0000 7f33a8f21700 1 -- start start
2024-03-16T11:13:06.733 INFO:teuthology.orchestra.run.smithi105.stdout:/usr/bin/ceph: stderr
2024-03-16T11:13:05.970+0000 7f33a8f21700 1 --2- >> [v2:172.21.15.105:3300/0,v1:172.21.15.105:6789/0] conn(0x7f33a407be90 0x7f33a419c270 unknown :-1 s=NONE pgs=0 cs=0 l=1 rev1=0 crypto rx=0 tx=0 comp rx=0 tx=0).connect
2024-03-16T11:13:06.733 INFO:teuthology.orchestra.run.smithi105.stdout:/usr/bin/ceph: stderr
2024-03-16T11:13:05.970+0000 7f33a8f21700 1 -- --> [v2:172.21.15.105:3300/0,v1:172.21.15.105:6789/0] -- mon_getmap magic: 0 v1 -- 0x7f33a419c7b0 con 0x7f33a407be90
2024-03-16T11:13:06.733 INFO:teuthology.orchestra.run.smithi105.stdout:/usr/bin/ceph: stderr
2024-03-16T11:13:05.971+0000 7f33a259c700 1 --2- >> [v2:172.21.15.105:3300/0,v1:172.21.15.105:6789/0] conn(0x7f33a407be90 0x7f33a419c270 unknown :-1 s=BANNER_CONNECTING pgs=0 cs=0 l=1 rev1=0 crypto rx=0 tx=0 comp rx=0 tx=0)._handle_peer_banner_payload supported=3 required=0
2024-03-16T11:13:06.733 INFO:teuthology.orchestra.run.smithi105.stdout:/usr/bin/ceph: stderr
2024-03-16T11:13:05.971+0000 7f33a259c700 1 --2- >> [v2:172.21.15.105:3300/0,v1:172.21.15.105:6789/0] conn(0x7f33a407be90 0x7f33a419c270 unknown :-1 s=HELLO_CONNECTING pgs=0 cs=0 l=1 rev1=1 crypto rx=0 tx=0 comp rx=0 tx=0).handle_hello peer v2:172.21.15.105:3300/0 says I am v2:172.21.15.105:47732/0 (socket says 172.21.15.105:47732)
2024-03-16T11:13:06.733 INFO:teuthology.orchestra.run.smithi105.stdout:/usr/bin/ceph: stderr
2024-03-16T11:13:05.971+0000 7f33a259c700 1 -- 172.21.15.105:0/750737428 learned_addr learned my addr 172.21.15.105:0/750737428 (peer_addr_for_me v2:172.21.15.105:0/0)
2024-03-16T11:13:06.733 INFO:teuthology.orchestra.run.smithi105.stdout:/usr/bin/ceph: stderr
2024-03-16T11:13:05.971+0000 7f33a259c700 1 -- 172.21.15.105:0/750737428 --> [v2:172.21.15.105:3300/0,v1:172.21.15.105:6789/0] -- mon_subscribe({config=0+,monmap=0+}) v3 -- 0x7f3398009550 con 0x7f33a407be90
2024-03-16T11:13:06.733 INFO:teuthology.orchestra.run.smithi105.stdout:/usr/bin/ceph: stderr
2024-03-16T11:13:05.971+0000 7f33a259c700 1 --2- 172.21.15.105:0/750737428 >> [v2:172.21.15.105:3300/0,v1:172.21.15.105:6789/0] conn(0x7f33a407be90 0x7f33a419c270 secure :-1 s=READY pgs=40 cs=0 l=1 rev1=1 crypto rx=0x7f33980119e0 tx=0x7f3398011ac0 comp rx=0 tx=0).ready entity=mon.0 client_cookie=0 server_cookie=0 in_seq=0 out_seq=0
2024-03-16T11:13:06.733 INFO:teuthology.orchestra.run.smithi105.stdout:/usr/bin/ceph: stderr
2024-03-16T11:13:05.971+0000 7f33937fe700 1 -- 172.21.15.105:0/750737428 <== mon.0 v2:172.21.15.105:3300/0 1 ==== mon_map magic: 0 v1 ==== 229+0+0 (secure 0 0 0) 0x7f3398003b90 con 0x7f33a407be90
2024-03-16T11:13:06.734 INFO:teuthology.orchestra.run.smithi105.stdout:/usr/bin/ceph: stderr
2024-03-16T11:13:05.971+0000 7f33a8f21700 1 -- 172.21.15.105:0/750737428 --> [v2:172.21.15.105:3300/0,v1:172.21.15.105:6789/0] -- mon_subscribe({mgrmap=0+}) v3 -- 0x7f33a419c9b0 con 0x7f33a407be90
2024-03-16T11:13:06.734 INFO:teuthology.orchestra.run.smithi105.stdout:/usr/bin/ceph: stderr
2024-03-16T11:13:05.971+0000 7f33937fe700 1 -- 172.21.15.105:0/750737428 <== mon.0 v2:172.21.15.105:3300/0 2 ==== config(27 keys) v1 ==== 1037+0+0 (secure 0 0 0) 0x7f339801a8a0 con 0x7f33a407be90
2024-03-16T11:13:06.734 INFO:teuthology.orchestra.run.smithi105.stdout:/usr/bin/ceph: stderr
2024-03-16T11:13:05.971+0000 7f33937fe700 1 -- 172.21.15.105:0/750737428 <== mon.0 v2:172.21.15.105:3300/0 3 ==== mon_map magic: 0 v1 ==== 229+0+0 (secure 0 0 0) 0x7f3398019930 con 0x7f33a407be90
2024-03-16T11:13:06.734 INFO:teuthology.orchestra.run.smithi105.stdout:/usr/bin/ceph: stderr
2024-03-16T11:13:05.971+0000 7f33a8f21700 1 -- 172.21.15.105:0/750737428 --> [v2:172.21.15.105:3300/0,v1:172.21.15.105:6789/0] -- mon_subscribe({osdmap=0}) v3 -- 0x7f33a419ce50 con 0x7f33a407be90
2024-03-16T11:13:06.734 INFO:teuthology.orchestra.run.smithi105.stdout:/usr/bin/ceph: stderr
2024-03-16T11:13:05.972+0000 7f33937fe700 1 -- 172.21.15.105:0/750737428 <== mon.0 v2:172.21.15.105:3300/0 4 ==== mgrmap(e 8) v1 ==== 45283+0+0 (secure 0 0 0) 0x7f3398019bf0 con 0x7f33a407be90
2024-03-16T11:13:06.734 INFO:teuthology.orchestra.run.smithi105.stdout:/usr/bin/ceph: stderr
2024-03-16T11:13:05.972+0000 7f33a8f21700 1 -- 172.21.15.105:0/750737428 --> [v2:172.21.15.105:3300/0,v1:172.21.15.105:6789/0] -- mon_command({"prefix": "get_command_descriptions"} v 0) v1 -- 0x7f33a410c7a0 con 0x7f33a407be90
2024-03-16T11:13:06.734 INFO:teuthology.orchestra.run.smithi105.stdout:/usr/bin/ceph: stderr
2024-03-16T11:13:05.972+0000 7f33937fe700 1 --2- 172.21.15.105:0/750737428 >> [v2:172.21.15.105:6800/96777983,v1:172.21.15.105:6801/96777983] conn(0x7f338c0382e0 0x7f338c03a7a0 unknown :-1 s=NONE pgs=0 cs=0 l=1 rev1=0 crypto rx=0 tx=0 comp rx=0 tx=0).connect
2024-03-16T11:13:06.734 INFO:teuthology.orchestra.run.smithi105.stdout:/usr/bin/ceph: stderr
2024-03-16T11:13:05.972+0000 7f33937fe700 1 -- 172.21.15.105:0/750737428 <== mon.0 v2:172.21.15.105:3300/0 5 ==== osd_map(2..2 src has 1..2) v4 ==== 940+0+0 (secure 0 0 0) 0x7f339804c970 con 0x7f33a407be90
2024-03-16T11:13:06.734 INFO:teuthology.orchestra.run.smithi105.stdout:/usr/bin/ceph: stderr
2024-03-16T11:13:05.972+0000 7f33a1d9b700 1 --2- 172.21.15.105:0/750737428 >> [v2:172.21.15.105:6800/96777983,v1:172.21.15.105:6801/96777983] conn(0x7f338c0382e0 0x7f338c03a7a0 unknown :-1 s=BANNER_CONNECTING pgs=0 cs=0 l=1 rev1=0 crypto rx=0 tx=0 comp rx=0 tx=0)._handle_peer_banner_payload supported=3 required=0
2024-03-16T11:13:06.734 INFO:teuthology.orchestra.run.smithi105.stdout:/usr/bin/ceph: stderr
2024-03-16T11:13:05.973+0000 7f33a1d9b700 1 --2- 172.21.15.105:0/750737428 >> [v2:172.21.15.105:6800/96777983,v1:172.21.15.105:6801/96777983] conn(0x7f338c0382e0 0x7f338c03a7a0 secure :-1 s=READY pgs=8 cs=0 l=1 rev1=1 crypto rx=0x7f3394006fd0 tx=0x7f3394006e40 comp rx=0 tx=0).ready entity=mgr.14120 client_cookie=0 server_cookie=0 in_seq=0 out_seq=0
2024-03-16T11:13:06.734 INFO:teuthology.orchestra.run.smithi105.stdout:/usr/bin/ceph: stderr
2024-03-16T11:13:05.977+0000 7f33937fe700 1 -- 172.21.15.105:0/750737428 <== mon.0 v2:172.21.15.105:3300/0 6 ==== mon_command_ack([{"prefix": "get_command_descriptions"}]=0 v0) v1 ==== 72+0+180422 (secure 0 0 0) 0x7f339802d440 con 0x7f33a407be90
2024-03-16T11:13:06.734 INFO:teuthology.orchestra.run.smithi105.stdout:/usr/bin/ceph: stderr
2024-03-16T11:13:06.169+0000 7f33a8f21700 1 -- 172.21.15.105:0/750737428 --> [v2:172.21.15.105:6800/96777983,v1:172.21.15.105:6801/96777983] -- mgr_command(tid 0: {"prefix": "cephadm set-user", "user": "root", "target": ["mon-mgr", ""]}) v1 -- 0x7f33a4103cc0 con 0x7f338c0382e0
2024-03-16T11:13:06.734 INFO:teuthology.orchestra.run.smithi105.stdout:/usr/bin/ceph: stderr
2024-03-16T11:13:06.170+0000 7f33937fe700 1 -- 172.21.15.105:0/750737428 <== mgr.14120 v2:172.21.15.105:6800/96777983 1 ==== mgr_command_reply(tid 0: 0 ) v1 ==== 8+0+16 (secure 0 0 0) 0x7f33a4103cc0 con 0x7f338c0382e0
2024-03-16T11:13:06.735 INFO:teuthology.orchestra.run.smithi105.stdout:/usr/bin/ceph: stderr
2024-03-16T11:13:06.172+0000 7f33a8f21700 1 -- 172.21.15.105:0/750737428 >> [v2:172.21.15.105:6800/96777983,v1:172.21.15.105:6801/96777983] conn(0x7f338c0382e0 msgr2=0x7f338c03a7a0 secure :-1 s=STATE_CONNECTION_ESTABLISHED l=1).mark_down
2024-03-16T11:13:06.735 INFO:teuthology.orchestra.run.smithi105.stdout:/usr/bin/ceph: stderr
2024-03-16T11:13:06.172+0000 7f33a8f21700 1 --2- 172.21.15.105:0/750737428 >> [v2:172.21.15.105:6800/96777983,v1:172.21.15.105:6801/96777983] conn(0x7f338c0382e0 0x7f338c03a7a0 secure :-1 s=READY pgs=8 cs=0 l=1 rev1=1 crypto rx=0x7f3394006fd0 tx=0x7f3394006e40 comp rx=0 tx=0).stop
2024-03-16T11:13:06.735 INFO:teuthology.orchestra.run.smithi105.stdout:/usr/bin/ceph: stderr
2024-03-16T11:13:06.172+0000 7f33a8f21700 1 -- 172.21.15.105:0/750737428 >> [v2:172.21.15.105:3300/0,v1:172.21.15.105:6789/0] conn(0x7f33a407be90 msgr2=0x7f33a419c270 secure :-1 s=STATE_CONNECTION_ESTABLISHED l=1).mark_down
2024-03-16T11:13:06.735 INFO:teuthology.orchestra.run.smithi105.stdout:/usr/bin/ceph: stderr
2024-03-16T11:13:06.172+0000 7f33a8f21700 1 --2- 172.21.15.105:0/750737428 >> [v2:172.21.15.105:3300/0,v1:172.21.15.105:6789/0] conn(0x7f33a407be90 0x7f33a419c270 secure :-1 s=READY pgs=40 cs=0 l=1 rev1=1 crypto rx=0x7f33980119e0 tx=0x7f3398011ac0 comp rx=0 tx=0).stop
2024-03-16T11:13:06.735 INFO:teuthology.orchestra.run.smithi105.stdout:/usr/bin/ceph: stderr
2024-03-16T11:13:06.172+0000 7f33a8f21700 1 -- 172.21.15.105:0/750737428 shutdown_connections
2024-03-16T11:13:06.735 INFO:teuthology.orchestra.run.smithi105.stdout:/usr/bin/ceph: stderr
2024-03-16T11:13:06.172+0000 7f33a8f21700 1 --2- 172.21.15.105:0/750737428 >> [v2:172.21.15.105:6800/96777983,v1:172.21.15.105:6801/96777983] conn(0x7f338c0382e0 0x7f338c03a7a0 unknown :-1 s=CLOSED pgs=8 cs=0 l=1 rev1=1 crypto rx=0 tx=0 comp rx=0 tx=0).stop
2024-03-16T11:13:06.735 INFO:teuthology.orchestra.run.smithi105.stdout:/usr/bin/ceph: stderr
2024-03-16T11:13:06.172+0000 7f33a8f21700 1 --2- 172.21.15.105:0/750737428 >> [v2:172.21.15.105:3300/0,v1:172.21.15.105:6789/0] conn(0x7f33a407be90 0x7f33a419c270 unknown :-1 s=CLOSED pgs=40 cs=0 l=1 rev1=1 crypto rx=0 tx=0 comp rx=0 tx=0).stop
2024-03-16T11:13:06.735 INFO:teuthology.orchestra.run.smithi105.stdout:/usr/bin/ceph: stderr
2024-03-16T11:13:06.172+0000 7f33a8f21700 1 -- 172.21.15.105:0/750737428 >> 172.21.15.105:0/750737428 conn(0x7f33a4101a00 msgr2=0x7f33a41030a0 unknown :-1 s=STATE_NONE l=0).mark_down
2024-03-16T11:13:06.735 INFO:teuthology.orchestra.run.smithi105.stdout:/usr/bin/ceph: stderr
2024-03-16T11:13:06.172+0000 7f33a8f21700 1 -- 172.21.15.105:0/750737428 shutdown_connections
2024-03-16T11:13:06.735 INFO:teuthology.orchestra.run.smithi105.stdout:/usr/bin/ceph: stderr
2024-03-16T11:13:06.172+0000 7f33a8f21700 1 -- 172.21.15.105:0/750737428 wait complete.
2024-03-16T11:13:06.735 INFO:teuthology.orchestra.run.smithi105.stdout:Generating ssh key...
2024-03-16T11:13:07.495 INFO:journalctl@ceph.mon.smithi105.smithi105.stdout:Mar 16 11:13:07 smithi105 ceph-mon[29233]: from='client.14134 -' entity='client.admin' cmd=[{"prefix": "cephadm set-user", "user": "root", "target": ["mon-mgr", ""]}]: dispatch
2024-03-16T11:13:08.262 INFO:teuthology.orchestra.run.smithi105.stdout:/usr/bin/ceph: stderr
2024-03-16T11:13:07.165+0000 7f91959bd700 1 Processor -- start
2024-03-16T11:13:08.263 INFO:teuthology.orchestra.run.smithi105.stdout:/usr/bin/ceph: stderr
2024-03-16T11:13:07.165+0000 7f91959bd700 1 -- start start
2024-03-16T11:13:08.263 INFO:teuthology.orchestra.run.smithi105.stdout:/usr/bin/ceph: stderr
2024-03-16T11:13:07.165+0000 7f91959bd700 1 --2- >> [v2:172.21.15.105:3300/0,v1:172.21.15.105:6789/0] conn(0x7f9190106f90 0x7f9190109380 unknown :-1 s=NONE pgs=0 cs=0 l=0 rev1=0 crypto rx=0 tx=0 comp rx=0 tx=0).connect
2024-03-16T11:13:08.263 INFO:teuthology.orchestra.run.smithi105.stdout:/usr/bin/ceph: stderr
2024-03-16T11:13:07.165+0000 7f91959bd700 1 -- --> [v2:172.21.15.105:3300/0,v1:172.21.15.105:6789/0] -- mon_getmap magic: 0 v1 -- 0x7f91900745a0 con 0x7f9190106f90
2024-03-16T11:13:08.263 INFO:teuthology.orchestra.run.smithi105.stdout:/usr/bin/ceph: stderr
2024-03-16T11:13:07.165+0000 7f918effd700 1 --2- >> [v2:172.21.15.105:3300/0,v1:172.21.15.105:6789/0] conn(0x7f9190106f90 0x7f9190109380 unknown :-1 s=BANNER_CONNECTING pgs=0 cs=0 l=0 rev1=0 crypto rx=0 tx=0 comp rx=0 tx=0)._handle_peer_banner_payload supported=3 required=0
2024-03-16T11:13:08.263 INFO:teuthology.orchestra.run.smithi105.stdout:/usr/bin/ceph: stderr
2024-03-16T11:13:07.165+0000 7f918effd700 1 --2- >> [v2:172.21.15.105:3300/0,v1:172.21.15.105:6789/0] conn(0x7f9190106f90 0x7f9190109380 unknown :-1 s=HELLO_CONNECTING pgs=0 cs=0 l=0 rev1=1 crypto rx=0 tx=0 comp rx=0 tx=0).handle_hello peer v2:172.21.15.105:3300/0 says I am v2:172.21.15.105:47748/0 (socket says 172.21.15.105:47748)
2024-03-16T11:13:08.263 INFO:teuthology.orchestra.run.smithi105.stdout:/usr/bin/ceph: stderr
2024-03-16T11:13:07.165+0000 7f918effd700 1 -- 172.21.15.105:0/3038683159 learned_addr learned my addr 172.21.15.105:0/3038683159 (peer_addr_for_me v2:172.21.15.105:0/0)
2024-03-16T11:13:08.263 INFO:teuthology.orchestra.run.smithi105.stdout:/usr/bin/ceph: stderr
2024-03-16T11:13:07.166+0000 7f918effd700 1 -- 172.21.15.105:0/3038683159 --> [v2:172.21.15.105:3300/0,v1:172.21.15.105:6789/0] -- mon_subscribe({config=0+,monmap=0+}) v3 -- 0x7f91900746e0 con 0x7f9190106f90
2024-03-16T11:13:08.263 INFO:teuthology.orchestra.run.smithi105.stdout:/usr/bin/ceph: stderr
2024-03-16T11:13:07.166+0000 7f918effd700 1 --2- 172.21.15.105:0/3038683159 >> [v2:172.21.15.105:3300/0,v1:172.21.15.105:6789/0] conn(0x7f9190106f90 0x7f9190109380 secure :-1 s=READY pgs=41 cs=0 l=1 rev1=1 crypto rx=0x7f9180009e80 tx=0x7f918000b330 comp rx=0 tx=0).ready entity=mon.0 client_cookie=5893e79cca47abd7 server_cookie=0 in_seq=0 out_seq=0
2024-03-16T11:13:08.263 INFO:teuthology.orchestra.run.smithi105.stdout:/usr/bin/ceph: stderr
