2024-03-16T11:41:18.124 INFO:teuthology.orchestra.run.smithi029.stdout:/usr/bin/ceph: stderr
2024-03-16T11:41:16.840+0000 7f69103b0700 1 -- --> [v2:172.21.15.29:3300/0,v1:172.21.15.29:6789/0] -- mon_getmap magic: 0 -- 0x7f690810c320 con 0x7f6908105fe0
2024-03-16T11:41:18.124 INFO:teuthology.orchestra.run.smithi029.stdout:/usr/bin/ceph: stderr
2024-03-16T11:41:16.841+0000 7f690e14c700 1 --2- >> [v2:172.21.15.29:3300/0,v1:172.21.15.29:6789/0] conn(0x7f6908105fe0 0x7f690819bc40 unknown :-1 s=BANNER_CONNECTING pgs=0 cs=0 l=1 rev1=0 crypto rx=0 tx=0 comp rx=0 tx=0)._handle_peer_banner_payload supported=3 required=0
2024-03-16T11:41:18.124 INFO:teuthology.orchestra.run.smithi029.stdout:/usr/bin/ceph: stderr
2024-03-16T11:41:16.841+0000 7f690e14c700 1 --2- >> [v2:172.21.15.29:3300/0,v1:172.21.15.29:6789/0] conn(0x7f6908105fe0 0x7f690819bc40 unknown :-1 s=HELLO_CONNECTING pgs=0 cs=0 l=1 rev1=1 crypto rx=0 tx=0 comp rx=0 tx=0).handle_hello peer v2:172.21.15.29:3300/0 says I am v2:172.21.15.29:49094/0 (socket says 172.21.15.29:49094)
2024-03-16T11:41:18.124 INFO:teuthology.orchestra.run.smithi029.stdout:/usr/bin/ceph: stderr
2024-03-16T11:41:16.841+0000 7f690e14c700 1 -- 172.21.15.29:0/3800426879 learned_addr learned my addr 172.21.15.29:0/3800426879 (peer_addr_for_me v2:172.21.15.29:0/0)
2024-03-16T11:41:18.124 INFO:teuthology.orchestra.run.smithi029.stdout:/usr/bin/ceph: stderr
2024-03-16T11:41:16.841+0000 7f690e14c700 1 -- 172.21.15.29:0/3800426879 --> [v2:172.21.15.29:3300/0,v1:172.21.15.29:6789/0] -- mon_subscribe({config=0+,monmap=0+}) -- 0x7f690819c180 con 0x7f6908105fe0
2024-03-16T11:41:18.124 INFO:teuthology.orchestra.run.smithi029.stdout:/usr/bin/ceph: stderr
2024-03-16T11:41:16.841+0000 7f690e14c700 1 --2- 172.21.15.29:0/3800426879 >> [v2:172.21.15.29:3300/0,v1:172.21.15.29:6789/0] conn(0x7f6908105fe0 0x7f690819bc40 secure :-1 s=READY pgs=52 cs=0 l=1 rev1=1 crypto rx=0x7f6904000c00 tx=0x7f6904011c10 comp rx=0 tx=0).ready entity=mon.0 client_cookie=0 server_cookie=0 in_seq=0 out_seq=0
2024-03-16T11:41:18.124 INFO:teuthology.orchestra.run.smithi029.stdout:/usr/bin/ceph: stderr
2024-03-16T11:41:16.841+0000 7f68fb7fe700 1 -- 172.21.15.29:0/3800426879 <== mon.0 v2:172.21.15.29:3300/0 1 ==== mon_map magic: 0 ==== 205+0+0 (secure 0 0 0) 0x7f6904003b60 con 0x7f6908105fe0
2024-03-16T11:41:18.124 INFO:teuthology.orchestra.run.smithi029.stdout:/usr/bin/ceph: stderr
2024-03-16T11:41:16.841+0000 7f68fb7fe700 1 -- 172.21.15.29:0/3800426879 <== mon.0 v2:172.21.15.29:3300/0 2 ==== config(27 keys) ==== 1140+0+0 (secure 0 0 0) 0x7f690401a910 con 0x7f6908105fe0
2024-03-16T11:41:18.124 INFO:teuthology.orchestra.run.smithi029.stdout:/usr/bin/ceph: stderr
2024-03-16T11:41:16.841+0000 7f69103b0700 1 -- 172.21.15.29:0/3800426879 --> [v2:172.21.15.29:3300/0,v1:172.21.15.29:6789/0] -- mon_subscribe({mgrmap=0+}) -- 0x7f690819c410 con 0x7f6908105fe0
2024-03-16T11:41:18.124 INFO:teuthology.orchestra.run.smithi029.stdout:/usr/bin/ceph: stderr
2024-03-16T11:41:16.841+0000 7f68fb7fe700 1 -- 172.21.15.29:0/3800426879 <== mon.0 v2:172.21.15.29:3300/0 3 ==== mon_map magic: 0 ==== 205+0+0 (secure 0 0 0) 0x7f6904024930 con 0x7f6908105fe0
2024-03-16T11:41:18.124 INFO:teuthology.orchestra.run.smithi029.stdout:/usr/bin/ceph: stderr
2024-03-16T11:41:16.841+0000 7f69103b0700 1 -- 172.21.15.29:0/3800426879 --> [v2:172.21.15.29:3300/0,v1:172.21.15.29:6789/0] -- mon_subscribe({osdmap=0}) -- 0x7f690819c870 con 0x7f6908105fe0
2024-03-16T11:41:18.124 INFO:teuthology.orchestra.run.smithi029.stdout:/usr/bin/ceph: stderr
2024-03-16T11:41:16.842+0000 7f68fb7fe700 1 -- 172.21.15.29:0/3800426879 <== mon.0 v2:172.21.15.29:3300/0 4 ==== mgrmap(e 8) ==== 46106+0+0 (secure 0 0 0) 0x7f6904022020 con 0x7f6908105fe0
2024-03-16T11:41:18.124 INFO:teuthology.orchestra.run.smithi029.stdout:/usr/bin/ceph: stderr
2024-03-16T11:41:16.842+0000 7f69103b0700 1 -- 172.21.15.29:0/3800426879 --> [v2:172.21.15.29:3300/0,v1:172.21.15.29:6789/0] -- mon_command({"prefix": "get_command_descriptions"} v 0) -- 0x7f6908063900 con 0x7f6908105fe0
2024-03-16T11:41:18.124 INFO:teuthology.orchestra.run.smithi029.stdout:/usr/bin/ceph: stderr
2024-03-16T11:41:16.842+0000 7f68fb7fe700 1 --2- 172.21.15.29:0/3800426879 >> [v2:172.21.15.29:6800/2798831128,v1:172.21.15.29:6801/2798831128] conn(0x7f68f4038f20 0x7f68f403b3e0 unknown :-1 s=NONE pgs=0 cs=0 l=1 rev1=0 crypto rx=0 tx=0 comp rx=0 tx=0).connect
2024-03-16T11:41:18.125 INFO:teuthology.orchestra.run.smithi029.stdout:/usr/bin/ceph: stderr
2024-03-16T11:41:16.842+0000 7f68fb7fe700 1 -- 172.21.15.29:0/3800426879 <== mon.0 v2:172.21.15.29:3300/0 5 ==== osd_map(2..2 src has 1..2) ==== 940+0+0 (secure 0 0 0) 0x7f690404d010 con 0x7f6908105fe0
2024-03-16T11:41:18.125 INFO:teuthology.orchestra.run.smithi029.stdout:/usr/bin/ceph: stderr
2024-03-16T11:41:16.842+0000 7f690d94b700 1 --2- 172.21.15.29:0/3800426879 >> [v2:172.21.15.29:6800/2798831128,v1:172.21.15.29:6801/2798831128] conn(0x7f68f4038f20 0x7f68f403b3e0 unknown :-1 s=BANNER_CONNECTING pgs=0 cs=0 l=1 rev1=0 crypto rx=0 tx=0 comp rx=0 tx=0)._handle_peer_banner_payload supported=3 required=0
2024-03-16T11:41:18.125 INFO:teuthology.orchestra.run.smithi029.stdout:/usr/bin/ceph: stderr
2024-03-16T11:41:16.843+0000 7f690d94b700 1 --2- 172.21.15.29:0/3800426879 >> [v2:172.21.15.29:6800/2798831128,v1:172.21.15.29:6801/2798831128] conn(0x7f68f4038f20 0x7f68f403b3e0 secure :-1 s=READY pgs=14 cs=0 l=1 rev1=1 crypto rx=0x7f68fc006fd0 tx=0x7f68fc006e40 comp rx=0 tx=0).ready entity=mgr.14120 client_cookie=0 server_cookie=0 in_seq=0 out_seq=0
2024-03-16T11:41:18.125 INFO:teuthology.orchestra.run.smithi029.stdout:/usr/bin/ceph: stderr
2024-03-16T11:41:16.852+0000 7f68fb7fe700 1 -- 172.21.15.29:0/3800426879 <== mon.0 v2:172.21.15.29:3300/0 6 ==== mon_command_ack([{"prefix": "get_command_descriptions"}]=0 v0) ==== 72+0+186149 (secure 0 0 0) 0x7f690401aac0 con 0x7f6908105fe0
2024-03-16T11:41:18.125 INFO:teuthology.orchestra.run.smithi029.stdout:/usr/bin/ceph: stderr
2024-03-16T11:41:17.073+0000 7f69103b0700 1 -- 172.21.15.29:0/3800426879 --> [v2:172.21.15.29:3300/0,v1:172.21.15.29:6789/0] -- mon_command([{prefix=config set, name=mgr/cephadm/container_init}] v 0) -- 0x7f690819f100 con 0x7f6908105fe0
2024-03-16T11:41:18.125 INFO:teuthology.orchestra.run.smithi029.stdout:/usr/bin/ceph: stderr
2024-03-16T11:41:17.076+0000 7f68fb7fe700 1 -- 172.21.15.29:0/3800426879 <== mon.0 v2:172.21.15.29:3300/0 7 ==== mon_command_ack([{prefix=config set, name=mgr/cephadm/container_init}]=0 v7)=0 v7) ==== 142+0+0 (secure 0 0 0) 0x7f690400b3e0 con 0x7f6908105fe0
2024-03-16T11:41:18.125 INFO:teuthology.orchestra.run.smithi029.stdout:/usr/bin/ceph: stderr
2024-03-16T11:41:17.078+0000 7f69103b0700 1 -- 172.21.15.29:0/3800426879 >> [v2:172.21.15.29:6800/2798831128,v1:172.21.15.29:6801/2798831128] conn(0x7f68f4038f20 msgr2=0x7f68f403b3e0 secure :-1 s=STATE_CONNECTION_ESTABLISHED l=1).mark_down
2024-03-16T11:41:18.125 INFO:teuthology.orchestra.run.smithi029.stdout:/usr/bin/ceph: stderr
2024-03-16T11:41:17.078+0000 7f69103b0700 1 --2- 172.21.15.29:0/3800426879 >> [v2:172.21.15.29:6800/2798831128,v1:172.21.15.29:6801/2798831128] conn(0x7f68f4038f20 0x7f68f403b3e0 secure :-1 s=READY pgs=14 cs=0 l=1 rev1=1 crypto rx=0x7f68fc006fd0 tx=0x7f68fc006e40 comp rx=0 tx=0).stop
2024-03-16T11:41:18.125 INFO:teuthology.orchestra.run.smithi029.stdout:/usr/bin/ceph: stderr
2024-03-16T11:41:17.078+0000 7f69103b0700 1 -- 172.21.15.29:0/3800426879 >> [v2:172.21.15.29:3300/0,v1:172.21.15.29:6789/0] conn(0x7f6908105fe0 msgr2=0x7f690819bc40 secure :-1 s=STATE_CONNECTION_ESTABLISHED l=1).mark_down
2024-03-16T11:41:18.125 INFO:teuthology.orchestra.run.smithi029.stdout:/usr/bin/ceph: stderr
2024-03-16T11:41:17.078+0000 7f69103b0700 1 --2- 172.21.15.29:0/3800426879 >> [v2:172.21.15.29:3300/0,v1:172.21.15.29:6789/0] conn(0x7f6908105fe0 0x7f690819bc40 secure :-1 s=READY pgs=52 cs=0 l=1 rev1=1 crypto rx=0x7f6904000c00 tx=0x7f6904011c10 comp rx=0 tx=0).stop
2024-03-16T11:41:18.125 INFO:teuthology.orchestra.run.smithi029.stdout:/usr/bin/ceph: stderr
2024-03-16T11:41:17.078+0000 7f69103b0700 1 -- 172.21.15.29:0/3800426879 shutdown_connections
2024-03-16T11:41:18.125 INFO:teuthology.orchestra.run.smithi029.stdout:/usr/bin/ceph: stderr
2024-03-16T11:41:17.078+0000 7f69103b0700 1 --2- 172.21.15.29:0/3800426879 >> [v2:172.21.15.29:6800/2798831128,v1:172.21.15.29:6801/2798831128] conn(0x7f68f4038f20 0x7f68f403b3e0 unknown :-1 s=CLOSED pgs=14 cs=0 l=1 rev1=1 crypto rx=0 tx=0 comp rx=0 tx=0).stop
2024-03-16T11:41:18.125 INFO:teuthology.orchestra.run.smithi029.stdout:/usr/bin/ceph: stderr
2024-03-16T11:41:17.078+0000 7f69103b0700 1 --2- 172.21.15.29:0/3800426879 >> [v2:172.21.15.29:3300/0,v1:172.21.15.29:6789/0] conn(0x7f6908105fe0 0x7f690819bc40 unknown :-1 s=CLOSED pgs=52 cs=0 l=1 rev1=1 crypto rx=0 tx=0 comp rx=0 tx=0).stop
2024-03-16T11:41:18.125 INFO:teuthology.orchestra.run.smithi029.stdout:/usr/bin/ceph: stderr
2024-03-16T11:41:17.078+0000 7f69103b0700 1 -- 172.21.15.29:0/3800426879 >> 172.21.15.29:0/3800426879 conn(0x7f6908101930 msgr2=0x7f6908102390 unknown :-1 s=STATE_NONE l=0).mark_down
2024-03-16T11:41:18.125 INFO:teuthology.orchestra.run.smithi029.stdout:/usr/bin/ceph: stderr
2024-03-16T11:41:17.078+0000 7f69103b0700 1 -- 172.21.15.29:0/3800426879 shutdown_connections
2024-03-16T11:41:18.126 INFO:teuthology.orchestra.run.smithi029.stdout:/usr/bin/ceph: stderr
2024-03-16T11:41:17.078+0000 7f69103b0700 1 -- 172.21.15.29:0/3800426879 wait complete.
2024-03-16T11:41:18.244 INFO:journalctl@ceph.mon.a.smithi029.stdout:Mar 16 11:41:18 smithi029 ceph-mon[31975]: from='client.? 172.21.15.29:0/3800426879' entity='client.admin'
2024-03-16T11:41:19.405 INFO:journalctl@ceph.mon.a.smithi029.stdout:Mar 16 11:41:19 smithi029 ceph-mon[31975]: from='mgr.14120 172.21.15.29:0/4098640102' entity='mgr.x'
2024-03-16T11:41:19.405 INFO:journalctl@ceph.mon.a.smithi029.stdout:Mar 16 11:41:19 smithi029 ceph-mon[31975]: from='client.? 172.21.15.29:0/3814231294' entity='client.admin'
2024-03-16T11:41:19.413 INFO:teuthology.orchestra.run.smithi029.stdout:/usr/bin/ceph: stderr
2024-03-16T11:41:18.568+0000 7f12cc2c2700 1 Processor -- start
2024-03-16T11:41:19.413 INFO:teuthology.orchestra.run.smithi029.stdout:/usr/bin/ceph: stderr
2024-03-16T11:41:18.568+0000 7f12cc2c2700 1 -- start start
2024-03-16T11:41:19.413 INFO:teuthology.orchestra.run.smithi029.stdout:/usr/bin/ceph: stderr
2024-03-16T11:41:18.568+0000 7f12cc2c2700 1 --2- >> [v2:172.21.15.29:3300/0,v1:172.21.15.29:6789/0] conn(0x7f12c407de60 0x7f12c407c2c0 unknown :-1 s=NONE pgs=0 cs=0 l=0 rev1=0 crypto rx=0 tx=0 comp rx=0 tx=0).connect
2024-03-16T11:41:19.413 INFO:teuthology.orchestra.run.smithi029.stdout:/usr/bin/ceph: stderr
2024-03-16T11:41:18.568+0000 7f12cc2c2700 1 -- --> [v2:172.21.15.29:3300/0,v1:172.21.15.29:6789/0] -- mon_getmap magic: 0 -- 0x7f12c407c890 con 0x7f12c407de60
2024-03-16T11:41:19.413 INFO:teuthology.orchestra.run.smithi029.stdout:/usr/bin/ceph: stderr
2024-03-16T11:41:18.568+0000 7f12ca05e700 1 --2- >> [v2:172.21.15.29:3300/0,v1:172.21.15.29:6789/0] conn(0x7f12c407de60 0x7f12c407c2c0 unknown :-1 s=BANNER_CONNECTING pgs=0 cs=0 l=0 rev1=0 crypto rx=0 tx=0 comp rx=0 tx=0)._handle_peer_banner_payload supported=3 required=0
2024-03-16T11:41:19.413 INFO:teuthology.orchestra.run.smithi029.stdout:/usr/bin/ceph: stderr
2024-03-16T11:41:18.568+0000 7f12ca05e700 1 --2- >> [v2:172.21.15.29:3300/0,v1:172.21.15.29:6789/0] conn(0x7f12c407de60 0x7f12c407c2c0 unknown :-1 s=HELLO_CONNECTING pgs=0 cs=0 l=0 rev1=1 crypto rx=0 tx=0 comp rx=0 tx=0).handle_hello peer v2:172.21.15.29:3300/0 says I am v2:172.21.15.29:49102/0 (socket says 172.21.15.29:49102)
2024-03-16T11:41:19.414 INFO:teuthology.orchestra.run.smithi029.stdout:/usr/bin/ceph: stderr
2024-03-16T11:41:18.568+0000 7f12ca05e700 1 -- 172.21.15.29:0/25658396 learned_addr learned my addr 172.21.15.29:0/25658396 (peer_addr_for_me v2:172.21.15.29:0/0)
2024-03-16T11:41:19.414 INFO:teuthology.orchestra.run.smithi029.stdout:/usr/bin/ceph: stderr
2024-03-16T11:41:18.568+0000 7f12ca05e700 1 -- 172.21.15.29:0/25658396 --> [v2:172.21.15.29:3300/0,v1:172.21.15.29:6789/0] -- mon_subscribe({config=0+,monmap=0+}) -- 0x7f12c407ca10 con 0x7f12c407de60
2024-03-16T11:41:19.414 INFO:teuthology.orchestra.run.smithi029.stdout:/usr/bin/ceph: stderr
2024-03-16T11:41:18.569+0000 7f12ca05e700 1 --2- 172.21.15.29:0/25658396 >> [v2:172.21.15.29:3300/0,v1:172.21.15.29:6789/0] conn(0x7f12c407de60 0x7f12c407c2c0 secure :-1 s=READY pgs=53 cs=0 l=1 rev1=1 crypto rx=0x7f12b40098a0 tx=0x7f12b4009bb0 comp rx=0 tx=0).ready entity=mon.0 client_cookie=3c614c2a3e1a8505 server_cookie=0 in_seq=0 out_seq=0
2024-03-16T11:41:19.414 INFO:teuthology.orchestra.run.smithi029.stdout:/usr/bin/ceph: stderr
2024-03-16T11:41:18.569+0000 7f12c905c700 1 -- 172.21.15.29:0/25658396 <== mon.0 v2:172.21.15.29:3300/0 1 ==== mon_map magic: 0 ==== 205+0+0 (secure 0 0 0) 0x7f12b4004160 con 0x7f12c407de60
2024-03-16T11:41:19.414 INFO:teuthology.orchestra.run.smithi029.stdout:/usr/bin/ceph: stderr
2024-03-16T11:41:18.569+0000 7f12c905c700 1 -- 172.21.15.29:0/25658396 <== mon.0 v2:172.21.15.29:3300/0 2 ==== config(27 keys) ==== 1140+0+0 (secure 0 0 0) 0x7f12b4004300 con 0x7f12c407de60
2024-03-16T11:41:19.414 INFO:teuthology.orchestra.run.smithi029.stdout:/usr/bin/ceph: stderr
2024-03-16T11:41:18.569+0000 7f12c905c700 1 -- 172.21.15.29:0/25658396 <== mon.0 v2:172.21.15.29:3300/0 3 ==== mon_map magic: 0 ==== 205+0+0 (secure 0 0 0) 0x7f12b4011b20 con 0x7f12c407de60
2024-03-16T11:41:19.414 INFO:teuthology.orchestra.run.smithi029.stdout:/usr/bin/ceph: stderr
2024-03-16T11:41:18.569+0000 7f12cc2c2700 1 -- 172.21.15.29:0/25658396 >> [v2:172.21.15.29:3300/0,v1:172.21.15.29:6789/0] conn(0x7f12c407de60 msgr2=0x7f12c407c2c0 secure :-1 s=STATE_CONNECTION_ESTABLISHED l=1).mark_down
2024-03-16T11:41:19.414 INFO:teuthology.orchestra.run.smithi029.stdout:/usr/bin/ceph: stderr
2024-03-16T11:41:18.569+0000 7f12cc2c2700 1 --2- 172.21.15.29:0/25658396 >> [v2:172.21.15.29:3300/0,v1:172.21.15.29:6789/0] conn(0x7f12c407de60 0x7f12c407c2c0 secure :-1 s=READY pgs=53 cs=0 l=1 rev1=1 crypto rx=0x7f12b40098a0 tx=0x7f12b4009bb0 comp rx=0 tx=0).stop
2024-03-16T11:41:19.414 INFO:teuthology.orchestra.run.smithi029.stdout:/usr/bin/ceph: stderr
2024-03-16T11:41:18.570+0000 7f12cc2c2700 1 -- 172.21.15.29:0/25658396 shutdown_connections
2024-03-16T11:41:19.414 INFO:teuthology.orchestra.run.smithi029.stdout:/usr/bin/ceph: stderr
2024-03-16T11:41:18.570+0000 7f12cc2c2700 1 --2- 172.21.15.29:0/25658396 >> [v2:172.21.15.29:3300/0,v1:172.21.15.29:6789/0] conn(0x7f12c407de60 0x7f12c407c2c0 unknown :-1 s=CLOSED pgs=53 cs=0 l=1 rev1=1 crypto rx=0 tx=0 comp rx=0 tx=0).stop
2024-03-16T11:41:19.414 INFO:teuthology.orchestra.run.smithi029.stdout:/usr/bin/ceph: stderr
2024-03-16T11:41:18.570+0000 7f12cc2c2700 1 -- 172.21.15.29:0/25658396 >> 172.21.15.29:0/25658396 conn(0x7f12c41032f0 msgr2=0x7f12c4105710 unknown :-1 s=STATE_NONE l=0).mark_down
2024-03-16T11:41:19.414 INFO:teuthology.orchestra.run.smithi029.stdout:/usr/bin/ceph: stderr
2024-03-16T11:41:18.570+0000 7f12cc2c2700 1 -- 172.21.15.29:0/25658396 shutdown_connections
2024-03-16T11:41:19.414 INFO:teuthology.orchestra.run.smithi029.stdout:/usr/bin/ceph: stderr
2024-03-16T11:41:18.570+0000 7f12cc2c2700 1 -- 172.21.15.29:0/25658396 wait complete.
2024-03-16T11:41:19.415 INFO:teuthology.orchestra.run.smithi029.stdout:/usr/bin/ceph: stderr
2024-03-16T11:41:18.570+0000 7f12cc2c2700 1 Processor -- start
2024-03-16T11:41:19.415 INFO:teuthology.orchestra.run.smithi029.stdout:/usr/bin/ceph: stderr
2024-03-16T11:41:18.570+0000 7f12cc2c2700 1 -- start start
2024-03-16T11:41:19.415 INFO:teuthology.orchestra.run.smithi029.stdout:/usr/bin/ceph: stderr
2024-03-16T11:41:18.570+0000 7f12cc2c2700 1 --2- >> [v2:172.21.15.29:3300/0,v1:172.21.15.29:6789/0] conn(0x7f12c407de60 0x7f12c419def0 unknown :-1 s=NONE pgs=0 cs=0 l=1 rev1=0 crypto rx=0 tx=0 comp rx=0 tx=0).connect
2024-03-16T11:41:19.415 INFO:teuthology.orchestra.run.smithi029.stdout:/usr/bin/ceph: stderr
2024-03-16T11:41:18.570+0000 7f12cc2c2700 1 -- --> [v2:172.21.15.29:3300/0,v1:172.21.15.29:6789/0] -- mon_getmap magic: 0 -- 0x7f12c410e390 con 0x7f12c407de60
2024-03-16T11:41:19.415 INFO:teuthology.orchestra.run.smithi029.stdout:/usr/bin/ceph: stderr
2024-03-16T11:41:18.571+0000 7f12ca05e700 1 --2- >> [v2:172.21.15.29:3300/0,v1:172.21.15.29:6789/0] conn(0x7f12c407de60 0x7f12c419def0 unknown :-1 s=BANNER_CONNECTING pgs=0 cs=0 l=1 rev1=0 crypto rx=0 tx=0 comp rx=0 tx=0)._handle_peer_banner_payload supported=3 required=0
2024-03-16T11:41:19.415 INFO:teuthology.orchestra.run.smithi029.stdout:/usr/bin/ceph: stderr
2024-03-16T11:41:18.571+0000 7f12ca05e700 1 --2- >> [v2:172.21.15.29:3300/0,v1:172.21.15.29:6789/0] conn(0x7f12c407de60 0x7f12c419def0 unknown :-1 s=HELLO_CONNECTING pgs=0 cs=0 l=1 rev1=1 crypto rx=0 tx=0 comp rx=0 tx=0).handle_hello peer v2:172.21.15.29:3300/0 says I am v2:172.21.15.29:49104/0 (socket says 172.21.15.29:49104)
2024-03-16T11:41:19.415 INFO:teuthology.orchestra.run.smithi029.stdout:/usr/bin/ceph: stderr
2024-03-16T11:41:18.571+0000 7f12ca05e700 1 -- 172.21.15.29:0/3814231294 learned_addr learned my addr 172.21.15.29:0/3814231294 (peer_addr_for_me v2:172.21.15.29:0/0)
2024-03-16T11:41:19.415 INFO:teuthology.orchestra.run.smithi029.stdout:/usr/bin/ceph: stderr
2024-03-16T11:41:18.571+0000 7f12ca05e700 1 -- 172.21.15.29:0/3814231294 --> [v2:172.21.15.29:3300/0,v1:172.21.15.29:6789/0] -- mon_subscribe({config=0+,monmap=0+}) -- 0x7f12c419e430 con 0x7f12c407de60
2024-03-16T11:41:19.415 INFO:teuthology.orchestra.run.smithi029.stdout:/usr/bin/ceph: stderr
2024-03-16T11:41:18.571+0000 7f12ca05e700 1 --2- 172.21.15.29:0/3814231294 >> [v2:172.21.15.29:3300/0,v1:172.21.15.29:6789/0] conn(0x7f12c407de60 0x7f12c419def0 secure :-1 s=READY pgs=54 cs=0 l=1 rev1=1 crypto rx=0x7f12b40116a0 tx=0x7f12b4011ba0 comp rx=0 tx=0).ready entity=mon.0 client_cookie=0 server_cookie=0 in_seq=0 out_seq=0
2024-03-16T11:41:19.415 INFO:teuthology.orchestra.run.smithi029.stdout:/usr/bin/ceph: stderr
2024-03-16T11:41:18.571+0000 7f12bb7fe700 1 -- 172.21.15.29:0/3814231294 <== mon.0 v2:172.21.15.29:3300/0 1 ==== mon_map magic: 0 ==== 205+0+0 (secure 0 0 0) 0x7f12b4003a40 con 0x7f12c407de60
2024-03-16T11:41:19.415 INFO:teuthology.orchestra.run.smithi029.stdout:/usr/bin/ceph: stderr
2024-03-16T11:41:18.571+0000 7f12bb7fe700 1 -- 172.21.15.29:0/3814231294 <== mon.0 v2:172.21.15.29:3300/0 2 ==== config(27 keys) ==== 1140+0+0 (secure 0 0 0) 0x7f12b4003be0 con 0x7f12c407de60
2024-03-16T11:41:19.415 INFO:teuthology.orchestra.run.smithi029.stdout:/usr/bin/ceph: stderr
2024-03-16T11:41:18.571+0000 7f12cc2c2700 1 -- 172.21.15.29:0/3814231294 --> [v2:172.21.15.29:3300/0,v1:172.21.15.29:6789/0] -- mon_subscribe({mgrmap=0+}) -- 0x7f12c419e6c0 con 0x7f12c407de60
2024-03-16T11:41:19.415 INFO:teuthology.orchestra.run.smithi029.stdout:/usr/bin/ceph: stderr
2024-03-16T11:41:18.571+0000 7f12cc2c2700 1 -- 172.21.15.29:0/3814231294 --> [v2:172.21.15.29:3300/0,v1:172.21.15.29:6789/0] -- mon_subscribe({osdmap=0}) -- 0x7f12c419eb20 con 0x7f12c407de60
2024-03-16T11:41:19.415 INFO:teuthology.orchestra.run.smithi029.stdout:/usr/bin/ceph: stderr
2024-03-16T11:41:18.571+0000 7f12bb7fe700 1 -- 172.21.15.29:0/3814231294 <== mon.0 v2:172.21.15.29:3300/0 3 ==== mon_map magic: 0 ==== 205+0+0 (secure 0 0 0) 0x7f12b401a720 con 0x7f12c407de60
2024-03-16T11:41:19.415 INFO:teuthology.orchestra.run.smithi029.stdout:/usr/bin/ceph: stderr
2024-03-16T11:41:18.572+0000 7f12cc2c2700 1 -- 172.21.15.29:0/3814231294 --> [v2:172.21.15.29:3300/0,v1:172.21.15.29:6789/0] -- mon_command({"prefix": "get_command_descriptions"} v 0) -- 0x7f12a8005360 con 0x7f12c407de60
2024-03-16T11:41:19.416 INFO:teuthology.orchestra.run.smithi029.stdout:/usr/bin/ceph: stderr
2024-03-16T11:41:18.572+0000 7f12bb7fe700 1 -- 172.21.15.29:0/3814231294 <== mon.0 v2:172.21.15.29:3300/0 4 ==== mgrmap(e 8) ==== 46106+0+0 (secure 0 0 0) 0x7f12b401aa90 con 0x7f12c407de60
2024-03-16T11:41:19.416 INFO:teuthology.orchestra.run.smithi029.stdout:/usr/bin/ceph: stderr
2024-03-16T11:41:18.573+0000 7f12bb7fe700 1 --2- 172.21.15.29:0/3814231294 >> [v2:172.21.15.29:6800/2798831128,v1:172.21.15.29:6801/2798831128] conn(0x7f12b0038f20 0x7f12b003b3e0 unknown :-1 s=NONE pgs=0 cs=0 l=1 rev1=0 crypto rx=0 tx=0 comp rx=0 tx=0).connect
2024-03-16T11:41:19.416 INFO:teuthology.orchestra.run.smithi029.stdout:/usr/bin/ceph: stderr
2024-03-16T11:41:18.573+0000 7f12bb7fe700 1 -- 172.21.15.29:0/3814231294 <== mon.0 v2:172.21.15.29:3300/0 5 ==== osd_map(2..2 src has 1..2) ==== 940+0+0 (secure 0 0 0) 0x7f12b404d4b0 con 0x7f12c407de60
2024-03-16T11:41:19.416 INFO:teuthology.orchestra.run.smithi029.stdout:/usr/bin/ceph: stderr
2024-03-16T11:41:18.573+0000 7f12c985d700 1 --2- 172.21.15.29:0/3814231294 >> [v2:172.21.15.29:6800/2798831128,v1:172.21.15.29:6801/2798831128] conn(0x7f12b0038f20 0x7f12b003b3e0 unknown :-1 s=BANNER_CONNECTING pgs=0 cs=0 l=1 rev1=0 crypto rx=0 tx=0 comp rx=0 tx=0)._handle_peer_banner_payload supported=3 required=0
2024-03-16T11:41:19.416 INFO:teuthology.orchestra.run.smithi029.stdout:/usr/bin/ceph: stderr
2024-03-16T11:41:18.573+0000 7f12c985d700 1 --2- 172.21.15.29:0/3814231294 >> [v2:172.21.15.29:6800/2798831128,v1:172.21.15.29:6801/2798831128] conn(0x7f12b0038f20 0x7f12b003b3e0 secure :-1 s=READY pgs=15 cs=0 l=1 rev1=1 crypto rx=0x7f12c0006fd0 tx=0x7f12c0006e40 comp rx=0 tx=0).ready entity=mgr.14120 client_cookie=0 server_cookie=0 in_seq=0 out_seq=0
2024-03-16T11:41:19.416 INFO:teuthology.orchestra.run.smithi029.stdout:/usr/bin/ceph: stderr
2024-03-16T11:41:18.578+0000 7f12bb7fe700 1 -- 172.21.15.29:0/3814231294 <== mon.0 v2:172.21.15.29:3300/0 6 ==== mon_command_ack([{"prefix": "get_command_descriptions"}]=0 v0) ==== 72+0+186149 (secure 0 0 0) 0x7f12b4011e20 con 0x7f12c407de60
2024-03-16T11:41:19.416 INFO:teuthology.orchestra.run.smithi029.stdout:/usr/bin/ceph: stderr
2024-03-16T11:41:18.785+0000 7f12cc2c2700 1 -- 172.21.15.29:0/3814231294 --> [v2:172.21.15.29:3300/0,v1:172.21.15.29:6789/0] -- mon_command([{prefix=config set, name=mgr/dashboard/ssl_server_port}] v 0) -- 0x7f12a8005650 con 0x7f12c407de60
2024-03-16T11:41:19.416 INFO:teuthology.orchestra.run.smithi029.stdout:/usr/bin/ceph: stderr
2024-03-16T11:41:18.787+0000 7f12bb7fe700 1 -- 172.21.15.29:0/3814231294 <== mon.0 v2:172.21.15.29:3300/0 7 ==== mon_command_ack([{prefix=config set, name=mgr/dashboard/ssl_server_port}]=0 v8)=0 v8) ==== 130+0+0 (secure 0 0 0) 0x7f12b400bc30 con 0x7f12c407de60
2024-03-16T11:41:19.416 INFO:teuthology.orchestra.run.smithi029.stdout:/usr/bin/ceph: stderr
2024-03-16T11:41:18.789+0000 7f12cc2c2700 1 -- 172.21.15.29:0/3814231294 >> [v2:172.21.15.29:6800/2798831128,v1:172.21.15.29:6801/2798831128] conn(0x7f12b0038f20 msgr2=0x7f12b003b3e0 secure :-1 s=STATE_CONNECTION_ESTABLISHED l=1).mark_down
2024-03-16T11:41:19.416 INFO:teuthology.orchestra.run.smithi029.stdout:/usr/bin/ceph: stderr
2024-03-16T11:41:18.790+0000 7f12cc2c2700 1 --2- 172.21.15.29:0/3814231294 >> [v2:172.21.15.29:6800/2798831128,v1:172.21.15.29:6801/2798831128] conn(0x7f12b0038f20 0x7f12b003b3e0 secure :-1 s=READY pgs=15 cs=0 l=1 rev1=1 crypto rx=0x7f12c0006fd0 tx=0x7f12c0006e40 comp rx=0 tx=0).stop
2024-03-16T11:41:19.416 INFO:teuthology.orchestra.run.smithi029.stdout:/usr/bin/ceph: stderr
2024-03-16T11:41:18.790+0000 7f12cc2c2700 1 -- 172.21.15.29:0/3814231294 >> [v2:172.21.15.29:3300/0,v1:172.21.15.29:6789/0] conn(0x7f12c407de60 msgr2=0x7f12c419def0 secure :-1 s=STATE_CONNECTION_ESTABLISHED l=1).mark_down
2024-03-16T11:41:19.416 INFO:teuthology.orchestra.run.smithi029.stdout:/usr/bin/ceph: stderr
2024-03-16T11:41:18.790+0000 7f12cc2c2700 1 --2- 172.21.15.29:0/3814231294 >> [v2:172.21.15.29:3300/0,v1:172.21.15.29:6789/0] conn(0x7f12c407de60 0x7f12c419def0 secure :-1 s=READY pgs=54 cs=0 l=1 rev1=1 crypto rx=0x7f12b40116a0 tx=0x7f12b4011ba0 comp rx=0 tx=0).stop
2024-03-16T11:41:19.416 INFO:teuthology.orchestra.run.smithi029.stdout:/usr/bin/ceph: stderr
2024-03-16T11:41:18.790+0000 7f12cc2c2700 1 -- 172.21.15.29:0/3814231294 shutdown_connections
2024-03-16T11:41:19.416 INFO:teuthology.orchestra.run.smithi029.stdout:/usr/bin/ceph: stderr
2024-03-16T11:41:18.790+0000 7f12cc2c2700 1 --2- 172.21.15.29:0/3814231294 >> [v2:172.21.15.29:6800/2798831128,v1:172.21.15.29:6801/2798831128] conn(0x7f12b0038f20 0x7f12b003b3e0 unknown :-1 s=CLOSED pgs=15 cs=0 l=1 rev1=1 crypto rx=0 tx=0 comp rx=0 tx=0).stop
2024-03-16T11:41:19.416 INFO:teuthology.orchestra.run.smithi029.stdout:/usr/bin/ceph: stderr
2024-03-16T11:41:18.790+0000 7f12cc2c2700 1 --2- 172.21.15.29:0/3814231294 >> [v2:172.21.15.29:3300/0,v1:172.21.15.29:6789/0] conn(0x7f12c407de60 0x7f12c419def0 unknown :-1 s=CLOSED pgs=54 cs=0 l=1 rev1=1 crypto rx=0 tx=0 comp rx=0 tx=0).stop
2024-03-16T11:41:19.417 INFO:teuthology.orchestra.run.smithi029.stdout:/usr/bin/ceph: stderr
2024-03-16T11:41:18.790+0000 7f12cc2c2700 1 -- 172.21.15.29:0/3814231294 >> 172.21.15.29:0/3814231294 conn(0x7f12c41032f0 msgr2=0x7f12c4103e20 unknown :-1 s=STATE_NONE l=0).mark_down
2024-03-16T11:41:19.417 INFO:teuthology.orchestra.run.smithi029.stdout:/usr/bin/ceph: stderr
2024-03-16T11:41:18.790+0000 7f12cc2c2700 1 -- 172.21.15.29:0/3814231294 shutdown_connections
2024-03-16T11:41:19.417 INFO:teuthology.orchestra.run.smithi029.stdout:/usr/bin/ceph: stderr
2024-03-16T11:41:18.790+0000 7f12cc2c2700 1 -- 172.21.15.29:0/3814231294 wait complete.
2024-03-16T11:41:19.417 INFO:teuthology.orchestra.run.smithi029.stdout:Enabling the dashboard module...
2024-03-16T11:41:20.838 INFO:journalctl@ceph.mon.a.smithi029.stdout:Mar 16 11:41:20 smithi029 ceph-mon[31975]: from='mgr.14120 172.21.15.29:0/4098640102' entity='mgr.x'
2024-03-16T11:41:20.839 INFO:journalctl@ceph.mon.a.smithi029.stdout:Mar 16 11:41:20 smithi029 ceph-mon[31975]: from='client.? 172.21.15.29:0/277985651' entity='client.admin' cmd=[{"prefix": "mgr module enable", "module": "dashboard"}]: dispatch
2024-03-16T11:41:20.839 INFO:journalctl@ceph.mgr.x.smithi029.stdout:Mar 16 11:41:20 smithi029 ceph-d1887f28-e389-11ee-95c9-87774f69a715-mgr-x[32210]: ignoring --setuser ceph since I am not root
2024-03-16T11:41:20.839 INFO:journalctl@ceph.mgr.x.smithi029.stdout:Mar 16 11:41:20 smithi029 ceph-d1887f28-e389-11ee-95c9-87774f69a715-mgr-x[32210]: ignoring --setgroup ceph since I am not root
2024-03-16T11:41:21.262 INFO:journalctl@ceph.mgr.x.smithi029.stdout:Mar 16 11:41:21 smithi029 ceph-d1887f28-e389-11ee-95c9-87774f69a715-mgr-x[32210]:
2024-03-16T11:41:21.086+0000 7f7ea1243200 -1 mgr[py] Module osd_perf_query has missing NOTIFY_TYPES member
2024-03-16T11:41:21.262 INFO:journalctl@ceph.mgr.x.smithi029.stdout:Mar 16 11:41:21 smithi029 ceph-d1887f28-e389-11ee-95c9-87774f69a715-mgr-x[32210]:
2024-03-16T11:41:21.181+0000 7f7ea1243200 -1 mgr[py] Module snap_schedule has missing NOTIFY_TYPES member
2024-03-16T11:41:21.667 INFO:teuthology.orchestra.run.smithi029.stdout:/usr/bin/ceph: stderr
2024-03-16T11:41:19.884+0000 7f3c22422700 1 Processor -- start
2024-03-16T11:41:21.667 INFO:teuthology.orchestra.run.smithi029.stdout:/usr/bin/ceph: stderr
2024-03-16T11:41:19.884+0000 7f3c22422700 1 -- start start
2024-03-16T11:41:21.667 INFO:teuthology.orchestra.run.smithi029.stdout:/usr/bin/ceph: stderr
2024-03-16T11:41:19.884+0000 7f3c22422700 1 --2- >> [v2:172.21.15.29:3300/0,v1:172.21.15.29:6789/0] conn(0x7f3c1c108800 0x7f3c1c10abf0 unknown :-1 s=NONE pgs=0 cs=0 l=0 rev1=0 crypto rx=0 tx=0 comp rx=0 tx=0).connect
2024-03-16T11:41:21.668 INFO:teuthology.orchestra.run.smithi029.stdout:/usr/bin/ceph: stderr
2024-03-16T11:41:19.884+0000 7f3c22422700 1 -- --> [v2:172.21.15.29:3300/0,v1:172.21.15.29:6789/0] -- mon_getmap magic: 0 -- 0x7f3c1c07bdf0 con 0x7f3c1c108800
2024-03-16T11:41:21.668 INFO:teuthology.orchestra.run.smithi029.stdout:/usr/bin/ceph: stderr
2024-03-16T11:41:19.884+0000 7f3c1bfff700 1 --2- >> [v2:172.21.15.29:3300/0,v1:172.21.15.29:6789/0] conn(0x7f3c1c108800 0x7f3c1c10abf0 unknown :-1 s=BANNER_CONNECTING pgs=0 cs=0 l=0 rev1=0 crypto rx=0 tx=0 comp rx=0 tx=0)._handle_peer_banner_payload supported=3 required=0
2024-03-16T11:41:21.668 INFO:teuthology.orchestra.run.smithi029.stdout:/usr/bin/ceph: stderr
2024-03-16T11:41:19.884+0000 7f3c1bfff700 1 --2- >> [v2:172.21.15.29:3300/0,v1:172.21.15.29:6789/0] conn(0x7f3c1c108800 0x7f3c1c10abf0 unknown :-1 s=HELLO_CONNECTING pgs=0 cs=0 l=0 rev1=1 crypto rx=0 tx=0 comp rx=0 tx=0).handle_hello peer v2:172.21.15.29:3300/0 says I am v2:172.21.15.29:47638/0 (socket says 172.21.15.29:47638)
2024-03-16T11:41:21.668 INFO:teuthology.orchestra.run.smithi029.stdout:/usr/bin/ceph: stderr
2024-03-16T11:41:19.884+0000 7f3c1bfff700 1 -- 172.21.15.29:0/1829825439 learned_addr learned my addr 172.21.15.29:0/1829825439 (peer_addr_for_me v2:172.21.15.29:0/0)
2024-03-16T11:41:21.668 INFO:teuthology.orchestra.run.smithi029.stdout:/usr/bin/ceph: stderr
2024-03-16T11:41:19.885+0000 7f3c1bfff700 1 -- 172.21.15.29:0/1829825439 --> [v2:172.21.15.29:3300/0,v1:172.21.15.29:6789/0] -- mon_subscribe({config=0+,monmap=0+}) -- 0x7f3c1c10b130 con 0x7f3c1c108800
2024-03-16T11:41:21.668 INFO:teuthology.orchestra.run.smithi029.stdout:/usr/bin/ceph: stderr
2024-03-16T11:41:19.885+0000 7f3c1bfff700 1 --2- 172.21.15.29:0/1829825439 >> [v2:172.21.15.29:3300/0,v1:172.21.15.29:6789/0] conn(0x7f3c1c108800 0x7f3c1c10abf0 secure :-1 s=READY pgs=55 cs=0 l=1 rev1=1 crypto rx=0x7f3c0c0098a0 tx=0x7f3c0c009bb0 comp rx=0 tx=0).ready entity=mon.0 client_cookie=d1ba664d023e60e0 server_cookie=0 in_seq=0 out_seq=0
2024-03-16T11:41:21.668 INFO:teuthology.orchestra.run.smithi029.stdout:/usr/bin/ceph: stderr
2024-03-16T11:41:19.885+0000 7f3c1affd700 1 -- 172.21.15.29:0/1829825439 <== mon.0 v2:172.21.15.29:3300/0 1 ==== mon_map magic: 0 ==== 205+0+0 (secure 0 0 0) 0x7f3c0c004160 con 0x7f3c1c108800
2024-03-16T11:41:21.668 INFO:teuthology.orchestra.run.smithi029.stdout:/usr/bin/ceph: stderr
2024-03-16T11:41:19.885+0000 7f3c1affd700 1 -- 172.21.15.29:0/1829825439 <== mon.0 v2:172.21.15.29:3300/0 2 ==== config(27 keys) ==== 1140+0+0 (secure 0 0 0) 0x7f3c0c004300 con 0x7f3c1c108800
2024-03-16T11:41:21.668 INFO:teuthology.orchestra.run.smithi029.stdout:/usr/bin/ceph: stderr
2024-03-16T11:41:19.885+0000 7f3c1affd700 1 -- 172.21.15.29:0/1829825439 <== mon.0 v2:172.21.15.29:3300/0 3 ==== mon_map magic: 0 ==== 205+0+0 (secure 0 0 0) 0x7f3c0c011b20 con 0x7f3c1c108800
2024-03-16T11:41:21.668 INFO:teuthology.orchestra.run.smithi029.stdout:/usr/bin/ceph: stderr
2024-03-16T11:41:19.886+0000 7f3c22422700 1 -- 172.21.15.29:0/1829825439 >> [v2:172.21.15.29:3300/0,v1:172.21.15.29:6789/0] conn(0x7f3c1c108800 msgr2=0x7f3c1c10abf0 secure :-1 s=STATE_CONNECTION_ESTABLISHED l=1).mark_down
2024-03-16T11:41:21.668 INFO:teuthology.orchestra.run.smithi029.stdout:/usr/bin/ceph: stderr
2024-03-16T11:41:19.886+0000 7f3c22422700 1 --2- 172.21.15.29:0/1829825439 >> [v2:172.21.15.29:3300/0,v1:172.21.15.29:6789/0] conn(0x7f3c1c108800 0x7f3c1c10abf0 secure :-1 s=READY pgs=55 cs=0 l=1 rev1=1 crypto rx=0x7f3c0c0098a0 tx=0x7f3c0c009bb0 comp rx=0 tx=0).stop
2024-03-16T11:41:21.668 INFO:teuthology.orchestra.run.smithi029.stdout:/usr/bin/ceph: stderr
2024-03-16T11:41:19.886+0000 7f3c22422700 1 -- 172.21.15.29:0/1829825439 shutdown_connections
2024-03-16T11:41:21.668 INFO:teuthology.orchestra.run.smithi029.stdout:/usr/bin/ceph: stderr
2024-03-16T11:41:19.886+0000 7f3c22422700 1 --2- 172.21.15.29:0/1829825439 >> [v2:172.21.15.29:3300/0,v1:172.21.15.29:6789/0] conn(0x7f3c1c108800 0x7f3c1c10abf0 unknown :-1 s=CLOSED pgs=55 cs=0 l=1 rev1=1 crypto rx=0 tx=0 comp rx=0 tx=0).stop
2024-03-16T11:41:21.668 INFO:teuthology.orchestra.run.smithi029.stdout:/usr/bin/ceph: stderr
2024-03-16T11:41:19.886+0000 7f3c22422700 1 -- 172.21.15.29:0/1829825439 >> 172.21.15.29:0/1829825439 conn(0x7f3c1c1021b0 msgr2=0x7f3c1c1045f0 unknown :-1 s=STATE_NONE l=0).mark_down
2024-03-16T11:41:21.668 INFO:teuthology.orchestra.run.smithi029.stdout:/usr/bin/ceph: stderr
2024-03-16T11:41:19.886+0000 7f3c22422700 1 -- 172.21.15.29:0/1829825439 shutdown_connections
2024-03-16T11:41:21.669 INFO:teuthology.orchestra.run.smithi029.stdout:/usr/bin/ceph: stderr
2024-03-16T11:41:19.886+0000 7f3c22422700 1 -- 172.21.15.29:0/1829825439 wait complete.
2024-03-16T11:41:21.669 INFO:teuthology.orchestra.run.smithi029.stdout:/usr/bin/ceph: stderr
2024-03-16T11:41:19.886+0000 7f3c22422700 1 Processor -- start
2024-03-16T11:41:21.669 INFO:teuthology.orchestra.run.smithi029.stdout:/usr/bin/ceph: stderr
2024-03-16T11:41:19.886+0000 7f3c22422700 1 -- start start
2024-03-16T11:41:21.669 INFO:teuthology.orchestra.run.smithi029.stdout:/usr/bin/ceph: stderr
2024-03-16T11:41:19.887+0000 7f3c22422700 1 --2- >> [v2:172.21.15.29:3300/0,v1:172.21.15.29:6789/0] conn(0x7f3c1c108800 0x7f3c1c108080 unknown :-1 s=NONE pgs=0 cs=0 l=1 rev1=0 crypto rx=0 tx=0 comp rx=0 tx=0).connect
2024-03-16T11:41:21.669 INFO:teuthology.orchestra.run.smithi029.stdout:/usr/bin/ceph: stderr
2024-03-16T11:41:19.887+0000 7f3c22422700 1 -- --> [v2:172.21.15.29:3300/0,v1:172.21.15.29:6789/0] -- mon_getmap magic: 0 -- 0x7f3c1c10c130 con 0x7f3c1c108800
2024-03-16T11:41:21.669 INFO:teuthology.orchestra.run.smithi029.stdout:/usr/bin/ceph: stderr
2024-03-16T11:41:19.887+0000 7f3c1bfff700 1 --2- >> [v2:172.21.15.29:3300/0,v1:172.21.15.29:6789/0] conn(0x7f3c1c108800 0x7f3c1c108080 unknown :-1 s=BANNER_CONNECTING pgs=0 cs=0 l=1 rev1=0 crypto rx=0 tx=0 comp rx=0 tx=0)._handle_peer_banner_payload supported=3 required=0
2024-03-16T11:41:21.669 INFO:teuthology.orchestra.run.smithi029.stdout:/usr/bin/ceph: stderr
2024-03-16T11:41:19.887+0000 7f3c1bfff700 1 --2- >> [v2:172.21.15.29:3300/0,v1:172.21.15.29:6789/0] conn(0x7f3c1c108800 0x7f3c1c108080 unknown :-1 s=HELLO_CONNECTING pgs=0 cs=0 l=1 rev1=1 crypto rx=0 tx=0 comp rx=0 tx=0).handle_hello peer v2:172.21.15.29:3300/0 says I am v2:172.21.15.29:47650/0 (socket says 172.21.15.29:47650)
2024-03-16T11:41:21.669 INFO:teuthology.orchestra.run.smithi029.stdout:/usr/bin/ceph: stderr
2024-03-16T11:41:19.887+0000 7f3c1bfff700 1 -- 172.21.15.29:0/277985651 learned_addr learned my addr 172.21.15.29:0/277985651 (peer_addr_for_me v2:172.21.15.29:0/0)
2024-03-16T11:41:21.669 INFO:teuthology.orchestra.run.smithi029.stdout:/usr/bin/ceph: stderr
2024-03-16T11:41:19.887+0000 7f3c1bfff700 1 -- 172.21.15.29:0/277985651 --> [v2:172.21.15.29:3300/0,v1:172.21.15.29:6789/0] -- mon_subscribe({config=0+,monmap=0+}) -- 0x7f3c1c1085c0 con 0x7f3c1c108800
2024-03-16T11:41:21.669 INFO:teuthology.orchestra.run.smithi029.stdout:/usr/bin/ceph: stderr
2024-03-16T11:41:19.887+0000 7f3c1bfff700 1 --2- 172.21.15.29:0/277985651 >> [v2:172.21.15.29:3300/0,v1:172.21.15.29:6789/0] conn(0x7f3c1c108800 0x7f3c1c108080 secure :-1 s=READY pgs=56 cs=0 l=1 rev1=1 crypto rx=0x7f3c0c0116a0 tx=0x7f3c0c011ba0 comp rx=0 tx=0).ready entity=mon.0 client_cookie=0 server_cookie=0 in_seq=0 out_seq=0
2024-03-16T11:41:21.669 INFO:teuthology.orchestra.run.smithi029.stdout:/usr/bin/ceph: stderr
2024-03-16T11:41:19.887+0000 7f3c197fa700 1 -- 172.21.15.29:0/277985651 <== mon.0 v2:172.21.15.29:3300/0 1 ==== mon_map magic: 0 ==== 205+0+0 (secure 0 0 0) 0x7f3c0c003a40 con 0x7f3c1c108800
2024-03-16T11:41:21.669 INFO:teuthology.orchestra.run.smithi029.stdout:/usr/bin/ceph: stderr
2024-03-16T11:41:19.887+0000 7f3c197fa700 1 -- 172.21.15.29:0/277985651 <== mon.0 v2:172.21.15.29:3300/0 2 ==== config(27 keys) ==== 1140+0+0 (secure 0 0 0) 0x7f3c0c003be0 con 0x7f3c1c108800
2024-03-16T11:41:21.669 INFO:teuthology.orchestra.run.smithi029.stdout:/usr/bin/ceph: stderr
2024-03-16T11:41:19.887+0000 7f3c22422700 1 -- 172.21.15.29:0/277985651 --> [v2:172.21.15.29:3300/0,v1:172.21.15.29:6789/0] -- mon_subscribe({mgrmap=0+}) -- 0x7f3c1c1067b0 con 0x7f3c1c108800
2024-03-16T11:41:21.669 INFO:teuthology.orchestra.run.smithi029.stdout:/usr/bin/ceph: stderr
2024-03-16T11:41:19.887+0000 7f3c197fa700 1 -- 172.21.15.29:0/277985651 <== mon.0 v2:172.21.15.29:3300/0 3 ==== mon_map magic: 0 ==== 205+0+0 (secure 0 0 0) 0x7f3c0c01a750 con 0x7f3c1c108800
2024-03-16T11:41:21.669 INFO:teuthology.orchestra.run.smithi029.stdout:/usr/bin/ceph: stderr
2024-03-16T11:41:19.887+0000 7f3c22422700 1 -- 172.21.15.29:0/277985651 --> [v2:172.21.15.29:3300/0,v1:172.21.15.29:6789/0] -- mon_subscribe({osdmap=0}) -- 0x7f3c1c106c70 con 0x7f3c1c108800
2024-03-16T11:41:21.669 INFO:teuthology.orchestra.run.smithi029.stdout:/usr/bin/ceph: stderr
2024-03-16T11:41:19.888+0000 7f3c197fa700 1 -- 172.21.15.29:0/277985651 <== mon.0 v2:172.21.15.29:3300/0 4 ==== mgrmap(e 8) ==== 46106+0+0 (secure 0 0 0) 0x7f3c0c01aa50 con 0x7f3c1c108800
2024-03-16T11:41:21.670 INFO:teuthology.orchestra.run.smithi029.stdout:/usr/bin/ceph: stderr
2024-03-16T11:41:19.888+0000 7f3c197fa700 1 --2- 172.21.15.29:0/277985651 >> [v2:172.21.15.29:6800/2798831128,v1:172.21.15.29:6801/2798831128] conn(0x7f3c04038ed0 0x7f3c0403b390 unknown :-1 s=NONE pgs=0 cs=0 l=1 rev1=0 crypto rx=0 tx=0 comp rx=0 tx=0).connect
2024-03-16T11:41:21.670 INFO:teuthology.orchestra.run.smithi029.stdout:/usr/bin/ceph: stderr
2024-03-16T11:41:19.888+0000 7f3c22422700 1 -- 172.21.15.29:0/277985651 --> [v2:172.21.15.29:3300/0,v1:172.21.15.29:6789/0] -- mon_command({"prefix": "get_command_descriptions"} v 0) -- 0x7f3c1c063900 con 0x7f3c1c108800
2024-03-16T11:41:21.670 INFO:teuthology.orchestra.run.smithi029.stdout:/usr/bin/ceph: stderr
2024-03-16T11:41:19.888+0000 7f3c197fa700 1 -- 172.21.15.29:0/277985651 <== mon.0 v2:172.21.15.29:3300/0 5 ==== osd_map(2..2 src has 1..2) ==== 940+0+0 (secure 0 0 0) 0x7f3c0c04d500 con 0x7f3c1c108800
2024-03-16T11:41:21.670 INFO:teuthology.orchestra.run.smithi029.stdout:/usr/bin/ceph: stderr
2024-03-16T11:41:19.889+0000 7f3c1b7fe700 1 --2- 172.21.15.29:0/277985651 >> [v2:172.21.15.29:6800/2798831128,v1:172.21.15.29:6801/2798831128] conn(0x7f3c04038ed0 0x7f3c0403b390 unknown :-1 s=BANNER_CONNECTING pgs=0 cs=0 l=1 rev1=0 crypto rx=0 tx=0 comp rx=0 tx=0)._handle_peer_banner_payload supported=3 required=0
2024-03-16T11:41:21.670 INFO:teuthology.orchestra.run.smithi029.stdout:/usr/bin/ceph: stderr
2024-03-16T11:41:19.889+0000 7f3c1b7fe700 1 --2- 172.21.15.29:0/277985651 >> [v2:172.21.15.29:6800/2798831128,v1:172.21.15.29:6801/2798831128] conn(0x7f3c04038ed0 0x7f3c0403b390 secure :-1 s=READY pgs=16 cs=0 l=1 rev1=1 crypto rx=0x7f3c10006fd0 tx=0x7f3c10006e40 comp rx=0 tx=0).ready entity=mgr.14120 client_cookie=0 server_cookie=0 in_seq=0 out_seq=0
2024-03-16T11:41:21.670 INFO:teuthology.orchestra.run.smithi029.stdout:/usr/bin/ceph: stderr
2024-03-16T11:41:19.894+0000 7f3c197fa700 1 -- 172.21.15.29:0/277985651 <== mon.0 v2:172.21.15.29:3300/0 6 ==== mon_command_ack([{"prefix": "get_command_descriptions"}]=0 v0) ==== 72+0+186149 (secure 0 0 0) 0x7f3c0c011e20 con 0x7f3c1c108800
2024-03-16T11:41:21.670 INFO:teuthology.orchestra.run.smithi029.stdout:/usr/bin/ceph: stderr
2024-03-16T11:41:20.173+0000 7f3c22422700 1 -- 172.21.15.29:0/277985651 --> [v2:172.21.15.29:3300/0,v1:172.21.15.29:6789/0] -- mon_command({"prefix": "mgr module enable", "module": "dashboard"} v 0) -- 0x7f3c1c106ef0 con 0x7f3c1c108800
2024-03-16T11:41:21.670 INFO:teuthology.orchestra.run.smithi029.stdout:/usr/bin/ceph: stderr
2024-03-16T11:41:20.510+0000 7f3c197fa700 1 -- 172.21.15.29:0/277985651 <== mon.0 v2:172.21.15.29:3300/0 7 ==== mon_command_ack([{"prefix": "mgr module enable", "module": "dashboard"}]=0 v9) ==== 88+0+0 (secure 0 0 0) 0x7f3c0c00ba30 con 0x7f3c1c108800
2024-03-16T11:41:21.670 INFO:teuthology.orchestra.run.smithi029.stdout:/usr/bin/ceph: stderr
2024-03-16T11:41:20.512+0000 7f3c197fa700 1 -- 172.21.15.29:0/277985651 <== mon.0 v2:172.21.15.29:3300/0 8 ==== mgrmap(e 9) ==== 46119+0+0 (secure 0 0 0) 0x7f3c0c02d910 con 0x7f3c1c108800
2024-03-16T11:41:21.670 INFO:teuthology.orchestra.run.smithi029.stdout:/usr/bin/ceph: stderr
2024-03-16T11:41:20.514+0000 7f3c22422700 1 -- 172.21.15.29:0/277985651 >> [v2:172.21.15.29:6800/2798831128,v1:172.21.15.29:6801/2798831128] conn(0x7f3c04038ed0 msgr2=0x7f3c0403b390 secure :-1 s=STATE_CONNECTION_ESTABLISHED l=1).mark_down
2024-03-16T11:41:21.670 INFO:teuthology.orchestra.run.smithi029.stdout:/usr/bin/ceph: stderr
2024-03-16T11:41:20.514+0000 7f3c22422700 1 --2- 172.21.15.29:0/277985651 >> [v2:172.21.15.29:6800/2798831128,v1:172.21.15.29:6801/2798831128] conn(0x7f3c04038ed0 0x7f3c0403b390 secure :-1 s=READY pgs=16 cs=0 l=1 rev1=1 crypto rx=0x7f3c10006fd0 tx=0x7f3c10006e40 comp rx=0 tx=0).stop
2024-03-16T11:41:21.670 INFO:teuthology.orchestra.run.smithi029.stdout:/usr/bin/ceph: stderr
2024-03-16T11:41:20.514+0000 7f3c22422700 1 -- 172.21.15.29:0/277985651 >> [v2:172.21.15.29:3300/0,v1:172.21.15.29:6789/0] conn(0x7f3c1c108800 msgr2=0x7f3c1c108080 secure :-1 s=STATE_CONNECTION_ESTABLISHED l=1).mark_down
2024-03-16T11:41:21.670 INFO:teuthology.orchestra.run.smithi029.stdout:/usr/bin/ceph: stderr
2024-03-16T11:41:20.514+0000 7f3c22422700 1 --2- 172.21.15.29:0/277985651 >> [v2:172.21.15.29:3300/0,v1:172.21.15.29:6789/0] conn(0x7f3c1c108800 0x7f3c1c108080 secure :-1 s=READY pgs=56 cs=0 l=1 rev1=1 crypto rx=0x7f3c0c0116a0 tx=0x7f3c0c011ba0 comp rx=0 tx=0).stop
2024-03-16T11:41:21.670 INFO:teuthology.orchestra.run.smithi029.stdout:/usr/bin/ceph: stderr
2024-03-16T11:41:20.514+0000 7f3c22422700 1 -- 172.21.15.29:0/277985651 shutdown_connections
2024-03-16T11:41:21.671 INFO:teuthology.orchestra.run.smithi029.stdout:/usr/bin/ceph: stderr
2024-03-16T11:41:20.514+0000 7f3c22422700 1 --2- 172.21.15.29:0/277985651 >> [v2:172.21.15.29:6800/2798831128,v1:172.21.15.29:6801/2798831128] conn(0x7f3c04038ed0 0x7f3c0403b390 unknown :-1 s=CLOSED pgs=16 cs=0 l=1 rev1=1 crypto rx=0 tx=0 comp rx=0 tx=0).stop
2024-03-16T11:41:21.671 INFO:teuthology.orchestra.run.smithi029.stdout:/usr/bin/ceph: stderr
2024-03-16T11:41:20.514+0000 7f3c22422700 1 --2- 172.21.15.29:0/277985651 >> [v2:172.21.15.29:3300/0,v1:172.21.15.29:6789/0] conn(0x7f3c1c108800 0x7f3c1c108080 unknown :-1 s=CLOSED pgs=56 cs=0 l=1 rev1=1 crypto rx=0 tx=0 comp rx=0 tx=0).stop
2024-03-16T11:41:21.671 INFO:teuthology.orchestra.run.smithi029.stdout:/usr/bin/ceph: stderr
2024-03-16T11:41:20.514+0000 7f3c22422700 1 -- 172.21.15.29:0/277985651 >> 172.21.15.29:0/277985651 conn(0x7f3c1c1021b0 msgr2=0x7f3c1c102cf0 unknown :-1 s=STATE_NONE l=0).mark_down
2024-03-16T11:41:21.671 INFO:teuthology.orchestra.run.smithi029.stdout:/usr/bin/ceph: stderr
2024-03-16T11:41:20.514+0000 7f3c22422700 1 -- 172.21.15.29:0/277985651 shutdown_connections
2024-03-16T11:41:21.671 INFO:teuthology.orchestra.run.smithi029.stdout:/usr/bin/ceph: stderr
2024-03-16T11:41:20.514+0000 7f3c22422700 1 -- 172.21.15.29:0/277985651 wait complete.
2024-03-16T11:41:21.785 INFO:journalctl@ceph.mon.a.smithi029.stdout:Mar 16 11:41:21 smithi029 ceph-mon[31975]: from='client.? 172.21.15.29:0/277985651' entity='client.admin' cmd='[{"prefix": "mgr module enable", "module": "dashboard"}]': finished
2024-03-16T11:41:21.786 INFO:journalctl@ceph.mon.a.smithi029.stdout:Mar 16 11:41:21 smithi029 ceph-mon[31975]: mgrmap e9: x(active, since 20s)
2024-03-16T11:41:22.066 INFO:journalctl@ceph.mgr.x.smithi029.stdout:Mar 16 11:41:21 smithi029 ceph-d1887f28-e389-11ee-95c9-87774f69a715-mgr-x[32210]:
2024-03-16T11:41:21.847+0000 7f7ea1243200 -1 mgr[py] Module zabbix has missing NOTIFY_TYPES member
2024-03-16T11:41:22.066 INFO:journalctl@ceph.mgr.x.smithi029.stdout:Mar 16 11:41:21 smithi029 ceph-d1887f28-e389-11ee-95c9-87774f69a715-mgr-x[32210]:
2024-03-16T11:41:21.944+0000 7f7ea1243200 -1 mgr[py] Module balancer has missing NOTIFY_TYPES member
2024-03-16T11:41:22.338 INFO:journalctl@ceph.mgr.x.smithi029.stdout:Mar 16 11:41:22 smithi029 ceph-d1887f28-e389-11ee-95c9-87774f69a715-mgr-x[32210]:
2024-03-16T11:41:22.092+0000 7f7ea1243200 -1 mgr[py] Module influx has missing NOTIFY_TYPES member
2024-03-16T11:41:22.338 INFO:journalctl@ceph.mgr.x.smithi029.stdout:Mar 16 11:41:22 smithi029 ceph-d1887f28-e389-11ee-95c9-87774f69a715-mgr-x[32210]:
2024-03-16T11:41:22.191+0000 7f7ea1243200 -1 mgr[py] Module alerts has missing NOTIFY_TYPES member
2024-03-16T11:41:22.338 INFO:journalctl@ceph.mgr.x.smithi029.stdout:Mar 16 11:41:22 smithi029 ceph-d1887f28-e389-11ee-95c9-87774f69a715-mgr-x[32210]:
2024-03-16T11:41:22.276+0000 7f7ea1243200 -1 mgr[py] Module iostat has missing NOTIFY_TYPES member
2024-03-16T11:41:22.667 INFO:journalctl@ceph.mon.a.smithi029.stdout:Mar 16 11:41:22 smithi029 ceph-mon[31975]: from='client.? 172.21.15.29:0/4154337527' entity='client.admin' cmd=[{"prefix": "mgr stat"}]: dispatch
2024-03-16T11:41:22.667 INFO:journalctl@ceph.mgr.x.smithi029.stdout:Mar 16 11:41:22 smithi029 ceph-d1887f28-e389-11ee-95c9-87774f69a715-mgr-x[32210]:
2024-03-16T11:41:22.555+0000 7f7ea1243200 -1 mgr[py] Module rgw has missing NOTIFY_TYPES member
2024-03-16T11:41:22.667 INFO:journalctl@ceph.mgr.x.smithi029.stdout:Mar 16 11:41:22 smithi029 ceph-d1887f28-e389-11ee-95c9-87774f69a715-mgr-x[32210]:
2024-03-16T11:41:22.667+0000 7f7ea1243200 -1 mgr[py] Module rbd_support has missing NOTIFY_TYPES member
2024-03-16T11:41:22.956 INFO:journalctl@ceph.mgr.x.smithi029.stdout:Mar 16 11:41:22 smithi029 ceph-d1887f28-e389-11ee-95c9-87774f69a715-mgr-x[32210]:
2024-03-16T11:41:22.756+0000 7f7ea1243200 -1 mgr[py] Module progress has missing NOTIFY_TYPES member
2024-03-16T11:41:22.956 INFO:journalctl@ceph.mgr.x.smithi029.stdout:Mar 16 11:41:22 smithi029 ceph-d1887f28-e389-11ee-95c9-87774f69a715-mgr-x[32210]:
2024-03-16T11:41:22.853+0000 7f7ea1243200 -1 mgr[py] Module pg_autoscaler has missing NOTIFY_TYPES member
2024-03-16T11:41:22.965 INFO:teuthology.orchestra.run.smithi029.stdout:/usr/bin/ceph: stdout {
2024-03-16T11:41:22.965 INFO:teuthology.orchestra.run.smithi029.stdout:/usr/bin/ceph: stdout "epoch": 9,
2024-03-16T11:41:22.965 INFO:teuthology.orchestra.run.smithi029.stdout:/usr/bin/ceph: stdout "available": true,
2024-03-16T11:41:22.965 INFO:teuthology.orchestra.run.smithi029.stdout:/usr/bin/ceph: stdout "active_name": "x",
2024-03-16T11:41:22.965 INFO:teuthology.orchestra.run.smithi029.stdout:/usr/bin/ceph: stdout "num_standby": 0
2024-03-16T11:41:22.965 INFO:teuthology.orchestra.run.smithi029.stdout:/usr/bin/ceph: stdout }
2024-03-16T11:41:22.965 INFO:teuthology.orchestra.run.smithi029.stdout:/usr/bin/ceph: stderr
2024-03-16T11:41:22.088+0000 7fd17bd0f700 1 Processor -- start
2024-03-16T11:41:22.965 INFO:teuthology.orchestra.run.smithi029.stdout:/usr/bin/ceph: stderr
2024-03-16T11:41:22.088+0000 7fd17bd0f700 1 -- start start
2024-03-16T11:41:22.965 INFO:teuthology.orchestra.run.smithi029.stdout:/usr/bin/ceph: stderr
2024-03-16T11:41:22.088+0000 7fd17bd0f700 1 --2- >> [v2:172.21.15.29:3300/0,v1:172.21.15.29:6789/0] conn(0x7fd174108790 0x7fd17410ab80 unknown :-1 s=NONE pgs=0 cs=0 l=0 rev1=0 crypto rx=0 tx=0 comp rx=0 tx=0).connect
2024-03-16T11:41:22.966 INFO:teuthology.orchestra.run.smithi029.stdout:/usr/bin/ceph: stderr
2024-03-16T11:41:22.088+0000 7fd17bd0f700 1 -- --> [v2:172.21.15.29:3300/0,v1:172.21.15.29:6789/0] -- mon_getmap magic: 0 -- 0x7fd17407be70 con 0x7fd174108790
2024-03-16T11:41:22.966 INFO:teuthology.orchestra.run.smithi029.stdout:/usr/bin/ceph: stderr
2024-03-16T11:41:22.088+0000 7fd179aab700 1 --2- >> [v2:172.21.15.29:3300/0,v1:172.21.15.29:6789/0] conn(0x7fd174108790 0x7fd17410ab80 unknown :-1 s=BANNER_CONNECTING pgs=0 cs=0 l=0 rev1=0 crypto rx=0 tx=0 comp rx=0 tx=0)._handle_peer_banner_payload supported=3 required=0
2024-03-16T11:41:22.966 INFO:teuthology.orchestra.run.smithi029.stdout:/usr/bin/ceph: stderr
2024-03-16T11:41:22.088+0000 7fd179aab700 1 --2- >> [v2:172.21.15.29:3300/0,v1:172.21.15.29:6789/0] conn(0x7fd174108790 0x7fd17410ab80 unknown :-1 s=HELLO_CONNECTING pgs=0 cs=0 l=0 rev1=1 crypto rx=0 tx=0 comp rx=0 tx=0).handle_hello peer v2:172.21.15.29:3300/0 says I am v2:172.21.15.29:47662/0 (socket says 172.21.15.29:47662)
2024-03-16T11:41:22.966 INFO:teuthology.orchestra.run.smithi029.stdout:/usr/bin/ceph: stderr
2024-03-16T11:41:22.088+0000 7fd179aab700 1 -- 172.21.15.29:0/411626957 learned_addr learned my addr 172.21.15.29:0/411626957 (peer_addr_for_me v2:172.21.15.29:0/0)
2024-03-16T11:41:22.966 INFO:teuthology.orchestra.run.smithi029.stdout:/usr/bin/ceph: stderr
2024-03-16T11:41:22.089+0000 7fd179aab700 1 -- 172.21.15.29:0/411626957 --> [v2:172.21.15.29:3300/0,v1:172.21.15.29:6789/0] -- mon_subscribe({config=0+,monmap=0+}) -- 0x7fd17410b0c0 con 0x7fd174108790
2024-03-16T11:41:22.966 INFO:teuthology.orchestra.run.smithi029.stdout:/usr/bin/ceph: stderr
2024-03-16T11:41:22.089+0000 7fd179aab700 1 --2- 172.21.15.29:0/411626957 >> [v2:172.21.15.29:3300/0,v1:172.21.15.29:6789/0] conn(0x7fd174108790 0x7fd17410ab80 secure :-1 s=READY pgs=59 cs=0 l=1 rev1=1 crypto rx=0x7fd1700098a0 tx=0x7fd170009bb0 comp rx=0 tx=0).ready entity=mon.0 client_cookie=8ec946b5c55ff09e server_cookie=0 in_seq=0 out_seq=0
2024-03-16T11:41:22.966 INFO:teuthology.orchestra.run.smithi029.stdout:/usr/bin/ceph: stderr
2024-03-16T11:41:22.089+0000 7fd178aa9700 1 -- 172.21.15.29:0/411626957 <== mon.0 v2:172.21.15.29:3300/0 1 ==== mon_map magic: 0 ==== 205+0+0 (secure 0 0 0) 0x7fd170004160 con 0x7fd174108790
2024-03-16T11:41:22.966 INFO:teuthology.orchestra.run.smithi029.stdout:/usr/bin/ceph: stderr
2024-03-16T11:41:22.089+0000 7fd178aa9700 1 -- 172.21.15.29:0/411626957 <== mon.0 v2:172.21.15.29:3300/0 2 ==== config(27 keys) ==== 1140+0+0 (secure 0 0 0) 0x7fd170004300 con 0x7fd174108790
2024-03-16T11:41:22.966 INFO:teuthology.orchestra.run.smithi029.stdout:/usr/bin/ceph: stderr
2024-03-16T11:41:22.089+0000 7fd178aa9700 1 -- 172.21.15.29:0/411626957 <== mon.0 v2:172.21.15.29:3300/0 3 ==== mon_map magic: 0 ==== 205+0+0 (secure 0 0 0) 0x7fd170011b20 con 0x7fd174108790
2024-03-16T11:41:22.966 INFO:teuthology.orchestra.run.smithi029.stdout:/usr/bin/ceph: stderr
2024-03-16T11:41:22.090+0000 7fd17bd0f700 1 -- 172.21.15.29:0/411626957 >> [v2:172.21.15.29:3300/0,v1:172.21.15.29:6789/0] conn(0x7fd174108790 msgr2=0x7fd17410ab80 secure :-1 s=STATE_CONNECTION_ESTABLISHED l=1).mark_down
2024-03-16T11:41:22.966 INFO:teuthology.orchestra.run.smithi029.stdout:/usr/bin/ceph: stderr
