2024-03-16T11:41:00.839 INFO:journalctl@ceph.mon.a.smithi029.stdout:Mar 16 11:41:00 smithi029 ceph-mon[31975]: from='mgr.14120 172.21.15.29:0/4098640102' entity='mgr.x' cmd=[{"prefix": "mds metadata"}]: dispatch
2024-03-16T11:41:00.839 INFO:journalctl@ceph.mon.a.smithi029.stdout:Mar 16 11:41:00 smithi029 ceph-mon[31975]: from='mgr.14120 172.21.15.29:0/4098640102' entity='mgr.x' cmd=[{"prefix": "osd metadata"}]: dispatch
2024-03-16T11:41:00.839 INFO:journalctl@ceph.mon.a.smithi029.stdout:Mar 16 11:41:00 smithi029 ceph-mon[31975]: from='mgr.14120 172.21.15.29:0/4098640102' entity='mgr.x' cmd=[{"prefix": "mon metadata"}]: dispatch
2024-03-16T11:41:00.839 INFO:journalctl@ceph.mon.a.smithi029.stdout:Mar 16 11:41:00 smithi029 ceph-mon[31975]: Manager daemon x is now available
2024-03-16T11:41:00.839 INFO:journalctl@ceph.mon.a.smithi029.stdout:Mar 16 11:41:00 smithi029 ceph-mon[31975]: Found migration_current of "None". Setting to last migration.
2024-03-16T11:41:00.839 INFO:journalctl@ceph.mon.a.smithi029.stdout:Mar 16 11:41:00 smithi029 ceph-mon[31975]: from='mgr.14120 172.21.15.29:0/4098640102' entity='mgr.x'
2024-03-16T11:41:00.839 INFO:journalctl@ceph.mon.a.smithi029.stdout:Mar 16 11:41:00 smithi029 ceph-mon[31975]: from='mgr.14120 172.21.15.29:0/4098640102' entity='mgr.x'
2024-03-16T11:41:00.839 INFO:journalctl@ceph.mon.a.smithi029.stdout:Mar 16 11:41:00 smithi029 ceph-mon[31975]: from='mgr.14120 172.21.15.29:0/4098640102' entity='mgr.x' cmd=[{"prefix": "config dump", "format": "json"}]: dispatch
2024-03-16T11:41:00.839 INFO:journalctl@ceph.mon.a.smithi029.stdout:Mar 16 11:41:00 smithi029 ceph-mon[31975]: from='mgr.14120 172.21.15.29:0/4098640102' entity='mgr.x' cmd=[{"prefix": "config dump", "format": "json"}]: dispatch
2024-03-16T11:41:01.838 INFO:journalctl@ceph.mon.a.smithi029.stdout:Mar 16 11:41:01 smithi029 ceph-mon[31975]: from='mgr.14120 172.21.15.29:0/4098640102' entity='mgr.x' cmd=[{"prefix": "config dump", "format": "json"}]: dispatch
2024-03-16T11:41:01.838 INFO:journalctl@ceph.mon.a.smithi029.stdout:Mar 16 11:41:01 smithi029 ceph-mon[31975]: from='mgr.14120 172.21.15.29:0/4098640102' entity='mgr.x' cmd=[{"prefix":"config rm","who":"mgr","name":"mgr/rbd_support/x/mirror_snapshot_schedule"}]: dispatch
2024-03-16T11:41:01.838 INFO:journalctl@ceph.mon.a.smithi029.stdout:Mar 16 11:41:01 smithi029 ceph-mon[31975]: from='mgr.14120 172.21.15.29:0/4098640102' entity='mgr.x' cmd=[{"prefix":"config rm","who":"mgr","name":"mgr/rbd_support/x/trash_purge_schedule"}]: dispatch
2024-03-16T11:41:01.838 INFO:journalctl@ceph.mon.a.smithi029.stdout:Mar 16 11:41:01 smithi029 ceph-mon[31975]: from='mgr.14120 172.21.15.29:0/4098640102' entity='mgr.x'
2024-03-16T11:41:01.838 INFO:journalctl@ceph.mon.a.smithi029.stdout:Mar 16 11:41:01 smithi029 ceph-mon[31975]: from='mgr.14120 172.21.15.29:0/4098640102' entity='mgr.x'
2024-03-16T11:41:01.838 INFO:journalctl@ceph.mon.a.smithi029.stdout:Mar 16 11:41:01 smithi029 ceph-mon[31975]: from='client.14124 -' entity='client.admin' cmd=[{"prefix": "get_command_descriptions"}]: dispatch
2024-03-16T11:41:01.838 INFO:journalctl@ceph.mon.a.smithi029.stdout:Mar 16 11:41:01 smithi029 ceph-mon[31975]: mgrmap e7: x(active, since 1.00522s)
2024-03-16T11:41:01.838 INFO:journalctl@ceph.mon.a.smithi029.stdout:Mar 16 11:41:01 smithi029 ceph-mon[31975]: from='client.14124 -' entity='client.admin' cmd=[{"prefix": "mgr_status"}]: dispatch
2024-03-16T11:41:02.124 INFO:teuthology.orchestra.run.smithi029.stdout:/usr/bin/ceph: stdout {
2024-03-16T11:41:02.124 INFO:teuthology.orchestra.run.smithi029.stdout:/usr/bin/ceph: stdout "mgrmap_epoch": 7,
2024-03-16T11:41:02.124 INFO:teuthology.orchestra.run.smithi029.stdout:/usr/bin/ceph: stdout "initialized": true
2024-03-16T11:41:02.124 INFO:teuthology.orchestra.run.smithi029.stdout:/usr/bin/ceph: stdout }
2024-03-16T11:41:02.124 INFO:teuthology.orchestra.run.smithi029.stdout:/usr/bin/ceph: stderr
2024-03-16T11:40:55.867+0000 7f52d3478700 1 Processor -- start
2024-03-16T11:41:02.125 INFO:teuthology.orchestra.run.smithi029.stdout:/usr/bin/ceph: stderr
2024-03-16T11:40:55.867+0000 7f52d3478700 1 -- start start
2024-03-16T11:41:02.125 INFO:teuthology.orchestra.run.smithi029.stdout:/usr/bin/ceph: stderr
2024-03-16T11:40:55.868+0000 7f52d3478700 1 --2- >> [v2:172.21.15.29:3300/0,v1:172.21.15.29:6789/0] conn(0x7f52cc1087b0 0x7f52cc10aba0 unknown :-1 s=NONE pgs=0 cs=0 l=0 rev1=0 crypto rx=0 tx=0 comp rx=0 tx=0).connect
2024-03-16T11:41:02.125 INFO:teuthology.orchestra.run.smithi029.stdout:/usr/bin/ceph: stderr
2024-03-16T11:40:55.868+0000 7f52d3478700 1 -- --> [v2:172.21.15.29:3300/0,v1:172.21.15.29:6789/0] -- mon_getmap magic: 0 -- 0x7f52cc07be30 con 0x7f52cc1087b0
2024-03-16T11:41:02.125 INFO:teuthology.orchestra.run.smithi029.stdout:/usr/bin/ceph: stderr
2024-03-16T11:40:55.868+0000 7f52d1214700 1 --2- >> [v2:172.21.15.29:3300/0,v1:172.21.15.29:6789/0] conn(0x7f52cc1087b0 0x7f52cc10aba0 unknown :-1 s=BANNER_CONNECTING pgs=0 cs=0 l=0 rev1=0 crypto rx=0 tx=0 comp rx=0 tx=0)._handle_peer_banner_payload supported=3 required=0
2024-03-16T11:41:02.125 INFO:teuthology.orchestra.run.smithi029.stdout:/usr/bin/ceph: stderr
2024-03-16T11:40:55.868+0000 7f52d1214700 1 --2- >> [v2:172.21.15.29:3300/0,v1:172.21.15.29:6789/0] conn(0x7f52cc1087b0 0x7f52cc10aba0 unknown :-1 s=HELLO_CONNECTING pgs=0 cs=0 l=0 rev1=1 crypto rx=0 tx=0 comp rx=0 tx=0).handle_hello peer v2:172.21.15.29:3300/0 says I am v2:172.21.15.29:60930/0 (socket says 172.21.15.29:60930)
2024-03-16T11:41:02.125 INFO:teuthology.orchestra.run.smithi029.stdout:/usr/bin/ceph: stderr
2024-03-16T11:40:55.868+0000 7f52d1214700 1 -- 172.21.15.29:0/372693350 learned_addr learned my addr 172.21.15.29:0/372693350 (peer_addr_for_me v2:172.21.15.29:0/0)
2024-03-16T11:41:02.125 INFO:teuthology.orchestra.run.smithi029.stdout:/usr/bin/ceph: stderr
2024-03-16T11:40:55.868+0000 7f52d1214700 1 -- 172.21.15.29:0/372693350 --> [v2:172.21.15.29:3300/0,v1:172.21.15.29:6789/0] -- mon_subscribe({config=0+,monmap=0+}) -- 0x7f52cc10b0e0 con 0x7f52cc1087b0
2024-03-16T11:41:02.125 INFO:teuthology.orchestra.run.smithi029.stdout:/usr/bin/ceph: stderr
2024-03-16T11:40:55.868+0000 7f52d1214700 1 --2- 172.21.15.29:0/372693350 >> [v2:172.21.15.29:3300/0,v1:172.21.15.29:6789/0] conn(0x7f52cc1087b0 0x7f52cc10aba0 secure :-1 s=READY pgs=28 cs=0 l=1 rev1=1 crypto rx=0x7f52c80098a0 tx=0x7f52c8009bb0 comp rx=0 tx=0).ready entity=mon.0 client_cookie=44e2c3717390e091 server_cookie=0 in_seq=0 out_seq=0
2024-03-16T11:41:02.125 INFO:teuthology.orchestra.run.smithi029.stdout:/usr/bin/ceph: stderr
2024-03-16T11:40:55.868+0000 7f52c3fff700 1 -- 172.21.15.29:0/372693350 <== mon.0 v2:172.21.15.29:3300/0 1 ==== mon_map magic: 0 ==== 205+0+0 (secure 0 0 0) 0x7f52c8004160 con 0x7f52cc1087b0
2024-03-16T11:41:02.126 INFO:teuthology.orchestra.run.smithi029.stdout:/usr/bin/ceph: stderr
2024-03-16T11:40:55.868+0000 7f52c3fff700 1 -- 172.21.15.29:0/372693350 <== mon.0 v2:172.21.15.29:3300/0 2 ==== config(27 keys) ==== 1109+0+0 (secure 0 0 0) 0x7f52c8004300 con 0x7f52cc1087b0
2024-03-16T11:41:02.126 INFO:teuthology.orchestra.run.smithi029.stdout:/usr/bin/ceph: stderr
2024-03-16T11:40:55.868+0000 7f52c3fff700 1 -- 172.21.15.29:0/372693350 <== mon.0 v2:172.21.15.29:3300/0 3 ==== mon_map magic: 0 ==== 205+0+0 (secure 0 0 0) 0x7f52c8011b50 con 0x7f52cc1087b0
2024-03-16T11:41:02.126 INFO:teuthology.orchestra.run.smithi029.stdout:/usr/bin/ceph: stderr
2024-03-16T11:40:55.869+0000 7f52d3478700 1 -- 172.21.15.29:0/372693350 >> [v2:172.21.15.29:3300/0,v1:172.21.15.29:6789/0] conn(0x7f52cc1087b0 msgr2=0x7f52cc10aba0 secure :-1 s=STATE_CONNECTION_ESTABLISHED l=1).mark_down
2024-03-16T11:41:02.126 INFO:teuthology.orchestra.run.smithi029.stdout:/usr/bin/ceph: stderr
2024-03-16T11:40:55.869+0000 7f52d3478700 1 --2- 172.21.15.29:0/372693350 >> [v2:172.21.15.29:3300/0,v1:172.21.15.29:6789/0] conn(0x7f52cc1087b0 0x7f52cc10aba0 secure :-1 s=READY pgs=28 cs=0 l=1 rev1=1 crypto rx=0x7f52c80098a0 tx=0x7f52c8009bb0 comp rx=0 tx=0).stop
2024-03-16T11:41:02.126 INFO:teuthology.orchestra.run.smithi029.stdout:/usr/bin/ceph: stderr
2024-03-16T11:40:55.869+0000 7f52d3478700 1 -- 172.21.15.29:0/372693350 shutdown_connections
2024-03-16T11:41:02.126 INFO:teuthology.orchestra.run.smithi029.stdout:/usr/bin/ceph: stderr
2024-03-16T11:40:55.869+0000 7f52d3478700 1 --2- 172.21.15.29:0/372693350 >> [v2:172.21.15.29:3300/0,v1:172.21.15.29:6789/0] conn(0x7f52cc1087b0 0x7f52cc10aba0 unknown :-1 s=CLOSED pgs=28 cs=0 l=1 rev1=1 crypto rx=0 tx=0 comp rx=0 tx=0).stop
2024-03-16T11:41:02.126 INFO:teuthology.orchestra.run.smithi029.stdout:/usr/bin/ceph: stderr
2024-03-16T11:40:55.869+0000 7f52d3478700 1 -- 172.21.15.29:0/372693350 >> 172.21.15.29:0/372693350 conn(0x7f52cc1021a0 msgr2=0x7f52cc1045e0 unknown :-1 s=STATE_NONE l=0).mark_down
2024-03-16T11:41:02.126 INFO:teuthology.orchestra.run.smithi029.stdout:/usr/bin/ceph: stderr
2024-03-16T11:40:55.869+0000 7f52d3478700 1 -- 172.21.15.29:0/372693350 shutdown_connections
2024-03-16T11:41:02.126 INFO:teuthology.orchestra.run.smithi029.stdout:/usr/bin/ceph: stderr
2024-03-16T11:40:55.869+0000 7f52d3478700 1 -- 172.21.15.29:0/372693350 wait complete.
2024-03-16T11:41:02.127 INFO:teuthology.orchestra.run.smithi029.stdout:/usr/bin/ceph: stderr
2024-03-16T11:40:55.870+0000 7f52d3478700 1 Processor -- start
2024-03-16T11:41:02.127 INFO:teuthology.orchestra.run.smithi029.stdout:/usr/bin/ceph: stderr
2024-03-16T11:40:55.870+0000 7f52d3478700 1 -- start start
2024-03-16T11:41:02.127 INFO:teuthology.orchestra.run.smithi029.stdout:/usr/bin/ceph: stderr
2024-03-16T11:40:55.870+0000 7f52d3478700 1 --2- >> [v2:172.21.15.29:3300/0,v1:172.21.15.29:6789/0] conn(0x7f52cc1087b0 0x7f52cc19bcb0 unknown :-1 s=NONE pgs=0 cs=0 l=1 rev1=0 crypto rx=0 tx=0 comp rx=0 tx=0).connect
2024-03-16T11:41:02.127 INFO:teuthology.orchestra.run.smithi029.stdout:/usr/bin/ceph: stderr
2024-03-16T11:40:55.870+0000 7f52d3478700 1 -- --> [v2:172.21.15.29:3300/0,v1:172.21.15.29:6789/0] -- mon_getmap magic: 0 -- 0x7f52cc10c100 con 0x7f52cc1087b0
2024-03-16T11:41:02.127 INFO:teuthology.orchestra.run.smithi029.stdout:/usr/bin/ceph: stderr
2024-03-16T11:40:55.870+0000 7f52d1214700 1 --2- >> [v2:172.21.15.29:3300/0,v1:172.21.15.29:6789/0] conn(0x7f52cc1087b0 0x7f52cc19bcb0 unknown :-1 s=BANNER_CONNECTING pgs=0 cs=0 l=1 rev1=0 crypto rx=0 tx=0 comp rx=0 tx=0)._handle_peer_banner_payload supported=3 required=0
2024-03-16T11:41:02.127 INFO:teuthology.orchestra.run.smithi029.stdout:/usr/bin/ceph: stderr
2024-03-16T11:40:55.870+0000 7f52d1214700 1 --2- >> [v2:172.21.15.29:3300/0,v1:172.21.15.29:6789/0] conn(0x7f52cc1087b0 0x7f52cc19bcb0 unknown :-1 s=HELLO_CONNECTING pgs=0 cs=0 l=1 rev1=1 crypto rx=0 tx=0 comp rx=0 tx=0).handle_hello peer v2:172.21.15.29:3300/0 says I am v2:172.21.15.29:60938/0 (socket says 172.21.15.29:60938)
2024-03-16T11:41:02.127 INFO:teuthology.orchestra.run.smithi029.stdout:/usr/bin/ceph: stderr
2024-03-16T11:40:55.870+0000 7f52d1214700 1 -- 172.21.15.29:0/2782034243 learned_addr learned my addr 172.21.15.29:0/2782034243 (peer_addr_for_me v2:172.21.15.29:0/0)
2024-03-16T11:41:02.127 INFO:teuthology.orchestra.run.smithi029.stdout:/usr/bin/ceph: stderr
2024-03-16T11:40:55.870+0000 7f52d1214700 1 -- 172.21.15.29:0/2782034243 --> [v2:172.21.15.29:3300/0,v1:172.21.15.29:6789/0] -- mon_subscribe({config=0+,monmap=0+}) -- 0x7f52cc19c1f0 con 0x7f52cc1087b0
2024-03-16T11:41:02.127 INFO:teuthology.orchestra.run.smithi029.stdout:/usr/bin/ceph: stderr
2024-03-16T11:40:55.871+0000 7f52d1214700 1 --2- 172.21.15.29:0/2782034243 >> [v2:172.21.15.29:3300/0,v1:172.21.15.29:6789/0] conn(0x7f52cc1087b0 0x7f52cc19bcb0 secure :-1 s=READY pgs=29 cs=0 l=1 rev1=1 crypto rx=0x7f52c8011b60 tx=0x7f52c8011c40 comp rx=0 tx=0).ready entity=mon.0 client_cookie=0 server_cookie=0 in_seq=0 out_seq=0
2024-03-16T11:41:02.128 INFO:teuthology.orchestra.run.smithi029.stdout:/usr/bin/ceph: stderr
2024-03-16T11:40:55.871+0000 7f52c27fc700 1 -- 172.21.15.29:0/2782034243 <== mon.0 v2:172.21.15.29:3300/0 1 ==== mon_map magic: 0 ==== 205+0+0 (secure 0 0 0) 0x7f52c8003970 con 0x7f52cc1087b0
2024-03-16T11:41:02.128 INFO:teuthology.orchestra.run.smithi029.stdout:/usr/bin/ceph: stderr
2024-03-16T11:40:55.871+0000 7f52c27fc700 1 -- 172.21.15.29:0/2782034243 <== mon.0 v2:172.21.15.29:3300/0 2 ==== config(27 keys) ==== 1109+0+0 (secure 0 0 0) 0x7f52c8003b10 con 0x7f52cc1087b0
2024-03-16T11:41:02.128 INFO:teuthology.orchestra.run.smithi029.stdout:/usr/bin/ceph: stderr
2024-03-16T11:40:55.871+0000 7f52c27fc700 1 -- 172.21.15.29:0/2782034243 <== mon.0 v2:172.21.15.29:3300/0 3 ==== mon_map magic: 0 ==== 205+0+0 (secure 0 0 0) 0x7f52c8024610 con 0x7f52cc1087b0
2024-03-16T11:41:02.128 INFO:teuthology.orchestra.run.smithi029.stdout:/usr/bin/ceph: stderr
2024-03-16T11:40:55.871+0000 7f52d3478700 1 -- 172.21.15.29:0/2782034243 --> [v2:172.21.15.29:3300/0,v1:172.21.15.29:6789/0] -- mon_subscribe({mgrmap=0+}) -- 0x7f52cc19c480 con 0x7f52cc1087b0
2024-03-16T11:41:02.128 INFO:teuthology.orchestra.run.smithi029.stdout:/usr/bin/ceph: stderr
2024-03-16T11:40:55.871+0000 7f52d3478700 1 -- 172.21.15.29:0/2782034243 --> [v2:172.21.15.29:3300/0,v1:172.21.15.29:6789/0] -- mon_subscribe({osdmap=0}) -- 0x7f52cc19f170 con 0x7f52cc1087b0
2024-03-16T11:41:02.128 INFO:teuthology.orchestra.run.smithi029.stdout:/usr/bin/ceph: stderr
2024-03-16T11:40:55.872+0000 7f52c27fc700 1 -- 172.21.15.29:0/2782034243 <== mon.0 v2:172.21.15.29:3300/0 4 ==== mgrmap(e 5) ==== 46106+0+0 (secure 0 0 0) 0x7f52c8024910 con 0x7f52cc1087b0
2024-03-16T11:41:02.128 INFO:teuthology.orchestra.run.smithi029.stdout:/usr/bin/ceph: stderr
2024-03-16T11:40:55.872+0000 7f52c27fc700 1 --2- 172.21.15.29:0/2782034243 >> [v2:172.21.15.29:6800/2275315654,v1:172.21.15.29:6801/2275315654] conn(0x7f52b8038f20 0x7f52b803b3e0 unknown :-1 s=NONE pgs=0 cs=0 l=1 rev1=0 crypto rx=0 tx=0 comp rx=0 tx=0).connect
2024-03-16T11:41:02.128 INFO:teuthology.orchestra.run.smithi029.stdout:/usr/bin/ceph: stderr
2024-03-16T11:40:55.872+0000 7f52c27fc700 1 -- 172.21.15.29:0/2782034243 --> [v2:172.21.15.29:6800/2275315654,v1:172.21.15.29:6801/2275315654] -- command(tid 0: {"prefix": "get_command_descriptions"}) -- 0x7f52b803baf0 con 0x7f52b8038f20
2024-03-16T11:41:02.128 INFO:teuthology.orchestra.run.smithi029.stdout:/usr/bin/ceph: stderr
2024-03-16T11:40:55.872+0000 7f52c27fc700 1 -- 172.21.15.29:0/2782034243 <== mon.0 v2:172.21.15.29:3300/0 5 ==== osd_map(1..1 src has 1..1) ==== 725+0+0 (secure 0 0 0) 0x7f52c8011e00 con 0x7f52cc1087b0
2024-03-16T11:41:02.129 INFO:teuthology.orchestra.run.smithi029.stdout:/usr/bin/ceph: stderr
2024-03-16T11:40:55.872+0000 7f52d0a13700 1 -- 172.21.15.29:0/2782034243 >> [v2:172.21.15.29:6800/2275315654,v1:172.21.15.29:6801/2275315654] conn(0x7f52b8038f20 msgr2=0x7f52b803b3e0 unknown :-1 s=STATE_CONNECTING_RE l=1).process reconnect failed to v2:172.21.15.29:6800/2275315654
2024-03-16T11:41:02.129 INFO:teuthology.orchestra.run.smithi029.stdout:/usr/bin/ceph: stderr
2024-03-16T11:40:55.872+0000 7f52d0a13700 1 --2- 172.21.15.29:0/2782034243 >> [v2:172.21.15.29:6800/2275315654,v1:172.21.15.29:6801/2275315654] conn(0x7f52b8038f20 0x7f52b803b3e0 unknown :-1 s=START_CONNECT pgs=0 cs=0 l=1 rev1=0 crypto rx=0 tx=0 comp rx=0 tx=0)._fault waiting 0.200000
2024-03-16T11:41:02.129 INFO:teuthology.orchestra.run.smithi029.stdout:/usr/bin/ceph: stderr
2024-03-16T11:40:56.073+0000 7f52d0a13700 1 -- 172.21.15.29:0/2782034243 >> [v2:172.21.15.29:6800/2275315654,v1:172.21.15.29:6801/2275315654] conn(0x7f52b8038f20 msgr2=0x7f52b803b3e0 unknown :-1 s=STATE_CONNECTING_RE l=1).process reconnect failed to v2:172.21.15.29:6800/2275315654
2024-03-16T11:41:02.129 INFO:teuthology.orchestra.run.smithi029.stdout:/usr/bin/ceph: stderr
2024-03-16T11:40:56.073+0000 7f52d0a13700 1 --2- 172.21.15.29:0/2782034243 >> [v2:172.21.15.29:6800/2275315654,v1:172.21.15.29:6801/2275315654] conn(0x7f52b8038f20 0x7f52b803b3e0 unknown :-1 s=START_CONNECT pgs=0 cs=0 l=1 rev1=0 crypto rx=0 tx=0 comp rx=0 tx=0)._fault waiting 0.400000
2024-03-16T11:41:02.129 INFO:teuthology.orchestra.run.smithi029.stdout:/usr/bin/ceph: stderr
2024-03-16T11:40:56.474+0000 7f52d0a13700 1 -- 172.21.15.29:0/2782034243 >> [v2:172.21.15.29:6800/2275315654,v1:172.21.15.29:6801/2275315654] conn(0x7f52b8038f20 msgr2=0x7f52b803b3e0 unknown :-1 s=STATE_CONNECTING_RE l=1).process reconnect failed to v2:172.21.15.29:6800/2275315654
2024-03-16T11:41:02.129 INFO:teuthology.orchestra.run.smithi029.stdout:/usr/bin/ceph: stderr
2024-03-16T11:40:56.474+0000 7f52d0a13700 1 --2- 172.21.15.29:0/2782034243 >> [v2:172.21.15.29:6800/2275315654,v1:172.21.15.29:6801/2275315654] conn(0x7f52b8038f20 0x7f52b803b3e0 unknown :-1 s=START_CONNECT pgs=0 cs=0 l=1 rev1=0 crypto rx=0 tx=0 comp rx=0 tx=0)._fault waiting 0.800000
2024-03-16T11:41:02.129 INFO:teuthology.orchestra.run.smithi029.stdout:/usr/bin/ceph: stderr
2024-03-16T11:40:57.275+0000 7f52d0a13700 1 -- 172.21.15.29:0/2782034243 >> [v2:172.21.15.29:6800/2275315654,v1:172.21.15.29:6801/2275315654] conn(0x7f52b8038f20 msgr2=0x7f52b803b3e0 unknown :-1 s=STATE_CONNECTING_RE l=1).process reconnect failed to v2:172.21.15.29:6800/2275315654
2024-03-16T11:41:02.129 INFO:teuthology.orchestra.run.smithi029.stdout:/usr/bin/ceph: stderr
2024-03-16T11:40:57.275+0000 7f52d0a13700 1 --2- 172.21.15.29:0/2782034243 >> [v2:172.21.15.29:6800/2275315654,v1:172.21.15.29:6801/2275315654] conn(0x7f52b8038f20 0x7f52b803b3e0 unknown :-1 s=START_CONNECT pgs=0 cs=0 l=1 rev1=0 crypto rx=0 tx=0 comp rx=0 tx=0)._fault waiting 1.600000
2024-03-16T11:41:02.129 INFO:teuthology.orchestra.run.smithi029.stdout:/usr/bin/ceph: stderr
2024-03-16T11:40:58.876+0000 7f52d0a13700 1 -- 172.21.15.29:0/2782034243 >> [v2:172.21.15.29:6800/2275315654,v1:172.21.15.29:6801/2275315654] conn(0x7f52b8038f20 msgr2=0x7f52b803b3e0 unknown :-1 s=STATE_CONNECTING_RE l=1).process reconnect failed to v2:172.21.15.29:6800/2275315654
2024-03-16T11:41:02.129 INFO:teuthology.orchestra.run.smithi029.stdout:/usr/bin/ceph: stderr
2024-03-16T11:40:58.876+0000 7f52d0a13700 1 --2- 172.21.15.29:0/2782034243 >> [v2:172.21.15.29:6800/2275315654,v1:172.21.15.29:6801/2275315654] conn(0x7f52b8038f20 0x7f52b803b3e0 unknown :-1 s=START_CONNECT pgs=0 cs=0 l=1 rev1=0 crypto rx=0 tx=0 comp rx=0 tx=0)._fault waiting 3.200000
2024-03-16T11:41:02.130 INFO:teuthology.orchestra.run.smithi029.stdout:/usr/bin/ceph: stderr
2024-03-16T11:41:00.507+0000 7f52c27fc700 1 -- 172.21.15.29:0/2782034243 <== mon.0 v2:172.21.15.29:3300/0 6 ==== mgrmap(e 6) ==== 45873+0+0 (secure 0 0 0) 0x7f52c8024c00 con 0x7f52cc1087b0
2024-03-16T11:41:02.130 INFO:teuthology.orchestra.run.smithi029.stdout:/usr/bin/ceph: stderr
2024-03-16T11:41:00.507+0000 7f52c27fc700 1 -- 172.21.15.29:0/2782034243 >> [v2:172.21.15.29:6800/2275315654,v1:172.21.15.29:6801/2275315654] conn(0x7f52b8038f20 msgr2=0x7f52b803b3e0 unknown :-1 s=STATE_CONNECTING l=1).mark_down
2024-03-16T11:41:02.130 INFO:teuthology.orchestra.run.smithi029.stdout:/usr/bin/ceph: stderr
2024-03-16T11:41:00.507+0000 7f52c27fc700 1 --2- 172.21.15.29:0/2782034243 >> [v2:172.21.15.29:6800/2275315654,v1:172.21.15.29:6801/2275315654] conn(0x7f52b8038f20 0x7f52b803b3e0 unknown :-1 s=START_CONNECT pgs=0 cs=0 l=1 rev1=0 crypto rx=0 tx=0 comp rx=0 tx=0).stop
2024-03-16T11:41:02.130 INFO:teuthology.orchestra.run.smithi029.stdout:/usr/bin/ceph: stderr
2024-03-16T11:41:01.508+0000 7f52c27fc700 1 -- 172.21.15.29:0/2782034243 <== mon.0 v2:172.21.15.29:3300/0 7 ==== mgrmap(e 7) ==== 46000+0+0 (secure 0 0 0) 0x7f52c804efa0 con 0x7f52cc1087b0
2024-03-16T11:41:02.130 INFO:teuthology.orchestra.run.smithi029.stdout:/usr/bin/ceph: stderr
2024-03-16T11:41:01.508+0000 7f52c27fc700 1 --2- 172.21.15.29:0/2782034243 >> [v2:172.21.15.29:6800/2798831128,v1:172.21.15.29:6801/2798831128] conn(0x7f52b803c810 0x7f52b803ec00 unknown :-1 s=NONE pgs=0 cs=0 l=1 rev1=0 crypto rx=0 tx=0 comp rx=0 tx=0).connect
2024-03-16T11:41:02.130 INFO:teuthology.orchestra.run.smithi029.stdout:/usr/bin/ceph: stderr
2024-03-16T11:41:01.508+0000 7f52c27fc700 1 -- 172.21.15.29:0/2782034243 --> [v2:172.21.15.29:6800/2798831128,v1:172.21.15.29:6801/2798831128] -- command(tid 0: {"prefix": "get_command_descriptions"}) -- 0x7f52b803baf0 con 0x7f52b803c810
2024-03-16T11:41:02.130 INFO:teuthology.orchestra.run.smithi029.stdout:/usr/bin/ceph: stderr
2024-03-16T11:41:01.508+0000 7f52d0a13700 1 --2- 172.21.15.29:0/2782034243 >> [v2:172.21.15.29:6800/2798831128,v1:172.21.15.29:6801/2798831128] conn(0x7f52b803c810 0x7f52b803ec00 unknown :-1 s=BANNER_CONNECTING pgs=0 cs=0 l=1 rev1=0 crypto rx=0 tx=0 comp rx=0 tx=0)._handle_peer_banner_payload supported=3 required=0
2024-03-16T11:41:02.130 INFO:teuthology.orchestra.run.smithi029.stdout:/usr/bin/ceph: stderr
2024-03-16T11:41:01.509+0000 7f52d0a13700 1 --2- 172.21.15.29:0/2782034243 >> [v2:172.21.15.29:6800/2798831128,v1:172.21.15.29:6801/2798831128] conn(0x7f52b803c810 0x7f52b803ec00 secure :-1 s=READY pgs=1 cs=0 l=1 rev1=1 crypto rx=0x7f52bc003a10 tx=0x7f52bc009290 comp rx=0 tx=0).ready entity=mgr.14120 client_cookie=0 server_cookie=0 in_seq=0 out_seq=0
2024-03-16T11:41:02.131 INFO:teuthology.orchestra.run.smithi029.stdout:/usr/bin/ceph: stderr
2024-03-16T11:41:01.510+0000 7f52c27fc700 1 -- 172.21.15.29:0/2782034243 <== mgr.14120 v2:172.21.15.29:6800/2798831128 1 ==== command_reply(tid 0: 0 ) ==== 8+0+7774 (secure 0 0 0) 0x7f52b803baf0 con 0x7f52b803c810
2024-03-16T11:41:02.131 INFO:teuthology.orchestra.run.smithi029.stdout:/usr/bin/ceph: stderr
2024-03-16T11:41:01.516+0000 7f52d3478700 1 -- 172.21.15.29:0/2782034243 --> [v2:172.21.15.29:6800/2798831128,v1:172.21.15.29:6801/2798831128] -- command(tid 1: {"prefix": "mgr_status"}) -- 0x7f52cc063900 con 0x7f52b803c810
2024-03-16T11:41:02.131 INFO:teuthology.orchestra.run.smithi029.stdout:/usr/bin/ceph: stderr
2024-03-16T11:41:01.516+0000 7f52c27fc700 1 -- 172.21.15.29:0/2782034243 <== mgr.14120 v2:172.21.15.29:6800/2798831128 2 ==== command_reply(tid 1: 0 ) ==== 8+0+51 (secure 0 0 0) 0x7f52cc063900 con 0x7f52b803c810
2024-03-16T11:41:02.131 INFO:teuthology.orchestra.run.smithi029.stdout:/usr/bin/ceph: stderr
2024-03-16T11:41:01.516+0000 7f52d3478700 1 -- 172.21.15.29:0/2782034243 >> [v2:172.21.15.29:6800/2798831128,v1:172.21.15.29:6801/2798831128] conn(0x7f52b803c810 msgr2=0x7f52b803ec00 secure :-1 s=STATE_CONNECTION_ESTABLISHED l=1).mark_down
2024-03-16T11:41:02.131 INFO:teuthology.orchestra.run.smithi029.stdout:/usr/bin/ceph: stderr
2024-03-16T11:41:01.516+0000 7f52d3478700 1 --2- 172.21.15.29:0/2782034243 >> [v2:172.21.15.29:6800/2798831128,v1:172.21.15.29:6801/2798831128] conn(0x7f52b803c810 0x7f52b803ec00 secure :-1 s=READY pgs=1 cs=0 l=1 rev1=1 crypto rx=0x7f52bc003a10 tx=0x7f52bc009290 comp rx=0 tx=0).stop
2024-03-16T11:41:02.131 INFO:teuthology.orchestra.run.smithi029.stdout:/usr/bin/ceph: stderr
2024-03-16T11:41:01.516+0000 7f52d3478700 1 -- 172.21.15.29:0/2782034243 >> [v2:172.21.15.29:3300/0,v1:172.21.15.29:6789/0] conn(0x7f52cc1087b0 msgr2=0x7f52cc19bcb0 secure :-1 s=STATE_CONNECTION_ESTABLISHED l=1).mark_down
2024-03-16T11:41:02.131 INFO:teuthology.orchestra.run.smithi029.stdout:/usr/bin/ceph: stderr
2024-03-16T11:41:01.516+0000 7f52d3478700 1 --2- 172.21.15.29:0/2782034243 >> [v2:172.21.15.29:3300/0,v1:172.21.15.29:6789/0] conn(0x7f52cc1087b0 0x7f52cc19bcb0 secure :-1 s=READY pgs=29 cs=0 l=1 rev1=1 crypto rx=0x7f52c8011b60 tx=0x7f52c8011c40 comp rx=0 tx=0).stop
2024-03-16T11:41:02.131 INFO:teuthology.orchestra.run.smithi029.stdout:/usr/bin/ceph: stderr
2024-03-16T11:41:01.517+0000 7f52d3478700 1 -- 172.21.15.29:0/2782034243 shutdown_connections
2024-03-16T11:41:02.131 INFO:teuthology.orchestra.run.smithi029.stdout:/usr/bin/ceph: stderr
2024-03-16T11:41:01.517+0000 7f52d3478700 1 --2- 172.21.15.29:0/2782034243 >> [v2:172.21.15.29:6800/2798831128,v1:172.21.15.29:6801/2798831128] conn(0x7f52b803c810 0x7f52b803ec00 unknown :-1 s=CLOSED pgs=1 cs=0 l=1 rev1=1 crypto rx=0 tx=0 comp rx=0 tx=0).stop
2024-03-16T11:41:02.132 INFO:teuthology.orchestra.run.smithi029.stdout:/usr/bin/ceph: stderr
2024-03-16T11:41:01.517+0000 7f52d3478700 1 --2- 172.21.15.29:0/2782034243 >> [v2:172.21.15.29:3300/0,v1:172.21.15.29:6789/0] conn(0x7f52cc1087b0 0x7f52cc19bcb0 unknown :-1 s=CLOSED pgs=29 cs=0 l=1 rev1=1 crypto rx=0 tx=0 comp rx=0 tx=0).stop
2024-03-16T11:41:02.132 INFO:teuthology.orchestra.run.smithi029.stdout:/usr/bin/ceph: stderr
2024-03-16T11:41:01.517+0000 7f52d3478700 1 --2- 172.21.15.29:0/2782034243 >> [v2:172.21.15.29:6800/2275315654,v1:172.21.15.29:6801/2275315654] conn(0x7f52b8038f20 0x7f52b803b3e0 unknown :-1 s=CLOSED pgs=0 cs=0 l=1 rev1=0 crypto rx=0 tx=0 comp rx=0 tx=0).stop
2024-03-16T11:41:02.132 INFO:teuthology.orchestra.run.smithi029.stdout:/usr/bin/ceph: stderr
2024-03-16T11:41:01.517+0000 7f52d3478700 1 -- 172.21.15.29:0/2782034243 >> 172.21.15.29:0/2782034243 conn(0x7f52cc1021a0 msgr2=0x7f52cc102c90 unknown :-1 s=STATE_NONE l=0).mark_down
2024-03-16T11:41:02.132 INFO:teuthology.orchestra.run.smithi029.stdout:/usr/bin/ceph: stderr
2024-03-16T11:41:01.517+0000 7f52d3478700 1 -- 172.21.15.29:0/2782034243 shutdown_connections
2024-03-16T11:41:02.132 INFO:teuthology.orchestra.run.smithi029.stdout:/usr/bin/ceph: stderr
2024-03-16T11:41:01.517+0000 7f52d3478700 1 -- 172.21.15.29:0/2782034243 wait complete.
2024-03-16T11:41:02.132 INFO:teuthology.orchestra.run.smithi029.stdout:mgr epoch 5 is available
2024-03-16T11:41:02.132 INFO:teuthology.orchestra.run.smithi029.stdout:Setting orchestrator backend to cephadm...
2024-03-16T11:41:02.748 INFO:journalctl@ceph.mon.a.smithi029.stdout:Mar 16 11:41:02 smithi029 ceph-mon[31975]: [16/Mar/2024:11:41:01] ENGINE Bus STARTING
2024-03-16T11:41:02.748 INFO:journalctl@ceph.mon.a.smithi029.stdout:Mar 16 11:41:02 smithi029 ceph-mon[31975]: [16/Mar/2024:11:41:01] ENGINE Serving on http://172.21.15.29:8765
2024-03-16T11:41:02.748 INFO:journalctl@ceph.mon.a.smithi029.stdout:Mar 16 11:41:02 smithi029 ceph-mon[31975]: [16/Mar/2024:11:41:01] ENGINE Serving on https://172.21.15.29:7150
2024-03-16T11:41:02.748 INFO:journalctl@ceph.mon.a.smithi029.stdout:Mar 16 11:41:02 smithi029 ceph-mon[31975]: [16/Mar/2024:11:41:01] ENGINE Bus STARTED
2024-03-16T11:41:02.748 INFO:journalctl@ceph.mon.a.smithi029.stdout:Mar 16 11:41:02 smithi029 ceph-mon[31975]: from='mgr.14120 172.21.15.29:0/4098640102' entity='mgr.x' cmd=[{"prefix": "config dump", "format": "json"}]: dispatch
2024-03-16T11:41:03.378 INFO:teuthology.orchestra.run.smithi029.stdout:/usr/bin/ceph: stderr
2024-03-16T11:41:02.514+0000 7f65cef41700 1 Processor -- start
2024-03-16T11:41:03.378 INFO:teuthology.orchestra.run.smithi029.stdout:/usr/bin/ceph: stderr
2024-03-16T11:41:02.514+0000 7f65cef41700 1 -- start start
2024-03-16T11:41:03.378 INFO:teuthology.orchestra.run.smithi029.stdout:/usr/bin/ceph: stderr
2024-03-16T11:41:02.514+0000 7f65cef41700 1 --2- >> [v2:172.21.15.29:3300/0,v1:172.21.15.29:6789/0] conn(0x7f65c8106610 0x7f65c8106a30 unknown :-1 s=NONE pgs=0 cs=0 l=0 rev1=0 crypto rx=0 tx=0 comp rx=0 tx=0).connect
2024-03-16T11:41:03.379 INFO:teuthology.orchestra.run.smithi029.stdout:/usr/bin/ceph: stderr
2024-03-16T11:41:02.514+0000 7f65cef41700 1 -- --> [v2:172.21.15.29:3300/0,v1:172.21.15.29:6789/0] -- mon_getmap magic: 0 -- 0x7f65c807be10 con 0x7f65c8106610
2024-03-16T11:41:03.379 INFO:teuthology.orchestra.run.smithi029.stdout:/usr/bin/ceph: stderr
2024-03-16T11:41:02.514+0000 7f65cccdd700 1 --2- >> [v2:172.21.15.29:3300/0,v1:172.21.15.29:6789/0] conn(0x7f65c8106610 0x7f65c8106a30 unknown :-1 s=BANNER_CONNECTING pgs=0 cs=0 l=0 rev1=0 crypto rx=0 tx=0 comp rx=0 tx=0)._handle_peer_banner_payload supported=3 required=0
2024-03-16T11:41:03.379 INFO:teuthology.orchestra.run.smithi029.stdout:/usr/bin/ceph: stderr
2024-03-16T11:41:02.514+0000 7f65cccdd700 1 --2- >> [v2:172.21.15.29:3300/0,v1:172.21.15.29:6789/0] conn(0x7f65c8106610 0x7f65c8106a30 unknown :-1 s=HELLO_CONNECTING pgs=0 cs=0 l=0 rev1=1 crypto rx=0 tx=0 comp rx=0 tx=0).handle_hello peer v2:172.21.15.29:3300/0 says I am v2:172.21.15.29:45686/0 (socket says 172.21.15.29:45686)
2024-03-16T11:41:03.379 INFO:teuthology.orchestra.run.smithi029.stdout:/usr/bin/ceph: stderr
2024-03-16T11:41:02.514+0000 7f65cccdd700 1 -- 172.21.15.29:0/3174528561 learned_addr learned my addr 172.21.15.29:0/3174528561 (peer_addr_for_me v2:172.21.15.29:0/0)
2024-03-16T11:41:03.379 INFO:teuthology.orchestra.run.smithi029.stdout:/usr/bin/ceph: stderr
2024-03-16T11:41:02.515+0000 7f65cccdd700 1 -- 172.21.15.29:0/3174528561 --> [v2:172.21.15.29:3300/0,v1:172.21.15.29:6789/0] -- mon_subscribe({config=0+,monmap=0+}) -- 0x7f65c8106f70 con 0x7f65c8106610
2024-03-16T11:41:03.379 INFO:teuthology.orchestra.run.smithi029.stdout:/usr/bin/ceph: stderr
2024-03-16T11:41:02.515+0000 7f65cccdd700 1 --2- 172.21.15.29:0/3174528561 >> [v2:172.21.15.29:3300/0,v1:172.21.15.29:6789/0] conn(0x7f65c8106610 0x7f65c8106a30 secure :-1 s=READY pgs=37 cs=0 l=1 rev1=1 crypto rx=0x7f65b80098a0 tx=0x7f65b8009bb0 comp rx=0 tx=0).ready entity=mon.0 client_cookie=bd81939295fbb112 server_cookie=0 in_seq=0 out_seq=0
2024-03-16T11:41:03.379 INFO:teuthology.orchestra.run.smithi029.stdout:/usr/bin/ceph: stderr
2024-03-16T11:41:02.515+0000 7f65c77fe700 1 -- 172.21.15.29:0/3174528561 <== mon.0 v2:172.21.15.29:3300/0 1 ==== mon_map magic: 0 ==== 205+0+0 (secure 0 0 0) 0x7f65b8004160 con 0x7f65c8106610
2024-03-16T11:41:03.379 INFO:teuthology.orchestra.run.smithi029.stdout:/usr/bin/ceph: stderr
2024-03-16T11:41:02.515+0000 7f65c77fe700 1 -- 172.21.15.29:0/3174528561 <== mon.0 v2:172.21.15.29:3300/0 2 ==== config(27 keys) ==== 1109+0+0 (secure 0 0 0) 0x7f65b8004300 con 0x7f65c8106610
2024-03-16T11:41:03.379 INFO:teuthology.orchestra.run.smithi029.stdout:/usr/bin/ceph: stderr
2024-03-16T11:41:02.515+0000 7f65c77fe700 1 -- 172.21.15.29:0/3174528561 <== mon.0 v2:172.21.15.29:3300/0 3 ==== mon_map magic: 0 ==== 205+0+0 (secure 0 0 0) 0x7f65b8011b50 con 0x7f65c8106610
2024-03-16T11:41:03.379 INFO:teuthology.orchestra.run.smithi029.stdout:/usr/bin/ceph: stderr
2024-03-16T11:41:02.516+0000 7f65cef41700 1 -- 172.21.15.29:0/3174528561 >> [v2:172.21.15.29:3300/0,v1:172.21.15.29:6789/0] conn(0x7f65c8106610 msgr2=0x7f65c8106a30 secure :-1 s=STATE_CONNECTION_ESTABLISHED l=1).mark_down
2024-03-16T11:41:03.379 INFO:teuthology.orchestra.run.smithi029.stdout:/usr/bin/ceph: stderr
2024-03-16T11:41:02.516+0000 7f65cef41700 1 --2- 172.21.15.29:0/3174528561 >> [v2:172.21.15.29:3300/0,v1:172.21.15.29:6789/0] conn(0x7f65c8106610 0x7f65c8106a30 secure :-1 s=READY pgs=37 cs=0 l=1 rev1=1 crypto rx=0x7f65b80098a0 tx=0x7f65b8009bb0 comp rx=0 tx=0).stop
2024-03-16T11:41:03.379 INFO:teuthology.orchestra.run.smithi029.stdout:/usr/bin/ceph: stderr
2024-03-16T11:41:02.516+0000 7f65cef41700 1 -- 172.21.15.29:0/3174528561 shutdown_connections
2024-03-16T11:41:03.379 INFO:teuthology.orchestra.run.smithi029.stdout:/usr/bin/ceph: stderr
2024-03-16T11:41:02.516+0000 7f65cef41700 1 --2- 172.21.15.29:0/3174528561 >> [v2:172.21.15.29:3300/0,v1:172.21.15.29:6789/0] conn(0x7f65c8106610 0x7f65c8106a30 unknown :-1 s=CLOSED pgs=37 cs=0 l=1 rev1=1 crypto rx=0 tx=0 comp rx=0 tx=0).stop
2024-03-16T11:41:03.379 INFO:teuthology.orchestra.run.smithi029.stdout:/usr/bin/ceph: stderr
2024-03-16T11:41:02.516+0000 7f65cef41700 1 -- 172.21.15.29:0/3174528561 >> 172.21.15.29:0/3174528561 conn(0x7f65c8102210 msgr2=0x7f65c8104630 unknown :-1 s=STATE_NONE l=0).mark_down
2024-03-16T11:41:03.379 INFO:teuthology.orchestra.run.smithi029.stdout:/usr/bin/ceph: stderr
2024-03-16T11:41:02.516+0000 7f65cef41700 1 -- 172.21.15.29:0/3174528561 shutdown_connections
2024-03-16T11:41:03.380 INFO:teuthology.orchestra.run.smithi029.stdout:/usr/bin/ceph: stderr
2024-03-16T11:41:02.516+0000 7f65cef41700 1 -- 172.21.15.29:0/3174528561 wait complete.
2024-03-16T11:41:03.380 INFO:teuthology.orchestra.run.smithi029.stdout:/usr/bin/ceph: stderr
2024-03-16T11:41:02.516+0000 7f65cef41700 1 Processor -- start
2024-03-16T11:41:03.380 INFO:teuthology.orchestra.run.smithi029.stdout:/usr/bin/ceph: stderr
2024-03-16T11:41:02.516+0000 7f65cef41700 1 -- start start
2024-03-16T11:41:03.383 INFO:teuthology.orchestra.run.smithi029.stdout:/usr/bin/ceph: stderr
2024-03-16T11:41:02.516+0000 7f65cef41700 1 --2- >> [v2:172.21.15.29:3300/0,v1:172.21.15.29:6789/0] conn(0x7f65c8106610 0x7f65c819df20 unknown :-1 s=NONE pgs=0 cs=0 l=1 rev1=0 crypto rx=0 tx=0 comp rx=0 tx=0).connect
2024-03-16T11:41:03.383 INFO:teuthology.orchestra.run.smithi029.stdout:/usr/bin/ceph: stderr
2024-03-16T11:41:02.516+0000 7f65cef41700 1 -- --> [v2:172.21.15.29:3300/0,v1:172.21.15.29:6789/0] -- mon_getmap magic: 0 -- 0x7f65c8108000 con 0x7f65c8106610
2024-03-16T11:41:03.383 INFO:teuthology.orchestra.run.smithi029.stdout:/usr/bin/ceph: stderr
2024-03-16T11:41:02.517+0000 7f65cccdd700 1 --2- >> [v2:172.21.15.29:3300/0,v1:172.21.15.29:6789/0] conn(0x7f65c8106610 0x7f65c819df20 unknown :-1 s=BANNER_CONNECTING pgs=0 cs=0 l=1 rev1=0 crypto rx=0 tx=0 comp rx=0 tx=0)._handle_peer_banner_payload supported=3 required=0
2024-03-16T11:41:03.383 INFO:teuthology.orchestra.run.smithi029.stdout:/usr/bin/ceph: stderr
2024-03-16T11:41:02.517+0000 7f65cccdd700 1 --2- >> [v2:172.21.15.29:3300/0,v1:172.21.15.29:6789/0] conn(0x7f65c8106610 0x7f65c819df20 unknown :-1 s=HELLO_CONNECTING pgs=0 cs=0 l=1 rev1=1 crypto rx=0 tx=0 comp rx=0 tx=0).handle_hello peer v2:172.21.15.29:3300/0 says I am v2:172.21.15.29:45688/0 (socket says 172.21.15.29:45688)
2024-03-16T11:41:03.383 INFO:teuthology.orchestra.run.smithi029.stdout:/usr/bin/ceph: stderr
2024-03-16T11:41:02.517+0000 7f65cccdd700 1 -- 172.21.15.29:0/2280745839 learned_addr learned my addr 172.21.15.29:0/2280745839 (peer_addr_for_me v2:172.21.15.29:0/0)
2024-03-16T11:41:03.383 INFO:teuthology.orchestra.run.smithi029.stdout:/usr/bin/ceph: stderr
2024-03-16T11:41:02.517+0000 7f65cccdd700 1 -- 172.21.15.29:0/2280745839 --> [v2:172.21.15.29:3300/0,v1:172.21.15.29:6789/0] -- mon_subscribe({config=0+,monmap=0+}) -- 0x7f65c819e460 con 0x7f65c8106610
2024-03-16T11:41:03.384 INFO:teuthology.orchestra.run.smithi029.stdout:/usr/bin/ceph: stderr
2024-03-16T11:41:02.517+0000 7f65cccdd700 1 --2- 172.21.15.29:0/2280745839 >> [v2:172.21.15.29:3300/0,v1:172.21.15.29:6789/0] conn(0x7f65c8106610 0x7f65c819df20 secure :-1 s=READY pgs=38 cs=0 l=1 rev1=1 crypto rx=0x7f65b8011b60 tx=0x7f65b8011c40 comp rx=0 tx=0).ready entity=mon.0 client_cookie=0 server_cookie=0 in_seq=0 out_seq=0
2024-03-16T11:41:03.384 INFO:teuthology.orchestra.run.smithi029.stdout:/usr/bin/ceph: stderr
2024-03-16T11:41:02.517+0000 7f65c5ffb700 1 -- 172.21.15.29:0/2280745839 <== mon.0 v2:172.21.15.29:3300/0 1 ==== mon_map magic: 0 ==== 205+0+0 (secure 0 0 0) 0x7f65b8003970 con 0x7f65c8106610
2024-03-16T11:41:03.384 INFO:teuthology.orchestra.run.smithi029.stdout:/usr/bin/ceph: stderr
2024-03-16T11:41:02.517+0000 7f65c5ffb700 1 -- 172.21.15.29:0/2280745839 <== mon.0 v2:172.21.15.29:3300/0 2 ==== config(27 keys) ==== 1109+0+0 (secure 0 0 0) 0x7f65b8003b10 con 0x7f65c8106610
2024-03-16T11:41:03.384 INFO:teuthology.orchestra.run.smithi029.stdout:/usr/bin/ceph: stderr
2024-03-16T11:41:02.517+0000 7f65cef41700 1 -- 172.21.15.29:0/2280745839 --> [v2:172.21.15.29:3300/0,v1:172.21.15.29:6789/0] -- mon_subscribe({mgrmap=0+}) -- 0x7f65c819e6f0 con 0x7f65c8106610
2024-03-16T11:41:03.384 INFO:teuthology.orchestra.run.smithi029.stdout:/usr/bin/ceph: stderr
2024-03-16T11:41:02.517+0000 7f65c5ffb700 1 -- 172.21.15.29:0/2280745839 <== mon.0 v2:172.21.15.29:3300/0 3 ==== mon_map magic: 0 ==== 205+0+0 (secure 0 0 0) 0x7f65b8024610 con 0x7f65c8106610
2024-03-16T11:41:03.384 INFO:teuthology.orchestra.run.smithi029.stdout:/usr/bin/ceph: stderr
2024-03-16T11:41:02.517+0000 7f65cef41700 1 -- 172.21.15.29:0/2280745839 --> [v2:172.21.15.29:3300/0,v1:172.21.15.29:6789/0] -- mon_subscribe({osdmap=0}) -- 0x7f65c81a13e0 con 0x7f65c8106610
2024-03-16T11:41:03.384 INFO:teuthology.orchestra.run.smithi029.stdout:/usr/bin/ceph: stderr
2024-03-16T11:41:02.518+0000 7f65c5ffb700 1 -- 172.21.15.29:0/2280745839 <== mon.0 v2:172.21.15.29:3300/0 4 ==== mgrmap(e 7) ==== 46000+0+0 (secure 0 0 0) 0x7f65b8024910 con 0x7f65c8106610
2024-03-16T11:41:03.384 INFO:teuthology.orchestra.run.smithi029.stdout:/usr/bin/ceph: stderr
2024-03-16T11:41:02.518+0000 7f65cef41700 1 -- 172.21.15.29:0/2280745839 --> [v2:172.21.15.29:3300/0,v1:172.21.15.29:6789/0] -- mon_command({"prefix": "get_command_descriptions"} v 0) -- 0x7f65c8063900 con 0x7f65c8106610
2024-03-16T11:41:03.384 INFO:teuthology.orchestra.run.smithi029.stdout:/usr/bin/ceph: stderr
2024-03-16T11:41:02.518+0000 7f65c5ffb700 1 --2- 172.21.15.29:0/2280745839 >> [v2:172.21.15.29:6800/2798831128,v1:172.21.15.29:6801/2798831128] conn(0x7f65b0038e00 0x7f65b003b2c0 unknown :-1 s=NONE pgs=0 cs=0 l=1 rev1=0 crypto rx=0 tx=0 comp rx=0 tx=0).connect
2024-03-16T11:41:03.384 INFO:teuthology.orchestra.run.smithi029.stdout:/usr/bin/ceph: stderr
2024-03-16T11:41:02.518+0000 7f65c5ffb700 1 -- 172.21.15.29:0/2280745839 <== mon.0 v2:172.21.15.29:3300/0 5 ==== osd_map(2..2 src has 1..2) ==== 940+0+0 (secure 0 0 0) 0x7f65b8011e00 con 0x7f65c8106610
2024-03-16T11:41:03.384 INFO:teuthology.orchestra.run.smithi029.stdout:/usr/bin/ceph: stderr
2024-03-16T11:41:02.519+0000 7f65c7fff700 1 --2- 172.21.15.29:0/2280745839 >> [v2:172.21.15.29:6800/2798831128,v1:172.21.15.29:6801/2798831128] conn(0x7f65b0038e00 0x7f65b003b2c0 unknown :-1 s=BANNER_CONNECTING pgs=0 cs=0 l=1 rev1=0 crypto rx=0 tx=0 comp rx=0 tx=0)._handle_peer_banner_payload supported=3 required=0
2024-03-16T11:41:03.384 INFO:teuthology.orchestra.run.smithi029.stdout:/usr/bin/ceph: stderr
2024-03-16T11:41:02.519+0000 7f65c7fff700 1 --2- 172.21.15.29:0/2280745839 >> [v2:172.21.15.29:6800/2798831128,v1:172.21.15.29:6801/2798831128] conn(0x7f65b0038e00 0x7f65b003b2c0 secure :-1 s=READY pgs=7 cs=0 l=1 rev1=1 crypto rx=0x7f65bc006fd0 tx=0x7f65bc006e40 comp rx=0 tx=0).ready entity=mgr.14120 client_cookie=0 server_cookie=0 in_seq=0 out_seq=0
2024-03-16T11:41:03.384 INFO:teuthology.orchestra.run.smithi029.stdout:/usr/bin/ceph: stderr
2024-03-16T11:41:02.524+0000 7f65c5ffb700 1 -- 172.21.15.29:0/2280745839 <== mon.0 v2:172.21.15.29:3300/0 6 ==== mon_command_ack([{"prefix": "get_command_descriptions"}]=0 v0) ==== 72+0+186149 (secure 0 0 0) 0x7f65b8052020 con 0x7f65c8106610
2024-03-16T11:41:03.384 INFO:teuthology.orchestra.run.smithi029.stdout:/usr/bin/ceph: stderr
2024-03-16T11:41:02.559+0000 7f65c5ffb700 1 -- 172.21.15.29:0/2280745839 <== mon.0 v2:172.21.15.29:3300/0 7 ==== mgrmap(e 8) ==== 46106+0+0 (secure 0 0 0) 0x7f65b802d3f0 con 0x7f65c8106610
2024-03-16T11:41:03.384 INFO:teuthology.orchestra.run.smithi029.stdout:/usr/bin/ceph: stderr
2024-03-16T11:41:02.748+0000 7f65cef41700 1 -- 172.21.15.29:0/2280745839 --> [v2:172.21.15.29:6800/2798831128,v1:172.21.15.29:6801/2798831128] -- mgr_command(tid 0: {"prefix": "orch set backend", "module_name": "cephadm", "target": ["mon-mgr", ""]}) -- 0x7f65c80008d0 con 0x7f65b0038e00
2024-03-16T11:41:03.384 INFO:teuthology.orchestra.run.smithi029.stdout:/usr/bin/ceph: stderr
2024-03-16T11:41:02.754+0000 7f65c5ffb700 1 -- 172.21.15.29:0/2280745839 <== mgr.14120 v2:172.21.15.29:6800/2798831128 1 ==== mgr_command_reply(tid 0: 0 ) ==== 8+0+0 (secure 0 0 0) 0x7f65c80008d0 con 0x7f65b0038e00
2024-03-16T11:41:03.385 INFO:teuthology.orchestra.run.smithi029.stdout:/usr/bin/ceph: stderr
2024-03-16T11:41:02.756+0000 7f65cef41700 1 -- 172.21.15.29:0/2280745839 >> [v2:172.21.15.29:6800/2798831128,v1:172.21.15.29:6801/2798831128] conn(0x7f65b0038e00 msgr2=0x7f65b003b2c0 secure :-1 s=STATE_CONNECTION_ESTABLISHED l=1).mark_down
2024-03-16T11:41:03.385 INFO:teuthology.orchestra.run.smithi029.stdout:/usr/bin/ceph: stderr
2024-03-16T11:41:02.756+0000 7f65cef41700 1 --2- 172.21.15.29:0/2280745839 >> [v2:172.21.15.29:6800/2798831128,v1:172.21.15.29:6801/2798831128] conn(0x7f65b0038e00 0x7f65b003b2c0 secure :-1 s=READY pgs=7 cs=0 l=1 rev1=1 crypto rx=0x7f65bc006fd0 tx=0x7f65bc006e40 comp rx=0 tx=0).stop
2024-03-16T11:41:03.385 INFO:teuthology.orchestra.run.smithi029.stdout:/usr/bin/ceph: stderr
2024-03-16T11:41:02.756+0000 7f65cef41700 1 -- 172.21.15.29:0/2280745839 >> [v2:172.21.15.29:3300/0,v1:172.21.15.29:6789/0] conn(0x7f65c8106610 msgr2=0x7f65c819df20 secure :-1 s=STATE_CONNECTION_ESTABLISHED l=1).mark_down
2024-03-16T11:41:03.385 INFO:teuthology.orchestra.run.smithi029.stdout:/usr/bin/ceph: stderr
2024-03-16T11:41:02.756+0000 7f65cef41700 1 --2- 172.21.15.29:0/2280745839 >> [v2:172.21.15.29:3300/0,v1:172.21.15.29:6789/0] conn(0x7f65c8106610 0x7f65c819df20 secure :-1 s=READY pgs=38 cs=0 l=1 rev1=1 crypto rx=0x7f65b8011b60 tx=0x7f65b8011c40 comp rx=0 tx=0).stop
2024-03-16T11:41:03.385 INFO:teuthology.orchestra.run.smithi029.stdout:/usr/bin/ceph: stderr
2024-03-16T11:41:02.756+0000 7f65cef41700 1 -- 172.21.15.29:0/2280745839 shutdown_connections
2024-03-16T11:41:03.385 INFO:teuthology.orchestra.run.smithi029.stdout:/usr/bin/ceph: stderr
2024-03-16T11:41:02.756+0000 7f65cef41700 1 --2- 172.21.15.29:0/2280745839 >> [v2:172.21.15.29:6800/2798831128,v1:172.21.15.29:6801/2798831128] conn(0x7f65b0038e00 0x7f65b003b2c0 unknown :-1 s=CLOSED pgs=7 cs=0 l=1 rev1=1 crypto rx=0 tx=0 comp rx=0 tx=0).stop
2024-03-16T11:41:03.385 INFO:teuthology.orchestra.run.smithi029.stdout:/usr/bin/ceph: stderr
2024-03-16T11:41:02.756+0000 7f65cef41700 1 --2- 172.21.15.29:0/2280745839 >> [v2:172.21.15.29:3300/0,v1:172.21.15.29:6789/0] conn(0x7f65c8106610 0x7f65c819df20 unknown :-1 s=CLOSED pgs=38 cs=0 l=1 rev1=1 crypto rx=0 tx=0 comp rx=0 tx=0).stop
2024-03-16T11:41:03.385 INFO:teuthology.orchestra.run.smithi029.stdout:/usr/bin/ceph: stderr
2024-03-16T11:41:02.756+0000 7f65cef41700 1 -- 172.21.15.29:0/2280745839 >> 172.21.15.29:0/2280745839 conn(0x7f65c8102210 msgr2=0x7f65c8194bc0 unknown :-1 s=STATE_NONE l=0).mark_down
2024-03-16T11:41:03.385 INFO:teuthology.orchestra.run.smithi029.stdout:/usr/bin/ceph: stderr
2024-03-16T11:41:02.757+0000 7f65cef41700 1 -- 172.21.15.29:0/2280745839 shutdown_connections
2024-03-16T11:41:03.385 INFO:teuthology.orchestra.run.smithi029.stdout:/usr/bin/ceph: stderr
2024-03-16T11:41:02.757+0000 7f65cef41700 1 -- 172.21.15.29:0/2280745839 wait complete.
2024-03-16T11:41:03.703 INFO:journalctl@ceph.mon.a.smithi029.stdout:Mar 16 11:41:03 smithi029 ceph-mon[31975]: mgrmap e8: x(active, since 2s)
2024-03-16T11:41:03.703 INFO:journalctl@ceph.mon.a.smithi029.stdout:Mar 16 11:41:03 smithi029 ceph-mon[31975]: from='client.14132 -' entity='client.admin' cmd=[{"prefix": "orch set backend", "module_name": "cephadm", "target": ["mon-mgr", ""]}]: dispatch
2024-03-16T11:41:03.703 INFO:journalctl@ceph.mon.a.smithi029.stdout:Mar 16 11:41:03 smithi029 ceph-mon[31975]: from='mgr.14120 172.21.15.29:0/4098640102' entity='mgr.x'
2024-03-16T11:41:03.703 INFO:journalctl@ceph.mon.a.smithi029.stdout:Mar 16 11:41:03 smithi029 ceph-mon[31975]: from='mgr.14120 172.21.15.29:0/4098640102' entity='mgr.x' cmd=[{"prefix": "config dump", "format": "json"}]: dispatch
2024-03-16T11:41:04.588 INFO:journalctl@ceph.mon.a.smithi029.stdout:Mar 16 11:41:04 smithi029 ceph-mon[31975]: from='client.14134 -' entity='client.admin' cmd=[{"prefix": "cephadm set-user", "user": "root", "target": ["mon-mgr", ""]}]: dispatch
2024-03-16T11:41:04.619 INFO:teuthology.orchestra.run.smithi029.stdout:/usr/bin/ceph: stdout value unchanged
2024-03-16T11:41:04.619 INFO:teuthology.orchestra.run.smithi029.stdout:/usr/bin/ceph: stderr
2024-03-16T11:41:03.808+0000 7fef8e2bb700 1 Processor -- start
2024-03-16T11:41:04.619 INFO:teuthology.orchestra.run.smithi029.stdout:/usr/bin/ceph: stderr
2024-03-16T11:41:03.808+0000 7fef8e2bb700 1 -- start start
2024-03-16T11:41:04.619 INFO:teuthology.orchestra.run.smithi029.stdout:/usr/bin/ceph: stderr
2024-03-16T11:41:03.808+0000 7fef8e2bb700 1 --2- >> [v2:172.21.15.29:3300/0,v1:172.21.15.29:6789/0] conn(0x7fef88107d30 0x7fef88108150 unknown :-1 s=NONE pgs=0 cs=0 l=0 rev1=0 crypto rx=0 tx=0 comp rx=0 tx=0).connect
2024-03-16T11:41:04.620 INFO:teuthology.orchestra.run.smithi029.stdout:/usr/bin/ceph: stderr
2024-03-16T11:41:03.808+0000 7fef8e2bb700 1 -- --> [v2:172.21.15.29:3300/0,v1:172.21.15.29:6789/0] -- mon_getmap magic: 0 -- 0x7fef88108720 con 0x7fef88107d30
2024-03-16T11:41:04.620 INFO:teuthology.orchestra.run.smithi029.stdout:/usr/bin/ceph: stderr
2024-03-16T11:41:03.808+0000 7fef87fff700 1 --2- >> [v2:172.21.15.29:3300/0,v1:172.21.15.29:6789/0] conn(0x7fef88107d30 0x7fef88108150 unknown :-1 s=BANNER_CONNECTING pgs=0 cs=0 l=0 rev1=0 crypto rx=0 tx=0 comp rx=0 tx=0)._handle_peer_banner_payload supported=3 required=0
2024-03-16T11:41:04.620 INFO:teuthology.orchestra.run.smithi029.stdout:/usr/bin/ceph: stderr
2024-03-16T11:41:03.808+0000 7fef87fff700 1 --2- >> [v2:172.21.15.29:3300/0,v1:172.21.15.29:6789/0] conn(0x7fef88107d30 0x7fef88108150 unknown :-1 s=HELLO_CONNECTING pgs=0 cs=0 l=0 rev1=1 crypto rx=0 tx=0 comp rx=0 tx=0).handle_hello peer v2:172.21.15.29:3300/0 says I am v2:172.21.15.29:45704/0 (socket says 172.21.15.29:45704)
2024-03-16T11:41:04.620 INFO:teuthology.orchestra.run.smithi029.stdout:/usr/bin/ceph: stderr
2024-03-16T11:41:03.808+0000 7fef87fff700 1 -- 172.21.15.29:0/103445702 learned_addr learned my addr 172.21.15.29:0/103445702 (peer_addr_for_me v2:172.21.15.29:0/0)
2024-03-16T11:41:04.620 INFO:teuthology.orchestra.run.smithi029.stdout:/usr/bin/ceph: stderr
2024-03-16T11:41:03.809+0000 7fef87fff700 1 -- 172.21.15.29:0/103445702 --> [v2:172.21.15.29:3300/0,v1:172.21.15.29:6789/0] -- mon_subscribe({config=0+,monmap=0+}) -- 0x7fef88108f30 con 0x7fef88107d30
2024-03-16T11:41:04.620 INFO:teuthology.orchestra.run.smithi029.stdout:/usr/bin/ceph: stderr
2024-03-16T11:41:03.809+0000 7fef87fff700 1 --2- 172.21.15.29:0/103445702 >> [v2:172.21.15.29:3300/0,v1:172.21.15.29:6789/0] conn(0x7fef88107d30 0x7fef88108150 secure :-1 s=READY pgs=39 cs=0 l=1 rev1=1 crypto rx=0x7fef780098a0 tx=0x7fef78009bb0 comp rx=0 tx=0).ready entity=mon.0 client_cookie=2a6c7bec46c64508 server_cookie=0 in_seq=0 out_seq=0
2024-03-16T11:41:04.620 INFO:teuthology.orchestra.run.smithi029.stdout:/usr/bin/ceph: stderr
2024-03-16T11:41:03.809+0000 7fef86ffd700 1 -- 172.21.15.29:0/103445702 <== mon.0 v2:172.21.15.29:3300/0 1 ==== mon_map magic: 0 ==== 205+0+0 (secure 0 0 0) 0x7fef78004160 con 0x7fef88107d30
2024-03-16T11:41:04.620 INFO:teuthology.orchestra.run.smithi029.stdout:/usr/bin/ceph: stderr
2024-03-16T11:41:03.809+0000 7fef86ffd700 1 -- 172.21.15.29:0/103445702 <== mon.0 v2:172.21.15.29:3300/0 2 ==== config(27 keys) ==== 1109+0+0 (secure 0 0 0) 0x7fef78004300 con 0x7fef88107d30
2024-03-16T11:41:04.620 INFO:teuthology.orchestra.run.smithi029.stdout:/usr/bin/ceph: stderr
2024-03-16T11:41:03.809+0000 7fef86ffd700 1 -- 172.21.15.29:0/103445702 <== mon.0 v2:172.21.15.29:3300/0 3 ==== mon_map magic: 0 ==== 205+0+0 (secure 0 0 0) 0x7fef78011b50 con 0x7fef88107d30
2024-03-16T11:41:04.620 INFO:teuthology.orchestra.run.smithi029.stdout:/usr/bin/ceph: stderr
2024-03-16T11:41:03.810+0000 7fef8e2bb700 1 -- 172.21.15.29:0/103445702 >> [v2:172.21.15.29:3300/0,v1:172.21.15.29:6789/0] conn(0x7fef88107d30 msgr2=0x7fef88108150 secure :-1 s=STATE_CONNECTION_ESTABLISHED l=1).mark_down
2024-03-16T11:41:04.620 INFO:teuthology.orchestra.run.smithi029.stdout:/usr/bin/ceph: stderr
2024-03-16T11:41:03.810+0000 7fef8e2bb700 1 --2- 172.21.15.29:0/103445702 >> [v2:172.21.15.29:3300/0,v1:172.21.15.29:6789/0] conn(0x7fef88107d30 0x7fef88108150 secure :-1 s=READY pgs=39 cs=0 l=1 rev1=1 crypto rx=0x7fef780098a0 tx=0x7fef78009bb0 comp rx=0 tx=0).stop
2024-03-16T11:41:04.620 INFO:teuthology.orchestra.run.smithi029.stdout:/usr/bin/ceph: stderr
2024-03-16T11:41:03.810+0000 7fef8e2bb700 1 -- 172.21.15.29:0/103445702 shutdown_connections
2024-03-16T11:41:04.620 INFO:teuthology.orchestra.run.smithi029.stdout:/usr/bin/ceph: stderr
2024-03-16T11:41:03.810+0000 7fef8e2bb700 1 --2- 172.21.15.29:0/103445702 >> [v2:172.21.15.29:3300/0,v1:172.21.15.29:6789/0] conn(0x7fef88107d30 0x7fef88108150 unknown :-1 s=CLOSED pgs=39 cs=0 l=1 rev1=1 crypto rx=0 tx=0 comp rx=0 tx=0).stop
2024-03-16T11:41:04.620 INFO:teuthology.orchestra.run.smithi029.stdout:/usr/bin/ceph: stderr
2024-03-16T11:41:03.810+0000 7fef8e2bb700 1 -- 172.21.15.29:0/103445702 >> 172.21.15.29:0/103445702 conn(0x7fef881032f0 msgr2=0x7fef88105710 unknown :-1 s=STATE_NONE l=0).mark_down
2024-03-16T11:41:04.620 INFO:teuthology.orchestra.run.smithi029.stdout:/usr/bin/ceph: stderr
2024-03-16T11:41:03.810+0000 7fef8e2bb700 1 -- 172.21.15.29:0/103445702 shutdown_connections
2024-03-16T11:41:04.621 INFO:teuthology.orchestra.run.smithi029.stdout:/usr/bin/ceph: stderr
2024-03-16T11:41:03.810+0000 7fef8e2bb700 1 -- 172.21.15.29:0/103445702 wait complete.
2024-03-16T11:41:04.621 INFO:teuthology.orchestra.run.smithi029.stdout:/usr/bin/ceph: stderr
2024-03-16T11:41:03.810+0000 7fef8e2bb700 1 Processor -- start
2024-03-16T11:41:04.621 INFO:teuthology.orchestra.run.smithi029.stdout:/usr/bin/ceph: stderr
2024-03-16T11:41:03.810+0000 7fef8e2bb700 1 -- start start
2024-03-16T11:41:04.621 INFO:teuthology.orchestra.run.smithi029.stdout:/usr/bin/ceph: stderr
2024-03-16T11:41:03.811+0000 7fef8e2bb700 1 --2- >> [v2:172.21.15.29:3300/0,v1:172.21.15.29:6789/0] conn(0x7fef88107d30 0x7fef8819bd50 unknown :-1 s=NONE pgs=0 cs=0 l=1 rev1=0 crypto rx=0 tx=0 comp rx=0 tx=0).connect
2024-03-16T11:41:04.621 INFO:teuthology.orchestra.run.smithi029.stdout:/usr/bin/ceph: stderr
2024-03-16T11:41:03.811+0000 7fef8e2bb700 1 -- --> [v2:172.21.15.29:3300/0,v1:172.21.15.29:6789/0] -- mon_getmap magic: 0 -- 0x7fef8810c2e0 con 0x7fef88107d30
2024-03-16T11:41:04.621 INFO:teuthology.orchestra.run.smithi029.stdout:/usr/bin/ceph: stderr
2024-03-16T11:41:03.811+0000 7fef87fff700 1 --2- >> [v2:172.21.15.29:3300/0,v1:172.21.15.29:6789/0] conn(0x7fef88107d30 0x7fef8819bd50 unknown :-1 s=BANNER_CONNECTING pgs=0 cs=0 l=1 rev1=0 crypto rx=0 tx=0 comp rx=0 tx=0)._handle_peer_banner_payload supported=3 required=0
2024-03-16T11:41:04.621 INFO:teuthology.orchestra.run.smithi029.stdout:/usr/bin/ceph: stderr
