2024-03-16T11:41:35.012+0000 7f48c13cc700 1 --2- >> [v2:172.21.15.29:3300/0,v1:172.21.15.29:6789/0] conn(0x7f48bc108780 0x7f48bc19bca0 unknown :-1 s=HELLO_CONNECTING pgs=0 cs=0 l=1 rev1=1 crypto rx=0 tx=0 comp rx=0 tx=0).handle_hello peer v2:172.21.15.29:3300/0 says I am v2:172.21.15.29:60006/0 (socket says 172.21.15.29:60006)
2024-03-16T11:41:35.820 INFO:teuthology.orchestra.run.smithi029.stdout:/usr/bin/ceph: stderr
2024-03-16T11:41:35.012+0000 7f48c13cc700 1 -- 172.21.15.29:0/1683849538 learned_addr learned my addr 172.21.15.29:0/1683849538 (peer_addr_for_me v2:172.21.15.29:0/0)
2024-03-16T11:41:35.820 INFO:teuthology.orchestra.run.smithi029.stdout:/usr/bin/ceph: stderr
2024-03-16T11:41:35.012+0000 7f48c13cc700 1 -- 172.21.15.29:0/1683849538 --> [v2:172.21.15.29:3300/0,v1:172.21.15.29:6789/0] -- mon_subscribe({config=0+,monmap=0+}) -- 0x7f48bc19c1e0 con 0x7f48bc108780
2024-03-16T11:41:35.820 INFO:teuthology.orchestra.run.smithi029.stdout:/usr/bin/ceph: stderr
2024-03-16T11:41:35.012+0000 7f48c13cc700 1 --2- 172.21.15.29:0/1683849538 >> [v2:172.21.15.29:3300/0,v1:172.21.15.29:6789/0] conn(0x7f48bc108780 0x7f48bc19bca0 secure :-1 s=READY pgs=77 cs=0 l=1 rev1=1 crypto rx=0x7f48b80116a0 tx=0x7f48b8011ba0 comp rx=0 tx=0).ready entity=mon.0 client_cookie=0 server_cookie=0 in_seq=0 out_seq=0
2024-03-16T11:41:35.820 INFO:teuthology.orchestra.run.smithi029.stdout:/usr/bin/ceph: stderr
2024-03-16T11:41:35.012+0000 7f48b27fc700 1 -- 172.21.15.29:0/1683849538 <== mon.0 v2:172.21.15.29:3300/0 1 ==== mon_map magic: 0 ==== 205+0+0 (secure 0 0 0) 0x7f48b8003a40 con 0x7f48bc108780
2024-03-16T11:41:35.820 INFO:teuthology.orchestra.run.smithi029.stdout:/usr/bin/ceph: stderr
2024-03-16T11:41:35.012+0000 7f48b27fc700 1 -- 172.21.15.29:0/1683849538 <== mon.0 v2:172.21.15.29:3300/0 2 ==== config(27 keys) ==== 1140+0+0 (secure 0 0 0) 0x7f48b8003be0 con 0x7f48bc108780
2024-03-16T11:41:35.820 INFO:teuthology.orchestra.run.smithi029.stdout:/usr/bin/ceph: stderr
2024-03-16T11:41:35.012+0000 7f48b27fc700 1 -- 172.21.15.29:0/1683849538 <== mon.0 v2:172.21.15.29:3300/0 3 ==== mon_map magic: 0 ==== 205+0+0 (secure 0 0 0) 0x7f48b801a750 con 0x7f48bc108780
2024-03-16T11:41:35.820 INFO:teuthology.orchestra.run.smithi029.stdout:/usr/bin/ceph: stderr
2024-03-16T11:41:35.012+0000 7f48c3630700 1 -- 172.21.15.29:0/1683849538 --> [v2:172.21.15.29:3300/0,v1:172.21.15.29:6789/0] -- mon_subscribe({mgrmap=0+}) -- 0x7f48bc19c470 con 0x7f48bc108780
2024-03-16T11:41:35.820 INFO:teuthology.orchestra.run.smithi029.stdout:/usr/bin/ceph: stderr
2024-03-16T11:41:35.013+0000 7f48c3630700 1 -- 172.21.15.29:0/1683849538 --> [v2:172.21.15.29:3300/0,v1:172.21.15.29:6789/0] -- mon_subscribe({osdmap=0}) -- 0x7f48bc19c8d0 con 0x7f48bc108780
2024-03-16T11:41:35.821 INFO:teuthology.orchestra.run.smithi029.stdout:/usr/bin/ceph: stderr
2024-03-16T11:41:35.013+0000 7f48b27fc700 1 -- 172.21.15.29:0/1683849538 <== mon.0 v2:172.21.15.29:3300/0 4 ==== mgrmap(e 13) ==== 46162+0+0 (secure 0 0 0) 0x7f48b8024aa0 con 0x7f48bc108780
2024-03-16T11:41:35.821 INFO:teuthology.orchestra.run.smithi029.stdout:/usr/bin/ceph: stderr
2024-03-16T11:41:35.013+0000 7f48c3630700 1 -- 172.21.15.29:0/1683849538 --> [v2:172.21.15.29:3300/0,v1:172.21.15.29:6789/0] -- mon_command({"prefix": "get_command_descriptions"} v 0) -- 0x7f48bc063900 con 0x7f48bc108780
2024-03-16T11:41:35.821 INFO:teuthology.orchestra.run.smithi029.stdout:/usr/bin/ceph: stderr
2024-03-16T11:41:35.014+0000 7f48b27fc700 1 --2- 172.21.15.29:0/1683849538 >> [v2:172.21.15.29:6800/4192064640,v1:172.21.15.29:6801/4192064640] conn(0x7f48a8039020 0x7f48a803b4e0 unknown :-1 s=NONE pgs=0 cs=0 l=1 rev1=0 crypto rx=0 tx=0 comp rx=0 tx=0).connect
2024-03-16T11:41:35.821 INFO:teuthology.orchestra.run.smithi029.stdout:/usr/bin/ceph: stderr
2024-03-16T11:41:35.014+0000 7f48b27fc700 1 -- 172.21.15.29:0/1683849538 <== mon.0 v2:172.21.15.29:3300/0 5 ==== osd_map(3..3 src has 1..3) ==== 1155+0+0 (secure 0 0 0) 0x7f48b804d610 con 0x7f48bc108780
2024-03-16T11:41:35.821 INFO:teuthology.orchestra.run.smithi029.stdout:/usr/bin/ceph: stderr
2024-03-16T11:41:35.014+0000 7f48c0bcb700 1 --2- 172.21.15.29:0/1683849538 >> [v2:172.21.15.29:6800/4192064640,v1:172.21.15.29:6801/4192064640] conn(0x7f48a8039020 0x7f48a803b4e0 unknown :-1 s=BANNER_CONNECTING pgs=0 cs=0 l=1 rev1=0 crypto rx=0 tx=0 comp rx=0 tx=0)._handle_peer_banner_payload supported=3 required=0
2024-03-16T11:41:35.821 INFO:teuthology.orchestra.run.smithi029.stdout:/usr/bin/ceph: stderr
2024-03-16T11:41:35.014+0000 7f48c0bcb700 1 --2- 172.21.15.29:0/1683849538 >> [v2:172.21.15.29:6800/4192064640,v1:172.21.15.29:6801/4192064640] conn(0x7f48a8039020 0x7f48a803b4e0 secure :-1 s=READY pgs=10 cs=0 l=1 rev1=1 crypto rx=0x7f48ac006fd0 tx=0x7f48ac006e40 comp rx=0 tx=0).ready entity=mgr.14152 client_cookie=0 server_cookie=0 in_seq=0 out_seq=0
2024-03-16T11:41:35.821 INFO:teuthology.orchestra.run.smithi029.stdout:/usr/bin/ceph: stderr
2024-03-16T11:41:35.019+0000 7f48b27fc700 1 -- 172.21.15.29:0/1683849538 <== mon.0 v2:172.21.15.29:3300/0 6 ==== mon_command_ack([{"prefix": "get_command_descriptions"}]=0 v0) ==== 72+0+186149 (secure 0 0 0) 0x7f48b8011e20 con 0x7f48bc108780
2024-03-16T11:41:35.821 INFO:teuthology.orchestra.run.smithi029.stdout:/usr/bin/ceph: stderr
2024-03-16T11:41:35.226+0000 7f48c3630700 1 -- 172.21.15.29:0/1683849538 --> [v2:172.21.15.29:3300/0,v1:172.21.15.29:6789/0] -- mon_command([{prefix=config set, name=osd_memory_target_autotune}] v 0) -- 0x7f48bc19f340 con 0x7f48bc108780
2024-03-16T11:41:35.821 INFO:teuthology.orchestra.run.smithi029.stdout:/usr/bin/ceph: stderr
2024-03-16T11:41:35.226+0000 7f48b27fc700 1 -- 172.21.15.29:0/1683849538 <== mon.0 v2:172.21.15.29:3300/0 7 ==== mon_command_ack([{prefix=config set, name=osd_memory_target_autotune}]=0 v8)=0 v8) ==== 127+0+0 (secure 0 0 0) 0x7f48b802d770 con 0x7f48bc108780
2024-03-16T11:41:35.821 INFO:teuthology.orchestra.run.smithi029.stdout:/usr/bin/ceph: stderr
2024-03-16T11:41:35.228+0000 7f48c3630700 1 -- 172.21.15.29:0/1683849538 >> [v2:172.21.15.29:6800/4192064640,v1:172.21.15.29:6801/4192064640] conn(0x7f48a8039020 msgr2=0x7f48a803b4e0 secure :-1 s=STATE_CONNECTION_ESTABLISHED l=1).mark_down
2024-03-16T11:41:35.821 INFO:teuthology.orchestra.run.smithi029.stdout:/usr/bin/ceph: stderr
2024-03-16T11:41:35.228+0000 7f48c3630700 1 --2- 172.21.15.29:0/1683849538 >> [v2:172.21.15.29:6800/4192064640,v1:172.21.15.29:6801/4192064640] conn(0x7f48a8039020 0x7f48a803b4e0 secure :-1 s=READY pgs=10 cs=0 l=1 rev1=1 crypto rx=0x7f48ac006fd0 tx=0x7f48ac006e40 comp rx=0 tx=0).stop
2024-03-16T11:41:35.821 INFO:teuthology.orchestra.run.smithi029.stdout:/usr/bin/ceph: stderr
2024-03-16T11:41:35.228+0000 7f48c3630700 1 -- 172.21.15.29:0/1683849538 >> [v2:172.21.15.29:3300/0,v1:172.21.15.29:6789/0] conn(0x7f48bc108780 msgr2=0x7f48bc19bca0 secure :-1 s=STATE_CONNECTION_ESTABLISHED l=1).mark_down
2024-03-16T11:41:35.821 INFO:teuthology.orchestra.run.smithi029.stdout:/usr/bin/ceph: stderr
2024-03-16T11:41:35.228+0000 7f48c3630700 1 --2- 172.21.15.29:0/1683849538 >> [v2:172.21.15.29:3300/0,v1:172.21.15.29:6789/0] conn(0x7f48bc108780 0x7f48bc19bca0 secure :-1 s=READY pgs=77 cs=0 l=1 rev1=1 crypto rx=0x7f48b80116a0 tx=0x7f48b8011ba0 comp rx=0 tx=0).stop
2024-03-16T11:41:35.821 INFO:teuthology.orchestra.run.smithi029.stdout:/usr/bin/ceph: stderr
2024-03-16T11:41:35.228+0000 7f48c3630700 1 -- 172.21.15.29:0/1683849538 shutdown_connections
2024-03-16T11:41:35.821 INFO:teuthology.orchestra.run.smithi029.stdout:/usr/bin/ceph: stderr
2024-03-16T11:41:35.228+0000 7f48c3630700 1 --2- 172.21.15.29:0/1683849538 >> [v2:172.21.15.29:6800/4192064640,v1:172.21.15.29:6801/4192064640] conn(0x7f48a8039020 0x7f48a803b4e0 unknown :-1 s=CLOSED pgs=10 cs=0 l=1 rev1=1 crypto rx=0 tx=0 comp rx=0 tx=0).stop
2024-03-16T11:41:35.821 INFO:teuthology.orchestra.run.smithi029.stdout:/usr/bin/ceph: stderr
2024-03-16T11:41:35.228+0000 7f48c3630700 1 --2- 172.21.15.29:0/1683849538 >> [v2:172.21.15.29:3300/0,v1:172.21.15.29:6789/0] conn(0x7f48bc108780 0x7f48bc19bca0 unknown :-1 s=CLOSED pgs=77 cs=0 l=1 rev1=1 crypto rx=0 tx=0 comp rx=0 tx=0).stop
2024-03-16T11:41:35.822 INFO:teuthology.orchestra.run.smithi029.stdout:/usr/bin/ceph: stderr
2024-03-16T11:41:35.228+0000 7f48c3630700 1 -- 172.21.15.29:0/1683849538 >> 172.21.15.29:0/1683849538 conn(0x7f48bc1021b0 msgr2=0x7f48bc102ca0 unknown :-1 s=STATE_NONE l=0).mark_down
2024-03-16T11:41:35.822 INFO:teuthology.orchestra.run.smithi029.stdout:/usr/bin/ceph: stderr
2024-03-16T11:41:35.228+0000 7f48c3630700 1 -- 172.21.15.29:0/1683849538 shutdown_connections
2024-03-16T11:41:35.822 INFO:teuthology.orchestra.run.smithi029.stdout:/usr/bin/ceph: stderr
2024-03-16T11:41:35.228+0000 7f48c3630700 1 -- 172.21.15.29:0/1683849538 wait complete.
2024-03-16T11:41:37.131 INFO:teuthology.orchestra.run.smithi029.stdout:/usr/bin/ceph: stderr
2024-03-16T11:41:36.246+0000 7efe5df67700 1 Processor -- start
2024-03-16T11:41:37.131 INFO:teuthology.orchestra.run.smithi029.stdout:/usr/bin/ceph: stderr
2024-03-16T11:41:36.246+0000 7efe5df67700 1 -- start start
2024-03-16T11:41:37.131 INFO:teuthology.orchestra.run.smithi029.stdout:/usr/bin/ceph: stderr
2024-03-16T11:41:36.246+0000 7efe5df67700 1 --2- >> [v2:172.21.15.29:3300/0,v1:172.21.15.29:6789/0] conn(0x7efe5807ddc0 0x7efe5807c2c0 unknown :-1 s=NONE pgs=0 cs=0 l=0 rev1=0 crypto rx=0 tx=0 comp rx=0 tx=0).connect
2024-03-16T11:41:37.131 INFO:teuthology.orchestra.run.smithi029.stdout:/usr/bin/ceph: stderr
2024-03-16T11:41:36.246+0000 7efe5df67700 1 -- --> [v2:172.21.15.29:3300/0,v1:172.21.15.29:6789/0] -- mon_getmap magic: 0 -- 0x7efe5807c800 con 0x7efe5807ddc0
2024-03-16T11:41:37.131 INFO:teuthology.orchestra.run.smithi029.stdout:/usr/bin/ceph: stderr
2024-03-16T11:41:36.246+0000 7efe577fe700 1 --2- >> [v2:172.21.15.29:3300/0,v1:172.21.15.29:6789/0] conn(0x7efe5807ddc0 0x7efe5807c2c0 unknown :-1 s=BANNER_CONNECTING pgs=0 cs=0 l=0 rev1=0 crypto rx=0 tx=0 comp rx=0 tx=0)._handle_peer_banner_payload supported=3 required=0
2024-03-16T11:41:37.131 INFO:teuthology.orchestra.run.smithi029.stdout:/usr/bin/ceph: stderr
2024-03-16T11:41:36.246+0000 7efe577fe700 1 --2- >> [v2:172.21.15.29:3300/0,v1:172.21.15.29:6789/0] conn(0x7efe5807ddc0 0x7efe5807c2c0 unknown :-1 s=HELLO_CONNECTING pgs=0 cs=0 l=0 rev1=1 crypto rx=0 tx=0 comp rx=0 tx=0).handle_hello peer v2:172.21.15.29:3300/0 says I am v2:172.21.15.29:60014/0 (socket says 172.21.15.29:60014)
2024-03-16T11:41:37.131 INFO:teuthology.orchestra.run.smithi029.stdout:/usr/bin/ceph: stderr
2024-03-16T11:41:36.246+0000 7efe577fe700 1 -- 172.21.15.29:0/106323337 learned_addr learned my addr 172.21.15.29:0/106323337 (peer_addr_for_me v2:172.21.15.29:0/0)
2024-03-16T11:41:37.131 INFO:teuthology.orchestra.run.smithi029.stdout:/usr/bin/ceph: stderr
2024-03-16T11:41:36.247+0000 7efe577fe700 1 -- 172.21.15.29:0/106323337 --> [v2:172.21.15.29:3300/0,v1:172.21.15.29:6789/0] -- mon_subscribe({config=0+,monmap=0+}) -- 0x7efe5807c980 con 0x7efe5807ddc0
2024-03-16T11:41:37.132 INFO:teuthology.orchestra.run.smithi029.stdout:/usr/bin/ceph: stderr
2024-03-16T11:41:36.247+0000 7efe577fe700 1 --2- 172.21.15.29:0/106323337 >> [v2:172.21.15.29:3300/0,v1:172.21.15.29:6789/0] conn(0x7efe5807ddc0 0x7efe5807c2c0 secure :-1 s=READY pgs=78 cs=0 l=1 rev1=1 crypto rx=0x7efe48009e80 tx=0x7efe4800b330 comp rx=0 tx=0).ready entity=mon.0 client_cookie=c815b88c73ba9bd7 server_cookie=0 in_seq=0 out_seq=0
2024-03-16T11:41:37.132 INFO:teuthology.orchestra.run.smithi029.stdout:/usr/bin/ceph: stderr
2024-03-16T11:41:36.247+0000 7efe567fc700 1 -- 172.21.15.29:0/106323337 <== mon.0 v2:172.21.15.29:3300/0 1 ==== mon_map magic: 0 ==== 205+0+0 (secure 0 0 0) 0x7efe48017070 con 0x7efe5807ddc0
2024-03-16T11:41:37.132 INFO:teuthology.orchestra.run.smithi029.stdout:/usr/bin/ceph: stderr
2024-03-16T11:41:36.247+0000 7efe567fc700 1 -- 172.21.15.29:0/106323337 <== mon.0 v2:172.21.15.29:3300/0 2 ==== config(27 keys) ==== 1140+0+0 (secure 0 0 0) 0x7efe4800b8c0 con 0x7efe5807ddc0
2024-03-16T11:41:37.132 INFO:teuthology.orchestra.run.smithi029.stdout:/usr/bin/ceph: stderr
2024-03-16T11:41:36.247+0000 7efe567fc700 1 -- 172.21.15.29:0/106323337 <== mon.0 v2:172.21.15.29:3300/0 3 ==== mon_map magic: 0 ==== 205+0+0 (secure 0 0 0) 0x7efe480045c0 con 0x7efe5807ddc0
2024-03-16T11:41:37.132 INFO:teuthology.orchestra.run.smithi029.stdout:/usr/bin/ceph: stderr
2024-03-16T11:41:36.248+0000 7efe5df67700 1 -- 172.21.15.29:0/106323337 >> [v2:172.21.15.29:3300/0,v1:172.21.15.29:6789/0] conn(0x7efe5807ddc0 msgr2=0x7efe5807c2c0 secure :-1 s=STATE_CONNECTION_ESTABLISHED l=1).mark_down
2024-03-16T11:41:37.132 INFO:teuthology.orchestra.run.smithi029.stdout:/usr/bin/ceph: stderr
2024-03-16T11:41:36.248+0000 7efe5df67700 1 --2- 172.21.15.29:0/106323337 >> [v2:172.21.15.29:3300/0,v1:172.21.15.29:6789/0] conn(0x7efe5807ddc0 0x7efe5807c2c0 secure :-1 s=READY pgs=78 cs=0 l=1 rev1=1 crypto rx=0x7efe48009e80 tx=0x7efe4800b330 comp rx=0 tx=0).stop
2024-03-16T11:41:37.132 INFO:teuthology.orchestra.run.smithi029.stdout:/usr/bin/ceph: stderr
2024-03-16T11:41:36.248+0000 7efe5df67700 1 -- 172.21.15.29:0/106323337 shutdown_connections
2024-03-16T11:41:37.132 INFO:teuthology.orchestra.run.smithi029.stdout:/usr/bin/ceph: stderr
2024-03-16T11:41:36.248+0000 7efe5df67700 1 --2- 172.21.15.29:0/106323337 >> [v2:172.21.15.29:3300/0,v1:172.21.15.29:6789/0] conn(0x7efe5807ddc0 0x7efe5807c2c0 unknown :-1 s=CLOSED pgs=78 cs=0 l=1 rev1=1 crypto rx=0 tx=0 comp rx=0 tx=0).stop
2024-03-16T11:41:37.132 INFO:teuthology.orchestra.run.smithi029.stdout:/usr/bin/ceph: stderr
2024-03-16T11:41:36.248+0000 7efe5df67700 1 -- 172.21.15.29:0/106323337 >> 172.21.15.29:0/106323337 conn(0x7efe58103360 msgr2=0x7efe58105780 unknown :-1 s=STATE_NONE l=0).mark_down
2024-03-16T11:41:37.132 INFO:teuthology.orchestra.run.smithi029.stdout:/usr/bin/ceph: stderr
2024-03-16T11:41:36.248+0000 7efe5df67700 1 -- 172.21.15.29:0/106323337 shutdown_connections
2024-03-16T11:41:37.132 INFO:teuthology.orchestra.run.smithi029.stdout:/usr/bin/ceph: stderr
2024-03-16T11:41:36.248+0000 7efe5df67700 1 -- 172.21.15.29:0/106323337 wait complete.
2024-03-16T11:41:37.132 INFO:teuthology.orchestra.run.smithi029.stdout:/usr/bin/ceph: stderr
2024-03-16T11:41:36.248+0000 7efe5df67700 1 Processor -- start
2024-03-16T11:41:37.132 INFO:teuthology.orchestra.run.smithi029.stdout:/usr/bin/ceph: stderr
2024-03-16T11:41:36.249+0000 7efe5df67700 1 -- start start
2024-03-16T11:41:37.132 INFO:teuthology.orchestra.run.smithi029.stdout:/usr/bin/ceph: stderr
2024-03-16T11:41:36.249+0000 7efe5df67700 1 --2- >> [v2:172.21.15.29:3300/0,v1:172.21.15.29:6789/0] conn(0x7efe5807ddc0 0x7efe5819dec0 unknown :-1 s=NONE pgs=0 cs=0 l=1 rev1=0 crypto rx=0 tx=0 comp rx=0 tx=0).connect
2024-03-16T11:41:37.133 INFO:teuthology.orchestra.run.smithi029.stdout:/usr/bin/ceph: stderr
2024-03-16T11:41:36.249+0000 7efe5df67700 1 -- --> [v2:172.21.15.29:3300/0,v1:172.21.15.29:6789/0] -- mon_getmap magic: 0 -- 0x7efe5810e340 con 0x7efe5807ddc0
2024-03-16T11:41:37.136 INFO:teuthology.orchestra.run.smithi029.stdout:/usr/bin/ceph: stderr
2024-03-16T11:41:36.249+0000 7efe577fe700 1 --2- >> [v2:172.21.15.29:3300/0,v1:172.21.15.29:6789/0] conn(0x7efe5807ddc0 0x7efe5819dec0 unknown :-1 s=BANNER_CONNECTING pgs=0 cs=0 l=1 rev1=0 crypto rx=0 tx=0 comp rx=0 tx=0)._handle_peer_banner_payload supported=3 required=0
2024-03-16T11:41:37.136 INFO:teuthology.orchestra.run.smithi029.stdout:/usr/bin/ceph: stderr
2024-03-16T11:41:36.249+0000 7efe577fe700 1 --2- >> [v2:172.21.15.29:3300/0,v1:172.21.15.29:6789/0] conn(0x7efe5807ddc0 0x7efe5819dec0 unknown :-1 s=HELLO_CONNECTING pgs=0 cs=0 l=1 rev1=1 crypto rx=0 tx=0 comp rx=0 tx=0).handle_hello peer v2:172.21.15.29:3300/0 says I am v2:172.21.15.29:60016/0 (socket says 172.21.15.29:60016)
2024-03-16T11:41:37.136 INFO:teuthology.orchestra.run.smithi029.stdout:/usr/bin/ceph: stderr
2024-03-16T11:41:36.249+0000 7efe577fe700 1 -- 172.21.15.29:0/707230044 learned_addr learned my addr 172.21.15.29:0/707230044 (peer_addr_for_me v2:172.21.15.29:0/0)
2024-03-16T11:41:37.136 INFO:teuthology.orchestra.run.smithi029.stdout:/usr/bin/ceph: stderr
2024-03-16T11:41:36.249+0000 7efe577fe700 1 -- 172.21.15.29:0/707230044 --> [v2:172.21.15.29:3300/0,v1:172.21.15.29:6789/0] -- mon_subscribe({config=0+,monmap=0+}) -- 0x7efe5819e400 con 0x7efe5807ddc0
2024-03-16T11:41:37.136 INFO:teuthology.orchestra.run.smithi029.stdout:/usr/bin/ceph: stderr
2024-03-16T11:41:36.249+0000 7efe577fe700 1 --2- 172.21.15.29:0/707230044 >> [v2:172.21.15.29:3300/0,v1:172.21.15.29:6789/0] conn(0x7efe5807ddc0 0x7efe5819dec0 secure :-1 s=READY pgs=79 cs=0 l=1 rev1=1 crypto rx=0x7efe48004350 tx=0x7efe4800bd50 comp rx=0 tx=0).ready entity=mon.0 client_cookie=0 server_cookie=0 in_seq=0 out_seq=0
2024-03-16T11:41:37.136 INFO:teuthology.orchestra.run.smithi029.stdout:/usr/bin/ceph: stderr
2024-03-16T11:41:36.249+0000 7efe54ff9700 1 -- 172.21.15.29:0/707230044 <== mon.0 v2:172.21.15.29:3300/0 1 ==== mon_map magic: 0 ==== 205+0+0 (secure 0 0 0) 0x7efe48020020 con 0x7efe5807ddc0
2024-03-16T11:41:37.137 INFO:teuthology.orchestra.run.smithi029.stdout:/usr/bin/ceph: stderr
2024-03-16T11:41:36.250+0000 7efe54ff9700 1 -- 172.21.15.29:0/707230044 <== mon.0 v2:172.21.15.29:3300/0 2 ==== config(27 keys) ==== 1140+0+0 (secure 0 0 0) 0x7efe48003d90 con 0x7efe5807ddc0
2024-03-16T11:41:37.137 INFO:teuthology.orchestra.run.smithi029.stdout:/usr/bin/ceph: stderr
2024-03-16T11:41:36.250+0000 7efe5df67700 1 -- 172.21.15.29:0/707230044 --> [v2:172.21.15.29:3300/0,v1:172.21.15.29:6789/0] -- mon_subscribe({mgrmap=0+}) -- 0x7efe5819e690 con 0x7efe5807ddc0
2024-03-16T11:41:37.137 INFO:teuthology.orchestra.run.smithi029.stdout:/usr/bin/ceph: stderr
2024-03-16T11:41:36.250+0000 7efe54ff9700 1 -- 172.21.15.29:0/707230044 <== mon.0 v2:172.21.15.29:3300/0 3 ==== mon_map magic: 0 ==== 205+0+0 (secure 0 0 0) 0x7efe48017040 con 0x7efe5807ddc0
2024-03-16T11:41:37.137 INFO:teuthology.orchestra.run.smithi029.stdout:/usr/bin/ceph: stderr
2024-03-16T11:41:36.250+0000 7efe5df67700 1 -- 172.21.15.29:0/707230044 --> [v2:172.21.15.29:3300/0,v1:172.21.15.29:6789/0] -- mon_subscribe({osdmap=0}) -- 0x7efe581a1380 con 0x7efe5807ddc0
2024-03-16T11:41:37.137 INFO:teuthology.orchestra.run.smithi029.stdout:/usr/bin/ceph: stderr
2024-03-16T11:41:36.250+0000 7efe54ff9700 1 -- 172.21.15.29:0/707230044 <== mon.0 v2:172.21.15.29:3300/0 4 ==== mgrmap(e 13) ==== 46162+0+0 (secure 0 0 0) 0x7efe48023020 con 0x7efe5807ddc0
2024-03-16T11:41:37.137 INFO:teuthology.orchestra.run.smithi029.stdout:/usr/bin/ceph: stderr
2024-03-16T11:41:36.251+0000 7efe5df67700 1 -- 172.21.15.29:0/707230044 --> [v2:172.21.15.29:3300/0,v1:172.21.15.29:6789/0] -- mon_command({"prefix": "get_command_descriptions"} v 0) -- 0x7efe58063900 con 0x7efe5807ddc0
2024-03-16T11:41:37.137 INFO:teuthology.orchestra.run.smithi029.stdout:/usr/bin/ceph: stderr
2024-03-16T11:41:36.251+0000 7efe54ff9700 1 --2- 172.21.15.29:0/707230044 >> [v2:172.21.15.29:6800/4192064640,v1:172.21.15.29:6801/4192064640] conn(0x7efe44038fc0 0x7efe4403b480 unknown :-1 s=NONE pgs=0 cs=0 l=1 rev1=0 crypto rx=0 tx=0 comp rx=0 tx=0).connect
2024-03-16T11:41:37.137 INFO:teuthology.orchestra.run.smithi029.stdout:/usr/bin/ceph: stderr
2024-03-16T11:41:36.251+0000 7efe54ff9700 1 -- 172.21.15.29:0/707230044 <== mon.0 v2:172.21.15.29:3300/0 5 ==== osd_map(3..3 src has 1..3) ==== 1155+0+0 (secure 0 0 0) 0x7efe4800f050 con 0x7efe5807ddc0
2024-03-16T11:41:37.137 INFO:teuthology.orchestra.run.smithi029.stdout:/usr/bin/ceph: stderr
2024-03-16T11:41:36.251+0000 7efe56ffd700 1 --2- 172.21.15.29:0/707230044 >> [v2:172.21.15.29:6800/4192064640,v1:172.21.15.29:6801/4192064640] conn(0x7efe44038fc0 0x7efe4403b480 unknown :-1 s=BANNER_CONNECTING pgs=0 cs=0 l=1 rev1=0 crypto rx=0 tx=0 comp rx=0 tx=0)._handle_peer_banner_payload supported=3 required=0
2024-03-16T11:41:37.137 INFO:teuthology.orchestra.run.smithi029.stdout:/usr/bin/ceph: stderr
2024-03-16T11:41:36.251+0000 7efe56ffd700 1 --2- 172.21.15.29:0/707230044 >> [v2:172.21.15.29:6800/4192064640,v1:172.21.15.29:6801/4192064640] conn(0x7efe44038fc0 0x7efe4403b480 secure :-1 s=READY pgs=11 cs=0 l=1 rev1=1 crypto rx=0x7efe40006fd0 tx=0x7efe40006e40 comp rx=0 tx=0).ready entity=mgr.14152 client_cookie=0 server_cookie=0 in_seq=0 out_seq=0
2024-03-16T11:41:37.137 INFO:teuthology.orchestra.run.smithi029.stdout:/usr/bin/ceph: stderr
2024-03-16T11:41:36.256+0000 7efe54ff9700 1 -- 172.21.15.29:0/707230044 <== mon.0 v2:172.21.15.29:3300/0 6 ==== mon_command_ack([{"prefix": "get_command_descriptions"}]=0 v0) ==== 72+0+186149 (secure 0 0 0) 0x7efe4802a020 con 0x7efe5807ddc0
2024-03-16T11:41:37.137 INFO:teuthology.orchestra.run.smithi029.stdout:/usr/bin/ceph: stderr
2024-03-16T11:41:36.575+0000 7efe5df67700 1 -- 172.21.15.29:0/707230044 --> [v2:172.21.15.29:3300/0,v1:172.21.15.29:6789/0] -- mon_command([{prefix=config-key set, key=mgr/dashboard/cluster/status}] v 0) -- 0x7efe581a1950 con 0x7efe5807ddc0
2024-03-16T11:41:37.137 INFO:teuthology.orchestra.run.smithi029.stdout:/usr/bin/ceph: stderr
2024-03-16T11:41:36.578+0000 7efe54ff9700 1 -- 172.21.15.29:0/707230044 <== mon.0 v2:172.21.15.29:3300/0 7 ==== mon_command_ack([{prefix=config-key set, key=mgr/dashboard/cluster/status}]=0 set mgr/dashboard/cluster/status v28)=0 set mgr/dashboard/cluster/status v28) ==== 153+0+0 (secure 0 0 0) 0x7efe48023dd0 con 0x7efe5807ddc0
2024-03-16T11:41:37.137 INFO:teuthology.orchestra.run.smithi029.stdout:/usr/bin/ceph: stderr
2024-03-16T11:41:36.580+0000 7efe5df67700 1 -- 172.21.15.29:0/707230044 >> [v2:172.21.15.29:6800/4192064640,v1:172.21.15.29:6801/4192064640] conn(0x7efe44038fc0 msgr2=0x7efe4403b480 secure :-1 s=STATE_CONNECTION_ESTABLISHED l=1).mark_down
2024-03-16T11:41:37.138 INFO:teuthology.orchestra.run.smithi029.stdout:/usr/bin/ceph: stderr
2024-03-16T11:41:36.580+0000 7efe5df67700 1 --2- 172.21.15.29:0/707230044 >> [v2:172.21.15.29:6800/4192064640,v1:172.21.15.29:6801/4192064640] conn(0x7efe44038fc0 0x7efe4403b480 secure :-1 s=READY pgs=11 cs=0 l=1 rev1=1 crypto rx=0x7efe40006fd0 tx=0x7efe40006e40 comp rx=0 tx=0).stop
2024-03-16T11:41:37.138 INFO:teuthology.orchestra.run.smithi029.stdout:/usr/bin/ceph: stderr
2024-03-16T11:41:36.580+0000 7efe5df67700 1 -- 172.21.15.29:0/707230044 >> [v2:172.21.15.29:3300/0,v1:172.21.15.29:6789/0] conn(0x7efe5807ddc0 msgr2=0x7efe5819dec0 secure :-1 s=STATE_CONNECTION_ESTABLISHED l=1).mark_down
2024-03-16T11:41:37.138 INFO:teuthology.orchestra.run.smithi029.stdout:/usr/bin/ceph: stderr
2024-03-16T11:41:36.580+0000 7efe5df67700 1 --2- 172.21.15.29:0/707230044 >> [v2:172.21.15.29:3300/0,v1:172.21.15.29:6789/0] conn(0x7efe5807ddc0 0x7efe5819dec0 secure :-1 s=READY pgs=79 cs=0 l=1 rev1=1 crypto rx=0x7efe48004350 tx=0x7efe4800bd50 comp rx=0 tx=0).stop
2024-03-16T11:41:37.138 INFO:teuthology.orchestra.run.smithi029.stdout:/usr/bin/ceph: stderr
2024-03-16T11:41:36.580+0000 7efe5df67700 1 -- 172.21.15.29:0/707230044 shutdown_connections
2024-03-16T11:41:37.138 INFO:teuthology.orchestra.run.smithi029.stdout:/usr/bin/ceph: stderr
2024-03-16T11:41:36.580+0000 7efe5df67700 1 --2- 172.21.15.29:0/707230044 >> [v2:172.21.15.29:6800/4192064640,v1:172.21.15.29:6801/4192064640] conn(0x7efe44038fc0 0x7efe4403b480 unknown :-1 s=CLOSED pgs=11 cs=0 l=1 rev1=1 crypto rx=0 tx=0 comp rx=0 tx=0).stop
2024-03-16T11:41:37.138 INFO:teuthology.orchestra.run.smithi029.stdout:/usr/bin/ceph: stderr
2024-03-16T11:41:36.580+0000 7efe5df67700 1 --2- 172.21.15.29:0/707230044 >> [v2:172.21.15.29:3300/0,v1:172.21.15.29:6789/0] conn(0x7efe5807ddc0 0x7efe5819dec0 unknown :-1 s=CLOSED pgs=79 cs=0 l=1 rev1=1 crypto rx=0 tx=0 comp rx=0 tx=0).stop
2024-03-16T11:41:37.138 INFO:teuthology.orchestra.run.smithi029.stdout:/usr/bin/ceph: stderr
2024-03-16T11:41:36.580+0000 7efe5df67700 1 -- 172.21.15.29:0/707230044 >> 172.21.15.29:0/707230044 conn(0x7efe58103360 msgr2=0x7efe58103ec0 unknown :-1 s=STATE_NONE l=0).mark_down
2024-03-16T11:41:37.138 INFO:teuthology.orchestra.run.smithi029.stdout:/usr/bin/ceph: stderr
2024-03-16T11:41:36.580+0000 7efe5df67700 1 -- 172.21.15.29:0/707230044 shutdown_connections
2024-03-16T11:41:37.138 INFO:teuthology.orchestra.run.smithi029.stdout:/usr/bin/ceph: stderr
2024-03-16T11:41:36.580+0000 7efe5df67700 1 -- 172.21.15.29:0/707230044 wait complete.
2024-03-16T11:41:37.138 INFO:teuthology.orchestra.run.smithi029.stdout:/usr/bin/ceph: stderr set mgr/dashboard/cluster/status
2024-03-16T11:41:37.138 INFO:teuthology.orchestra.run.smithi029.stdout:You can access the Ceph CLI as following in case of multi-cluster or non-default config:
2024-03-16T11:41:37.138 INFO:teuthology.orchestra.run.smithi029.stdout:
2024-03-16T11:41:37.138 INFO:teuthology.orchestra.run.smithi029.stdout: sudo /home/ubuntu/cephtest/cephadm shell --fsid d1887f28-e389-11ee-95c9-87774f69a715 -c /etc/ceph/ceph.conf -k /etc/ceph/ceph.client.admin.keyring
2024-03-16T11:41:37.138 INFO:teuthology.orchestra.run.smithi029.stdout:
2024-03-16T11:41:37.139 INFO:teuthology.orchestra.run.smithi029.stdout:Or, if you are only running a single cluster on this host:
2024-03-16T11:41:37.139 INFO:teuthology.orchestra.run.smithi029.stdout:
2024-03-16T11:41:37.139 INFO:teuthology.orchestra.run.smithi029.stdout: sudo /home/ubuntu/cephtest/cephadm shell
2024-03-16T11:41:37.139 INFO:teuthology.orchestra.run.smithi029.stdout:
2024-03-16T11:41:37.139 INFO:teuthology.orchestra.run.smithi029.stdout:Please consider enabling telemetry to help improve Ceph:
2024-03-16T11:41:37.139 INFO:teuthology.orchestra.run.smithi029.stdout:
2024-03-16T11:41:37.139 INFO:teuthology.orchestra.run.smithi029.stdout: ceph telemetry on
2024-03-16T11:41:37.139 INFO:teuthology.orchestra.run.smithi029.stdout:
2024-03-16T11:41:37.139 INFO:teuthology.orchestra.run.smithi029.stdout:For more information see:
2024-03-16T11:41:37.139 INFO:teuthology.orchestra.run.smithi029.stdout:
2024-03-16T11:41:37.139 INFO:teuthology.orchestra.run.smithi029.stdout: https://docs.ceph.com/en/latest/mgr/telemetry/
2024-03-16T11:41:37.139 INFO:teuthology.orchestra.run.smithi029.stdout:
2024-03-16T11:41:37.139 INFO:teuthology.orchestra.run.smithi029.stdout:Bootstrap complete.
2024-03-16T11:41:37.178 INFO:tasks.cephadm:Fetching config...
2024-03-16T11:41:37.179 DEBUG:teuthology.orchestra.run.smithi029:> set -ex
2024-03-16T11:41:37.179 DEBUG:teuthology.orchestra.run.smithi029:> dd if=/etc/ceph/ceph.conf of=/dev/stdout
2024-03-16T11:41:37.195 INFO:tasks.cephadm:Fetching client.admin keyring...
2024-03-16T11:41:37.195 DEBUG:teuthology.orchestra.run.smithi029:> set -ex
2024-03-16T11:41:37.195 DEBUG:teuthology.orchestra.run.smithi029:> dd if=/etc/ceph/ceph.client.admin.keyring of=/dev/stdout
2024-03-16T11:41:37.250 INFO:tasks.cephadm:Fetching mon keyring...
2024-03-16T11:41:37.250 DEBUG:teuthology.orchestra.run.smithi029:> set -ex
2024-03-16T11:41:37.250 DEBUG:teuthology.orchestra.run.smithi029:> sudo dd if=/var/lib/ceph/d1887f28-e389-11ee-95c9-87774f69a715/mon.a/keyring of=/dev/stdout
2024-03-16T11:41:37.318 INFO:tasks.cephadm:Fetching pub ssh key...
2024-03-16T11:41:37.318 DEBUG:teuthology.orchestra.run.smithi029:> set -ex
2024-03-16T11:41:37.318 DEBUG:teuthology.orchestra.run.smithi029:> dd if=/home/ubuntu/cephtest/ceph.pub of=/dev/stdout
2024-03-16T11:41:37.373 INFO:tasks.cephadm:Installing pub ssh key for root users...
2024-03-16T11:41:37.373 DEBUG:teuthology.orchestra.run.smithi029:> sudo install -d -m 0700 /root/.ssh && echo 'ssh-rsa AAAAB3NzaC1yc2EAAAADAQABAAABgQC8KkuD7XYsg7qg5vvm6f9C9F+bVy31FMlXBVVQr5jgiqFnoJJ2WHe/FyeDly3kAIcxbqx/iXf/RyV7hp8dJKclLomINMbzqk9ZVgPp5Y026gBfLWwF9v5PR8XEp69/TpfLMXEHTfnPIhrkq8TLxGdCSf9KZnNkxbAAydQq1I3bdKkNHmLBSduPJJXigbrrxZKltcOiUv1HHWJ+izQLpohLvOnkkoVcIKjZhJg/W6MvM36jmQ8QSumUvV48B6/RpXrRbRmJZk/pJXuKTI6iUtSgjRVZU3e2lv3z62fkqRfnax/PlA38ddonynlcCkwcFmFZpo9kgH+0d7HqJmt1bQ+dfih97Hj4Cepr7q6of9GgCR5m+6bqM6E5XYAiskWUVcQiMuUdtWIGWLwZLSTKMPn/ShpirlzVKZj0+UErz4t+pH3x0SrEv5yFbvV06xs067rn0AORK42XwURRlffKbMhQvcLKYfNWpyRC2Uhx6AH5JC7UAFo4S8XLr4jNfxmjnbk= ceph-d1887f28-e389-11ee-95c9-87774f69a715' | sudo tee -a /root/.ssh/authorized_keys && sudo chmod 0600 /root/.ssh/authorized_keys
2024-03-16T11:41:37.461 INFO:teuthology.orchestra.run.smithi029.stdout:ssh-rsa AAAAB3NzaC1yc2EAAAADAQABAAABgQC8KkuD7XYsg7qg5vvm6f9C9F+bVy31FMlXBVVQr5jgiqFnoJJ2WHe/FyeDly3kAIcxbqx/iXf/RyV7hp8dJKclLomINMbzqk9ZVgPp5Y026gBfLWwF9v5PR8XEp69/TpfLMXEHTfnPIhrkq8TLxGdCSf9KZnNkxbAAydQq1I3bdKkNHmLBSduPJJXigbrrxZKltcOiUv1HHWJ+izQLpohLvOnkkoVcIKjZhJg/W6MvM36jmQ8QSumUvV48B6/RpXrRbRmJZk/pJXuKTI6iUtSgjRVZU3e2lv3z62fkqRfnax/PlA38ddonynlcCkwcFmFZpo9kgH+0d7HqJmt1bQ+dfih97Hj4Cepr7q6of9GgCR5m+6bqM6E5XYAiskWUVcQiMuUdtWIGWLwZLSTKMPn/ShpirlzVKZj0+UErz4t+pH3x0SrEv5yFbvV06xs067rn0AORK42XwURRlffKbMhQvcLKYfNWpyRC2Uhx6AH5JC7UAFo4S8XLr4jNfxmjnbk= ceph-d1887f28-e389-11ee-95c9-87774f69a715
2024-03-16T11:41:37.475 DEBUG:teuthology.orchestra.run.smithi152:> sudo install -d -m 0700 /root/.ssh && echo 'ssh-rsa AAAAB3NzaC1yc2EAAAADAQABAAABgQC8KkuD7XYsg7qg5vvm6f9C9F+bVy31FMlXBVVQr5jgiqFnoJJ2WHe/FyeDly3kAIcxbqx/iXf/RyV7hp8dJKclLomINMbzqk9ZVgPp5Y026gBfLWwF9v5PR8XEp69/TpfLMXEHTfnPIhrkq8TLxGdCSf9KZnNkxbAAydQq1I3bdKkNHmLBSduPJJXigbrrxZKltcOiUv1HHWJ+izQLpohLvOnkkoVcIKjZhJg/W6MvM36jmQ8QSumUvV48B6/RpXrRbRmJZk/pJXuKTI6iUtSgjRVZU3e2lv3z62fkqRfnax/PlA38ddonynlcCkwcFmFZpo9kgH+0d7HqJmt1bQ+dfih97Hj4Cepr7q6of9GgCR5m+6bqM6E5XYAiskWUVcQiMuUdtWIGWLwZLSTKMPn/ShpirlzVKZj0+UErz4t+pH3x0SrEv5yFbvV06xs067rn0AORK42XwURRlffKbMhQvcLKYfNWpyRC2Uhx6AH5JC7UAFo4S8XLr4jNfxmjnbk= ceph-d1887f28-e389-11ee-95c9-87774f69a715' | sudo tee -a /root/.ssh/authorized_keys && sudo chmod 0600 /root/.ssh/authorized_keys
2024-03-16T11:41:37.523 INFO:teuthology.orchestra.run.smithi152.stdout:ssh-rsa AAAAB3NzaC1yc2EAAAADAQABAAABgQC8KkuD7XYsg7qg5vvm6f9C9F+bVy31FMlXBVVQr5jgiqFnoJJ2WHe/FyeDly3kAIcxbqx/iXf/RyV7hp8dJKclLomINMbzqk9ZVgPp5Y026gBfLWwF9v5PR8XEp69/TpfLMXEHTfnPIhrkq8TLxGdCSf9KZnNkxbAAydQq1I3bdKkNHmLBSduPJJXigbrrxZKltcOiUv1HHWJ+izQLpohLvOnkkoVcIKjZhJg/W6MvM36jmQ8QSumUvV48B6/RpXrRbRmJZk/pJXuKTI6iUtSgjRVZU3e2lv3z62fkqRfnax/PlA38ddonynlcCkwcFmFZpo9kgH+0d7HqJmt1bQ+dfih97Hj4Cepr7q6of9GgCR5m+6bqM6E5XYAiskWUVcQiMuUdtWIGWLwZLSTKMPn/ShpirlzVKZj0+UErz4t+pH3x0SrEv5yFbvV06xs067rn0AORK42XwURRlffKbMhQvcLKYfNWpyRC2Uhx6AH5JC7UAFo4S8XLr4jNfxmjnbk= ceph-d1887f28-e389-11ee-95c9-87774f69a715
2024-03-16T11:41:37.540 DEBUG:teuthology.orchestra.run.smithi154:> sudo install -d -m 0700 /root/.ssh && echo 'ssh-rsa AAAAB3NzaC1yc2EAAAADAQABAAABgQC8KkuD7XYsg7qg5vvm6f9C9F+bVy31FMlXBVVQr5jgiqFnoJJ2WHe/FyeDly3kAIcxbqx/iXf/RyV7hp8dJKclLomINMbzqk9ZVgPp5Y026gBfLWwF9v5PR8XEp69/TpfLMXEHTfnPIhrkq8TLxGdCSf9KZnNkxbAAydQq1I3bdKkNHmLBSduPJJXigbrrxZKltcOiUv1HHWJ+izQLpohLvOnkkoVcIKjZhJg/W6MvM36jmQ8QSumUvV48B6/RpXrRbRmJZk/pJXuKTI6iUtSgjRVZU3e2lv3z62fkqRfnax/PlA38ddonynlcCkwcFmFZpo9kgH+0d7HqJmt1bQ+dfih97Hj4Cepr7q6of9GgCR5m+6bqM6E5XYAiskWUVcQiMuUdtWIGWLwZLSTKMPn/ShpirlzVKZj0+UErz4t+pH3x0SrEv5yFbvV06xs067rn0AORK42XwURRlffKbMhQvcLKYfNWpyRC2Uhx6AH5JC7UAFo4S8XLr4jNfxmjnbk= ceph-d1887f28-e389-11ee-95c9-87774f69a715' | sudo tee -a /root/.ssh/authorized_keys && sudo chmod 0600 /root/.ssh/authorized_keys
2024-03-16T11:41:37.590 INFO:teuthology.orchestra.run.smithi154.stdout:ssh-rsa AAAAB3NzaC1yc2EAAAADAQABAAABgQC8KkuD7XYsg7qg5vvm6f9C9F+bVy31FMlXBVVQr5jgiqFnoJJ2WHe/FyeDly3kAIcxbqx/iXf/RyV7hp8dJKclLomINMbzqk9ZVgPp5Y026gBfLWwF9v5PR8XEp69/TpfLMXEHTfnPIhrkq8TLxGdCSf9KZnNkxbAAydQq1I3bdKkNHmLBSduPJJXigbrrxZKltcOiUv1HHWJ+izQLpohLvOnkkoVcIKjZhJg/W6MvM36jmQ8QSumUvV48B6/RpXrRbRmJZk/pJXuKTI6iUtSgjRVZU3e2lv3z62fkqRfnax/PlA38ddonynlcCkwcFmFZpo9kgH+0d7HqJmt1bQ+dfih97Hj4Cepr7q6of9GgCR5m+6bqM6E5XYAiskWUVcQiMuUdtWIGWLwZLSTKMPn/ShpirlzVKZj0+UErz4t+pH3x0SrEv5yFbvV06xs067rn0AORK42XwURRlffKbMhQvcLKYfNWpyRC2Uhx6AH5JC7UAFo4S8XLr4jNfxmjnbk= ceph-d1887f28-e389-11ee-95c9-87774f69a715
2024-03-16T11:41:37.606 DEBUG:teuthology.orchestra.run.smithi029:> sudo /home/ubuntu/cephtest/cephadm --image quay-quay-quay.apps.os.sepia.ceph.com/ceph-ci/ceph:3d78f5ba07bf18880172c07d4d7b4ac00c9d30af shell -c /etc/ceph/ceph.conf -k /etc/ceph/ceph.client.admin.keyring --fsid d1887f28-e389-11ee-95c9-87774f69a715 -- ceph config set mgr mgr/cephadm/allow_ptrace true
2024-03-16T11:41:37.682 INFO:journalctl@ceph.mon.a.smithi029.stdout:Mar 16 11:41:37 smithi029 ceph-mon[31975]: from='client.? 172.21.15.29:0/707230044' entity='client.admin'
2024-03-16T11:41:37.846 INFO:teuthology.orchestra.run.smithi029.stderr:Inferring config /var/lib/ceph/d1887f28-e389-11ee-95c9-87774f69a715/mon.a/config
2024-03-16T11:41:39.588 INFO:teuthology.orchestra.run.smithi029.stderr:2024-03-16T11:41:39.587+0000 7fdfddf0f700 1 -- 172.21.15.29:0/2764439424 >> [v2:172.21.15.29:3300/0,v1:172.21.15.29:6789/0] conn(0x7fdfd81027b0 msgr2=0x7fdfd8104ba0 secure :-1 s=STATE_CONNECTION_ESTABLISHED l=1).mark_down
2024-03-16T11:41:39.588 INFO:teuthology.orchestra.run.smithi029.stderr:2024-03-16T11:41:39.587+0000 7fdfddf0f700 1 --2- 172.21.15.29:0/2764439424 >> [v2:172.21.15.29:3300/0,v1:172.21.15.29:6789/0] conn(0x7fdfd81027b0 0x7fdfd8104ba0 secure :-1 s=READY pgs=80 cs=0 l=1 rev1=1 crypto rx=0x7fdfc8009910 tx=0x7fdfc8009c20 comp rx=0 tx=0).stop
2024-03-16T11:41:39.588 INFO:teuthology.orchestra.run.smithi029.stderr:2024-03-16T11:41:39.587+0000 7fdfddf0f700 1 -- 172.21.15.29:0/2764439424 shutdown_connections
2024-03-16T11:41:39.588 INFO:teuthology.orchestra.run.smithi029.stderr:2024-03-16T11:41:39.587+0000 7fdfddf0f700 1 --2- 172.21.15.29:0/2764439424 >> [v2:172.21.15.29:3300/0,v1:172.21.15.29:6789/0] conn(0x7fdfd81027b0 0x7fdfd8104ba0 unknown :-1 s=CLOSED pgs=80 cs=0 l=1 rev1=1 crypto rx=0 tx=0 comp rx=0 tx=0).stop
2024-03-16T11:41:39.589 INFO:teuthology.orchestra.run.smithi029.stderr:2024-03-16T11:41:39.587+0000 7fdfddf0f700 1 -- 172.21.15.29:0/2764439424 >> 172.21.15.29:0/2764439424 conn(0x7fdfd80fc1e0 msgr2=0x7fdfd80fe600 unknown :-1 s=STATE_NONE l=0).mark_down
2024-03-16T11:41:39.589 INFO:teuthology.orchestra.run.smithi029.stderr:2024-03-16T11:41:39.587+0000 7fdfddf0f700 1 -- 172.21.15.29:0/2764439424 shutdown_connections
2024-03-16T11:41:39.589 INFO:teuthology.orchestra.run.smithi029.stderr:2024-03-16T11:41:39.587+0000 7fdfddf0f700 1 -- 172.21.15.29:0/2764439424 wait complete.
2024-03-16T11:41:39.589 INFO:teuthology.orchestra.run.smithi029.stderr:2024-03-16T11:41:39.587+0000 7fdfddf0f700 1 Processor -- start
2024-03-16T11:41:39.589 INFO:teuthology.orchestra.run.smithi029.stderr:2024-03-16T11:41:39.588+0000 7fdfddf0f700 1 -- start start
2024-03-16T11:41:39.589 INFO:teuthology.orchestra.run.smithi029.stderr:2024-03-16T11:41:39.588+0000 7fdfddf0f700 1 --2- >> [v2:172.21.15.29:3300/0,v1:172.21.15.29:6789/0] conn(0x7fdfd81027b0 0x7fdfd81973a0 unknown :-1 s=NONE pgs=0 cs=0 l=1 rev1=0 crypto rx=0 tx=0 comp rx=0 tx=0).connect
2024-03-16T11:41:39.589 INFO:teuthology.orchestra.run.smithi029.stderr:2024-03-16T11:41:39.588+0000 7fdfddf0f700 1 -- --> [v2:172.21.15.29:3300/0,v1:172.21.15.29:6789/0] -- mon_getmap magic: 0 -- 0x7fdfd8107d50 con 0x7fdfd81027b0
2024-03-16T11:41:39.589 INFO:teuthology.orchestra.run.smithi029.stderr:2024-03-16T11:41:39.588+0000 7fdfd77fe700 1 --2- >> [v2:172.21.15.29:3300/0,v1:172.21.15.29:6789/0] conn(0x7fdfd81027b0 0x7fdfd81973a0 unknown :-1 s=BANNER_CONNECTING pgs=0 cs=0 l=1 rev1=0 crypto rx=0 tx=0 comp rx=0 tx=0)._handle_peer_banner_payload supported=3 required=0
2024-03-16T11:41:39.589 INFO:teuthology.orchestra.run.smithi029.stderr:2024-03-16T11:41:39.588+0000 7fdfd77fe700 1 --2- >> [v2:172.21.15.29:3300/0,v1:172.21.15.29:6789/0] conn(0x7fdfd81027b0 0x7fdfd81973a0 unknown :-1 s=HELLO_CONNECTING pgs=0 cs=0 l=1 rev1=1 crypto rx=0 tx=0 comp rx=0 tx=0).handle_hello peer v2:172.21.15.29:3300/0 says I am v2:172.21.15.29:38518/0 (socket says 172.21.15.29:38518)
2024-03-16T11:41:39.589 INFO:teuthology.orchestra.run.smithi029.stderr:2024-03-16T11:41:39.588+0000 7fdfd77fe700 1 -- 172.21.15.29:0/2895910756 learned_addr learned my addr 172.21.15.29:0/2895910756 (peer_addr_for_me v2:172.21.15.29:0/0)
2024-03-16T11:41:39.589 INFO:teuthology.orchestra.run.smithi029.stderr:2024-03-16T11:41:39.588+0000 7fdfd77fe700 1 -- 172.21.15.29:0/2895910756 --> [v2:172.21.15.29:3300/0,v1:172.21.15.29:6789/0] -- mon_subscribe({config=0+,monmap=0+}) -- 0x7fdfd81978e0 con 0x7fdfd81027b0
2024-03-16T11:41:39.589 INFO:teuthology.orchestra.run.smithi029.stderr:2024-03-16T11:41:39.588+0000 7fdfd77fe700 1 --2- 172.21.15.29:0/2895910756 >> [v2:172.21.15.29:3300/0,v1:172.21.15.29:6789/0] conn(0x7fdfd81027b0 0x7fdfd81973a0 secure :-1 s=READY pgs=81 cs=0 l=1 rev1=1 crypto rx=0x7fdfc8004fa0 tx=0x7fdfc8005080 comp rx=0 tx=0).ready entity=mon.0 client_cookie=0 server_cookie=0 in_seq=0 out_seq=0
2024-03-16T11:41:39.589 INFO:teuthology.orchestra.run.smithi029.stderr:2024-03-16T11:41:39.588+0000 7fdfd4ff9700 1 -- 172.21.15.29:0/2895910756 <== mon.0 v2:172.21.15.29:3300/0 1 ==== mon_map magic: 0 ==== 205+0+0 (secure 0 0 0) 0x7fdfc8027070 con 0x7fdfd81027b0
2024-03-16T11:41:39.589 INFO:teuthology.orchestra.run.smithi029.stderr:2024-03-16T11:41:39.589+0000 7fdfd4ff9700 1 -- 172.21.15.29:0/2895910756 <== mon.0 v2:172.21.15.29:3300/0 2 ==== config(27 keys) ==== 1140+0+0 (secure 0 0 0) 0x7fdfc800be40 con 0x7fdfd81027b0
2024-03-16T11:41:39.589 INFO:teuthology.orchestra.run.smithi029.stderr:2024-03-16T11:41:39.589+0000 7fdfd4ff9700 1 -- 172.21.15.29:0/2895910756 <== mon.0 v2:172.21.15.29:3300/0 3 ==== mon_map magic: 0 ==== 205+0+0 (secure 0 0 0) 0x7fdfc800f460 con 0x7fdfd81027b0
2024-03-16T11:41:39.590 INFO:teuthology.orchestra.run.smithi029.stderr:2024-03-16T11:41:39.589+0000 7fdfddf0f700 1 -- 172.21.15.29:0/2895910756 --> [v2:172.21.15.29:3300/0,v1:172.21.15.29:6789/0] -- mon_subscribe({mgrmap=0+}) -- 0x7fdfd8197bd0 con 0x7fdfd81027b0
2024-03-16T11:41:39.590 INFO:teuthology.orchestra.run.smithi029.stderr:2024-03-16T11:41:39.589+0000 7fdfddf0f700 1 -- 172.21.15.29:0/2895910756 --> [v2:172.21.15.29:3300/0,v1:172.21.15.29:6789/0] -- mon_subscribe({osdmap=0}) -- 0x7fdfd819a810 con 0x7fdfd81027b0
2024-03-16T11:41:39.590 INFO:teuthology.orchestra.run.smithi029.stderr:2024-03-16T11:41:39.589+0000 7fdfd4ff9700 1 -- 172.21.15.29:0/2895910756 <== mon.0 v2:172.21.15.29:3300/0 4 ==== mgrmap(e 13) ==== 46162+0+0 (secure 0 0 0) 0x7fdfc802a070 con 0x7fdfd81027b0
2024-03-16T11:41:39.590 INFO:teuthology.orchestra.run.smithi029.stderr:2024-03-16T11:41:39.590+0000 7fdfd4ff9700 1 --2- 172.21.15.29:0/2895910756 >> [v2:172.21.15.29:6800/4192064640,v1:172.21.15.29:6801/4192064640] conn(0x7fdfc0038fc0 0x7fdfc003b480 unknown :-1 s=NONE pgs=0 cs=0 l=1 rev1=0 crypto rx=0 tx=0 comp rx=0 tx=0).connect
2024-03-16T11:41:39.591 INFO:teuthology.orchestra.run.smithi029.stderr:2024-03-16T11:41:39.590+0000 7fdfd4ff9700 1 -- 172.21.15.29:0/2895910756 <== mon.0 v2:172.21.15.29:3300/0 5 ==== osd_map(3..3 src has 1..3) ==== 1155+0+0 (secure 0 0 0) 0x7fdfc801e030 con 0x7fdfd81027b0
2024-03-16T11:41:39.591 INFO:teuthology.orchestra.run.smithi029.stderr:2024-03-16T11:41:39.590+0000 7fdfddf0f700 1 -- 172.21.15.29:0/2895910756 --> [v2:172.21.15.29:3300/0,v1:172.21.15.29:6789/0] -- mon_command({"prefix": "get_command_descriptions"} v 0) -- 0x7fdfd81084d0 con 0x7fdfd81027b0
2024-03-16T11:41:39.591 INFO:teuthology.orchestra.run.smithi029.stderr:2024-03-16T11:41:39.590+0000 7fdfd6ffd700 1 --2- 172.21.15.29:0/2895910756 >> [v2:172.21.15.29:6800/4192064640,v1:172.21.15.29:6801/4192064640] conn(0x7fdfc0038fc0 0x7fdfc003b480 unknown :-1 s=BANNER_CONNECTING pgs=0 cs=0 l=1 rev1=0 crypto rx=0 tx=0 comp rx=0 tx=0)._handle_peer_banner_payload supported=3 required=0
2024-03-16T11:41:39.591 INFO:teuthology.orchestra.run.smithi029.stderr:2024-03-16T11:41:39.590+0000 7fdfd6ffd700 1 --2- 172.21.15.29:0/2895910756 >> [v2:172.21.15.29:6800/4192064640,v1:172.21.15.29:6801/4192064640] conn(0x7fdfc0038fc0 0x7fdfc003b480 secure :-1 s=READY pgs=12 cs=0 l=1 rev1=1 crypto rx=0x7fdfcc006fd0 tx=0x7fdfcc006e40 comp rx=0 tx=0).ready entity=mgr.14152 client_cookie=0 server_cookie=0 in_seq=0 out_seq=0
2024-03-16T11:41:39.594 INFO:teuthology.orchestra.run.smithi029.stderr:2024-03-16T11:41:39.595+0000 7fdfd4ff9700 1 -- 172.21.15.29:0/2895910756 <== mon.0 v2:172.21.15.29:3300/0 6 ==== mon_command_ack([{"prefix": "get_command_descriptions"}]=0 v0) ==== 72+0+186149 (secure 0 0 0) 0x7fdfc8013070 con 0x7fdfd81027b0
2024-03-16T11:41:39.802 INFO:teuthology.orchestra.run.smithi029.stderr:2024-03-16T11:41:39.802+0000 7fdfddf0f700 1 -- 172.21.15.29:0/2895910756 --> [v2:172.21.15.29:3300/0,v1:172.21.15.29:6789/0] -- mon_command([{prefix=config set, name=mgr/cephadm/allow_ptrace}] v 0) -- 0x7fdfd802dc80 con 0x7fdfd81027b0
2024-03-16T11:41:39.804 INFO:teuthology.orchestra.run.smithi029.stderr:2024-03-16T11:41:39.805+0000 7fdfd4ff9700 1 -- 172.21.15.29:0/2895910756 <== mon.0 v2:172.21.15.29:3300/0 7 ==== mon_command_ack([{prefix=config set, name=mgr/cephadm/allow_ptrace}]=0 v9)=0 v9) ==== 125+0+0 (secure 0 0 0) 0x7fdfc8020c90 con 0x7fdfd81027b0
2024-03-16T11:41:39.807 INFO:teuthology.orchestra.run.smithi029.stderr:2024-03-16T11:41:39.807+0000 7fdfddf0f700 1 -- 172.21.15.29:0/2895910756 >> [v2:172.21.15.29:6800/4192064640,v1:172.21.15.29:6801/4192064640] conn(0x7fdfc0038fc0 msgr2=0x7fdfc003b480 secure :-1 s=STATE_CONNECTION_ESTABLISHED l=1).mark_down
2024-03-16T11:41:39.807 INFO:teuthology.orchestra.run.smithi029.stderr:2024-03-16T11:41:39.807+0000 7fdfddf0f700 1 --2- 172.21.15.29:0/2895910756 >> [v2:172.21.15.29:6800/4192064640,v1:172.21.15.29:6801/4192064640] conn(0x7fdfc0038fc0 0x7fdfc003b480 secure :-1 s=READY pgs=12 cs=0 l=1 rev1=1 crypto rx=0x7fdfcc006fd0 tx=0x7fdfcc006e40 comp rx=0 tx=0).stop
2024-03-16T11:41:39.807 INFO:teuthology.orchestra.run.smithi029.stderr:2024-03-16T11:41:39.807+0000 7fdfddf0f700 1 -- 172.21.15.29:0/2895910756 >> [v2:172.21.15.29:3300/0,v1:172.21.15.29:6789/0] conn(0x7fdfd81027b0 msgr2=0x7fdfd81973a0 secure :-1 s=STATE_CONNECTION_ESTABLISHED l=1).mark_down
2024-03-16T11:41:39.807 INFO:teuthology.orchestra.run.smithi029.stderr:2024-03-16T11:41:39.807+0000 7fdfddf0f700 1 --2- 172.21.15.29:0/2895910756 >> [v2:172.21.15.29:3300/0,v1:172.21.15.29:6789/0] conn(0x7fdfd81027b0 0x7fdfd81973a0 secure :-1 s=READY pgs=81 cs=0 l=1 rev1=1 crypto rx=0x7fdfc8004fa0 tx=0x7fdfc8005080 comp rx=0 tx=0).stop
2024-03-16T11:41:39.807 INFO:teuthology.orchestra.run.smithi029.stderr:2024-03-16T11:41:39.807+0000 7fdfddf0f700 1 -- 172.21.15.29:0/2895910756 shutdown_connections
2024-03-16T11:41:39.807 INFO:teuthology.orchestra.run.smithi029.stderr:2024-03-16T11:41:39.807+0000 7fdfddf0f700 1 --2- 172.21.15.29:0/2895910756 >> [v2:172.21.15.29:6800/4192064640,v1:172.21.15.29:6801/4192064640] conn(0x7fdfc0038fc0 0x7fdfc003b480 unknown :-1 s=CLOSED pgs=12 cs=0 l=1 rev1=1 crypto rx=0 tx=0 comp rx=0 tx=0).stop
2024-03-16T11:41:39.807 INFO:teuthology.orchestra.run.smithi029.stderr:2024-03-16T11:41:39.807+0000 7fdfddf0f700 1 --2- 172.21.15.29:0/2895910756 >> [v2:172.21.15.29:3300/0,v1:172.21.15.29:6789/0] conn(0x7fdfd81027b0 0x7fdfd81973a0 unknown :-1 s=CLOSED pgs=81 cs=0 l=1 rev1=1 crypto rx=0 tx=0 comp rx=0 tx=0).stop
2024-03-16T11:41:39.807 INFO:teuthology.orchestra.run.smithi029.stderr:2024-03-16T11:41:39.807+0000 7fdfddf0f700 1 -- 172.21.15.29:0/2895910756 >> 172.21.15.29:0/2895910756 conn(0x7fdfd80fc1e0 msgr2=0x7fdfd80fcbc0 unknown :-1 s=STATE_NONE l=0).mark_down
2024-03-16T11:41:39.807 INFO:teuthology.orchestra.run.smithi029.stderr:2024-03-16T11:41:39.807+0000 7fdfddf0f700 1 -- 172.21.15.29:0/2895910756 shutdown_connections
2024-03-16T11:41:39.807 INFO:teuthology.orchestra.run.smithi029.stderr:2024-03-16T11:41:39.807+0000 7fdfddf0f700 1 -- 172.21.15.29:0/2895910756 wait complete.
2024-03-16T11:41:40.597 INFO:tasks.cephadm:Distributing conf and client.admin keyring to all hosts + 0755
2024-03-16T11:41:40.597 DEBUG:teuthology.orchestra.run.smithi029:> sudo /home/ubuntu/cephtest/cephadm --image quay-quay-quay.apps.os.sepia.ceph.com/ceph-ci/ceph:3d78f5ba07bf18880172c07d4d7b4ac00c9d30af shell -c /etc/ceph/ceph.conf -k /etc/ceph/ceph.client.admin.keyring --fsid d1887f28-e389-11ee-95c9-87774f69a715 -- ceph orch client-keyring set client.admin '*' --mode 0755
2024-03-16T11:41:41.061 INFO:journalctl@ceph.mon.a.smithi029.stdout:Mar 16 11:41:40 smithi029 ceph-mon[31975]: from='client.? 172.21.15.29:0/2895910756' entity='client.admin'
2024-03-16T11:41:41.098 INFO:teuthology.orchestra.run.smithi029.stderr:Inferring config /var/lib/ceph/d1887f28-e389-11ee-95c9-87774f69a715/mon.a/config
2024-03-16T11:41:43.131 INFO:teuthology.orchestra.run.smithi029.stderr:2024-03-16T11:41:43.131+0000 7fe40600b700 1 -- 172.21.15.29:0/2011284265 >> [v2:172.21.15.29:3300/0,v1:172.21.15.29:6789/0] conn(0x7fe400101d20 msgr2=0x7fe400102140 secure :-1 s=STATE_CONNECTION_ESTABLISHED l=1).mark_down
2024-03-16T11:41:43.131 INFO:teuthology.orchestra.run.smithi029.stderr:2024-03-16T11:41:43.131+0000 7fe40600b700 1 --2- 172.21.15.29:0/2011284265 >> [v2:172.21.15.29:3300/0,v1:172.21.15.29:6789/0] conn(0x7fe400101d20 0x7fe400102140 secure :-1 s=READY pgs=82 cs=0 l=1 rev1=1 crypto rx=0x7fe3f0009910 tx=0x7fe3f0009c20 comp rx=0 tx=0).stop
2024-03-16T11:41:43.132 INFO:teuthology.orchestra.run.smithi029.stderr:2024-03-16T11:41:43.131+0000 7fe40600b700 1 -- 172.21.15.29:0/2011284265 shutdown_connections
2024-03-16T11:41:43.132 INFO:teuthology.orchestra.run.smithi029.stderr:2024-03-16T11:41:43.131+0000 7fe40600b700 1 --2- 172.21.15.29:0/2011284265 >> [v2:172.21.15.29:3300/0,v1:172.21.15.29:6789/0] conn(0x7fe400101d20 0x7fe400102140 unknown :-1 s=CLOSED pgs=82 cs=0 l=1 rev1=1 crypto rx=0 tx=0 comp rx=0 tx=0).stop
2024-03-16T11:41:43.132 INFO:teuthology.orchestra.run.smithi029.stderr:2024-03-16T11:41:43.131+0000 7fe40600b700 1 -- 172.21.15.29:0/2011284265 >> 172.21.15.29:0/2011284265 conn(0x7fe4000fd2c0 msgr2=0x7fe4000ff700 unknown :-1 s=STATE_NONE l=0).mark_down
2024-03-16T11:41:43.132 INFO:teuthology.orchestra.run.smithi029.stderr:2024-03-16T11:41:43.132+0000 7fe40600b700 1 -- 172.21.15.29:0/2011284265 shutdown_connections
2024-03-16T11:41:43.132 INFO:teuthology.orchestra.run.smithi029.stderr:2024-03-16T11:41:43.132+0000 7fe40600b700 1 -- 172.21.15.29:0/2011284265 wait complete.
2024-03-16T11:41:43.134 INFO:teuthology.orchestra.run.smithi029.stderr:2024-03-16T11:41:43.132+0000 7fe40600b700 1 Processor -- start
2024-03-16T11:41:43.134 INFO:teuthology.orchestra.run.smithi029.stderr:2024-03-16T11:41:43.132+0000 7fe40600b700 1 -- start start
2024-03-16T11:41:43.134 INFO:teuthology.orchestra.run.smithi029.stderr:2024-03-16T11:41:43.133+0000 7fe40600b700 1 --2- >> [v2:172.21.15.29:3300/0,v1:172.21.15.29:6789/0] conn(0x7fe400101d20 0x7fe4001974b0 unknown :-1 s=NONE pgs=0 cs=0 l=1 rev1=0 crypto rx=0 tx=0 comp rx=0 tx=0).connect
2024-03-16T11:41:43.134 INFO:teuthology.orchestra.run.smithi029.stderr:2024-03-16T11:41:43.133+0000 7fe40600b700 1 -- --> [v2:172.21.15.29:3300/0,v1:172.21.15.29:6789/0] -- mon_getmap magic: 0 -- 0x7fe400107db0 con 0x7fe400101d20
2024-03-16T11:41:43.134 INFO:teuthology.orchestra.run.smithi029.stderr:2024-03-16T11:41:43.133+0000 7fe3ff7fe700 1 --2- >> [v2:172.21.15.29:3300/0,v1:172.21.15.29:6789/0] conn(0x7fe400101d20 0x7fe4001974b0 unknown :-1 s=BANNER_CONNECTING pgs=0 cs=0 l=1 rev1=0 crypto rx=0 tx=0 comp rx=0 tx=0)._handle_peer_banner_payload supported=3 required=0
2024-03-16T11:41:43.134 INFO:teuthology.orchestra.run.smithi029.stderr:2024-03-16T11:41:43.133+0000 7fe3ff7fe700 1 --2- >> [v2:172.21.15.29:3300/0,v1:172.21.15.29:6789/0] conn(0x7fe400101d20 0x7fe4001974b0 unknown :-1 s=HELLO_CONNECTING pgs=0 cs=0 l=1 rev1=1 crypto rx=0 tx=0 comp rx=0 tx=0).handle_hello peer v2:172.21.15.29:3300/0 says I am v2:172.21.15.29:38542/0 (socket says 172.21.15.29:38542)
2024-03-16T11:41:43.134 INFO:teuthology.orchestra.run.smithi029.stderr:2024-03-16T11:41:43.133+0000 7fe3ff7fe700 1 -- 172.21.15.29:0/3226918636 learned_addr learned my addr 172.21.15.29:0/3226918636 (peer_addr_for_me v2:172.21.15.29:0/0)
2024-03-16T11:41:43.134 INFO:teuthology.orchestra.run.smithi029.stderr:2024-03-16T11:41:43.133+0000 7fe3ff7fe700 1 -- 172.21.15.29:0/3226918636 --> [v2:172.21.15.29:3300/0,v1:172.21.15.29:6789/0] -- mon_subscribe({config=0+,monmap=0+}) -- 0x7fe4001979f0 con 0x7fe400101d20
2024-03-16T11:41:43.135 INFO:teuthology.orchestra.run.smithi029.stderr:2024-03-16T11:41:43.133+0000 7fe3ff7fe700 1 --2- 172.21.15.29:0/3226918636 >> [v2:172.21.15.29:3300/0,v1:172.21.15.29:6789/0] conn(0x7fe400101d20 0x7fe4001974b0 secure :-1 s=READY pgs=83 cs=0 l=1 rev1=1 crypto rx=0x7fe3f0006010 tx=0x7fe3f0005050 comp rx=0 tx=0).ready entity=mon.0 client_cookie=0 server_cookie=0 in_seq=0 out_seq=0
2024-03-16T11:41:43.135 INFO:teuthology.orchestra.run.smithi029.stderr:2024-03-16T11:41:43.133+0000 7fe3fcff9700 1 -- 172.21.15.29:0/3226918636 <== mon.0 v2:172.21.15.29:3300/0 1 ==== mon_map magic: 0 ==== 205+0+0 (secure 0 0 0) 0x7fe3f0027070 con 0x7fe400101d20
2024-03-16T11:41:43.135 INFO:teuthology.orchestra.run.smithi029.stderr:2024-03-16T11:41:43.133+0000 7fe3fcff9700 1 -- 172.21.15.29:0/3226918636 <== mon.0 v2:172.21.15.29:3300/0 2 ==== config(27 keys) ==== 1140+0+0 (secure 0 0 0) 0x7fe3f000be40 con 0x7fe400101d20
2024-03-16T11:41:43.135 INFO:teuthology.orchestra.run.smithi029.stderr:2024-03-16T11:41:43.133+0000 7fe40600b700 1 -- 172.21.15.29:0/3226918636 --> [v2:172.21.15.29:3300/0,v1:172.21.15.29:6789/0] -- mon_subscribe({mgrmap=0+}) -- 0x7fe400197c80 con 0x7fe400101d20
2024-03-16T11:41:43.135 INFO:teuthology.orchestra.run.smithi029.stderr:2024-03-16T11:41:43.133+0000 7fe3fcff9700 1 -- 172.21.15.29:0/3226918636 <== mon.0 v2:172.21.15.29:3300/0 3 ==== mon_map magic: 0 ==== 205+0+0 (secure 0 0 0) 0x7fe3f000f460 con 0x7fe400101d20
2024-03-16T11:41:43.135 INFO:teuthology.orchestra.run.smithi029.stderr:2024-03-16T11:41:43.133+0000 7fe40600b700 1 -- 172.21.15.29:0/3226918636 --> [v2:172.21.15.29:3300/0,v1:172.21.15.29:6789/0] -- mon_subscribe({osdmap=0}) -- 0x7fe40019a920 con 0x7fe400101d20
2024-03-16T11:41:43.135 INFO:teuthology.orchestra.run.smithi029.stderr:2024-03-16T11:41:43.134+0000 7fe3fcff9700 1 -- 172.21.15.29:0/3226918636 <== mon.0 v2:172.21.15.29:3300/0 4 ==== mgrmap(e 13) ==== 46162+0+0 (secure 0 0 0) 0x7fe3f002a070 con 0x7fe400101d20
