2024-03-16T12:09:53.497+0000 7f2de9cfe200 -1 mgr[py] Module prometheus has missing NOTIFY_TYPES member
2024-03-16T12:09:53.750 INFO:journalctl@ceph.mgr.x.smithi098.stdout:Mar 16 12:09:53 smithi098 ceph-e9cfddf2-e38d-11ee-95c9-87774f69a715-mgr-x[31872]:
2024-03-16T12:09:53.625+0000 7f2de9cfe200 -1 mgr[py] Module status has missing NOTIFY_TYPES member
2024-03-16T12:09:54.250 INFO:journalctl@ceph.mgr.x.smithi098.stdout:Mar 16 12:09:53 smithi098 ceph-e9cfddf2-e38d-11ee-95c9-87774f69a715-mgr-x[31872]:
2024-03-16T12:09:53.900+0000 7f2de9cfe200 -1 mgr[py] Module nfs has missing NOTIFY_TYPES member
2024-03-16T12:09:54.250 INFO:journalctl@ceph.mon.a.smithi098.stdout:Mar 16 12:09:53 smithi098 ceph-mon[31633]: Activating manager daemon x
2024-03-16T12:09:54.250 INFO:journalctl@ceph.mon.a.smithi098.stdout:Mar 16 12:09:53 smithi098 ceph-mon[31633]: mgrmap e2: x(active, starting, since 0.00983717s)
2024-03-16T12:09:54.250 INFO:journalctl@ceph.mon.a.smithi098.stdout:Mar 16 12:09:53 smithi098 ceph-mon[31633]: from='mgr.14100 172.21.15.98:0/1079054016' entity='mgr.x' cmd=[{"prefix": "mds metadata"}]: dispatch
2024-03-16T12:09:54.250 INFO:journalctl@ceph.mon.a.smithi098.stdout:Mar 16 12:09:53 smithi098 ceph-mon[31633]: from='mgr.14100 172.21.15.98:0/1079054016' entity='mgr.x' cmd=[{"prefix": "osd metadata"}]: dispatch
2024-03-16T12:09:54.250 INFO:journalctl@ceph.mon.a.smithi098.stdout:Mar 16 12:09:53 smithi098 ceph-mon[31633]: from='mgr.14100 172.21.15.98:0/1079054016' entity='mgr.x' cmd=[{"prefix": "mon metadata"}]: dispatch
2024-03-16T12:09:54.250 INFO:journalctl@ceph.mon.a.smithi098.stdout:Mar 16 12:09:53 smithi098 ceph-mon[31633]: from='mgr.14100 172.21.15.98:0/1079054016' entity='mgr.x' cmd=[{"prefix": "mon metadata", "id": "a"}]: dispatch
2024-03-16T12:09:54.250 INFO:journalctl@ceph.mon.a.smithi098.stdout:Mar 16 12:09:53 smithi098 ceph-mon[31633]: from='mgr.14100 172.21.15.98:0/1079054016' entity='mgr.x' cmd=[{"prefix": "mgr metadata", "who": "x", "id": "x"}]: dispatch
2024-03-16T12:09:54.251 INFO:journalctl@ceph.mon.a.smithi098.stdout:Mar 16 12:09:53 smithi098 ceph-mon[31633]: Manager daemon x is now available
2024-03-16T12:09:54.251 INFO:journalctl@ceph.mon.a.smithi098.stdout:Mar 16 12:09:53 smithi098 ceph-mon[31633]: from='mgr.14100 172.21.15.98:0/1079054016' entity='mgr.x' cmd=[{"prefix":"config rm","who":"mgr","name":"mgr/rbd_support/x/mirror_snapshot_schedule"}]: dispatch
2024-03-16T12:09:54.251 INFO:journalctl@ceph.mon.a.smithi098.stdout:Mar 16 12:09:53 smithi098 ceph-mon[31633]: from='mgr.14100 172.21.15.98:0/1079054016' entity='mgr.x' cmd=[{"prefix":"config rm","who":"mgr","name":"mgr/rbd_support/x/trash_purge_schedule"}]: dispatch
2024-03-16T12:09:54.251 INFO:journalctl@ceph.mon.a.smithi098.stdout:Mar 16 12:09:53 smithi098 ceph-mon[31633]: from='mgr.14100 172.21.15.98:0/1079054016' entity='mgr.x'
2024-03-16T12:09:54.251 INFO:journalctl@ceph.mon.a.smithi098.stdout:Mar 16 12:09:53 smithi098 ceph-mon[31633]: from='mgr.14100 172.21.15.98:0/1079054016' entity='mgr.x'
2024-03-16T12:09:55.207 INFO:journalctl@ceph.mon.a.smithi098.stdout:Mar 16 12:09:54 smithi098 ceph-mon[31633]: from='mgr.14100 172.21.15.98:0/1079054016' entity='mgr.x'
2024-03-16T12:09:55.207 INFO:journalctl@ceph.mon.a.smithi098.stdout:Mar 16 12:09:54 smithi098 ceph-mon[31633]: mgrmap e3: x(active, since 1.01971s)
2024-03-16T12:09:56.994 INFO:journalctl@ceph.mon.a.smithi098.stdout:Mar 16 12:09:56 smithi098 ceph-mon[31633]: mgrmap e4: x(active, since 2s)
2024-03-16T12:09:56.994 INFO:journalctl@ceph.mon.a.smithi098.stdout:Mar 16 12:09:56 smithi098 ceph-mon[31633]: from='client.? 172.21.15.98:0/1120252221' entity='client.admin' cmd=[{"prefix": "status", "format": "json-pretty"}]: dispatch
2024-03-16T12:09:57.009 INFO:teuthology.orchestra.run.smithi098.stdout:/usr/bin/ceph: stdout
2024-03-16T12:09:57.021 INFO:teuthology.orchestra.run.smithi098.stdout:/usr/bin/ceph: stdout {
2024-03-16T12:09:57.021 INFO:teuthology.orchestra.run.smithi098.stdout:/usr/bin/ceph: stdout "fsid": "e9cfddf2-e38d-11ee-95c9-87774f69a715",
2024-03-16T12:09:57.021 INFO:teuthology.orchestra.run.smithi098.stdout:/usr/bin/ceph: stdout "health": {
2024-03-16T12:09:57.021 INFO:teuthology.orchestra.run.smithi098.stdout:/usr/bin/ceph: stdout "status": "HEALTH_OK",
2024-03-16T12:09:57.021 INFO:teuthology.orchestra.run.smithi098.stdout:/usr/bin/ceph: stdout "checks": {},
2024-03-16T12:09:57.021 INFO:teuthology.orchestra.run.smithi098.stdout:/usr/bin/ceph: stdout "mutes": []
2024-03-16T12:09:57.021 INFO:teuthology.orchestra.run.smithi098.stdout:/usr/bin/ceph: stdout },
2024-03-16T12:09:57.021 INFO:teuthology.orchestra.run.smithi098.stdout:/usr/bin/ceph: stdout "election_epoch": 5,
2024-03-16T12:09:57.022 INFO:teuthology.orchestra.run.smithi098.stdout:/usr/bin/ceph: stdout "quorum": [
2024-03-16T12:09:57.022 INFO:teuthology.orchestra.run.smithi098.stdout:/usr/bin/ceph: stdout 0
2024-03-16T12:09:57.022 INFO:teuthology.orchestra.run.smithi098.stdout:/usr/bin/ceph: stdout ],
2024-03-16T12:09:57.022 INFO:teuthology.orchestra.run.smithi098.stdout:/usr/bin/ceph: stdout "quorum_names": [
2024-03-16T12:09:57.022 INFO:teuthology.orchestra.run.smithi098.stdout:/usr/bin/ceph: stdout "a"
2024-03-16T12:09:57.022 INFO:teuthology.orchestra.run.smithi098.stdout:/usr/bin/ceph: stdout ],
2024-03-16T12:09:57.022 INFO:teuthology.orchestra.run.smithi098.stdout:/usr/bin/ceph: stdout "quorum_age": 14,
2024-03-16T12:09:57.022 INFO:teuthology.orchestra.run.smithi098.stdout:/usr/bin/ceph: stdout "monmap": {
2024-03-16T12:09:57.022 INFO:teuthology.orchestra.run.smithi098.stdout:/usr/bin/ceph: stdout "epoch": 1,
2024-03-16T12:09:57.022 INFO:teuthology.orchestra.run.smithi098.stdout:/usr/bin/ceph: stdout "min_mon_release_name": "squid",
2024-03-16T12:09:57.022 INFO:teuthology.orchestra.run.smithi098.stdout:/usr/bin/ceph: stdout "num_mons": 1
2024-03-16T12:09:57.022 INFO:teuthology.orchestra.run.smithi098.stdout:/usr/bin/ceph: stdout },
2024-03-16T12:09:57.022 INFO:teuthology.orchestra.run.smithi098.stdout:/usr/bin/ceph: stdout "osdmap": {
2024-03-16T12:09:57.022 INFO:teuthology.orchestra.run.smithi098.stdout:/usr/bin/ceph: stdout "epoch": 1,
2024-03-16T12:09:57.023 INFO:teuthology.orchestra.run.smithi098.stdout:/usr/bin/ceph: stdout "num_osds": 0,
2024-03-16T12:09:57.023 INFO:teuthology.orchestra.run.smithi098.stdout:/usr/bin/ceph: stdout "num_up_osds": 0,
2024-03-16T12:09:57.023 INFO:teuthology.orchestra.run.smithi098.stdout:/usr/bin/ceph: stdout "osd_up_since": 0,
2024-03-16T12:09:57.023 INFO:teuthology.orchestra.run.smithi098.stdout:/usr/bin/ceph: stdout "num_in_osds": 0,
2024-03-16T12:09:57.023 INFO:teuthology.orchestra.run.smithi098.stdout:/usr/bin/ceph: stdout "osd_in_since": 0,
2024-03-16T12:09:57.023 INFO:teuthology.orchestra.run.smithi098.stdout:/usr/bin/ceph: stdout "num_remapped_pgs": 0
2024-03-16T12:09:57.023 INFO:teuthology.orchestra.run.smithi098.stdout:/usr/bin/ceph: stdout },
2024-03-16T12:09:57.023 INFO:teuthology.orchestra.run.smithi098.stdout:/usr/bin/ceph: stdout "pgmap": {
2024-03-16T12:09:57.023 INFO:teuthology.orchestra.run.smithi098.stdout:/usr/bin/ceph: stdout "pgs_by_state": [],
2024-03-16T12:09:57.023 INFO:teuthology.orchestra.run.smithi098.stdout:/usr/bin/ceph: stdout "num_pgs": 0,
2024-03-16T12:09:57.023 INFO:teuthology.orchestra.run.smithi098.stdout:/usr/bin/ceph: stdout "num_pools": 0,
2024-03-16T12:09:57.023 INFO:teuthology.orchestra.run.smithi098.stdout:/usr/bin/ceph: stdout "num_objects": 0,
2024-03-16T12:09:57.023 INFO:teuthology.orchestra.run.smithi098.stdout:/usr/bin/ceph: stdout "data_bytes": 0,
2024-03-16T12:09:57.024 INFO:teuthology.orchestra.run.smithi098.stdout:/usr/bin/ceph: stdout "bytes_used": 0,
2024-03-16T12:09:57.024 INFO:teuthology.orchestra.run.smithi098.stdout:/usr/bin/ceph: stdout "bytes_avail": 0,
2024-03-16T12:09:57.024 INFO:teuthology.orchestra.run.smithi098.stdout:/usr/bin/ceph: stdout "bytes_total": 0
2024-03-16T12:09:57.024 INFO:teuthology.orchestra.run.smithi098.stdout:/usr/bin/ceph: stdout },
2024-03-16T12:09:57.024 INFO:teuthology.orchestra.run.smithi098.stdout:/usr/bin/ceph: stdout "fsmap": {
2024-03-16T12:09:57.024 INFO:teuthology.orchestra.run.smithi098.stdout:/usr/bin/ceph: stdout "epoch": 1,
2024-03-16T12:09:57.024 INFO:teuthology.orchestra.run.smithi098.stdout:/usr/bin/ceph: stdout "by_rank": [],
2024-03-16T12:09:57.024 INFO:teuthology.orchestra.run.smithi098.stdout:/usr/bin/ceph: stdout "up:standby": 0
2024-03-16T12:09:57.024 INFO:teuthology.orchestra.run.smithi098.stdout:/usr/bin/ceph: stdout },
2024-03-16T12:09:57.024 INFO:teuthology.orchestra.run.smithi098.stdout:/usr/bin/ceph: stdout "mgrmap": {
2024-03-16T12:09:57.024 INFO:teuthology.orchestra.run.smithi098.stdout:/usr/bin/ceph: stdout "available": true,
2024-03-16T12:09:57.024 INFO:teuthology.orchestra.run.smithi098.stdout:/usr/bin/ceph: stdout "num_standbys": 0,
2024-03-16T12:09:57.024 INFO:teuthology.orchestra.run.smithi098.stdout:/usr/bin/ceph: stdout "modules": [
2024-03-16T12:09:57.024 INFO:teuthology.orchestra.run.smithi098.stdout:/usr/bin/ceph: stdout "iostat",
2024-03-16T12:09:57.025 INFO:teuthology.orchestra.run.smithi098.stdout:/usr/bin/ceph: stdout "nfs",
2024-03-16T12:09:57.025 INFO:teuthology.orchestra.run.smithi098.stdout:/usr/bin/ceph: stdout "restful"
2024-03-16T12:09:57.025 INFO:teuthology.orchestra.run.smithi098.stdout:/usr/bin/ceph: stdout ],
2024-03-16T12:09:57.025 INFO:teuthology.orchestra.run.smithi098.stdout:/usr/bin/ceph: stdout "services": {}
2024-03-16T12:09:57.025 INFO:teuthology.orchestra.run.smithi098.stdout:/usr/bin/ceph: stdout },
2024-03-16T12:09:57.025 INFO:teuthology.orchestra.run.smithi098.stdout:/usr/bin/ceph: stdout "servicemap": {
2024-03-16T12:09:57.025 INFO:teuthology.orchestra.run.smithi098.stdout:/usr/bin/ceph: stdout "epoch": 1,
2024-03-16T12:09:57.025 INFO:teuthology.orchestra.run.smithi098.stdout:/usr/bin/ceph: stdout "modified": "2024-03-16T12:09:34.984378+0000",
2024-03-16T12:09:57.025 INFO:teuthology.orchestra.run.smithi098.stdout:/usr/bin/ceph: stdout "services": {}
2024-03-16T12:09:57.025 INFO:teuthology.orchestra.run.smithi098.stdout:/usr/bin/ceph: stdout },
2024-03-16T12:09:57.025 INFO:teuthology.orchestra.run.smithi098.stdout:/usr/bin/ceph: stdout "progress_events": {}
2024-03-16T12:09:57.025 INFO:teuthology.orchestra.run.smithi098.stdout:/usr/bin/ceph: stdout }
2024-03-16T12:09:57.025 INFO:teuthology.orchestra.run.smithi098.stdout:/usr/bin/ceph: stderr
2024-03-16T12:09:56.042+0000 7fd427c00700 1 Processor -- start
2024-03-16T12:09:57.025 INFO:teuthology.orchestra.run.smithi098.stdout:/usr/bin/ceph: stderr
2024-03-16T12:09:56.042+0000 7fd427c00700 1 -- start start
2024-03-16T12:09:57.026 INFO:teuthology.orchestra.run.smithi098.stdout:/usr/bin/ceph: stderr
2024-03-16T12:09:56.042+0000 7fd427c00700 1 --2- >> [v2:172.21.15.98:3300/0,v1:172.21.15.98:6789/0] conn(0x7fd420109dd0 0x7fd42010a1f0 unknown :-1 s=NONE pgs=0 cs=0 l=0 rev1=0 crypto rx=0 tx=0 comp rx=0 tx=0).connect
2024-03-16T12:09:57.026 INFO:teuthology.orchestra.run.smithi098.stdout:/usr/bin/ceph: stderr
2024-03-16T12:09:56.042+0000 7fd427c00700 1 -- --> [v2:172.21.15.98:3300/0,v1:172.21.15.98:6789/0] -- mon_getmap magic: 0 -- 0x7fd42010a7c0 con 0x7fd420109dd0
2024-03-16T12:09:57.026 INFO:teuthology.orchestra.run.smithi098.stdout:/usr/bin/ceph: stderr
2024-03-16T12:09:56.043+0000 7fd425200700 1 --2- >> [v2:172.21.15.98:3300/0,v1:172.21.15.98:6789/0] conn(0x7fd420109dd0 0x7fd42010a1f0 unknown :-1 s=BANNER_CONNECTING pgs=0 cs=0 l=0 rev1=0 crypto rx=0 tx=0 comp rx=0 tx=0)._handle_peer_banner_payload supported=3 required=0
2024-03-16T12:09:57.026 INFO:teuthology.orchestra.run.smithi098.stdout:/usr/bin/ceph: stderr
2024-03-16T12:09:56.043+0000 7fd425200700 1 --2- >> [v2:172.21.15.98:3300/0,v1:172.21.15.98:6789/0] conn(0x7fd420109dd0 0x7fd42010a1f0 unknown :-1 s=HELLO_CONNECTING pgs=0 cs=0 l=0 rev1=1 crypto rx=0 tx=0 comp rx=0 tx=0).handle_hello peer v2:172.21.15.98:3300/0 says I am v2:172.21.15.98:50312/0 (socket says 172.21.15.98:50312)
2024-03-16T12:09:57.026 INFO:teuthology.orchestra.run.smithi098.stdout:/usr/bin/ceph: stderr
2024-03-16T12:09:56.043+0000 7fd425200700 1 -- 172.21.15.98:0/2235287887 learned_addr learned my addr 172.21.15.98:0/2235287887 (peer_addr_for_me v2:172.21.15.98:0/0)
2024-03-16T12:09:57.026 INFO:teuthology.orchestra.run.smithi098.stdout:/usr/bin/ceph: stderr
2024-03-16T12:09:56.043+0000 7fd425200700 1 -- 172.21.15.98:0/2235287887 --> [v2:172.21.15.98:3300/0,v1:172.21.15.98:6789/0] -- mon_subscribe({config=0+,monmap=0+}) -- 0x7fd42010afd0 con 0x7fd420109dd0
2024-03-16T12:09:57.026 INFO:teuthology.orchestra.run.smithi098.stdout:/usr/bin/ceph: stderr
2024-03-16T12:09:56.043+0000 7fd425200700 1 --2- 172.21.15.98:0/2235287887 >> [v2:172.21.15.98:3300/0,v1:172.21.15.98:6789/0] conn(0x7fd420109dd0 0x7fd42010a1f0 secure :-1 s=READY pgs=18 cs=0 l=1 rev1=1 crypto rx=0x7fd4100098a0 tx=0x7fd410009bb0 comp rx=0 tx=0).ready entity=mon.0 client_cookie=9c4c313e2b3ba36f server_cookie=0 in_seq=0 out_seq=0
2024-03-16T12:09:57.026 INFO:teuthology.orchestra.run.smithi098.stdout:/usr/bin/ceph: stderr
2024-03-16T12:09:56.044+0000 7fd41fe00700 1 -- 172.21.15.98:0/2235287887 <== mon.0 v2:172.21.15.98:3300/0 1 ==== mon_map magic: 0 ==== 205+0+0 (secure 0 0 0) 0x7fd410004160 con 0x7fd420109dd0
2024-03-16T12:09:57.026 INFO:teuthology.orchestra.run.smithi098.stdout:/usr/bin/ceph: stderr
2024-03-16T12:09:56.044+0000 7fd41fe00700 1 -- 172.21.15.98:0/2235287887 <== mon.0 v2:172.21.15.98:3300/0 2 ==== config(27 keys) ==== 1109+0+0 (secure 0 0 0) 0x7fd410004300 con 0x7fd420109dd0
2024-03-16T12:09:57.026 INFO:teuthology.orchestra.run.smithi098.stdout:/usr/bin/ceph: stderr
2024-03-16T12:09:56.044+0000 7fd41fe00700 1 -- 172.21.15.98:0/2235287887 <== mon.0 v2:172.21.15.98:3300/0 3 ==== mon_map magic: 0 ==== 205+0+0 (secure 0 0 0) 0x7fd410011b50 con 0x7fd420109dd0
2024-03-16T12:09:57.026 INFO:teuthology.orchestra.run.smithi098.stdout:/usr/bin/ceph: stderr
2024-03-16T12:09:56.044+0000 7fd427c00700 1 -- 172.21.15.98:0/2235287887 >> [v2:172.21.15.98:3300/0,v1:172.21.15.98:6789/0] conn(0x7fd420109dd0 msgr2=0x7fd42010a1f0 secure :-1 s=STATE_CONNECTION_ESTABLISHED l=1).mark_down
2024-03-16T12:09:57.026 INFO:teuthology.orchestra.run.smithi098.stdout:/usr/bin/ceph: stderr
2024-03-16T12:09:56.044+0000 7fd427c00700 1 --2- 172.21.15.98:0/2235287887 >> [v2:172.21.15.98:3300/0,v1:172.21.15.98:6789/0] conn(0x7fd420109dd0 0x7fd42010a1f0 secure :-1 s=READY pgs=18 cs=0 l=1 rev1=1 crypto rx=0x7fd4100098a0 tx=0x7fd410009bb0 comp rx=0 tx=0).stop
2024-03-16T12:09:57.026 INFO:teuthology.orchestra.run.smithi098.stdout:/usr/bin/ceph: stderr
2024-03-16T12:09:56.044+0000 7fd427c00700 1 -- 172.21.15.98:0/2235287887 shutdown_connections
2024-03-16T12:09:57.027 INFO:teuthology.orchestra.run.smithi098.stdout:/usr/bin/ceph: stderr
2024-03-16T12:09:56.044+0000 7fd427c00700 1 --2- 172.21.15.98:0/2235287887 >> [v2:172.21.15.98:3300/0,v1:172.21.15.98:6789/0] conn(0x7fd420109dd0 0x7fd42010a1f0 unknown :-1 s=CLOSED pgs=18 cs=0 l=1 rev1=1 crypto rx=0 tx=0 comp rx=0 tx=0).stop
2024-03-16T12:09:57.027 INFO:teuthology.orchestra.run.smithi098.stdout:/usr/bin/ceph: stderr
2024-03-16T12:09:56.044+0000 7fd427c00700 1 -- 172.21.15.98:0/2235287887 >> 172.21.15.98:0/2235287887 conn(0x7fd42007d1d0 msgr2=0x7fd42007d5e0 unknown :-1 s=STATE_NONE l=0).mark_down
2024-03-16T12:09:57.027 INFO:teuthology.orchestra.run.smithi098.stdout:/usr/bin/ceph: stderr
2024-03-16T12:09:56.045+0000 7fd427c00700 1 -- 172.21.15.98:0/2235287887 shutdown_connections
2024-03-16T12:09:57.027 INFO:teuthology.orchestra.run.smithi098.stdout:/usr/bin/ceph: stderr
2024-03-16T12:09:56.045+0000 7fd427c00700 1 -- 172.21.15.98:0/2235287887 wait complete.
2024-03-16T12:09:57.027 INFO:teuthology.orchestra.run.smithi098.stdout:/usr/bin/ceph: stderr
2024-03-16T12:09:56.046+0000 7fd427c00700 1 Processor -- start
2024-03-16T12:09:57.027 INFO:teuthology.orchestra.run.smithi098.stdout:/usr/bin/ceph: stderr
2024-03-16T12:09:56.046+0000 7fd427c00700 1 -- start start
2024-03-16T12:09:57.027 INFO:teuthology.orchestra.run.smithi098.stdout:/usr/bin/ceph: stderr
2024-03-16T12:09:56.046+0000 7fd427c00700 1 --2- >> [v2:172.21.15.98:3300/0,v1:172.21.15.98:6789/0] conn(0x7fd420109dd0 0x7fd42019ddc0 unknown :-1 s=NONE pgs=0 cs=0 l=1 rev1=0 crypto rx=0 tx=0 comp rx=0 tx=0).connect
2024-03-16T12:09:57.027 INFO:teuthology.orchestra.run.smithi098.stdout:/usr/bin/ceph: stderr
2024-03-16T12:09:56.046+0000 7fd427c00700 1 -- --> [v2:172.21.15.98:3300/0,v1:172.21.15.98:6789/0] -- mon_getmap magic: 0 -- 0x7fd42010e380 con 0x7fd420109dd0
2024-03-16T12:09:57.027 INFO:teuthology.orchestra.run.smithi098.stdout:/usr/bin/ceph: stderr
2024-03-16T12:09:56.047+0000 7fd425200700 1 --2- >> [v2:172.21.15.98:3300/0,v1:172.21.15.98:6789/0] conn(0x7fd420109dd0 0x7fd42019ddc0 unknown :-1 s=BANNER_CONNECTING pgs=0 cs=0 l=1 rev1=0 crypto rx=0 tx=0 comp rx=0 tx=0)._handle_peer_banner_payload supported=3 required=0
2024-03-16T12:09:57.027 INFO:teuthology.orchestra.run.smithi098.stdout:/usr/bin/ceph: stderr
2024-03-16T12:09:56.047+0000 7fd425200700 1 --2- >> [v2:172.21.15.98:3300/0,v1:172.21.15.98:6789/0] conn(0x7fd420109dd0 0x7fd42019ddc0 unknown :-1 s=HELLO_CONNECTING pgs=0 cs=0 l=1 rev1=1 crypto rx=0 tx=0 comp rx=0 tx=0).handle_hello peer v2:172.21.15.98:3300/0 says I am v2:172.21.15.98:50322/0 (socket says 172.21.15.98:50322)
2024-03-16T12:09:57.027 INFO:teuthology.orchestra.run.smithi098.stdout:/usr/bin/ceph: stderr
2024-03-16T12:09:56.047+0000 7fd425200700 1 -- 172.21.15.98:0/1120252221 learned_addr learned my addr 172.21.15.98:0/1120252221 (peer_addr_for_me v2:172.21.15.98:0/0)
2024-03-16T12:09:57.027 INFO:teuthology.orchestra.run.smithi098.stdout:/usr/bin/ceph: stderr
2024-03-16T12:09:56.047+0000 7fd425200700 1 -- 172.21.15.98:0/1120252221 --> [v2:172.21.15.98:3300/0,v1:172.21.15.98:6789/0] -- mon_subscribe({config=0+,monmap=0+}) -- 0x7fd42019e300 con 0x7fd420109dd0
2024-03-16T12:09:57.027 INFO:teuthology.orchestra.run.smithi098.stdout:/usr/bin/ceph: stderr
2024-03-16T12:09:56.047+0000 7fd425200700 1 --2- 172.21.15.98:0/1120252221 >> [v2:172.21.15.98:3300/0,v1:172.21.15.98:6789/0] conn(0x7fd420109dd0 0x7fd42019ddc0 secure :-1 s=READY pgs=19 cs=0 l=1 rev1=1 crypto rx=0x7fd410011850 tx=0x7fd410011c10 comp rx=0 tx=0).ready entity=mon.0 client_cookie=0 server_cookie=0 in_seq=0 out_seq=0
2024-03-16T12:09:57.027 INFO:teuthology.orchestra.run.smithi098.stdout:/usr/bin/ceph: stderr
2024-03-16T12:09:56.047+0000 7fd41e000700 1 -- 172.21.15.98:0/1120252221 <== mon.0 v2:172.21.15.98:3300/0 1 ==== mon_map magic: 0 ==== 205+0+0 (secure 0 0 0) 0x7fd410003af0 con 0x7fd420109dd0
2024-03-16T12:09:57.028 INFO:teuthology.orchestra.run.smithi098.stdout:/usr/bin/ceph: stderr
2024-03-16T12:09:56.048+0000 7fd427c00700 1 -- 172.21.15.98:0/1120252221 --> [v2:172.21.15.98:3300/0,v1:172.21.15.98:6789/0] -- mon_subscribe({mgrmap=0+}) -- 0x7fd42019e590 con 0x7fd420109dd0
2024-03-16T12:09:57.028 INFO:teuthology.orchestra.run.smithi098.stdout:/usr/bin/ceph: stderr
2024-03-16T12:09:56.048+0000 7fd41e000700 1 -- 172.21.15.98:0/1120252221 <== mon.0 v2:172.21.15.98:3300/0 2 ==== config(27 keys) ==== 1109+0+0 (secure 0 0 0) 0x7fd410020070 con 0x7fd420109dd0
2024-03-16T12:09:57.028 INFO:teuthology.orchestra.run.smithi098.stdout:/usr/bin/ceph: stderr
2024-03-16T12:09:56.048+0000 7fd41e000700 1 -- 172.21.15.98:0/1120252221 <== mon.0 v2:172.21.15.98:3300/0 3 ==== mon_map magic: 0 ==== 205+0+0 (secure 0 0 0) 0x7fd4100195a0 con 0x7fd420109dd0
2024-03-16T12:09:57.028 INFO:teuthology.orchestra.run.smithi098.stdout:/usr/bin/ceph: stderr
2024-03-16T12:09:56.048+0000 7fd427c00700 1 -- 172.21.15.98:0/1120252221 --> [v2:172.21.15.98:3300/0,v1:172.21.15.98:6789/0] -- mon_subscribe({osdmap=0}) -- 0x7fd4201a1280 con 0x7fd420109dd0
2024-03-16T12:09:57.028 INFO:teuthology.orchestra.run.smithi098.stdout:/usr/bin/ceph: stderr
2024-03-16T12:09:56.049+0000 7fd41e000700 1 -- 172.21.15.98:0/1120252221 <== mon.0 v2:172.21.15.98:3300/0 4 ==== mgrmap(e 4) ==== 46095+0+0 (secure 0 0 0) 0x7fd4100198a0 con 0x7fd420109dd0
2024-03-16T12:09:57.028 INFO:teuthology.orchestra.run.smithi098.stdout:/usr/bin/ceph: stderr
2024-03-16T12:09:56.049+0000 7fd427c00700 1 -- 172.21.15.98:0/1120252221 --> [v2:172.21.15.98:3300/0,v1:172.21.15.98:6789/0] -- mon_command({"prefix": "get_command_descriptions"} v 0) -- 0x7fd420063900 con 0x7fd420109dd0
2024-03-16T12:09:57.028 INFO:teuthology.orchestra.run.smithi098.stdout:/usr/bin/ceph: stderr
2024-03-16T12:09:56.049+0000 7fd41e000700 1 --2- 172.21.15.98:0/1120252221 >> [v2:172.21.15.98:6800/3029136477,v1:172.21.15.98:6801/3029136477] conn(0x7fd404038ed0 0x7fd40403b390 unknown :-1 s=NONE pgs=0 cs=0 l=1 rev1=0 crypto rx=0 tx=0 comp rx=0 tx=0).connect
2024-03-16T12:09:57.028 INFO:teuthology.orchestra.run.smithi098.stdout:/usr/bin/ceph: stderr
2024-03-16T12:09:56.049+0000 7fd41e000700 1 -- 172.21.15.98:0/1120252221 <== mon.0 v2:172.21.15.98:3300/0 5 ==== osd_map(1..1 src has 1..1) ==== 725+0+0 (secure 0 0 0) 0x7fd410011e00 con 0x7fd420109dd0
2024-03-16T12:09:57.028 INFO:teuthology.orchestra.run.smithi098.stdout:/usr/bin/ceph: stderr
2024-03-16T12:09:56.049+0000 7fd417e00700 1 --2- 172.21.15.98:0/1120252221 >> [v2:172.21.15.98:6800/3029136477,v1:172.21.15.98:6801/3029136477] conn(0x7fd404038ed0 0x7fd40403b390 unknown :-1 s=BANNER_CONNECTING pgs=0 cs=0 l=1 rev1=0 crypto rx=0 tx=0 comp rx=0 tx=0)._handle_peer_banner_payload supported=3 required=0
2024-03-16T12:09:57.028 INFO:teuthology.orchestra.run.smithi098.stdout:/usr/bin/ceph: stderr
2024-03-16T12:09:56.050+0000 7fd417e00700 1 --2- 172.21.15.98:0/1120252221 >> [v2:172.21.15.98:6800/3029136477,v1:172.21.15.98:6801/3029136477] conn(0x7fd404038ed0 0x7fd40403b390 secure :-1 s=READY pgs=6 cs=0 l=1 rev1=1 crypto rx=0x7fd408006fd0 tx=0x7fd408006e40 comp rx=0 tx=0).ready entity=mgr.14100 client_cookie=0 server_cookie=0 in_seq=0 out_seq=0
2024-03-16T12:09:57.028 INFO:teuthology.orchestra.run.smithi098.stdout:/usr/bin/ceph: stderr
2024-03-16T12:09:56.056+0000 7fd41e000700 1 -- 172.21.15.98:0/1120252221 <== mon.0 v2:172.21.15.98:3300/0 6 ==== mon_command_ack([{"prefix": "get_command_descriptions"}]=0 v0) ==== 72+0+186149 (secure 0 0 0) 0x7fd410003c90 con 0x7fd420109dd0
2024-03-16T12:09:57.028 INFO:teuthology.orchestra.run.smithi098.stdout:/usr/bin/ceph: stderr
2024-03-16T12:09:56.357+0000 7fd427c00700 1 -- 172.21.15.98:0/1120252221 --> [v2:172.21.15.98:3300/0,v1:172.21.15.98:6789/0] -- mon_command({"prefix": "status", "format": "json-pretty"} v 0) -- 0x7fd4201a1450 con 0x7fd420109dd0
2024-03-16T12:09:57.028 INFO:teuthology.orchestra.run.smithi098.stdout:/usr/bin/ceph: stderr
2024-03-16T12:09:56.357+0000 7fd41e000700 1 -- 172.21.15.98:0/1120252221 <== mon.0 v2:172.21.15.98:3300/0 7 ==== mon_command_ack([{"prefix": "status", "format": "json-pretty"}]=0 v0) ==== 79+0+1239 (secure 0 0 0) 0x7fd4201a1450 con 0x7fd420109dd0
2024-03-16T12:09:57.029 INFO:teuthology.orchestra.run.smithi098.stdout:/usr/bin/ceph: stderr
2024-03-16T12:09:56.360+0000 7fd427c00700 1 -- 172.21.15.98:0/1120252221 >> [v2:172.21.15.98:6800/3029136477,v1:172.21.15.98:6801/3029136477] conn(0x7fd404038ed0 msgr2=0x7fd40403b390 secure :-1 s=STATE_CONNECTION_ESTABLISHED l=1).mark_down
2024-03-16T12:09:57.029 INFO:teuthology.orchestra.run.smithi098.stdout:/usr/bin/ceph: stderr
2024-03-16T12:09:56.360+0000 7fd427c00700 1 --2- 172.21.15.98:0/1120252221 >> [v2:172.21.15.98:6800/3029136477,v1:172.21.15.98:6801/3029136477] conn(0x7fd404038ed0 0x7fd40403b390 secure :-1 s=READY pgs=6 cs=0 l=1 rev1=1 crypto rx=0x7fd408006fd0 tx=0x7fd408006e40 comp rx=0 tx=0).stop
2024-03-16T12:09:57.029 INFO:teuthology.orchestra.run.smithi098.stdout:/usr/bin/ceph: stderr
2024-03-16T12:09:56.360+0000 7fd427c00700 1 -- 172.21.15.98:0/1120252221 >> [v2:172.21.15.98:3300/0,v1:172.21.15.98:6789/0] conn(0x7fd420109dd0 msgr2=0x7fd42019ddc0 secure :-1 s=STATE_CONNECTION_ESTABLISHED l=1).mark_down
2024-03-16T12:09:57.029 INFO:teuthology.orchestra.run.smithi098.stdout:/usr/bin/ceph: stderr
2024-03-16T12:09:56.360+0000 7fd427c00700 1 --2- 172.21.15.98:0/1120252221 >> [v2:172.21.15.98:3300/0,v1:172.21.15.98:6789/0] conn(0x7fd420109dd0 0x7fd42019ddc0 secure :-1 s=READY pgs=19 cs=0 l=1 rev1=1 crypto rx=0x7fd410011850 tx=0x7fd410011c10 comp rx=0 tx=0).stop
2024-03-16T12:09:57.029 INFO:teuthology.orchestra.run.smithi098.stdout:/usr/bin/ceph: stderr
2024-03-16T12:09:56.360+0000 7fd427c00700 1 -- 172.21.15.98:0/1120252221 shutdown_connections
2024-03-16T12:09:57.029 INFO:teuthology.orchestra.run.smithi098.stdout:/usr/bin/ceph: stderr
2024-03-16T12:09:56.360+0000 7fd427c00700 1 --2- 172.21.15.98:0/1120252221 >> [v2:172.21.15.98:6800/3029136477,v1:172.21.15.98:6801/3029136477] conn(0x7fd404038ed0 0x7fd40403b390 unknown :-1 s=CLOSED pgs=6 cs=0 l=1 rev1=1 crypto rx=0 tx=0 comp rx=0 tx=0).stop
2024-03-16T12:09:57.029 INFO:teuthology.orchestra.run.smithi098.stdout:/usr/bin/ceph: stderr
2024-03-16T12:09:56.360+0000 7fd427c00700 1 --2- 172.21.15.98:0/1120252221 >> [v2:172.21.15.98:3300/0,v1:172.21.15.98:6789/0] conn(0x7fd420109dd0 0x7fd42019ddc0 unknown :-1 s=CLOSED pgs=19 cs=0 l=1 rev1=1 crypto rx=0 tx=0 comp rx=0 tx=0).stop
2024-03-16T12:09:57.029 INFO:teuthology.orchestra.run.smithi098.stdout:/usr/bin/ceph: stderr
2024-03-16T12:09:56.360+0000 7fd427c00700 1 -- 172.21.15.98:0/1120252221 >> 172.21.15.98:0/1120252221 conn(0x7fd42007d1d0 msgr2=0x7fd420107590 unknown :-1 s=STATE_NONE l=0).mark_down
2024-03-16T12:09:57.029 INFO:teuthology.orchestra.run.smithi098.stdout:/usr/bin/ceph: stderr
2024-03-16T12:09:56.361+0000 7fd427c00700 1 -- 172.21.15.98:0/1120252221 shutdown_connections
2024-03-16T12:09:57.029 INFO:teuthology.orchestra.run.smithi098.stdout:/usr/bin/ceph: stderr
2024-03-16T12:09:56.361+0000 7fd427c00700 1 -- 172.21.15.98:0/1120252221 wait complete.
2024-03-16T12:09:57.029 INFO:teuthology.orchestra.run.smithi098.stdout:mgr is available
2024-03-16T12:09:58.249 INFO:journalctl@ceph.mon.a.smithi098.stdout:Mar 16 12:09:57 smithi098 ceph-mon[31633]: from='client.? 172.21.15.98:0/4241222614' entity='client.admin' cmd=[{"prefix": "config assimilate-conf"}]: dispatch
2024-03-16T12:09:58.583 INFO:teuthology.orchestra.run.smithi098.stdout:/usr/bin/ceph: stdout
2024-03-16T12:09:58.584 INFO:teuthology.orchestra.run.smithi098.stdout:/usr/bin/ceph: stdout [global]
2024-03-16T12:09:58.584 INFO:teuthology.orchestra.run.smithi098.stdout:/usr/bin/ceph: stdout fsid = e9cfddf2-e38d-11ee-95c9-87774f69a715
2024-03-16T12:09:58.584 INFO:teuthology.orchestra.run.smithi098.stdout:/usr/bin/ceph: stdout mon_osd_allow_pg_remap = true
2024-03-16T12:09:58.584 INFO:teuthology.orchestra.run.smithi098.stdout:/usr/bin/ceph: stdout mon_osd_allow_primary_affinity = true
2024-03-16T12:09:58.584 INFO:teuthology.orchestra.run.smithi098.stdout:/usr/bin/ceph: stdout mon_warn_on_no_sortbitwise = false
2024-03-16T12:09:58.584 INFO:teuthology.orchestra.run.smithi098.stdout:/usr/bin/ceph: stdout osd_crush_chooseleaf_type = 0
2024-03-16T12:09:58.584 INFO:teuthology.orchestra.run.smithi098.stdout:/usr/bin/ceph: stdout
2024-03-16T12:09:58.584 INFO:teuthology.orchestra.run.smithi098.stdout:/usr/bin/ceph: stdout [mgr]
2024-03-16T12:09:58.584 INFO:teuthology.orchestra.run.smithi098.stdout:/usr/bin/ceph: stdout mgr/telemetry/nag = false
2024-03-16T12:09:58.584 INFO:teuthology.orchestra.run.smithi098.stdout:/usr/bin/ceph: stdout
2024-03-16T12:09:58.584 INFO:teuthology.orchestra.run.smithi098.stdout:/usr/bin/ceph: stdout [osd]
2024-03-16T12:09:58.585 INFO:teuthology.orchestra.run.smithi098.stdout:/usr/bin/ceph: stdout mon_osd_backfillfull_ratio = 0.85
2024-03-16T12:09:58.585 INFO:teuthology.orchestra.run.smithi098.stdout:/usr/bin/ceph: stdout mon_osd_full_ratio = 0.9
2024-03-16T12:09:58.585 INFO:teuthology.orchestra.run.smithi098.stdout:/usr/bin/ceph: stdout mon_osd_nearfull_ratio = 0.8
2024-03-16T12:09:58.585 INFO:teuthology.orchestra.run.smithi098.stdout:/usr/bin/ceph: stdout osd_map_max_advance = 10
2024-03-16T12:09:58.585 INFO:teuthology.orchestra.run.smithi098.stdout:/usr/bin/ceph: stdout osd_sloppy_crc = true
2024-03-16T12:09:58.585 INFO:teuthology.orchestra.run.smithi098.stdout:/usr/bin/ceph: stderr
2024-03-16T12:09:57.651+0000 7f9a25a00700 1 Processor -- start
2024-03-16T12:09:58.585 INFO:teuthology.orchestra.run.smithi098.stdout:/usr/bin/ceph: stderr
2024-03-16T12:09:57.651+0000 7f9a25a00700 1 -- start start
2024-03-16T12:09:58.585 INFO:teuthology.orchestra.run.smithi098.stdout:/usr/bin/ceph: stderr
2024-03-16T12:09:57.652+0000 7f9a25a00700 1 --2- >> [v2:172.21.15.98:3300/0,v1:172.21.15.98:6789/0] conn(0x7f9a2007dd40 0x7f9a2007c300 unknown :-1 s=NONE pgs=0 cs=0 l=0 rev1=0 crypto rx=0 tx=0 comp rx=0 tx=0).connect
2024-03-16T12:09:58.585 INFO:teuthology.orchestra.run.smithi098.stdout:/usr/bin/ceph: stderr
2024-03-16T12:09:57.652+0000 7f9a25a00700 1 -- --> [v2:172.21.15.98:3300/0,v1:172.21.15.98:6789/0] -- mon_getmap magic: 0 -- 0x7f9a2007c840 con 0x7f9a2007dd40
2024-03-16T12:09:58.585 INFO:teuthology.orchestra.run.smithi098.stdout:/usr/bin/ceph: stderr
2024-03-16T12:09:57.652+0000 7f9a1ea00700 1 --2- >> [v2:172.21.15.98:3300/0,v1:172.21.15.98:6789/0] conn(0x7f9a2007dd40 0x7f9a2007c300 unknown :-1 s=BANNER_CONNECTING pgs=0 cs=0 l=0 rev1=0 crypto rx=0 tx=0 comp rx=0 tx=0)._handle_peer_banner_payload supported=3 required=0
2024-03-16T12:09:58.585 INFO:teuthology.orchestra.run.smithi098.stdout:/usr/bin/ceph: stderr
2024-03-16T12:09:57.652+0000 7f9a1ea00700 1 --2- >> [v2:172.21.15.98:3300/0,v1:172.21.15.98:6789/0] conn(0x7f9a2007dd40 0x7f9a2007c300 unknown :-1 s=HELLO_CONNECTING pgs=0 cs=0 l=0 rev1=1 crypto rx=0 tx=0 comp rx=0 tx=0).handle_hello peer v2:172.21.15.98:3300/0 says I am v2:172.21.15.98:59510/0 (socket says 172.21.15.98:59510)
2024-03-16T12:09:58.585 INFO:teuthology.orchestra.run.smithi098.stdout:/usr/bin/ceph: stderr
2024-03-16T12:09:57.652+0000 7f9a1ea00700 1 -- 172.21.15.98:0/4096572696 learned_addr learned my addr 172.21.15.98:0/4096572696 (peer_addr_for_me v2:172.21.15.98:0/0)
2024-03-16T12:09:58.585 INFO:teuthology.orchestra.run.smithi098.stdout:/usr/bin/ceph: stderr
2024-03-16T12:09:57.653+0000 7f9a1ea00700 1 -- 172.21.15.98:0/4096572696 --> [v2:172.21.15.98:3300/0,v1:172.21.15.98:6789/0] -- mon_subscribe({config=0+,monmap=0+}) -- 0x7f9a2007c9c0 con 0x7f9a2007dd40
2024-03-16T12:09:58.585 INFO:teuthology.orchestra.run.smithi098.stdout:/usr/bin/ceph: stderr
2024-03-16T12:09:57.653+0000 7f9a1ea00700 1 --2- 172.21.15.98:0/4096572696 >> [v2:172.21.15.98:3300/0,v1:172.21.15.98:6789/0] conn(0x7f9a2007dd40 0x7f9a2007c300 secure :-1 s=READY pgs=20 cs=0 l=1 rev1=1 crypto rx=0x7f9a100098a0 tx=0x7f9a10009bb0 comp rx=0 tx=0).ready entity=mon.0 client_cookie=41a2e0cc521ea8e4 server_cookie=0 in_seq=0 out_seq=0
2024-03-16T12:09:58.586 INFO:teuthology.orchestra.run.smithi098.stdout:/usr/bin/ceph: stderr
2024-03-16T12:09:57.653+0000 7f9a1d600700 1 -- 172.21.15.98:0/4096572696 <== mon.0 v2:172.21.15.98:3300/0 1 ==== mon_map magic: 0 ==== 205+0+0 (secure 0 0 0) 0x7f9a10004160 con 0x7f9a2007dd40
2024-03-16T12:09:58.586 INFO:teuthology.orchestra.run.smithi098.stdout:/usr/bin/ceph: stderr
2024-03-16T12:09:57.654+0000 7f9a1d600700 1 -- 172.21.15.98:0/4096572696 <== mon.0 v2:172.21.15.98:3300/0 2 ==== config(27 keys) ==== 1109+0+0 (secure 0 0 0) 0x7f9a10004300 con 0x7f9a2007dd40
2024-03-16T12:09:58.586 INFO:teuthology.orchestra.run.smithi098.stdout:/usr/bin/ceph: stderr
2024-03-16T12:09:57.654+0000 7f9a1d600700 1 -- 172.21.15.98:0/4096572696 <== mon.0 v2:172.21.15.98:3300/0 3 ==== mon_map magic: 0 ==== 205+0+0 (secure 0 0 0) 0x7f9a10011b50 con 0x7f9a2007dd40
2024-03-16T12:09:58.586 INFO:teuthology.orchestra.run.smithi098.stdout:/usr/bin/ceph: stderr
2024-03-16T12:09:57.654+0000 7f9a25a00700 1 -- 172.21.15.98:0/4096572696 >> [v2:172.21.15.98:3300/0,v1:172.21.15.98:6789/0] conn(0x7f9a2007dd40 msgr2=0x7f9a2007c300 secure :-1 s=STATE_CONNECTION_ESTABLISHED l=1).mark_down
2024-03-16T12:09:58.586 INFO:teuthology.orchestra.run.smithi098.stdout:/usr/bin/ceph: stderr
2024-03-16T12:09:57.654+0000 7f9a25a00700 1 --2- 172.21.15.98:0/4096572696 >> [v2:172.21.15.98:3300/0,v1:172.21.15.98:6789/0] conn(0x7f9a2007dd40 0x7f9a2007c300 secure :-1 s=READY pgs=20 cs=0 l=1 rev1=1 crypto rx=0x7f9a100098a0 tx=0x7f9a10009bb0 comp rx=0 tx=0).stop
2024-03-16T12:09:58.586 INFO:teuthology.orchestra.run.smithi098.stdout:/usr/bin/ceph: stderr
2024-03-16T12:09:57.654+0000 7f9a25a00700 1 -- 172.21.15.98:0/4096572696 shutdown_connections
2024-03-16T12:09:58.586 INFO:teuthology.orchestra.run.smithi098.stdout:/usr/bin/ceph: stderr
2024-03-16T12:09:57.654+0000 7f9a25a00700 1 --2- 172.21.15.98:0/4096572696 >> [v2:172.21.15.98:3300/0,v1:172.21.15.98:6789/0] conn(0x7f9a2007dd40 0x7f9a2007c300 unknown :-1 s=CLOSED pgs=20 cs=0 l=1 rev1=1 crypto rx=0 tx=0 comp rx=0 tx=0).stop
2024-03-16T12:09:58.586 INFO:teuthology.orchestra.run.smithi098.stdout:/usr/bin/ceph: stderr
2024-03-16T12:09:57.654+0000 7f9a25a00700 1 -- 172.21.15.98:0/4096572696 >> 172.21.15.98:0/4096572696 conn(0x7f9a201032a0 msgr2=0x7f9a201056c0 unknown :-1 s=STATE_NONE l=0).mark_down
2024-03-16T12:09:58.586 INFO:teuthology.orchestra.run.smithi098.stdout:/usr/bin/ceph: stderr
2024-03-16T12:09:57.654+0000 7f9a25a00700 1 -- 172.21.15.98:0/4096572696 shutdown_connections
2024-03-16T12:09:58.586 INFO:teuthology.orchestra.run.smithi098.stdout:/usr/bin/ceph: stderr
2024-03-16T12:09:57.654+0000 7f9a25a00700 1 -- 172.21.15.98:0/4096572696 wait complete.
2024-03-16T12:09:58.586 INFO:teuthology.orchestra.run.smithi098.stdout:/usr/bin/ceph: stderr
2024-03-16T12:09:57.655+0000 7f9a25a00700 1 Processor -- start
2024-03-16T12:09:58.586 INFO:teuthology.orchestra.run.smithi098.stdout:/usr/bin/ceph: stderr
2024-03-16T12:09:57.656+0000 7f9a25a00700 1 -- start start
2024-03-16T12:09:58.586 INFO:teuthology.orchestra.run.smithi098.stdout:/usr/bin/ceph: stderr
2024-03-16T12:09:57.656+0000 7f9a25a00700 1 --2- >> [v2:172.21.15.98:3300/0,v1:172.21.15.98:6789/0] conn(0x7f9a2007dd40 0x7f9a2019dda0 unknown :-1 s=NONE pgs=0 cs=0 l=1 rev1=0 crypto rx=0 tx=0 comp rx=0 tx=0).connect
2024-03-16T12:09:58.586 INFO:teuthology.orchestra.run.smithi098.stdout:/usr/bin/ceph: stderr
2024-03-16T12:09:57.656+0000 7f9a25a00700 1 -- --> [v2:172.21.15.98:3300/0,v1:172.21.15.98:6789/0] -- mon_getmap magic: 0 -- 0x7f9a2010e030 con 0x7f9a2007dd40
2024-03-16T12:09:58.587 INFO:teuthology.orchestra.run.smithi098.stdout:/usr/bin/ceph: stderr
2024-03-16T12:09:57.656+0000 7f9a1ea00700 1 --2- >> [v2:172.21.15.98:3300/0,v1:172.21.15.98:6789/0] conn(0x7f9a2007dd40 0x7f9a2019dda0 unknown :-1 s=BANNER_CONNECTING pgs=0 cs=0 l=1 rev1=0 crypto rx=0 tx=0 comp rx=0 tx=0)._handle_peer_banner_payload supported=3 required=0
2024-03-16T12:09:58.587 INFO:teuthology.orchestra.run.smithi098.stdout:/usr/bin/ceph: stderr
2024-03-16T12:09:57.656+0000 7f9a1ea00700 1 --2- >> [v2:172.21.15.98:3300/0,v1:172.21.15.98:6789/0] conn(0x7f9a2007dd40 0x7f9a2019dda0 unknown :-1 s=HELLO_CONNECTING pgs=0 cs=0 l=1 rev1=1 crypto rx=0 tx=0 comp rx=0 tx=0).handle_hello peer v2:172.21.15.98:3300/0 says I am v2:172.21.15.98:59526/0 (socket says 172.21.15.98:59526)
2024-03-16T12:09:58.587 INFO:teuthology.orchestra.run.smithi098.stdout:/usr/bin/ceph: stderr
2024-03-16T12:09:57.656+0000 7f9a1ea00700 1 -- 172.21.15.98:0/4241222614 learned_addr learned my addr 172.21.15.98:0/4241222614 (peer_addr_for_me v2:172.21.15.98:0/0)
2024-03-16T12:09:58.587 INFO:teuthology.orchestra.run.smithi098.stdout:/usr/bin/ceph: stderr
2024-03-16T12:09:57.656+0000 7f9a1ea00700 1 -- 172.21.15.98:0/4241222614 --> [v2:172.21.15.98:3300/0,v1:172.21.15.98:6789/0] -- mon_subscribe({config=0+,monmap=0+}) -- 0x7f9a2019e2e0 con 0x7f9a2007dd40
2024-03-16T12:09:58.587 INFO:teuthology.orchestra.run.smithi098.stdout:/usr/bin/ceph: stderr
2024-03-16T12:09:57.657+0000 7f9a1ea00700 1 --2- 172.21.15.98:0/4241222614 >> [v2:172.21.15.98:3300/0,v1:172.21.15.98:6789/0] conn(0x7f9a2007dd40 0x7f9a2019dda0 secure :-1 s=READY pgs=21 cs=0 l=1 rev1=1 crypto rx=0x7f9a10011b60 tx=0x7f9a10011c40 comp rx=0 tx=0).ready entity=mon.0 client_cookie=0 server_cookie=0 in_seq=0 out_seq=0
2024-03-16T12:09:58.587 INFO:teuthology.orchestra.run.smithi098.stdout:/usr/bin/ceph: stderr
2024-03-16T12:09:57.657+0000 7f9a17400700 1 -- 172.21.15.98:0/4241222614 <== mon.0 v2:172.21.15.98:3300/0 1 ==== mon_map magic: 0 ==== 205+0+0 (secure 0 0 0) 0x7f9a10003970 con 0x7f9a2007dd40
2024-03-16T12:09:58.587 INFO:teuthology.orchestra.run.smithi098.stdout:/usr/bin/ceph: stderr
2024-03-16T12:09:57.657+0000 7f9a17400700 1 -- 172.21.15.98:0/4241222614 <== mon.0 v2:172.21.15.98:3300/0 2 ==== config(27 keys) ==== 1109+0+0 (secure 0 0 0) 0x7f9a10003b10 con 0x7f9a2007dd40
2024-03-16T12:09:58.587 INFO:teuthology.orchestra.run.smithi098.stdout:/usr/bin/ceph: stderr
2024-03-16T12:09:57.657+0000 7f9a25a00700 1 -- 172.21.15.98:0/4241222614 --> [v2:172.21.15.98:3300/0,v1:172.21.15.98:6789/0] -- mon_subscribe({mgrmap=0+}) -- 0x7f9a2019e570 con 0x7f9a2007dd40
2024-03-16T12:09:58.587 INFO:teuthology.orchestra.run.smithi098.stdout:/usr/bin/ceph: stderr
2024-03-16T12:09:57.657+0000 7f9a17400700 1 -- 172.21.15.98:0/4241222614 <== mon.0 v2:172.21.15.98:3300/0 3 ==== mon_map magic: 0 ==== 205+0+0 (secure 0 0 0) 0x7f9a10024610 con 0x7f9a2007dd40
2024-03-16T12:09:58.587 INFO:teuthology.orchestra.run.smithi098.stdout:/usr/bin/ceph: stderr
2024-03-16T12:09:57.657+0000 7f9a25a00700 1 -- 172.21.15.98:0/4241222614 --> [v2:172.21.15.98:3300/0,v1:172.21.15.98:6789/0] -- mon_subscribe({osdmap=0}) -- 0x7f9a201a1220 con 0x7f9a2007dd40
2024-03-16T12:09:58.587 INFO:teuthology.orchestra.run.smithi098.stdout:/usr/bin/ceph: stderr
2024-03-16T12:09:57.658+0000 7f9a17400700 1 -- 172.21.15.98:0/4241222614 <== mon.0 v2:172.21.15.98:3300/0 4 ==== mgrmap(e 4) ==== 46095+0+0 (secure 0 0 0) 0x7f9a1001a9f0 con 0x7f9a2007dd40
2024-03-16T12:09:58.587 INFO:teuthology.orchestra.run.smithi098.stdout:/usr/bin/ceph: stderr
2024-03-16T12:09:57.658+0000 7f9a25a00700 1 -- 172.21.15.98:0/4241222614 --> [v2:172.21.15.98:3300/0,v1:172.21.15.98:6789/0] -- mon_command({"prefix": "get_command_descriptions"} v 0) -- 0x7f9a20063900 con 0x7f9a2007dd40
2024-03-16T12:09:58.587 INFO:teuthology.orchestra.run.smithi098.stdout:/usr/bin/ceph: stderr
2024-03-16T12:09:57.659+0000 7f9a17400700 1 --2- 172.21.15.98:0/4241222614 >> [v2:172.21.15.98:6800/3029136477,v1:172.21.15.98:6801/3029136477] conn(0x7f9a04038f20 0x7f9a0403b3e0 unknown :-1 s=NONE pgs=0 cs=0 l=1 rev1=0 crypto rx=0 tx=0 comp rx=0 tx=0).connect
2024-03-16T12:09:58.587 INFO:teuthology.orchestra.run.smithi098.stdout:/usr/bin/ceph: stderr
2024-03-16T12:09:57.659+0000 7f9a17400700 1 -- 172.21.15.98:0/4241222614 <== mon.0 v2:172.21.15.98:3300/0 5 ==== osd_map(1..1 src has 1..1) ==== 725+0+0 (secure 0 0 0) 0x7f9a10011e00 con 0x7f9a2007dd40
2024-03-16T12:09:58.587 INFO:teuthology.orchestra.run.smithi098.stdout:/usr/bin/ceph: stderr
2024-03-16T12:09:57.659+0000 7f9a1e000700 1 --2- 172.21.15.98:0/4241222614 >> [v2:172.21.15.98:6800/3029136477,v1:172.21.15.98:6801/3029136477] conn(0x7f9a04038f20 0x7f9a0403b3e0 unknown :-1 s=BANNER_CONNECTING pgs=0 cs=0 l=1 rev1=0 crypto rx=0 tx=0 comp rx=0 tx=0)._handle_peer_banner_payload supported=3 required=0
2024-03-16T12:09:58.588 INFO:teuthology.orchestra.run.smithi098.stdout:/usr/bin/ceph: stderr
2024-03-16T12:09:57.660+0000 7f9a1e000700 1 --2- 172.21.15.98:0/4241222614 >> [v2:172.21.15.98:6800/3029136477,v1:172.21.15.98:6801/3029136477] conn(0x7f9a04038f20 0x7f9a0403b3e0 secure :-1 s=READY pgs=7 cs=0 l=1 rev1=1 crypto rx=0x7f9a0c006fd0 tx=0x7f9a0c006e40 comp rx=0 tx=0).ready entity=mgr.14100 client_cookie=0 server_cookie=0 in_seq=0 out_seq=0
2024-03-16T12:09:58.588 INFO:teuthology.orchestra.run.smithi098.stdout:/usr/bin/ceph: stderr
2024-03-16T12:09:57.664+0000 7f9a17400700 1 -- 172.21.15.98:0/4241222614 <== mon.0 v2:172.21.15.98:3300/0 6 ==== mon_command_ack([{"prefix": "get_command_descriptions"}]=0 v0) ==== 72+0+186149 (secure 0 0 0) 0x7f9a10019e10 con 0x7f9a2007dd40
2024-03-16T12:09:58.588 INFO:teuthology.orchestra.run.smithi098.stdout:/usr/bin/ceph: stderr
2024-03-16T12:09:57.884+0000 7f9a25a00700 1 -- 172.21.15.98:0/4241222614 --> [v2:172.21.15.98:3300/0,v1:172.21.15.98:6789/0] -- mon_command({"prefix": "config assimilate-conf"} v 0) -- 0x7f9a201a1440 con 0x7f9a2007dd40
2024-03-16T12:09:58.588 INFO:teuthology.orchestra.run.smithi098.stdout:/usr/bin/ceph: stderr
2024-03-16T12:09:57.886+0000 7f9a17400700 1 -- 172.21.15.98:0/4241222614 <== mon.0 v2:172.21.15.98:3300/0 7 ==== mon_command_ack([{"prefix": "config assimilate-conf"}]=0 v3) ==== 70+0+373 (secure 0 0 0) 0x7f9a201a1440 con 0x7f9a2007dd40
2024-03-16T12:09:58.588 INFO:teuthology.orchestra.run.smithi098.stdout:/usr/bin/ceph: stderr
2024-03-16T12:09:57.889+0000 7f9a25a00700 1 -- 172.21.15.98:0/4241222614 >> [v2:172.21.15.98:6800/3029136477,v1:172.21.15.98:6801/3029136477] conn(0x7f9a04038f20 msgr2=0x7f9a0403b3e0 secure :-1 s=STATE_CONNECTION_ESTABLISHED l=1).mark_down
2024-03-16T12:09:58.588 INFO:teuthology.orchestra.run.smithi098.stdout:/usr/bin/ceph: stderr
2024-03-16T12:09:57.889+0000 7f9a25a00700 1 --2- 172.21.15.98:0/4241222614 >> [v2:172.21.15.98:6800/3029136477,v1:172.21.15.98:6801/3029136477] conn(0x7f9a04038f20 0x7f9a0403b3e0 secure :-1 s=READY pgs=7 cs=0 l=1 rev1=1 crypto rx=0x7f9a0c006fd0 tx=0x7f9a0c006e40 comp rx=0 tx=0).stop
2024-03-16T12:09:58.588 INFO:teuthology.orchestra.run.smithi098.stdout:/usr/bin/ceph: stderr
2024-03-16T12:09:57.889+0000 7f9a25a00700 1 -- 172.21.15.98:0/4241222614 >> [v2:172.21.15.98:3300/0,v1:172.21.15.98:6789/0] conn(0x7f9a2007dd40 msgr2=0x7f9a2019dda0 secure :-1 s=STATE_CONNECTION_ESTABLISHED l=1).mark_down
2024-03-16T12:09:58.588 INFO:teuthology.orchestra.run.smithi098.stdout:/usr/bin/ceph: stderr
2024-03-16T12:09:57.889+0000 7f9a25a00700 1 --2- 172.21.15.98:0/4241222614 >> [v2:172.21.15.98:3300/0,v1:172.21.15.98:6789/0] conn(0x7f9a2007dd40 0x7f9a2019dda0 secure :-1 s=READY pgs=21 cs=0 l=1 rev1=1 crypto rx=0x7f9a10011b60 tx=0x7f9a10011c40 comp rx=0 tx=0).stop
2024-03-16T12:09:58.588 INFO:teuthology.orchestra.run.smithi098.stdout:/usr/bin/ceph: stderr
2024-03-16T12:09:57.889+0000 7f9a25a00700 1 -- 172.21.15.98:0/4241222614 shutdown_connections
2024-03-16T12:09:58.588 INFO:teuthology.orchestra.run.smithi098.stdout:/usr/bin/ceph: stderr
2024-03-16T12:09:57.889+0000 7f9a25a00700 1 --2- 172.21.15.98:0/4241222614 >> [v2:172.21.15.98:6800/3029136477,v1:172.21.15.98:6801/3029136477] conn(0x7f9a04038f20 0x7f9a0403b3e0 unknown :-1 s=CLOSED pgs=7 cs=0 l=1 rev1=1 crypto rx=0 tx=0 comp rx=0 tx=0).stop
2024-03-16T12:09:58.588 INFO:teuthology.orchestra.run.smithi098.stdout:/usr/bin/ceph: stderr
2024-03-16T12:09:57.889+0000 7f9a25a00700 1 --2- 172.21.15.98:0/4241222614 >> [v2:172.21.15.98:3300/0,v1:172.21.15.98:6789/0] conn(0x7f9a2007dd40 0x7f9a2019dda0 unknown :-1 s=CLOSED pgs=21 cs=0 l=1 rev1=1 crypto rx=0 tx=0 comp rx=0 tx=0).stop
2024-03-16T12:09:58.588 INFO:teuthology.orchestra.run.smithi098.stdout:/usr/bin/ceph: stderr
2024-03-16T12:09:57.889+0000 7f9a25a00700 1 -- 172.21.15.98:0/4241222614 >> 172.21.15.98:0/4241222614 conn(0x7f9a201032a0 msgr2=0x7f9a20103e30 unknown :-1 s=STATE_NONE l=0).mark_down
2024-03-16T12:09:58.588 INFO:teuthology.orchestra.run.smithi098.stdout:/usr/bin/ceph: stderr
2024-03-16T12:09:57.890+0000 7f9a25a00700 1 -- 172.21.15.98:0/4241222614 shutdown_connections
2024-03-16T12:09:58.588 INFO:teuthology.orchestra.run.smithi098.stdout:/usr/bin/ceph: stderr
2024-03-16T12:09:57.890+0000 7f9a25a00700 1 -- 172.21.15.98:0/4241222614 wait complete.
2024-03-16T12:09:58.589 INFO:teuthology.orchestra.run.smithi098.stdout:Enabling cephadm module...
2024-03-16T12:09:59.749 INFO:journalctl@ceph.mon.a.smithi098.stdout:Mar 16 12:09:59 smithi098 ceph-mon[31633]: from='client.? 172.21.15.98:0/1596857805' entity='client.admin' cmd=[{"prefix": "mgr module enable", "module": "cephadm"}]: dispatch
2024-03-16T12:09:59.750 INFO:journalctl@ceph.mgr.x.smithi098.stdout:Mar 16 12:09:59 smithi098 ceph-e9cfddf2-e38d-11ee-95c9-87774f69a715-mgr-x[31872]: ignoring --setuser ceph since I am not root
2024-03-16T12:09:59.750 INFO:journalctl@ceph.mgr.x.smithi098.stdout:Mar 16 12:09:59 smithi098 ceph-e9cfddf2-e38d-11ee-95c9-87774f69a715-mgr-x[31872]: ignoring --setgroup ceph since I am not root
2024-03-16T12:10:00.258 INFO:teuthology.orchestra.run.smithi098.stdout:/usr/bin/ceph: stderr
2024-03-16T12:09:59.212+0000 7ff422e00700 1 Processor -- start
2024-03-16T12:10:00.259 INFO:teuthology.orchestra.run.smithi098.stdout:/usr/bin/ceph: stderr
2024-03-16T12:09:59.212+0000 7ff422e00700 1 -- start start
2024-03-16T12:10:00.259 INFO:teuthology.orchestra.run.smithi098.stdout:/usr/bin/ceph: stderr
2024-03-16T12:09:59.212+0000 7ff422e00700 1 --2- >> [v2:172.21.15.98:3300/0,v1:172.21.15.98:6789/0] conn(0x7ff41c1086d0 0x7ff41c10aac0 unknown :-1 s=NONE pgs=0 cs=0 l=0 rev1=0 crypto rx=0 tx=0 comp rx=0 tx=0).connect
2024-03-16T12:10:00.259 INFO:teuthology.orchestra.run.smithi098.stdout:/usr/bin/ceph: stderr
2024-03-16T12:09:59.212+0000 7ff422e00700 1 -- --> [v2:172.21.15.98:3300/0,v1:172.21.15.98:6789/0] -- mon_getmap magic: 0 -- 0x7ff41c07be10 con 0x7ff41c1086d0
2024-03-16T12:10:00.259 INFO:teuthology.orchestra.run.smithi098.stdout:/usr/bin/ceph: stderr
2024-03-16T12:09:59.213+0000 7ff41be00700 1 --2- >> [v2:172.21.15.98:3300/0,v1:172.21.15.98:6789/0] conn(0x7ff41c1086d0 0x7ff41c10aac0 unknown :-1 s=BANNER_CONNECTING pgs=0 cs=0 l=0 rev1=0 crypto rx=0 tx=0 comp rx=0 tx=0)._handle_peer_banner_payload supported=3 required=0
2024-03-16T12:10:00.259 INFO:teuthology.orchestra.run.smithi098.stdout:/usr/bin/ceph: stderr
2024-03-16T12:09:59.213+0000 7ff41be00700 1 --2- >> [v2:172.21.15.98:3300/0,v1:172.21.15.98:6789/0] conn(0x7ff41c1086d0 0x7ff41c10aac0 unknown :-1 s=HELLO_CONNECTING pgs=0 cs=0 l=0 rev1=1 crypto rx=0 tx=0 comp rx=0 tx=0).handle_hello peer v2:172.21.15.98:3300/0 says I am v2:172.21.15.98:59530/0 (socket says 172.21.15.98:59530)
2024-03-16T12:10:00.259 INFO:teuthology.orchestra.run.smithi098.stdout:/usr/bin/ceph: stderr
2024-03-16T12:09:59.213+0000 7ff41be00700 1 -- 172.21.15.98:0/1791459868 learned_addr learned my addr 172.21.15.98:0/1791459868 (peer_addr_for_me v2:172.21.15.98:0/0)
2024-03-16T12:10:00.259 INFO:teuthology.orchestra.run.smithi098.stdout:/usr/bin/ceph: stderr
2024-03-16T12:09:59.213+0000 7ff41be00700 1 -- 172.21.15.98:0/1791459868 --> [v2:172.21.15.98:3300/0,v1:172.21.15.98:6789/0] -- mon_subscribe({config=0+,monmap=0+}) -- 0x7ff41c10b000 con 0x7ff41c1086d0
2024-03-16T12:10:00.259 INFO:teuthology.orchestra.run.smithi098.stdout:/usr/bin/ceph: stderr
2024-03-16T12:09:59.214+0000 7ff41be00700 1 --2- 172.21.15.98:0/1791459868 >> [v2:172.21.15.98:3300/0,v1:172.21.15.98:6789/0] conn(0x7ff41c1086d0 0x7ff41c10aac0 secure :-1 s=READY pgs=22 cs=0 l=1 rev1=1 crypto rx=0x7ff40c009e80 tx=0x7ff40c00b330 comp rx=0 tx=0).ready entity=mon.0 client_cookie=2ff426fd4c87b244 server_cookie=0 in_seq=0 out_seq=0
2024-03-16T12:10:00.259 INFO:teuthology.orchestra.run.smithi098.stdout:/usr/bin/ceph: stderr
2024-03-16T12:09:59.214+0000 7ff41b400700 1 -- 172.21.15.98:0/1791459868 <== mon.0 v2:172.21.15.98:3300/0 1 ==== mon_map magic: 0 ==== 205+0+0 (secure 0 0 0) 0x7ff40c017070 con 0x7ff41c1086d0
2024-03-16T12:10:00.259 INFO:teuthology.orchestra.run.smithi098.stdout:/usr/bin/ceph: stderr
2024-03-16T12:09:59.214+0000 7ff41b400700 1 -- 172.21.15.98:0/1791459868 <== mon.0 v2:172.21.15.98:3300/0 2 ==== config(27 keys) ==== 1109+0+0 (secure 0 0 0) 0x7ff40c00b8c0 con 0x7ff41c1086d0
2024-03-16T12:10:00.259 INFO:teuthology.orchestra.run.smithi098.stdout:/usr/bin/ceph: stderr
2024-03-16T12:09:59.214+0000 7ff41b400700 1 -- 172.21.15.98:0/1791459868 <== mon.0 v2:172.21.15.98:3300/0 3 ==== mon_map magic: 0 ==== 205+0+0 (secure 0 0 0) 0x7ff40c0045c0 con 0x7ff41c1086d0
2024-03-16T12:10:00.260 INFO:teuthology.orchestra.run.smithi098.stdout:/usr/bin/ceph: stderr
2024-03-16T12:09:59.215+0000 7ff422e00700 1 -- 172.21.15.98:0/1791459868 >> [v2:172.21.15.98:3300/0,v1:172.21.15.98:6789/0] conn(0x7ff41c1086d0 msgr2=0x7ff41c10aac0 secure :-1 s=STATE_CONNECTION_ESTABLISHED l=1).mark_down
2024-03-16T12:10:00.260 INFO:teuthology.orchestra.run.smithi098.stdout:/usr/bin/ceph: stderr
2024-03-16T12:09:59.215+0000 7ff422e00700 1 --2- 172.21.15.98:0/1791459868 >> [v2:172.21.15.98:3300/0,v1:172.21.15.98:6789/0] conn(0x7ff41c1086d0 0x7ff41c10aac0 secure :-1 s=READY pgs=22 cs=0 l=1 rev1=1 crypto rx=0x7ff40c009e80 tx=0x7ff40c00b330 comp rx=0 tx=0).stop
2024-03-16T12:10:00.260 INFO:teuthology.orchestra.run.smithi098.stdout:/usr/bin/ceph: stderr
2024-03-16T12:09:59.215+0000 7ff422e00700 1 -- 172.21.15.98:0/1791459868 shutdown_connections
2024-03-16T12:10:00.260 INFO:teuthology.orchestra.run.smithi098.stdout:/usr/bin/ceph: stderr
2024-03-16T12:09:59.215+0000 7ff422e00700 1 --2- 172.21.15.98:0/1791459868 >> [v2:172.21.15.98:3300/0,v1:172.21.15.98:6789/0] conn(0x7ff41c1086d0 0x7ff41c10aac0 unknown :-1 s=CLOSED pgs=22 cs=0 l=1 rev1=1 crypto rx=0 tx=0 comp rx=0 tx=0).stop
2024-03-16T12:10:00.260 INFO:teuthology.orchestra.run.smithi098.stdout:/usr/bin/ceph: stderr
2024-03-16T12:09:59.215+0000 7ff422e00700 1 -- 172.21.15.98:0/1791459868 >> 172.21.15.98:0/1791459868 conn(0x7ff41c102100 msgr2=0x7ff41c104520 unknown :-1 s=STATE_NONE l=0).mark_down
2024-03-16T12:10:00.260 INFO:teuthology.orchestra.run.smithi098.stdout:/usr/bin/ceph: stderr
2024-03-16T12:09:59.215+0000 7ff422e00700 1 -- 172.21.15.98:0/1791459868 shutdown_connections
2024-03-16T12:10:00.260 INFO:teuthology.orchestra.run.smithi098.stdout:/usr/bin/ceph: stderr
2024-03-16T12:09:59.215+0000 7ff422e00700 1 -- 172.21.15.98:0/1791459868 wait complete.
2024-03-16T12:10:00.260 INFO:teuthology.orchestra.run.smithi098.stdout:/usr/bin/ceph: stderr
2024-03-16T12:09:59.217+0000 7ff422e00700 1 Processor -- start
2024-03-16T12:10:00.260 INFO:teuthology.orchestra.run.smithi098.stdout:/usr/bin/ceph: stderr
2024-03-16T12:09:59.217+0000 7ff422e00700 1 -- start start
2024-03-16T12:10:00.260 INFO:teuthology.orchestra.run.smithi098.stdout:/usr/bin/ceph: stderr
