2024-03-17T23:46:42.325+0000 7f254d000700 1 --2- >> [v2:172.21.15.12:3300/0,v1:172.21.15.12:6789/0] conn(0x7f254807cdd0 0x7f254819e100 unknown :-1 s=NONE pgs=0 cs=0 l=1 rev1=0 crypto rx=0 tx=0 comp rx=0 tx=0).connect
2024-03-17T23:46:43.619 INFO:teuthology.orchestra.run.smithi012.stdout:/usr/bin/ceph: stderr
2024-03-17T23:46:42.325+0000 7f254d000700 1 -- --> [v2:172.21.15.12:3300/0,v1:172.21.15.12:6789/0] -- mon_getmap magic: 0 -- 0x7f254810e320 con 0x7f254807cdd0
2024-03-17T23:46:43.619 INFO:teuthology.orchestra.run.smithi012.stdout:/usr/bin/ceph: stderr
2024-03-17T23:46:42.325+0000 7f2545e00700 1 --2- >> [v2:172.21.15.12:3300/0,v1:172.21.15.12:6789/0] conn(0x7f254807cdd0 0x7f254819e100 unknown :-1 s=BANNER_CONNECTING pgs=0 cs=0 l=1 rev1=0 crypto rx=0 tx=0 comp rx=0 tx=0)._handle_peer_banner_payload supported=3 required=0
2024-03-17T23:46:43.619 INFO:teuthology.orchestra.run.smithi012.stdout:/usr/bin/ceph: stderr
2024-03-17T23:46:42.325+0000 7f2545e00700 1 --2- >> [v2:172.21.15.12:3300/0,v1:172.21.15.12:6789/0] conn(0x7f254807cdd0 0x7f254819e100 unknown :-1 s=HELLO_CONNECTING pgs=0 cs=0 l=1 rev1=1 crypto rx=0 tx=0 comp rx=0 tx=0).handle_hello peer v2:172.21.15.12:3300/0 says I am v2:172.21.15.12:47468/0 (socket says 172.21.15.12:47468)
2024-03-17T23:46:43.619 INFO:teuthology.orchestra.run.smithi012.stdout:/usr/bin/ceph: stderr
2024-03-17T23:46:42.325+0000 7f2545e00700 1 -- 172.21.15.12:0/3629048516 learned_addr learned my addr 172.21.15.12:0/3629048516 (peer_addr_for_me v2:172.21.15.12:0/0)
2024-03-17T23:46:43.619 INFO:teuthology.orchestra.run.smithi012.stdout:/usr/bin/ceph: stderr
2024-03-17T23:46:42.326+0000 7f2545e00700 1 -- 172.21.15.12:0/3629048516 --> [v2:172.21.15.12:3300/0,v1:172.21.15.12:6789/0] -- mon_subscribe({config=0+,monmap=0+}) -- 0x7f254819e640 con 0x7f254807cdd0
2024-03-17T23:46:43.619 INFO:teuthology.orchestra.run.smithi012.stdout:/usr/bin/ceph: stderr
2024-03-17T23:46:42.326+0000 7f2545e00700 1 --2- 172.21.15.12:0/3629048516 >> [v2:172.21.15.12:3300/0,v1:172.21.15.12:6789/0] conn(0x7f254807cdd0 0x7f254819e100 secure :-1 s=READY pgs=54 cs=0 l=1 rev1=1 crypto rx=0x7f25380117e0 tx=0x7f2538011ba0 comp rx=0 tx=0).ready entity=mon.0 client_cookie=0 server_cookie=0 in_seq=0 out_seq=0
2024-03-17T23:46:43.619 INFO:teuthology.orchestra.run.smithi012.stdout:/usr/bin/ceph: stderr
2024-03-17T23:46:42.326+0000 7f253ea00700 1 -- 172.21.15.12:0/3629048516 <== mon.0 v2:172.21.15.12:3300/0 1 ==== mon_map magic: 0 ==== 205+0+0 (secure 0 0 0) 0x7f2538003bf0 con 0x7f254807cdd0
2024-03-17T23:46:43.619 INFO:teuthology.orchestra.run.smithi012.stdout:/usr/bin/ceph: stderr
2024-03-17T23:46:42.326+0000 7f253ea00700 1 -- 172.21.15.12:0/3629048516 <== mon.0 v2:172.21.15.12:3300/0 2 ==== config(27 keys) ==== 1140+0+0 (secure 0 0 0) 0x7f2538003d90 con 0x7f254807cdd0
2024-03-17T23:46:43.619 INFO:teuthology.orchestra.run.smithi012.stdout:/usr/bin/ceph: stderr
2024-03-17T23:46:42.326+0000 7f253ea00700 1 -- 172.21.15.12:0/3629048516 <== mon.0 v2:172.21.15.12:3300/0 3 ==== mon_map magic: 0 ==== 205+0+0 (secure 0 0 0) 0x7f2538024800 con 0x7f254807cdd0
2024-03-17T23:46:43.619 INFO:teuthology.orchestra.run.smithi012.stdout:/usr/bin/ceph: stderr
2024-03-17T23:46:42.326+0000 7f254d000700 1 -- 172.21.15.12:0/3629048516 --> [v2:172.21.15.12:3300/0,v1:172.21.15.12:6789/0] -- mon_subscribe({mgrmap=0+}) -- 0x7f254819e8d0 con 0x7f254807cdd0
2024-03-17T23:46:43.619 INFO:teuthology.orchestra.run.smithi012.stdout:/usr/bin/ceph: stderr
2024-03-17T23:46:42.327+0000 7f254d000700 1 -- 172.21.15.12:0/3629048516 --> [v2:172.21.15.12:3300/0,v1:172.21.15.12:6789/0] -- mon_subscribe({osdmap=0}) -- 0x7f254819ed30 con 0x7f254807cdd0
2024-03-17T23:46:43.619 INFO:teuthology.orchestra.run.smithi012.stdout:/usr/bin/ceph: stderr
2024-03-17T23:46:42.328+0000 7f254d000700 1 -- 172.21.15.12:0/3629048516 --> [v2:172.21.15.12:3300/0,v1:172.21.15.12:6789/0] -- mon_command({"prefix": "get_command_descriptions"} v 0) -- 0x7f2548063900 con 0x7f254807cdd0
2024-03-17T23:46:43.619 INFO:teuthology.orchestra.run.smithi012.stdout:/usr/bin/ceph: stderr
2024-03-17T23:46:42.328+0000 7f253ea00700 1 -- 172.21.15.12:0/3629048516 <== mon.0 v2:172.21.15.12:3300/0 4 ==== mgrmap(e 8) ==== 46106+0+0 (secure 0 0 0) 0x7f2538022020 con 0x7f254807cdd0
2024-03-17T23:46:43.619 INFO:teuthology.orchestra.run.smithi012.stdout:/usr/bin/ceph: stderr
2024-03-17T23:46:42.329+0000 7f253ea00700 1 --2- 172.21.15.12:0/3629048516 >> [v2:172.21.15.12:6800/2526360059,v1:172.21.15.12:6801/2526360059] conn(0x7f252c038f70 0x7f252c03b430 unknown :-1 s=NONE pgs=0 cs=0 l=1 rev1=0 crypto rx=0 tx=0 comp rx=0 tx=0).connect
2024-03-17T23:46:43.620 INFO:teuthology.orchestra.run.smithi012.stdout:/usr/bin/ceph: stderr
2024-03-17T23:46:42.329+0000 7f253ea00700 1 -- 172.21.15.12:0/3629048516 <== mon.0 v2:172.21.15.12:3300/0 5 ==== osd_map(2..2 src has 1..2) ==== 940+0+0 (secure 0 0 0) 0x7f253804d130 con 0x7f254807cdd0
2024-03-17T23:46:43.620 INFO:teuthology.orchestra.run.smithi012.stdout:/usr/bin/ceph: stderr
2024-03-17T23:46:42.329+0000 7f2545400700 1 --2- 172.21.15.12:0/3629048516 >> [v2:172.21.15.12:6800/2526360059,v1:172.21.15.12:6801/2526360059] conn(0x7f252c038f70 0x7f252c03b430 unknown :-1 s=BANNER_CONNECTING pgs=0 cs=0 l=1 rev1=0 crypto rx=0 tx=0 comp rx=0 tx=0)._handle_peer_banner_payload supported=3 required=0
2024-03-17T23:46:43.620 INFO:teuthology.orchestra.run.smithi012.stdout:/usr/bin/ceph: stderr
2024-03-17T23:46:42.330+0000 7f2545400700 1 --2- 172.21.15.12:0/3629048516 >> [v2:172.21.15.12:6800/2526360059,v1:172.21.15.12:6801/2526360059] conn(0x7f252c038f70 0x7f252c03b430 secure :-1 s=READY pgs=15 cs=0 l=1 rev1=1 crypto rx=0x7f2534006fd0 tx=0x7f2534006e40 comp rx=0 tx=0).ready entity=mgr.14120 client_cookie=0 server_cookie=0 in_seq=0 out_seq=0
2024-03-17T23:46:43.620 INFO:teuthology.orchestra.run.smithi012.stdout:/usr/bin/ceph: stderr
2024-03-17T23:46:42.334+0000 7f253ea00700 1 -- 172.21.15.12:0/3629048516 <== mon.0 v2:172.21.15.12:3300/0 6 ==== mon_command_ack([{"prefix": "get_command_descriptions"}]=0 v0) ==== 72+0+186149 (secure 0 0 0) 0x7f2538016260 con 0x7f254807cdd0
2024-03-17T23:46:43.620 INFO:teuthology.orchestra.run.smithi012.stdout:/usr/bin/ceph: stderr
2024-03-17T23:46:42.585+0000 7f254d000700 1 -- 172.21.15.12:0/3629048516 --> [v2:172.21.15.12:3300/0,v1:172.21.15.12:6789/0] -- mon_command([{prefix=config set, name=mgr/dashboard/ssl_server_port}] v 0) -- 0x7f254802dce0 con 0x7f254807cdd0
2024-03-17T23:46:43.620 INFO:teuthology.orchestra.run.smithi012.stdout:/usr/bin/ceph: stderr
2024-03-17T23:46:42.590+0000 7f253ea00700 1 -- 172.21.15.12:0/3629048516 <== mon.0 v2:172.21.15.12:3300/0 7 ==== mon_command_ack([{prefix=config set, name=mgr/dashboard/ssl_server_port}]=0 v8)=0 v8) ==== 130+0+0 (secure 0 0 0) 0x7f253801a950 con 0x7f254807cdd0
2024-03-17T23:46:43.621 INFO:teuthology.orchestra.run.smithi012.stdout:/usr/bin/ceph: stderr
2024-03-17T23:46:42.593+0000 7f254d000700 1 -- 172.21.15.12:0/3629048516 >> [v2:172.21.15.12:6800/2526360059,v1:172.21.15.12:6801/2526360059] conn(0x7f252c038f70 msgr2=0x7f252c03b430 secure :-1 s=STATE_CONNECTION_ESTABLISHED l=1).mark_down
2024-03-17T23:46:43.621 INFO:teuthology.orchestra.run.smithi012.stdout:/usr/bin/ceph: stderr
2024-03-17T23:46:42.593+0000 7f254d000700 1 --2- 172.21.15.12:0/3629048516 >> [v2:172.21.15.12:6800/2526360059,v1:172.21.15.12:6801/2526360059] conn(0x7f252c038f70 0x7f252c03b430 secure :-1 s=READY pgs=15 cs=0 l=1 rev1=1 crypto rx=0x7f2534006fd0 tx=0x7f2534006e40 comp rx=0 tx=0).stop
2024-03-17T23:46:43.621 INFO:teuthology.orchestra.run.smithi012.stdout:/usr/bin/ceph: stderr
2024-03-17T23:46:42.593+0000 7f254d000700 1 -- 172.21.15.12:0/3629048516 >> [v2:172.21.15.12:3300/0,v1:172.21.15.12:6789/0] conn(0x7f254807cdd0 msgr2=0x7f254819e100 secure :-1 s=STATE_CONNECTION_ESTABLISHED l=1).mark_down
2024-03-17T23:46:43.621 INFO:teuthology.orchestra.run.smithi012.stdout:/usr/bin/ceph: stderr
2024-03-17T23:46:42.593+0000 7f254d000700 1 --2- 172.21.15.12:0/3629048516 >> [v2:172.21.15.12:3300/0,v1:172.21.15.12:6789/0] conn(0x7f254807cdd0 0x7f254819e100 secure :-1 s=READY pgs=54 cs=0 l=1 rev1=1 crypto rx=0x7f25380117e0 tx=0x7f2538011ba0 comp rx=0 tx=0).stop
2024-03-17T23:46:43.622 INFO:teuthology.orchestra.run.smithi012.stdout:/usr/bin/ceph: stderr
2024-03-17T23:46:42.593+0000 7f254d000700 1 -- 172.21.15.12:0/3629048516 shutdown_connections
2024-03-17T23:46:43.622 INFO:teuthology.orchestra.run.smithi012.stdout:/usr/bin/ceph: stderr
2024-03-17T23:46:42.593+0000 7f254d000700 1 --2- 172.21.15.12:0/3629048516 >> [v2:172.21.15.12:6800/2526360059,v1:172.21.15.12:6801/2526360059] conn(0x7f252c038f70 0x7f252c03b430 unknown :-1 s=CLOSED pgs=15 cs=0 l=1 rev1=1 crypto rx=0 tx=0 comp rx=0 tx=0).stop
2024-03-17T23:46:43.622 INFO:teuthology.orchestra.run.smithi012.stdout:/usr/bin/ceph: stderr
2024-03-17T23:46:42.593+0000 7f254d000700 1 --2- 172.21.15.12:0/3629048516 >> [v2:172.21.15.12:3300/0,v1:172.21.15.12:6789/0] conn(0x7f254807cdd0 0x7f254819e100 unknown :-1 s=CLOSED pgs=54 cs=0 l=1 rev1=1 crypto rx=0 tx=0 comp rx=0 tx=0).stop
2024-03-17T23:46:43.622 INFO:teuthology.orchestra.run.smithi012.stdout:/usr/bin/ceph: stderr
2024-03-17T23:46:42.593+0000 7f254d000700 1 -- 172.21.15.12:0/3629048516 >> 172.21.15.12:0/3629048516 conn(0x7f2548103290 msgr2=0x7f2548103e70 unknown :-1 s=STATE_NONE l=0).mark_down
2024-03-17T23:46:43.622 INFO:teuthology.orchestra.run.smithi012.stdout:/usr/bin/ceph: stderr
2024-03-17T23:46:42.594+0000 7f254d000700 1 -- 172.21.15.12:0/3629048516 shutdown_connections
2024-03-17T23:46:43.622 INFO:teuthology.orchestra.run.smithi012.stdout:/usr/bin/ceph: stderr
2024-03-17T23:46:42.594+0000 7f254d000700 1 -- 172.21.15.12:0/3629048516 wait complete.
2024-03-17T23:46:43.622 INFO:teuthology.orchestra.run.smithi012.stdout:Enabling the dashboard module...
2024-03-17T23:46:43.918 INFO:journalctl@ceph.mon.a.smithi012.stdout:Mar 17 23:46:43 smithi012 ceph-mon[31541]: pgmap v4: 0 pgs: ; 0 B data, 0 B used, 0 B / 0 B avail
2024-03-17T23:46:43.918 INFO:journalctl@ceph.mon.a.smithi012.stdout:Mar 17 23:46:43 smithi012 ceph-mon[31541]: from='client.? 172.21.15.12:0/3629048516' entity='client.admin'
2024-03-17T23:46:44.820 INFO:journalctl@ceph.mon.a.smithi012.stdout:Mar 17 23:46:44 smithi012 ceph-mon[31541]: pgmap v5: 0 pgs: ; 0 B data, 0 B used, 0 B / 0 B avail
2024-03-17T23:46:44.821 INFO:journalctl@ceph.mon.a.smithi012.stdout:Mar 17 23:46:44 smithi012 ceph-mon[31541]: from='mgr.14120 172.21.15.12:0/156503519' entity='mgr.x'
2024-03-17T23:46:44.821 INFO:journalctl@ceph.mon.a.smithi012.stdout:Mar 17 23:46:44 smithi012 ceph-mon[31541]: from='client.? 172.21.15.12:0/1435497885' entity='client.admin' cmd=[{"prefix": "mgr module enable", "module": "dashboard"}]: dispatch
2024-03-17T23:46:45.126 INFO:journalctl@ceph.mgr.x.smithi012.stdout:Mar 17 23:46:44 smithi012 ceph-4558f3ea-e4b8-11ee-95c9-87774f69a715-mgr-x[31771]: ignoring --setuser ceph since I am not root
2024-03-17T23:46:45.126 INFO:journalctl@ceph.mgr.x.smithi012.stdout:Mar 17 23:46:44 smithi012 ceph-4558f3ea-e4b8-11ee-95c9-87774f69a715-mgr-x[31771]: ignoring --setgroup ceph since I am not root
2024-03-17T23:46:45.459 INFO:teuthology.orchestra.run.smithi012.stdout:/usr/bin/ceph: stderr
2024-03-17T23:46:44.245+0000 7ff02b000700 1 Processor -- start
2024-03-17T23:46:45.459 INFO:teuthology.orchestra.run.smithi012.stdout:/usr/bin/ceph: stderr
2024-03-17T23:46:44.246+0000 7ff02b000700 1 -- start start
2024-03-17T23:46:45.460 INFO:teuthology.orchestra.run.smithi012.stdout:/usr/bin/ceph: stderr
2024-03-17T23:46:44.246+0000 7ff02b000700 1 --2- >> [v2:172.21.15.12:3300/0,v1:172.21.15.12:6789/0] conn(0x7ff024106b90 0x7ff024106fb0 unknown :-1 s=NONE pgs=0 cs=0 l=0 rev1=0 crypto rx=0 tx=0 comp rx=0 tx=0).connect
2024-03-17T23:46:45.460 INFO:teuthology.orchestra.run.smithi012.stdout:/usr/bin/ceph: stderr
2024-03-17T23:46:44.246+0000 7ff02b000700 1 -- --> [v2:172.21.15.12:3300/0,v1:172.21.15.12:6789/0] -- mon_getmap magic: 0 -- 0x7ff024107580 con 0x7ff024106b90
2024-03-17T23:46:45.460 INFO:teuthology.orchestra.run.smithi012.stdout:/usr/bin/ceph: stderr
2024-03-17T23:46:44.247+0000 7ff023e00700 1 --2- >> [v2:172.21.15.12:3300/0,v1:172.21.15.12:6789/0] conn(0x7ff024106b90 0x7ff024106fb0 unknown :-1 s=BANNER_CONNECTING pgs=0 cs=0 l=0 rev1=0 crypto rx=0 tx=0 comp rx=0 tx=0)._handle_peer_banner_payload supported=3 required=0
2024-03-17T23:46:45.460 INFO:teuthology.orchestra.run.smithi012.stdout:/usr/bin/ceph: stderr
2024-03-17T23:46:44.247+0000 7ff023e00700 1 --2- >> [v2:172.21.15.12:3300/0,v1:172.21.15.12:6789/0] conn(0x7ff024106b90 0x7ff024106fb0 unknown :-1 s=HELLO_CONNECTING pgs=0 cs=0 l=0 rev1=1 crypto rx=0 tx=0 comp rx=0 tx=0).handle_hello peer v2:172.21.15.12:3300/0 says I am v2:172.21.15.12:52848/0 (socket says 172.21.15.12:52848)
2024-03-17T23:46:45.460 INFO:teuthology.orchestra.run.smithi012.stdout:/usr/bin/ceph: stderr
2024-03-17T23:46:44.247+0000 7ff023e00700 1 -- 172.21.15.12:0/3713045603 learned_addr learned my addr 172.21.15.12:0/3713045603 (peer_addr_for_me v2:172.21.15.12:0/0)
2024-03-17T23:46:45.460 INFO:teuthology.orchestra.run.smithi012.stdout:/usr/bin/ceph: stderr
2024-03-17T23:46:44.247+0000 7ff023e00700 1 -- 172.21.15.12:0/3713045603 --> [v2:172.21.15.12:3300/0,v1:172.21.15.12:6789/0] -- mon_subscribe({config=0+,monmap=0+}) -- 0x7ff024107d90 con 0x7ff024106b90
2024-03-17T23:46:45.460 INFO:teuthology.orchestra.run.smithi012.stdout:/usr/bin/ceph: stderr
2024-03-17T23:46:44.248+0000 7ff023e00700 1 --2- 172.21.15.12:0/3713045603 >> [v2:172.21.15.12:3300/0,v1:172.21.15.12:6789/0] conn(0x7ff024106b90 0x7ff024106fb0 secure :-1 s=READY pgs=55 cs=0 l=1 rev1=1 crypto rx=0x7ff0140098a0 tx=0x7ff014009bb0 comp rx=0 tx=0).ready entity=mon.0 client_cookie=a4b3b3fc910ef29f server_cookie=0 in_seq=0 out_seq=0
2024-03-17T23:46:45.460 INFO:teuthology.orchestra.run.smithi012.stdout:/usr/bin/ceph: stderr
2024-03-17T23:46:44.248+0000 7ff022a00700 1 -- 172.21.15.12:0/3713045603 <== mon.0 v2:172.21.15.12:3300/0 1 ==== mon_map magic: 0 ==== 205+0+0 (secure 0 0 0) 0x7ff014004160 con 0x7ff024106b90
2024-03-17T23:46:45.460 INFO:teuthology.orchestra.run.smithi012.stdout:/usr/bin/ceph: stderr
2024-03-17T23:46:44.248+0000 7ff022a00700 1 -- 172.21.15.12:0/3713045603 <== mon.0 v2:172.21.15.12:3300/0 2 ==== config(27 keys) ==== 1140+0+0 (secure 0 0 0) 0x7ff014004300 con 0x7ff024106b90
2024-03-17T23:46:45.460 INFO:teuthology.orchestra.run.smithi012.stdout:/usr/bin/ceph: stderr
2024-03-17T23:46:44.248+0000 7ff022a00700 1 -- 172.21.15.12:0/3713045603 <== mon.0 v2:172.21.15.12:3300/0 3 ==== mon_map magic: 0 ==== 205+0+0 (secure 0 0 0) 0x7ff014011b20 con 0x7ff024106b90
2024-03-17T23:46:45.460 INFO:teuthology.orchestra.run.smithi012.stdout:/usr/bin/ceph: stderr
2024-03-17T23:46:44.249+0000 7ff02b000700 1 -- 172.21.15.12:0/3713045603 >> [v2:172.21.15.12:3300/0,v1:172.21.15.12:6789/0] conn(0x7ff024106b90 msgr2=0x7ff024106fb0 secure :-1 s=STATE_CONNECTION_ESTABLISHED l=1).mark_down
2024-03-17T23:46:45.460 INFO:teuthology.orchestra.run.smithi012.stdout:/usr/bin/ceph: stderr
2024-03-17T23:46:44.249+0000 7ff02b000700 1 --2- 172.21.15.12:0/3713045603 >> [v2:172.21.15.12:3300/0,v1:172.21.15.12:6789/0] conn(0x7ff024106b90 0x7ff024106fb0 secure :-1 s=READY pgs=55 cs=0 l=1 rev1=1 crypto rx=0x7ff0140098a0 tx=0x7ff014009bb0 comp rx=0 tx=0).stop
2024-03-17T23:46:45.460 INFO:teuthology.orchestra.run.smithi012.stdout:/usr/bin/ceph: stderr
2024-03-17T23:46:44.249+0000 7ff02b000700 1 -- 172.21.15.12:0/3713045603 shutdown_connections
2024-03-17T23:46:45.460 INFO:teuthology.orchestra.run.smithi012.stdout:/usr/bin/ceph: stderr
2024-03-17T23:46:44.249+0000 7ff02b000700 1 --2- 172.21.15.12:0/3713045603 >> [v2:172.21.15.12:3300/0,v1:172.21.15.12:6789/0] conn(0x7ff024106b90 0x7ff024106fb0 unknown :-1 s=CLOSED pgs=55 cs=0 l=1 rev1=1 crypto rx=0 tx=0 comp rx=0 tx=0).stop
2024-03-17T23:46:45.461 INFO:teuthology.orchestra.run.smithi012.stdout:/usr/bin/ceph: stderr
2024-03-17T23:46:44.249+0000 7ff02b000700 1 -- 172.21.15.12:0/3713045603 >> 172.21.15.12:0/3713045603 conn(0x7ff024102110 msgr2=0x7ff024104570 unknown :-1 s=STATE_NONE l=0).mark_down
2024-03-17T23:46:45.461 INFO:teuthology.orchestra.run.smithi012.stdout:/usr/bin/ceph: stderr
2024-03-17T23:46:44.249+0000 7ff02b000700 1 -- 172.21.15.12:0/3713045603 shutdown_connections
2024-03-17T23:46:45.461 INFO:teuthology.orchestra.run.smithi012.stdout:/usr/bin/ceph: stderr
2024-03-17T23:46:44.249+0000 7ff02b000700 1 -- 172.21.15.12:0/3713045603 wait complete.
2024-03-17T23:46:45.461 INFO:teuthology.orchestra.run.smithi012.stdout:/usr/bin/ceph: stderr
2024-03-17T23:46:44.250+0000 7ff02b000700 1 Processor -- start
2024-03-17T23:46:45.461 INFO:teuthology.orchestra.run.smithi012.stdout:/usr/bin/ceph: stderr
2024-03-17T23:46:44.250+0000 7ff02b000700 1 -- start start
2024-03-17T23:46:45.461 INFO:teuthology.orchestra.run.smithi012.stdout:/usr/bin/ceph: stderr
2024-03-17T23:46:44.251+0000 7ff02b000700 1 --2- >> [v2:172.21.15.12:3300/0,v1:172.21.15.12:6789/0] conn(0x7ff024106b90 0x7ff02419bf80 unknown :-1 s=NONE pgs=0 cs=0 l=1 rev1=0 crypto rx=0 tx=0 comp rx=0 tx=0).connect
2024-03-17T23:46:45.461 INFO:teuthology.orchestra.run.smithi012.stdout:/usr/bin/ceph: stderr
2024-03-17T23:46:44.251+0000 7ff02b000700 1 -- --> [v2:172.21.15.12:3300/0,v1:172.21.15.12:6789/0] -- mon_getmap magic: 0 -- 0x7ff02410b140 con 0x7ff024106b90
2024-03-17T23:46:45.461 INFO:teuthology.orchestra.run.smithi012.stdout:/usr/bin/ceph: stderr
2024-03-17T23:46:44.251+0000 7ff023e00700 1 --2- >> [v2:172.21.15.12:3300/0,v1:172.21.15.12:6789/0] conn(0x7ff024106b90 0x7ff02419bf80 unknown :-1 s=BANNER_CONNECTING pgs=0 cs=0 l=1 rev1=0 crypto rx=0 tx=0 comp rx=0 tx=0)._handle_peer_banner_payload supported=3 required=0
2024-03-17T23:46:45.461 INFO:teuthology.orchestra.run.smithi012.stdout:/usr/bin/ceph: stderr
2024-03-17T23:46:44.251+0000 7ff023e00700 1 --2- >> [v2:172.21.15.12:3300/0,v1:172.21.15.12:6789/0] conn(0x7ff024106b90 0x7ff02419bf80 unknown :-1 s=HELLO_CONNECTING pgs=0 cs=0 l=1 rev1=1 crypto rx=0 tx=0 comp rx=0 tx=0).handle_hello peer v2:172.21.15.12:3300/0 says I am v2:172.21.15.12:52864/0 (socket says 172.21.15.12:52864)
2024-03-17T23:46:45.461 INFO:teuthology.orchestra.run.smithi012.stdout:/usr/bin/ceph: stderr
2024-03-17T23:46:44.251+0000 7ff023e00700 1 -- 172.21.15.12:0/1435497885 learned_addr learned my addr 172.21.15.12:0/1435497885 (peer_addr_for_me v2:172.21.15.12:0/0)
2024-03-17T23:46:45.461 INFO:teuthology.orchestra.run.smithi012.stdout:/usr/bin/ceph: stderr
2024-03-17T23:46:44.252+0000 7ff023e00700 1 -- 172.21.15.12:0/1435497885 --> [v2:172.21.15.12:3300/0,v1:172.21.15.12:6789/0] -- mon_subscribe({config=0+,monmap=0+}) -- 0x7ff02419c4c0 con 0x7ff024106b90
2024-03-17T23:46:45.461 INFO:teuthology.orchestra.run.smithi012.stdout:/usr/bin/ceph: stderr
2024-03-17T23:46:44.252+0000 7ff023e00700 1 --2- 172.21.15.12:0/1435497885 >> [v2:172.21.15.12:3300/0,v1:172.21.15.12:6789/0] conn(0x7ff024106b90 0x7ff02419bf80 secure :-1 s=READY pgs=56 cs=0 l=1 rev1=1 crypto rx=0x7ff0140117e0 tx=0x7ff014011ba0 comp rx=0 tx=0).ready entity=mon.0 client_cookie=0 server_cookie=0 in_seq=0 out_seq=0
2024-03-17T23:46:45.461 INFO:teuthology.orchestra.run.smithi012.stdout:/usr/bin/ceph: stderr
2024-03-17T23:46:44.252+0000 7ff020c00700 1 -- 172.21.15.12:0/1435497885 <== mon.0 v2:172.21.15.12:3300/0 1 ==== mon_map magic: 0 ==== 205+0+0 (secure 0 0 0) 0x7ff014003bf0 con 0x7ff024106b90
2024-03-17T23:46:45.462 INFO:teuthology.orchestra.run.smithi012.stdout:/usr/bin/ceph: stderr
2024-03-17T23:46:44.252+0000 7ff020c00700 1 -- 172.21.15.12:0/1435497885 <== mon.0 v2:172.21.15.12:3300/0 2 ==== config(27 keys) ==== 1140+0+0 (secure 0 0 0) 0x7ff01401a910 con 0x7ff024106b90
2024-03-17T23:46:45.462 INFO:teuthology.orchestra.run.smithi012.stdout:/usr/bin/ceph: stderr
2024-03-17T23:46:44.252+0000 7ff020c00700 1 -- 172.21.15.12:0/1435497885 <== mon.0 v2:172.21.15.12:3300/0 3 ==== mon_map magic: 0 ==== 205+0+0 (secure 0 0 0) 0x7ff014024970 con 0x7ff024106b90
2024-03-17T23:46:45.462 INFO:teuthology.orchestra.run.smithi012.stdout:/usr/bin/ceph: stderr
2024-03-17T23:46:44.252+0000 7ff02b000700 1 -- 172.21.15.12:0/1435497885 --> [v2:172.21.15.12:3300/0,v1:172.21.15.12:6789/0] -- mon_subscribe({mgrmap=0+}) -- 0x7ff02419c750 con 0x7ff024106b90
2024-03-17T23:46:45.462 INFO:teuthology.orchestra.run.smithi012.stdout:/usr/bin/ceph: stderr
2024-03-17T23:46:44.252+0000 7ff02b000700 1 -- 172.21.15.12:0/1435497885 --> [v2:172.21.15.12:3300/0,v1:172.21.15.12:6789/0] -- mon_subscribe({osdmap=0}) -- 0x7ff02419cbb0 con 0x7ff024106b90
2024-03-17T23:46:45.462 INFO:teuthology.orchestra.run.smithi012.stdout:/usr/bin/ceph: stderr
2024-03-17T23:46:44.254+0000 7ff020c00700 1 -- 172.21.15.12:0/1435497885 <== mon.0 v2:172.21.15.12:3300/0 4 ==== mgrmap(e 8) ==== 46106+0+0 (secure 0 0 0) 0x7ff014022020 con 0x7ff024106b90
2024-03-17T23:46:45.462 INFO:teuthology.orchestra.run.smithi012.stdout:/usr/bin/ceph: stderr
2024-03-17T23:46:44.254+0000 7ff02b000700 1 -- 172.21.15.12:0/1435497885 --> [v2:172.21.15.12:3300/0,v1:172.21.15.12:6789/0] -- mon_command({"prefix": "get_command_descriptions"} v 0) -- 0x7ff024063900 con 0x7ff024106b90
2024-03-17T23:46:45.462 INFO:teuthology.orchestra.run.smithi012.stdout:/usr/bin/ceph: stderr
2024-03-17T23:46:44.254+0000 7ff020c00700 1 --2- 172.21.15.12:0/1435497885 >> [v2:172.21.15.12:6800/2526360059,v1:172.21.15.12:6801/2526360059] conn(0x7ff008038f70 0x7ff00803b430 unknown :-1 s=NONE pgs=0 cs=0 l=1 rev1=0 crypto rx=0 tx=0 comp rx=0 tx=0).connect
2024-03-17T23:46:45.462 INFO:teuthology.orchestra.run.smithi012.stdout:/usr/bin/ceph: stderr
2024-03-17T23:46:44.254+0000 7ff020c00700 1 -- 172.21.15.12:0/1435497885 <== mon.0 v2:172.21.15.12:3300/0 5 ==== osd_map(2..2 src has 1..2) ==== 940+0+0 (secure 0 0 0) 0x7ff01404d270 con 0x7ff024106b90
2024-03-17T23:46:45.462 INFO:teuthology.orchestra.run.smithi012.stdout:/usr/bin/ceph: stderr
2024-03-17T23:46:44.255+0000 7ff023400700 1 --2- 172.21.15.12:0/1435497885 >> [v2:172.21.15.12:6800/2526360059,v1:172.21.15.12:6801/2526360059] conn(0x7ff008038f70 0x7ff00803b430 unknown :-1 s=BANNER_CONNECTING pgs=0 cs=0 l=1 rev1=0 crypto rx=0 tx=0 comp rx=0 tx=0)._handle_peer_banner_payload supported=3 required=0
2024-03-17T23:46:45.462 INFO:teuthology.orchestra.run.smithi012.stdout:/usr/bin/ceph: stderr
2024-03-17T23:46:44.255+0000 7ff023400700 1 --2- 172.21.15.12:0/1435497885 >> [v2:172.21.15.12:6800/2526360059,v1:172.21.15.12:6801/2526360059] conn(0x7ff008038f70 0x7ff00803b430 secure :-1 s=READY pgs=16 cs=0 l=1 rev1=1 crypto rx=0x7ff010006fd0 tx=0x7ff010006e40 comp rx=0 tx=0).ready entity=mgr.14120 client_cookie=0 server_cookie=0 in_seq=0 out_seq=0
2024-03-17T23:46:45.462 INFO:teuthology.orchestra.run.smithi012.stdout:/usr/bin/ceph: stderr
2024-03-17T23:46:44.260+0000 7ff020c00700 1 -- 172.21.15.12:0/1435497885 <== mon.0 v2:172.21.15.12:3300/0 6 ==== mon_command_ack([{"prefix": "get_command_descriptions"}]=0 v0) ==== 72+0+186149 (secure 0 0 0) 0x7ff01404cc00 con 0x7ff024106b90
2024-03-17T23:46:45.462 INFO:teuthology.orchestra.run.smithi012.stdout:/usr/bin/ceph: stderr
2024-03-17T23:46:44.557+0000 7ff02b000700 1 -- 172.21.15.12:0/1435497885 --> [v2:172.21.15.12:3300/0,v1:172.21.15.12:6789/0] -- mon_command({"prefix": "mgr module enable", "module": "dashboard"} v 0) -- 0x7ff02402dc10 con 0x7ff024106b90
2024-03-17T23:46:45.462 INFO:teuthology.orchestra.run.smithi012.stdout:/usr/bin/ceph: stderr
2024-03-17T23:46:44.733+0000 7ff020c00700 1 -- 172.21.15.12:0/1435497885 <== mon.0 v2:172.21.15.12:3300/0 7 ==== mon_command_ack([{"prefix": "mgr module enable", "module": "dashboard"}]=0 v9) ==== 88+0+0 (secure 0 0 0) 0x7ff01401ab70 con 0x7ff024106b90
2024-03-17T23:46:45.463 INFO:teuthology.orchestra.run.smithi012.stdout:/usr/bin/ceph: stderr
2024-03-17T23:46:44.737+0000 7ff02b000700 1 -- 172.21.15.12:0/1435497885 >> [v2:172.21.15.12:6800/2526360059,v1:172.21.15.12:6801/2526360059] conn(0x7ff008038f70 msgr2=0x7ff00803b430 secure :-1 s=STATE_CONNECTION_ESTABLISHED l=1).mark_down
2024-03-17T23:46:45.463 INFO:teuthology.orchestra.run.smithi012.stdout:/usr/bin/ceph: stderr
2024-03-17T23:46:44.737+0000 7ff02b000700 1 --2- 172.21.15.12:0/1435497885 >> [v2:172.21.15.12:6800/2526360059,v1:172.21.15.12:6801/2526360059] conn(0x7ff008038f70 0x7ff00803b430 secure :-1 s=READY pgs=16 cs=0 l=1 rev1=1 crypto rx=0x7ff010006fd0 tx=0x7ff010006e40 comp rx=0 tx=0).stop
2024-03-17T23:46:45.463 INFO:teuthology.orchestra.run.smithi012.stdout:/usr/bin/ceph: stderr
2024-03-17T23:46:44.737+0000 7ff02b000700 1 -- 172.21.15.12:0/1435497885 >> [v2:172.21.15.12:3300/0,v1:172.21.15.12:6789/0] conn(0x7ff024106b90 msgr2=0x7ff02419bf80 secure :-1 s=STATE_CONNECTION_ESTABLISHED l=1).mark_down
2024-03-17T23:46:45.463 INFO:teuthology.orchestra.run.smithi012.stdout:/usr/bin/ceph: stderr
2024-03-17T23:46:44.737+0000 7ff02b000700 1 --2- 172.21.15.12:0/1435497885 >> [v2:172.21.15.12:3300/0,v1:172.21.15.12:6789/0] conn(0x7ff024106b90 0x7ff02419bf80 secure :-1 s=READY pgs=56 cs=0 l=1 rev1=1 crypto rx=0x7ff0140117e0 tx=0x7ff014011ba0 comp rx=0 tx=0).stop
2024-03-17T23:46:45.463 INFO:teuthology.orchestra.run.smithi012.stdout:/usr/bin/ceph: stderr
2024-03-17T23:46:44.738+0000 7ff02b000700 1 -- 172.21.15.12:0/1435497885 shutdown_connections
2024-03-17T23:46:45.463 INFO:teuthology.orchestra.run.smithi012.stdout:/usr/bin/ceph: stderr
2024-03-17T23:46:44.738+0000 7ff02b000700 1 --2- 172.21.15.12:0/1435497885 >> [v2:172.21.15.12:6800/2526360059,v1:172.21.15.12:6801/2526360059] conn(0x7ff008038f70 0x7ff00803b430 unknown :-1 s=CLOSED pgs=16 cs=0 l=1 rev1=1 crypto rx=0 tx=0 comp rx=0 tx=0).stop
2024-03-17T23:46:45.463 INFO:teuthology.orchestra.run.smithi012.stdout:/usr/bin/ceph: stderr
2024-03-17T23:46:44.738+0000 7ff02b000700 1 --2- 172.21.15.12:0/1435497885 >> [v2:172.21.15.12:3300/0,v1:172.21.15.12:6789/0] conn(0x7ff024106b90 0x7ff02419bf80 unknown :-1 s=CLOSED pgs=56 cs=0 l=1 rev1=1 crypto rx=0 tx=0 comp rx=0 tx=0).stop
2024-03-17T23:46:45.463 INFO:teuthology.orchestra.run.smithi012.stdout:/usr/bin/ceph: stderr
2024-03-17T23:46:44.738+0000 7ff02b000700 1 -- 172.21.15.12:0/1435497885 >> 172.21.15.12:0/1435497885 conn(0x7ff024102110 msgr2=0x7ff024102fb0 unknown :-1 s=STATE_NONE l=0).mark_down
2024-03-17T23:46:45.463 INFO:teuthology.orchestra.run.smithi012.stdout:/usr/bin/ceph: stderr
2024-03-17T23:46:44.739+0000 7ff02b000700 1 -- 172.21.15.12:0/1435497885 shutdown_connections
2024-03-17T23:46:45.463 INFO:teuthology.orchestra.run.smithi012.stdout:/usr/bin/ceph: stderr
2024-03-17T23:46:44.739+0000 7ff02b000700 1 -- 172.21.15.12:0/1435497885 wait complete.
2024-03-17T23:46:45.735 INFO:journalctl@ceph.mgr.x.smithi012.stdout:Mar 17 23:46:45 smithi012 ceph-4558f3ea-e4b8-11ee-95c9-87774f69a715-mgr-x[31771]:
2024-03-17T23:46:45.609+0000 7fb9bad84200 -1 mgr[py] Module osd_perf_query has missing NOTIFY_TYPES member
2024-03-17T23:46:46.024 INFO:journalctl@ceph.mgr.x.smithi012.stdout:Mar 17 23:46:45 smithi012 ceph-4558f3ea-e4b8-11ee-95c9-87774f69a715-mgr-x[31771]:
2024-03-17T23:46:45.735+0000 7fb9bad84200 -1 mgr[py] Module snap_schedule has missing NOTIFY_TYPES member
2024-03-17T23:46:46.024 INFO:journalctl@ceph.mon.a.smithi012.stdout:Mar 17 23:46:45 smithi012 ceph-mon[31541]: from='client.? 172.21.15.12:0/1435497885' entity='client.admin' cmd='[{"prefix": "mgr module enable", "module": "dashboard"}]': finished
2024-03-17T23:46:46.024 INFO:journalctl@ceph.mon.a.smithi012.stdout:Mar 17 23:46:45 smithi012 ceph-mon[31541]: mgrmap e9: x(active, since 25s)
2024-03-17T23:46:46.903 INFO:journalctl@ceph.mon.a.smithi012.stdout:Mar 17 23:46:46 smithi012 ceph-mon[31541]: from='client.? 172.21.15.12:0/2115121331' entity='client.admin' cmd=[{"prefix": "mgr stat"}]: dispatch
2024-03-17T23:46:46.903 INFO:journalctl@ceph.mgr.x.smithi012.stdout:Mar 17 23:46:46 smithi012 ceph-4558f3ea-e4b8-11ee-95c9-87774f69a715-mgr-x[31771]:
2024-03-17T23:46:46.589+0000 7fb9bad84200 -1 mgr[py] Module zabbix has missing NOTIFY_TYPES member
2024-03-17T23:46:46.903 INFO:journalctl@ceph.mgr.x.smithi012.stdout:Mar 17 23:46:46 smithi012 ceph-4558f3ea-e4b8-11ee-95c9-87774f69a715-mgr-x[31771]:
2024-03-17T23:46:46.716+0000 7fb9bad84200 -1 mgr[py] Module balancer has missing NOTIFY_TYPES member
2024-03-17T23:46:46.903 INFO:journalctl@ceph.mgr.x.smithi012.stdout:Mar 17 23:46:46 smithi012 ceph-4558f3ea-e4b8-11ee-95c9-87774f69a715-mgr-x[31771]:
2024-03-17T23:46:46.902+0000 7fb9bad84200 -1 mgr[py] Module influx has missing NOTIFY_TYPES member
2024-03-17T23:46:47.040 INFO:teuthology.orchestra.run.smithi012.stdout:/usr/bin/ceph: stdout {
2024-03-17T23:46:47.046 INFO:teuthology.orchestra.run.smithi012.stdout:/usr/bin/ceph: stdout "epoch": 9,
2024-03-17T23:46:47.046 INFO:teuthology.orchestra.run.smithi012.stdout:/usr/bin/ceph: stdout "available": true,
2024-03-17T23:46:47.047 INFO:teuthology.orchestra.run.smithi012.stdout:/usr/bin/ceph: stdout "active_name": "x",
2024-03-17T23:46:47.047 INFO:teuthology.orchestra.run.smithi012.stdout:/usr/bin/ceph: stdout "num_standby": 0
2024-03-17T23:46:47.047 INFO:teuthology.orchestra.run.smithi012.stdout:/usr/bin/ceph: stdout }
2024-03-17T23:46:47.047 INFO:teuthology.orchestra.run.smithi012.stdout:/usr/bin/ceph: stderr
2024-03-17T23:46:46.079+0000 7fee5fc00700 1 Processor -- start
2024-03-17T23:46:47.047 INFO:teuthology.orchestra.run.smithi012.stdout:/usr/bin/ceph: stderr
2024-03-17T23:46:46.079+0000 7fee5fc00700 1 -- start start
2024-03-17T23:46:47.047 INFO:teuthology.orchestra.run.smithi012.stdout:/usr/bin/ceph: stderr
2024-03-17T23:46:46.080+0000 7fee5fc00700 1 --2- >> [v2:172.21.15.12:3300/0,v1:172.21.15.12:6789/0] conn(0x7fee58109e50 0x7fee5810a270 unknown :-1 s=NONE pgs=0 cs=0 l=0 rev1=0 crypto rx=0 tx=0 comp rx=0 tx=0).connect
2024-03-17T23:46:47.047 INFO:teuthology.orchestra.run.smithi012.stdout:/usr/bin/ceph: stderr
2024-03-17T23:46:46.080+0000 7fee5fc00700 1 -- --> [v2:172.21.15.12:3300/0,v1:172.21.15.12:6789/0] -- mon_getmap magic: 0 -- 0x7fee5810a7b0 con 0x7fee58109e50
2024-03-17T23:46:47.047 INFO:teuthology.orchestra.run.smithi012.stdout:/usr/bin/ceph: stderr
2024-03-17T23:46:46.080+0000 7fee5d200700 1 --2- >> [v2:172.21.15.12:3300/0,v1:172.21.15.12:6789/0] conn(0x7fee58109e50 0x7fee5810a270 unknown :-1 s=BANNER_CONNECTING pgs=0 cs=0 l=0 rev1=0 crypto rx=0 tx=0 comp rx=0 tx=0)._handle_peer_banner_payload supported=3 required=0
2024-03-17T23:46:47.047 INFO:teuthology.orchestra.run.smithi012.stdout:/usr/bin/ceph: stderr
2024-03-17T23:46:46.080+0000 7fee5d200700 1 --2- >> [v2:172.21.15.12:3300/0,v1:172.21.15.12:6789/0] conn(0x7fee58109e50 0x7fee5810a270 unknown :-1 s=HELLO_CONNECTING pgs=0 cs=0 l=0 rev1=1 crypto rx=0 tx=0 comp rx=0 tx=0).handle_hello peer v2:172.21.15.12:3300/0 says I am v2:172.21.15.12:52890/0 (socket says 172.21.15.12:52890)
2024-03-17T23:46:47.047 INFO:teuthology.orchestra.run.smithi012.stdout:/usr/bin/ceph: stderr
2024-03-17T23:46:46.080+0000 7fee5d200700 1 -- 172.21.15.12:0/435790081 learned_addr learned my addr 172.21.15.12:0/435790081 (peer_addr_for_me v2:172.21.15.12:0/0)
2024-03-17T23:46:47.047 INFO:teuthology.orchestra.run.smithi012.stdout:/usr/bin/ceph: stderr
2024-03-17T23:46:46.081+0000 7fee5d200700 1 -- 172.21.15.12:0/435790081 --> [v2:172.21.15.12:3300/0,v1:172.21.15.12:6789/0] -- mon_subscribe({config=0+,monmap=0+}) -- 0x7fee5810b040 con 0x7fee58109e50
2024-03-17T23:46:47.047 INFO:teuthology.orchestra.run.smithi012.stdout:/usr/bin/ceph: stderr
2024-03-17T23:46:46.081+0000 7fee5d200700 1 --2- 172.21.15.12:0/435790081 >> [v2:172.21.15.12:3300/0,v1:172.21.15.12:6789/0] conn(0x7fee58109e50 0x7fee5810a270 secure :-1 s=READY pgs=59 cs=0 l=1 rev1=1 crypto rx=0x7fee4c0098a0 tx=0x7fee4c009bb0 comp rx=0 tx=0).ready entity=mon.0 client_cookie=8542e2cd3f66ca7e server_cookie=0 in_seq=0 out_seq=0
2024-03-17T23:46:47.048 INFO:teuthology.orchestra.run.smithi012.stdout:/usr/bin/ceph: stderr
2024-03-17T23:46:46.081+0000 7fee57400700 1 -- 172.21.15.12:0/435790081 <== mon.0 v2:172.21.15.12:3300/0 1 ==== mon_map magic: 0 ==== 205+0+0 (secure 0 0 0) 0x7fee4c004160 con 0x7fee58109e50
2024-03-17T23:46:47.048 INFO:teuthology.orchestra.run.smithi012.stdout:/usr/bin/ceph: stderr
2024-03-17T23:46:46.081+0000 7fee57400700 1 -- 172.21.15.12:0/435790081 <== mon.0 v2:172.21.15.12:3300/0 2 ==== config(27 keys) ==== 1140+0+0 (secure 0 0 0) 0x7fee4c004300 con 0x7fee58109e50
2024-03-17T23:46:47.048 INFO:teuthology.orchestra.run.smithi012.stdout:/usr/bin/ceph: stderr
2024-03-17T23:46:46.081+0000 7fee57400700 1 -- 172.21.15.12:0/435790081 <== mon.0 v2:172.21.15.12:3300/0 3 ==== mon_map magic: 0 ==== 205+0+0 (secure 0 0 0) 0x7fee4c011b20 con 0x7fee58109e50
2024-03-17T23:46:47.048 INFO:teuthology.orchestra.run.smithi012.stdout:/usr/bin/ceph: stderr
2024-03-17T23:46:46.082+0000 7fee5fc00700 1 -- 172.21.15.12:0/435790081 >> [v2:172.21.15.12:3300/0,v1:172.21.15.12:6789/0] conn(0x7fee58109e50 msgr2=0x7fee5810a270 secure :-1 s=STATE_CONNECTION_ESTABLISHED l=1).mark_down
2024-03-17T23:46:47.048 INFO:teuthology.orchestra.run.smithi012.stdout:/usr/bin/ceph: stderr
2024-03-17T23:46:46.082+0000 7fee5fc00700 1 --2- 172.21.15.12:0/435790081 >> [v2:172.21.15.12:3300/0,v1:172.21.15.12:6789/0] conn(0x7fee58109e50 0x7fee5810a270 secure :-1 s=READY pgs=59 cs=0 l=1 rev1=1 crypto rx=0x7fee4c0098a0 tx=0x7fee4c009bb0 comp rx=0 tx=0).stop
2024-03-17T23:46:47.048 INFO:teuthology.orchestra.run.smithi012.stdout:/usr/bin/ceph: stderr
2024-03-17T23:46:46.082+0000 7fee5fc00700 1 -- 172.21.15.12:0/435790081 shutdown_connections
2024-03-17T23:46:47.048 INFO:teuthology.orchestra.run.smithi012.stdout:/usr/bin/ceph: stderr
2024-03-17T23:46:46.082+0000 7fee5fc00700 1 --2- 172.21.15.12:0/435790081 >> [v2:172.21.15.12:3300/0,v1:172.21.15.12:6789/0] conn(0x7fee58109e50 0x7fee5810a270 unknown :-1 s=CLOSED pgs=59 cs=0 l=1 rev1=1 crypto rx=0 tx=0 comp rx=0 tx=0).stop
2024-03-17T23:46:47.048 INFO:teuthology.orchestra.run.smithi012.stdout:/usr/bin/ceph: stderr
2024-03-17T23:46:46.082+0000 7fee5fc00700 1 -- 172.21.15.12:0/435790081 >> 172.21.15.12:0/435790081 conn(0x7fee58105580 msgr2=0x7fee58107970 unknown :-1 s=STATE_NONE l=0).mark_down
2024-03-17T23:46:47.048 INFO:teuthology.orchestra.run.smithi012.stdout:/usr/bin/ceph: stderr
2024-03-17T23:46:46.082+0000 7fee5fc00700 1 -- 172.21.15.12:0/435790081 shutdown_connections
2024-03-17T23:46:47.048 INFO:teuthology.orchestra.run.smithi012.stdout:/usr/bin/ceph: stderr
2024-03-17T23:46:46.082+0000 7fee5fc00700 1 -- 172.21.15.12:0/435790081 wait complete.
2024-03-17T23:46:47.048 INFO:teuthology.orchestra.run.smithi012.stdout:/usr/bin/ceph: stderr
2024-03-17T23:46:46.084+0000 7fee5fc00700 1 Processor -- start
2024-03-17T23:46:47.048 INFO:teuthology.orchestra.run.smithi012.stdout:/usr/bin/ceph: stderr
2024-03-17T23:46:46.084+0000 7fee5fc00700 1 -- start start
2024-03-17T23:46:47.048 INFO:teuthology.orchestra.run.smithi012.stdout:/usr/bin/ceph: stderr
2024-03-17T23:46:46.085+0000 7fee5fc00700 1 --2- >> [v2:172.21.15.12:3300/0,v1:172.21.15.12:6789/0] conn(0x7fee58109e50 0x7fee5819e180 unknown :-1 s=NONE pgs=0 cs=0 l=1 rev1=0 crypto rx=0 tx=0 comp rx=0 tx=0).connect
2024-03-17T23:46:47.049 INFO:teuthology.orchestra.run.smithi012.stdout:/usr/bin/ceph: stderr
2024-03-17T23:46:46.085+0000 7fee5fc00700 1 -- --> [v2:172.21.15.12:3300/0,v1:172.21.15.12:6789/0] -- mon_getmap magic: 0 -- 0x7fee5810e300 con 0x7fee58109e50
2024-03-17T23:46:47.049 INFO:teuthology.orchestra.run.smithi012.stdout:/usr/bin/ceph: stderr
2024-03-17T23:46:46.085+0000 7fee5d200700 1 --2- >> [v2:172.21.15.12:3300/0,v1:172.21.15.12:6789/0] conn(0x7fee58109e50 0x7fee5819e180 unknown :-1 s=BANNER_CONNECTING pgs=0 cs=0 l=1 rev1=0 crypto rx=0 tx=0 comp rx=0 tx=0)._handle_peer_banner_payload supported=3 required=0
2024-03-17T23:46:47.049 INFO:teuthology.orchestra.run.smithi012.stdout:/usr/bin/ceph: stderr
2024-03-17T23:46:46.085+0000 7fee5d200700 1 --2- >> [v2:172.21.15.12:3300/0,v1:172.21.15.12:6789/0] conn(0x7fee58109e50 0x7fee5819e180 unknown :-1 s=HELLO_CONNECTING pgs=0 cs=0 l=1 rev1=1 crypto rx=0 tx=0 comp rx=0 tx=0).handle_hello peer v2:172.21.15.12:3300/0 says I am v2:172.21.15.12:52898/0 (socket says 172.21.15.12:52898)
2024-03-17T23:46:47.049 INFO:teuthology.orchestra.run.smithi012.stdout:/usr/bin/ceph: stderr
2024-03-17T23:46:46.085+0000 7fee5d200700 1 -- 172.21.15.12:0/2115121331 learned_addr learned my addr 172.21.15.12:0/2115121331 (peer_addr_for_me v2:172.21.15.12:0/0)
2024-03-17T23:46:47.049 INFO:teuthology.orchestra.run.smithi012.stdout:/usr/bin/ceph: stderr
2024-03-17T23:46:46.085+0000 7fee5d200700 1 -- 172.21.15.12:0/2115121331 --> [v2:172.21.15.12:3300/0,v1:172.21.15.12:6789/0] -- mon_subscribe({config=0+,monmap=0+}) -- 0x7fee5819e6c0 con 0x7fee58109e50
2024-03-17T23:46:47.049 INFO:teuthology.orchestra.run.smithi012.stdout:/usr/bin/ceph: stderr
2024-03-17T23:46:46.086+0000 7fee5d200700 1 --2- 172.21.15.12:0/2115121331 >> [v2:172.21.15.12:3300/0,v1:172.21.15.12:6789/0] conn(0x7fee58109e50 0x7fee5819e180 secure :-1 s=READY pgs=60 cs=0 l=1 rev1=1 crypto rx=0x7fee4c0117e0 tx=0x7fee4c011ba0 comp rx=0 tx=0).ready entity=mon.0 client_cookie=0 server_cookie=0 in_seq=0 out_seq=0
2024-03-17T23:46:47.049 INFO:teuthology.orchestra.run.smithi012.stdout:/usr/bin/ceph: stderr
2024-03-17T23:46:46.086+0000 7fee55600700 1 -- 172.21.15.12:0/2115121331 <== mon.0 v2:172.21.15.12:3300/0 1 ==== mon_map magic: 0 ==== 205+0+0 (secure 0 0 0) 0x7fee4c003bf0 con 0x7fee58109e50
2024-03-17T23:46:47.049 INFO:teuthology.orchestra.run.smithi012.stdout:/usr/bin/ceph: stderr
2024-03-17T23:46:46.086+0000 7fee55600700 1 -- 172.21.15.12:0/2115121331 <== mon.0 v2:172.21.15.12:3300/0 2 ==== config(27 keys) ==== 1140+0+0 (secure 0 0 0) 0x7fee4c01a910 con 0x7fee58109e50
2024-03-17T23:46:47.049 INFO:teuthology.orchestra.run.smithi012.stdout:/usr/bin/ceph: stderr
2024-03-17T23:46:46.086+0000 7fee5fc00700 1 -- 172.21.15.12:0/2115121331 --> [v2:172.21.15.12:3300/0,v1:172.21.15.12:6789/0] -- mon_subscribe({mgrmap=0+}) -- 0x7fee5819e950 con 0x7fee58109e50
2024-03-17T23:46:47.049 INFO:teuthology.orchestra.run.smithi012.stdout:/usr/bin/ceph: stderr
2024-03-17T23:46:46.086+0000 7fee55600700 1 -- 172.21.15.12:0/2115121331 <== mon.0 v2:172.21.15.12:3300/0 3 ==== mon_map magic: 0 ==== 205+0+0 (secure 0 0 0) 0x7fee4c024970 con 0x7fee58109e50
2024-03-17T23:46:47.049 INFO:teuthology.orchestra.run.smithi012.stdout:/usr/bin/ceph: stderr
2024-03-17T23:46:46.086+0000 7fee5fc00700 1 -- 172.21.15.12:0/2115121331 --> [v2:172.21.15.12:3300/0,v1:172.21.15.12:6789/0] -- mon_subscribe({osdmap=0}) -- 0x7fee5819edb0 con 0x7fee58109e50
2024-03-17T23:46:47.049 INFO:teuthology.orchestra.run.smithi012.stdout:/usr/bin/ceph: stderr
2024-03-17T23:46:46.087+0000 7fee5fc00700 1 -- 172.21.15.12:0/2115121331 --> [v2:172.21.15.12:3300/0,v1:172.21.15.12:6789/0] -- mon_command({"prefix": "get_command_descriptions"} v 0) -- 0x7fee58063900 con 0x7fee58109e50
2024-03-17T23:46:47.049 INFO:teuthology.orchestra.run.smithi012.stdout:/usr/bin/ceph: stderr
2024-03-17T23:46:46.087+0000 7fee55600700 1 -- 172.21.15.12:0/2115121331 <== mon.0 v2:172.21.15.12:3300/0 4 ==== mgrmap(e 9) ==== 46119+0+0 (secure 0 0 0) 0x7fee4c022020 con 0x7fee58109e50
2024-03-17T23:46:47.049 INFO:teuthology.orchestra.run.smithi012.stdout:/usr/bin/ceph: stderr
2024-03-17T23:46:46.088+0000 7fee55600700 1 --2- 172.21.15.12:0/2115121331 >> [v2:172.21.15.12:6800/2526360059,v1:172.21.15.12:6801/2526360059] conn(0x7fee40038f70 0x7fee4003b430 unknown :-1 s=NONE pgs=0 cs=0 l=1 rev1=0 crypto rx=0 tx=0 comp rx=0 tx=0).connect
2024-03-17T23:46:47.050 INFO:teuthology.orchestra.run.smithi012.stdout:/usr/bin/ceph: stderr
2024-03-17T23:46:46.088+0000 7fee55600700 1 -- 172.21.15.12:0/2115121331 <== mon.0 v2:172.21.15.12:3300/0 5 ==== osd_map(2..2 src has 1..2) ==== 940+0+0 (secure 0 0 0) 0x7fee4c04d6e0 con 0x7fee58109e50
2024-03-17T23:46:47.050 INFO:teuthology.orchestra.run.smithi012.stdout:/usr/bin/ceph: stderr
2024-03-17T23:46:46.088+0000 7fee57e00700 1 -- 172.21.15.12:0/2115121331 >> [v2:172.21.15.12:6800/2526360059,v1:172.21.15.12:6801/2526360059] conn(0x7fee40038f70 msgr2=0x7fee4003b430 unknown :-1 s=STATE_CONNECTING_RE l=1).process reconnect failed to v2:172.21.15.12:6800/2526360059
2024-03-17T23:46:47.050 INFO:teuthology.orchestra.run.smithi012.stdout:/usr/bin/ceph: stderr
2024-03-17T23:46:46.088+0000 7fee57e00700 1 --2- 172.21.15.12:0/2115121331 >> [v2:172.21.15.12:6800/2526360059,v1:172.21.15.12:6801/2526360059] conn(0x7fee40038f70 0x7fee4003b430 unknown :-1 s=START_CONNECT pgs=0 cs=0 l=1 rev1=0 crypto rx=0 tx=0 comp rx=0 tx=0)._fault waiting 0.200000
2024-03-17T23:46:47.050 INFO:teuthology.orchestra.run.smithi012.stdout:/usr/bin/ceph: stderr
2024-03-17T23:46:46.097+0000 7fee55600700 1 -- 172.21.15.12:0/2115121331 <== mon.0 v2:172.21.15.12:3300/0 6 ==== mon_command_ack([{"prefix": "get_command_descriptions"}]=0 v0) ==== 72+0+186149 (secure 0 0 0) 0x7fee4c04d070 con 0x7fee58109e50
2024-03-17T23:46:47.050 INFO:teuthology.orchestra.run.smithi012.stdout:/usr/bin/ceph: stderr
2024-03-17T23:46:46.289+0000 7fee57e00700 1 -- 172.21.15.12:0/2115121331 >> [v2:172.21.15.12:6800/2526360059,v1:172.21.15.12:6801/2526360059] conn(0x7fee40038f70 msgr2=0x7fee4003b430 unknown :-1 s=STATE_CONNECTING_RE l=1).process reconnect failed to v2:172.21.15.12:6800/2526360059
2024-03-17T23:46:47.050 INFO:teuthology.orchestra.run.smithi012.stdout:/usr/bin/ceph: stderr
2024-03-17T23:46:46.289+0000 7fee57e00700 1 --2- 172.21.15.12:0/2115121331 >> [v2:172.21.15.12:6800/2526360059,v1:172.21.15.12:6801/2526360059] conn(0x7fee40038f70 0x7fee4003b430 unknown :-1 s=START_CONNECT pgs=0 cs=0 l=1 rev1=0 crypto rx=0 tx=0 comp rx=0 tx=0)._fault waiting 0.400000
2024-03-17T23:46:47.050 INFO:teuthology.orchestra.run.smithi012.stdout:/usr/bin/ceph: stderr
2024-03-17T23:46:46.380+0000 7fee5fc00700 1 -- 172.21.15.12:0/2115121331 --> [v2:172.21.15.12:3300/0,v1:172.21.15.12:6789/0] -- mon_command({"prefix": "mgr stat"} v 0) -- 0x7fee5802dc10 con 0x7fee58109e50
2024-03-17T23:46:47.050 INFO:teuthology.orchestra.run.smithi012.stdout:/usr/bin/ceph: stderr
2024-03-17T23:46:46.381+0000 7fee55600700 1 -- 172.21.15.12:0/2115121331 <== mon.0 v2:172.21.15.12:3300/0 7 ==== mon_command_ack([{"prefix": "mgr stat"}]=0 v9) ==== 56+0+88 (secure 0 0 0) 0x7fee4c017ca0 con 0x7fee58109e50
2024-03-17T23:46:47.050 INFO:teuthology.orchestra.run.smithi012.stdout:/usr/bin/ceph: stderr
2024-03-17T23:46:46.384+0000 7fee5fc00700 1 -- 172.21.15.12:0/2115121331 >> [v2:172.21.15.12:6800/2526360059,v1:172.21.15.12:6801/2526360059] conn(0x7fee40038f70 msgr2=0x7fee4003b430 unknown :-1 s=STATE_CONNECTING l=1).mark_down
2024-03-17T23:46:47.050 INFO:teuthology.orchestra.run.smithi012.stdout:/usr/bin/ceph: stderr
2024-03-17T23:46:46.384+0000 7fee5fc00700 1 --2- 172.21.15.12:0/2115121331 >> [v2:172.21.15.12:6800/2526360059,v1:172.21.15.12:6801/2526360059] conn(0x7fee40038f70 0x7fee4003b430 unknown :-1 s=START_CONNECT pgs=0 cs=0 l=1 rev1=0 crypto rx=0 tx=0 comp rx=0 tx=0).stop
2024-03-17T23:46:47.050 INFO:teuthology.orchestra.run.smithi012.stdout:/usr/bin/ceph: stderr
2024-03-17T23:46:46.384+0000 7fee5fc00700 1 -- 172.21.15.12:0/2115121331 >> [v2:172.21.15.12:3300/0,v1:172.21.15.12:6789/0] conn(0x7fee58109e50 msgr2=0x7fee5819e180 secure :-1 s=STATE_CONNECTION_ESTABLISHED l=1).mark_down
2024-03-17T23:46:47.050 INFO:teuthology.orchestra.run.smithi012.stdout:/usr/bin/ceph: stderr
2024-03-17T23:46:46.384+0000 7fee5fc00700 1 --2- 172.21.15.12:0/2115121331 >> [v2:172.21.15.12:3300/0,v1:172.21.15.12:6789/0] conn(0x7fee58109e50 0x7fee5819e180 secure :-1 s=READY pgs=60 cs=0 l=1 rev1=1 crypto rx=0x7fee4c0117e0 tx=0x7fee4c011ba0 comp rx=0 tx=0).stop
2024-03-17T23:46:47.050 INFO:teuthology.orchestra.run.smithi012.stdout:/usr/bin/ceph: stderr
2024-03-17T23:46:46.384+0000 7fee5fc00700 1 -- 172.21.15.12:0/2115121331 shutdown_connections
2024-03-17T23:46:47.050 INFO:teuthology.orchestra.run.smithi012.stdout:/usr/bin/ceph: stderr
2024-03-17T23:46:46.384+0000 7fee5fc00700 1 --2- 172.21.15.12:0/2115121331 >> [v2:172.21.15.12:6800/2526360059,v1:172.21.15.12:6801/2526360059] conn(0x7fee40038f70 0x7fee4003b430 unknown :-1 s=CLOSED pgs=0 cs=0 l=1 rev1=0 crypto rx=0 tx=0 comp rx=0 tx=0).stop
2024-03-17T23:46:47.051 INFO:teuthology.orchestra.run.smithi012.stdout:/usr/bin/ceph: stderr
2024-03-17T23:46:46.384+0000 7fee5fc00700 1 --2- 172.21.15.12:0/2115121331 >> [v2:172.21.15.12:3300/0,v1:172.21.15.12:6789/0] conn(0x7fee58109e50 0x7fee5819e180 unknown :-1 s=CLOSED pgs=60 cs=0 l=1 rev1=1 crypto rx=0 tx=0 comp rx=0 tx=0).stop
2024-03-17T23:46:47.051 INFO:teuthology.orchestra.run.smithi012.stdout:/usr/bin/ceph: stderr
2024-03-17T23:46:46.384+0000 7fee5fc00700 1 -- 172.21.15.12:0/2115121331 >> 172.21.15.12:0/2115121331 conn(0x7fee58105580 msgr2=0x7fee581071b0 unknown :-1 s=STATE_NONE l=0).mark_down
2024-03-17T23:46:47.051 INFO:teuthology.orchestra.run.smithi012.stdout:/usr/bin/ceph: stderr
2024-03-17T23:46:46.384+0000 7fee5fc00700 1 -- 172.21.15.12:0/2115121331 shutdown_connections
2024-03-17T23:46:47.051 INFO:teuthology.orchestra.run.smithi012.stdout:/usr/bin/ceph: stderr
2024-03-17T23:46:46.384+0000 7fee5fc00700 1 -- 172.21.15.12:0/2115121331 wait complete.
2024-03-17T23:46:47.051 INFO:teuthology.orchestra.run.smithi012.stdout:Waiting for the mgr to restart...
2024-03-17T23:46:47.051 INFO:teuthology.orchestra.run.smithi012.stdout:Waiting for mgr epoch 9...
2024-03-17T23:46:47.163 INFO:journalctl@ceph.mgr.x.smithi012.stdout:Mar 17 23:46:47 smithi012 ceph-4558f3ea-e4b8-11ee-95c9-87774f69a715-mgr-x[31771]:
2024-03-17T23:46:47.032+0000 7fb9bad84200 -1 mgr[py] Module alerts has missing NOTIFY_TYPES member
2024-03-17T23:46:47.164 INFO:journalctl@ceph.mgr.x.smithi012.stdout:Mar 17 23:46:47 smithi012 ceph-4558f3ea-e4b8-11ee-95c9-87774f69a715-mgr-x[31771]:
2024-03-17T23:46:47.162+0000 7fb9bad84200 -1 mgr[py] Module iostat has missing NOTIFY_TYPES member
2024-03-17T23:46:47.784 INFO:journalctl@ceph.mgr.x.smithi012.stdout:Mar 17 23:46:47 smithi012 ceph-4558f3ea-e4b8-11ee-95c9-87774f69a715-mgr-x[31771]:
2024-03-17T23:46:47.515+0000 7fb9bad84200 -1 mgr[py] Module rgw has missing NOTIFY_TYPES member
2024-03-17T23:46:47.784 INFO:journalctl@ceph.mgr.x.smithi012.stdout:Mar 17 23:46:47 smithi012 ceph-4558f3ea-e4b8-11ee-95c9-87774f69a715-mgr-x[31771]:
2024-03-17T23:46:47.667+0000 7fb9bad84200 -1 mgr[py] Module rbd_support has missing NOTIFY_TYPES member
2024-03-17T23:46:47.785 INFO:journalctl@ceph.mgr.x.smithi012.stdout:Mar 17 23:46:47 smithi012 ceph-4558f3ea-e4b8-11ee-95c9-87774f69a715-mgr-x[31771]:
2024-03-17T23:46:47.783+0000 7fb9bad84200 -1 mgr[py] Module progress has missing NOTIFY_TYPES member
2024-03-17T23:46:48.136 INFO:journalctl@ceph.mgr.x.smithi012.stdout:Mar 17 23:46:47 smithi012 ceph-4558f3ea-e4b8-11ee-95c9-87774f69a715-mgr-x[31771]:
2024-03-17T23:46:47.912+0000 7fb9bad84200 -1 mgr[py] Module pg_autoscaler has missing NOTIFY_TYPES member
2024-03-17T23:46:48.136 INFO:journalctl@ceph.mgr.x.smithi012.stdout:Mar 17 23:46:48 smithi012 ceph-4558f3ea-e4b8-11ee-95c9-87774f69a715-mgr-x[31771]:
2024-03-17T23:46:48.134+0000 7fb9bad84200 -1 mgr[py] Module devicehealth has missing NOTIFY_TYPES member
2024-03-17T23:46:49.919 INFO:journalctl@ceph.mgr.x.smithi012.stdout:Mar 17 23:46:49 smithi012 ceph-4558f3ea-e4b8-11ee-95c9-87774f69a715-mgr-x[31771]:
2024-03-17T23:46:49.450+0000 7fb9bad84200 -1 mgr[py] Module rook has missing NOTIFY_TYPES member
2024-03-17T23:46:49.919 INFO:journalctl@ceph.mgr.x.smithi012.stdout:Mar 17 23:46:49 smithi012 ceph-4558f3ea-e4b8-11ee-95c9-87774f69a715-mgr-x[31771]:
2024-03-17T23:46:49.628+0000 7fb9bad84200 -1 mgr[py] Module diskprediction_local has missing NOTIFY_TYPES member
2024-03-17T23:46:50.423 INFO:journalctl@ceph.mgr.x.smithi012.stdout:Mar 17 23:46:50 smithi012 ceph-4558f3ea-e4b8-11ee-95c9-87774f69a715-mgr-x[31771]:
2024-03-17T23:46:50.055+0000 7fb9bad84200 -1 mgr[py] Module selftest has missing NOTIFY_TYPES member
2024-03-17T23:46:50.423 INFO:journalctl@ceph.mgr.x.smithi012.stdout:Mar 17 23:46:50 smithi012 ceph-4558f3ea-e4b8-11ee-95c9-87774f69a715-mgr-x[31771]:
2024-03-17T23:46:50.178+0000 7fb9bad84200 -1 mgr[py] Module telegraf has missing NOTIFY_TYPES member
2024-03-17T23:46:50.701 INFO:journalctl@ceph.mgr.x.smithi012.stdout:Mar 17 23:46:50 smithi012 ceph-4558f3ea-e4b8-11ee-95c9-87774f69a715-mgr-x[31771]:
2024-03-17T23:46:50.445+0000 7fb9bad84200 -1 mgr[py] Module test_orchestrator has missing NOTIFY_TYPES member
2024-03-17T23:46:51.090 INFO:journalctl@ceph.mgr.x.smithi012.stdout:Mar 17 23:46:50 smithi012 ceph-4558f3ea-e4b8-11ee-95c9-87774f69a715-mgr-x[31771]:
2024-03-17T23:46:50.700+0000 7fb9bad84200 -1 mgr[py] Module crash has missing NOTIFY_TYPES member
2024-03-17T23:46:51.090 INFO:journalctl@ceph.mgr.x.smithi012.stdout:Mar 17 23:46:51 smithi012 ceph-4558f3ea-e4b8-11ee-95c9-87774f69a715-mgr-x[31771]:
2024-03-17T23:46:51.088+0000 7fb9bad84200 -1 mgr[py] Module orchestrator has missing NOTIFY_TYPES member
2024-03-17T23:46:51.668 INFO:journalctl@ceph.mgr.x.smithi012.stdout:Mar 17 23:46:51 smithi012 ceph-4558f3ea-e4b8-11ee-95c9-87774f69a715-mgr-x[31771]:
2024-03-17T23:46:51.413+0000 7fb9bad84200 -1 mgr[py] Module osd_support has missing NOTIFY_TYPES member
2024-03-17T23:46:52.169 INFO:journalctl@ceph.mgr.x.smithi012.stdout:Mar 17 23:46:51 smithi012 ceph-4558f3ea-e4b8-11ee-95c9-87774f69a715-mgr-x[31771]:
2024-03-17T23:46:51.729+0000 7fb9bad84200 -1 mgr[py] Module volumes has missing NOTIFY_TYPES member
2024-03-17T23:46:53.168 INFO:journalctl@ceph.mgr.x.smithi012.stdout:Mar 17 23:46:52 smithi012 ceph-4558f3ea-e4b8-11ee-95c9-87774f69a715-mgr-x[31771]:
2024-03-17T23:46:52.798+0000 7fb9bad84200 -1 mgr[py] Module telemetry has missing NOTIFY_TYPES member
2024-03-17T23:46:53.872 INFO:journalctl@ceph.mgr.x.smithi012.stdout:Mar 17 23:46:53 smithi012 ceph-4558f3ea-e4b8-11ee-95c9-87774f69a715-mgr-x[31771]:
2024-03-17T23:46:53.521+0000 7fb9bad84200 -1 mgr[py] Module prometheus has missing NOTIFY_TYPES member
2024-03-17T23:46:53.872 INFO:journalctl@ceph.mgr.x.smithi012.stdout:Mar 17 23:46:53 smithi012 ceph-4558f3ea-e4b8-11ee-95c9-87774f69a715-mgr-x[31771]:
