2024-03-17T23:46:38.023 INFO:teuthology.orchestra.run.smithi012.stdout:/usr/bin/ceph: stderr
2024-03-17T23:46:36.985+0000 7febefe00700 1 --2- 172.21.15.12:0/3333789466 >> [v2:172.21.15.12:3300/0,v1:172.21.15.12:6789/0] conn(0x7febe8106570 0x7febe81089a0 unknown :-1 s=CLOSED pgs=47 cs=0 l=1 rev1=1 crypto rx=0 tx=0 comp rx=0 tx=0).stop
2024-03-17T23:46:38.023 INFO:teuthology.orchestra.run.smithi012.stdout:/usr/bin/ceph: stderr
2024-03-17T23:46:36.985+0000 7febefe00700 1 -- 172.21.15.12:0/3333789466 >> 172.21.15.12:0/3333789466 conn(0x7febe8102190 msgr2=0x7febe81045f0 unknown :-1 s=STATE_NONE l=0).mark_down
2024-03-17T23:46:38.023 INFO:teuthology.orchestra.run.smithi012.stdout:/usr/bin/ceph: stderr
2024-03-17T23:46:36.986+0000 7febefe00700 1 -- 172.21.15.12:0/3333789466 shutdown_connections
2024-03-17T23:46:38.027 INFO:teuthology.orchestra.run.smithi012.stdout:/usr/bin/ceph: stderr
2024-03-17T23:46:36.986+0000 7febefe00700 1 -- 172.21.15.12:0/3333789466 wait complete.
2024-03-17T23:46:38.027 INFO:teuthology.orchestra.run.smithi012.stdout:/usr/bin/ceph: stderr
2024-03-17T23:46:36.987+0000 7febefe00700 1 Processor -- start
2024-03-17T23:46:38.027 INFO:teuthology.orchestra.run.smithi012.stdout:/usr/bin/ceph: stderr
2024-03-17T23:46:36.987+0000 7febefe00700 1 -- start start
2024-03-17T23:46:38.027 INFO:teuthology.orchestra.run.smithi012.stdout:/usr/bin/ceph: stderr
2024-03-17T23:46:36.987+0000 7febefe00700 1 --2- >> [v2:172.21.15.12:3300/0,v1:172.21.15.12:6789/0] conn(0x7febe8106570 0x7febe81a2590 unknown :-1 s=NONE pgs=0 cs=0 l=1 rev1=0 crypto rx=0 tx=0 comp rx=0 tx=0).connect
2024-03-17T23:46:38.027 INFO:teuthology.orchestra.run.smithi012.stdout:/usr/bin/ceph: stderr
2024-03-17T23:46:36.987+0000 7febefe00700 1 -- --> [v2:172.21.15.12:3300/0,v1:172.21.15.12:6789/0] -- mon_getmap magic: 0 -- 0x7febe8109f70 con 0x7febe8106570
2024-03-17T23:46:38.027 INFO:teuthology.orchestra.run.smithi012.stdout:/usr/bin/ceph: stderr
2024-03-17T23:46:36.987+0000 7febed400700 1 --2- >> [v2:172.21.15.12:3300/0,v1:172.21.15.12:6789/0] conn(0x7febe8106570 0x7febe81a2590 unknown :-1 s=BANNER_CONNECTING pgs=0 cs=0 l=1 rev1=0 crypto rx=0 tx=0 comp rx=0 tx=0)._handle_peer_banner_payload supported=3 required=0
2024-03-17T23:46:38.027 INFO:teuthology.orchestra.run.smithi012.stdout:/usr/bin/ceph: stderr
2024-03-17T23:46:36.987+0000 7febed400700 1 --2- >> [v2:172.21.15.12:3300/0,v1:172.21.15.12:6789/0] conn(0x7febe8106570 0x7febe81a2590 unknown :-1 s=HELLO_CONNECTING pgs=0 cs=0 l=1 rev1=1 crypto rx=0 tx=0 comp rx=0 tx=0).handle_hello peer v2:172.21.15.12:3300/0 says I am v2:172.21.15.12:47432/0 (socket says 172.21.15.12:47432)
2024-03-17T23:46:38.027 INFO:teuthology.orchestra.run.smithi012.stdout:/usr/bin/ceph: stderr
2024-03-17T23:46:36.987+0000 7febed400700 1 -- 172.21.15.12:0/2691350929 learned_addr learned my addr 172.21.15.12:0/2691350929 (peer_addr_for_me v2:172.21.15.12:0/0)
2024-03-17T23:46:38.027 INFO:teuthology.orchestra.run.smithi012.stdout:/usr/bin/ceph: stderr
2024-03-17T23:46:36.988+0000 7febed400700 1 -- 172.21.15.12:0/2691350929 --> [v2:172.21.15.12:3300/0,v1:172.21.15.12:6789/0] -- mon_subscribe({config=0+,monmap=0+}) -- 0x7febe81a2ad0 con 0x7febe8106570
2024-03-17T23:46:38.027 INFO:teuthology.orchestra.run.smithi012.stdout:/usr/bin/ceph: stderr
2024-03-17T23:46:36.988+0000 7febed400700 1 --2- 172.21.15.12:0/2691350929 >> [v2:172.21.15.12:3300/0,v1:172.21.15.12:6789/0] conn(0x7febe8106570 0x7febe81a2590 secure :-1 s=READY pgs=48 cs=0 l=1 rev1=1 crypto rx=0x7febdc011b60 tx=0x7febdc011c40 comp rx=0 tx=0).ready entity=mon.0 client_cookie=0 server_cookie=0 in_seq=0 out_seq=0
2024-03-17T23:46:38.027 INFO:teuthology.orchestra.run.smithi012.stdout:/usr/bin/ceph: stderr
2024-03-17T23:46:36.988+0000 7febe6000700 1 -- 172.21.15.12:0/2691350929 <== mon.0 v2:172.21.15.12:3300/0 1 ==== mon_map magic: 0 ==== 205+0+0 (secure 0 0 0) 0x7febdc003b20 con 0x7febe8106570
2024-03-17T23:46:38.028 INFO:teuthology.orchestra.run.smithi012.stdout:/usr/bin/ceph: stderr
2024-03-17T23:46:36.988+0000 7febe6000700 1 -- 172.21.15.12:0/2691350929 <== mon.0 v2:172.21.15.12:3300/0 2 ==== config(27 keys) ==== 1109+0+0 (secure 0 0 0) 0x7febdc003cc0 con 0x7febe8106570
2024-03-17T23:46:38.028 INFO:teuthology.orchestra.run.smithi012.stdout:/usr/bin/ceph: stderr
2024-03-17T23:46:36.988+0000 7febe6000700 1 -- 172.21.15.12:0/2691350929 <== mon.0 v2:172.21.15.12:3300/0 3 ==== mon_map magic: 0 ==== 205+0+0 (secure 0 0 0) 0x7febdc024840 con 0x7febe8106570
2024-03-17T23:46:38.028 INFO:teuthology.orchestra.run.smithi012.stdout:/usr/bin/ceph: stderr
2024-03-17T23:46:36.988+0000 7febefe00700 1 -- 172.21.15.12:0/2691350929 --> [v2:172.21.15.12:3300/0,v1:172.21.15.12:6789/0] -- mon_subscribe({mgrmap=0+}) -- 0x7febe81a2d60 con 0x7febe8106570
2024-03-17T23:46:38.028 INFO:teuthology.orchestra.run.smithi012.stdout:/usr/bin/ceph: stderr
2024-03-17T23:46:36.989+0000 7febefe00700 1 -- 172.21.15.12:0/2691350929 --> [v2:172.21.15.12:3300/0,v1:172.21.15.12:6789/0] -- mon_subscribe({osdmap=0}) -- 0x7febe81a5a50 con 0x7febe8106570
2024-03-17T23:46:38.028 INFO:teuthology.orchestra.run.smithi012.stdout:/usr/bin/ceph: stderr
2024-03-17T23:46:36.990+0000 7febe6000700 1 -- 172.21.15.12:0/2691350929 <== mon.0 v2:172.21.15.12:3300/0 4 ==== mgrmap(e 8) ==== 46106+0+0 (secure 0 0 0) 0x7febdc022020 con 0x7febe8106570
2024-03-17T23:46:38.028 INFO:teuthology.orchestra.run.smithi012.stdout:/usr/bin/ceph: stderr
2024-03-17T23:46:36.990+0000 7febefe00700 1 -- 172.21.15.12:0/2691350929 --> [v2:172.21.15.12:3300/0,v1:172.21.15.12:6789/0] -- mon_command({"prefix": "get_command_descriptions"} v 0) -- 0x7febe8063900 con 0x7febe8106570
2024-03-17T23:46:38.028 INFO:teuthology.orchestra.run.smithi012.stdout:/usr/bin/ceph: stderr
2024-03-17T23:46:36.991+0000 7febe6000700 1 --2- 172.21.15.12:0/2691350929 >> [v2:172.21.15.12:6800/2526360059,v1:172.21.15.12:6801/2526360059] conn(0x7febd0038fd0 0x7febd003b490 unknown :-1 s=NONE pgs=0 cs=0 l=1 rev1=0 crypto rx=0 tx=0 comp rx=0 tx=0).connect
2024-03-17T23:46:38.028 INFO:teuthology.orchestra.run.smithi012.stdout:/usr/bin/ceph: stderr
2024-03-17T23:46:36.991+0000 7febe6000700 1 -- 172.21.15.12:0/2691350929 <== mon.0 v2:172.21.15.12:3300/0 5 ==== osd_map(2..2 src has 1..2) ==== 940+0+0 (secure 0 0 0) 0x7febdc011e00 con 0x7febe8106570
2024-03-17T23:46:38.028 INFO:teuthology.orchestra.run.smithi012.stdout:/usr/bin/ceph: stderr
2024-03-17T23:46:36.991+0000 7febeca00700 1 --2- 172.21.15.12:0/2691350929 >> [v2:172.21.15.12:6800/2526360059,v1:172.21.15.12:6801/2526360059] conn(0x7febd0038fd0 0x7febd003b490 unknown :-1 s=BANNER_CONNECTING pgs=0 cs=0 l=1 rev1=0 crypto rx=0 tx=0 comp rx=0 tx=0)._handle_peer_banner_payload supported=3 required=0
2024-03-17T23:46:38.028 INFO:teuthology.orchestra.run.smithi012.stdout:/usr/bin/ceph: stderr
2024-03-17T23:46:36.992+0000 7febeca00700 1 --2- 172.21.15.12:0/2691350929 >> [v2:172.21.15.12:6800/2526360059,v1:172.21.15.12:6801/2526360059] conn(0x7febd0038fd0 0x7febd003b490 secure :-1 s=READY pgs=12 cs=0 l=1 rev1=1 crypto rx=0x7febd4006fd0 tx=0x7febd4006e40 comp rx=0 tx=0).ready entity=mgr.14120 client_cookie=0 server_cookie=0 in_seq=0 out_seq=0
2024-03-17T23:46:38.028 INFO:teuthology.orchestra.run.smithi012.stdout:/usr/bin/ceph: stderr
2024-03-17T23:46:36.997+0000 7febe6000700 1 -- 172.21.15.12:0/2691350929 <== mon.0 v2:172.21.15.12:3300/0 6 ==== mon_command_ack([{"prefix": "get_command_descriptions"}]=0 v0) ==== 72+0+186149 (secure 0 0 0) 0x7febdc00b3e0 con 0x7febe8106570
2024-03-17T23:46:38.028 INFO:teuthology.orchestra.run.smithi012.stdout:/usr/bin/ceph: stderr
2024-03-17T23:46:37.272+0000 7febefe00700 1 -- 172.21.15.12:0/2691350929 --> [v2:172.21.15.12:6800/2526360059,v1:172.21.15.12:6801/2526360059] -- mgr_command(tid 0: {"prefix": "orch apply", "service_type": "mon", "unmanaged": true, "target": ["mon-mgr", ""]}) -- 0x7febe810ae50 con 0x7febd0038fd0
2024-03-17T23:46:38.028 INFO:teuthology.orchestra.run.smithi012.stdout:/usr/bin/ceph: stderr
2024-03-17T23:46:37.280+0000 7febe6000700 1 -- 172.21.15.12:0/2691350929 <== mgr.14120 v2:172.21.15.12:6800/2526360059 1 ==== mgr_command_reply(tid 0: 0 ) ==== 8+0+24 (secure 0 0 0) 0x7febe810ae50 con 0x7febd0038fd0
2024-03-17T23:46:38.028 INFO:teuthology.orchestra.run.smithi012.stdout:/usr/bin/ceph: stderr
2024-03-17T23:46:37.283+0000 7febefe00700 1 -- 172.21.15.12:0/2691350929 >> [v2:172.21.15.12:6800/2526360059,v1:172.21.15.12:6801/2526360059] conn(0x7febd0038fd0 msgr2=0x7febd003b490 secure :-1 s=STATE_CONNECTION_ESTABLISHED l=1).mark_down
2024-03-17T23:46:38.029 INFO:teuthology.orchestra.run.smithi012.stdout:/usr/bin/ceph: stderr
2024-03-17T23:46:37.283+0000 7febefe00700 1 --2- 172.21.15.12:0/2691350929 >> [v2:172.21.15.12:6800/2526360059,v1:172.21.15.12:6801/2526360059] conn(0x7febd0038fd0 0x7febd003b490 secure :-1 s=READY pgs=12 cs=0 l=1 rev1=1 crypto rx=0x7febd4006fd0 tx=0x7febd4006e40 comp rx=0 tx=0).stop
2024-03-17T23:46:38.029 INFO:teuthology.orchestra.run.smithi012.stdout:/usr/bin/ceph: stderr
2024-03-17T23:46:37.283+0000 7febefe00700 1 -- 172.21.15.12:0/2691350929 >> [v2:172.21.15.12:3300/0,v1:172.21.15.12:6789/0] conn(0x7febe8106570 msgr2=0x7febe81a2590 secure :-1 s=STATE_CONNECTION_ESTABLISHED l=1).mark_down
2024-03-17T23:46:38.029 INFO:teuthology.orchestra.run.smithi012.stdout:/usr/bin/ceph: stderr
2024-03-17T23:46:37.283+0000 7febefe00700 1 --2- 172.21.15.12:0/2691350929 >> [v2:172.21.15.12:3300/0,v1:172.21.15.12:6789/0] conn(0x7febe8106570 0x7febe81a2590 secure :-1 s=READY pgs=48 cs=0 l=1 rev1=1 crypto rx=0x7febdc011b60 tx=0x7febdc011c40 comp rx=0 tx=0).stop
2024-03-17T23:46:38.029 INFO:teuthology.orchestra.run.smithi012.stdout:/usr/bin/ceph: stderr
2024-03-17T23:46:37.283+0000 7febefe00700 1 -- 172.21.15.12:0/2691350929 shutdown_connections
2024-03-17T23:46:38.029 INFO:teuthology.orchestra.run.smithi012.stdout:/usr/bin/ceph: stderr
2024-03-17T23:46:37.283+0000 7febefe00700 1 --2- 172.21.15.12:0/2691350929 >> [v2:172.21.15.12:6800/2526360059,v1:172.21.15.12:6801/2526360059] conn(0x7febd0038fd0 0x7febd003b490 unknown :-1 s=CLOSED pgs=12 cs=0 l=1 rev1=1 crypto rx=0 tx=0 comp rx=0 tx=0).stop
2024-03-17T23:46:38.030 INFO:teuthology.orchestra.run.smithi012.stdout:/usr/bin/ceph: stderr
2024-03-17T23:46:37.283+0000 7febefe00700 1 --2- 172.21.15.12:0/2691350929 >> [v2:172.21.15.12:3300/0,v1:172.21.15.12:6789/0] conn(0x7febe8106570 0x7febe81a2590 unknown :-1 s=CLOSED pgs=48 cs=0 l=1 rev1=1 crypto rx=0 tx=0 comp rx=0 tx=0).stop
2024-03-17T23:46:38.030 INFO:teuthology.orchestra.run.smithi012.stdout:/usr/bin/ceph: stderr
2024-03-17T23:46:37.283+0000 7febefe00700 1 -- 172.21.15.12:0/2691350929 >> 172.21.15.12:0/2691350929 conn(0x7febe8102190 msgr2=0x7febe81045f0 unknown :-1 s=STATE_NONE l=0).mark_down
2024-03-17T23:46:38.030 INFO:teuthology.orchestra.run.smithi012.stdout:/usr/bin/ceph: stderr
2024-03-17T23:46:37.283+0000 7febefe00700 1 -- 172.21.15.12:0/2691350929 shutdown_connections
2024-03-17T23:46:38.030 INFO:teuthology.orchestra.run.smithi012.stdout:/usr/bin/ceph: stderr
2024-03-17T23:46:37.283+0000 7febefe00700 1 -- 172.21.15.12:0/2691350929 wait complete.
2024-03-17T23:46:38.030 INFO:teuthology.orchestra.run.smithi012.stdout:Deploying unmanaged mgr service...
2024-03-17T23:46:38.542 INFO:journalctl@ceph.mon.a.smithi012.stdout:Mar 17 23:46:38 smithi012 ceph-mon[31541]: from='client.14142 -' entity='client.admin' cmd=[{"prefix": "orch apply", "service_type": "mon", "unmanaged": true, "target": ["mon-mgr", ""]}]: dispatch
2024-03-17T23:46:38.542 INFO:journalctl@ceph.mon.a.smithi012.stdout:Mar 17 23:46:38 smithi012 ceph-mon[31541]: Saving service mon spec with placement count:5
2024-03-17T23:46:38.543 INFO:journalctl@ceph.mon.a.smithi012.stdout:Mar 17 23:46:38 smithi012 ceph-mon[31541]: from='mgr.14120 172.21.15.12:0/156503519' entity='mgr.x'
2024-03-17T23:46:40.220 INFO:teuthology.orchestra.run.smithi012.stdout:/usr/bin/ceph: stdout Scheduled mgr update...
2024-03-17T23:46:40.220 INFO:teuthology.orchestra.run.smithi012.stdout:/usr/bin/ceph: stderr
2024-03-17T23:46:38.854+0000 7f91ccc00700 1 Processor -- start
2024-03-17T23:46:40.220 INFO:teuthology.orchestra.run.smithi012.stdout:/usr/bin/ceph: stderr
2024-03-17T23:46:38.854+0000 7f91ccc00700 1 -- start start
2024-03-17T23:46:40.220 INFO:teuthology.orchestra.run.smithi012.stdout:/usr/bin/ceph: stderr
2024-03-17T23:46:38.854+0000 7f91ccc00700 1 --2- >> [v2:172.21.15.12:3300/0,v1:172.21.15.12:6789/0] conn(0x7f91c8107f40 0x7f91c8108340 unknown :-1 s=NONE pgs=0 cs=0 l=0 rev1=0 crypto rx=0 tx=0 comp rx=0 tx=0).connect
2024-03-17T23:46:40.221 INFO:teuthology.orchestra.run.smithi012.stdout:/usr/bin/ceph: stderr
2024-03-17T23:46:38.854+0000 7f91ccc00700 1 -- --> [v2:172.21.15.12:3300/0,v1:172.21.15.12:6789/0] -- mon_getmap magic: 0 -- 0x7f91c8108910 con 0x7f91c8107f40
2024-03-17T23:46:40.221 INFO:teuthology.orchestra.run.smithi012.stdout:/usr/bin/ceph: stderr
2024-03-17T23:46:38.854+0000 7f91c7400700 1 --2- >> [v2:172.21.15.12:3300/0,v1:172.21.15.12:6789/0] conn(0x7f91c8107f40 0x7f91c8108340 unknown :-1 s=BANNER_CONNECTING pgs=0 cs=0 l=0 rev1=0 crypto rx=0 tx=0 comp rx=0 tx=0)._handle_peer_banner_payload supported=3 required=0
2024-03-17T23:46:40.221 INFO:teuthology.orchestra.run.smithi012.stdout:/usr/bin/ceph: stderr
2024-03-17T23:46:38.855+0000 7f91c7400700 1 --2- >> [v2:172.21.15.12:3300/0,v1:172.21.15.12:6789/0] conn(0x7f91c8107f40 0x7f91c8108340 unknown :-1 s=HELLO_CONNECTING pgs=0 cs=0 l=0 rev1=1 crypto rx=0 tx=0 comp rx=0 tx=0).handle_hello peer v2:172.21.15.12:3300/0 says I am v2:172.21.15.12:47440/0 (socket says 172.21.15.12:47440)
2024-03-17T23:46:40.221 INFO:teuthology.orchestra.run.smithi012.stdout:/usr/bin/ceph: stderr
2024-03-17T23:46:38.855+0000 7f91c7400700 1 -- 172.21.15.12:0/3260286930 learned_addr learned my addr 172.21.15.12:0/3260286930 (peer_addr_for_me v2:172.21.15.12:0/0)
2024-03-17T23:46:40.221 INFO:teuthology.orchestra.run.smithi012.stdout:/usr/bin/ceph: stderr
2024-03-17T23:46:38.855+0000 7f91c7400700 1 -- 172.21.15.12:0/3260286930 --> [v2:172.21.15.12:3300/0,v1:172.21.15.12:6789/0] -- mon_subscribe({config=0+,monmap=0+}) -- 0x7f91c8108a90 con 0x7f91c8107f40
2024-03-17T23:46:40.221 INFO:teuthology.orchestra.run.smithi012.stdout:/usr/bin/ceph: stderr
2024-03-17T23:46:38.855+0000 7f91c7400700 1 --2- 172.21.15.12:0/3260286930 >> [v2:172.21.15.12:3300/0,v1:172.21.15.12:6789/0] conn(0x7f91c8107f40 0x7f91c8108340 secure :-1 s=READY pgs=49 cs=0 l=1 rev1=1 crypto rx=0x7f91b80098a0 tx=0x7f91b8009bb0 comp rx=0 tx=0).ready entity=mon.0 client_cookie=4680d8c6502d4a26 server_cookie=0 in_seq=0 out_seq=0
2024-03-17T23:46:40.221 INFO:teuthology.orchestra.run.smithi012.stdout:/usr/bin/ceph: stderr
2024-03-17T23:46:38.856+0000 7f91c6000700 1 -- 172.21.15.12:0/3260286930 <== mon.0 v2:172.21.15.12:3300/0 1 ==== mon_map magic: 0 ==== 205+0+0 (secure 0 0 0) 0x7f91b8004160 con 0x7f91c8107f40
2024-03-17T23:46:40.221 INFO:teuthology.orchestra.run.smithi012.stdout:/usr/bin/ceph: stderr
2024-03-17T23:46:38.856+0000 7f91c6000700 1 -- 172.21.15.12:0/3260286930 <== mon.0 v2:172.21.15.12:3300/0 2 ==== config(27 keys) ==== 1109+0+0 (secure 0 0 0) 0x7f91b8004300 con 0x7f91c8107f40
2024-03-17T23:46:40.221 INFO:teuthology.orchestra.run.smithi012.stdout:/usr/bin/ceph: stderr
2024-03-17T23:46:38.856+0000 7f91c6000700 1 -- 172.21.15.12:0/3260286930 <== mon.0 v2:172.21.15.12:3300/0 3 ==== mon_map magic: 0 ==== 205+0+0 (secure 0 0 0) 0x7f91b8011b50 con 0x7f91c8107f40
2024-03-17T23:46:40.221 INFO:teuthology.orchestra.run.smithi012.stdout:/usr/bin/ceph: stderr
2024-03-17T23:46:38.856+0000 7f91ccc00700 1 -- 172.21.15.12:0/3260286930 >> [v2:172.21.15.12:3300/0,v1:172.21.15.12:6789/0] conn(0x7f91c8107f40 msgr2=0x7f91c8108340 secure :-1 s=STATE_CONNECTION_ESTABLISHED l=1).mark_down
2024-03-17T23:46:40.221 INFO:teuthology.orchestra.run.smithi012.stdout:/usr/bin/ceph: stderr
2024-03-17T23:46:38.856+0000 7f91ccc00700 1 --2- 172.21.15.12:0/3260286930 >> [v2:172.21.15.12:3300/0,v1:172.21.15.12:6789/0] conn(0x7f91c8107f40 0x7f91c8108340 secure :-1 s=READY pgs=49 cs=0 l=1 rev1=1 crypto rx=0x7f91b80098a0 tx=0x7f91b8009bb0 comp rx=0 tx=0).stop
2024-03-17T23:46:40.221 INFO:teuthology.orchestra.run.smithi012.stdout:/usr/bin/ceph: stderr
2024-03-17T23:46:38.856+0000 7f91ccc00700 1 -- 172.21.15.12:0/3260286930 shutdown_connections
2024-03-17T23:46:40.221 INFO:teuthology.orchestra.run.smithi012.stdout:/usr/bin/ceph: stderr
2024-03-17T23:46:38.856+0000 7f91ccc00700 1 --2- 172.21.15.12:0/3260286930 >> [v2:172.21.15.12:3300/0,v1:172.21.15.12:6789/0] conn(0x7f91c8107f40 0x7f91c8108340 unknown :-1 s=CLOSED pgs=49 cs=0 l=1 rev1=1 crypto rx=0 tx=0 comp rx=0 tx=0).stop
2024-03-17T23:46:40.222 INFO:teuthology.orchestra.run.smithi012.stdout:/usr/bin/ceph: stderr
2024-03-17T23:46:38.856+0000 7f91ccc00700 1 -- 172.21.15.12:0/3260286930 >> 172.21.15.12:0/3260286930 conn(0x7f91c8101690 msgr2=0x7f91c8103af0 unknown :-1 s=STATE_NONE l=0).mark_down
2024-03-17T23:46:40.222 INFO:teuthology.orchestra.run.smithi012.stdout:/usr/bin/ceph: stderr
2024-03-17T23:46:38.856+0000 7f91ccc00700 1 -- 172.21.15.12:0/3260286930 shutdown_connections
2024-03-17T23:46:40.222 INFO:teuthology.orchestra.run.smithi012.stdout:/usr/bin/ceph: stderr
2024-03-17T23:46:38.856+0000 7f91ccc00700 1 -- 172.21.15.12:0/3260286930 wait complete.
2024-03-17T23:46:40.222 INFO:teuthology.orchestra.run.smithi012.stdout:/usr/bin/ceph: stderr
2024-03-17T23:46:38.857+0000 7f91ccc00700 1 Processor -- start
2024-03-17T23:46:40.222 INFO:teuthology.orchestra.run.smithi012.stdout:/usr/bin/ceph: stderr
2024-03-17T23:46:38.858+0000 7f91ccc00700 1 -- start start
2024-03-17T23:46:40.222 INFO:teuthology.orchestra.run.smithi012.stdout:/usr/bin/ceph: stderr
2024-03-17T23:46:38.858+0000 7f91ccc00700 1 --2- >> [v2:172.21.15.12:3300/0,v1:172.21.15.12:6789/0] conn(0x7f91c8107f40 0x7f91c819dfb0 unknown :-1 s=NONE pgs=0 cs=0 l=1 rev1=0 crypto rx=0 tx=0 comp rx=0 tx=0).connect
2024-03-17T23:46:40.222 INFO:teuthology.orchestra.run.smithi012.stdout:/usr/bin/ceph: stderr
2024-03-17T23:46:38.858+0000 7f91ccc00700 1 -- --> [v2:172.21.15.12:3300/0,v1:172.21.15.12:6789/0] -- mon_getmap magic: 0 -- 0x7f91c8106970 con 0x7f91c8107f40
2024-03-17T23:46:40.222 INFO:teuthology.orchestra.run.smithi012.stdout:/usr/bin/ceph: stderr
2024-03-17T23:46:38.858+0000 7f91c7400700 1 --2- >> [v2:172.21.15.12:3300/0,v1:172.21.15.12:6789/0] conn(0x7f91c8107f40 0x7f91c819dfb0 unknown :-1 s=BANNER_CONNECTING pgs=0 cs=0 l=1 rev1=0 crypto rx=0 tx=0 comp rx=0 tx=0)._handle_peer_banner_payload supported=3 required=0
2024-03-17T23:46:40.222 INFO:teuthology.orchestra.run.smithi012.stdout:/usr/bin/ceph: stderr
2024-03-17T23:46:38.858+0000 7f91c7400700 1 --2- >> [v2:172.21.15.12:3300/0,v1:172.21.15.12:6789/0] conn(0x7f91c8107f40 0x7f91c819dfb0 unknown :-1 s=HELLO_CONNECTING pgs=0 cs=0 l=1 rev1=1 crypto rx=0 tx=0 comp rx=0 tx=0).handle_hello peer v2:172.21.15.12:3300/0 says I am v2:172.21.15.12:47442/0 (socket says 172.21.15.12:47442)
2024-03-17T23:46:40.222 INFO:teuthology.orchestra.run.smithi012.stdout:/usr/bin/ceph: stderr
2024-03-17T23:46:38.858+0000 7f91c7400700 1 -- 172.21.15.12:0/3587369100 learned_addr learned my addr 172.21.15.12:0/3587369100 (peer_addr_for_me v2:172.21.15.12:0/0)
2024-03-17T23:46:40.222 INFO:teuthology.orchestra.run.smithi012.stdout:/usr/bin/ceph: stderr
2024-03-17T23:46:38.859+0000 7f91c7400700 1 -- 172.21.15.12:0/3587369100 --> [v2:172.21.15.12:3300/0,v1:172.21.15.12:6789/0] -- mon_subscribe({config=0+,monmap=0+}) -- 0x7f91c819e4f0 con 0x7f91c8107f40
2024-03-17T23:46:40.222 INFO:teuthology.orchestra.run.smithi012.stdout:/usr/bin/ceph: stderr
2024-03-17T23:46:38.859+0000 7f91c7400700 1 --2- 172.21.15.12:0/3587369100 >> [v2:172.21.15.12:3300/0,v1:172.21.15.12:6789/0] conn(0x7f91c8107f40 0x7f91c819dfb0 secure :-1 s=READY pgs=50 cs=0 l=1 rev1=1 crypto rx=0x7f91b8011670 tx=0x7f91b8011b60 comp rx=0 tx=0).ready entity=mon.0 client_cookie=0 server_cookie=0 in_seq=0 out_seq=0
2024-03-17T23:46:40.222 INFO:teuthology.orchestra.run.smithi012.stdout:/usr/bin/ceph: stderr
2024-03-17T23:46:38.859+0000 7f91bfe00700 1 -- 172.21.15.12:0/3587369100 <== mon.0 v2:172.21.15.12:3300/0 1 ==== mon_map magic: 0 ==== 205+0+0 (secure 0 0 0) 0x7f91b80039c0 con 0x7f91c8107f40
2024-03-17T23:46:40.222 INFO:teuthology.orchestra.run.smithi012.stdout:/usr/bin/ceph: stderr
2024-03-17T23:46:38.859+0000 7f91bfe00700 1 -- 172.21.15.12:0/3587369100 <== mon.0 v2:172.21.15.12:3300/0 2 ==== config(27 keys) ==== 1109+0+0 (secure 0 0 0) 0x7f91b8011e50 con 0x7f91c8107f40
2024-03-17T23:46:40.223 INFO:teuthology.orchestra.run.smithi012.stdout:/usr/bin/ceph: stderr
2024-03-17T23:46:38.859+0000 7f91ccc00700 1 -- 172.21.15.12:0/3587369100 --> [v2:172.21.15.12:3300/0,v1:172.21.15.12:6789/0] -- mon_subscribe({mgrmap=0+}) -- 0x7f91c819e780 con 0x7f91c8107f40
2024-03-17T23:46:40.223 INFO:teuthology.orchestra.run.smithi012.stdout:/usr/bin/ceph: stderr
2024-03-17T23:46:38.859+0000 7f91bfe00700 1 -- 172.21.15.12:0/3587369100 <== mon.0 v2:172.21.15.12:3300/0 3 ==== mon_map magic: 0 ==== 205+0+0 (secure 0 0 0) 0x7f91b801a5c0 con 0x7f91c8107f40
2024-03-17T23:46:40.223 INFO:teuthology.orchestra.run.smithi012.stdout:/usr/bin/ceph: stderr
2024-03-17T23:46:38.859+0000 7f91ccc00700 1 -- 172.21.15.12:0/3587369100 --> [v2:172.21.15.12:3300/0,v1:172.21.15.12:6789/0] -- mon_subscribe({osdmap=0}) -- 0x7f91c81a1470 con 0x7f91c8107f40
2024-03-17T23:46:40.223 INFO:teuthology.orchestra.run.smithi012.stdout:/usr/bin/ceph: stderr
2024-03-17T23:46:38.860+0000 7f91ccc00700 1 -- 172.21.15.12:0/3587369100 --> [v2:172.21.15.12:3300/0,v1:172.21.15.12:6789/0] -- mon_command({"prefix": "get_command_descriptions"} v 0) -- 0x7f91c8063900 con 0x7f91c8107f40
2024-03-17T23:46:40.223 INFO:teuthology.orchestra.run.smithi012.stdout:/usr/bin/ceph: stderr
2024-03-17T23:46:38.860+0000 7f91bfe00700 1 -- 172.21.15.12:0/3587369100 <== mon.0 v2:172.21.15.12:3300/0 4 ==== mgrmap(e 8) ==== 46106+0+0 (secure 0 0 0) 0x7f91b8024430 con 0x7f91c8107f40
2024-03-17T23:46:40.223 INFO:teuthology.orchestra.run.smithi012.stdout:/usr/bin/ceph: stderr
2024-03-17T23:46:38.861+0000 7f91bfe00700 1 --2- 172.21.15.12:0/3587369100 >> [v2:172.21.15.12:6800/2526360059,v1:172.21.15.12:6801/2526360059] conn(0x7f91ac038f20 0x7f91ac03b3e0 unknown :-1 s=NONE pgs=0 cs=0 l=1 rev1=0 crypto rx=0 tx=0 comp rx=0 tx=0).connect
2024-03-17T23:46:40.223 INFO:teuthology.orchestra.run.smithi012.stdout:/usr/bin/ceph: stderr
2024-03-17T23:46:38.861+0000 7f91bfe00700 1 -- 172.21.15.12:0/3587369100 <== mon.0 v2:172.21.15.12:3300/0 5 ==== osd_map(2..2 src has 1..2) ==== 940+0+0 (secure 0 0 0) 0x7f91b804d210 con 0x7f91c8107f40
2024-03-17T23:46:40.223 INFO:teuthology.orchestra.run.smithi012.stdout:/usr/bin/ceph: stderr
2024-03-17T23:46:38.861+0000 7f91c6a00700 1 --2- 172.21.15.12:0/3587369100 >> [v2:172.21.15.12:6800/2526360059,v1:172.21.15.12:6801/2526360059] conn(0x7f91ac038f20 0x7f91ac03b3e0 unknown :-1 s=BANNER_CONNECTING pgs=0 cs=0 l=1 rev1=0 crypto rx=0 tx=0 comp rx=0 tx=0)._handle_peer_banner_payload supported=3 required=0
2024-03-17T23:46:40.223 INFO:teuthology.orchestra.run.smithi012.stdout:/usr/bin/ceph: stderr
2024-03-17T23:46:38.862+0000 7f91c6a00700 1 --2- 172.21.15.12:0/3587369100 >> [v2:172.21.15.12:6800/2526360059,v1:172.21.15.12:6801/2526360059] conn(0x7f91ac038f20 0x7f91ac03b3e0 secure :-1 s=READY pgs=13 cs=0 l=1 rev1=1 crypto rx=0x7f91b4006fd0 tx=0x7f91b4006e40 comp rx=0 tx=0).ready entity=mgr.14120 client_cookie=0 server_cookie=0 in_seq=0 out_seq=0
2024-03-17T23:46:40.223 INFO:teuthology.orchestra.run.smithi012.stdout:/usr/bin/ceph: stderr
2024-03-17T23:46:38.867+0000 7f91bfe00700 1 -- 172.21.15.12:0/3587369100 <== mon.0 v2:172.21.15.12:3300/0 6 ==== mon_command_ack([{"prefix": "get_command_descriptions"}]=0 v0) ==== 72+0+186149 (secure 0 0 0) 0x7f91b8017ca0 con 0x7f91c8107f40
2024-03-17T23:46:40.223 INFO:teuthology.orchestra.run.smithi012.stdout:/usr/bin/ceph: stderr
2024-03-17T23:46:39.108+0000 7f91ccc00700 1 -- 172.21.15.12:0/3587369100 --> [v2:172.21.15.12:6800/2526360059,v1:172.21.15.12:6801/2526360059] -- mgr_command(tid 0: {"prefix": "orch apply", "service_type": "mgr", "unmanaged": true, "target": ["mon-mgr", ""]}) -- 0x7f91c8062710 con 0x7f91ac038f20
2024-03-17T23:46:40.223 INFO:teuthology.orchestra.run.smithi012.stdout:/usr/bin/ceph: stderr
2024-03-17T23:46:39.118+0000 7f91bfe00700 1 -- 172.21.15.12:0/3587369100 <== mgr.14120 v2:172.21.15.12:6800/2526360059 1 ==== mgr_command_reply(tid 0: 0 ) ==== 8+0+24 (secure 0 0 0) 0x7f91c8062710 con 0x7f91ac038f20
2024-03-17T23:46:40.223 INFO:teuthology.orchestra.run.smithi012.stdout:/usr/bin/ceph: stderr
2024-03-17T23:46:39.120+0000 7f91ccc00700 1 -- 172.21.15.12:0/3587369100 >> [v2:172.21.15.12:6800/2526360059,v1:172.21.15.12:6801/2526360059] conn(0x7f91ac038f20 msgr2=0x7f91ac03b3e0 secure :-1 s=STATE_CONNECTION_ESTABLISHED l=1).mark_down
2024-03-17T23:46:40.223 INFO:teuthology.orchestra.run.smithi012.stdout:/usr/bin/ceph: stderr
2024-03-17T23:46:39.120+0000 7f91ccc00700 1 --2- 172.21.15.12:0/3587369100 >> [v2:172.21.15.12:6800/2526360059,v1:172.21.15.12:6801/2526360059] conn(0x7f91ac038f20 0x7f91ac03b3e0 secure :-1 s=READY pgs=13 cs=0 l=1 rev1=1 crypto rx=0x7f91b4006fd0 tx=0x7f91b4006e40 comp rx=0 tx=0).stop
2024-03-17T23:46:40.224 INFO:teuthology.orchestra.run.smithi012.stdout:/usr/bin/ceph: stderr
2024-03-17T23:46:39.120+0000 7f91ccc00700 1 -- 172.21.15.12:0/3587369100 >> [v2:172.21.15.12:3300/0,v1:172.21.15.12:6789/0] conn(0x7f91c8107f40 msgr2=0x7f91c819dfb0 secure :-1 s=STATE_CONNECTION_ESTABLISHED l=1).mark_down
2024-03-17T23:46:40.224 INFO:teuthology.orchestra.run.smithi012.stdout:/usr/bin/ceph: stderr
2024-03-17T23:46:39.120+0000 7f91ccc00700 1 --2- 172.21.15.12:0/3587369100 >> [v2:172.21.15.12:3300/0,v1:172.21.15.12:6789/0] conn(0x7f91c8107f40 0x7f91c819dfb0 secure :-1 s=READY pgs=50 cs=0 l=1 rev1=1 crypto rx=0x7f91b8011670 tx=0x7f91b8011b60 comp rx=0 tx=0).stop
2024-03-17T23:46:40.224 INFO:teuthology.orchestra.run.smithi012.stdout:/usr/bin/ceph: stderr
2024-03-17T23:46:39.120+0000 7f91ccc00700 1 -- 172.21.15.12:0/3587369100 shutdown_connections
2024-03-17T23:46:40.224 INFO:teuthology.orchestra.run.smithi012.stdout:/usr/bin/ceph: stderr
2024-03-17T23:46:39.121+0000 7f91ccc00700 1 --2- 172.21.15.12:0/3587369100 >> [v2:172.21.15.12:6800/2526360059,v1:172.21.15.12:6801/2526360059] conn(0x7f91ac038f20 0x7f91ac03b3e0 unknown :-1 s=CLOSED pgs=13 cs=0 l=1 rev1=1 crypto rx=0 tx=0 comp rx=0 tx=0).stop
2024-03-17T23:46:40.224 INFO:teuthology.orchestra.run.smithi012.stdout:/usr/bin/ceph: stderr
2024-03-17T23:46:39.121+0000 7f91ccc00700 1 --2- 172.21.15.12:0/3587369100 >> [v2:172.21.15.12:3300/0,v1:172.21.15.12:6789/0] conn(0x7f91c8107f40 0x7f91c819dfb0 unknown :-1 s=CLOSED pgs=50 cs=0 l=1 rev1=1 crypto rx=0 tx=0 comp rx=0 tx=0).stop
2024-03-17T23:46:40.224 INFO:teuthology.orchestra.run.smithi012.stdout:/usr/bin/ceph: stderr
2024-03-17T23:46:39.121+0000 7f91ccc00700 1 -- 172.21.15.12:0/3587369100 >> 172.21.15.12:0/3587369100 conn(0x7f91c8101690 msgr2=0x7f91c81945d0 unknown :-1 s=STATE_NONE l=0).mark_down
2024-03-17T23:46:40.224 INFO:teuthology.orchestra.run.smithi012.stdout:/usr/bin/ceph: stderr
2024-03-17T23:46:39.121+0000 7f91ccc00700 1 -- 172.21.15.12:0/3587369100 shutdown_connections
2024-03-17T23:46:40.224 INFO:teuthology.orchestra.run.smithi012.stdout:/usr/bin/ceph: stderr
2024-03-17T23:46:39.121+0000 7f91ccc00700 1 -- 172.21.15.12:0/3587369100 wait complete.
2024-03-17T23:46:40.391 INFO:journalctl@ceph.mon.a.smithi012.stdout:Mar 17 23:46:40 smithi012 ceph-mon[31541]: from='client.14144 -' entity='client.admin' cmd=[{"prefix": "orch apply", "service_type": "mgr", "unmanaged": true, "target": ["mon-mgr", ""]}]: dispatch
2024-03-17T23:46:40.391 INFO:journalctl@ceph.mon.a.smithi012.stdout:Mar 17 23:46:40 smithi012 ceph-mon[31541]: Saving service mgr spec with placement count:2
2024-03-17T23:46:40.391 INFO:journalctl@ceph.mon.a.smithi012.stdout:Mar 17 23:46:40 smithi012 ceph-mon[31541]: from='mgr.14120 172.21.15.12:0/156503519' entity='mgr.x'
2024-03-17T23:46:40.391 INFO:journalctl@ceph.mon.a.smithi012.stdout:Mar 17 23:46:40 smithi012 ceph-mon[31541]: from='mgr.14120 172.21.15.12:0/156503519' entity='mgr.x'
2024-03-17T23:46:41.676 INFO:teuthology.orchestra.run.smithi012.stdout:/usr/bin/ceph: stderr
2024-03-17T23:46:40.779+0000 7f0eb2a00700 1 Processor -- start
2024-03-17T23:46:41.677 INFO:teuthology.orchestra.run.smithi012.stdout:/usr/bin/ceph: stderr
2024-03-17T23:46:40.780+0000 7f0eb2a00700 1 -- start start
2024-03-17T23:46:41.677 INFO:teuthology.orchestra.run.smithi012.stdout:/usr/bin/ceph: stderr
2024-03-17T23:46:40.780+0000 7f0eb2a00700 1 --2- >> [v2:172.21.15.12:3300/0,v1:172.21.15.12:6789/0] conn(0x7f0eac107c50 0x7f0eac108070 unknown :-1 s=NONE pgs=0 cs=0 l=0 rev1=0 crypto rx=0 tx=0 comp rx=0 tx=0).connect
2024-03-17T23:46:41.677 INFO:teuthology.orchestra.run.smithi012.stdout:/usr/bin/ceph: stderr
2024-03-17T23:46:40.780+0000 7f0eb2a00700 1 -- --> [v2:172.21.15.12:3300/0,v1:172.21.15.12:6789/0] -- mon_getmap magic: 0 -- 0x7f0eac108640 con 0x7f0eac107c50
2024-03-17T23:46:41.677 INFO:teuthology.orchestra.run.smithi012.stdout:/usr/bin/ceph: stderr
2024-03-17T23:46:40.780+0000 7f0eabe00700 1 --2- >> [v2:172.21.15.12:3300/0,v1:172.21.15.12:6789/0] conn(0x7f0eac107c50 0x7f0eac108070 unknown :-1 s=BANNER_CONNECTING pgs=0 cs=0 l=0 rev1=0 crypto rx=0 tx=0 comp rx=0 tx=0)._handle_peer_banner_payload supported=3 required=0
2024-03-17T23:46:41.677 INFO:teuthology.orchestra.run.smithi012.stdout:/usr/bin/ceph: stderr
2024-03-17T23:46:40.780+0000 7f0eabe00700 1 --2- >> [v2:172.21.15.12:3300/0,v1:172.21.15.12:6789/0] conn(0x7f0eac107c50 0x7f0eac108070 unknown :-1 s=HELLO_CONNECTING pgs=0 cs=0 l=0 rev1=1 crypto rx=0 tx=0 comp rx=0 tx=0).handle_hello peer v2:172.21.15.12:3300/0 says I am v2:172.21.15.12:47450/0 (socket says 172.21.15.12:47450)
2024-03-17T23:46:41.677 INFO:teuthology.orchestra.run.smithi012.stdout:/usr/bin/ceph: stderr
2024-03-17T23:46:40.780+0000 7f0eabe00700 1 -- 172.21.15.12:0/2295086854 learned_addr learned my addr 172.21.15.12:0/2295086854 (peer_addr_for_me v2:172.21.15.12:0/0)
2024-03-17T23:46:41.677 INFO:teuthology.orchestra.run.smithi012.stdout:/usr/bin/ceph: stderr
2024-03-17T23:46:40.781+0000 7f0eabe00700 1 -- 172.21.15.12:0/2295086854 --> [v2:172.21.15.12:3300/0,v1:172.21.15.12:6789/0] -- mon_subscribe({config=0+,monmap=0+}) -- 0x7f0eac108e50 con 0x7f0eac107c50
2024-03-17T23:46:41.677 INFO:teuthology.orchestra.run.smithi012.stdout:/usr/bin/ceph: stderr
2024-03-17T23:46:40.781+0000 7f0eabe00700 1 --2- 172.21.15.12:0/2295086854 >> [v2:172.21.15.12:3300/0,v1:172.21.15.12:6789/0] conn(0x7f0eac107c50 0x7f0eac108070 secure :-1 s=READY pgs=51 cs=0 l=1 rev1=1 crypto rx=0x7f0e9c0098a0 tx=0x7f0e9c009bb0 comp rx=0 tx=0).ready entity=mon.0 client_cookie=8d12621faf88d7da server_cookie=0 in_seq=0 out_seq=0
2024-03-17T23:46:41.677 INFO:teuthology.orchestra.run.smithi012.stdout:/usr/bin/ceph: stderr
2024-03-17T23:46:40.781+0000 7f0eaaa00700 1 -- 172.21.15.12:0/2295086854 <== mon.0 v2:172.21.15.12:3300/0 1 ==== mon_map magic: 0 ==== 205+0+0 (secure 0 0 0) 0x7f0e9c004160 con 0x7f0eac107c50
2024-03-17T23:46:41.677 INFO:teuthology.orchestra.run.smithi012.stdout:/usr/bin/ceph: stderr
2024-03-17T23:46:40.781+0000 7f0eaaa00700 1 -- 172.21.15.12:0/2295086854 <== mon.0 v2:172.21.15.12:3300/0 2 ==== config(27 keys) ==== 1140+0+0 (secure 0 0 0) 0x7f0e9c004300 con 0x7f0eac107c50
2024-03-17T23:46:41.678 INFO:teuthology.orchestra.run.smithi012.stdout:/usr/bin/ceph: stderr
2024-03-17T23:46:40.781+0000 7f0eaaa00700 1 -- 172.21.15.12:0/2295086854 <== mon.0 v2:172.21.15.12:3300/0 3 ==== mon_map magic: 0 ==== 205+0+0 (secure 0 0 0) 0x7f0e9c011b20 con 0x7f0eac107c50
2024-03-17T23:46:41.678 INFO:teuthology.orchestra.run.smithi012.stdout:/usr/bin/ceph: stderr
2024-03-17T23:46:40.782+0000 7f0eb2a00700 1 -- 172.21.15.12:0/2295086854 >> [v2:172.21.15.12:3300/0,v1:172.21.15.12:6789/0] conn(0x7f0eac107c50 msgr2=0x7f0eac108070 secure :-1 s=STATE_CONNECTION_ESTABLISHED l=1).mark_down
2024-03-17T23:46:41.678 INFO:teuthology.orchestra.run.smithi012.stdout:/usr/bin/ceph: stderr
2024-03-17T23:46:40.782+0000 7f0eb2a00700 1 --2- 172.21.15.12:0/2295086854 >> [v2:172.21.15.12:3300/0,v1:172.21.15.12:6789/0] conn(0x7f0eac107c50 0x7f0eac108070 secure :-1 s=READY pgs=51 cs=0 l=1 rev1=1 crypto rx=0x7f0e9c0098a0 tx=0x7f0e9c009bb0 comp rx=0 tx=0).stop
2024-03-17T23:46:41.678 INFO:teuthology.orchestra.run.smithi012.stdout:/usr/bin/ceph: stderr
2024-03-17T23:46:40.782+0000 7f0eb2a00700 1 -- 172.21.15.12:0/2295086854 shutdown_connections
2024-03-17T23:46:41.678 INFO:teuthology.orchestra.run.smithi012.stdout:/usr/bin/ceph: stderr
2024-03-17T23:46:40.782+0000 7f0eb2a00700 1 --2- 172.21.15.12:0/2295086854 >> [v2:172.21.15.12:3300/0,v1:172.21.15.12:6789/0] conn(0x7f0eac107c50 0x7f0eac108070 unknown :-1 s=CLOSED pgs=51 cs=0 l=1 rev1=1 crypto rx=0 tx=0 comp rx=0 tx=0).stop
2024-03-17T23:46:41.678 INFO:teuthology.orchestra.run.smithi012.stdout:/usr/bin/ceph: stderr
2024-03-17T23:46:40.782+0000 7f0eb2a00700 1 -- 172.21.15.12:0/2295086854 >> 172.21.15.12:0/2295086854 conn(0x7f0eac1031f0 msgr2=0x7f0eac105630 unknown :-1 s=STATE_NONE l=0).mark_down
2024-03-17T23:46:41.678 INFO:teuthology.orchestra.run.smithi012.stdout:/usr/bin/ceph: stderr
2024-03-17T23:46:40.782+0000 7f0eb2a00700 1 -- 172.21.15.12:0/2295086854 shutdown_connections
2024-03-17T23:46:41.678 INFO:teuthology.orchestra.run.smithi012.stdout:/usr/bin/ceph: stderr
2024-03-17T23:46:40.783+0000 7f0eb2a00700 1 -- 172.21.15.12:0/2295086854 wait complete.
2024-03-17T23:46:41.678 INFO:teuthology.orchestra.run.smithi012.stdout:/usr/bin/ceph: stderr
2024-03-17T23:46:40.784+0000 7f0eb2a00700 1 Processor -- start
2024-03-17T23:46:41.678 INFO:teuthology.orchestra.run.smithi012.stdout:/usr/bin/ceph: stderr
2024-03-17T23:46:40.784+0000 7f0eb2a00700 1 -- start start
2024-03-17T23:46:41.678 INFO:teuthology.orchestra.run.smithi012.stdout:/usr/bin/ceph: stderr
2024-03-17T23:46:40.784+0000 7f0eb2a00700 1 --2- >> [v2:172.21.15.12:3300/0,v1:172.21.15.12:6789/0] conn(0x7f0eac107c50 0x7f0eac07ca60 unknown :-1 s=NONE pgs=0 cs=0 l=1 rev1=0 crypto rx=0 tx=0 comp rx=0 tx=0).connect
2024-03-17T23:46:41.678 INFO:teuthology.orchestra.run.smithi012.stdout:/usr/bin/ceph: stderr
2024-03-17T23:46:40.784+0000 7f0eb2a00700 1 -- --> [v2:172.21.15.12:3300/0,v1:172.21.15.12:6789/0] -- mon_getmap magic: 0 -- 0x7f0eac10c200 con 0x7f0eac107c50
2024-03-17T23:46:41.678 INFO:teuthology.orchestra.run.smithi012.stdout:/usr/bin/ceph: stderr
2024-03-17T23:46:40.784+0000 7f0eabe00700 1 --2- >> [v2:172.21.15.12:3300/0,v1:172.21.15.12:6789/0] conn(0x7f0eac107c50 0x7f0eac07ca60 unknown :-1 s=BANNER_CONNECTING pgs=0 cs=0 l=1 rev1=0 crypto rx=0 tx=0 comp rx=0 tx=0)._handle_peer_banner_payload supported=3 required=0
2024-03-17T23:46:41.679 INFO:teuthology.orchestra.run.smithi012.stdout:/usr/bin/ceph: stderr
2024-03-17T23:46:40.784+0000 7f0eabe00700 1 --2- >> [v2:172.21.15.12:3300/0,v1:172.21.15.12:6789/0] conn(0x7f0eac107c50 0x7f0eac07ca60 unknown :-1 s=HELLO_CONNECTING pgs=0 cs=0 l=1 rev1=1 crypto rx=0 tx=0 comp rx=0 tx=0).handle_hello peer v2:172.21.15.12:3300/0 says I am v2:172.21.15.12:47454/0 (socket says 172.21.15.12:47454)
2024-03-17T23:46:41.679 INFO:teuthology.orchestra.run.smithi012.stdout:/usr/bin/ceph: stderr
2024-03-17T23:46:40.784+0000 7f0eabe00700 1 -- 172.21.15.12:0/2729547378 learned_addr learned my addr 172.21.15.12:0/2729547378 (peer_addr_for_me v2:172.21.15.12:0/0)
2024-03-17T23:46:41.679 INFO:teuthology.orchestra.run.smithi012.stdout:/usr/bin/ceph: stderr
2024-03-17T23:46:40.785+0000 7f0eabe00700 1 -- 172.21.15.12:0/2729547378 --> [v2:172.21.15.12:3300/0,v1:172.21.15.12:6789/0] -- mon_subscribe({config=0+,monmap=0+}) -- 0x7f0eac07cfa0 con 0x7f0eac107c50
2024-03-17T23:46:41.679 INFO:teuthology.orchestra.run.smithi012.stdout:/usr/bin/ceph: stderr
2024-03-17T23:46:40.785+0000 7f0eabe00700 1 --2- 172.21.15.12:0/2729547378 >> [v2:172.21.15.12:3300/0,v1:172.21.15.12:6789/0] conn(0x7f0eac107c50 0x7f0eac07ca60 secure :-1 s=READY pgs=52 cs=0 l=1 rev1=1 crypto rx=0x7f0e9c0117e0 tx=0x7f0e9c011ba0 comp rx=0 tx=0).ready entity=mon.0 client_cookie=0 server_cookie=0 in_seq=0 out_seq=0
2024-03-17T23:46:41.679 INFO:teuthology.orchestra.run.smithi012.stdout:/usr/bin/ceph: stderr
2024-03-17T23:46:40.785+0000 7f0ea8c00700 1 -- 172.21.15.12:0/2729547378 <== mon.0 v2:172.21.15.12:3300/0 1 ==== mon_map magic: 0 ==== 205+0+0 (secure 0 0 0) 0x7f0e9c003bf0 con 0x7f0eac107c50
2024-03-17T23:46:41.679 INFO:teuthology.orchestra.run.smithi012.stdout:/usr/bin/ceph: stderr
2024-03-17T23:46:40.786+0000 7f0ea8c00700 1 -- 172.21.15.12:0/2729547378 <== mon.0 v2:172.21.15.12:3300/0 2 ==== config(27 keys) ==== 1140+0+0 (secure 0 0 0) 0x7f0e9c01a910 con 0x7f0eac107c50
2024-03-17T23:46:41.679 INFO:teuthology.orchestra.run.smithi012.stdout:/usr/bin/ceph: stderr
2024-03-17T23:46:40.786+0000 7f0ea8c00700 1 -- 172.21.15.12:0/2729547378 <== mon.0 v2:172.21.15.12:3300/0 3 ==== mon_map magic: 0 ==== 205+0+0 (secure 0 0 0) 0x7f0e9c024970 con 0x7f0eac107c50
2024-03-17T23:46:41.679 INFO:teuthology.orchestra.run.smithi012.stdout:/usr/bin/ceph: stderr
2024-03-17T23:46:40.786+0000 7f0eb2a00700 1 -- 172.21.15.12:0/2729547378 --> [v2:172.21.15.12:3300/0,v1:172.21.15.12:6789/0] -- mon_subscribe({mgrmap=0+}) -- 0x7f0eac07b190 con 0x7f0eac107c50
2024-03-17T23:46:41.679 INFO:teuthology.orchestra.run.smithi012.stdout:/usr/bin/ceph: stderr
2024-03-17T23:46:40.786+0000 7f0eb2a00700 1 -- 172.21.15.12:0/2729547378 --> [v2:172.21.15.12:3300/0,v1:172.21.15.12:6789/0] -- mon_subscribe({osdmap=0}) -- 0x7f0eac07b650 con 0x7f0eac107c50
2024-03-17T23:46:41.679 INFO:teuthology.orchestra.run.smithi012.stdout:/usr/bin/ceph: stderr
2024-03-17T23:46:40.787+0000 7f0ea8c00700 1 -- 172.21.15.12:0/2729547378 <== mon.0 v2:172.21.15.12:3300/0 4 ==== mgrmap(e 8) ==== 46106+0+0 (secure 0 0 0) 0x7f0e9c022020 con 0x7f0eac107c50
2024-03-17T23:46:41.679 INFO:teuthology.orchestra.run.smithi012.stdout:/usr/bin/ceph: stderr
2024-03-17T23:46:40.787+0000 7f0eb2a00700 1 -- 172.21.15.12:0/2729547378 --> [v2:172.21.15.12:3300/0,v1:172.21.15.12:6789/0] -- mon_command({"prefix": "get_command_descriptions"} v 0) -- 0x7f0eac063900 con 0x7f0eac107c50
2024-03-17T23:46:41.679 INFO:teuthology.orchestra.run.smithi012.stdout:/usr/bin/ceph: stderr
2024-03-17T23:46:40.787+0000 7f0ea8c00700 1 --2- 172.21.15.12:0/2729547378 >> [v2:172.21.15.12:6800/2526360059,v1:172.21.15.12:6801/2526360059] conn(0x7f0e90038f70 0x7f0e9003b430 unknown :-1 s=NONE pgs=0 cs=0 l=1 rev1=0 crypto rx=0 tx=0 comp rx=0 tx=0).connect
2024-03-17T23:46:41.679 INFO:teuthology.orchestra.run.smithi012.stdout:/usr/bin/ceph: stderr
2024-03-17T23:46:40.788+0000 7f0ea8c00700 1 -- 172.21.15.12:0/2729547378 <== mon.0 v2:172.21.15.12:3300/0 5 ==== osd_map(2..2 src has 1..2) ==== 940+0+0 (secure 0 0 0) 0x7f0e9c04d250 con 0x7f0eac107c50
2024-03-17T23:46:41.679 INFO:teuthology.orchestra.run.smithi012.stdout:/usr/bin/ceph: stderr
2024-03-17T23:46:40.788+0000 7f0eab400700 1 --2- 172.21.15.12:0/2729547378 >> [v2:172.21.15.12:6800/2526360059,v1:172.21.15.12:6801/2526360059] conn(0x7f0e90038f70 0x7f0e9003b430 unknown :-1 s=BANNER_CONNECTING pgs=0 cs=0 l=1 rev1=0 crypto rx=0 tx=0 comp rx=0 tx=0)._handle_peer_banner_payload supported=3 required=0
2024-03-17T23:46:41.680 INFO:teuthology.orchestra.run.smithi012.stdout:/usr/bin/ceph: stderr
2024-03-17T23:46:40.789+0000 7f0eab400700 1 --2- 172.21.15.12:0/2729547378 >> [v2:172.21.15.12:6800/2526360059,v1:172.21.15.12:6801/2526360059] conn(0x7f0e90038f70 0x7f0e9003b430 secure :-1 s=READY pgs=14 cs=0 l=1 rev1=1 crypto rx=0x7f0e98006fd0 tx=0x7f0e98006e40 comp rx=0 tx=0).ready entity=mgr.14120 client_cookie=0 server_cookie=0 in_seq=0 out_seq=0
2024-03-17T23:46:41.680 INFO:teuthology.orchestra.run.smithi012.stdout:/usr/bin/ceph: stderr
2024-03-17T23:46:40.793+0000 7f0ea8c00700 1 -- 172.21.15.12:0/2729547378 <== mon.0 v2:172.21.15.12:3300/0 6 ==== mon_command_ack([{"prefix": "get_command_descriptions"}]=0 v0) ==== 72+0+186149 (secure 0 0 0) 0x7f0e9c04cba0 con 0x7f0eac107c50
2024-03-17T23:46:41.680 INFO:teuthology.orchestra.run.smithi012.stdout:/usr/bin/ceph: stderr
2024-03-17T23:46:41.023+0000 7f0eb2a00700 1 -- 172.21.15.12:0/2729547378 --> [v2:172.21.15.12:3300/0,v1:172.21.15.12:6789/0] -- mon_command([{prefix=config set, name=mgr/cephadm/container_init}] v 0) -- 0x7f0eac07bdc0 con 0x7f0eac107c50
2024-03-17T23:46:41.680 INFO:teuthology.orchestra.run.smithi012.stdout:/usr/bin/ceph: stderr
2024-03-17T23:46:41.029+0000 7f0ea8c00700 1 -- 172.21.15.12:0/2729547378 <== mon.0 v2:172.21.15.12:3300/0 7 ==== mon_command_ack([{prefix=config set, name=mgr/cephadm/container_init}]=0 v7)=0 v7) ==== 142+0+0 (secure 0 0 0) 0x7f0e9c01ab70 con 0x7f0eac107c50
2024-03-17T23:46:41.680 INFO:teuthology.orchestra.run.smithi012.stdout:/usr/bin/ceph: stderr
2024-03-17T23:46:41.032+0000 7f0eb2a00700 1 -- 172.21.15.12:0/2729547378 >> [v2:172.21.15.12:6800/2526360059,v1:172.21.15.12:6801/2526360059] conn(0x7f0e90038f70 msgr2=0x7f0e9003b430 secure :-1 s=STATE_CONNECTION_ESTABLISHED l=1).mark_down
2024-03-17T23:46:41.680 INFO:teuthology.orchestra.run.smithi012.stdout:/usr/bin/ceph: stderr
2024-03-17T23:46:41.032+0000 7f0eb2a00700 1 --2- 172.21.15.12:0/2729547378 >> [v2:172.21.15.12:6800/2526360059,v1:172.21.15.12:6801/2526360059] conn(0x7f0e90038f70 0x7f0e9003b430 secure :-1 s=READY pgs=14 cs=0 l=1 rev1=1 crypto rx=0x7f0e98006fd0 tx=0x7f0e98006e40 comp rx=0 tx=0).stop
2024-03-17T23:46:41.680 INFO:teuthology.orchestra.run.smithi012.stdout:/usr/bin/ceph: stderr
2024-03-17T23:46:41.032+0000 7f0eb2a00700 1 -- 172.21.15.12:0/2729547378 >> [v2:172.21.15.12:3300/0,v1:172.21.15.12:6789/0] conn(0x7f0eac107c50 msgr2=0x7f0eac07ca60 secure :-1 s=STATE_CONNECTION_ESTABLISHED l=1).mark_down
2024-03-17T23:46:41.680 INFO:teuthology.orchestra.run.smithi012.stdout:/usr/bin/ceph: stderr
2024-03-17T23:46:41.032+0000 7f0eb2a00700 1 --2- 172.21.15.12:0/2729547378 >> [v2:172.21.15.12:3300/0,v1:172.21.15.12:6789/0] conn(0x7f0eac107c50 0x7f0eac07ca60 secure :-1 s=READY pgs=52 cs=0 l=1 rev1=1 crypto rx=0x7f0e9c0117e0 tx=0x7f0e9c011ba0 comp rx=0 tx=0).stop
2024-03-17T23:46:41.680 INFO:teuthology.orchestra.run.smithi012.stdout:/usr/bin/ceph: stderr
2024-03-17T23:46:41.032+0000 7f0eb2a00700 1 -- 172.21.15.12:0/2729547378 shutdown_connections
2024-03-17T23:46:41.680 INFO:teuthology.orchestra.run.smithi012.stdout:/usr/bin/ceph: stderr
2024-03-17T23:46:41.032+0000 7f0eb2a00700 1 --2- 172.21.15.12:0/2729547378 >> [v2:172.21.15.12:6800/2526360059,v1:172.21.15.12:6801/2526360059] conn(0x7f0e90038f70 0x7f0e9003b430 unknown :-1 s=CLOSED pgs=14 cs=0 l=1 rev1=1 crypto rx=0 tx=0 comp rx=0 tx=0).stop
2024-03-17T23:46:41.680 INFO:teuthology.orchestra.run.smithi012.stdout:/usr/bin/ceph: stderr
2024-03-17T23:46:41.032+0000 7f0eb2a00700 1 --2- 172.21.15.12:0/2729547378 >> [v2:172.21.15.12:3300/0,v1:172.21.15.12:6789/0] conn(0x7f0eac107c50 0x7f0eac07ca60 secure :-1 s=CLOSED pgs=52 cs=0 l=1 rev1=1 crypto rx=0x7f0e9c0117e0 tx=0x7f0e9c011ba0 comp rx=0 tx=0).stop
2024-03-17T23:46:41.680 INFO:teuthology.orchestra.run.smithi012.stdout:/usr/bin/ceph: stderr
2024-03-17T23:46:41.032+0000 7f0eb2a00700 1 -- 172.21.15.12:0/2729547378 >> 172.21.15.12:0/2729547378 conn(0x7f0eac1031f0 msgr2=0x7f0eac103d30 unknown :-1 s=STATE_NONE l=0).mark_down
2024-03-17T23:46:41.680 INFO:teuthology.orchestra.run.smithi012.stdout:/usr/bin/ceph: stderr
2024-03-17T23:46:41.033+0000 7f0eb2a00700 1 -- 172.21.15.12:0/2729547378 shutdown_connections
2024-03-17T23:46:41.680 INFO:teuthology.orchestra.run.smithi012.stdout:/usr/bin/ceph: stderr
2024-03-17T23:46:41.033+0000 7f0eb2a00700 1 -- 172.21.15.12:0/2729547378 wait complete.
2024-03-17T23:46:41.919 INFO:journalctl@ceph.mon.a.smithi012.stdout:Mar 17 23:46:41 smithi012 ceph-mon[31541]: pgmap v3: 0 pgs: ; 0 B data, 0 B used, 0 B / 0 B avail
2024-03-17T23:46:41.919 INFO:journalctl@ceph.mon.a.smithi012.stdout:Mar 17 23:46:41 smithi012 ceph-mon[31541]: from='mgr.14120 172.21.15.12:0/156503519' entity='mgr.x'
2024-03-17T23:46:41.919 INFO:journalctl@ceph.mon.a.smithi012.stdout:Mar 17 23:46:41 smithi012 ceph-mon[31541]: from='client.? 172.21.15.12:0/2729547378' entity='client.admin'
2024-03-17T23:46:43.613 INFO:teuthology.orchestra.run.smithi012.stdout:/usr/bin/ceph: stderr
2024-03-17T23:46:42.319+0000 7f254d000700 1 Processor -- start
2024-03-17T23:46:43.613 INFO:teuthology.orchestra.run.smithi012.stdout:/usr/bin/ceph: stderr
2024-03-17T23:46:42.319+0000 7f254d000700 1 -- start start
2024-03-17T23:46:43.613 INFO:teuthology.orchestra.run.smithi012.stdout:/usr/bin/ceph: stderr
2024-03-17T23:46:42.320+0000 7f254d000700 1 --2- >> [v2:172.21.15.12:3300/0,v1:172.21.15.12:6789/0] conn(0x7f254807cdd0 0x7f254807b230 unknown :-1 s=NONE pgs=0 cs=0 l=0 rev1=0 crypto rx=0 tx=0 comp rx=0 tx=0).connect
2024-03-17T23:46:43.614 INFO:teuthology.orchestra.run.smithi012.stdout:/usr/bin/ceph: stderr
2024-03-17T23:46:42.320+0000 7f254d000700 1 -- --> [v2:172.21.15.12:3300/0,v1:172.21.15.12:6789/0] -- mon_getmap magic: 0 -- 0x7f254807b800 con 0x7f254807cdd0
2024-03-17T23:46:43.614 INFO:teuthology.orchestra.run.smithi012.stdout:/usr/bin/ceph: stderr
2024-03-17T23:46:42.320+0000 7f2545e00700 1 --2- >> [v2:172.21.15.12:3300/0,v1:172.21.15.12:6789/0] conn(0x7f254807cdd0 0x7f254807b230 unknown :-1 s=BANNER_CONNECTING pgs=0 cs=0 l=0 rev1=0 crypto rx=0 tx=0 comp rx=0 tx=0)._handle_peer_banner_payload supported=3 required=0
2024-03-17T23:46:43.614 INFO:teuthology.orchestra.run.smithi012.stdout:/usr/bin/ceph: stderr
2024-03-17T23:46:42.320+0000 7f2545e00700 1 --2- >> [v2:172.21.15.12:3300/0,v1:172.21.15.12:6789/0] conn(0x7f254807cdd0 0x7f254807b230 unknown :-1 s=HELLO_CONNECTING pgs=0 cs=0 l=0 rev1=1 crypto rx=0 tx=0 comp rx=0 tx=0).handle_hello peer v2:172.21.15.12:3300/0 says I am v2:172.21.15.12:47458/0 (socket says 172.21.15.12:47458)
2024-03-17T23:46:43.614 INFO:teuthology.orchestra.run.smithi012.stdout:/usr/bin/ceph: stderr
2024-03-17T23:46:42.321+0000 7f2545e00700 1 -- 172.21.15.12:0/4125365536 learned_addr learned my addr 172.21.15.12:0/4125365536 (peer_addr_for_me v2:172.21.15.12:0/0)
2024-03-17T23:46:43.614 INFO:teuthology.orchestra.run.smithi012.stdout:/usr/bin/ceph: stderr
2024-03-17T23:46:42.321+0000 7f2545e00700 1 -- 172.21.15.12:0/4125365536 --> [v2:172.21.15.12:3300/0,v1:172.21.15.12:6789/0] -- mon_subscribe({config=0+,monmap=0+}) -- 0x7f254807b980 con 0x7f254807cdd0
2024-03-17T23:46:43.614 INFO:teuthology.orchestra.run.smithi012.stdout:/usr/bin/ceph: stderr
2024-03-17T23:46:42.322+0000 7f2545e00700 1 --2- 172.21.15.12:0/4125365536 >> [v2:172.21.15.12:3300/0,v1:172.21.15.12:6789/0] conn(0x7f254807cdd0 0x7f254807b230 secure :-1 s=READY pgs=53 cs=0 l=1 rev1=1 crypto rx=0x7f25380098a0 tx=0x7f2538009bb0 comp rx=0 tx=0).ready entity=mon.0 client_cookie=88271119d90d5512 server_cookie=0 in_seq=0 out_seq=0
2024-03-17T23:46:43.617 INFO:teuthology.orchestra.run.smithi012.stdout:/usr/bin/ceph: stderr
2024-03-17T23:46:42.322+0000 7f2544a00700 1 -- 172.21.15.12:0/4125365536 <== mon.0 v2:172.21.15.12:3300/0 1 ==== mon_map magic: 0 ==== 205+0+0 (secure 0 0 0) 0x7f2538004160 con 0x7f254807cdd0
2024-03-17T23:46:43.618 INFO:teuthology.orchestra.run.smithi012.stdout:/usr/bin/ceph: stderr
2024-03-17T23:46:42.322+0000 7f2544a00700 1 -- 172.21.15.12:0/4125365536 <== mon.0 v2:172.21.15.12:3300/0 2 ==== config(27 keys) ==== 1140+0+0 (secure 0 0 0) 0x7f2538004300 con 0x7f254807cdd0
2024-03-17T23:46:43.618 INFO:teuthology.orchestra.run.smithi012.stdout:/usr/bin/ceph: stderr
2024-03-17T23:46:42.322+0000 7f2544a00700 1 -- 172.21.15.12:0/4125365536 <== mon.0 v2:172.21.15.12:3300/0 3 ==== mon_map magic: 0 ==== 205+0+0 (secure 0 0 0) 0x7f2538011b20 con 0x7f254807cdd0
2024-03-17T23:46:43.618 INFO:teuthology.orchestra.run.smithi012.stdout:/usr/bin/ceph: stderr
2024-03-17T23:46:42.323+0000 7f254d000700 1 -- 172.21.15.12:0/4125365536 >> [v2:172.21.15.12:3300/0,v1:172.21.15.12:6789/0] conn(0x7f254807cdd0 msgr2=0x7f254807b230 secure :-1 s=STATE_CONNECTION_ESTABLISHED l=1).mark_down
2024-03-17T23:46:43.618 INFO:teuthology.orchestra.run.smithi012.stdout:/usr/bin/ceph: stderr
2024-03-17T23:46:42.323+0000 7f254d000700 1 --2- 172.21.15.12:0/4125365536 >> [v2:172.21.15.12:3300/0,v1:172.21.15.12:6789/0] conn(0x7f254807cdd0 0x7f254807b230 secure :-1 s=READY pgs=53 cs=0 l=1 rev1=1 crypto rx=0x7f25380098a0 tx=0x7f2538009bb0 comp rx=0 tx=0).stop
2024-03-17T23:46:43.618 INFO:teuthology.orchestra.run.smithi012.stdout:/usr/bin/ceph: stderr
2024-03-17T23:46:42.323+0000 7f254d000700 1 -- 172.21.15.12:0/4125365536 shutdown_connections
2024-03-17T23:46:43.618 INFO:teuthology.orchestra.run.smithi012.stdout:/usr/bin/ceph: stderr
2024-03-17T23:46:42.323+0000 7f254d000700 1 --2- 172.21.15.12:0/4125365536 >> [v2:172.21.15.12:3300/0,v1:172.21.15.12:6789/0] conn(0x7f254807cdd0 0x7f254807b230 unknown :-1 s=CLOSED pgs=53 cs=0 l=1 rev1=1 crypto rx=0 tx=0 comp rx=0 tx=0).stop
2024-03-17T23:46:43.618 INFO:teuthology.orchestra.run.smithi012.stdout:/usr/bin/ceph: stderr
2024-03-17T23:46:42.323+0000 7f254d000700 1 -- 172.21.15.12:0/4125365536 >> 172.21.15.12:0/4125365536 conn(0x7f2548103290 msgr2=0x7f25481056b0 unknown :-1 s=STATE_NONE l=0).mark_down
2024-03-17T23:46:43.618 INFO:teuthology.orchestra.run.smithi012.stdout:/usr/bin/ceph: stderr
2024-03-17T23:46:42.323+0000 7f254d000700 1 -- 172.21.15.12:0/4125365536 shutdown_connections
2024-03-17T23:46:43.618 INFO:teuthology.orchestra.run.smithi012.stdout:/usr/bin/ceph: stderr
2024-03-17T23:46:42.323+0000 7f254d000700 1 -- 172.21.15.12:0/4125365536 wait complete.
2024-03-17T23:46:43.618 INFO:teuthology.orchestra.run.smithi012.stdout:/usr/bin/ceph: stderr
2024-03-17T23:46:42.324+0000 7f254d000700 1 Processor -- start
2024-03-17T23:46:43.618 INFO:teuthology.orchestra.run.smithi012.stdout:/usr/bin/ceph: stderr
2024-03-17T23:46:42.324+0000 7f254d000700 1 -- start start
2024-03-17T23:46:43.618 INFO:teuthology.orchestra.run.smithi012.stdout:/usr/bin/ceph: stderr
