2024-03-17T23:45:13.043+0000 7ff178d09200 -1 mgr[py] Module osd_support has missing NOTIFY_TYPES member
2024-03-17T23:45:13.642 INFO:journalctl@ceph.mgr.x.smithi062.stdout:Mar 17 23:45:13 smithi062 ceph-0913b94c-e4b8-11ee-95c9-87774f69a715-mgr-x[31962]:
2024-03-17T23:45:13.360+0000 7ff178d09200 -1 mgr[py] Module volumes has missing NOTIFY_TYPES member
2024-03-17T23:45:14.892 INFO:journalctl@ceph.mgr.x.smithi062.stdout:Mar 17 23:45:14 smithi062 ceph-0913b94c-e4b8-11ee-95c9-87774f69a715-mgr-x[31962]:
2024-03-17T23:45:14.434+0000 7ff178d09200 -1 mgr[py] Module telemetry has missing NOTIFY_TYPES member
2024-03-17T23:45:15.585 INFO:journalctl@ceph.mgr.x.smithi062.stdout:Mar 17 23:45:15 smithi062 ceph-0913b94c-e4b8-11ee-95c9-87774f69a715-mgr-x[31962]:
2024-03-17T23:45:15.154+0000 7ff178d09200 -1 mgr[py] Module prometheus has missing NOTIFY_TYPES member
2024-03-17T23:45:15.585 INFO:journalctl@ceph.mgr.x.smithi062.stdout:Mar 17 23:45:15 smithi062 ceph-0913b94c-e4b8-11ee-95c9-87774f69a715-mgr-x[31962]:
2024-03-17T23:45:15.290+0000 7ff178d09200 -1 mgr[py] Module status has missing NOTIFY_TYPES member
2024-03-17T23:45:15.892 INFO:journalctl@ceph.mgr.x.smithi062.stdout:Mar 17 23:45:15 smithi062 ceph-0913b94c-e4b8-11ee-95c9-87774f69a715-mgr-x[31962]:
2024-03-17T23:45:15.582+0000 7ff178d09200 -1 mgr[py] Module nfs has missing NOTIFY_TYPES member
2024-03-17T23:45:15.892 INFO:journalctl@ceph.mon.a.smithi062.stdout:Mar 17 23:45:15 smithi062 ceph-mon[31722]: Active manager daemon x restarted
2024-03-17T23:45:15.892 INFO:journalctl@ceph.mon.a.smithi062.stdout:Mar 17 23:45:15 smithi062 ceph-mon[31722]: Activating manager daemon x
2024-03-17T23:45:15.892 INFO:journalctl@ceph.mon.a.smithi062.stdout:Mar 17 23:45:15 smithi062 ceph-mon[31722]: osdmap e3: 0 total, 0 up, 0 in
2024-03-17T23:45:15.892 INFO:journalctl@ceph.mon.a.smithi062.stdout:Mar 17 23:45:15 smithi062 ceph-mon[31722]: mgrmap e10: x(active, starting, since 0.0087464s)
2024-03-17T23:45:15.892 INFO:journalctl@ceph.mon.a.smithi062.stdout:Mar 17 23:45:15 smithi062 ceph-mon[31722]: from='mgr.14152 172.21.15.62:0/846718579' entity='mgr.x' cmd=[{"prefix": "mon metadata", "id": "a"}]: dispatch
2024-03-17T23:45:15.892 INFO:journalctl@ceph.mon.a.smithi062.stdout:Mar 17 23:45:15 smithi062 ceph-mon[31722]: from='mgr.14152 172.21.15.62:0/846718579' entity='mgr.x' cmd=[{"prefix": "mgr metadata", "who": "x", "id": "x"}]: dispatch
2024-03-17T23:45:15.893 INFO:journalctl@ceph.mon.a.smithi062.stdout:Mar 17 23:45:15 smithi062 ceph-mon[31722]: from='mgr.14152 172.21.15.62:0/846718579' entity='mgr.x' cmd=[{"prefix": "mds metadata"}]: dispatch
2024-03-17T23:45:15.893 INFO:journalctl@ceph.mon.a.smithi062.stdout:Mar 17 23:45:15 smithi062 ceph-mon[31722]: from='mgr.14152 172.21.15.62:0/846718579' entity='mgr.x' cmd=[{"prefix": "osd metadata"}]: dispatch
2024-03-17T23:45:15.893 INFO:journalctl@ceph.mon.a.smithi062.stdout:Mar 17 23:45:15 smithi062 ceph-mon[31722]: from='mgr.14152 172.21.15.62:0/846718579' entity='mgr.x' cmd=[{"prefix": "mon metadata"}]: dispatch
2024-03-17T23:45:15.893 INFO:journalctl@ceph.mon.a.smithi062.stdout:Mar 17 23:45:15 smithi062 ceph-mon[31722]: Manager daemon x is now available
2024-03-17T23:45:16.892 INFO:journalctl@ceph.mon.a.smithi062.stdout:Mar 17 23:45:16 smithi062 ceph-mon[31722]: from='mgr.14152 172.21.15.62:0/846718579' entity='mgr.x' cmd=[{"prefix": "config dump", "format": "json"}]: dispatch
2024-03-17T23:45:16.893 INFO:journalctl@ceph.mon.a.smithi062.stdout:Mar 17 23:45:16 smithi062 ceph-mon[31722]: from='mgr.14152 172.21.15.62:0/846718579' entity='mgr.x' cmd=[{"prefix": "config dump", "format": "json"}]: dispatch
2024-03-17T23:45:16.893 INFO:journalctl@ceph.mon.a.smithi062.stdout:Mar 17 23:45:16 smithi062 ceph-mon[31722]: from='mgr.14152 172.21.15.62:0/846718579' entity='mgr.x' cmd=[{"prefix":"config rm","who":"mgr","name":"mgr/rbd_support/x/mirror_snapshot_schedule"}]: dispatch
2024-03-17T23:45:16.893 INFO:journalctl@ceph.mon.a.smithi062.stdout:Mar 17 23:45:16 smithi062 ceph-mon[31722]: from='mgr.14152 172.21.15.62:0/846718579' entity='mgr.x' cmd=[{"prefix":"config rm","who":"mgr","name":"mgr/rbd_support/x/trash_purge_schedule"}]: dispatch
2024-03-17T23:45:16.893 INFO:journalctl@ceph.mon.a.smithi062.stdout:Mar 17 23:45:16 smithi062 ceph-mon[31722]: [17/Mar/2024:23:45:16] ENGINE Bus STARTING
2024-03-17T23:45:16.893 INFO:journalctl@ceph.mon.a.smithi062.stdout:Mar 17 23:45:16 smithi062 ceph-mon[31722]: [17/Mar/2024:23:45:16] ENGINE Serving on http://172.21.15.62:8765
2024-03-17T23:45:16.893 INFO:journalctl@ceph.mon.a.smithi062.stdout:Mar 17 23:45:16 smithi062 ceph-mon[31722]: mgrmap e11: x(active, since 1.0092s)
2024-03-17T23:45:17.309 INFO:teuthology.orchestra.run.smithi062.stdout:/usr/bin/ceph: stdout {
2024-03-17T23:45:17.309 INFO:teuthology.orchestra.run.smithi062.stdout:/usr/bin/ceph: stdout "mgrmap_epoch": 11,
2024-03-17T23:45:17.309 INFO:teuthology.orchestra.run.smithi062.stdout:/usr/bin/ceph: stdout "initialized": true
2024-03-17T23:45:17.309 INFO:teuthology.orchestra.run.smithi062.stdout:/usr/bin/ceph: stdout }
2024-03-17T23:45:17.309 INFO:teuthology.orchestra.run.smithi062.stdout:/usr/bin/ceph: stderr
2024-03-17T23:45:09.460+0000 7ff961c00700 1 Processor -- start
2024-03-17T23:45:17.309 INFO:teuthology.orchestra.run.smithi062.stdout:/usr/bin/ceph: stderr
2024-03-17T23:45:09.460+0000 7ff961c00700 1 -- start start
2024-03-17T23:45:17.309 INFO:teuthology.orchestra.run.smithi062.stdout:/usr/bin/ceph: stderr
2024-03-17T23:45:09.460+0000 7ff961c00700 1 --2- >> [v2:172.21.15.62:3300/0,v1:172.21.15.62:6789/0] conn(0x7ff95c07dd00 0x7ff95c07c2c0 unknown :-1 s=NONE pgs=0 cs=0 l=0 rev1=0 crypto rx=0 tx=0 comp rx=0 tx=0).connect
2024-03-17T23:45:17.309 INFO:teuthology.orchestra.run.smithi062.stdout:/usr/bin/ceph: stderr
2024-03-17T23:45:09.460+0000 7ff961c00700 1 -- --> [v2:172.21.15.62:3300/0,v1:172.21.15.62:6789/0] -- mon_getmap magic: 0 -- 0x7ff95c07e120 con 0x7ff95c07dd00
2024-03-17T23:45:17.309 INFO:teuthology.orchestra.run.smithi062.stdout:/usr/bin/ceph: stderr
2024-03-17T23:45:09.460+0000 7ff95aa00700 1 --2- >> [v2:172.21.15.62:3300/0,v1:172.21.15.62:6789/0] conn(0x7ff95c07dd00 0x7ff95c07c2c0 unknown :-1 s=BANNER_CONNECTING pgs=0 cs=0 l=0 rev1=0 crypto rx=0 tx=0 comp rx=0 tx=0)._handle_peer_banner_payload supported=3 required=0
2024-03-17T23:45:17.310 INFO:teuthology.orchestra.run.smithi062.stdout:/usr/bin/ceph: stderr
2024-03-17T23:45:09.461+0000 7ff95aa00700 1 --2- >> [v2:172.21.15.62:3300/0,v1:172.21.15.62:6789/0] conn(0x7ff95c07dd00 0x7ff95c07c2c0 unknown :-1 s=HELLO_CONNECTING pgs=0 cs=0 l=0 rev1=1 crypto rx=0 tx=0 comp rx=0 tx=0).handle_hello peer v2:172.21.15.62:3300/0 says I am v2:172.21.15.62:55064/0 (socket says 172.21.15.62:55064)
2024-03-17T23:45:17.310 INFO:teuthology.orchestra.run.smithi062.stdout:/usr/bin/ceph: stderr
2024-03-17T23:45:09.461+0000 7ff95aa00700 1 -- 172.21.15.62:0/1434589181 learned_addr learned my addr 172.21.15.62:0/1434589181 (peer_addr_for_me v2:172.21.15.62:0/0)
2024-03-17T23:45:17.311 INFO:teuthology.orchestra.run.smithi062.stdout:/usr/bin/ceph: stderr
2024-03-17T23:45:09.461+0000 7ff95aa00700 1 -- 172.21.15.62:0/1434589181 --> [v2:172.21.15.62:3300/0,v1:172.21.15.62:6789/0] -- mon_subscribe({config=0+,monmap=0+}) -- 0x7ff95c07c800 con 0x7ff95c07dd00
2024-03-17T23:45:17.311 INFO:teuthology.orchestra.run.smithi062.stdout:/usr/bin/ceph: stderr
2024-03-17T23:45:09.461+0000 7ff95aa00700 1 --2- 172.21.15.62:0/1434589181 >> [v2:172.21.15.62:3300/0,v1:172.21.15.62:6789/0] conn(0x7ff95c07dd00 0x7ff95c07c2c0 secure :-1 s=READY pgs=61 cs=0 l=1 rev1=1 crypto rx=0x7ff94c0098a0 tx=0x7ff94c009bb0 comp rx=0 tx=0).ready entity=mon.0 client_cookie=9de7ba34b9475fd6 server_cookie=0 in_seq=0 out_seq=0
2024-03-17T23:45:17.311 INFO:teuthology.orchestra.run.smithi062.stdout:/usr/bin/ceph: stderr
2024-03-17T23:45:09.462+0000 7ff959600700 1 -- 172.21.15.62:0/1434589181 <== mon.0 v2:172.21.15.62:3300/0 1 ==== mon_map magic: 0 ==== 205+0+0 (secure 0 0 0) 0x7ff94c004160 con 0x7ff95c07dd00
2024-03-17T23:45:17.311 INFO:teuthology.orchestra.run.smithi062.stdout:/usr/bin/ceph: stderr
2024-03-17T23:45:09.462+0000 7ff959600700 1 -- 172.21.15.62:0/1434589181 <== mon.0 v2:172.21.15.62:3300/0 2 ==== config(27 keys) ==== 1140+0+0 (secure 0 0 0) 0x7ff94c004300 con 0x7ff95c07dd00
2024-03-17T23:45:17.311 INFO:teuthology.orchestra.run.smithi062.stdout:/usr/bin/ceph: stderr
2024-03-17T23:45:09.462+0000 7ff959600700 1 -- 172.21.15.62:0/1434589181 <== mon.0 v2:172.21.15.62:3300/0 3 ==== mon_map magic: 0 ==== 205+0+0 (secure 0 0 0) 0x7ff94c011b20 con 0x7ff95c07dd00
2024-03-17T23:45:17.311 INFO:teuthology.orchestra.run.smithi062.stdout:/usr/bin/ceph: stderr
2024-03-17T23:45:09.462+0000 7ff961c00700 1 -- 172.21.15.62:0/1434589181 >> [v2:172.21.15.62:3300/0,v1:172.21.15.62:6789/0] conn(0x7ff95c07dd00 msgr2=0x7ff95c07c2c0 secure :-1 s=STATE_CONNECTION_ESTABLISHED l=1).mark_down
2024-03-17T23:45:17.312 INFO:teuthology.orchestra.run.smithi062.stdout:/usr/bin/ceph: stderr
2024-03-17T23:45:09.462+0000 7ff961c00700 1 --2- 172.21.15.62:0/1434589181 >> [v2:172.21.15.62:3300/0,v1:172.21.15.62:6789/0] conn(0x7ff95c07dd00 0x7ff95c07c2c0 secure :-1 s=READY pgs=61 cs=0 l=1 rev1=1 crypto rx=0x7ff94c0098a0 tx=0x7ff94c009bb0 comp rx=0 tx=0).stop
2024-03-17T23:45:17.312 INFO:teuthology.orchestra.run.smithi062.stdout:/usr/bin/ceph: stderr
2024-03-17T23:45:09.462+0000 7ff961c00700 1 -- 172.21.15.62:0/1434589181 shutdown_connections
2024-03-17T23:45:17.312 INFO:teuthology.orchestra.run.smithi062.stdout:/usr/bin/ceph: stderr
2024-03-17T23:45:09.462+0000 7ff961c00700 1 --2- 172.21.15.62:0/1434589181 >> [v2:172.21.15.62:3300/0,v1:172.21.15.62:6789/0] conn(0x7ff95c07dd00 0x7ff95c07c2c0 unknown :-1 s=CLOSED pgs=61 cs=0 l=1 rev1=1 crypto rx=0 tx=0 comp rx=0 tx=0).stop
2024-03-17T23:45:17.312 INFO:teuthology.orchestra.run.smithi062.stdout:/usr/bin/ceph: stderr
2024-03-17T23:45:09.463+0000 7ff961c00700 1 -- 172.21.15.62:0/1434589181 >> 172.21.15.62:0/1434589181 conn(0x7ff95c1032d0 msgr2=0x7ff95c105710 unknown :-1 s=STATE_NONE l=0).mark_down
2024-03-17T23:45:17.312 INFO:teuthology.orchestra.run.smithi062.stdout:/usr/bin/ceph: stderr
2024-03-17T23:45:09.463+0000 7ff961c00700 1 -- 172.21.15.62:0/1434589181 shutdown_connections
2024-03-17T23:45:17.312 INFO:teuthology.orchestra.run.smithi062.stdout:/usr/bin/ceph: stderr
2024-03-17T23:45:09.463+0000 7ff961c00700 1 -- 172.21.15.62:0/1434589181 wait complete.
2024-03-17T23:45:17.312 INFO:teuthology.orchestra.run.smithi062.stdout:/usr/bin/ceph: stderr
2024-03-17T23:45:09.464+0000 7ff961c00700 1 Processor -- start
2024-03-17T23:45:17.313 INFO:teuthology.orchestra.run.smithi062.stdout:/usr/bin/ceph: stderr
2024-03-17T23:45:09.464+0000 7ff961c00700 1 -- start start
2024-03-17T23:45:17.313 INFO:teuthology.orchestra.run.smithi062.stdout:/usr/bin/ceph: stderr
2024-03-17T23:45:09.465+0000 7ff961c00700 1 --2- >> [v2:172.21.15.62:3300/0,v1:172.21.15.62:6789/0] conn(0x7ff95c07dd00 0x7ff95c19dd90 unknown :-1 s=NONE pgs=0 cs=0 l=1 rev1=0 crypto rx=0 tx=0 comp rx=0 tx=0).connect
2024-03-17T23:45:17.313 INFO:teuthology.orchestra.run.smithi062.stdout:/usr/bin/ceph: stderr
2024-03-17T23:45:09.465+0000 7ff961c00700 1 -- --> [v2:172.21.15.62:3300/0,v1:172.21.15.62:6789/0] -- mon_getmap magic: 0 -- 0x7ff95c10e130 con 0x7ff95c07dd00
2024-03-17T23:45:17.313 INFO:teuthology.orchestra.run.smithi062.stdout:/usr/bin/ceph: stderr
2024-03-17T23:45:09.465+0000 7ff95aa00700 1 --2- >> [v2:172.21.15.62:3300/0,v1:172.21.15.62:6789/0] conn(0x7ff95c07dd00 0x7ff95c19dd90 unknown :-1 s=BANNER_CONNECTING pgs=0 cs=0 l=1 rev1=0 crypto rx=0 tx=0 comp rx=0 tx=0)._handle_peer_banner_payload supported=3 required=0
2024-03-17T23:45:17.316 INFO:teuthology.orchestra.run.smithi062.stdout:/usr/bin/ceph: stderr
2024-03-17T23:45:09.465+0000 7ff95aa00700 1 --2- >> [v2:172.21.15.62:3300/0,v1:172.21.15.62:6789/0] conn(0x7ff95c07dd00 0x7ff95c19dd90 unknown :-1 s=HELLO_CONNECTING pgs=0 cs=0 l=1 rev1=1 crypto rx=0 tx=0 comp rx=0 tx=0).handle_hello peer v2:172.21.15.62:3300/0 says I am v2:172.21.15.62:55074/0 (socket says 172.21.15.62:55074)
2024-03-17T23:45:17.316 INFO:teuthology.orchestra.run.smithi062.stdout:/usr/bin/ceph: stderr
2024-03-17T23:45:09.465+0000 7ff95aa00700 1 -- 172.21.15.62:0/2228608258 learned_addr learned my addr 172.21.15.62:0/2228608258 (peer_addr_for_me v2:172.21.15.62:0/0)
2024-03-17T23:45:17.316 INFO:teuthology.orchestra.run.smithi062.stdout:/usr/bin/ceph: stderr
2024-03-17T23:45:09.465+0000 7ff95aa00700 1 -- 172.21.15.62:0/2228608258 --> [v2:172.21.15.62:3300/0,v1:172.21.15.62:6789/0] -- mon_subscribe({config=0+,monmap=0+}) -- 0x7ff95c19e2d0 con 0x7ff95c07dd00
2024-03-17T23:45:17.316 INFO:teuthology.orchestra.run.smithi062.stdout:/usr/bin/ceph: stderr
2024-03-17T23:45:09.466+0000 7ff95aa00700 1 --2- 172.21.15.62:0/2228608258 >> [v2:172.21.15.62:3300/0,v1:172.21.15.62:6789/0] conn(0x7ff95c07dd00 0x7ff95c19dd90 secure :-1 s=READY pgs=62 cs=0 l=1 rev1=1 crypto rx=0x7ff94c011b60 tx=0x7ff94c011c40 comp rx=0 tx=0).ready entity=mon.0 client_cookie=0 server_cookie=0 in_seq=0 out_seq=0
2024-03-17T23:45:17.317 INFO:teuthology.orchestra.run.smithi062.stdout:/usr/bin/ceph: stderr
2024-03-17T23:45:09.466+0000 7ff953400700 1 -- 172.21.15.62:0/2228608258 <== mon.0 v2:172.21.15.62:3300/0 1 ==== mon_map magic: 0 ==== 205+0+0 (secure 0 0 0) 0x7ff94c003b60 con 0x7ff95c07dd00
2024-03-17T23:45:17.317 INFO:teuthology.orchestra.run.smithi062.stdout:/usr/bin/ceph: stderr
2024-03-17T23:45:09.466+0000 7ff953400700 1 -- 172.21.15.62:0/2228608258 <== mon.0 v2:172.21.15.62:3300/0 2 ==== config(27 keys) ==== 1140+0+0 (secure 0 0 0) 0x7ff94c01a910 con 0x7ff95c07dd00
2024-03-17T23:45:17.317 INFO:teuthology.orchestra.run.smithi062.stdout:/usr/bin/ceph: stderr
2024-03-17T23:45:09.466+0000 7ff961c00700 1 -- 172.21.15.62:0/2228608258 --> [v2:172.21.15.62:3300/0,v1:172.21.15.62:6789/0] -- mon_subscribe({mgrmap=0+}) -- 0x7ff95c19e560 con 0x7ff95c07dd00
2024-03-17T23:45:17.317 INFO:teuthology.orchestra.run.smithi062.stdout:/usr/bin/ceph: stderr
2024-03-17T23:45:09.466+0000 7ff953400700 1 -- 172.21.15.62:0/2228608258 <== mon.0 v2:172.21.15.62:3300/0 3 ==== mon_map magic: 0 ==== 205+0+0 (secure 0 0 0) 0x7ff94c024930 con 0x7ff95c07dd00
2024-03-17T23:45:17.317 INFO:teuthology.orchestra.run.smithi062.stdout:/usr/bin/ceph: stderr
2024-03-17T23:45:09.466+0000 7ff961c00700 1 -- 172.21.15.62:0/2228608258 --> [v2:172.21.15.62:3300/0,v1:172.21.15.62:6789/0] -- mon_subscribe({osdmap=0}) -- 0x7ff95c1a1210 con 0x7ff95c07dd00
2024-03-17T23:45:17.317 INFO:teuthology.orchestra.run.smithi062.stdout:/usr/bin/ceph: stderr
2024-03-17T23:45:09.467+0000 7ff953400700 1 -- 172.21.15.62:0/2228608258 <== mon.0 v2:172.21.15.62:3300/0 4 ==== mgrmap(e 9) ==== 46119+0+0 (secure 0 0 0) 0x7ff94c022020 con 0x7ff95c07dd00
2024-03-17T23:45:17.317 INFO:teuthology.orchestra.run.smithi062.stdout:/usr/bin/ceph: stderr
2024-03-17T23:45:09.468+0000 7ff953400700 1 --2- 172.21.15.62:0/2228608258 >> [v2:172.21.15.62:6800/3434387111,v1:172.21.15.62:6801/3434387111] conn(0x7ff940038fd0 0x7ff94003b490 unknown :-1 s=NONE pgs=0 cs=0 l=1 rev1=0 crypto rx=0 tx=0 comp rx=0 tx=0).connect
2024-03-17T23:45:17.317 INFO:teuthology.orchestra.run.smithi062.stdout:/usr/bin/ceph: stderr
2024-03-17T23:45:09.468+0000 7ff953400700 1 -- 172.21.15.62:0/2228608258 --> [v2:172.21.15.62:6800/3434387111,v1:172.21.15.62:6801/3434387111] -- command(tid 0: {"prefix": "get_command_descriptions"}) -- 0x7ff94003bba0 con 0x7ff940038fd0
2024-03-17T23:45:17.317 INFO:teuthology.orchestra.run.smithi062.stdout:/usr/bin/ceph: stderr
2024-03-17T23:45:09.468+0000 7ff953400700 1 -- 172.21.15.62:0/2228608258 <== mon.0 v2:172.21.15.62:3300/0 5 ==== osd_map(2..2 src has 1..2) ==== 940+0+0 (secure 0 0 0) 0x7ff94c04d160 con 0x7ff95c07dd00
2024-03-17T23:45:17.317 INFO:teuthology.orchestra.run.smithi062.stdout:/usr/bin/ceph: stderr
2024-03-17T23:45:09.468+0000 7ff95a000700 1 -- 172.21.15.62:0/2228608258 >> [v2:172.21.15.62:6800/3434387111,v1:172.21.15.62:6801/3434387111] conn(0x7ff940038fd0 msgr2=0x7ff94003b490 unknown :-1 s=STATE_CONNECTING_RE l=1).process reconnect failed to v2:172.21.15.62:6800/3434387111
2024-03-17T23:45:17.317 INFO:teuthology.orchestra.run.smithi062.stdout:/usr/bin/ceph: stderr
2024-03-17T23:45:09.468+0000 7ff95a000700 1 --2- 172.21.15.62:0/2228608258 >> [v2:172.21.15.62:6800/3434387111,v1:172.21.15.62:6801/3434387111] conn(0x7ff940038fd0 0x7ff94003b490 unknown :-1 s=START_CONNECT pgs=0 cs=0 l=1 rev1=0 crypto rx=0 tx=0 comp rx=0 tx=0)._fault waiting 0.200000
2024-03-17T23:45:17.317 INFO:teuthology.orchestra.run.smithi062.stdout:/usr/bin/ceph: stderr
2024-03-17T23:45:09.669+0000 7ff95a000700 1 -- 172.21.15.62:0/2228608258 >> [v2:172.21.15.62:6800/3434387111,v1:172.21.15.62:6801/3434387111] conn(0x7ff940038fd0 msgr2=0x7ff94003b490 unknown :-1 s=STATE_CONNECTING_RE l=1).process reconnect failed to v2:172.21.15.62:6800/3434387111
2024-03-17T23:45:17.317 INFO:teuthology.orchestra.run.smithi062.stdout:/usr/bin/ceph: stderr
2024-03-17T23:45:09.669+0000 7ff95a000700 1 --2- 172.21.15.62:0/2228608258 >> [v2:172.21.15.62:6800/3434387111,v1:172.21.15.62:6801/3434387111] conn(0x7ff940038fd0 0x7ff94003b490 unknown :-1 s=START_CONNECT pgs=0 cs=0 l=1 rev1=0 crypto rx=0 tx=0 comp rx=0 tx=0)._fault waiting 0.400000
2024-03-17T23:45:17.317 INFO:teuthology.orchestra.run.smithi062.stdout:/usr/bin/ceph: stderr
2024-03-17T23:45:10.070+0000 7ff95a000700 1 -- 172.21.15.62:0/2228608258 >> [v2:172.21.15.62:6800/3434387111,v1:172.21.15.62:6801/3434387111] conn(0x7ff940038fd0 msgr2=0x7ff94003b490 unknown :-1 s=STATE_CONNECTING_RE l=1).process reconnect failed to v2:172.21.15.62:6800/3434387111
2024-03-17T23:45:17.318 INFO:teuthology.orchestra.run.smithi062.stdout:/usr/bin/ceph: stderr
2024-03-17T23:45:10.070+0000 7ff95a000700 1 --2- 172.21.15.62:0/2228608258 >> [v2:172.21.15.62:6800/3434387111,v1:172.21.15.62:6801/3434387111] conn(0x7ff940038fd0 0x7ff94003b490 unknown :-1 s=START_CONNECT pgs=0 cs=0 l=1 rev1=0 crypto rx=0 tx=0 comp rx=0 tx=0)._fault waiting 0.800000
2024-03-17T23:45:17.318 INFO:teuthology.orchestra.run.smithi062.stdout:/usr/bin/ceph: stderr
2024-03-17T23:45:10.871+0000 7ff95a000700 1 -- 172.21.15.62:0/2228608258 >> [v2:172.21.15.62:6800/3434387111,v1:172.21.15.62:6801/3434387111] conn(0x7ff940038fd0 msgr2=0x7ff94003b490 unknown :-1 s=STATE_CONNECTING_RE l=1).process reconnect failed to v2:172.21.15.62:6800/3434387111
2024-03-17T23:45:17.318 INFO:teuthology.orchestra.run.smithi062.stdout:/usr/bin/ceph: stderr
2024-03-17T23:45:10.871+0000 7ff95a000700 1 --2- 172.21.15.62:0/2228608258 >> [v2:172.21.15.62:6800/3434387111,v1:172.21.15.62:6801/3434387111] conn(0x7ff940038fd0 0x7ff94003b490 unknown :-1 s=START_CONNECT pgs=0 cs=0 l=1 rev1=0 crypto rx=0 tx=0 comp rx=0 tx=0)._fault waiting 1.600000
2024-03-17T23:45:17.318 INFO:teuthology.orchestra.run.smithi062.stdout:/usr/bin/ceph: stderr
2024-03-17T23:45:12.473+0000 7ff95a000700 1 -- 172.21.15.62:0/2228608258 >> [v2:172.21.15.62:6800/3434387111,v1:172.21.15.62:6801/3434387111] conn(0x7ff940038fd0 msgr2=0x7ff94003b490 unknown :-1 s=STATE_CONNECTING_RE l=1).process reconnect failed to v2:172.21.15.62:6800/3434387111
2024-03-17T23:45:17.318 INFO:teuthology.orchestra.run.smithi062.stdout:/usr/bin/ceph: stderr
2024-03-17T23:45:12.473+0000 7ff95a000700 1 --2- 172.21.15.62:0/2228608258 >> [v2:172.21.15.62:6800/3434387111,v1:172.21.15.62:6801/3434387111] conn(0x7ff940038fd0 0x7ff94003b490 unknown :-1 s=START_CONNECT pgs=0 cs=0 l=1 rev1=0 crypto rx=0 tx=0 comp rx=0 tx=0)._fault waiting 3.200000
2024-03-17T23:45:17.318 INFO:teuthology.orchestra.run.smithi062.stdout:/usr/bin/ceph: stderr
2024-03-17T23:45:15.591+0000 7ff953400700 1 -- 172.21.15.62:0/2228608258 <== mon.0 v2:172.21.15.62:3300/0 6 ==== mgrmap(e 10) ==== 45886+0+0 (secure 0 0 0) 0x7ff94c02d3f0 con 0x7ff95c07dd00
2024-03-17T23:45:17.318 INFO:teuthology.orchestra.run.smithi062.stdout:/usr/bin/ceph: stderr
2024-03-17T23:45:15.592+0000 7ff953400700 1 -- 172.21.15.62:0/2228608258 >> [v2:172.21.15.62:6800/3434387111,v1:172.21.15.62:6801/3434387111] conn(0x7ff940038fd0 msgr2=0x7ff94003b490 unknown :-1 s=STATE_CONNECTING l=1).mark_down
2024-03-17T23:45:17.318 INFO:teuthology.orchestra.run.smithi062.stdout:/usr/bin/ceph: stderr
2024-03-17T23:45:15.592+0000 7ff953400700 1 --2- 172.21.15.62:0/2228608258 >> [v2:172.21.15.62:6800/3434387111,v1:172.21.15.62:6801/3434387111] conn(0x7ff940038fd0 0x7ff94003b490 unknown :-1 s=START_CONNECT pgs=0 cs=0 l=1 rev1=0 crypto rx=0 tx=0 comp rx=0 tx=0).stop
2024-03-17T23:45:17.318 INFO:teuthology.orchestra.run.smithi062.stdout:/usr/bin/ceph: stderr
2024-03-17T23:45:16.593+0000 7ff953400700 1 -- 172.21.15.62:0/2228608258 <== mon.0 v2:172.21.15.62:3300/0 7 ==== mgrmap(e 11) ==== 46013+0+0 (secure 0 0 0) 0x7ff94c018b30 con 0x7ff95c07dd00
2024-03-17T23:45:17.318 INFO:teuthology.orchestra.run.smithi062.stdout:/usr/bin/ceph: stderr
2024-03-17T23:45:16.593+0000 7ff953400700 1 --2- 172.21.15.62:0/2228608258 >> [v2:172.21.15.62:6800/2883005036,v1:172.21.15.62:6801/2883005036] conn(0x7ff94003ca80 0x7ff94003ee70 unknown :-1 s=NONE pgs=0 cs=0 l=1 rev1=0 crypto rx=0 tx=0 comp rx=0 tx=0).connect
2024-03-17T23:45:17.320 INFO:teuthology.orchestra.run.smithi062.stdout:/usr/bin/ceph: stderr
2024-03-17T23:45:16.593+0000 7ff953400700 1 -- 172.21.15.62:0/2228608258 --> [v2:172.21.15.62:6800/2883005036,v1:172.21.15.62:6801/2883005036] -- command(tid 0: {"prefix": "get_command_descriptions"}) -- 0x7ff94003bba0 con 0x7ff94003ca80
2024-03-17T23:45:17.320 INFO:teuthology.orchestra.run.smithi062.stdout:/usr/bin/ceph: stderr
2024-03-17T23:45:16.594+0000 7ff95a000700 1 --2- 172.21.15.62:0/2228608258 >> [v2:172.21.15.62:6800/2883005036,v1:172.21.15.62:6801/2883005036] conn(0x7ff94003ca80 0x7ff94003ee70 unknown :-1 s=BANNER_CONNECTING pgs=0 cs=0 l=1 rev1=0 crypto rx=0 tx=0 comp rx=0 tx=0)._handle_peer_banner_payload supported=3 required=0
2024-03-17T23:45:17.320 INFO:teuthology.orchestra.run.smithi062.stdout:/usr/bin/ceph: stderr
2024-03-17T23:45:16.596+0000 7ff95a000700 1 --2- 172.21.15.62:0/2228608258 >> [v2:172.21.15.62:6800/2883005036,v1:172.21.15.62:6801/2883005036] conn(0x7ff94003ca80 0x7ff94003ee70 secure :-1 s=READY pgs=4 cs=0 l=1 rev1=1 crypto rx=0x7ff948003a10 tx=0x7ff948009270 comp rx=0 tx=0).ready entity=mgr.14152 client_cookie=0 server_cookie=0 in_seq=0 out_seq=0
2024-03-17T23:45:17.321 INFO:teuthology.orchestra.run.smithi062.stdout:/usr/bin/ceph: stderr
2024-03-17T23:45:16.596+0000 7ff953400700 1 -- 172.21.15.62:0/2228608258 <== mgr.14152 v2:172.21.15.62:6800/2883005036 1 ==== command_reply(tid 0: 0 ) ==== 8+0+7774 (secure 0 0 0) 0x7ff94003bba0 con 0x7ff94003ca80
2024-03-17T23:45:17.321 INFO:teuthology.orchestra.run.smithi062.stdout:/usr/bin/ceph: stderr
2024-03-17T23:45:16.604+0000 7ff961c00700 1 -- 172.21.15.62:0/2228608258 --> [v2:172.21.15.62:6800/2883005036,v1:172.21.15.62:6801/2883005036] -- command(tid 1: {"prefix": "mgr_status"}) -- 0x7ff95c063900 con 0x7ff94003ca80
2024-03-17T23:45:17.321 INFO:teuthology.orchestra.run.smithi062.stdout:/usr/bin/ceph: stderr
2024-03-17T23:45:16.605+0000 7ff953400700 1 -- 172.21.15.62:0/2228608258 <== mgr.14152 v2:172.21.15.62:6800/2883005036 2 ==== command_reply(tid 1: 0 ) ==== 8+0+52 (secure 0 0 0) 0x7ff95c063900 con 0x7ff94003ca80
2024-03-17T23:45:17.321 INFO:teuthology.orchestra.run.smithi062.stdout:/usr/bin/ceph: stderr
2024-03-17T23:45:16.605+0000 7ff961c00700 1 -- 172.21.15.62:0/2228608258 >> [v2:172.21.15.62:6800/2883005036,v1:172.21.15.62:6801/2883005036] conn(0x7ff94003ca80 msgr2=0x7ff94003ee70 secure :-1 s=STATE_CONNECTION_ESTABLISHED l=1).mark_down
2024-03-17T23:45:17.321 INFO:teuthology.orchestra.run.smithi062.stdout:/usr/bin/ceph: stderr
2024-03-17T23:45:16.605+0000 7ff961c00700 1 --2- 172.21.15.62:0/2228608258 >> [v2:172.21.15.62:6800/2883005036,v1:172.21.15.62:6801/2883005036] conn(0x7ff94003ca80 0x7ff94003ee70 secure :-1 s=READY pgs=4 cs=0 l=1 rev1=1 crypto rx=0x7ff948003a10 tx=0x7ff948009270 comp rx=0 tx=0).stop
2024-03-17T23:45:17.321 INFO:teuthology.orchestra.run.smithi062.stdout:/usr/bin/ceph: stderr
2024-03-17T23:45:16.605+0000 7ff961c00700 1 -- 172.21.15.62:0/2228608258 >> [v2:172.21.15.62:3300/0,v1:172.21.15.62:6789/0] conn(0x7ff95c07dd00 msgr2=0x7ff95c19dd90 secure :-1 s=STATE_CONNECTION_ESTABLISHED l=1).mark_down
2024-03-17T23:45:17.321 INFO:teuthology.orchestra.run.smithi062.stdout:/usr/bin/ceph: stderr
2024-03-17T23:45:16.605+0000 7ff961c00700 1 --2- 172.21.15.62:0/2228608258 >> [v2:172.21.15.62:3300/0,v1:172.21.15.62:6789/0] conn(0x7ff95c07dd00 0x7ff95c19dd90 secure :-1 s=READY pgs=62 cs=0 l=1 rev1=1 crypto rx=0x7ff94c011b60 tx=0x7ff94c011c40 comp rx=0 tx=0).stop
2024-03-17T23:45:17.321 INFO:teuthology.orchestra.run.smithi062.stdout:/usr/bin/ceph: stderr
2024-03-17T23:45:16.605+0000 7ff961c00700 1 -- 172.21.15.62:0/2228608258 shutdown_connections
2024-03-17T23:45:17.321 INFO:teuthology.orchestra.run.smithi062.stdout:/usr/bin/ceph: stderr
2024-03-17T23:45:16.605+0000 7ff961c00700 1 --2- 172.21.15.62:0/2228608258 >> [v2:172.21.15.62:6800/2883005036,v1:172.21.15.62:6801/2883005036] conn(0x7ff94003ca80 0x7ff94003ee70 unknown :-1 s=CLOSED pgs=4 cs=0 l=1 rev1=1 crypto rx=0 tx=0 comp rx=0 tx=0).stop
2024-03-17T23:45:17.321 INFO:teuthology.orchestra.run.smithi062.stdout:/usr/bin/ceph: stderr
2024-03-17T23:45:16.605+0000 7ff961c00700 1 --2- 172.21.15.62:0/2228608258 >> [v2:172.21.15.62:3300/0,v1:172.21.15.62:6789/0] conn(0x7ff95c07dd00 0x7ff95c19dd90 unknown :-1 s=CLOSED pgs=62 cs=0 l=1 rev1=1 crypto rx=0 tx=0 comp rx=0 tx=0).stop
2024-03-17T23:45:17.321 INFO:teuthology.orchestra.run.smithi062.stdout:/usr/bin/ceph: stderr
2024-03-17T23:45:16.605+0000 7ff961c00700 1 --2- 172.21.15.62:0/2228608258 >> [v2:172.21.15.62:6800/3434387111,v1:172.21.15.62:6801/3434387111] conn(0x7ff940038fd0 0x7ff94003b490 unknown :-1 s=CLOSED pgs=0 cs=0 l=1 rev1=0 crypto rx=0 tx=0 comp rx=0 tx=0).stop
2024-03-17T23:45:17.321 INFO:teuthology.orchestra.run.smithi062.stdout:/usr/bin/ceph: stderr
2024-03-17T23:45:16.605+0000 7ff961c00700 1 -- 172.21.15.62:0/2228608258 >> 172.21.15.62:0/2228608258 conn(0x7ff95c1032d0 msgr2=0x7ff95c103da0 unknown :-1 s=STATE_NONE l=0).mark_down
2024-03-17T23:45:17.321 INFO:teuthology.orchestra.run.smithi062.stdout:/usr/bin/ceph: stderr
2024-03-17T23:45:16.606+0000 7ff961c00700 1 -- 172.21.15.62:0/2228608258 shutdown_connections
2024-03-17T23:45:17.321 INFO:teuthology.orchestra.run.smithi062.stdout:/usr/bin/ceph: stderr
2024-03-17T23:45:16.606+0000 7ff961c00700 1 -- 172.21.15.62:0/2228608258 wait complete.
2024-03-17T23:45:17.322 INFO:teuthology.orchestra.run.smithi062.stdout:mgr epoch 9 is available
2024-03-17T23:45:17.322 INFO:teuthology.orchestra.run.smithi062.stdout:Generating a dashboard self-signed certificate...
2024-03-17T23:45:17.875 INFO:journalctl@ceph.mon.a.smithi062.stdout:Mar 17 23:45:17 smithi062 ceph-mon[31722]: [17/Mar/2024:23:45:16] ENGINE Serving on https://172.21.15.62:7150
2024-03-17T23:45:17.875 INFO:journalctl@ceph.mon.a.smithi062.stdout:Mar 17 23:45:17 smithi062 ceph-mon[31722]: [17/Mar/2024:23:45:16] ENGINE Bus STARTED
2024-03-17T23:45:17.875 INFO:journalctl@ceph.mon.a.smithi062.stdout:Mar 17 23:45:17 smithi062 ceph-mon[31722]: from='client.14156 -' entity='client.admin' cmd=[{"prefix": "get_command_descriptions"}]: dispatch
2024-03-17T23:45:17.875 INFO:journalctl@ceph.mon.a.smithi062.stdout:Mar 17 23:45:17 smithi062 ceph-mon[31722]: from='client.14156 -' entity='client.admin' cmd=[{"prefix": "mgr_status"}]: dispatch
2024-03-17T23:45:19.094 INFO:journalctl@ceph.mon.a.smithi062.stdout:Mar 17 23:45:18 smithi062 ceph-mon[31722]: mgrmap e12: x(active, since 2s)
2024-03-17T23:45:19.094 INFO:journalctl@ceph.mon.a.smithi062.stdout:Mar 17 23:45:18 smithi062 ceph-mon[31722]: from='mgr.14152 172.21.15.62:0/846718579' entity='mgr.x'
2024-03-17T23:45:19.445 INFO:teuthology.orchestra.run.smithi062.stdout:/usr/bin/ceph: stdout Self-signed certificate created
2024-03-17T23:45:19.445 INFO:teuthology.orchestra.run.smithi062.stdout:/usr/bin/ceph: stderr
2024-03-17T23:45:18.386+0000 7f3fd6400700 1 Processor -- start
2024-03-17T23:45:19.445 INFO:teuthology.orchestra.run.smithi062.stdout:/usr/bin/ceph: stderr
2024-03-17T23:45:18.386+0000 7f3fd6400700 1 -- start start
2024-03-17T23:45:19.445 INFO:teuthology.orchestra.run.smithi062.stdout:/usr/bin/ceph: stderr
2024-03-17T23:45:18.387+0000 7f3fd6400700 1 --2- >> [v2:172.21.15.62:3300/0,v1:172.21.15.62:6789/0] conn(0x7f3fd007dd40 0x7f3fd007c300 unknown :-1 s=NONE pgs=0 cs=0 l=0 rev1=0 crypto rx=0 tx=0 comp rx=0 tx=0).connect
2024-03-17T23:45:19.445 INFO:teuthology.orchestra.run.smithi062.stdout:/usr/bin/ceph: stderr
2024-03-17T23:45:18.387+0000 7f3fd6400700 1 -- --> [v2:172.21.15.62:3300/0,v1:172.21.15.62:6789/0] -- mon_getmap magic: 0 -- 0x7f3fd007e160 con 0x7f3fd007dd40
2024-03-17T23:45:19.445 INFO:teuthology.orchestra.run.smithi062.stdout:/usr/bin/ceph: stderr
2024-03-17T23:45:18.387+0000 7f3fcf400700 1 --2- >> [v2:172.21.15.62:3300/0,v1:172.21.15.62:6789/0] conn(0x7f3fd007dd40 0x7f3fd007c300 unknown :-1 s=BANNER_CONNECTING pgs=0 cs=0 l=0 rev1=0 crypto rx=0 tx=0 comp rx=0 tx=0)._handle_peer_banner_payload supported=3 required=0
2024-03-17T23:45:19.445 INFO:teuthology.orchestra.run.smithi062.stdout:/usr/bin/ceph: stderr
2024-03-17T23:45:18.387+0000 7f3fcf400700 1 --2- >> [v2:172.21.15.62:3300/0,v1:172.21.15.62:6789/0] conn(0x7f3fd007dd40 0x7f3fd007c300 unknown :-1 s=HELLO_CONNECTING pgs=0 cs=0 l=0 rev1=1 crypto rx=0 tx=0 comp rx=0 tx=0).handle_hello peer v2:172.21.15.62:3300/0 says I am v2:172.21.15.62:48034/0 (socket says 172.21.15.62:48034)
2024-03-17T23:45:19.446 INFO:teuthology.orchestra.run.smithi062.stdout:/usr/bin/ceph: stderr
2024-03-17T23:45:18.387+0000 7f3fcf400700 1 -- 172.21.15.62:0/1678602705 learned_addr learned my addr 172.21.15.62:0/1678602705 (peer_addr_for_me v2:172.21.15.62:0/0)
2024-03-17T23:45:19.446 INFO:teuthology.orchestra.run.smithi062.stdout:/usr/bin/ceph: stderr
2024-03-17T23:45:18.388+0000 7f3fcf400700 1 -- 172.21.15.62:0/1678602705 --> [v2:172.21.15.62:3300/0,v1:172.21.15.62:6789/0] -- mon_subscribe({config=0+,monmap=0+}) -- 0x7f3fd007c840 con 0x7f3fd007dd40
2024-03-17T23:45:19.446 INFO:teuthology.orchestra.run.smithi062.stdout:/usr/bin/ceph: stderr
2024-03-17T23:45:18.388+0000 7f3fcf400700 1 --2- 172.21.15.62:0/1678602705 >> [v2:172.21.15.62:3300/0,v1:172.21.15.62:6789/0] conn(0x7f3fd007dd40 0x7f3fd007c300 secure :-1 s=READY pgs=70 cs=0 l=1 rev1=1 crypto rx=0x7f3fc00098a0 tx=0x7f3fc0009bb0 comp rx=0 tx=0).ready entity=mon.0 client_cookie=396288ae026dcdd server_cookie=0 in_seq=0 out_seq=0
2024-03-17T23:45:19.446 INFO:teuthology.orchestra.run.smithi062.stdout:/usr/bin/ceph: stderr
2024-03-17T23:45:18.388+0000 7f3fce000700 1 -- 172.21.15.62:0/1678602705 <== mon.0 v2:172.21.15.62:3300/0 1 ==== mon_map magic: 0 ==== 205+0+0 (secure 0 0 0) 0x7f3fc0004160 con 0x7f3fd007dd40
2024-03-17T23:45:19.446 INFO:teuthology.orchestra.run.smithi062.stdout:/usr/bin/ceph: stderr
2024-03-17T23:45:18.388+0000 7f3fce000700 1 -- 172.21.15.62:0/1678602705 <== mon.0 v2:172.21.15.62:3300/0 2 ==== config(27 keys) ==== 1140+0+0 (secure 0 0 0) 0x7f3fc0004300 con 0x7f3fd007dd40
2024-03-17T23:45:19.446 INFO:teuthology.orchestra.run.smithi062.stdout:/usr/bin/ceph: stderr
2024-03-17T23:45:18.388+0000 7f3fce000700 1 -- 172.21.15.62:0/1678602705 <== mon.0 v2:172.21.15.62:3300/0 3 ==== mon_map magic: 0 ==== 205+0+0 (secure 0 0 0) 0x7f3fc0011b20 con 0x7f3fd007dd40
2024-03-17T23:45:19.446 INFO:teuthology.orchestra.run.smithi062.stdout:/usr/bin/ceph: stderr
2024-03-17T23:45:18.389+0000 7f3fd6400700 1 -- 172.21.15.62:0/1678602705 >> [v2:172.21.15.62:3300/0,v1:172.21.15.62:6789/0] conn(0x7f3fd007dd40 msgr2=0x7f3fd007c300 secure :-1 s=STATE_CONNECTION_ESTABLISHED l=1).mark_down
2024-03-17T23:45:19.447 INFO:teuthology.orchestra.run.smithi062.stdout:/usr/bin/ceph: stderr
2024-03-17T23:45:18.389+0000 7f3fd6400700 1 --2- 172.21.15.62:0/1678602705 >> [v2:172.21.15.62:3300/0,v1:172.21.15.62:6789/0] conn(0x7f3fd007dd40 0x7f3fd007c300 secure :-1 s=READY pgs=70 cs=0 l=1 rev1=1 crypto rx=0x7f3fc00098a0 tx=0x7f3fc0009bb0 comp rx=0 tx=0).stop
2024-03-17T23:45:19.447 INFO:teuthology.orchestra.run.smithi062.stdout:/usr/bin/ceph: stderr
2024-03-17T23:45:18.389+0000 7f3fd6400700 1 -- 172.21.15.62:0/1678602705 shutdown_connections
2024-03-17T23:45:19.447 INFO:teuthology.orchestra.run.smithi062.stdout:/usr/bin/ceph: stderr
2024-03-17T23:45:18.389+0000 7f3fd6400700 1 --2- 172.21.15.62:0/1678602705 >> [v2:172.21.15.62:3300/0,v1:172.21.15.62:6789/0] conn(0x7f3fd007dd40 0x7f3fd007c300 unknown :-1 s=CLOSED pgs=70 cs=0 l=1 rev1=1 crypto rx=0 tx=0 comp rx=0 tx=0).stop
2024-03-17T23:45:19.447 INFO:teuthology.orchestra.run.smithi062.stdout:/usr/bin/ceph: stderr
2024-03-17T23:45:18.389+0000 7f3fd6400700 1 -- 172.21.15.62:0/1678602705 >> 172.21.15.62:0/1678602705 conn(0x7f3fd01032d0 msgr2=0x7f3fd0105710 unknown :-1 s=STATE_NONE l=0).mark_down
2024-03-17T23:45:19.447 INFO:teuthology.orchestra.run.smithi062.stdout:/usr/bin/ceph: stderr
2024-03-17T23:45:18.389+0000 7f3fd6400700 1 -- 172.21.15.62:0/1678602705 shutdown_connections
2024-03-17T23:45:19.447 INFO:teuthology.orchestra.run.smithi062.stdout:/usr/bin/ceph: stderr
2024-03-17T23:45:18.389+0000 7f3fd6400700 1 -- 172.21.15.62:0/1678602705 wait complete.
2024-03-17T23:45:19.447 INFO:teuthology.orchestra.run.smithi062.stdout:/usr/bin/ceph: stderr
2024-03-17T23:45:18.390+0000 7f3fd6400700 1 Processor -- start
2024-03-17T23:45:19.447 INFO:teuthology.orchestra.run.smithi062.stdout:/usr/bin/ceph: stderr
2024-03-17T23:45:18.391+0000 7f3fd6400700 1 -- start start
2024-03-17T23:45:19.447 INFO:teuthology.orchestra.run.smithi062.stdout:/usr/bin/ceph: stderr
2024-03-17T23:45:18.391+0000 7f3fd6400700 1 --2- >> [v2:172.21.15.62:3300/0,v1:172.21.15.62:6789/0] conn(0x7f3fd007dd40 0x7f3fd019dda0 unknown :-1 s=NONE pgs=0 cs=0 l=1 rev1=0 crypto rx=0 tx=0 comp rx=0 tx=0).connect
2024-03-17T23:45:19.448 INFO:teuthology.orchestra.run.smithi062.stdout:/usr/bin/ceph: stderr
2024-03-17T23:45:18.391+0000 7f3fd6400700 1 -- --> [v2:172.21.15.62:3300/0,v1:172.21.15.62:6789/0] -- mon_getmap magic: 0 -- 0x7f3fd010e140 con 0x7f3fd007dd40
2024-03-17T23:45:19.448 INFO:teuthology.orchestra.run.smithi062.stdout:/usr/bin/ceph: stderr
2024-03-17T23:45:18.391+0000 7f3fcf400700 1 --2- >> [v2:172.21.15.62:3300/0,v1:172.21.15.62:6789/0] conn(0x7f3fd007dd40 0x7f3fd019dda0 unknown :-1 s=BANNER_CONNECTING pgs=0 cs=0 l=1 rev1=0 crypto rx=0 tx=0 comp rx=0 tx=0)._handle_peer_banner_payload supported=3 required=0
2024-03-17T23:45:19.448 INFO:teuthology.orchestra.run.smithi062.stdout:/usr/bin/ceph: stderr
2024-03-17T23:45:18.391+0000 7f3fcf400700 1 --2- >> [v2:172.21.15.62:3300/0,v1:172.21.15.62:6789/0] conn(0x7f3fd007dd40 0x7f3fd019dda0 unknown :-1 s=HELLO_CONNECTING pgs=0 cs=0 l=1 rev1=1 crypto rx=0 tx=0 comp rx=0 tx=0).handle_hello peer v2:172.21.15.62:3300/0 says I am v2:172.21.15.62:48044/0 (socket says 172.21.15.62:48044)
2024-03-17T23:45:19.448 INFO:teuthology.orchestra.run.smithi062.stdout:/usr/bin/ceph: stderr
2024-03-17T23:45:18.391+0000 7f3fcf400700 1 -- 172.21.15.62:0/3134772209 learned_addr learned my addr 172.21.15.62:0/3134772209 (peer_addr_for_me v2:172.21.15.62:0/0)
2024-03-17T23:45:19.448 INFO:teuthology.orchestra.run.smithi062.stdout:/usr/bin/ceph: stderr
2024-03-17T23:45:18.392+0000 7f3fcf400700 1 -- 172.21.15.62:0/3134772209 --> [v2:172.21.15.62:3300/0,v1:172.21.15.62:6789/0] -- mon_subscribe({config=0+,monmap=0+}) -- 0x7f3fd019e2e0 con 0x7f3fd007dd40
2024-03-17T23:45:19.448 INFO:teuthology.orchestra.run.smithi062.stdout:/usr/bin/ceph: stderr
2024-03-17T23:45:18.392+0000 7f3fcf400700 1 --2- 172.21.15.62:0/3134772209 >> [v2:172.21.15.62:3300/0,v1:172.21.15.62:6789/0] conn(0x7f3fd007dd40 0x7f3fd019dda0 secure :-1 s=READY pgs=71 cs=0 l=1 rev1=1 crypto rx=0x7f3fc0011b60 tx=0x7f3fc0011c40 comp rx=0 tx=0).ready entity=mon.0 client_cookie=0 server_cookie=0 in_seq=0 out_seq=0
2024-03-17T23:45:19.448 INFO:teuthology.orchestra.run.smithi062.stdout:/usr/bin/ceph: stderr
2024-03-17T23:45:18.392+0000 7f3fc7e00700 1 -- 172.21.15.62:0/3134772209 <== mon.0 v2:172.21.15.62:3300/0 1 ==== mon_map magic: 0 ==== 205+0+0 (secure 0 0 0) 0x7f3fc0003b60 con 0x7f3fd007dd40
2024-03-17T23:45:19.448 INFO:teuthology.orchestra.run.smithi062.stdout:/usr/bin/ceph: stderr
2024-03-17T23:45:18.392+0000 7f3fc7e00700 1 -- 172.21.15.62:0/3134772209 <== mon.0 v2:172.21.15.62:3300/0 2 ==== config(27 keys) ==== 1140+0+0 (secure 0 0 0) 0x7f3fc001a910 con 0x7f3fd007dd40
2024-03-17T23:45:19.448 INFO:teuthology.orchestra.run.smithi062.stdout:/usr/bin/ceph: stderr
2024-03-17T23:45:18.393+0000 7f3fd6400700 1 -- 172.21.15.62:0/3134772209 --> [v2:172.21.15.62:3300/0,v1:172.21.15.62:6789/0] -- mon_subscribe({mgrmap=0+}) -- 0x7f3fd019e570 con 0x7f3fd007dd40
2024-03-17T23:45:19.448 INFO:teuthology.orchestra.run.smithi062.stdout:/usr/bin/ceph: stderr
2024-03-17T23:45:18.392+0000 7f3fc7e00700 1 -- 172.21.15.62:0/3134772209 <== mon.0 v2:172.21.15.62:3300/0 3 ==== mon_map magic: 0 ==== 205+0+0 (secure 0 0 0) 0x7f3fc0024930 con 0x7f3fd007dd40
2024-03-17T23:45:19.448 INFO:teuthology.orchestra.run.smithi062.stdout:/usr/bin/ceph: stderr
2024-03-17T23:45:18.393+0000 7f3fd6400700 1 -- 172.21.15.62:0/3134772209 --> [v2:172.21.15.62:3300/0,v1:172.21.15.62:6789/0] -- mon_subscribe({osdmap=0}) -- 0x7f3fd01a1220 con 0x7f3fd007dd40
2024-03-17T23:45:19.448 INFO:teuthology.orchestra.run.smithi062.stdout:/usr/bin/ceph: stderr
2024-03-17T23:45:18.394+0000 7f3fc7e00700 1 -- 172.21.15.62:0/3134772209 <== mon.0 v2:172.21.15.62:3300/0 4 ==== mgrmap(e 12) ==== 46119+0+0 (secure 0 0 0) 0x7f3fc0022020 con 0x7f3fd007dd40
2024-03-17T23:45:19.448 INFO:teuthology.orchestra.run.smithi062.stdout:/usr/bin/ceph: stderr
2024-03-17T23:45:18.394+0000 7f3fd6400700 1 -- 172.21.15.62:0/3134772209 --> [v2:172.21.15.62:3300/0,v1:172.21.15.62:6789/0] -- mon_command({"prefix": "get_command_descriptions"} v 0) -- 0x7f3fd0063900 con 0x7f3fd007dd40
2024-03-17T23:45:19.449 INFO:teuthology.orchestra.run.smithi062.stdout:/usr/bin/ceph: stderr
2024-03-17T23:45:18.394+0000 7f3fc7e00700 1 --2- 172.21.15.62:0/3134772209 >> [v2:172.21.15.62:6800/2883005036,v1:172.21.15.62:6801/2883005036] conn(0x7f3fb4038f70 0x7f3fb403b430 unknown :-1 s=NONE pgs=0 cs=0 l=1 rev1=0 crypto rx=0 tx=0 comp rx=0 tx=0).connect
2024-03-17T23:45:19.449 INFO:teuthology.orchestra.run.smithi062.stdout:/usr/bin/ceph: stderr
2024-03-17T23:45:18.395+0000 7f3fc7e00700 1 -- 172.21.15.62:0/3134772209 <== mon.0 v2:172.21.15.62:3300/0 5 ==== osd_map(3..3 src has 1..3) ==== 1155+0+0 (secure 0 0 0) 0x7f3fc004d1d0 con 0x7f3fd007dd40
2024-03-17T23:45:19.449 INFO:teuthology.orchestra.run.smithi062.stdout:/usr/bin/ceph: stderr
2024-03-17T23:45:18.395+0000 7f3fcea00700 1 --2- 172.21.15.62:0/3134772209 >> [v2:172.21.15.62:6800/2883005036,v1:172.21.15.62:6801/2883005036] conn(0x7f3fb4038f70 0x7f3fb403b430 unknown :-1 s=BANNER_CONNECTING pgs=0 cs=0 l=1 rev1=0 crypto rx=0 tx=0 comp rx=0 tx=0)._handle_peer_banner_payload supported=3 required=0
2024-03-17T23:45:19.449 INFO:teuthology.orchestra.run.smithi062.stdout:/usr/bin/ceph: stderr
2024-03-17T23:45:18.396+0000 7f3fcea00700 1 --2- 172.21.15.62:0/3134772209 >> [v2:172.21.15.62:6800/2883005036,v1:172.21.15.62:6801/2883005036] conn(0x7f3fb4038f70 0x7f3fb403b430 secure :-1 s=READY pgs=7 cs=0 l=1 rev1=1 crypto rx=0x7f3fbc006fd0 tx=0x7f3fbc006e40 comp rx=0 tx=0).ready entity=mgr.14152 client_cookie=0 server_cookie=0 in_seq=0 out_seq=0
2024-03-17T23:45:19.449 INFO:teuthology.orchestra.run.smithi062.stdout:/usr/bin/ceph: stderr
2024-03-17T23:45:18.401+0000 7f3fc7e00700 1 -- 172.21.15.62:0/3134772209 <== mon.0 v2:172.21.15.62:3300/0 6 ==== mon_command_ack([{"prefix": "get_command_descriptions"}]=0 v0) ==== 72+0+186149 (secure 0 0 0) 0x7f3fc0024c50 con 0x7f3fd007dd40
2024-03-17T23:45:19.449 INFO:teuthology.orchestra.run.smithi062.stdout:/usr/bin/ceph: stderr
2024-03-17T23:45:18.648+0000 7f3fd6400700 1 -- 172.21.15.62:0/3134772209 --> [v2:172.21.15.62:6800/2883005036,v1:172.21.15.62:6801/2883005036] -- mgr_command(tid 0: {"prefix": "dashboard create-self-signed-cert", "target": ["mon-mgr", ""]}) -- 0x7f3fd01044c0 con 0x7f3fb4038f70
2024-03-17T23:45:19.449 INFO:teuthology.orchestra.run.smithi062.stdout:/usr/bin/ceph: stderr
2024-03-17T23:45:18.790+0000 7f3fc7e00700 1 -- 172.21.15.62:0/3134772209 <== mgr.14152 v2:172.21.15.62:6800/2883005036 1 ==== mgr_command_reply(tid 0: 0 ) ==== 8+0+32 (secure 0 0 0) 0x7f3fd01044c0 con 0x7f3fb4038f70
2024-03-17T23:45:19.449 INFO:teuthology.orchestra.run.smithi062.stdout:/usr/bin/ceph: stderr
2024-03-17T23:45:18.792+0000 7f3fd6400700 1 -- 172.21.15.62:0/3134772209 >> [v2:172.21.15.62:6800/2883005036,v1:172.21.15.62:6801/2883005036] conn(0x7f3fb4038f70 msgr2=0x7f3fb403b430 secure :-1 s=STATE_CONNECTION_ESTABLISHED l=1).mark_down
2024-03-17T23:45:19.449 INFO:teuthology.orchestra.run.smithi062.stdout:/usr/bin/ceph: stderr
2024-03-17T23:45:18.793+0000 7f3fd6400700 1 --2- 172.21.15.62:0/3134772209 >> [v2:172.21.15.62:6800/2883005036,v1:172.21.15.62:6801/2883005036] conn(0x7f3fb4038f70 0x7f3fb403b430 secure :-1 s=READY pgs=7 cs=0 l=1 rev1=1 crypto rx=0x7f3fbc006fd0 tx=0x7f3fbc006e40 comp rx=0 tx=0).stop
2024-03-17T23:45:19.449 INFO:teuthology.orchestra.run.smithi062.stdout:/usr/bin/ceph: stderr
2024-03-17T23:45:18.793+0000 7f3fd6400700 1 -- 172.21.15.62:0/3134772209 >> [v2:172.21.15.62:3300/0,v1:172.21.15.62:6789/0] conn(0x7f3fd007dd40 msgr2=0x7f3fd019dda0 secure :-1 s=STATE_CONNECTION_ESTABLISHED l=1).mark_down
2024-03-17T23:45:19.449 INFO:teuthology.orchestra.run.smithi062.stdout:/usr/bin/ceph: stderr
2024-03-17T23:45:18.793+0000 7f3fd6400700 1 --2- 172.21.15.62:0/3134772209 >> [v2:172.21.15.62:3300/0,v1:172.21.15.62:6789/0] conn(0x7f3fd007dd40 0x7f3fd019dda0 secure :-1 s=READY pgs=71 cs=0 l=1 rev1=1 crypto rx=0x7f3fc0011b60 tx=0x7f3fc0011c40 comp rx=0 tx=0).stop
2024-03-17T23:45:19.449 INFO:teuthology.orchestra.run.smithi062.stdout:/usr/bin/ceph: stderr
2024-03-17T23:45:18.793+0000 7f3fd6400700 1 -- 172.21.15.62:0/3134772209 shutdown_connections
2024-03-17T23:45:19.449 INFO:teuthology.orchestra.run.smithi062.stdout:/usr/bin/ceph: stderr
2024-03-17T23:45:18.793+0000 7f3fd6400700 1 --2- 172.21.15.62:0/3134772209 >> [v2:172.21.15.62:6800/2883005036,v1:172.21.15.62:6801/2883005036] conn(0x7f3fb4038f70 0x7f3fb403b430 unknown :-1 s=CLOSED pgs=7 cs=0 l=1 rev1=1 crypto rx=0 tx=0 comp rx=0 tx=0).stop
2024-03-17T23:45:19.449 INFO:teuthology.orchestra.run.smithi062.stdout:/usr/bin/ceph: stderr
2024-03-17T23:45:18.793+0000 7f3fd6400700 1 --2- 172.21.15.62:0/3134772209 >> [v2:172.21.15.62:3300/0,v1:172.21.15.62:6789/0] conn(0x7f3fd007dd40 0x7f3fd019dda0 unknown :-1 s=CLOSED pgs=71 cs=0 l=1 rev1=1 crypto rx=0 tx=0 comp rx=0 tx=0).stop
2024-03-17T23:45:19.449 INFO:teuthology.orchestra.run.smithi062.stdout:/usr/bin/ceph: stderr
2024-03-17T23:45:18.793+0000 7f3fd6400700 1 -- 172.21.15.62:0/3134772209 >> 172.21.15.62:0/3134772209 conn(0x7f3fd01032d0 msgr2=0x7f3fd0103db0 unknown :-1 s=STATE_NONE l=0).mark_down
2024-03-17T23:45:19.450 INFO:teuthology.orchestra.run.smithi062.stdout:/usr/bin/ceph: stderr
2024-03-17T23:45:18.793+0000 7f3fd6400700 1 -- 172.21.15.62:0/3134772209 shutdown_connections
2024-03-17T23:45:19.450 INFO:teuthology.orchestra.run.smithi062.stdout:/usr/bin/ceph: stderr
2024-03-17T23:45:18.793+0000 7f3fd6400700 1 -- 172.21.15.62:0/3134772209 wait complete.
2024-03-17T23:45:19.450 INFO:teuthology.orchestra.run.smithi062.stdout:Creating initial admin user...
2024-03-17T23:45:19.939 INFO:journalctl@ceph.mon.a.smithi062.stdout:Mar 17 23:45:19 smithi062 ceph-mon[31722]: from='client.14164 -' entity='client.admin' cmd=[{"prefix": "dashboard create-self-signed-cert", "target": ["mon-mgr", ""]}]: dispatch
2024-03-17T23:45:19.939 INFO:journalctl@ceph.mon.a.smithi062.stdout:Mar 17 23:45:19 smithi062 ceph-mon[31722]: from='mgr.14152 172.21.15.62:0/846718579' entity='mgr.x'
2024-03-17T23:45:19.939 INFO:journalctl@ceph.mon.a.smithi062.stdout:Mar 17 23:45:19 smithi062 ceph-mon[31722]: from='mgr.14152 172.21.15.62:0/846718579' entity='mgr.x'
2024-03-17T23:45:21.332 INFO:teuthology.orchestra.run.smithi062.stdout:/usr/bin/ceph: stdout {"username": "admin", "password": "$2b$12$gYUOQNEn9NhlnHdiK2r3VenJI4tLgwuhqET.Wb9wrAHd8YTdBphna", "roles": ["administrator"], "name": null, "email": null, "lastUpdate": 1710719120, "enabled": true, "pwdExpirationDate": null, "pwdUpdateRequired": true}
2024-03-17T23:45:21.332 INFO:teuthology.orchestra.run.smithi062.stdout:/usr/bin/ceph: stderr
2024-03-17T23:45:20.099+0000 7f3e91400700 1 Processor -- start
2024-03-17T23:45:21.332 INFO:teuthology.orchestra.run.smithi062.stdout:/usr/bin/ceph: stderr
2024-03-17T23:45:20.099+0000 7f3e91400700 1 -- start start
2024-03-17T23:45:21.332 INFO:teuthology.orchestra.run.smithi062.stdout:/usr/bin/ceph: stderr
2024-03-17T23:45:20.099+0000 7f3e91400700 1 --2- >> [v2:172.21.15.62:3300/0,v1:172.21.15.62:6789/0] conn(0x7f3e8c07dd20 0x7f3e8c07c2e0 unknown :-1 s=NONE pgs=0 cs=0 l=0 rev1=0 crypto rx=0 tx=0 comp rx=0 tx=0).connect
2024-03-17T23:45:21.332 INFO:teuthology.orchestra.run.smithi062.stdout:/usr/bin/ceph: stderr
2024-03-17T23:45:20.099+0000 7f3e91400700 1 -- --> [v2:172.21.15.62:3300/0,v1:172.21.15.62:6789/0] -- mon_getmap magic: 0 -- 0x7f3e8c07e140 con 0x7f3e8c07dd20
2024-03-17T23:45:21.333 INFO:teuthology.orchestra.run.smithi062.stdout:/usr/bin/ceph: stderr
2024-03-17T23:45:20.100+0000 7f3e8a800700 1 --2- >> [v2:172.21.15.62:3300/0,v1:172.21.15.62:6789/0] conn(0x7f3e8c07dd20 0x7f3e8c07c2e0 unknown :-1 s=BANNER_CONNECTING pgs=0 cs=0 l=0 rev1=0 crypto rx=0 tx=0 comp rx=0 tx=0)._handle_peer_banner_payload supported=3 required=0
2024-03-17T23:45:21.333 INFO:teuthology.orchestra.run.smithi062.stdout:/usr/bin/ceph: stderr
2024-03-17T23:45:20.100+0000 7f3e8a800700 1 --2- >> [v2:172.21.15.62:3300/0,v1:172.21.15.62:6789/0] conn(0x7f3e8c07dd20 0x7f3e8c07c2e0 unknown :-1 s=HELLO_CONNECTING pgs=0 cs=0 l=0 rev1=1 crypto rx=0 tx=0 comp rx=0 tx=0).handle_hello peer v2:172.21.15.62:3300/0 says I am v2:172.21.15.62:48050/0 (socket says 172.21.15.62:48050)
2024-03-17T23:45:21.333 INFO:teuthology.orchestra.run.smithi062.stdout:/usr/bin/ceph: stderr
2024-03-17T23:45:20.100+0000 7f3e8a800700 1 -- 172.21.15.62:0/453509110 learned_addr learned my addr 172.21.15.62:0/453509110 (peer_addr_for_me v2:172.21.15.62:0/0)
2024-03-17T23:45:21.333 INFO:teuthology.orchestra.run.smithi062.stdout:/usr/bin/ceph: stderr
2024-03-17T23:45:20.100+0000 7f3e8a800700 1 -- 172.21.15.62:0/453509110 --> [v2:172.21.15.62:3300/0,v1:172.21.15.62:6789/0] -- mon_subscribe({config=0+,monmap=0+}) -- 0x7f3e8c07c820 con 0x7f3e8c07dd20
2024-03-17T23:45:21.333 INFO:teuthology.orchestra.run.smithi062.stdout:/usr/bin/ceph: stderr
2024-03-17T23:45:20.101+0000 7f3e8a800700 1 --2- 172.21.15.62:0/453509110 >> [v2:172.21.15.62:3300/0,v1:172.21.15.62:6789/0] conn(0x7f3e8c07dd20 0x7f3e8c07c2e0 secure :-1 s=READY pgs=72 cs=0 l=1 rev1=1 crypto rx=0x7f3e7c0098a0 tx=0x7f3e7c009bb0 comp rx=0 tx=0).ready entity=mon.0 client_cookie=938aeb843caf44b0 server_cookie=0 in_seq=0 out_seq=0
2024-03-17T23:45:21.333 INFO:teuthology.orchestra.run.smithi062.stdout:/usr/bin/ceph: stderr
2024-03-17T23:45:20.101+0000 7f3e89400700 1 -- 172.21.15.62:0/453509110 <== mon.0 v2:172.21.15.62:3300/0 1 ==== mon_map magic: 0 ==== 205+0+0 (secure 0 0 0) 0x7f3e7c004160 con 0x7f3e8c07dd20
2024-03-17T23:45:21.334 INFO:teuthology.orchestra.run.smithi062.stdout:/usr/bin/ceph: stderr
2024-03-17T23:45:20.101+0000 7f3e89400700 1 -- 172.21.15.62:0/453509110 <== mon.0 v2:172.21.15.62:3300/0 2 ==== config(27 keys) ==== 1140+0+0 (secure 0 0 0) 0x7f3e7c004300 con 0x7f3e8c07dd20
2024-03-17T23:45:21.334 INFO:teuthology.orchestra.run.smithi062.stdout:/usr/bin/ceph: stderr
2024-03-17T23:45:20.101+0000 7f3e89400700 1 -- 172.21.15.62:0/453509110 <== mon.0 v2:172.21.15.62:3300/0 3 ==== mon_map magic: 0 ==== 205+0+0 (secure 0 0 0) 0x7f3e7c011b20 con 0x7f3e8c07dd20
2024-03-17T23:45:21.334 INFO:teuthology.orchestra.run.smithi062.stdout:/usr/bin/ceph: stderr
2024-03-17T23:45:20.102+0000 7f3e91400700 1 -- 172.21.15.62:0/453509110 >> [v2:172.21.15.62:3300/0,v1:172.21.15.62:6789/0] conn(0x7f3e8c07dd20 msgr2=0x7f3e8c07c2e0 secure :-1 s=STATE_CONNECTION_ESTABLISHED l=1).mark_down
2024-03-17T23:45:21.334 INFO:teuthology.orchestra.run.smithi062.stdout:/usr/bin/ceph: stderr
2024-03-17T23:45:20.102+0000 7f3e91400700 1 --2- 172.21.15.62:0/453509110 >> [v2:172.21.15.62:3300/0,v1:172.21.15.62:6789/0] conn(0x7f3e8c07dd20 0x7f3e8c07c2e0 secure :-1 s=READY pgs=72 cs=0 l=1 rev1=1 crypto rx=0x7f3e7c0098a0 tx=0x7f3e7c009bb0 comp rx=0 tx=0).stop
2024-03-17T23:45:21.334 INFO:teuthology.orchestra.run.smithi062.stdout:/usr/bin/ceph: stderr
2024-03-17T23:45:20.102+0000 7f3e91400700 1 -- 172.21.15.62:0/453509110 shutdown_connections
2024-03-17T23:45:21.334 INFO:teuthology.orchestra.run.smithi062.stdout:/usr/bin/ceph: stderr
2024-03-17T23:45:20.102+0000 7f3e91400700 1 --2- 172.21.15.62:0/453509110 >> [v2:172.21.15.62:3300/0,v1:172.21.15.62:6789/0] conn(0x7f3e8c07dd20 0x7f3e8c07c2e0 unknown :-1 s=CLOSED pgs=72 cs=0 l=1 rev1=1 crypto rx=0 tx=0 comp rx=0 tx=0).stop
2024-03-17T23:45:21.335 INFO:teuthology.orchestra.run.smithi062.stdout:/usr/bin/ceph: stderr
2024-03-17T23:45:20.102+0000 7f3e91400700 1 -- 172.21.15.62:0/453509110 >> 172.21.15.62:0/453509110 conn(0x7f3e8c1032d0 msgr2=0x7f3e8c105710 unknown :-1 s=STATE_NONE l=0).mark_down
2024-03-17T23:45:21.335 INFO:teuthology.orchestra.run.smithi062.stdout:/usr/bin/ceph: stderr
2024-03-17T23:45:20.102+0000 7f3e91400700 1 -- 172.21.15.62:0/453509110 shutdown_connections
2024-03-17T23:45:21.335 INFO:teuthology.orchestra.run.smithi062.stdout:/usr/bin/ceph: stderr
2024-03-17T23:45:20.102+0000 7f3e91400700 1 -- 172.21.15.62:0/453509110 wait complete.
2024-03-17T23:45:21.335 INFO:teuthology.orchestra.run.smithi062.stdout:/usr/bin/ceph: stderr
2024-03-17T23:45:20.103+0000 7f3e91400700 1 Processor -- start
2024-03-17T23:45:21.335 INFO:teuthology.orchestra.run.smithi062.stdout:/usr/bin/ceph: stderr
2024-03-17T23:45:20.104+0000 7f3e91400700 1 -- start start
