2024-03-17T23:44:58.987+0000 7f1a4b000700 1 -- 172.21.15.62:0/1870830410 >> [v2:172.21.15.62:3300/0,v1:172.21.15.62:6789/0] conn(0x7f1a44107c90 msgr2=0x7f1a441080b0 secure :-1 s=STATE_CONNECTION_ESTABLISHED l=1).mark_down
2024-03-17T23:45:00.211 INFO:teuthology.orchestra.run.smithi062.stdout:/usr/bin/ceph: stderr
2024-03-17T23:44:58.987+0000 7f1a4b000700 1 --2- 172.21.15.62:0/1870830410 >> [v2:172.21.15.62:3300/0,v1:172.21.15.62:6789/0] conn(0x7f1a44107c90 0x7f1a441080b0 secure :-1 s=READY pgs=47 cs=0 l=1 rev1=1 crypto rx=0x7f1a340098a0 tx=0x7f1a34009bb0 comp rx=0 tx=0).stop
2024-03-17T23:45:00.211 INFO:teuthology.orchestra.run.smithi062.stdout:/usr/bin/ceph: stderr
2024-03-17T23:44:58.987+0000 7f1a4b000700 1 -- 172.21.15.62:0/1870830410 shutdown_connections
2024-03-17T23:45:00.211 INFO:teuthology.orchestra.run.smithi062.stdout:/usr/bin/ceph: stderr
2024-03-17T23:44:58.987+0000 7f1a4b000700 1 --2- 172.21.15.62:0/1870830410 >> [v2:172.21.15.62:3300/0,v1:172.21.15.62:6789/0] conn(0x7f1a44107c90 0x7f1a441080b0 unknown :-1 s=CLOSED pgs=47 cs=0 l=1 rev1=1 crypto rx=0 tx=0 comp rx=0 tx=0).stop
2024-03-17T23:45:00.211 INFO:teuthology.orchestra.run.smithi062.stdout:/usr/bin/ceph: stderr
2024-03-17T23:44:58.987+0000 7f1a4b000700 1 -- 172.21.15.62:0/1870830410 >> 172.21.15.62:0/1870830410 conn(0x7f1a441032d0 msgr2=0x7f1a44105710 unknown :-1 s=STATE_NONE l=0).mark_down
2024-03-17T23:45:00.211 INFO:teuthology.orchestra.run.smithi062.stdout:/usr/bin/ceph: stderr
2024-03-17T23:44:58.987+0000 7f1a4b000700 1 -- 172.21.15.62:0/1870830410 shutdown_connections
2024-03-17T23:45:00.211 INFO:teuthology.orchestra.run.smithi062.stdout:/usr/bin/ceph: stderr
2024-03-17T23:44:58.987+0000 7f1a4b000700 1 -- 172.21.15.62:0/1870830410 wait complete.
2024-03-17T23:45:00.211 INFO:teuthology.orchestra.run.smithi062.stdout:/usr/bin/ceph: stderr
2024-03-17T23:44:58.988+0000 7f1a4b000700 1 Processor -- start
2024-03-17T23:45:00.211 INFO:teuthology.orchestra.run.smithi062.stdout:/usr/bin/ceph: stderr
2024-03-17T23:44:58.989+0000 7f1a4b000700 1 -- start start
2024-03-17T23:45:00.211 INFO:teuthology.orchestra.run.smithi062.stdout:/usr/bin/ceph: stderr
2024-03-17T23:44:58.989+0000 7f1a4b000700 1 --2- >> [v2:172.21.15.62:3300/0,v1:172.21.15.62:6789/0] conn(0x7f1a44107c90 0x7f1a4407db70 unknown :-1 s=NONE pgs=0 cs=0 l=1 rev1=0 crypto rx=0 tx=0 comp rx=0 tx=0).connect
2024-03-17T23:45:00.211 INFO:teuthology.orchestra.run.smithi062.stdout:/usr/bin/ceph: stderr
2024-03-17T23:44:58.989+0000 7f1a4b000700 1 -- --> [v2:172.21.15.62:3300/0,v1:172.21.15.62:6789/0] -- mon_getmap magic: 0 -- 0x7f1a4410c0b0 con 0x7f1a44107c90
2024-03-17T23:45:00.211 INFO:teuthology.orchestra.run.smithi062.stdout:/usr/bin/ceph: stderr
2024-03-17T23:44:58.989+0000 7f1a43e00700 1 --2- >> [v2:172.21.15.62:3300/0,v1:172.21.15.62:6789/0] conn(0x7f1a44107c90 0x7f1a4407db70 unknown :-1 s=BANNER_CONNECTING pgs=0 cs=0 l=1 rev1=0 crypto rx=0 tx=0 comp rx=0 tx=0)._handle_peer_banner_payload supported=3 required=0
2024-03-17T23:45:00.212 INFO:teuthology.orchestra.run.smithi062.stdout:/usr/bin/ceph: stderr
2024-03-17T23:44:58.989+0000 7f1a43e00700 1 --2- >> [v2:172.21.15.62:3300/0,v1:172.21.15.62:6789/0] conn(0x7f1a44107c90 0x7f1a4407db70 unknown :-1 s=HELLO_CONNECTING pgs=0 cs=0 l=1 rev1=1 crypto rx=0 tx=0 comp rx=0 tx=0).handle_hello peer v2:172.21.15.62:3300/0 says I am v2:172.21.15.62:33358/0 (socket says 172.21.15.62:33358)
2024-03-17T23:45:00.212 INFO:teuthology.orchestra.run.smithi062.stdout:/usr/bin/ceph: stderr
2024-03-17T23:44:58.989+0000 7f1a43e00700 1 -- 172.21.15.62:0/877585455 learned_addr learned my addr 172.21.15.62:0/877585455 (peer_addr_for_me v2:172.21.15.62:0/0)
2024-03-17T23:45:00.212 INFO:teuthology.orchestra.run.smithi062.stdout:/usr/bin/ceph: stderr
2024-03-17T23:44:58.990+0000 7f1a43e00700 1 -- 172.21.15.62:0/877585455 --> [v2:172.21.15.62:3300/0,v1:172.21.15.62:6789/0] -- mon_subscribe({config=0+,monmap=0+}) -- 0x7f1a4407e0b0 con 0x7f1a44107c90
2024-03-17T23:45:00.212 INFO:teuthology.orchestra.run.smithi062.stdout:/usr/bin/ceph: stderr
2024-03-17T23:44:58.990+0000 7f1a43e00700 1 --2- 172.21.15.62:0/877585455 >> [v2:172.21.15.62:3300/0,v1:172.21.15.62:6789/0] conn(0x7f1a44107c90 0x7f1a4407db70 secure :-1 s=READY pgs=48 cs=0 l=1 rev1=1 crypto rx=0x7f1a34011b60 tx=0x7f1a34011c40 comp rx=0 tx=0).ready entity=mon.0 client_cookie=0 server_cookie=0 in_seq=0 out_seq=0
2024-03-17T23:45:00.212 INFO:teuthology.orchestra.run.smithi062.stdout:/usr/bin/ceph: stderr
2024-03-17T23:44:58.990+0000 7f1a40c00700 1 -- 172.21.15.62:0/877585455 <== mon.0 v2:172.21.15.62:3300/0 1 ==== mon_map magic: 0 ==== 205+0+0 (secure 0 0 0) 0x7f1a34003970 con 0x7f1a44107c90
2024-03-17T23:45:00.212 INFO:teuthology.orchestra.run.smithi062.stdout:/usr/bin/ceph: stderr
2024-03-17T23:44:58.990+0000 7f1a40c00700 1 -- 172.21.15.62:0/877585455 <== mon.0 v2:172.21.15.62:3300/0 2 ==== config(27 keys) ==== 1109+0+0 (secure 0 0 0) 0x7f1a34003b10 con 0x7f1a44107c90
2024-03-17T23:45:00.212 INFO:teuthology.orchestra.run.smithi062.stdout:/usr/bin/ceph: stderr
2024-03-17T23:44:58.990+0000 7f1a40c00700 1 -- 172.21.15.62:0/877585455 <== mon.0 v2:172.21.15.62:3300/0 3 ==== mon_map magic: 0 ==== 205+0+0 (secure 0 0 0) 0x7f1a34024610 con 0x7f1a44107c90
2024-03-17T23:45:00.212 INFO:teuthology.orchestra.run.smithi062.stdout:/usr/bin/ceph: stderr
2024-03-17T23:44:58.990+0000 7f1a4b000700 1 -- 172.21.15.62:0/877585455 --> [v2:172.21.15.62:3300/0,v1:172.21.15.62:6789/0] -- mon_subscribe({mgrmap=0+}) -- 0x7f1a4407c2a0 con 0x7f1a44107c90
2024-03-17T23:45:00.212 INFO:teuthology.orchestra.run.smithi062.stdout:/usr/bin/ceph: stderr
2024-03-17T23:44:58.991+0000 7f1a4b000700 1 -- 172.21.15.62:0/877585455 --> [v2:172.21.15.62:3300/0,v1:172.21.15.62:6789/0] -- mon_subscribe({osdmap=0}) -- 0x7f1a4407c7e0 con 0x7f1a44107c90
2024-03-17T23:45:00.212 INFO:teuthology.orchestra.run.smithi062.stdout:/usr/bin/ceph: stderr
2024-03-17T23:44:58.992+0000 7f1a4b000700 1 -- 172.21.15.62:0/877585455 --> [v2:172.21.15.62:3300/0,v1:172.21.15.62:6789/0] -- mon_command({"prefix": "get_command_descriptions"} v 0) -- 0x7f1a44063900 con 0x7f1a44107c90
2024-03-17T23:45:00.212 INFO:teuthology.orchestra.run.smithi062.stdout:/usr/bin/ceph: stderr
2024-03-17T23:44:58.992+0000 7f1a40c00700 1 -- 172.21.15.62:0/877585455 <== mon.0 v2:172.21.15.62:3300/0 4 ==== mgrmap(e 8) ==== 46106+0+0 (secure 0 0 0) 0x7f1a3401a9f0 con 0x7f1a44107c90
2024-03-17T23:45:00.212 INFO:teuthology.orchestra.run.smithi062.stdout:/usr/bin/ceph: stderr
2024-03-17T23:44:58.992+0000 7f1a40c00700 1 --2- 172.21.15.62:0/877585455 >> [v2:172.21.15.62:6800/3434387111,v1:172.21.15.62:6801/3434387111] conn(0x7f1a28038f70 0x7f1a2803b430 unknown :-1 s=NONE pgs=0 cs=0 l=1 rev1=0 crypto rx=0 tx=0 comp rx=0 tx=0).connect
2024-03-17T23:45:00.212 INFO:teuthology.orchestra.run.smithi062.stdout:/usr/bin/ceph: stderr
2024-03-17T23:44:58.992+0000 7f1a40c00700 1 -- 172.21.15.62:0/877585455 <== mon.0 v2:172.21.15.62:3300/0 5 ==== osd_map(2..2 src has 1..2) ==== 940+0+0 (secure 0 0 0) 0x7f1a34011e00 con 0x7f1a44107c90
2024-03-17T23:45:00.212 INFO:teuthology.orchestra.run.smithi062.stdout:/usr/bin/ceph: stderr
2024-03-17T23:44:58.993+0000 7f1a43400700 1 --2- 172.21.15.62:0/877585455 >> [v2:172.21.15.62:6800/3434387111,v1:172.21.15.62:6801/3434387111] conn(0x7f1a28038f70 0x7f1a2803b430 unknown :-1 s=BANNER_CONNECTING pgs=0 cs=0 l=1 rev1=0 crypto rx=0 tx=0 comp rx=0 tx=0)._handle_peer_banner_payload supported=3 required=0
2024-03-17T23:45:00.213 INFO:teuthology.orchestra.run.smithi062.stdout:/usr/bin/ceph: stderr
2024-03-17T23:44:58.994+0000 7f1a43400700 1 --2- 172.21.15.62:0/877585455 >> [v2:172.21.15.62:6800/3434387111,v1:172.21.15.62:6801/3434387111] conn(0x7f1a28038f70 0x7f1a2803b430 secure :-1 s=READY pgs=12 cs=0 l=1 rev1=1 crypto rx=0x7f1a30006fd0 tx=0x7f1a30006e40 comp rx=0 tx=0).ready entity=mgr.14120 client_cookie=0 server_cookie=0 in_seq=0 out_seq=0
2024-03-17T23:45:00.213 INFO:teuthology.orchestra.run.smithi062.stdout:/usr/bin/ceph: stderr
2024-03-17T23:44:59.000+0000 7f1a40c00700 1 -- 172.21.15.62:0/877585455 <== mon.0 v2:172.21.15.62:3300/0 6 ==== mon_command_ack([{"prefix": "get_command_descriptions"}]=0 v0) ==== 72+0+186149 (secure 0 0 0) 0x7f1a34019e10 con 0x7f1a44107c90
2024-03-17T23:45:00.213 INFO:teuthology.orchestra.run.smithi062.stdout:/usr/bin/ceph: stderr
2024-03-17T23:44:59.255+0000 7f1a4b000700 1 -- 172.21.15.62:0/877585455 --> [v2:172.21.15.62:6800/3434387111,v1:172.21.15.62:6801/3434387111] -- mgr_command(tid 0: {"prefix": "orch apply", "service_type": "mon", "unmanaged": true, "target": ["mon-mgr", ""]}) -- 0x7f1a441044b0 con 0x7f1a28038f70
2024-03-17T23:45:00.213 INFO:teuthology.orchestra.run.smithi062.stdout:/usr/bin/ceph: stderr
2024-03-17T23:44:59.261+0000 7f1a40c00700 1 -- 172.21.15.62:0/877585455 <== mgr.14120 v2:172.21.15.62:6800/3434387111 1 ==== mgr_command_reply(tid 0: 0 ) ==== 8+0+24 (secure 0 0 0) 0x7f1a441044b0 con 0x7f1a28038f70
2024-03-17T23:45:00.213 INFO:teuthology.orchestra.run.smithi062.stdout:/usr/bin/ceph: stderr
2024-03-17T23:44:59.264+0000 7f1a4b000700 1 -- 172.21.15.62:0/877585455 >> [v2:172.21.15.62:6800/3434387111,v1:172.21.15.62:6801/3434387111] conn(0x7f1a28038f70 msgr2=0x7f1a2803b430 secure :-1 s=STATE_CONNECTION_ESTABLISHED l=1).mark_down
2024-03-17T23:45:00.213 INFO:teuthology.orchestra.run.smithi062.stdout:/usr/bin/ceph: stderr
2024-03-17T23:44:59.264+0000 7f1a4b000700 1 --2- 172.21.15.62:0/877585455 >> [v2:172.21.15.62:6800/3434387111,v1:172.21.15.62:6801/3434387111] conn(0x7f1a28038f70 0x7f1a2803b430 secure :-1 s=READY pgs=12 cs=0 l=1 rev1=1 crypto rx=0x7f1a30006fd0 tx=0x7f1a30006e40 comp rx=0 tx=0).stop
2024-03-17T23:45:00.213 INFO:teuthology.orchestra.run.smithi062.stdout:/usr/bin/ceph: stderr
2024-03-17T23:44:59.264+0000 7f1a4b000700 1 -- 172.21.15.62:0/877585455 >> [v2:172.21.15.62:3300/0,v1:172.21.15.62:6789/0] conn(0x7f1a44107c90 msgr2=0x7f1a4407db70 secure :-1 s=STATE_CONNECTION_ESTABLISHED l=1).mark_down
2024-03-17T23:45:00.213 INFO:teuthology.orchestra.run.smithi062.stdout:/usr/bin/ceph: stderr
2024-03-17T23:44:59.264+0000 7f1a4b000700 1 --2- 172.21.15.62:0/877585455 >> [v2:172.21.15.62:3300/0,v1:172.21.15.62:6789/0] conn(0x7f1a44107c90 0x7f1a4407db70 secure :-1 s=READY pgs=48 cs=0 l=1 rev1=1 crypto rx=0x7f1a34011b60 tx=0x7f1a34011c40 comp rx=0 tx=0).stop
2024-03-17T23:45:00.213 INFO:teuthology.orchestra.run.smithi062.stdout:/usr/bin/ceph: stderr
2024-03-17T23:44:59.264+0000 7f1a4b000700 1 -- 172.21.15.62:0/877585455 shutdown_connections
2024-03-17T23:45:00.213 INFO:teuthology.orchestra.run.smithi062.stdout:/usr/bin/ceph: stderr
2024-03-17T23:44:59.264+0000 7f1a4b000700 1 --2- 172.21.15.62:0/877585455 >> [v2:172.21.15.62:6800/3434387111,v1:172.21.15.62:6801/3434387111] conn(0x7f1a28038f70 0x7f1a2803b430 unknown :-1 s=CLOSED pgs=12 cs=0 l=1 rev1=1 crypto rx=0 tx=0 comp rx=0 tx=0).stop
2024-03-17T23:45:00.213 INFO:teuthology.orchestra.run.smithi062.stdout:/usr/bin/ceph: stderr
2024-03-17T23:44:59.264+0000 7f1a4b000700 1 --2- 172.21.15.62:0/877585455 >> [v2:172.21.15.62:3300/0,v1:172.21.15.62:6789/0] conn(0x7f1a44107c90 0x7f1a4407db70 unknown :-1 s=CLOSED pgs=48 cs=0 l=1 rev1=1 crypto rx=0 tx=0 comp rx=0 tx=0).stop
2024-03-17T23:45:00.213 INFO:teuthology.orchestra.run.smithi062.stdout:/usr/bin/ceph: stderr
2024-03-17T23:44:59.264+0000 7f1a4b000700 1 -- 172.21.15.62:0/877585455 >> 172.21.15.62:0/877585455 conn(0x7f1a441032d0 msgr2=0x7f1a44103da0 unknown :-1 s=STATE_NONE l=0).mark_down
2024-03-17T23:45:00.213 INFO:teuthology.orchestra.run.smithi062.stdout:/usr/bin/ceph: stderr
2024-03-17T23:44:59.264+0000 7f1a4b000700 1 -- 172.21.15.62:0/877585455 shutdown_connections
2024-03-17T23:45:00.213 INFO:teuthology.orchestra.run.smithi062.stdout:/usr/bin/ceph: stderr
2024-03-17T23:44:59.264+0000 7f1a4b000700 1 -- 172.21.15.62:0/877585455 wait complete.
2024-03-17T23:45:00.213 INFO:teuthology.orchestra.run.smithi062.stdout:Deploying unmanaged mgr service...
2024-03-17T23:45:00.629 INFO:journalctl@ceph.mon.a.smithi062.stdout:Mar 17 23:45:00 smithi062 ceph-mon[31722]: from='client.14142 -' entity='client.admin' cmd=[{"prefix": "orch apply", "service_type": "mon", "unmanaged": true, "target": ["mon-mgr", ""]}]: dispatch
2024-03-17T23:45:00.630 INFO:journalctl@ceph.mon.a.smithi062.stdout:Mar 17 23:45:00 smithi062 ceph-mon[31722]: Saving service mon spec with placement count:5
2024-03-17T23:45:00.630 INFO:journalctl@ceph.mon.a.smithi062.stdout:Mar 17 23:45:00 smithi062 ceph-mon[31722]: from='mgr.14120 172.21.15.62:0/2688525209' entity='mgr.x'
2024-03-17T23:45:02.025 INFO:teuthology.orchestra.run.smithi062.stdout:/usr/bin/ceph: stdout Scheduled mgr update...
2024-03-17T23:45:02.025 INFO:teuthology.orchestra.run.smithi062.stdout:/usr/bin/ceph: stderr
2024-03-17T23:45:01.084+0000 7fecfc200700 1 Processor -- start
2024-03-17T23:45:02.025 INFO:teuthology.orchestra.run.smithi062.stdout:/usr/bin/ceph: stderr
2024-03-17T23:45:01.085+0000 7fecfc200700 1 -- start start
2024-03-17T23:45:02.025 INFO:teuthology.orchestra.run.smithi062.stdout:/usr/bin/ceph: stderr
2024-03-17T23:45:01.085+0000 7fecfc200700 1 --2- >> [v2:172.21.15.62:3300/0,v1:172.21.15.62:6789/0] conn(0x7fecf41064d0 0x7fecf41068f0 unknown :-1 s=NONE pgs=0 cs=0 l=0 rev1=0 crypto rx=0 tx=0 comp rx=0 tx=0).connect
2024-03-17T23:45:02.025 INFO:teuthology.orchestra.run.smithi062.stdout:/usr/bin/ceph: stderr
2024-03-17T23:45:01.085+0000 7fecfc200700 1 -- --> [v2:172.21.15.62:3300/0,v1:172.21.15.62:6789/0] -- mon_getmap magic: 0 -- 0x7fecf407be50 con 0x7fecf41064d0
2024-03-17T23:45:02.025 INFO:teuthology.orchestra.run.smithi062.stdout:/usr/bin/ceph: stderr
2024-03-17T23:45:01.086+0000 7fecf9800700 1 --2- >> [v2:172.21.15.62:3300/0,v1:172.21.15.62:6789/0] conn(0x7fecf41064d0 0x7fecf41068f0 unknown :-1 s=BANNER_CONNECTING pgs=0 cs=0 l=0 rev1=0 crypto rx=0 tx=0 comp rx=0 tx=0)._handle_peer_banner_payload supported=3 required=0
2024-03-17T23:45:02.025 INFO:teuthology.orchestra.run.smithi062.stdout:/usr/bin/ceph: stderr
2024-03-17T23:45:01.086+0000 7fecf9800700 1 --2- >> [v2:172.21.15.62:3300/0,v1:172.21.15.62:6789/0] conn(0x7fecf41064d0 0x7fecf41068f0 unknown :-1 s=HELLO_CONNECTING pgs=0 cs=0 l=0 rev1=1 crypto rx=0 tx=0 comp rx=0 tx=0).handle_hello peer v2:172.21.15.62:3300/0 says I am v2:172.21.15.62:33370/0 (socket says 172.21.15.62:33370)
2024-03-17T23:45:02.025 INFO:teuthology.orchestra.run.smithi062.stdout:/usr/bin/ceph: stderr
2024-03-17T23:45:01.086+0000 7fecf9800700 1 -- 172.21.15.62:0/4063033503 learned_addr learned my addr 172.21.15.62:0/4063033503 (peer_addr_for_me v2:172.21.15.62:0/0)
2024-03-17T23:45:02.025 INFO:teuthology.orchestra.run.smithi062.stdout:/usr/bin/ceph: stderr
2024-03-17T23:45:01.086+0000 7fecf9800700 1 -- 172.21.15.62:0/4063033503 --> [v2:172.21.15.62:3300/0,v1:172.21.15.62:6789/0] -- mon_subscribe({config=0+,monmap=0+}) -- 0x7fecf4106e30 con 0x7fecf41064d0
2024-03-17T23:45:02.025 INFO:teuthology.orchestra.run.smithi062.stdout:/usr/bin/ceph: stderr
2024-03-17T23:45:01.086+0000 7fecf9800700 1 --2- 172.21.15.62:0/4063033503 >> [v2:172.21.15.62:3300/0,v1:172.21.15.62:6789/0] conn(0x7fecf41064d0 0x7fecf41068f0 secure :-1 s=READY pgs=49 cs=0 l=1 rev1=1 crypto rx=0x7fece80098a0 tx=0x7fece8009bb0 comp rx=0 tx=0).ready entity=mon.0 client_cookie=8b558b2c0cf4192f server_cookie=0 in_seq=0 out_seq=0
2024-03-17T23:45:02.026 INFO:teuthology.orchestra.run.smithi062.stdout:/usr/bin/ceph: stderr
2024-03-17T23:45:01.087+0000 7fecf3e00700 1 -- 172.21.15.62:0/4063033503 <== mon.0 v2:172.21.15.62:3300/0 1 ==== mon_map magic: 0 ==== 205+0+0 (secure 0 0 0) 0x7fece8004160 con 0x7fecf41064d0
2024-03-17T23:45:02.026 INFO:teuthology.orchestra.run.smithi062.stdout:/usr/bin/ceph: stderr
2024-03-17T23:45:01.087+0000 7fecf3e00700 1 -- 172.21.15.62:0/4063033503 <== mon.0 v2:172.21.15.62:3300/0 2 ==== config(27 keys) ==== 1109+0+0 (secure 0 0 0) 0x7fece8004300 con 0x7fecf41064d0
2024-03-17T23:45:02.026 INFO:teuthology.orchestra.run.smithi062.stdout:/usr/bin/ceph: stderr
2024-03-17T23:45:01.087+0000 7fecf3e00700 1 -- 172.21.15.62:0/4063033503 <== mon.0 v2:172.21.15.62:3300/0 3 ==== mon_map magic: 0 ==== 205+0+0 (secure 0 0 0) 0x7fece8011b50 con 0x7fecf41064d0
2024-03-17T23:45:02.026 INFO:teuthology.orchestra.run.smithi062.stdout:/usr/bin/ceph: stderr
2024-03-17T23:45:01.087+0000 7fecfc200700 1 -- 172.21.15.62:0/4063033503 >> [v2:172.21.15.62:3300/0,v1:172.21.15.62:6789/0] conn(0x7fecf41064d0 msgr2=0x7fecf41068f0 secure :-1 s=STATE_CONNECTION_ESTABLISHED l=1).mark_down
2024-03-17T23:45:02.026 INFO:teuthology.orchestra.run.smithi062.stdout:/usr/bin/ceph: stderr
2024-03-17T23:45:01.087+0000 7fecfc200700 1 --2- 172.21.15.62:0/4063033503 >> [v2:172.21.15.62:3300/0,v1:172.21.15.62:6789/0] conn(0x7fecf41064d0 0x7fecf41068f0 secure :-1 s=READY pgs=49 cs=0 l=1 rev1=1 crypto rx=0x7fece80098a0 tx=0x7fece8009bb0 comp rx=0 tx=0).stop
2024-03-17T23:45:02.026 INFO:teuthology.orchestra.run.smithi062.stdout:/usr/bin/ceph: stderr
2024-03-17T23:45:01.087+0000 7fecfc200700 1 -- 172.21.15.62:0/4063033503 shutdown_connections
2024-03-17T23:45:02.026 INFO:teuthology.orchestra.run.smithi062.stdout:/usr/bin/ceph: stderr
2024-03-17T23:45:01.087+0000 7fecfc200700 1 --2- 172.21.15.62:0/4063033503 >> [v2:172.21.15.62:3300/0,v1:172.21.15.62:6789/0] conn(0x7fecf41064d0 0x7fecf41068f0 unknown :-1 s=CLOSED pgs=49 cs=0 l=1 rev1=1 crypto rx=0 tx=0 comp rx=0 tx=0).stop
2024-03-17T23:45:02.026 INFO:teuthology.orchestra.run.smithi062.stdout:/usr/bin/ceph: stderr
2024-03-17T23:45:01.087+0000 7fecfc200700 1 -- 172.21.15.62:0/4063033503 >> 172.21.15.62:0/4063033503 conn(0x7fecf4102090 msgr2=0x7fecf41044f0 unknown :-1 s=STATE_NONE l=0).mark_down
2024-03-17T23:45:02.026 INFO:teuthology.orchestra.run.smithi062.stdout:/usr/bin/ceph: stderr
2024-03-17T23:45:01.088+0000 7fecfc200700 1 -- 172.21.15.62:0/4063033503 shutdown_connections
2024-03-17T23:45:02.026 INFO:teuthology.orchestra.run.smithi062.stdout:/usr/bin/ceph: stderr
2024-03-17T23:45:01.088+0000 7fecfc200700 1 -- 172.21.15.62:0/4063033503 wait complete.
2024-03-17T23:45:02.026 INFO:teuthology.orchestra.run.smithi062.stdout:/usr/bin/ceph: stderr
2024-03-17T23:45:01.089+0000 7fecfc200700 1 Processor -- start
2024-03-17T23:45:02.026 INFO:teuthology.orchestra.run.smithi062.stdout:/usr/bin/ceph: stderr
2024-03-17T23:45:01.089+0000 7fecfc200700 1 -- start start
2024-03-17T23:45:02.026 INFO:teuthology.orchestra.run.smithi062.stdout:/usr/bin/ceph: stderr
2024-03-17T23:45:01.089+0000 7fecfc200700 1 --2- >> [v2:172.21.15.62:3300/0,v1:172.21.15.62:6789/0] conn(0x7fecf41064d0 0x7fecf419dd90 unknown :-1 s=NONE pgs=0 cs=0 l=1 rev1=0 crypto rx=0 tx=0 comp rx=0 tx=0).connect
2024-03-17T23:45:02.027 INFO:teuthology.orchestra.run.smithi062.stdout:/usr/bin/ceph: stderr
2024-03-17T23:45:01.089+0000 7fecfc200700 1 -- --> [v2:172.21.15.62:3300/0,v1:172.21.15.62:6789/0] -- mon_getmap magic: 0 -- 0x7fecf4107ec0 con 0x7fecf41064d0
2024-03-17T23:45:02.027 INFO:teuthology.orchestra.run.smithi062.stdout:/usr/bin/ceph: stderr
2024-03-17T23:45:01.089+0000 7fecf9800700 1 --2- >> [v2:172.21.15.62:3300/0,v1:172.21.15.62:6789/0] conn(0x7fecf41064d0 0x7fecf419dd90 unknown :-1 s=BANNER_CONNECTING pgs=0 cs=0 l=1 rev1=0 crypto rx=0 tx=0 comp rx=0 tx=0)._handle_peer_banner_payload supported=3 required=0
2024-03-17T23:45:02.027 INFO:teuthology.orchestra.run.smithi062.stdout:/usr/bin/ceph: stderr
2024-03-17T23:45:01.090+0000 7fecf9800700 1 --2- >> [v2:172.21.15.62:3300/0,v1:172.21.15.62:6789/0] conn(0x7fecf41064d0 0x7fecf419dd90 unknown :-1 s=HELLO_CONNECTING pgs=0 cs=0 l=1 rev1=1 crypto rx=0 tx=0 comp rx=0 tx=0).handle_hello peer v2:172.21.15.62:3300/0 says I am v2:172.21.15.62:33374/0 (socket says 172.21.15.62:33374)
2024-03-17T23:45:02.027 INFO:teuthology.orchestra.run.smithi062.stdout:/usr/bin/ceph: stderr
2024-03-17T23:45:01.090+0000 7fecf9800700 1 -- 172.21.15.62:0/2364611886 learned_addr learned my addr 172.21.15.62:0/2364611886 (peer_addr_for_me v2:172.21.15.62:0/0)
2024-03-17T23:45:02.027 INFO:teuthology.orchestra.run.smithi062.stdout:/usr/bin/ceph: stderr
2024-03-17T23:45:01.090+0000 7fecf9800700 1 -- 172.21.15.62:0/2364611886 --> [v2:172.21.15.62:3300/0,v1:172.21.15.62:6789/0] -- mon_subscribe({config=0+,monmap=0+}) -- 0x7fecf419e2d0 con 0x7fecf41064d0
2024-03-17T23:45:02.027 INFO:teuthology.orchestra.run.smithi062.stdout:/usr/bin/ceph: stderr
2024-03-17T23:45:01.090+0000 7fecf9800700 1 --2- 172.21.15.62:0/2364611886 >> [v2:172.21.15.62:3300/0,v1:172.21.15.62:6789/0] conn(0x7fecf41064d0 0x7fecf419dd90 secure :-1 s=READY pgs=50 cs=0 l=1 rev1=1 crypto rx=0x7fece8011b60 tx=0x7fece8011c40 comp rx=0 tx=0).ready entity=mon.0 client_cookie=0 server_cookie=0 in_seq=0 out_seq=0
2024-03-17T23:45:02.027 INFO:teuthology.orchestra.run.smithi062.stdout:/usr/bin/ceph: stderr
2024-03-17T23:45:01.090+0000 7fecf2000700 1 -- 172.21.15.62:0/2364611886 <== mon.0 v2:172.21.15.62:3300/0 1 ==== mon_map magic: 0 ==== 205+0+0 (secure 0 0 0) 0x7fece8003b20 con 0x7fecf41064d0
2024-03-17T23:45:02.027 INFO:teuthology.orchestra.run.smithi062.stdout:/usr/bin/ceph: stderr
2024-03-17T23:45:01.090+0000 7fecf2000700 1 -- 172.21.15.62:0/2364611886 <== mon.0 v2:172.21.15.62:3300/0 2 ==== config(27 keys) ==== 1109+0+0 (secure 0 0 0) 0x7fece8003cc0 con 0x7fecf41064d0
2024-03-17T23:45:02.027 INFO:teuthology.orchestra.run.smithi062.stdout:/usr/bin/ceph: stderr
2024-03-17T23:45:01.090+0000 7fecf2000700 1 -- 172.21.15.62:0/2364611886 <== mon.0 v2:172.21.15.62:3300/0 3 ==== mon_map magic: 0 ==== 205+0+0 (secure 0 0 0) 0x7fece8024840 con 0x7fecf41064d0
2024-03-17T23:45:02.027 INFO:teuthology.orchestra.run.smithi062.stdout:/usr/bin/ceph: stderr
2024-03-17T23:45:01.091+0000 7fecfc200700 1 -- 172.21.15.62:0/2364611886 --> [v2:172.21.15.62:3300/0,v1:172.21.15.62:6789/0] -- mon_subscribe({mgrmap=0+}) -- 0x7fecf419e560 con 0x7fecf41064d0
2024-03-17T23:45:02.027 INFO:teuthology.orchestra.run.smithi062.stdout:/usr/bin/ceph: stderr
2024-03-17T23:45:01.091+0000 7fecfc200700 1 -- 172.21.15.62:0/2364611886 --> [v2:172.21.15.62:3300/0,v1:172.21.15.62:6789/0] -- mon_subscribe({osdmap=0}) -- 0x7fecf41a1210 con 0x7fecf41064d0
2024-03-17T23:45:02.027 INFO:teuthology.orchestra.run.smithi062.stdout:/usr/bin/ceph: stderr
2024-03-17T23:45:01.092+0000 7fecf2000700 1 -- 172.21.15.62:0/2364611886 <== mon.0 v2:172.21.15.62:3300/0 4 ==== mgrmap(e 8) ==== 46106+0+0 (secure 0 0 0) 0x7fece8022020 con 0x7fecf41064d0
2024-03-17T23:45:02.027 INFO:teuthology.orchestra.run.smithi062.stdout:/usr/bin/ceph: stderr
2024-03-17T23:45:01.092+0000 7fecfc200700 1 -- 172.21.15.62:0/2364611886 --> [v2:172.21.15.62:3300/0,v1:172.21.15.62:6789/0] -- mon_command({"prefix": "get_command_descriptions"} v 0) -- 0x7fecf4063900 con 0x7fecf41064d0
2024-03-17T23:45:02.027 INFO:teuthology.orchestra.run.smithi062.stdout:/usr/bin/ceph: stderr
2024-03-17T23:45:01.092+0000 7fecf2000700 1 --2- 172.21.15.62:0/2364611886 >> [v2:172.21.15.62:6800/3434387111,v1:172.21.15.62:6801/3434387111] conn(0x7fecdc038f70 0x7fecdc03b430 unknown :-1 s=NONE pgs=0 cs=0 l=1 rev1=0 crypto rx=0 tx=0 comp rx=0 tx=0).connect
2024-03-17T23:45:02.028 INFO:teuthology.orchestra.run.smithi062.stdout:/usr/bin/ceph: stderr
2024-03-17T23:45:01.092+0000 7fecf2000700 1 -- 172.21.15.62:0/2364611886 <== mon.0 v2:172.21.15.62:3300/0 5 ==== osd_map(2..2 src has 1..2) ==== 940+0+0 (secure 0 0 0) 0x7fece8011e00 con 0x7fecf41064d0
2024-03-17T23:45:02.028 INFO:teuthology.orchestra.run.smithi062.stdout:/usr/bin/ceph: stderr
2024-03-17T23:45:01.093+0000 7fecf8e00700 1 --2- 172.21.15.62:0/2364611886 >> [v2:172.21.15.62:6800/3434387111,v1:172.21.15.62:6801/3434387111] conn(0x7fecdc038f70 0x7fecdc03b430 unknown :-1 s=BANNER_CONNECTING pgs=0 cs=0 l=1 rev1=0 crypto rx=0 tx=0 comp rx=0 tx=0)._handle_peer_banner_payload supported=3 required=0
2024-03-17T23:45:02.028 INFO:teuthology.orchestra.run.smithi062.stdout:/usr/bin/ceph: stderr
2024-03-17T23:45:01.093+0000 7fecf8e00700 1 --2- 172.21.15.62:0/2364611886 >> [v2:172.21.15.62:6800/3434387111,v1:172.21.15.62:6801/3434387111] conn(0x7fecdc038f70 0x7fecdc03b430 secure :-1 s=READY pgs=13 cs=0 l=1 rev1=1 crypto rx=0x7fece0006fd0 tx=0x7fece0006e40 comp rx=0 tx=0).ready entity=mgr.14120 client_cookie=0 server_cookie=0 in_seq=0 out_seq=0
2024-03-17T23:45:02.028 INFO:teuthology.orchestra.run.smithi062.stdout:/usr/bin/ceph: stderr
2024-03-17T23:45:01.098+0000 7fecf2000700 1 -- 172.21.15.62:0/2364611886 <== mon.0 v2:172.21.15.62:3300/0 6 ==== mon_command_ack([{"prefix": "get_command_descriptions"}]=0 v0) ==== 72+0+186149 (secure 0 0 0) 0x7fece800b3e0 con 0x7fecf41064d0
2024-03-17T23:45:02.028 INFO:teuthology.orchestra.run.smithi062.stdout:/usr/bin/ceph: stderr
2024-03-17T23:45:01.312+0000 7fecf2000700 1 -- 172.21.15.62:0/2364611886 <== mon.0 v2:172.21.15.62:3300/0 7 ==== config(27 keys) ==== 1140+0+0 (secure 0 0 0) 0x7fece8051070 con 0x7fecf41064d0
2024-03-17T23:45:02.028 INFO:teuthology.orchestra.run.smithi062.stdout:/usr/bin/ceph: stderr
2024-03-17T23:45:01.344+0000 7fecfc200700 1 -- 172.21.15.62:0/2364611886 --> [v2:172.21.15.62:6800/3434387111,v1:172.21.15.62:6801/3434387111] -- mgr_command(tid 0: {"prefix": "orch apply", "service_type": "mgr", "unmanaged": true, "target": ["mon-mgr", ""]}) -- 0x7fecf4062710 con 0x7fecdc038f70
2024-03-17T23:45:02.028 INFO:teuthology.orchestra.run.smithi062.stdout:/usr/bin/ceph: stderr
2024-03-17T23:45:01.357+0000 7fecf2000700 1 -- 172.21.15.62:0/2364611886 <== mgr.14120 v2:172.21.15.62:6800/3434387111 1 ==== mgr_command_reply(tid 0: 0 ) ==== 8+0+24 (secure 0 0 0) 0x7fecf4062710 con 0x7fecdc038f70
2024-03-17T23:45:02.028 INFO:teuthology.orchestra.run.smithi062.stdout:/usr/bin/ceph: stderr
2024-03-17T23:45:01.359+0000 7fecfc200700 1 -- 172.21.15.62:0/2364611886 >> [v2:172.21.15.62:6800/3434387111,v1:172.21.15.62:6801/3434387111] conn(0x7fecdc038f70 msgr2=0x7fecdc03b430 secure :-1 s=STATE_CONNECTION_ESTABLISHED l=1).mark_down
2024-03-17T23:45:02.028 INFO:teuthology.orchestra.run.smithi062.stdout:/usr/bin/ceph: stderr
2024-03-17T23:45:01.359+0000 7fecfc200700 1 --2- 172.21.15.62:0/2364611886 >> [v2:172.21.15.62:6800/3434387111,v1:172.21.15.62:6801/3434387111] conn(0x7fecdc038f70 0x7fecdc03b430 secure :-1 s=READY pgs=13 cs=0 l=1 rev1=1 crypto rx=0x7fece0006fd0 tx=0x7fece0006e40 comp rx=0 tx=0).stop
2024-03-17T23:45:02.028 INFO:teuthology.orchestra.run.smithi062.stdout:/usr/bin/ceph: stderr
2024-03-17T23:45:01.359+0000 7fecfc200700 1 -- 172.21.15.62:0/2364611886 >> [v2:172.21.15.62:3300/0,v1:172.21.15.62:6789/0] conn(0x7fecf41064d0 msgr2=0x7fecf419dd90 secure :-1 s=STATE_CONNECTION_ESTABLISHED l=1).mark_down
2024-03-17T23:45:02.028 INFO:teuthology.orchestra.run.smithi062.stdout:/usr/bin/ceph: stderr
2024-03-17T23:45:01.359+0000 7fecfc200700 1 --2- 172.21.15.62:0/2364611886 >> [v2:172.21.15.62:3300/0,v1:172.21.15.62:6789/0] conn(0x7fecf41064d0 0x7fecf419dd90 secure :-1 s=READY pgs=50 cs=0 l=1 rev1=1 crypto rx=0x7fece8011b60 tx=0x7fece8011c40 comp rx=0 tx=0).stop
2024-03-17T23:45:02.028 INFO:teuthology.orchestra.run.smithi062.stdout:/usr/bin/ceph: stderr
2024-03-17T23:45:01.360+0000 7fecfc200700 1 -- 172.21.15.62:0/2364611886 shutdown_connections
2024-03-17T23:45:02.028 INFO:teuthology.orchestra.run.smithi062.stdout:/usr/bin/ceph: stderr
2024-03-17T23:45:01.360+0000 7fecfc200700 1 --2- 172.21.15.62:0/2364611886 >> [v2:172.21.15.62:6800/3434387111,v1:172.21.15.62:6801/3434387111] conn(0x7fecdc038f70 0x7fecdc03b430 unknown :-1 s=CLOSED pgs=13 cs=0 l=1 rev1=1 crypto rx=0 tx=0 comp rx=0 tx=0).stop
2024-03-17T23:45:02.028 INFO:teuthology.orchestra.run.smithi062.stdout:/usr/bin/ceph: stderr
2024-03-17T23:45:01.360+0000 7fecfc200700 1 --2- 172.21.15.62:0/2364611886 >> [v2:172.21.15.62:3300/0,v1:172.21.15.62:6789/0] conn(0x7fecf41064d0 0x7fecf419dd90 unknown :-1 s=CLOSED pgs=50 cs=0 l=1 rev1=1 crypto rx=0 tx=0 comp rx=0 tx=0).stop
2024-03-17T23:45:02.029 INFO:teuthology.orchestra.run.smithi062.stdout:/usr/bin/ceph: stderr
2024-03-17T23:45:01.360+0000 7fecfc200700 1 -- 172.21.15.62:0/2364611886 >> 172.21.15.62:0/2364611886 conn(0x7fecf4102090 msgr2=0x7fecf41949e0 unknown :-1 s=STATE_NONE l=0).mark_down
2024-03-17T23:45:02.029 INFO:teuthology.orchestra.run.smithi062.stdout:/usr/bin/ceph: stderr
2024-03-17T23:45:01.360+0000 7fecfc200700 1 -- 172.21.15.62:0/2364611886 shutdown_connections
2024-03-17T23:45:02.029 INFO:teuthology.orchestra.run.smithi062.stdout:/usr/bin/ceph: stderr
2024-03-17T23:45:01.360+0000 7fecfc200700 1 -- 172.21.15.62:0/2364611886 wait complete.
2024-03-17T23:45:02.574 INFO:journalctl@ceph.mon.a.smithi062.stdout:Mar 17 23:45:02 smithi062 ceph-mon[31722]: from='mgr.14120 172.21.15.62:0/2688525209' entity='mgr.x'
2024-03-17T23:45:02.575 INFO:journalctl@ceph.mon.a.smithi062.stdout:Mar 17 23:45:02 smithi062 ceph-mon[31722]: from='client.14144 -' entity='client.admin' cmd=[{"prefix": "orch apply", "service_type": "mgr", "unmanaged": true, "target": ["mon-mgr", ""]}]: dispatch
2024-03-17T23:45:02.575 INFO:journalctl@ceph.mon.a.smithi062.stdout:Mar 17 23:45:02 smithi062 ceph-mon[31722]: Saving service mgr spec with placement count:2
2024-03-17T23:45:02.575 INFO:journalctl@ceph.mon.a.smithi062.stdout:Mar 17 23:45:02 smithi062 ceph-mon[31722]: from='mgr.14120 172.21.15.62:0/2688525209' entity='mgr.x'
2024-03-17T23:45:02.575 INFO:journalctl@ceph.mon.a.smithi062.stdout:Mar 17 23:45:02 smithi062 ceph-mon[31722]: from='mgr.14120 172.21.15.62:0/2688525209' entity='mgr.x'
2024-03-17T23:45:03.502 INFO:teuthology.orchestra.run.smithi062.stdout:/usr/bin/ceph: stderr
2024-03-17T23:45:02.661+0000 7fbe4ae00700 1 Processor -- start
2024-03-17T23:45:03.503 INFO:teuthology.orchestra.run.smithi062.stdout:/usr/bin/ceph: stderr
2024-03-17T23:45:02.662+0000 7fbe4ae00700 1 -- start start
2024-03-17T23:45:03.503 INFO:teuthology.orchestra.run.smithi062.stdout:/usr/bin/ceph: stderr
2024-03-17T23:45:02.662+0000 7fbe4ae00700 1 --2- >> [v2:172.21.15.62:3300/0,v1:172.21.15.62:6789/0] conn(0x7fbe4407dd80 0x7fbe4407c340 unknown :-1 s=NONE pgs=0 cs=0 l=0 rev1=0 crypto rx=0 tx=0 comp rx=0 tx=0).connect
2024-03-17T23:45:03.503 INFO:teuthology.orchestra.run.smithi062.stdout:/usr/bin/ceph: stderr
2024-03-17T23:45:02.662+0000 7fbe4ae00700 1 -- --> [v2:172.21.15.62:3300/0,v1:172.21.15.62:6789/0] -- mon_getmap magic: 0 -- 0x7fbe4407c880 con 0x7fbe4407dd80
2024-03-17T23:45:03.503 INFO:teuthology.orchestra.run.smithi062.stdout:/usr/bin/ceph: stderr
2024-03-17T23:45:02.662+0000 7fbe43e00700 1 --2- >> [v2:172.21.15.62:3300/0,v1:172.21.15.62:6789/0] conn(0x7fbe4407dd80 0x7fbe4407c340 unknown :-1 s=BANNER_CONNECTING pgs=0 cs=0 l=0 rev1=0 crypto rx=0 tx=0 comp rx=0 tx=0)._handle_peer_banner_payload supported=3 required=0
2024-03-17T23:45:03.503 INFO:teuthology.orchestra.run.smithi062.stdout:/usr/bin/ceph: stderr
2024-03-17T23:45:02.663+0000 7fbe43e00700 1 --2- >> [v2:172.21.15.62:3300/0,v1:172.21.15.62:6789/0] conn(0x7fbe4407dd80 0x7fbe4407c340 unknown :-1 s=HELLO_CONNECTING pgs=0 cs=0 l=0 rev1=1 crypto rx=0 tx=0 comp rx=0 tx=0).handle_hello peer v2:172.21.15.62:3300/0 says I am v2:172.21.15.62:33388/0 (socket says 172.21.15.62:33388)
2024-03-17T23:45:03.503 INFO:teuthology.orchestra.run.smithi062.stdout:/usr/bin/ceph: stderr
2024-03-17T23:45:02.663+0000 7fbe43e00700 1 -- 172.21.15.62:0/791571161 learned_addr learned my addr 172.21.15.62:0/791571161 (peer_addr_for_me v2:172.21.15.62:0/0)
2024-03-17T23:45:03.503 INFO:teuthology.orchestra.run.smithi062.stdout:/usr/bin/ceph: stderr
2024-03-17T23:45:02.663+0000 7fbe43e00700 1 -- 172.21.15.62:0/791571161 --> [v2:172.21.15.62:3300/0,v1:172.21.15.62:6789/0] -- mon_subscribe({config=0+,monmap=0+}) -- 0x7fbe4407ca00 con 0x7fbe4407dd80
2024-03-17T23:45:03.503 INFO:teuthology.orchestra.run.smithi062.stdout:/usr/bin/ceph: stderr
2024-03-17T23:45:02.663+0000 7fbe43e00700 1 --2- 172.21.15.62:0/791571161 >> [v2:172.21.15.62:3300/0,v1:172.21.15.62:6789/0] conn(0x7fbe4407dd80 0x7fbe4407c340 secure :-1 s=READY pgs=51 cs=0 l=1 rev1=1 crypto rx=0x7fbe340098a0 tx=0x7fbe34009bb0 comp rx=0 tx=0).ready entity=mon.0 client_cookie=f4f3d8dd9679d5ec server_cookie=0 in_seq=0 out_seq=0
2024-03-17T23:45:03.503 INFO:teuthology.orchestra.run.smithi062.stdout:/usr/bin/ceph: stderr
2024-03-17T23:45:02.664+0000 7fbe42a00700 1 -- 172.21.15.62:0/791571161 <== mon.0 v2:172.21.15.62:3300/0 1 ==== mon_map magic: 0 ==== 205+0+0 (secure 0 0 0) 0x7fbe34004160 con 0x7fbe4407dd80
2024-03-17T23:45:03.503 INFO:teuthology.orchestra.run.smithi062.stdout:/usr/bin/ceph: stderr
2024-03-17T23:45:02.664+0000 7fbe42a00700 1 -- 172.21.15.62:0/791571161 <== mon.0 v2:172.21.15.62:3300/0 2 ==== config(27 keys) ==== 1140+0+0 (secure 0 0 0) 0x7fbe34004300 con 0x7fbe4407dd80
2024-03-17T23:45:03.503 INFO:teuthology.orchestra.run.smithi062.stdout:/usr/bin/ceph: stderr
2024-03-17T23:45:02.664+0000 7fbe42a00700 1 -- 172.21.15.62:0/791571161 <== mon.0 v2:172.21.15.62:3300/0 3 ==== mon_map magic: 0 ==== 205+0+0 (secure 0 0 0) 0x7fbe34011b20 con 0x7fbe4407dd80
2024-03-17T23:45:03.504 INFO:teuthology.orchestra.run.smithi062.stdout:/usr/bin/ceph: stderr
2024-03-17T23:45:02.664+0000 7fbe4ae00700 1 -- 172.21.15.62:0/791571161 >> [v2:172.21.15.62:3300/0,v1:172.21.15.62:6789/0] conn(0x7fbe4407dd80 msgr2=0x7fbe4407c340 secure :-1 s=STATE_CONNECTION_ESTABLISHED l=1).mark_down
2024-03-17T23:45:03.504 INFO:teuthology.orchestra.run.smithi062.stdout:/usr/bin/ceph: stderr
2024-03-17T23:45:02.664+0000 7fbe4ae00700 1 --2- 172.21.15.62:0/791571161 >> [v2:172.21.15.62:3300/0,v1:172.21.15.62:6789/0] conn(0x7fbe4407dd80 0x7fbe4407c340 secure :-1 s=READY pgs=51 cs=0 l=1 rev1=1 crypto rx=0x7fbe340098a0 tx=0x7fbe34009bb0 comp rx=0 tx=0).stop
2024-03-17T23:45:03.504 INFO:teuthology.orchestra.run.smithi062.stdout:/usr/bin/ceph: stderr
2024-03-17T23:45:02.665+0000 7fbe4ae00700 1 -- 172.21.15.62:0/791571161 shutdown_connections
2024-03-17T23:45:03.504 INFO:teuthology.orchestra.run.smithi062.stdout:/usr/bin/ceph: stderr
2024-03-17T23:45:02.665+0000 7fbe4ae00700 1 --2- 172.21.15.62:0/791571161 >> [v2:172.21.15.62:3300/0,v1:172.21.15.62:6789/0] conn(0x7fbe4407dd80 0x7fbe4407c340 unknown :-1 s=CLOSED pgs=51 cs=0 l=1 rev1=1 crypto rx=0 tx=0 comp rx=0 tx=0).stop
2024-03-17T23:45:03.504 INFO:teuthology.orchestra.run.smithi062.stdout:/usr/bin/ceph: stderr
2024-03-17T23:45:02.665+0000 7fbe4ae00700 1 -- 172.21.15.62:0/791571161 >> 172.21.15.62:0/791571161 conn(0x7fbe44103300 msgr2=0x7fbe44105720 unknown :-1 s=STATE_NONE l=0).mark_down
2024-03-17T23:45:03.504 INFO:teuthology.orchestra.run.smithi062.stdout:/usr/bin/ceph: stderr
2024-03-17T23:45:02.665+0000 7fbe4ae00700 1 -- 172.21.15.62:0/791571161 shutdown_connections
2024-03-17T23:45:03.504 INFO:teuthology.orchestra.run.smithi062.stdout:/usr/bin/ceph: stderr
2024-03-17T23:45:02.665+0000 7fbe4ae00700 1 -- 172.21.15.62:0/791571161 wait complete.
2024-03-17T23:45:03.504 INFO:teuthology.orchestra.run.smithi062.stdout:/usr/bin/ceph: stderr
2024-03-17T23:45:02.666+0000 7fbe4ae00700 1 Processor -- start
2024-03-17T23:45:03.504 INFO:teuthology.orchestra.run.smithi062.stdout:/usr/bin/ceph: stderr
2024-03-17T23:45:02.666+0000 7fbe4ae00700 1 -- start start
2024-03-17T23:45:03.504 INFO:teuthology.orchestra.run.smithi062.stdout:/usr/bin/ceph: stderr
2024-03-17T23:45:02.666+0000 7fbe4ae00700 1 --2- >> [v2:172.21.15.62:3300/0,v1:172.21.15.62:6789/0] conn(0x7fbe4407dd80 0x7fbe4419dda0 unknown :-1 s=NONE pgs=0 cs=0 l=1 rev1=0 crypto rx=0 tx=0 comp rx=0 tx=0).connect
2024-03-17T23:45:03.504 INFO:teuthology.orchestra.run.smithi062.stdout:/usr/bin/ceph: stderr
2024-03-17T23:45:02.666+0000 7fbe4ae00700 1 -- --> [v2:172.21.15.62:3300/0,v1:172.21.15.62:6789/0] -- mon_getmap magic: 0 -- 0x7fbe4410e170 con 0x7fbe4407dd80
2024-03-17T23:45:03.504 INFO:teuthology.orchestra.run.smithi062.stdout:/usr/bin/ceph: stderr
2024-03-17T23:45:02.666+0000 7fbe43e00700 1 --2- >> [v2:172.21.15.62:3300/0,v1:172.21.15.62:6789/0] conn(0x7fbe4407dd80 0x7fbe4419dda0 unknown :-1 s=BANNER_CONNECTING pgs=0 cs=0 l=1 rev1=0 crypto rx=0 tx=0 comp rx=0 tx=0)._handle_peer_banner_payload supported=3 required=0
2024-03-17T23:45:03.504 INFO:teuthology.orchestra.run.smithi062.stdout:/usr/bin/ceph: stderr
2024-03-17T23:45:02.667+0000 7fbe43e00700 1 --2- >> [v2:172.21.15.62:3300/0,v1:172.21.15.62:6789/0] conn(0x7fbe4407dd80 0x7fbe4419dda0 unknown :-1 s=HELLO_CONNECTING pgs=0 cs=0 l=1 rev1=1 crypto rx=0 tx=0 comp rx=0 tx=0).handle_hello peer v2:172.21.15.62:3300/0 says I am v2:172.21.15.62:33396/0 (socket says 172.21.15.62:33396)
2024-03-17T23:45:03.505 INFO:teuthology.orchestra.run.smithi062.stdout:/usr/bin/ceph: stderr
2024-03-17T23:45:02.667+0000 7fbe43e00700 1 -- 172.21.15.62:0/3466188058 learned_addr learned my addr 172.21.15.62:0/3466188058 (peer_addr_for_me v2:172.21.15.62:0/0)
2024-03-17T23:45:03.505 INFO:teuthology.orchestra.run.smithi062.stdout:/usr/bin/ceph: stderr
2024-03-17T23:45:02.667+0000 7fbe43e00700 1 -- 172.21.15.62:0/3466188058 --> [v2:172.21.15.62:3300/0,v1:172.21.15.62:6789/0] -- mon_subscribe({config=0+,monmap=0+}) -- 0x7fbe4419e2e0 con 0x7fbe4407dd80
2024-03-17T23:45:03.505 INFO:teuthology.orchestra.run.smithi062.stdout:/usr/bin/ceph: stderr
2024-03-17T23:45:02.667+0000 7fbe43e00700 1 --2- 172.21.15.62:0/3466188058 >> [v2:172.21.15.62:3300/0,v1:172.21.15.62:6789/0] conn(0x7fbe4407dd80 0x7fbe4419dda0 secure :-1 s=READY pgs=52 cs=0 l=1 rev1=1 crypto rx=0x7fbe34011b60 tx=0x7fbe34011c40 comp rx=0 tx=0).ready entity=mon.0 client_cookie=0 server_cookie=0 in_seq=0 out_seq=0
2024-03-17T23:45:03.505 INFO:teuthology.orchestra.run.smithi062.stdout:/usr/bin/ceph: stderr
2024-03-17T23:45:02.667+0000 7fbe40c00700 1 -- 172.21.15.62:0/3466188058 <== mon.0 v2:172.21.15.62:3300/0 1 ==== mon_map magic: 0 ==== 205+0+0 (secure 0 0 0) 0x7fbe34003b60 con 0x7fbe4407dd80
2024-03-17T23:45:03.505 INFO:teuthology.orchestra.run.smithi062.stdout:/usr/bin/ceph: stderr
2024-03-17T23:45:02.668+0000 7fbe40c00700 1 -- 172.21.15.62:0/3466188058 <== mon.0 v2:172.21.15.62:3300/0 2 ==== config(27 keys) ==== 1140+0+0 (secure 0 0 0) 0x7fbe3401a910 con 0x7fbe4407dd80
2024-03-17T23:45:03.505 INFO:teuthology.orchestra.run.smithi062.stdout:/usr/bin/ceph: stderr
2024-03-17T23:45:02.668+0000 7fbe4ae00700 1 -- 172.21.15.62:0/3466188058 --> [v2:172.21.15.62:3300/0,v1:172.21.15.62:6789/0] -- mon_subscribe({mgrmap=0+}) -- 0x7fbe4419e570 con 0x7fbe4407dd80
2024-03-17T23:45:03.505 INFO:teuthology.orchestra.run.smithi062.stdout:/usr/bin/ceph: stderr
2024-03-17T23:45:02.668+0000 7fbe40c00700 1 -- 172.21.15.62:0/3466188058 <== mon.0 v2:172.21.15.62:3300/0 3 ==== mon_map magic: 0 ==== 205+0+0 (secure 0 0 0) 0x7fbe34024930 con 0x7fbe4407dd80
2024-03-17T23:45:03.505 INFO:teuthology.orchestra.run.smithi062.stdout:/usr/bin/ceph: stderr
2024-03-17T23:45:02.668+0000 7fbe4ae00700 1 -- 172.21.15.62:0/3466188058 --> [v2:172.21.15.62:3300/0,v1:172.21.15.62:6789/0] -- mon_subscribe({osdmap=0}) -- 0x7fbe441a1220 con 0x7fbe4407dd80
2024-03-17T23:45:03.505 INFO:teuthology.orchestra.run.smithi062.stdout:/usr/bin/ceph: stderr
2024-03-17T23:45:02.669+0000 7fbe4ae00700 1 -- 172.21.15.62:0/3466188058 --> [v2:172.21.15.62:3300/0,v1:172.21.15.62:6789/0] -- mon_command({"prefix": "get_command_descriptions"} v 0) -- 0x7fbe44063900 con 0x7fbe4407dd80
2024-03-17T23:45:03.505 INFO:teuthology.orchestra.run.smithi062.stdout:/usr/bin/ceph: stderr
2024-03-17T23:45:02.669+0000 7fbe40c00700 1 -- 172.21.15.62:0/3466188058 <== mon.0 v2:172.21.15.62:3300/0 4 ==== mgrmap(e 8) ==== 46106+0+0 (secure 0 0 0) 0x7fbe34022020 con 0x7fbe4407dd80
2024-03-17T23:45:03.505 INFO:teuthology.orchestra.run.smithi062.stdout:/usr/bin/ceph: stderr
2024-03-17T23:45:02.669+0000 7fbe40c00700 1 --2- 172.21.15.62:0/3466188058 >> [v2:172.21.15.62:6800/3434387111,v1:172.21.15.62:6801/3434387111] conn(0x7fbe28038f20 0x7fbe2803b3e0 unknown :-1 s=NONE pgs=0 cs=0 l=1 rev1=0 crypto rx=0 tx=0 comp rx=0 tx=0).connect
2024-03-17T23:45:03.505 INFO:teuthology.orchestra.run.smithi062.stdout:/usr/bin/ceph: stderr
2024-03-17T23:45:02.670+0000 7fbe40c00700 1 -- 172.21.15.62:0/3466188058 <== mon.0 v2:172.21.15.62:3300/0 5 ==== osd_map(2..2 src has 1..2) ==== 940+0+0 (secure 0 0 0) 0x7fbe3404d1d0 con 0x7fbe4407dd80
2024-03-17T23:45:03.505 INFO:teuthology.orchestra.run.smithi062.stdout:/usr/bin/ceph: stderr
2024-03-17T23:45:02.670+0000 7fbe43400700 1 --2- 172.21.15.62:0/3466188058 >> [v2:172.21.15.62:6800/3434387111,v1:172.21.15.62:6801/3434387111] conn(0x7fbe28038f20 0x7fbe2803b3e0 unknown :-1 s=BANNER_CONNECTING pgs=0 cs=0 l=1 rev1=0 crypto rx=0 tx=0 comp rx=0 tx=0)._handle_peer_banner_payload supported=3 required=0
2024-03-17T23:45:03.505 INFO:teuthology.orchestra.run.smithi062.stdout:/usr/bin/ceph: stderr
2024-03-17T23:45:02.671+0000 7fbe43400700 1 --2- 172.21.15.62:0/3466188058 >> [v2:172.21.15.62:6800/3434387111,v1:172.21.15.62:6801/3434387111] conn(0x7fbe28038f20 0x7fbe2803b3e0 secure :-1 s=READY pgs=14 cs=0 l=1 rev1=1 crypto rx=0x7fbe30006fd0 tx=0x7fbe30006e40 comp rx=0 tx=0).ready entity=mgr.14120 client_cookie=0 server_cookie=0 in_seq=0 out_seq=0
2024-03-17T23:45:03.506 INFO:teuthology.orchestra.run.smithi062.stdout:/usr/bin/ceph: stderr
2024-03-17T23:45:02.675+0000 7fbe40c00700 1 -- 172.21.15.62:0/3466188058 <== mon.0 v2:172.21.15.62:3300/0 6 ==== mon_command_ack([{"prefix": "get_command_descriptions"}]=0 v0) ==== 72+0+186149 (secure 0 0 0) 0x7fbe34019c70 con 0x7fbe4407dd80
2024-03-17T23:45:03.506 INFO:teuthology.orchestra.run.smithi062.stdout:/usr/bin/ceph: stderr
2024-03-17T23:45:02.903+0000 7fbe4ae00700 1 -- 172.21.15.62:0/3466188058 --> [v2:172.21.15.62:3300/0,v1:172.21.15.62:6789/0] -- mon_command([{prefix=config set, name=mgr/cephadm/container_init}] v 0) -- 0x7fbe4419e9d0 con 0x7fbe4407dd80
2024-03-17T23:45:03.506 INFO:teuthology.orchestra.run.smithi062.stdout:/usr/bin/ceph: stderr
2024-03-17T23:45:02.907+0000 7fbe40c00700 1 -- 172.21.15.62:0/3466188058 <== mon.0 v2:172.21.15.62:3300/0 7 ==== mon_command_ack([{prefix=config set, name=mgr/cephadm/container_init}]=0 v7)=0 v7) ==== 142+0+0 (secure 0 0 0) 0x7fbe3400bc00 con 0x7fbe4407dd80
2024-03-17T23:45:03.506 INFO:teuthology.orchestra.run.smithi062.stdout:/usr/bin/ceph: stderr
2024-03-17T23:45:02.910+0000 7fbe4ae00700 1 -- 172.21.15.62:0/3466188058 >> [v2:172.21.15.62:6800/3434387111,v1:172.21.15.62:6801/3434387111] conn(0x7fbe28038f20 msgr2=0x7fbe2803b3e0 secure :-1 s=STATE_CONNECTION_ESTABLISHED l=1).mark_down
2024-03-17T23:45:03.506 INFO:teuthology.orchestra.run.smithi062.stdout:/usr/bin/ceph: stderr
2024-03-17T23:45:02.910+0000 7fbe4ae00700 1 --2- 172.21.15.62:0/3466188058 >> [v2:172.21.15.62:6800/3434387111,v1:172.21.15.62:6801/3434387111] conn(0x7fbe28038f20 0x7fbe2803b3e0 secure :-1 s=READY pgs=14 cs=0 l=1 rev1=1 crypto rx=0x7fbe30006fd0 tx=0x7fbe30006e40 comp rx=0 tx=0).stop
2024-03-17T23:45:03.506 INFO:teuthology.orchestra.run.smithi062.stdout:/usr/bin/ceph: stderr
2024-03-17T23:45:02.910+0000 7fbe4ae00700 1 -- 172.21.15.62:0/3466188058 >> [v2:172.21.15.62:3300/0,v1:172.21.15.62:6789/0] conn(0x7fbe4407dd80 msgr2=0x7fbe4419dda0 secure :-1 s=STATE_CONNECTION_ESTABLISHED l=1).mark_down
2024-03-17T23:45:03.506 INFO:teuthology.orchestra.run.smithi062.stdout:/usr/bin/ceph: stderr
2024-03-17T23:45:02.910+0000 7fbe4ae00700 1 --2- 172.21.15.62:0/3466188058 >> [v2:172.21.15.62:3300/0,v1:172.21.15.62:6789/0] conn(0x7fbe4407dd80 0x7fbe4419dda0 secure :-1 s=READY pgs=52 cs=0 l=1 rev1=1 crypto rx=0x7fbe34011b60 tx=0x7fbe34011c40 comp rx=0 tx=0).stop
2024-03-17T23:45:03.506 INFO:teuthology.orchestra.run.smithi062.stdout:/usr/bin/ceph: stderr
2024-03-17T23:45:02.910+0000 7fbe4ae00700 1 -- 172.21.15.62:0/3466188058 shutdown_connections
2024-03-17T23:45:03.506 INFO:teuthology.orchestra.run.smithi062.stdout:/usr/bin/ceph: stderr
2024-03-17T23:45:02.910+0000 7fbe4ae00700 1 --2- 172.21.15.62:0/3466188058 >> [v2:172.21.15.62:6800/3434387111,v1:172.21.15.62:6801/3434387111] conn(0x7fbe28038f20 0x7fbe2803b3e0 unknown :-1 s=CLOSED pgs=14 cs=0 l=1 rev1=1 crypto rx=0 tx=0 comp rx=0 tx=0).stop
2024-03-17T23:45:03.506 INFO:teuthology.orchestra.run.smithi062.stdout:/usr/bin/ceph: stderr
2024-03-17T23:45:02.910+0000 7fbe4ae00700 1 --2- 172.21.15.62:0/3466188058 >> [v2:172.21.15.62:3300/0,v1:172.21.15.62:6789/0] conn(0x7fbe4407dd80 0x7fbe4419dda0 unknown :-1 s=CLOSED pgs=52 cs=0 l=1 rev1=1 crypto rx=0 tx=0 comp rx=0 tx=0).stop
2024-03-17T23:45:03.506 INFO:teuthology.orchestra.run.smithi062.stdout:/usr/bin/ceph: stderr
2024-03-17T23:45:02.910+0000 7fbe4ae00700 1 -- 172.21.15.62:0/3466188058 >> 172.21.15.62:0/3466188058 conn(0x7fbe44103300 msgr2=0x7fbe44103df0 unknown :-1 s=STATE_NONE l=0).mark_down
2024-03-17T23:45:03.506 INFO:teuthology.orchestra.run.smithi062.stdout:/usr/bin/ceph: stderr
2024-03-17T23:45:02.911+0000 7fbe4ae00700 1 -- 172.21.15.62:0/3466188058 shutdown_connections
2024-03-17T23:45:03.506 INFO:teuthology.orchestra.run.smithi062.stdout:/usr/bin/ceph: stderr
2024-03-17T23:45:02.911+0000 7fbe4ae00700 1 -- 172.21.15.62:0/3466188058 wait complete.
2024-03-17T23:45:04.115 INFO:journalctl@ceph.mon.a.smithi062.stdout:Mar 17 23:45:03 smithi062 ceph-mon[31722]: pgmap v3: 0 pgs: ; 0 B data, 0 B used, 0 B / 0 B avail
2024-03-17T23:45:04.115 INFO:journalctl@ceph.mon.a.smithi062.stdout:Mar 17 23:45:03 smithi062 ceph-mon[31722]: from='client.? 172.21.15.62:0/3466188058' entity='client.admin'
2024-03-17T23:45:05.337 INFO:teuthology.orchestra.run.smithi062.stdout:/usr/bin/ceph: stderr
2024-03-17T23:45:04.114+0000 7f921ae00700 1 Processor -- start
2024-03-17T23:45:05.404 INFO:teuthology.orchestra.run.smithi062.stdout:/usr/bin/ceph: stderr
2024-03-17T23:45:04.114+0000 7f921ae00700 1 -- start start
2024-03-17T23:45:05.404 INFO:teuthology.orchestra.run.smithi062.stdout:/usr/bin/ceph: stderr
2024-03-17T23:45:04.114+0000 7f921ae00700 1 --2- >> [v2:172.21.15.62:3300/0,v1:172.21.15.62:6789/0] conn(0x7f9214109e40 0x7f921410a260 unknown :-1 s=NONE pgs=0 cs=0 l=0 rev1=0 crypto rx=0 tx=0 comp rx=0 tx=0).connect
2024-03-17T23:45:05.404 INFO:teuthology.orchestra.run.smithi062.stdout:/usr/bin/ceph: stderr
2024-03-17T23:45:04.114+0000 7f921ae00700 1 -- --> [v2:172.21.15.62:3300/0,v1:172.21.15.62:6789/0] -- mon_getmap magic: 0 -- 0x7f921410a830 con 0x7f9214109e40
2024-03-17T23:45:05.404 INFO:teuthology.orchestra.run.smithi062.stdout:/usr/bin/ceph: stderr
2024-03-17T23:45:04.115+0000 7f9213e00700 1 --2- >> [v2:172.21.15.62:3300/0,v1:172.21.15.62:6789/0] conn(0x7f9214109e40 0x7f921410a260 unknown :-1 s=BANNER_CONNECTING pgs=0 cs=0 l=0 rev1=0 crypto rx=0 tx=0 comp rx=0 tx=0)._handle_peer_banner_payload supported=3 required=0
2024-03-17T23:45:05.404 INFO:teuthology.orchestra.run.smithi062.stdout:/usr/bin/ceph: stderr
2024-03-17T23:45:04.115+0000 7f9213e00700 1 --2- >> [v2:172.21.15.62:3300/0,v1:172.21.15.62:6789/0] conn(0x7f9214109e40 0x7f921410a260 unknown :-1 s=HELLO_CONNECTING pgs=0 cs=0 l=0 rev1=1 crypto rx=0 tx=0 comp rx=0 tx=0).handle_hello peer v2:172.21.15.62:3300/0 says I am v2:172.21.15.62:33408/0 (socket says 172.21.15.62:33408)
2024-03-17T23:45:05.409 INFO:teuthology.orchestra.run.smithi062.stdout:/usr/bin/ceph: stderr
2024-03-17T23:45:04.115+0000 7f9213e00700 1 -- 172.21.15.62:0/53821137 learned_addr learned my addr 172.21.15.62:0/53821137 (peer_addr_for_me v2:172.21.15.62:0/0)
2024-03-17T23:45:05.409 INFO:teuthology.orchestra.run.smithi062.stdout:/usr/bin/ceph: stderr
2024-03-17T23:45:04.116+0000 7f9213e00700 1 -- 172.21.15.62:0/53821137 --> [v2:172.21.15.62:3300/0,v1:172.21.15.62:6789/0] -- mon_subscribe({config=0+,monmap=0+}) -- 0x7f921410aff0 con 0x7f9214109e40
2024-03-17T23:45:05.409 INFO:teuthology.orchestra.run.smithi062.stdout:/usr/bin/ceph: stderr
2024-03-17T23:45:04.116+0000 7f9213e00700 1 --2- 172.21.15.62:0/53821137 >> [v2:172.21.15.62:3300/0,v1:172.21.15.62:6789/0] conn(0x7f9214109e40 0x7f921410a260 secure :-1 s=READY pgs=53 cs=0 l=1 rev1=1 crypto rx=0x7f92040098a0 tx=0x7f9204009bb0 comp rx=0 tx=0).ready entity=mon.0 client_cookie=846b7b1a471236e3 server_cookie=0 in_seq=0 out_seq=0
2024-03-17T23:45:05.409 INFO:teuthology.orchestra.run.smithi062.stdout:/usr/bin/ceph: stderr
2024-03-17T23:45:04.117+0000 7f9212a00700 1 -- 172.21.15.62:0/53821137 <== mon.0 v2:172.21.15.62:3300/0 1 ==== mon_map magic: 0 ==== 205+0+0 (secure 0 0 0) 0x7f9204004160 con 0x7f9214109e40
2024-03-17T23:45:05.410 INFO:teuthology.orchestra.run.smithi062.stdout:/usr/bin/ceph: stderr
2024-03-17T23:45:04.117+0000 7f9212a00700 1 -- 172.21.15.62:0/53821137 <== mon.0 v2:172.21.15.62:3300/0 2 ==== config(27 keys) ==== 1140+0+0 (secure 0 0 0) 0x7f9204004300 con 0x7f9214109e40
2024-03-17T23:45:05.410 INFO:teuthology.orchestra.run.smithi062.stdout:/usr/bin/ceph: stderr
2024-03-17T23:45:04.117+0000 7f9212a00700 1 -- 172.21.15.62:0/53821137 <== mon.0 v2:172.21.15.62:3300/0 3 ==== mon_map magic: 0 ==== 205+0+0 (secure 0 0 0) 0x7f9204011b20 con 0x7f9214109e40
2024-03-17T23:45:05.410 INFO:teuthology.orchestra.run.smithi062.stdout:/usr/bin/ceph: stderr
2024-03-17T23:45:04.117+0000 7f921ae00700 1 -- 172.21.15.62:0/53821137 >> [v2:172.21.15.62:3300/0,v1:172.21.15.62:6789/0] conn(0x7f9214109e40 msgr2=0x7f921410a260 secure :-1 s=STATE_CONNECTION_ESTABLISHED l=1).mark_down
2024-03-17T23:45:05.410 INFO:teuthology.orchestra.run.smithi062.stdout:/usr/bin/ceph: stderr
2024-03-17T23:45:04.117+0000 7f921ae00700 1 --2- 172.21.15.62:0/53821137 >> [v2:172.21.15.62:3300/0,v1:172.21.15.62:6789/0] conn(0x7f9214109e40 0x7f921410a260 secure :-1 s=READY pgs=53 cs=0 l=1 rev1=1 crypto rx=0x7f92040098a0 tx=0x7f9204009bb0 comp rx=0 tx=0).stop
2024-03-17T23:45:05.410 INFO:teuthology.orchestra.run.smithi062.stdout:/usr/bin/ceph: stderr
2024-03-17T23:45:04.118+0000 7f921ae00700 1 -- 172.21.15.62:0/53821137 shutdown_connections
2024-03-17T23:45:05.410 INFO:teuthology.orchestra.run.smithi062.stdout:/usr/bin/ceph: stderr
2024-03-17T23:45:04.118+0000 7f921ae00700 1 --2- 172.21.15.62:0/53821137 >> [v2:172.21.15.62:3300/0,v1:172.21.15.62:6789/0] conn(0x7f9214109e40 0x7f921410a260 unknown :-1 s=CLOSED pgs=53 cs=0 l=1 rev1=1 crypto rx=0 tx=0 comp rx=0 tx=0).stop
2024-03-17T23:45:05.410 INFO:teuthology.orchestra.run.smithi062.stdout:/usr/bin/ceph: stderr
