2024-03-17T23:46:55.163+0000 7f4441e00700 1 --2- >> [v2:172.21.15.38:3300/0,v1:172.21.15.38:6789/0] conn(0x7f4444107da0 0x7f444419be90 unknown :-1 s=HELLO_CONNECTING pgs=0 cs=0 l=1 rev1=1 crypto rx=0 tx=0 comp rx=0 tx=0).handle_hello peer v2:172.21.15.38:3300/0 says I am v2:172.21.15.38:39396/0 (socket says 172.21.15.38:39396)
2024-03-17T23:46:56.272 INFO:teuthology.orchestra.run.smithi038.stdout:/usr/bin/ceph: stderr
2024-03-17T23:46:55.163+0000 7f4441e00700 1 -- 172.21.15.38:0/3091636232 learned_addr learned my addr 172.21.15.38:0/3091636232 (peer_addr_for_me v2:172.21.15.38:0/0)
2024-03-17T23:46:56.272 INFO:teuthology.orchestra.run.smithi038.stdout:/usr/bin/ceph: stderr
2024-03-17T23:46:55.163+0000 7f4441e00700 1 -- 172.21.15.38:0/3091636232 --> [v2:172.21.15.38:3300/0,v1:172.21.15.38:6789/0] -- mon_subscribe({config=0+,monmap=0+}) -- 0x7f444419c3d0 con 0x7f4444107da0
2024-03-17T23:46:56.272 INFO:teuthology.orchestra.run.smithi038.stdout:/usr/bin/ceph: stderr
2024-03-17T23:46:55.164+0000 7f4441e00700 1 --2- 172.21.15.38:0/3091636232 >> [v2:172.21.15.38:3300/0,v1:172.21.15.38:6789/0] conn(0x7f4444107da0 0x7f444419be90 secure :-1 s=READY pgs=54 cs=0 l=1 rev1=1 crypto rx=0x7f44340117f0 tx=0x7f4434011cf0 comp rx=0 tx=0).ready entity=mon.0 client_cookie=0 server_cookie=0 in_seq=0 out_seq=0
2024-03-17T23:46:56.272 INFO:teuthology.orchestra.run.smithi038.stdout:/usr/bin/ceph: stderr
2024-03-17T23:46:55.164+0000 7f443aa00700 1 -- 172.21.15.38:0/3091636232 <== mon.0 v2:172.21.15.38:3300/0 1 ==== mon_map magic: 0 ==== 205+0+0 (secure 0 0 0) 0x7f44340038b0 con 0x7f4444107da0
2024-03-17T23:46:56.272 INFO:teuthology.orchestra.run.smithi038.stdout:/usr/bin/ceph: stderr
2024-03-17T23:46:55.164+0000 7f443aa00700 1 -- 172.21.15.38:0/3091636232 <== mon.0 v2:172.21.15.38:3300/0 2 ==== config(29 keys) ==== 1209+0+0 (secure 0 0 0) 0x7f4434024430 con 0x7f4444107da0
2024-03-17T23:46:56.272 INFO:teuthology.orchestra.run.smithi038.stdout:/usr/bin/ceph: stderr
2024-03-17T23:46:55.164+0000 7f443aa00700 1 -- 172.21.15.38:0/3091636232 <== mon.0 v2:172.21.15.38:3300/0 3 ==== mon_map magic: 0 ==== 205+0+0 (secure 0 0 0) 0x7f443401a5c0 con 0x7f4444107da0
2024-03-17T23:46:56.272 INFO:teuthology.orchestra.run.smithi038.stdout:/usr/bin/ceph: stderr
2024-03-17T23:46:55.164+0000 7f4449000700 1 -- 172.21.15.38:0/3091636232 --> [v2:172.21.15.38:3300/0,v1:172.21.15.38:6789/0] -- mon_subscribe({mgrmap=0+}) -- 0x7f444419c660 con 0x7f4444107da0
2024-03-17T23:46:56.272 INFO:teuthology.orchestra.run.smithi038.stdout:/usr/bin/ceph: stderr
2024-03-17T23:46:55.164+0000 7f4449000700 1 -- 172.21.15.38:0/3091636232 --> [v2:172.21.15.38:3300/0,v1:172.21.15.38:6789/0] -- mon_subscribe({osdmap=0}) -- 0x7f444419f350 con 0x7f4444107da0
2024-03-17T23:46:56.273 INFO:teuthology.orchestra.run.smithi038.stdout:/usr/bin/ceph: stderr
2024-03-17T23:46:55.166+0000 7f442fe00700 1 -- 172.21.15.38:0/3091636232 --> [v2:172.21.15.38:3300/0,v1:172.21.15.38:6789/0] -- mon_command({"prefix": "get_command_descriptions"} v 0) -- 0x7f444410c480 con 0x7f4444107da0
2024-03-17T23:46:56.273 INFO:teuthology.orchestra.run.smithi038.stdout:/usr/bin/ceph: stderr
2024-03-17T23:46:55.166+0000 7f443aa00700 1 -- 172.21.15.38:0/3091636232 <== mon.0 v2:172.21.15.38:3300/0 4 ==== mgrmap(e 8) ==== 46106+0+0 (secure 0 0 0) 0x7f4434024a90 con 0x7f4444107da0
2024-03-17T23:46:56.273 INFO:teuthology.orchestra.run.smithi038.stdout:/usr/bin/ceph: stderr
2024-03-17T23:46:55.167+0000 7f443aa00700 1 --2- 172.21.15.38:0/3091636232 >> [v2:172.21.15.38:6800/1434366512,v1:172.21.15.38:6801/1434366512] conn(0x7f4428038f20 0x7f442803b3e0 unknown :-1 s=NONE pgs=0 cs=0 l=1 rev1=0 crypto rx=0 tx=0 comp rx=0 tx=0).connect
2024-03-17T23:46:56.273 INFO:teuthology.orchestra.run.smithi038.stdout:/usr/bin/ceph: stderr
2024-03-17T23:46:55.167+0000 7f443aa00700 1 -- 172.21.15.38:0/3091636232 <== mon.0 v2:172.21.15.38:3300/0 5 ==== osd_map(2..2 src has 1..2) ==== 940+0+0 (secure 0 0 0) 0x7f443404d170 con 0x7f4444107da0
2024-03-17T23:46:56.273 INFO:teuthology.orchestra.run.smithi038.stdout:/usr/bin/ceph: stderr
2024-03-17T23:46:55.167+0000 7f4441400700 1 --2- 172.21.15.38:0/3091636232 >> [v2:172.21.15.38:6800/1434366512,v1:172.21.15.38:6801/1434366512] conn(0x7f4428038f20 0x7f442803b3e0 unknown :-1 s=BANNER_CONNECTING pgs=0 cs=0 l=1 rev1=0 crypto rx=0 tx=0 comp rx=0 tx=0)._handle_peer_banner_payload supported=3 required=0
2024-03-17T23:46:56.273 INFO:teuthology.orchestra.run.smithi038.stdout:/usr/bin/ceph: stderr
2024-03-17T23:46:55.168+0000 7f4441400700 1 --2- 172.21.15.38:0/3091636232 >> [v2:172.21.15.38:6800/1434366512,v1:172.21.15.38:6801/1434366512] conn(0x7f4428038f20 0x7f442803b3e0 secure :-1 s=READY pgs=15 cs=0 l=1 rev1=1 crypto rx=0x7f4430006fd0 tx=0x7f4430006e40 comp rx=0 tx=0).ready entity=mgr.14120 client_cookie=0 server_cookie=0 in_seq=0 out_seq=0
2024-03-17T23:46:56.273 INFO:teuthology.orchestra.run.smithi038.stdout:/usr/bin/ceph: stderr
2024-03-17T23:46:55.172+0000 7f443aa00700 1 -- 172.21.15.38:0/3091636232 <== mon.0 v2:172.21.15.38:3300/0 6 ==== mon_command_ack([{"prefix": "get_command_descriptions"}]=0 v0) ==== 72+0+186149 (secure 0 0 0) 0x7f443404ced0 con 0x7f4444107da0
2024-03-17T23:46:56.273 INFO:teuthology.orchestra.run.smithi038.stdout:/usr/bin/ceph: stderr
2024-03-17T23:46:55.406+0000 7f442fe00700 1 -- 172.21.15.38:0/3091636232 --> [v2:172.21.15.38:3300/0,v1:172.21.15.38:6789/0] -- mon_command([{prefix=config set, name=mgr/dashboard/ssl_server_port}] v 0) -- 0x7f4444062710 con 0x7f4444107da0
2024-03-17T23:46:56.273 INFO:teuthology.orchestra.run.smithi038.stdout:/usr/bin/ceph: stderr
2024-03-17T23:46:55.411+0000 7f443aa00700 1 -- 172.21.15.38:0/3091636232 <== mon.0 v2:172.21.15.38:3300/0 7 ==== mon_command_ack([{prefix=config set, name=mgr/dashboard/ssl_server_port}]=0 v8)=0 v8) ==== 130+0+0 (secure 0 0 0) 0x7f4434003b90 con 0x7f4444107da0
2024-03-17T23:46:56.273 INFO:teuthology.orchestra.run.smithi038.stdout:/usr/bin/ceph: stderr
2024-03-17T23:46:55.415+0000 7f442fe00700 1 -- 172.21.15.38:0/3091636232 >> [v2:172.21.15.38:6800/1434366512,v1:172.21.15.38:6801/1434366512] conn(0x7f4428038f20 msgr2=0x7f442803b3e0 secure :-1 s=STATE_CONNECTION_ESTABLISHED l=1).mark_down
2024-03-17T23:46:56.273 INFO:teuthology.orchestra.run.smithi038.stdout:/usr/bin/ceph: stderr
2024-03-17T23:46:55.415+0000 7f442fe00700 1 --2- 172.21.15.38:0/3091636232 >> [v2:172.21.15.38:6800/1434366512,v1:172.21.15.38:6801/1434366512] conn(0x7f4428038f20 0x7f442803b3e0 secure :-1 s=READY pgs=15 cs=0 l=1 rev1=1 crypto rx=0x7f4430006fd0 tx=0x7f4430006e40 comp rx=0 tx=0).stop
2024-03-17T23:46:56.273 INFO:teuthology.orchestra.run.smithi038.stdout:/usr/bin/ceph: stderr
2024-03-17T23:46:55.415+0000 7f442fe00700 1 -- 172.21.15.38:0/3091636232 >> [v2:172.21.15.38:3300/0,v1:172.21.15.38:6789/0] conn(0x7f4444107da0 msgr2=0x7f444419be90 secure :-1 s=STATE_CONNECTION_ESTABLISHED l=1).mark_down
2024-03-17T23:46:56.274 INFO:teuthology.orchestra.run.smithi038.stdout:/usr/bin/ceph: stderr
2024-03-17T23:46:55.415+0000 7f442fe00700 1 --2- 172.21.15.38:0/3091636232 >> [v2:172.21.15.38:3300/0,v1:172.21.15.38:6789/0] conn(0x7f4444107da0 0x7f444419be90 secure :-1 s=READY pgs=54 cs=0 l=1 rev1=1 crypto rx=0x7f44340117f0 tx=0x7f4434011cf0 comp rx=0 tx=0).stop
2024-03-17T23:46:56.274 INFO:teuthology.orchestra.run.smithi038.stdout:/usr/bin/ceph: stderr
2024-03-17T23:46:55.415+0000 7f442fe00700 1 -- 172.21.15.38:0/3091636232 shutdown_connections
2024-03-17T23:46:56.274 INFO:teuthology.orchestra.run.smithi038.stdout:/usr/bin/ceph: stderr
2024-03-17T23:46:55.415+0000 7f442fe00700 1 --2- 172.21.15.38:0/3091636232 >> [v2:172.21.15.38:6800/1434366512,v1:172.21.15.38:6801/1434366512] conn(0x7f4428038f20 0x7f442803b3e0 unknown :-1 s=CLOSED pgs=15 cs=0 l=1 rev1=1 crypto rx=0 tx=0 comp rx=0 tx=0).stop
2024-03-17T23:46:56.274 INFO:teuthology.orchestra.run.smithi038.stdout:/usr/bin/ceph: stderr
2024-03-17T23:46:55.415+0000 7f442fe00700 1 --2- 172.21.15.38:0/3091636232 >> [v2:172.21.15.38:3300/0,v1:172.21.15.38:6789/0] conn(0x7f4444107da0 0x7f444419be90 unknown :-1 s=CLOSED pgs=54 cs=0 l=1 rev1=1 crypto rx=0 tx=0 comp rx=0 tx=0).stop
2024-03-17T23:46:56.274 INFO:teuthology.orchestra.run.smithi038.stdout:/usr/bin/ceph: stderr
2024-03-17T23:46:55.415+0000 7f442fe00700 1 -- 172.21.15.38:0/3091636232 >> 172.21.15.38:0/3091636232 conn(0x7f44441033a0 msgr2=0x7f4444103fe0 unknown :-1 s=STATE_NONE l=0).mark_down
2024-03-17T23:46:56.274 INFO:teuthology.orchestra.run.smithi038.stdout:/usr/bin/ceph: stderr
2024-03-17T23:46:55.416+0000 7f442fe00700 1 -- 172.21.15.38:0/3091636232 shutdown_connections
2024-03-17T23:46:56.274 INFO:teuthology.orchestra.run.smithi038.stdout:/usr/bin/ceph: stderr
2024-03-17T23:46:55.416+0000 7f442fe00700 1 -- 172.21.15.38:0/3091636232 wait complete.
2024-03-17T23:46:56.274 INFO:teuthology.orchestra.run.smithi038.stdout:Enabling the dashboard module...
2024-03-17T23:46:58.219 INFO:journalctl@ceph.mon.a.smithi038.stdout:Mar 17 23:46:57 smithi038 ceph-mon[31428]: pgmap v5: 0 pgs: ; 0 B data, 0 B used, 0 B / 0 B avail
2024-03-17T23:46:58.219 INFO:journalctl@ceph.mon.a.smithi038.stdout:Mar 17 23:46:57 smithi038 ceph-mon[31428]: from='mgr.14120 172.21.15.38:0/1234811959' entity='mgr.x'
2024-03-17T23:46:58.219 INFO:journalctl@ceph.mon.a.smithi038.stdout:Mar 17 23:46:57 smithi038 ceph-mon[31428]: from='client.? 172.21.15.38:0/2263386293' entity='client.admin' cmd=[{"prefix": "mgr module enable", "module": "dashboard"}]: dispatch
2024-03-17T23:46:58.219 INFO:journalctl@ceph.mgr.x.smithi038.stdout:Mar 17 23:46:58 smithi038 ceph-52587958-e4b8-11ee-95c9-87774f69a715-mgr-x[31655]: ignoring --setuser ceph since I am not root
2024-03-17T23:46:58.219 INFO:journalctl@ceph.mgr.x.smithi038.stdout:Mar 17 23:46:58 smithi038 ceph-52587958-e4b8-11ee-95c9-87774f69a715-mgr-x[31655]: ignoring --setgroup ceph since I am not root
2024-03-17T23:46:58.863 INFO:teuthology.orchestra.run.smithi038.stdout:/usr/bin/ceph: stderr
2024-03-17T23:46:57.080+0000 7f60f0e00700 1 Processor -- start
2024-03-17T23:46:58.869 INFO:teuthology.orchestra.run.smithi038.stdout:/usr/bin/ceph: stderr
2024-03-17T23:46:57.080+0000 7f60f0e00700 1 -- start start
2024-03-17T23:46:58.869 INFO:teuthology.orchestra.run.smithi038.stdout:/usr/bin/ceph: stderr
2024-03-17T23:46:57.080+0000 7f60f0e00700 1 --2- >> [v2:172.21.15.38:3300/0,v1:172.21.15.38:6789/0] conn(0x7f60ec107e10 0x7f60ec108230 unknown :-1 s=NONE pgs=0 cs=0 l=0 rev1=0 crypto rx=0 tx=0 comp rx=0 tx=0).connect
2024-03-17T23:46:58.870 INFO:teuthology.orchestra.run.smithi038.stdout:/usr/bin/ceph: stderr
2024-03-17T23:46:57.080+0000 7f60f0e00700 1 -- --> [v2:172.21.15.38:3300/0,v1:172.21.15.38:6789/0] -- mon_getmap magic: 0 -- 0x7f60ec108770 con 0x7f60ec107e10
2024-03-17T23:46:58.870 INFO:teuthology.orchestra.run.smithi038.stdout:/usr/bin/ceph: stderr
2024-03-17T23:46:57.081+0000 7f60e9e00700 1 --2- >> [v2:172.21.15.38:3300/0,v1:172.21.15.38:6789/0] conn(0x7f60ec107e10 0x7f60ec108230 unknown :-1 s=BANNER_CONNECTING pgs=0 cs=0 l=0 rev1=0 crypto rx=0 tx=0 comp rx=0 tx=0)._handle_peer_banner_payload supported=3 required=0
2024-03-17T23:46:58.870 INFO:teuthology.orchestra.run.smithi038.stdout:/usr/bin/ceph: stderr
2024-03-17T23:46:57.081+0000 7f60e9e00700 1 --2- >> [v2:172.21.15.38:3300/0,v1:172.21.15.38:6789/0] conn(0x7f60ec107e10 0x7f60ec108230 unknown :-1 s=HELLO_CONNECTING pgs=0 cs=0 l=0 rev1=1 crypto rx=0 tx=0 comp rx=0 tx=0).handle_hello peer v2:172.21.15.38:3300/0 says I am v2:172.21.15.38:39406/0 (socket says 172.21.15.38:39406)
2024-03-17T23:46:58.870 INFO:teuthology.orchestra.run.smithi038.stdout:/usr/bin/ceph: stderr
2024-03-17T23:46:57.081+0000 7f60e9e00700 1 -- 172.21.15.38:0/2102452792 learned_addr learned my addr 172.21.15.38:0/2102452792 (peer_addr_for_me v2:172.21.15.38:0/0)
2024-03-17T23:46:58.870 INFO:teuthology.orchestra.run.smithi038.stdout:/usr/bin/ceph: stderr
2024-03-17T23:46:57.081+0000 7f60e9e00700 1 -- 172.21.15.38:0/2102452792 --> [v2:172.21.15.38:3300/0,v1:172.21.15.38:6789/0] -- mon_subscribe({config=0+,monmap=0+}) -- 0x7f60ec1088f0 con 0x7f60ec107e10
2024-03-17T23:46:58.870 INFO:teuthology.orchestra.run.smithi038.stdout:/usr/bin/ceph: stderr
2024-03-17T23:46:57.082+0000 7f60e9e00700 1 --2- 172.21.15.38:0/2102452792 >> [v2:172.21.15.38:3300/0,v1:172.21.15.38:6789/0] conn(0x7f60ec107e10 0x7f60ec108230 secure :-1 s=READY pgs=55 cs=0 l=1 rev1=1 crypto rx=0x7f60dc0098a0 tx=0x7f60dc009bb0 comp rx=0 tx=0).ready entity=mon.0 client_cookie=75c657c40a406bb5 server_cookie=0 in_seq=0 out_seq=0
2024-03-17T23:46:58.870 INFO:teuthology.orchestra.run.smithi038.stdout:/usr/bin/ceph: stderr
2024-03-17T23:46:57.082+0000 7f60e8a00700 1 -- 172.21.15.38:0/2102452792 <== mon.0 v2:172.21.15.38:3300/0 1 ==== mon_map magic: 0 ==== 205+0+0 (secure 0 0 0) 0x7f60dc004160 con 0x7f60ec107e10
2024-03-17T23:46:58.870 INFO:teuthology.orchestra.run.smithi038.stdout:/usr/bin/ceph: stderr
2024-03-17T23:46:57.082+0000 7f60e8a00700 1 -- 172.21.15.38:0/2102452792 <== mon.0 v2:172.21.15.38:3300/0 2 ==== config(29 keys) ==== 1209+0+0 (secure 0 0 0) 0x7f60dc004300 con 0x7f60ec107e10
2024-03-17T23:46:58.870 INFO:teuthology.orchestra.run.smithi038.stdout:/usr/bin/ceph: stderr
2024-03-17T23:46:57.082+0000 7f60e8a00700 1 -- 172.21.15.38:0/2102452792 <== mon.0 v2:172.21.15.38:3300/0 3 ==== mon_map magic: 0 ==== 205+0+0 (secure 0 0 0) 0x7f60dc011c70 con 0x7f60ec107e10
2024-03-17T23:46:58.871 INFO:teuthology.orchestra.run.smithi038.stdout:/usr/bin/ceph: stderr
2024-03-17T23:46:57.082+0000 7f60f0e00700 1 -- 172.21.15.38:0/2102452792 >> [v2:172.21.15.38:3300/0,v1:172.21.15.38:6789/0] conn(0x7f60ec107e10 msgr2=0x7f60ec108230 secure :-1 s=STATE_CONNECTION_ESTABLISHED l=1).mark_down
2024-03-17T23:46:58.871 INFO:teuthology.orchestra.run.smithi038.stdout:/usr/bin/ceph: stderr
2024-03-17T23:46:57.082+0000 7f60f0e00700 1 --2- 172.21.15.38:0/2102452792 >> [v2:172.21.15.38:3300/0,v1:172.21.15.38:6789/0] conn(0x7f60ec107e10 0x7f60ec108230 secure :-1 s=READY pgs=55 cs=0 l=1 rev1=1 crypto rx=0x7f60dc0098a0 tx=0x7f60dc009bb0 comp rx=0 tx=0).stop
2024-03-17T23:46:58.871 INFO:teuthology.orchestra.run.smithi038.stdout:/usr/bin/ceph: stderr
2024-03-17T23:46:57.083+0000 7f60f0e00700 1 -- 172.21.15.38:0/2102452792 shutdown_connections
2024-03-17T23:46:58.871 INFO:teuthology.orchestra.run.smithi038.stdout:/usr/bin/ceph: stderr
2024-03-17T23:46:57.083+0000 7f60f0e00700 1 --2- 172.21.15.38:0/2102452792 >> [v2:172.21.15.38:3300/0,v1:172.21.15.38:6789/0] conn(0x7f60ec107e10 0x7f60ec108230 unknown :-1 s=CLOSED pgs=55 cs=0 l=1 rev1=1 crypto rx=0 tx=0 comp rx=0 tx=0).stop
2024-03-17T23:46:58.871 INFO:teuthology.orchestra.run.smithi038.stdout:/usr/bin/ceph: stderr
2024-03-17T23:46:57.083+0000 7f60f0e00700 1 -- 172.21.15.38:0/2102452792 >> 172.21.15.38:0/2102452792 conn(0x7f60ec103490 msgr2=0x7f60ec1058b0 unknown :-1 s=STATE_NONE l=0).mark_down
2024-03-17T23:46:58.871 INFO:teuthology.orchestra.run.smithi038.stdout:/usr/bin/ceph: stderr
2024-03-17T23:46:57.083+0000 7f60f0e00700 1 -- 172.21.15.38:0/2102452792 shutdown_connections
2024-03-17T23:46:58.872 INFO:teuthology.orchestra.run.smithi038.stdout:/usr/bin/ceph: stderr
2024-03-17T23:46:57.083+0000 7f60f0e00700 1 -- 172.21.15.38:0/2102452792 wait complete.
2024-03-17T23:46:58.872 INFO:teuthology.orchestra.run.smithi038.stdout:/usr/bin/ceph: stderr
2024-03-17T23:46:57.084+0000 7f60f0e00700 1 Processor -- start
2024-03-17T23:46:58.872 INFO:teuthology.orchestra.run.smithi038.stdout:/usr/bin/ceph: stderr
2024-03-17T23:46:57.084+0000 7f60f0e00700 1 -- start start
2024-03-17T23:46:58.872 INFO:teuthology.orchestra.run.smithi038.stdout:/usr/bin/ceph: stderr
2024-03-17T23:46:57.084+0000 7f60f0e00700 1 --2- >> [v2:172.21.15.38:3300/0,v1:172.21.15.38:6789/0] conn(0x7f60ec107e10 0x7f60ec19e040 unknown :-1 s=NONE pgs=0 cs=0 l=1 rev1=0 crypto rx=0 tx=0 comp rx=0 tx=0).connect
2024-03-17T23:46:58.872 INFO:teuthology.orchestra.run.smithi038.stdout:/usr/bin/ceph: stderr
2024-03-17T23:46:57.084+0000 7f60f0e00700 1 -- --> [v2:172.21.15.38:3300/0,v1:172.21.15.38:6789/0] -- mon_getmap magic: 0 -- 0x7f60ec10c280 con 0x7f60ec107e10
2024-03-17T23:46:58.872 INFO:teuthology.orchestra.run.smithi038.stdout:/usr/bin/ceph: stderr
2024-03-17T23:46:57.085+0000 7f60e9e00700 1 --2- >> [v2:172.21.15.38:3300/0,v1:172.21.15.38:6789/0] conn(0x7f60ec107e10 0x7f60ec19e040 unknown :-1 s=BANNER_CONNECTING pgs=0 cs=0 l=1 rev1=0 crypto rx=0 tx=0 comp rx=0 tx=0)._handle_peer_banner_payload supported=3 required=0
2024-03-17T23:46:58.872 INFO:teuthology.orchestra.run.smithi038.stdout:/usr/bin/ceph: stderr
2024-03-17T23:46:57.085+0000 7f60e9e00700 1 --2- >> [v2:172.21.15.38:3300/0,v1:172.21.15.38:6789/0] conn(0x7f60ec107e10 0x7f60ec19e040 unknown :-1 s=HELLO_CONNECTING pgs=0 cs=0 l=1 rev1=1 crypto rx=0 tx=0 comp rx=0 tx=0).handle_hello peer v2:172.21.15.38:3300/0 says I am v2:172.21.15.38:39410/0 (socket says 172.21.15.38:39410)
2024-03-17T23:46:58.872 INFO:teuthology.orchestra.run.smithi038.stdout:/usr/bin/ceph: stderr
2024-03-17T23:46:57.085+0000 7f60e9e00700 1 -- 172.21.15.38:0/2263386293 learned_addr learned my addr 172.21.15.38:0/2263386293 (peer_addr_for_me v2:172.21.15.38:0/0)
2024-03-17T23:46:58.872 INFO:teuthology.orchestra.run.smithi038.stdout:/usr/bin/ceph: stderr
2024-03-17T23:46:57.085+0000 7f60e9e00700 1 -- 172.21.15.38:0/2263386293 --> [v2:172.21.15.38:3300/0,v1:172.21.15.38:6789/0] -- mon_subscribe({config=0+,monmap=0+}) -- 0x7f60ec19e580 con 0x7f60ec107e10
2024-03-17T23:46:58.872 INFO:teuthology.orchestra.run.smithi038.stdout:/usr/bin/ceph: stderr
2024-03-17T23:46:57.085+0000 7f60e9e00700 1 --2- 172.21.15.38:0/2263386293 >> [v2:172.21.15.38:3300/0,v1:172.21.15.38:6789/0] conn(0x7f60ec107e10 0x7f60ec19e040 secure :-1 s=READY pgs=56 cs=0 l=1 rev1=1 crypto rx=0x7f60dc0046e0 tx=0x7f60dc011700 comp rx=0 tx=0).ready entity=mon.0 client_cookie=0 server_cookie=0 in_seq=0 out_seq=0
2024-03-17T23:46:58.872 INFO:teuthology.orchestra.run.smithi038.stdout:/usr/bin/ceph: stderr
2024-03-17T23:46:57.085+0000 7f60e2a00700 1 -- 172.21.15.38:0/2263386293 <== mon.0 v2:172.21.15.38:3300/0 1 ==== mon_map magic: 0 ==== 205+0+0 (secure 0 0 0) 0x7f60dc0036a0 con 0x7f60ec107e10
2024-03-17T23:46:58.872 INFO:teuthology.orchestra.run.smithi038.stdout:/usr/bin/ceph: stderr
2024-03-17T23:46:57.085+0000 7f60e2a00700 1 -- 172.21.15.38:0/2263386293 <== mon.0 v2:172.21.15.38:3300/0 2 ==== config(29 keys) ==== 1209+0+0 (secure 0 0 0) 0x7f60dc003d60 con 0x7f60ec107e10
2024-03-17T23:46:58.872 INFO:teuthology.orchestra.run.smithi038.stdout:/usr/bin/ceph: stderr
2024-03-17T23:46:57.085+0000 7f60f0e00700 1 -- 172.21.15.38:0/2263386293 --> [v2:172.21.15.38:3300/0,v1:172.21.15.38:6789/0] -- mon_subscribe({mgrmap=0+}) -- 0x7f60ec19e810 con 0x7f60ec107e10
2024-03-17T23:46:58.873 INFO:teuthology.orchestra.run.smithi038.stdout:/usr/bin/ceph: stderr
2024-03-17T23:46:57.086+0000 7f60e2a00700 1 -- 172.21.15.38:0/2263386293 <== mon.0 v2:172.21.15.38:3300/0 3 ==== mon_map magic: 0 ==== 205+0+0 (secure 0 0 0) 0x7f60dc0193c0 con 0x7f60ec107e10
2024-03-17T23:46:58.873 INFO:teuthology.orchestra.run.smithi038.stdout:/usr/bin/ceph: stderr
2024-03-17T23:46:57.086+0000 7f60f0e00700 1 -- 172.21.15.38:0/2263386293 --> [v2:172.21.15.38:3300/0,v1:172.21.15.38:6789/0] -- mon_subscribe({osdmap=0}) -- 0x7f60ec1a1500 con 0x7f60ec107e10
2024-03-17T23:46:58.873 INFO:teuthology.orchestra.run.smithi038.stdout:/usr/bin/ceph: stderr
2024-03-17T23:46:57.087+0000 7f60e2a00700 1 -- 172.21.15.38:0/2263386293 <== mon.0 v2:172.21.15.38:3300/0 4 ==== mgrmap(e 8) ==== 46106+0+0 (secure 0 0 0) 0x7f60dc01a430 con 0x7f60ec107e10
2024-03-17T23:46:58.873 INFO:teuthology.orchestra.run.smithi038.stdout:/usr/bin/ceph: stderr
2024-03-17T23:46:57.087+0000 7f60f0e00700 1 -- 172.21.15.38:0/2263386293 --> [v2:172.21.15.38:3300/0,v1:172.21.15.38:6789/0] -- mon_command({"prefix": "get_command_descriptions"} v 0) -- 0x7f60ec10c400 con 0x7f60ec107e10
2024-03-17T23:46:58.873 INFO:teuthology.orchestra.run.smithi038.stdout:/usr/bin/ceph: stderr
2024-03-17T23:46:57.087+0000 7f60e2a00700 1 --2- 172.21.15.38:0/2263386293 >> [v2:172.21.15.38:6800/1434366512,v1:172.21.15.38:6801/1434366512] conn(0x7f60d0038f70 0x7f60d003b430 unknown :-1 s=NONE pgs=0 cs=0 l=1 rev1=0 crypto rx=0 tx=0 comp rx=0 tx=0).connect
2024-03-17T23:46:58.873 INFO:teuthology.orchestra.run.smithi038.stdout:/usr/bin/ceph: stderr
2024-03-17T23:46:57.087+0000 7f60e2a00700 1 -- 172.21.15.38:0/2263386293 <== mon.0 v2:172.21.15.38:3300/0 5 ==== osd_map(2..2 src has 1..2) ==== 940+0+0 (secure 0 0 0) 0x7f60dc04cee0 con 0x7f60ec107e10
2024-03-17T23:46:58.873 INFO:teuthology.orchestra.run.smithi038.stdout:/usr/bin/ceph: stderr
2024-03-17T23:46:57.088+0000 7f60e9400700 1 --2- 172.21.15.38:0/2263386293 >> [v2:172.21.15.38:6800/1434366512,v1:172.21.15.38:6801/1434366512] conn(0x7f60d0038f70 0x7f60d003b430 unknown :-1 s=BANNER_CONNECTING pgs=0 cs=0 l=1 rev1=0 crypto rx=0 tx=0 comp rx=0 tx=0)._handle_peer_banner_payload supported=3 required=0
2024-03-17T23:46:58.873 INFO:teuthology.orchestra.run.smithi038.stdout:/usr/bin/ceph: stderr
2024-03-17T23:46:57.088+0000 7f60e9400700 1 --2- 172.21.15.38:0/2263386293 >> [v2:172.21.15.38:6800/1434366512,v1:172.21.15.38:6801/1434366512] conn(0x7f60d0038f70 0x7f60d003b430 secure :-1 s=READY pgs=16 cs=0 l=1 rev1=1 crypto rx=0x7f60d8006fd0 tx=0x7f60d8006e40 comp rx=0 tx=0).ready entity=mgr.14120 client_cookie=0 server_cookie=0 in_seq=0 out_seq=0
2024-03-17T23:46:58.873 INFO:teuthology.orchestra.run.smithi038.stdout:/usr/bin/ceph: stderr
2024-03-17T23:46:57.093+0000 7f60e2a00700 1 -- 172.21.15.38:0/2263386293 <== mon.0 v2:172.21.15.38:3300/0 6 ==== mon_command_ack([{"prefix": "get_command_descriptions"}]=0 v0) ==== 72+0+186149 (secure 0 0 0) 0x7f60dc04c830 con 0x7f60ec107e10
2024-03-17T23:46:58.873 INFO:teuthology.orchestra.run.smithi038.stdout:/usr/bin/ceph: stderr
2024-03-17T23:46:57.380+0000 7f60f0e00700 1 -- 172.21.15.38:0/2263386293 --> [v2:172.21.15.38:3300/0,v1:172.21.15.38:6789/0] -- mon_command({"prefix": "mgr module enable", "module": "dashboard"} v 0) -- 0x7f60ec1a16d0 con 0x7f60ec107e10
2024-03-17T23:46:58.873 INFO:teuthology.orchestra.run.smithi038.stdout:/usr/bin/ceph: stderr
2024-03-17T23:46:57.941+0000 7f60e2a00700 1 -- 172.21.15.38:0/2263386293 <== mon.0 v2:172.21.15.38:3300/0 7 ==== mon_command_ack([{"prefix": "mgr module enable", "module": "dashboard"}]=0 v9) ==== 88+0+0 (secure 0 0 0) 0x7f60dc003840 con 0x7f60ec107e10
2024-03-17T23:46:58.873 INFO:teuthology.orchestra.run.smithi038.stdout:/usr/bin/ceph: stderr
2024-03-17T23:46:57.947+0000 7f60f0e00700 1 -- 172.21.15.38:0/2263386293 >> [v2:172.21.15.38:6800/1434366512,v1:172.21.15.38:6801/1434366512] conn(0x7f60d0038f70 msgr2=0x7f60d003b430 secure :-1 s=STATE_CONNECTION_ESTABLISHED l=1).mark_down
2024-03-17T23:46:58.873 INFO:teuthology.orchestra.run.smithi038.stdout:/usr/bin/ceph: stderr
2024-03-17T23:46:57.947+0000 7f60f0e00700 1 --2- 172.21.15.38:0/2263386293 >> [v2:172.21.15.38:6800/1434366512,v1:172.21.15.38:6801/1434366512] conn(0x7f60d0038f70 0x7f60d003b430 secure :-1 s=READY pgs=16 cs=0 l=1 rev1=1 crypto rx=0x7f60d8006fd0 tx=0x7f60d8006e40 comp rx=0 tx=0).stop
2024-03-17T23:46:58.873 INFO:teuthology.orchestra.run.smithi038.stdout:/usr/bin/ceph: stderr
2024-03-17T23:46:57.947+0000 7f60f0e00700 1 -- 172.21.15.38:0/2263386293 >> [v2:172.21.15.38:3300/0,v1:172.21.15.38:6789/0] conn(0x7f60ec107e10 msgr2=0x7f60ec19e040 secure :-1 s=STATE_CONNECTION_ESTABLISHED l=1).mark_down
2024-03-17T23:46:58.874 INFO:teuthology.orchestra.run.smithi038.stdout:/usr/bin/ceph: stderr
2024-03-17T23:46:57.947+0000 7f60f0e00700 1 --2- 172.21.15.38:0/2263386293 >> [v2:172.21.15.38:3300/0,v1:172.21.15.38:6789/0] conn(0x7f60ec107e10 0x7f60ec19e040 secure :-1 s=READY pgs=56 cs=0 l=1 rev1=1 crypto rx=0x7f60dc0046e0 tx=0x7f60dc011700 comp rx=0 tx=0).stop
2024-03-17T23:46:58.874 INFO:teuthology.orchestra.run.smithi038.stdout:/usr/bin/ceph: stderr
2024-03-17T23:46:57.948+0000 7f60f0e00700 1 -- 172.21.15.38:0/2263386293 shutdown_connections
2024-03-17T23:46:58.874 INFO:teuthology.orchestra.run.smithi038.stdout:/usr/bin/ceph: stderr
2024-03-17T23:46:57.948+0000 7f60f0e00700 1 --2- 172.21.15.38:0/2263386293 >> [v2:172.21.15.38:6800/1434366512,v1:172.21.15.38:6801/1434366512] conn(0x7f60d0038f70 0x7f60d003b430 unknown :-1 s=CLOSED pgs=16 cs=0 l=1 rev1=1 crypto rx=0 tx=0 comp rx=0 tx=0).stop
2024-03-17T23:46:58.874 INFO:teuthology.orchestra.run.smithi038.stdout:/usr/bin/ceph: stderr
2024-03-17T23:46:57.948+0000 7f60f0e00700 1 --2- 172.21.15.38:0/2263386293 >> [v2:172.21.15.38:3300/0,v1:172.21.15.38:6789/0] conn(0x7f60ec107e10 0x7f60ec19e040 unknown :-1 s=CLOSED pgs=56 cs=0 l=1 rev1=1 crypto rx=0 tx=0 comp rx=0 tx=0).stop
2024-03-17T23:46:58.874 INFO:teuthology.orchestra.run.smithi038.stdout:/usr/bin/ceph: stderr
2024-03-17T23:46:57.948+0000 7f60f0e00700 1 -- 172.21.15.38:0/2263386293 >> 172.21.15.38:0/2263386293 conn(0x7f60ec103490 msgr2=0x7f60ec103f70 unknown :-1 s=STATE_NONE l=0).mark_down
2024-03-17T23:46:58.874 INFO:teuthology.orchestra.run.smithi038.stdout:/usr/bin/ceph: stderr
2024-03-17T23:46:57.948+0000 7f60f0e00700 1 -- 172.21.15.38:0/2263386293 shutdown_connections
2024-03-17T23:46:58.874 INFO:teuthology.orchestra.run.smithi038.stdout:/usr/bin/ceph: stderr
2024-03-17T23:46:57.948+0000 7f60f0e00700 1 -- 172.21.15.38:0/2263386293 wait complete.
2024-03-17T23:46:59.146 INFO:journalctl@ceph.mon.a.smithi038.stdout:Mar 17 23:46:58 smithi038 ceph-mon[31428]: from='client.? 172.21.15.38:0/2263386293' entity='client.admin' cmd='[{"prefix": "mgr module enable", "module": "dashboard"}]': finished
2024-03-17T23:46:59.146 INFO:journalctl@ceph.mon.a.smithi038.stdout:Mar 17 23:46:58 smithi038 ceph-mon[31428]: mgrmap e9: x(active, since 25s)
2024-03-17T23:46:59.146 INFO:journalctl@ceph.mgr.x.smithi038.stdout:Mar 17 23:46:58 smithi038 ceph-52587958-e4b8-11ee-95c9-87774f69a715-mgr-x[31655]:
2024-03-17T23:46:58.814+0000 7f82f0423200 -1 mgr[py] Module osd_perf_query has missing NOTIFY_TYPES member
2024-03-17T23:46:59.146 INFO:journalctl@ceph.mgr.x.smithi038.stdout:Mar 17 23:46:58 smithi038 ceph-52587958-e4b8-11ee-95c9-87774f69a715-mgr-x[31655]:
2024-03-17T23:46:58.953+0000 7f82f0423200 -1 mgr[py] Module snap_schedule has missing NOTIFY_TYPES member
2024-03-17T23:47:00.156 INFO:journalctl@ceph.mon.a.smithi038.stdout:Mar 17 23:47:00 smithi038 ceph-mon[31428]: from='client.? 172.21.15.38:0/408497312' entity='client.admin' cmd=[{"prefix": "mgr stat"}]: dispatch
2024-03-17T23:47:00.157 INFO:journalctl@ceph.mgr.x.smithi038.stdout:Mar 17 23:46:59 smithi038 ceph-52587958-e4b8-11ee-95c9-87774f69a715-mgr-x[31655]:
2024-03-17T23:46:59.837+0000 7f82f0423200 -1 mgr[py] Module zabbix has missing NOTIFY_TYPES member
2024-03-17T23:47:00.157 INFO:journalctl@ceph.mgr.x.smithi038.stdout:Mar 17 23:46:59 smithi038 ceph-52587958-e4b8-11ee-95c9-87774f69a715-mgr-x[31655]:
2024-03-17T23:46:59.968+0000 7f82f0423200 -1 mgr[py] Module balancer has missing NOTIFY_TYPES member
2024-03-17T23:47:00.157 INFO:journalctl@ceph.mgr.x.smithi038.stdout:Mar 17 23:47:00 smithi038 ceph-52587958-e4b8-11ee-95c9-87774f69a715-mgr-x[31655]:
2024-03-17T23:47:00.155+0000 7f82f0423200 -1 mgr[py] Module influx has missing NOTIFY_TYPES member
2024-03-17T23:47:00.469 INFO:journalctl@ceph.mgr.x.smithi038.stdout:Mar 17 23:47:00 smithi038 ceph-52587958-e4b8-11ee-95c9-87774f69a715-mgr-x[31655]:
2024-03-17T23:47:00.287+0000 7f82f0423200 -1 mgr[py] Module alerts has missing NOTIFY_TYPES member
2024-03-17T23:47:00.469 INFO:journalctl@ceph.mgr.x.smithi038.stdout:Mar 17 23:47:00 smithi038 ceph-52587958-e4b8-11ee-95c9-87774f69a715-mgr-x[31655]:
2024-03-17T23:47:00.402+0000 7f82f0423200 -1 mgr[py] Module iostat has missing NOTIFY_TYPES member
2024-03-17T23:47:00.625 INFO:teuthology.orchestra.run.smithi038.stdout:/usr/bin/ceph: stdout {
2024-03-17T23:47:00.625 INFO:teuthology.orchestra.run.smithi038.stdout:/usr/bin/ceph: stdout "epoch": 9,
2024-03-17T23:47:00.625 INFO:teuthology.orchestra.run.smithi038.stdout:/usr/bin/ceph: stdout "available": true,
2024-03-17T23:47:00.625 INFO:teuthology.orchestra.run.smithi038.stdout:/usr/bin/ceph: stdout "active_name": "x",
2024-03-17T23:47:00.626 INFO:teuthology.orchestra.run.smithi038.stdout:/usr/bin/ceph: stdout "num_standby": 0
2024-03-17T23:47:00.626 INFO:teuthology.orchestra.run.smithi038.stdout:/usr/bin/ceph: stdout }
2024-03-17T23:47:00.626 INFO:teuthology.orchestra.run.smithi038.stdout:/usr/bin/ceph: stderr
2024-03-17T23:46:59.601+0000 7fa735a00700 1 Processor -- start
2024-03-17T23:47:00.626 INFO:teuthology.orchestra.run.smithi038.stdout:/usr/bin/ceph: stderr
2024-03-17T23:46:59.602+0000 7fa735a00700 1 -- start start
2024-03-17T23:47:00.626 INFO:teuthology.orchestra.run.smithi038.stdout:/usr/bin/ceph: stderr
2024-03-17T23:46:59.602+0000 7fa735a00700 1 --2- >> [v2:172.21.15.38:3300/0,v1:172.21.15.38:6789/0] conn(0x7fa73007dd90 0x7fa73007c300 unknown :-1 s=NONE pgs=0 cs=0 l=0 rev1=0 crypto rx=0 tx=0 comp rx=0 tx=0).connect
2024-03-17T23:47:00.626 INFO:teuthology.orchestra.run.smithi038.stdout:/usr/bin/ceph: stderr
2024-03-17T23:46:59.602+0000 7fa735a00700 1 -- --> [v2:172.21.15.38:3300/0,v1:172.21.15.38:6789/0] -- mon_getmap magic: 0 -- 0x7fa73007c840 con 0x7fa73007dd90
2024-03-17T23:47:00.626 INFO:teuthology.orchestra.run.smithi038.stdout:/usr/bin/ceph: stderr
2024-03-17T23:46:59.602+0000 7fa72fe00700 1 --2- >> [v2:172.21.15.38:3300/0,v1:172.21.15.38:6789/0] conn(0x7fa73007dd90 0x7fa73007c300 unknown :-1 s=BANNER_CONNECTING pgs=0 cs=0 l=0 rev1=0 crypto rx=0 tx=0 comp rx=0 tx=0)._handle_peer_banner_payload supported=3 required=0
2024-03-17T23:47:00.626 INFO:teuthology.orchestra.run.smithi038.stdout:/usr/bin/ceph: stderr
2024-03-17T23:46:59.602+0000 7fa72fe00700 1 --2- >> [v2:172.21.15.38:3300/0,v1:172.21.15.38:6789/0] conn(0x7fa73007dd90 0x7fa73007c300 unknown :-1 s=HELLO_CONNECTING pgs=0 cs=0 l=0 rev1=1 crypto rx=0 tx=0 comp rx=0 tx=0).handle_hello peer v2:172.21.15.38:3300/0 says I am v2:172.21.15.38:38512/0 (socket says 172.21.15.38:38512)
2024-03-17T23:47:00.626 INFO:teuthology.orchestra.run.smithi038.stdout:/usr/bin/ceph: stderr
2024-03-17T23:46:59.603+0000 7fa72fe00700 1 -- 172.21.15.38:0/2783358785 learned_addr learned my addr 172.21.15.38:0/2783358785 (peer_addr_for_me v2:172.21.15.38:0/0)
2024-03-17T23:47:00.626 INFO:teuthology.orchestra.run.smithi038.stdout:/usr/bin/ceph: stderr
2024-03-17T23:46:59.603+0000 7fa72fe00700 1 -- 172.21.15.38:0/2783358785 --> [v2:172.21.15.38:3300/0,v1:172.21.15.38:6789/0] -- mon_subscribe({config=0+,monmap=0+}) -- 0x7fa73007c9c0 con 0x7fa73007dd90
2024-03-17T23:47:00.626 INFO:teuthology.orchestra.run.smithi038.stdout:/usr/bin/ceph: stderr
2024-03-17T23:46:59.603+0000 7fa72fe00700 1 --2- 172.21.15.38:0/2783358785 >> [v2:172.21.15.38:3300/0,v1:172.21.15.38:6789/0] conn(0x7fa73007dd90 0x7fa73007c300 secure :-1 s=READY pgs=59 cs=0 l=1 rev1=1 crypto rx=0x7fa7200098a0 tx=0x7fa720009bb0 comp rx=0 tx=0).ready entity=mon.0 client_cookie=677340bde17361b server_cookie=0 in_seq=0 out_seq=0
2024-03-17T23:47:00.626 INFO:teuthology.orchestra.run.smithi038.stdout:/usr/bin/ceph: stderr
2024-03-17T23:46:59.603+0000 7fa72ea00700 1 -- 172.21.15.38:0/2783358785 <== mon.0 v2:172.21.15.38:3300/0 1 ==== mon_map magic: 0 ==== 205+0+0 (secure 0 0 0) 0x7fa720004160 con 0x7fa73007dd90
2024-03-17T23:47:00.626 INFO:teuthology.orchestra.run.smithi038.stdout:/usr/bin/ceph: stderr
2024-03-17T23:46:59.604+0000 7fa72ea00700 1 -- 172.21.15.38:0/2783358785 <== mon.0 v2:172.21.15.38:3300/0 2 ==== config(29 keys) ==== 1209+0+0 (secure 0 0 0) 0x7fa720004300 con 0x7fa73007dd90
2024-03-17T23:47:00.627 INFO:teuthology.orchestra.run.smithi038.stdout:/usr/bin/ceph: stderr
2024-03-17T23:46:59.604+0000 7fa72ea00700 1 -- 172.21.15.38:0/2783358785 <== mon.0 v2:172.21.15.38:3300/0 3 ==== mon_map magic: 0 ==== 205+0+0 (secure 0 0 0) 0x7fa720011c70 con 0x7fa73007dd90
2024-03-17T23:47:00.627 INFO:teuthology.orchestra.run.smithi038.stdout:/usr/bin/ceph: stderr
2024-03-17T23:46:59.604+0000 7fa735a00700 1 -- 172.21.15.38:0/2783358785 >> [v2:172.21.15.38:3300/0,v1:172.21.15.38:6789/0] conn(0x7fa73007dd90 msgr2=0x7fa73007c300 secure :-1 s=STATE_CONNECTION_ESTABLISHED l=1).mark_down
2024-03-17T23:47:00.627 INFO:teuthology.orchestra.run.smithi038.stdout:/usr/bin/ceph: stderr
2024-03-17T23:46:59.604+0000 7fa735a00700 1 --2- 172.21.15.38:0/2783358785 >> [v2:172.21.15.38:3300/0,v1:172.21.15.38:6789/0] conn(0x7fa73007dd90 0x7fa73007c300 secure :-1 s=READY pgs=59 cs=0 l=1 rev1=1 crypto rx=0x7fa7200098a0 tx=0x7fa720009bb0 comp rx=0 tx=0).stop
2024-03-17T23:47:00.627 INFO:teuthology.orchestra.run.smithi038.stdout:/usr/bin/ceph: stderr
2024-03-17T23:46:59.604+0000 7fa735a00700 1 -- 172.21.15.38:0/2783358785 shutdown_connections
2024-03-17T23:47:00.627 INFO:teuthology.orchestra.run.smithi038.stdout:/usr/bin/ceph: stderr
2024-03-17T23:46:59.604+0000 7fa735a00700 1 --2- 172.21.15.38:0/2783358785 >> [v2:172.21.15.38:3300/0,v1:172.21.15.38:6789/0] conn(0x7fa73007dd90 0x7fa73007c300 unknown :-1 s=CLOSED pgs=59 cs=0 l=1 rev1=1 crypto rx=0 tx=0 comp rx=0 tx=0).stop
2024-03-17T23:47:00.627 INFO:teuthology.orchestra.run.smithi038.stdout:/usr/bin/ceph: stderr
2024-03-17T23:46:59.604+0000 7fa735a00700 1 -- 172.21.15.38:0/2783358785 >> 172.21.15.38:0/2783358785 conn(0x7fa730103260 msgr2=0x7fa730105680 unknown :-1 s=STATE_NONE l=0).mark_down
2024-03-17T23:47:00.627 INFO:teuthology.orchestra.run.smithi038.stdout:/usr/bin/ceph: stderr
2024-03-17T23:46:59.604+0000 7fa735a00700 1 -- 172.21.15.38:0/2783358785 shutdown_connections
2024-03-17T23:47:00.627 INFO:teuthology.orchestra.run.smithi038.stdout:/usr/bin/ceph: stderr
2024-03-17T23:46:59.605+0000 7fa735a00700 1 -- 172.21.15.38:0/2783358785 wait complete.
2024-03-17T23:47:00.627 INFO:teuthology.orchestra.run.smithi038.stdout:/usr/bin/ceph: stderr
2024-03-17T23:46:59.605+0000 7fa735a00700 1 Processor -- start
2024-03-17T23:47:00.627 INFO:teuthology.orchestra.run.smithi038.stdout:/usr/bin/ceph: stderr
2024-03-17T23:46:59.606+0000 7fa735a00700 1 -- start start
2024-03-17T23:47:00.627 INFO:teuthology.orchestra.run.smithi038.stdout:/usr/bin/ceph: stderr
2024-03-17T23:46:59.606+0000 7fa735a00700 1 --2- >> [v2:172.21.15.38:3300/0,v1:172.21.15.38:6789/0] conn(0x7fa73007dd90 0x7fa73019de90 unknown :-1 s=NONE pgs=0 cs=0 l=1 rev1=0 crypto rx=0 tx=0 comp rx=0 tx=0).connect
2024-03-17T23:47:00.627 INFO:teuthology.orchestra.run.smithi038.stdout:/usr/bin/ceph: stderr
2024-03-17T23:46:59.606+0000 7fa735a00700 1 -- --> [v2:172.21.15.38:3300/0,v1:172.21.15.38:6789/0] -- mon_getmap magic: 0 -- 0x7fa73010e1d0 con 0x7fa73007dd90
2024-03-17T23:47:00.627 INFO:teuthology.orchestra.run.smithi038.stdout:/usr/bin/ceph: stderr
2024-03-17T23:46:59.606+0000 7fa72fe00700 1 --2- >> [v2:172.21.15.38:3300/0,v1:172.21.15.38:6789/0] conn(0x7fa73007dd90 0x7fa73019de90 unknown :-1 s=BANNER_CONNECTING pgs=0 cs=0 l=1 rev1=0 crypto rx=0 tx=0 comp rx=0 tx=0)._handle_peer_banner_payload supported=3 required=0
2024-03-17T23:47:00.627 INFO:teuthology.orchestra.run.smithi038.stdout:/usr/bin/ceph: stderr
2024-03-17T23:46:59.606+0000 7fa72fe00700 1 --2- >> [v2:172.21.15.38:3300/0,v1:172.21.15.38:6789/0] conn(0x7fa73007dd90 0x7fa73019de90 unknown :-1 s=HELLO_CONNECTING pgs=0 cs=0 l=1 rev1=1 crypto rx=0 tx=0 comp rx=0 tx=0).handle_hello peer v2:172.21.15.38:3300/0 says I am v2:172.21.15.38:38514/0 (socket says 172.21.15.38:38514)
2024-03-17T23:47:00.627 INFO:teuthology.orchestra.run.smithi038.stdout:/usr/bin/ceph: stderr
2024-03-17T23:46:59.606+0000 7fa72fe00700 1 -- 172.21.15.38:0/408497312 learned_addr learned my addr 172.21.15.38:0/408497312 (peer_addr_for_me v2:172.21.15.38:0/0)
2024-03-17T23:47:00.628 INFO:teuthology.orchestra.run.smithi038.stdout:/usr/bin/ceph: stderr
2024-03-17T23:46:59.607+0000 7fa72fe00700 1 -- 172.21.15.38:0/408497312 --> [v2:172.21.15.38:3300/0,v1:172.21.15.38:6789/0] -- mon_subscribe({config=0+,monmap=0+}) -- 0x7fa73019e3d0 con 0x7fa73007dd90
2024-03-17T23:47:00.628 INFO:teuthology.orchestra.run.smithi038.stdout:/usr/bin/ceph: stderr
2024-03-17T23:46:59.607+0000 7fa72fe00700 1 --2- 172.21.15.38:0/408497312 >> [v2:172.21.15.38:3300/0,v1:172.21.15.38:6789/0] conn(0x7fa73007dd90 0x7fa73019de90 secure :-1 s=READY pgs=60 cs=0 l=1 rev1=1 crypto rx=0x7fa7200046e0 tx=0x7fa720011700 comp rx=0 tx=0).ready entity=mon.0 client_cookie=0 server_cookie=0 in_seq=0 out_seq=0
2024-03-17T23:47:00.628 INFO:teuthology.orchestra.run.smithi038.stdout:/usr/bin/ceph: stderr
2024-03-17T23:46:59.607+0000 7fa72cc00700 1 -- 172.21.15.38:0/408497312 <== mon.0 v2:172.21.15.38:3300/0 1 ==== mon_map magic: 0 ==== 205+0+0 (secure 0 0 0) 0x7fa7200036a0 con 0x7fa73007dd90
2024-03-17T23:47:00.628 INFO:teuthology.orchestra.run.smithi038.stdout:/usr/bin/ceph: stderr
2024-03-17T23:46:59.607+0000 7fa72cc00700 1 -- 172.21.15.38:0/408497312 <== mon.0 v2:172.21.15.38:3300/0 2 ==== config(29 keys) ==== 1209+0+0 (secure 0 0 0) 0x7fa720003d60 con 0x7fa73007dd90
2024-03-17T23:47:00.628 INFO:teuthology.orchestra.run.smithi038.stdout:/usr/bin/ceph: stderr
2024-03-17T23:46:59.607+0000 7fa735a00700 1 -- 172.21.15.38:0/408497312 --> [v2:172.21.15.38:3300/0,v1:172.21.15.38:6789/0] -- mon_subscribe({mgrmap=0+}) -- 0x7fa73019e660 con 0x7fa73007dd90
2024-03-17T23:47:00.628 INFO:teuthology.orchestra.run.smithi038.stdout:/usr/bin/ceph: stderr
2024-03-17T23:46:59.607+0000 7fa735a00700 1 -- 172.21.15.38:0/408497312 --> [v2:172.21.15.38:3300/0,v1:172.21.15.38:6789/0] -- mon_subscribe({osdmap=0}) -- 0x7fa7301a1350 con 0x7fa73007dd90
2024-03-17T23:47:00.628 INFO:teuthology.orchestra.run.smithi038.stdout:/usr/bin/ceph: stderr
2024-03-17T23:46:59.607+0000 7fa72cc00700 1 -- 172.21.15.38:0/408497312 <== mon.0 v2:172.21.15.38:3300/0 3 ==== mon_map magic: 0 ==== 205+0+0 (secure 0 0 0) 0x7fa7200193c0 con 0x7fa73007dd90
2024-03-17T23:47:00.628 INFO:teuthology.orchestra.run.smithi038.stdout:/usr/bin/ceph: stderr
2024-03-17T23:46:59.609+0000 7fa72cc00700 1 -- 172.21.15.38:0/408497312 <== mon.0 v2:172.21.15.38:3300/0 4 ==== mgrmap(e 9) ==== 46119+0+0 (secure 0 0 0) 0x7fa72001a430 con 0x7fa73007dd90
2024-03-17T23:47:00.628 INFO:teuthology.orchestra.run.smithi038.stdout:/usr/bin/ceph: stderr
2024-03-17T23:46:59.609+0000 7fa735a00700 1 -- 172.21.15.38:0/408497312 --> [v2:172.21.15.38:3300/0,v1:172.21.15.38:6789/0] -- mon_command({"prefix": "get_command_descriptions"} v 0) -- 0x7fa710005360 con 0x7fa73007dd90
2024-03-17T23:47:00.628 INFO:teuthology.orchestra.run.smithi038.stdout:/usr/bin/ceph: stderr
2024-03-17T23:46:59.609+0000 7fa72cc00700 1 --2- 172.21.15.38:0/408497312 >> [v2:172.21.15.38:6800/1434366512,v1:172.21.15.38:6801/1434366512] conn(0x7fa714038f70 0x7fa71403b430 unknown :-1 s=NONE pgs=0 cs=0 l=1 rev1=0 crypto rx=0 tx=0 comp rx=0 tx=0).connect
2024-03-17T23:47:00.628 INFO:teuthology.orchestra.run.smithi038.stdout:/usr/bin/ceph: stderr
2024-03-17T23:46:59.609+0000 7fa72cc00700 1 -- 172.21.15.38:0/408497312 <== mon.0 v2:172.21.15.38:3300/0 5 ==== osd_map(2..2 src has 1..2) ==== 940+0+0 (secure 0 0 0) 0x7fa72004cff0 con 0x7fa73007dd90
2024-03-17T23:47:00.628 INFO:teuthology.orchestra.run.smithi038.stdout:/usr/bin/ceph: stderr
2024-03-17T23:46:59.609+0000 7fa72f400700 1 -- 172.21.15.38:0/408497312 >> [v2:172.21.15.38:6800/1434366512,v1:172.21.15.38:6801/1434366512] conn(0x7fa714038f70 msgr2=0x7fa71403b430 unknown :-1 s=STATE_CONNECTING_RE l=1).process reconnect failed to v2:172.21.15.38:6800/1434366512
2024-03-17T23:47:00.628 INFO:teuthology.orchestra.run.smithi038.stdout:/usr/bin/ceph: stderr
2024-03-17T23:46:59.609+0000 7fa72f400700 1 --2- 172.21.15.38:0/408497312 >> [v2:172.21.15.38:6800/1434366512,v1:172.21.15.38:6801/1434366512] conn(0x7fa714038f70 0x7fa71403b430 unknown :-1 s=START_CONNECT pgs=0 cs=0 l=1 rev1=0 crypto rx=0 tx=0 comp rx=0 tx=0)._fault waiting 0.200000
2024-03-17T23:47:00.628 INFO:teuthology.orchestra.run.smithi038.stdout:/usr/bin/ceph: stderr
2024-03-17T23:46:59.619+0000 7fa72cc00700 1 -- 172.21.15.38:0/408497312 <== mon.0 v2:172.21.15.38:3300/0 6 ==== mon_command_ack([{"prefix": "get_command_descriptions"}]=0 v0) ==== 72+0+186149 (secure 0 0 0) 0x7fa72002c960 con 0x7fa73007dd90
2024-03-17T23:47:00.629 INFO:teuthology.orchestra.run.smithi038.stdout:/usr/bin/ceph: stderr
2024-03-17T23:46:59.810+0000 7fa72f400700 1 -- 172.21.15.38:0/408497312 >> [v2:172.21.15.38:6800/1434366512,v1:172.21.15.38:6801/1434366512] conn(0x7fa714038f70 msgr2=0x7fa71403b430 unknown :-1 s=STATE_CONNECTING_RE l=1).process reconnect failed to v2:172.21.15.38:6800/1434366512
2024-03-17T23:47:00.629 INFO:teuthology.orchestra.run.smithi038.stdout:/usr/bin/ceph: stderr
2024-03-17T23:46:59.810+0000 7fa72f400700 1 --2- 172.21.15.38:0/408497312 >> [v2:172.21.15.38:6800/1434366512,v1:172.21.15.38:6801/1434366512] conn(0x7fa714038f70 0x7fa71403b430 unknown :-1 s=START_CONNECT pgs=0 cs=0 l=1 rev1=0 crypto rx=0 tx=0 comp rx=0 tx=0)._fault waiting 0.400000
2024-03-17T23:47:00.629 INFO:teuthology.orchestra.run.smithi038.stdout:/usr/bin/ceph: stderr
2024-03-17T23:46:59.953+0000 7fa735a00700 1 -- 172.21.15.38:0/408497312 --> [v2:172.21.15.38:3300/0,v1:172.21.15.38:6789/0] -- mon_command({"prefix": "mgr stat"} v 0) -- 0x7fa710005e60 con 0x7fa73007dd90
2024-03-17T23:47:00.629 INFO:teuthology.orchestra.run.smithi038.stdout:/usr/bin/ceph: stderr
2024-03-17T23:46:59.953+0000 7fa72cc00700 1 -- 172.21.15.38:0/408497312 <== mon.0 v2:172.21.15.38:3300/0 7 ==== mon_command_ack([{"prefix": "mgr stat"}]=0 v9) ==== 56+0+88 (secure 0 0 0) 0x7fa72002cbc0 con 0x7fa73007dd90
2024-03-17T23:47:00.629 INFO:teuthology.orchestra.run.smithi038.stdout:/usr/bin/ceph: stderr
2024-03-17T23:46:59.956+0000 7fa735a00700 1 -- 172.21.15.38:0/408497312 >> [v2:172.21.15.38:6800/1434366512,v1:172.21.15.38:6801/1434366512] conn(0x7fa714038f70 msgr2=0x7fa71403b430 unknown :-1 s=STATE_CONNECTING l=1).mark_down
2024-03-17T23:47:00.629 INFO:teuthology.orchestra.run.smithi038.stdout:/usr/bin/ceph: stderr
2024-03-17T23:46:59.956+0000 7fa735a00700 1 --2- 172.21.15.38:0/408497312 >> [v2:172.21.15.38:6800/1434366512,v1:172.21.15.38:6801/1434366512] conn(0x7fa714038f70 0x7fa71403b430 unknown :-1 s=START_CONNECT pgs=0 cs=0 l=1 rev1=0 crypto rx=0 tx=0 comp rx=0 tx=0).stop
2024-03-17T23:47:00.629 INFO:teuthology.orchestra.run.smithi038.stdout:/usr/bin/ceph: stderr
2024-03-17T23:46:59.956+0000 7fa735a00700 1 -- 172.21.15.38:0/408497312 >> [v2:172.21.15.38:3300/0,v1:172.21.15.38:6789/0] conn(0x7fa73007dd90 msgr2=0x7fa73019de90 secure :-1 s=STATE_CONNECTION_ESTABLISHED l=1).mark_down
2024-03-17T23:47:00.629 INFO:teuthology.orchestra.run.smithi038.stdout:/usr/bin/ceph: stderr
2024-03-17T23:46:59.956+0000 7fa735a00700 1 --2- 172.21.15.38:0/408497312 >> [v2:172.21.15.38:3300/0,v1:172.21.15.38:6789/0] conn(0x7fa73007dd90 0x7fa73019de90 secure :-1 s=READY pgs=60 cs=0 l=1 rev1=1 crypto rx=0x7fa7200046e0 tx=0x7fa720011700 comp rx=0 tx=0).stop
2024-03-17T23:47:00.629 INFO:teuthology.orchestra.run.smithi038.stdout:/usr/bin/ceph: stderr
2024-03-17T23:46:59.956+0000 7fa735a00700 1 -- 172.21.15.38:0/408497312 shutdown_connections
2024-03-17T23:47:00.629 INFO:teuthology.orchestra.run.smithi038.stdout:/usr/bin/ceph: stderr
2024-03-17T23:46:59.956+0000 7fa735a00700 1 --2- 172.21.15.38:0/408497312 >> [v2:172.21.15.38:6800/1434366512,v1:172.21.15.38:6801/1434366512] conn(0x7fa714038f70 0x7fa71403b430 unknown :-1 s=CLOSED pgs=0 cs=0 l=1 rev1=0 crypto rx=0 tx=0 comp rx=0 tx=0).stop
2024-03-17T23:47:00.629 INFO:teuthology.orchestra.run.smithi038.stdout:/usr/bin/ceph: stderr
2024-03-17T23:46:59.956+0000 7fa735a00700 1 --2- 172.21.15.38:0/408497312 >> [v2:172.21.15.38:3300/0,v1:172.21.15.38:6789/0] conn(0x7fa73007dd90 0x7fa73019de90 unknown :-1 s=CLOSED pgs=60 cs=0 l=1 rev1=1 crypto rx=0 tx=0 comp rx=0 tx=0).stop
2024-03-17T23:47:00.629 INFO:teuthology.orchestra.run.smithi038.stdout:/usr/bin/ceph: stderr
2024-03-17T23:46:59.956+0000 7fa735a00700 1 -- 172.21.15.38:0/408497312 >> 172.21.15.38:0/408497312 conn(0x7fa730103260 msgr2=0x7fa730103de0 unknown :-1 s=STATE_NONE l=0).mark_down
2024-03-17T23:47:00.629 INFO:teuthology.orchestra.run.smithi038.stdout:/usr/bin/ceph: stderr
2024-03-17T23:46:59.956+0000 7fa735a00700 1 -- 172.21.15.38:0/408497312 shutdown_connections
2024-03-17T23:47:00.629 INFO:teuthology.orchestra.run.smithi038.stdout:/usr/bin/ceph: stderr
2024-03-17T23:46:59.956+0000 7fa735a00700 1 -- 172.21.15.38:0/408497312 wait complete.
2024-03-17T23:47:00.630 INFO:teuthology.orchestra.run.smithi038.stdout:Waiting for the mgr to restart...
2024-03-17T23:47:00.630 INFO:teuthology.orchestra.run.smithi038.stdout:Waiting for mgr epoch 9...
2024-03-17T23:47:00.899 INFO:journalctl@ceph.mgr.x.smithi038.stdout:Mar 17 23:47:00 smithi038 ceph-52587958-e4b8-11ee-95c9-87774f69a715-mgr-x[31655]:
2024-03-17T23:47:00.750+0000 7f82f0423200 -1 mgr[py] Module rgw has missing NOTIFY_TYPES member
2024-03-17T23:47:01.155 INFO:journalctl@ceph.mgr.x.smithi038.stdout:Mar 17 23:47:00 smithi038 ceph-52587958-e4b8-11ee-95c9-87774f69a715-mgr-x[31655]:
2024-03-17T23:47:00.900+0000 7f82f0423200 -1 mgr[py] Module rbd_support has missing NOTIFY_TYPES member
2024-03-17T23:47:01.155 INFO:journalctl@ceph.mgr.x.smithi038.stdout:Mar 17 23:47:01 smithi038 ceph-52587958-e4b8-11ee-95c9-87774f69a715-mgr-x[31655]:
2024-03-17T23:47:01.020+0000 7f82f0423200 -1 mgr[py] Module progress has missing NOTIFY_TYPES member
2024-03-17T23:47:01.155 INFO:journalctl@ceph.mgr.x.smithi038.stdout:Mar 17 23:47:01 smithi038 ceph-52587958-e4b8-11ee-95c9-87774f69a715-mgr-x[31655]:
2024-03-17T23:47:01.153+0000 7f82f0423200 -1 mgr[py] Module pg_autoscaler has missing NOTIFY_TYPES member
2024-03-17T23:47:01.468 INFO:journalctl@ceph.mgr.x.smithi038.stdout:Mar 17 23:47:01 smithi038 ceph-52587958-e4b8-11ee-95c9-87774f69a715-mgr-x[31655]:
2024-03-17T23:47:01.382+0000 7f82f0423200 -1 mgr[py] Module devicehealth has missing NOTIFY_TYPES member
2024-03-17T23:47:02.896 INFO:journalctl@ceph.mgr.x.smithi038.stdout:Mar 17 23:47:02 smithi038 ceph-52587958-e4b8-11ee-95c9-87774f69a715-mgr-x[31655]:
2024-03-17T23:47:02.715+0000 7f82f0423200 -1 mgr[py] Module rook has missing NOTIFY_TYPES member
2024-03-17T23:47:02.896 INFO:journalctl@ceph.mgr.x.smithi038.stdout:Mar 17 23:47:02 smithi038 ceph-52587958-e4b8-11ee-95c9-87774f69a715-mgr-x[31655]:
2024-03-17T23:47:02.895+0000 7f82f0423200 -1 mgr[py] Module diskprediction_local has missing NOTIFY_TYPES member
2024-03-17T23:47:03.719 INFO:journalctl@ceph.mgr.x.smithi038.stdout:Mar 17 23:47:03 smithi038 ceph-52587958-e4b8-11ee-95c9-87774f69a715-mgr-x[31655]:
2024-03-17T23:47:03.325+0000 7f82f0423200 -1 mgr[py] Module selftest has missing NOTIFY_TYPES member
2024-03-17T23:47:03.719 INFO:journalctl@ceph.mgr.x.smithi038.stdout:Mar 17 23:47:03 smithi038 ceph-52587958-e4b8-11ee-95c9-87774f69a715-mgr-x[31655]:
2024-03-17T23:47:03.449+0000 7f82f0423200 -1 mgr[py] Module telegraf has missing NOTIFY_TYPES member
2024-03-17T23:47:03.974 INFO:journalctl@ceph.mgr.x.smithi038.stdout:Mar 17 23:47:03 smithi038 ceph-52587958-e4b8-11ee-95c9-87774f69a715-mgr-x[31655]:
2024-03-17T23:47:03.717+0000 7f82f0423200 -1 mgr[py] Module test_orchestrator has missing NOTIFY_TYPES member
2024-03-17T23:47:03.975 INFO:journalctl@ceph.mgr.x.smithi038.stdout:Mar 17 23:47:03 smithi038 ceph-52587958-e4b8-11ee-95c9-87774f69a715-mgr-x[31655]:
2024-03-17T23:47:03.973+0000 7f82f0423200 -1 mgr[py] Module crash has missing NOTIFY_TYPES member
2024-03-17T23:47:04.691 INFO:journalctl@ceph.mgr.x.smithi038.stdout:Mar 17 23:47:04 smithi038 ceph-52587958-e4b8-11ee-95c9-87774f69a715-mgr-x[31655]:
2024-03-17T23:47:04.363+0000 7f82f0423200 -1 mgr[py] Module orchestrator has missing NOTIFY_TYPES member
2024-03-17T23:47:04.691 INFO:journalctl@ceph.mgr.x.smithi038.stdout:Mar 17 23:47:04 smithi038 ceph-52587958-e4b8-11ee-95c9-87774f69a715-mgr-x[31655]:
2024-03-17T23:47:04.689+0000 7f82f0423200 -1 mgr[py] Module osd_support has missing NOTIFY_TYPES member
2024-03-17T23:47:05.468 INFO:journalctl@ceph.mgr.x.smithi038.stdout:Mar 17 23:47:05 smithi038 ceph-52587958-e4b8-11ee-95c9-87774f69a715-mgr-x[31655]:
2024-03-17T23:47:05.006+0000 7f82f0423200 -1 mgr[py] Module volumes has missing NOTIFY_TYPES member
2024-03-17T23:47:06.468 INFO:journalctl@ceph.mgr.x.smithi038.stdout:Mar 17 23:47:06 smithi038 ceph-52587958-e4b8-11ee-95c9-87774f69a715-mgr-x[31655]:
2024-03-17T23:47:06.082+0000 7f82f0423200 -1 mgr[py] Module telemetry has missing NOTIFY_TYPES member
2024-03-17T23:47:07.219 INFO:journalctl@ceph.mgr.x.smithi038.stdout:Mar 17 23:47:06 smithi038 ceph-52587958-e4b8-11ee-95c9-87774f69a715-mgr-x[31655]:
2024-03-17T23:47:06.809+0000 7f82f0423200 -1 mgr[py] Module prometheus has missing NOTIFY_TYPES member
2024-03-17T23:47:07.219 INFO:journalctl@ceph.mgr.x.smithi038.stdout:Mar 17 23:47:06 smithi038 ceph-52587958-e4b8-11ee-95c9-87774f69a715-mgr-x[31655]:
2024-03-17T23:47:06.947+0000 7f82f0423200 -1 mgr[py] Module status has missing NOTIFY_TYPES member
2024-03-17T23:47:07.718 INFO:journalctl@ceph.mgr.x.smithi038.stdout:Mar 17 23:47:07 smithi038 ceph-52587958-e4b8-11ee-95c9-87774f69a715-mgr-x[31655]:
2024-03-17T23:47:07.243+0000 7f82f0423200 -1 mgr[py] Module nfs has missing NOTIFY_TYPES member
2024-03-17T23:47:07.719 INFO:journalctl@ceph.mon.a.smithi038.stdout:Mar 17 23:47:07 smithi038 ceph-mon[31428]: Active manager daemon x restarted
2024-03-17T23:47:07.719 INFO:journalctl@ceph.mon.a.smithi038.stdout:Mar 17 23:47:07 smithi038 ceph-mon[31428]: Activating manager daemon x
2024-03-17T23:47:07.719 INFO:journalctl@ceph.mon.a.smithi038.stdout:Mar 17 23:47:07 smithi038 ceph-mon[31428]: osdmap e3: 0 total, 0 up, 0 in
2024-03-17T23:47:07.719 INFO:journalctl@ceph.mon.a.smithi038.stdout:Mar 17 23:47:07 smithi038 ceph-mon[31428]: mgrmap e10: x(active, starting, since 0.00846856s)
2024-03-17T23:47:07.719 INFO:journalctl@ceph.mon.a.smithi038.stdout:Mar 17 23:47:07 smithi038 ceph-mon[31428]: from='mgr.14152 172.21.15.38:0/1084747509' entity='mgr.x' cmd=[{"prefix": "mon metadata", "id": "a"}]: dispatch
