2024-03-17T23:46:38.048+0000 7f9936200700 1 -- 172.21.15.38:0/1894629259 wait complete.
2024-03-17T23:46:39.207 INFO:teuthology.orchestra.run.smithi038.stdout:/usr/bin/ceph: stderr
2024-03-17T23:46:38.049+0000 7f9936200700 1 Processor -- start
2024-03-17T23:46:39.207 INFO:teuthology.orchestra.run.smithi038.stdout:/usr/bin/ceph: stderr
2024-03-17T23:46:38.049+0000 7f9936200700 1 -- start start
2024-03-17T23:46:39.207 INFO:teuthology.orchestra.run.smithi038.stdout:/usr/bin/ceph: stderr
2024-03-17T23:46:38.049+0000 7f9936200700 1 --2- >> [v2:172.21.15.38:3300/0,v1:172.21.15.38:6789/0] conn(0x7f9930107e00 0x7f993007db30 unknown :-1 s=NONE pgs=0 cs=0 l=1 rev1=0 crypto rx=0 tx=0 comp rx=0 tx=0).connect
2024-03-17T23:46:39.207 INFO:teuthology.orchestra.run.smithi038.stdout:/usr/bin/ceph: stderr
2024-03-17T23:46:38.049+0000 7f9936200700 1 -- --> [v2:172.21.15.38:3300/0,v1:172.21.15.38:6789/0] -- mon_getmap magic: 0 -- 0x7f993010c360 con 0x7f9930107e00
2024-03-17T23:46:39.207 INFO:teuthology.orchestra.run.smithi038.stdout:/usr/bin/ceph: stderr
2024-03-17T23:46:38.050+0000 7f992f400700 1 --2- >> [v2:172.21.15.38:3300/0,v1:172.21.15.38:6789/0] conn(0x7f9930107e00 0x7f993007db30 unknown :-1 s=BANNER_CONNECTING pgs=0 cs=0 l=1 rev1=0 crypto rx=0 tx=0 comp rx=0 tx=0)._handle_peer_banner_payload supported=3 required=0
2024-03-17T23:46:39.207 INFO:teuthology.orchestra.run.smithi038.stdout:/usr/bin/ceph: stderr
2024-03-17T23:46:38.050+0000 7f992f400700 1 --2- >> [v2:172.21.15.38:3300/0,v1:172.21.15.38:6789/0] conn(0x7f9930107e00 0x7f993007db30 unknown :-1 s=HELLO_CONNECTING pgs=0 cs=0 l=1 rev1=1 crypto rx=0 tx=0 comp rx=0 tx=0).handle_hello peer v2:172.21.15.38:3300/0 says I am v2:172.21.15.38:58094/0 (socket says 172.21.15.38:58094)
2024-03-17T23:46:39.207 INFO:teuthology.orchestra.run.smithi038.stdout:/usr/bin/ceph: stderr
2024-03-17T23:46:38.050+0000 7f992f400700 1 -- 172.21.15.38:0/901977698 learned_addr learned my addr 172.21.15.38:0/901977698 (peer_addr_for_me v2:172.21.15.38:0/0)
2024-03-17T23:46:39.207 INFO:teuthology.orchestra.run.smithi038.stdout:/usr/bin/ceph: stderr
2024-03-17T23:46:38.050+0000 7f992f400700 1 -- 172.21.15.38:0/901977698 --> [v2:172.21.15.38:3300/0,v1:172.21.15.38:6789/0] -- mon_subscribe({config=0+,monmap=0+}) -- 0x7f993007e070 con 0x7f9930107e00
2024-03-17T23:46:39.207 INFO:teuthology.orchestra.run.smithi038.stdout:/usr/bin/ceph: stderr
2024-03-17T23:46:38.050+0000 7f992f400700 1 --2- 172.21.15.38:0/901977698 >> [v2:172.21.15.38:3300/0,v1:172.21.15.38:6789/0] conn(0x7f9930107e00 0x7f993007db30 secure :-1 s=READY pgs=42 cs=0 l=1 rev1=1 crypto rx=0x7f9920009fb0 tx=0x7f9920003980 comp rx=0 tx=0).ready entity=mon.0 client_cookie=0 server_cookie=0 in_seq=0 out_seq=0
2024-03-17T23:46:39.207 INFO:teuthology.orchestra.run.smithi038.stdout:/usr/bin/ceph: stderr
2024-03-17T23:46:38.051+0000 7f9927e00700 1 -- 172.21.15.38:0/901977698 <== mon.0 v2:172.21.15.38:3300/0 1 ==== mon_map magic: 0 ==== 205+0+0 (secure 0 0 0) 0x7f9920011dd0 con 0x7f9930107e00
2024-03-17T23:46:39.207 INFO:teuthology.orchestra.run.smithi038.stdout:/usr/bin/ceph: stderr
2024-03-17T23:46:38.051+0000 7f9927e00700 1 -- 172.21.15.38:0/901977698 <== mon.0 v2:172.21.15.38:3300/0 2 ==== config(29 keys) ==== 1178+0+0 (secure 0 0 0) 0x7f992001a430 con 0x7f9930107e00
2024-03-17T23:46:39.207 INFO:teuthology.orchestra.run.smithi038.stdout:/usr/bin/ceph: stderr
2024-03-17T23:46:38.051+0000 7f9927e00700 1 -- 172.21.15.38:0/901977698 <== mon.0 v2:172.21.15.38:3300/0 3 ==== mon_map magic: 0 ==== 205+0+0 (secure 0 0 0) 0x7f9920019610 con 0x7f9930107e00
2024-03-17T23:46:39.207 INFO:teuthology.orchestra.run.smithi038.stdout:/usr/bin/ceph: stderr
2024-03-17T23:46:38.051+0000 7f9936200700 1 -- 172.21.15.38:0/901977698 --> [v2:172.21.15.38:3300/0,v1:172.21.15.38:6789/0] -- mon_subscribe({mgrmap=0+}) -- 0x7f993007c260 con 0x7f9930107e00
2024-03-17T23:46:39.208 INFO:teuthology.orchestra.run.smithi038.stdout:/usr/bin/ceph: stderr
2024-03-17T23:46:38.051+0000 7f9936200700 1 -- 172.21.15.38:0/901977698 --> [v2:172.21.15.38:3300/0,v1:172.21.15.38:6789/0] -- mon_subscribe({osdmap=0}) -- 0x7f993007c7a0 con 0x7f9930107e00
2024-03-17T23:46:39.208 INFO:teuthology.orchestra.run.smithi038.stdout:/usr/bin/ceph: stderr
2024-03-17T23:46:38.052+0000 7f9927e00700 1 -- 172.21.15.38:0/901977698 <== mon.0 v2:172.21.15.38:3300/0 4 ==== mgrmap(e 8) ==== 46106+0+0 (secure 0 0 0) 0x7f992001aac0 con 0x7f9930107e00
2024-03-17T23:46:39.208 INFO:teuthology.orchestra.run.smithi038.stdout:/usr/bin/ceph: stderr
2024-03-17T23:46:38.052+0000 7f9936200700 1 -- 172.21.15.38:0/901977698 --> [v2:172.21.15.38:3300/0,v1:172.21.15.38:6789/0] -- mon_command({"prefix": "get_command_descriptions"} v 0) -- 0x7f9930063900 con 0x7f9930107e00
2024-03-17T23:46:39.208 INFO:teuthology.orchestra.run.smithi038.stdout:/usr/bin/ceph: stderr
2024-03-17T23:46:38.053+0000 7f9927e00700 1 --2- 172.21.15.38:0/901977698 >> [v2:172.21.15.38:6800/1434366512,v1:172.21.15.38:6801/1434366512] conn(0x7f9914038f20 0x7f991403b3e0 unknown :-1 s=NONE pgs=0 cs=0 l=1 rev1=0 crypto rx=0 tx=0 comp rx=0 tx=0).connect
2024-03-17T23:46:39.208 INFO:teuthology.orchestra.run.smithi038.stdout:/usr/bin/ceph: stderr
2024-03-17T23:46:38.053+0000 7f9927e00700 1 -- 172.21.15.38:0/901977698 <== mon.0 v2:172.21.15.38:3300/0 5 ==== osd_map(2..2 src has 1..2) ==== 940+0+0 (secure 0 0 0) 0x7f992004d0a0 con 0x7f9930107e00
2024-03-17T23:46:39.208 INFO:teuthology.orchestra.run.smithi038.stdout:/usr/bin/ceph: stderr
2024-03-17T23:46:38.053+0000 7f992ea00700 1 --2- 172.21.15.38:0/901977698 >> [v2:172.21.15.38:6800/1434366512,v1:172.21.15.38:6801/1434366512] conn(0x7f9914038f20 0x7f991403b3e0 unknown :-1 s=BANNER_CONNECTING pgs=0 cs=0 l=1 rev1=0 crypto rx=0 tx=0 comp rx=0 tx=0)._handle_peer_banner_payload supported=3 required=0
2024-03-17T23:46:39.208 INFO:teuthology.orchestra.run.smithi038.stdout:/usr/bin/ceph: stderr
2024-03-17T23:46:38.054+0000 7f992ea00700 1 --2- 172.21.15.38:0/901977698 >> [v2:172.21.15.38:6800/1434366512,v1:172.21.15.38:6801/1434366512] conn(0x7f9914038f20 0x7f991403b3e0 secure :-1 s=READY pgs=9 cs=0 l=1 rev1=1 crypto rx=0x7f991c006fd0 tx=0x7f991c006e40 comp rx=0 tx=0).ready entity=mgr.14120 client_cookie=0 server_cookie=0 in_seq=0 out_seq=0
2024-03-17T23:46:39.208 INFO:teuthology.orchestra.run.smithi038.stdout:/usr/bin/ceph: stderr
2024-03-17T23:46:38.058+0000 7f9927e00700 1 -- 172.21.15.38:0/901977698 <== mon.0 v2:172.21.15.38:3300/0 6 ==== mon_command_ack([{"prefix": "get_command_descriptions"}]=0 v0) ==== 72+0+186149 (secure 0 0 0) 0x7f992004c9f0 con 0x7f9930107e00
2024-03-17T23:46:39.208 INFO:teuthology.orchestra.run.smithi038.stdout:/usr/bin/ceph: stderr
2024-03-17T23:46:38.295+0000 7f9936200700 1 -- 172.21.15.38:0/901977698 --> [v2:172.21.15.38:6800/1434366512,v1:172.21.15.38:6801/1434366512] -- mgr_command(tid 0: {"prefix": "cephadm generate-key", "target": ["mon-mgr", ""]}) -- 0x7f99301046a0 con 0x7f9914038f20
2024-03-17T23:46:39.208 INFO:teuthology.orchestra.run.smithi038.stdout:/usr/bin/ceph: stderr
2024-03-17T23:46:38.599+0000 7f9927e00700 1 -- 172.21.15.38:0/901977698 <== mgr.14120 v2:172.21.15.38:6800/1434366512 1 ==== mgr_command_reply(tid 0: 0 ) ==== 8+0+0 (secure 0 0 0) 0x7f99301046a0 con 0x7f9914038f20
2024-03-17T23:46:39.208 INFO:teuthology.orchestra.run.smithi038.stdout:/usr/bin/ceph: stderr
2024-03-17T23:46:38.602+0000 7f9936200700 1 -- 172.21.15.38:0/901977698 >> [v2:172.21.15.38:6800/1434366512,v1:172.21.15.38:6801/1434366512] conn(0x7f9914038f20 msgr2=0x7f991403b3e0 secure :-1 s=STATE_CONNECTION_ESTABLISHED l=1).mark_down
2024-03-17T23:46:39.208 INFO:teuthology.orchestra.run.smithi038.stdout:/usr/bin/ceph: stderr
2024-03-17T23:46:38.602+0000 7f9936200700 1 --2- 172.21.15.38:0/901977698 >> [v2:172.21.15.38:6800/1434366512,v1:172.21.15.38:6801/1434366512] conn(0x7f9914038f20 0x7f991403b3e0 secure :-1 s=READY pgs=9 cs=0 l=1 rev1=1 crypto rx=0x7f991c006fd0 tx=0x7f991c006e40 comp rx=0 tx=0).stop
2024-03-17T23:46:39.208 INFO:teuthology.orchestra.run.smithi038.stdout:/usr/bin/ceph: stderr
2024-03-17T23:46:38.602+0000 7f9936200700 1 -- 172.21.15.38:0/901977698 >> [v2:172.21.15.38:3300/0,v1:172.21.15.38:6789/0] conn(0x7f9930107e00 msgr2=0x7f993007db30 secure :-1 s=STATE_CONNECTION_ESTABLISHED l=1).mark_down
2024-03-17T23:46:39.208 INFO:teuthology.orchestra.run.smithi038.stdout:/usr/bin/ceph: stderr
2024-03-17T23:46:38.602+0000 7f9936200700 1 --2- 172.21.15.38:0/901977698 >> [v2:172.21.15.38:3300/0,v1:172.21.15.38:6789/0] conn(0x7f9930107e00 0x7f993007db30 secure :-1 s=READY pgs=42 cs=0 l=1 rev1=1 crypto rx=0x7f9920009fb0 tx=0x7f9920003980 comp rx=0 tx=0).stop
2024-03-17T23:46:39.209 INFO:teuthology.orchestra.run.smithi038.stdout:/usr/bin/ceph: stderr
2024-03-17T23:46:38.602+0000 7f9936200700 1 -- 172.21.15.38:0/901977698 shutdown_connections
2024-03-17T23:46:39.209 INFO:teuthology.orchestra.run.smithi038.stdout:/usr/bin/ceph: stderr
2024-03-17T23:46:38.602+0000 7f9936200700 1 --2- 172.21.15.38:0/901977698 >> [v2:172.21.15.38:6800/1434366512,v1:172.21.15.38:6801/1434366512] conn(0x7f9914038f20 0x7f991403b3e0 unknown :-1 s=CLOSED pgs=9 cs=0 l=1 rev1=1 crypto rx=0 tx=0 comp rx=0 tx=0).stop
2024-03-17T23:46:39.209 INFO:teuthology.orchestra.run.smithi038.stdout:/usr/bin/ceph: stderr
2024-03-17T23:46:38.602+0000 7f9936200700 1 --2- 172.21.15.38:0/901977698 >> [v2:172.21.15.38:3300/0,v1:172.21.15.38:6789/0] conn(0x7f9930107e00 0x7f993007db30 unknown :-1 s=CLOSED pgs=42 cs=0 l=1 rev1=1 crypto rx=0 tx=0 comp rx=0 tx=0).stop
2024-03-17T23:46:39.209 INFO:teuthology.orchestra.run.smithi038.stdout:/usr/bin/ceph: stderr
2024-03-17T23:46:38.602+0000 7f9936200700 1 -- 172.21.15.38:0/901977698 >> 172.21.15.38:0/901977698 conn(0x7f99301033e0 msgr2=0x7f9930103f90 unknown :-1 s=STATE_NONE l=0).mark_down
2024-03-17T23:46:39.209 INFO:teuthology.orchestra.run.smithi038.stdout:/usr/bin/ceph: stderr
2024-03-17T23:46:38.603+0000 7f9936200700 1 -- 172.21.15.38:0/901977698 shutdown_connections
2024-03-17T23:46:39.209 INFO:teuthology.orchestra.run.smithi038.stdout:/usr/bin/ceph: stderr
2024-03-17T23:46:38.603+0000 7f9936200700 1 -- 172.21.15.38:0/901977698 wait complete.
2024-03-17T23:46:39.783 INFO:journalctl@ceph.mon.a.smithi038.stdout:Mar 17 23:46:39 smithi038 ceph-mon[31428]: from='client.14136 -' entity='client.admin' cmd=[{"prefix": "cephadm generate-key", "target": ["mon-mgr", ""]}]: dispatch
2024-03-17T23:46:39.783 INFO:journalctl@ceph.mon.a.smithi038.stdout:Mar 17 23:46:39 smithi038 ceph-mon[31428]: Generating ssh key...
2024-03-17T23:46:39.784 INFO:journalctl@ceph.mon.a.smithi038.stdout:Mar 17 23:46:39 smithi038 ceph-mon[31428]: from='mgr.14120 172.21.15.38:0/1234811959' entity='mgr.x'
2024-03-17T23:46:39.784 INFO:journalctl@ceph.mon.a.smithi038.stdout:Mar 17 23:46:39 smithi038 ceph-mon[31428]: from='mgr.14120 172.21.15.38:0/1234811959' entity='mgr.x'
2024-03-17T23:46:40.718 INFO:journalctl@ceph.mon.a.smithi038.stdout:Mar 17 23:46:40 smithi038 ceph-mon[31428]: from='client.14138 -' entity='client.admin' cmd=[{"prefix": "cephadm get-pub-key", "target": ["mon-mgr", ""]}]: dispatch
2024-03-17T23:46:40.769 INFO:teuthology.orchestra.run.smithi038.stdout:/usr/bin/ceph: stdout ssh-rsa AAAAB3NzaC1yc2EAAAADAQABAAABgQDeCxC8Arbpgt5ID5/YJN6yMbW7e6fZ2+AeVLGV0bxg+dpOSt/Jd55uIRCP6g6hcqEq7KcJyyel1r8zZMP2hvUcmRTIUMCFp0qlxkOdwKswqm8C4uoqIV4ccPOm4ZqeExb4nQtSHoMpu/JRmkzR+m944wXoRRRntUvuVDdDsftHDSR7gbTxxAghfjIjnjVYWumTmPaM5syopf8hpc8IhJ8fXFOTwhbny6ef96AA5XLWzJ+Y6SFbZ7tQn60IY2hTfq5cnnwn60bGsMbmU0/++Hvp4J0IohkEl7U8mEXHfFr10zOYI80DfbTe2UCQZAzsVMyYgkMW4KuQ8Q7KlW+AasrxD01z/GE/GvbS0fcd7/MipAPhUSTscg+ND0RiEO9qha0x4zGUEnp6EoXKHvkSzme6+LXlKYyeO7vGLUqoht4fPoAheSSRBtow9jZNoGf20cZ5BckPwyBxNQ60pzTHEgISF/IanhOI+8M66Hr3Bi+aAfQlBsw6OzopINPFjMRIATE= ceph-52587958-e4b8-11ee-95c9-87774f69a715
2024-03-17T23:46:40.769 INFO:teuthology.orchestra.run.smithi038.stdout:/usr/bin/ceph: stderr
2024-03-17T23:46:39.782+0000 7ff990a00700 1 Processor -- start
2024-03-17T23:46:40.769 INFO:teuthology.orchestra.run.smithi038.stdout:/usr/bin/ceph: stderr
2024-03-17T23:46:39.782+0000 7ff990a00700 1 -- start start
2024-03-17T23:46:40.769 INFO:teuthology.orchestra.run.smithi038.stdout:/usr/bin/ceph: stderr
2024-03-17T23:46:39.783+0000 7ff990a00700 1 --2- >> [v2:172.21.15.38:3300/0,v1:172.21.15.38:6789/0] conn(0x7ff98c106680 0x7ff98c108ab0 unknown :-1 s=NONE pgs=0 cs=0 l=0 rev1=0 crypto rx=0 tx=0 comp rx=0 tx=0).connect
2024-03-17T23:46:40.769 INFO:teuthology.orchestra.run.smithi038.stdout:/usr/bin/ceph: stderr
2024-03-17T23:46:39.783+0000 7ff990a00700 1 -- --> [v2:172.21.15.38:3300/0,v1:172.21.15.38:6789/0] -- mon_getmap magic: 0 -- 0x7ff98c07be70 con 0x7ff98c106680
2024-03-17T23:46:40.769 INFO:teuthology.orchestra.run.smithi038.stdout:/usr/bin/ceph: stderr
2024-03-17T23:46:39.783+0000 7ff989e00700 1 --2- >> [v2:172.21.15.38:3300/0,v1:172.21.15.38:6789/0] conn(0x7ff98c106680 0x7ff98c108ab0 unknown :-1 s=BANNER_CONNECTING pgs=0 cs=0 l=0 rev1=0 crypto rx=0 tx=0 comp rx=0 tx=0)._handle_peer_banner_payload supported=3 required=0
2024-03-17T23:46:40.769 INFO:teuthology.orchestra.run.smithi038.stdout:/usr/bin/ceph: stderr
2024-03-17T23:46:39.783+0000 7ff989e00700 1 --2- >> [v2:172.21.15.38:3300/0,v1:172.21.15.38:6789/0] conn(0x7ff98c106680 0x7ff98c108ab0 unknown :-1 s=HELLO_CONNECTING pgs=0 cs=0 l=0 rev1=1 crypto rx=0 tx=0 comp rx=0 tx=0).handle_hello peer v2:172.21.15.38:3300/0 says I am v2:172.21.15.38:58100/0 (socket says 172.21.15.38:58100)
2024-03-17T23:46:40.769 INFO:teuthology.orchestra.run.smithi038.stdout:/usr/bin/ceph: stderr
2024-03-17T23:46:39.783+0000 7ff989e00700 1 -- 172.21.15.38:0/1539769425 learned_addr learned my addr 172.21.15.38:0/1539769425 (peer_addr_for_me v2:172.21.15.38:0/0)
2024-03-17T23:46:40.770 INFO:teuthology.orchestra.run.smithi038.stdout:/usr/bin/ceph: stderr
2024-03-17T23:46:39.784+0000 7ff989e00700 1 -- 172.21.15.38:0/1539769425 --> [v2:172.21.15.38:3300/0,v1:172.21.15.38:6789/0] -- mon_subscribe({config=0+,monmap=0+}) -- 0x7ff98c108ff0 con 0x7ff98c106680
2024-03-17T23:46:40.770 INFO:teuthology.orchestra.run.smithi038.stdout:/usr/bin/ceph: stderr
2024-03-17T23:46:39.784+0000 7ff989e00700 1 --2- 172.21.15.38:0/1539769425 >> [v2:172.21.15.38:3300/0,v1:172.21.15.38:6789/0] conn(0x7ff98c106680 0x7ff98c108ab0 secure :-1 s=READY pgs=43 cs=0 l=1 rev1=1 crypto rx=0x7ff97c0098a0 tx=0x7ff97c009bb0 comp rx=0 tx=0).ready entity=mon.0 client_cookie=ecf668b996d4f752 server_cookie=0 in_seq=0 out_seq=0
2024-03-17T23:46:40.770 INFO:teuthology.orchestra.run.smithi038.stdout:/usr/bin/ceph: stderr
2024-03-17T23:46:39.785+0000 7ff988a00700 1 -- 172.21.15.38:0/1539769425 <== mon.0 v2:172.21.15.38:3300/0 1 ==== mon_map magic: 0 ==== 205+0+0 (secure 0 0 0) 0x7ff97c004160 con 0x7ff98c106680
2024-03-17T23:46:40.770 INFO:teuthology.orchestra.run.smithi038.stdout:/usr/bin/ceph: stderr
2024-03-17T23:46:39.785+0000 7ff988a00700 1 -- 172.21.15.38:0/1539769425 <== mon.0 v2:172.21.15.38:3300/0 2 ==== config(29 keys) ==== 1178+0+0 (secure 0 0 0) 0x7ff97c004300 con 0x7ff98c106680
2024-03-17T23:46:40.770 INFO:teuthology.orchestra.run.smithi038.stdout:/usr/bin/ceph: stderr
2024-03-17T23:46:39.785+0000 7ff988a00700 1 -- 172.21.15.38:0/1539769425 <== mon.0 v2:172.21.15.38:3300/0 3 ==== mon_map magic: 0 ==== 205+0+0 (secure 0 0 0) 0x7ff97c011cc0 con 0x7ff98c106680
2024-03-17T23:46:40.770 INFO:teuthology.orchestra.run.smithi038.stdout:/usr/bin/ceph: stderr
2024-03-17T23:46:39.785+0000 7ff990a00700 1 -- 172.21.15.38:0/1539769425 >> [v2:172.21.15.38:3300/0,v1:172.21.15.38:6789/0] conn(0x7ff98c106680 msgr2=0x7ff98c108ab0 secure :-1 s=STATE_CONNECTION_ESTABLISHED l=1).mark_down
2024-03-17T23:46:40.770 INFO:teuthology.orchestra.run.smithi038.stdout:/usr/bin/ceph: stderr
2024-03-17T23:46:39.785+0000 7ff990a00700 1 --2- 172.21.15.38:0/1539769425 >> [v2:172.21.15.38:3300/0,v1:172.21.15.38:6789/0] conn(0x7ff98c106680 0x7ff98c108ab0 secure :-1 s=READY pgs=43 cs=0 l=1 rev1=1 crypto rx=0x7ff97c0098a0 tx=0x7ff97c009bb0 comp rx=0 tx=0).stop
2024-03-17T23:46:40.770 INFO:teuthology.orchestra.run.smithi038.stdout:/usr/bin/ceph: stderr
2024-03-17T23:46:39.785+0000 7ff990a00700 1 -- 172.21.15.38:0/1539769425 shutdown_connections
2024-03-17T23:46:40.770 INFO:teuthology.orchestra.run.smithi038.stdout:/usr/bin/ceph: stderr
2024-03-17T23:46:39.785+0000 7ff990a00700 1 --2- 172.21.15.38:0/1539769425 >> [v2:172.21.15.38:3300/0,v1:172.21.15.38:6789/0] conn(0x7ff98c106680 0x7ff98c108ab0 unknown :-1 s=CLOSED pgs=43 cs=0 l=1 rev1=1 crypto rx=0 tx=0 comp rx=0 tx=0).stop
2024-03-17T23:46:40.770 INFO:teuthology.orchestra.run.smithi038.stdout:/usr/bin/ceph: stderr
2024-03-17T23:46:39.785+0000 7ff990a00700 1 -- 172.21.15.38:0/1539769425 >> 172.21.15.38:0/1539769425 conn(0x7ff98c1022c0 msgr2=0x7ff98c104700 unknown :-1 s=STATE_NONE l=0).mark_down
2024-03-17T23:46:40.770 INFO:teuthology.orchestra.run.smithi038.stdout:/usr/bin/ceph: stderr
2024-03-17T23:46:39.786+0000 7ff990a00700 1 -- 172.21.15.38:0/1539769425 shutdown_connections
2024-03-17T23:46:40.770 INFO:teuthology.orchestra.run.smithi038.stdout:/usr/bin/ceph: stderr
2024-03-17T23:46:39.786+0000 7ff990a00700 1 -- 172.21.15.38:0/1539769425 wait complete.
2024-03-17T23:46:40.770 INFO:teuthology.orchestra.run.smithi038.stdout:/usr/bin/ceph: stderr
2024-03-17T23:46:39.787+0000 7ff990a00700 1 Processor -- start
2024-03-17T23:46:40.771 INFO:teuthology.orchestra.run.smithi038.stdout:/usr/bin/ceph: stderr
2024-03-17T23:46:39.787+0000 7ff990a00700 1 -- start start
2024-03-17T23:46:40.771 INFO:teuthology.orchestra.run.smithi038.stdout:/usr/bin/ceph: stderr
2024-03-17T23:46:39.787+0000 7ff990a00700 1 --2- >> [v2:172.21.15.38:3300/0,v1:172.21.15.38:6789/0] conn(0x7ff98c106680 0x7ff98c1a2480 unknown :-1 s=NONE pgs=0 cs=0 l=1 rev1=0 crypto rx=0 tx=0 comp rx=0 tx=0).connect
2024-03-17T23:46:40.771 INFO:teuthology.orchestra.run.smithi038.stdout:/usr/bin/ceph: stderr
2024-03-17T23:46:39.787+0000 7ff990a00700 1 -- --> [v2:172.21.15.38:3300/0,v1:172.21.15.38:6789/0] -- mon_getmap magic: 0 -- 0x7ff98c10a0d0 con 0x7ff98c106680
2024-03-17T23:46:40.771 INFO:teuthology.orchestra.run.smithi038.stdout:/usr/bin/ceph: stderr
2024-03-17T23:46:39.787+0000 7ff989e00700 1 --2- >> [v2:172.21.15.38:3300/0,v1:172.21.15.38:6789/0] conn(0x7ff98c106680 0x7ff98c1a2480 unknown :-1 s=BANNER_CONNECTING pgs=0 cs=0 l=1 rev1=0 crypto rx=0 tx=0 comp rx=0 tx=0)._handle_peer_banner_payload supported=3 required=0
2024-03-17T23:46:40.771 INFO:teuthology.orchestra.run.smithi038.stdout:/usr/bin/ceph: stderr
2024-03-17T23:46:39.787+0000 7ff989e00700 1 --2- >> [v2:172.21.15.38:3300/0,v1:172.21.15.38:6789/0] conn(0x7ff98c106680 0x7ff98c1a2480 unknown :-1 s=HELLO_CONNECTING pgs=0 cs=0 l=1 rev1=1 crypto rx=0 tx=0 comp rx=0 tx=0).handle_hello peer v2:172.21.15.38:3300/0 says I am v2:172.21.15.38:58116/0 (socket says 172.21.15.38:58116)
2024-03-17T23:46:40.771 INFO:teuthology.orchestra.run.smithi038.stdout:/usr/bin/ceph: stderr
2024-03-17T23:46:39.787+0000 7ff989e00700 1 -- 172.21.15.38:0/4138486242 learned_addr learned my addr 172.21.15.38:0/4138486242 (peer_addr_for_me v2:172.21.15.38:0/0)
2024-03-17T23:46:40.771 INFO:teuthology.orchestra.run.smithi038.stdout:/usr/bin/ceph: stderr
2024-03-17T23:46:39.788+0000 7ff989e00700 1 -- 172.21.15.38:0/4138486242 --> [v2:172.21.15.38:3300/0,v1:172.21.15.38:6789/0] -- mon_subscribe({config=0+,monmap=0+}) -- 0x7ff98c1a29c0 con 0x7ff98c106680
2024-03-17T23:46:40.771 INFO:teuthology.orchestra.run.smithi038.stdout:/usr/bin/ceph: stderr
2024-03-17T23:46:39.788+0000 7ff989e00700 1 --2- 172.21.15.38:0/4138486242 >> [v2:172.21.15.38:3300/0,v1:172.21.15.38:6789/0] conn(0x7ff98c106680 0x7ff98c1a2480 secure :-1 s=READY pgs=44 cs=0 l=1 rev1=1 crypto rx=0x7ff97c0038d0 tx=0x7ff97c0039b0 comp rx=0 tx=0).ready entity=mon.0 client_cookie=0 server_cookie=0 in_seq=0 out_seq=0
2024-03-17T23:46:40.771 INFO:teuthology.orchestra.run.smithi038.stdout:/usr/bin/ceph: stderr
2024-03-17T23:46:39.788+0000 7ff982a00700 1 -- 172.21.15.38:0/4138486242 <== mon.0 v2:172.21.15.38:3300/0 1 ==== mon_map magic: 0 ==== 205+0+0 (secure 0 0 0) 0x7ff97c003dd0 con 0x7ff98c106680
2024-03-17T23:46:40.771 INFO:teuthology.orchestra.run.smithi038.stdout:/usr/bin/ceph: stderr
2024-03-17T23:46:39.788+0000 7ff982a00700 1 -- 172.21.15.38:0/4138486242 <== mon.0 v2:172.21.15.38:3300/0 2 ==== config(29 keys) ==== 1178+0+0 (secure 0 0 0) 0x7ff97c003f70 con 0x7ff98c106680
2024-03-17T23:46:40.771 INFO:teuthology.orchestra.run.smithi038.stdout:/usr/bin/ceph: stderr
2024-03-17T23:46:39.788+0000 7ff982a00700 1 -- 172.21.15.38:0/4138486242 <== mon.0 v2:172.21.15.38:3300/0 3 ==== mon_map magic: 0 ==== 205+0+0 (secure 0 0 0) 0x7ff97c024610 con 0x7ff98c106680
2024-03-17T23:46:40.771 INFO:teuthology.orchestra.run.smithi038.stdout:/usr/bin/ceph: stderr
2024-03-17T23:46:39.788+0000 7ff990a00700 1 -- 172.21.15.38:0/4138486242 --> [v2:172.21.15.38:3300/0,v1:172.21.15.38:6789/0] -- mon_subscribe({mgrmap=0+}) -- 0x7ff98c1a2c50 con 0x7ff98c106680
2024-03-17T23:46:40.771 INFO:teuthology.orchestra.run.smithi038.stdout:/usr/bin/ceph: stderr
2024-03-17T23:46:39.788+0000 7ff990a00700 1 -- 172.21.15.38:0/4138486242 --> [v2:172.21.15.38:3300/0,v1:172.21.15.38:6789/0] -- mon_subscribe({osdmap=0}) -- 0x7ff98c1a5940 con 0x7ff98c106680
2024-03-17T23:46:40.772 INFO:teuthology.orchestra.run.smithi038.stdout:/usr/bin/ceph: stderr
2024-03-17T23:46:39.789+0000 7ff982a00700 1 -- 172.21.15.38:0/4138486242 <== mon.0 v2:172.21.15.38:3300/0 4 ==== mgrmap(e 8) ==== 46106+0+0 (secure 0 0 0) 0x7ff97c01a430 con 0x7ff98c106680
2024-03-17T23:46:40.772 INFO:teuthology.orchestra.run.smithi038.stdout:/usr/bin/ceph: stderr
2024-03-17T23:46:39.790+0000 7ff990a00700 1 -- 172.21.15.38:0/4138486242 --> [v2:172.21.15.38:3300/0,v1:172.21.15.38:6789/0] -- mon_command({"prefix": "get_command_descriptions"} v 0) -- 0x7ff98c063900 con 0x7ff98c106680
2024-03-17T23:46:40.772 INFO:teuthology.orchestra.run.smithi038.stdout:/usr/bin/ceph: stderr
2024-03-17T23:46:39.790+0000 7ff982a00700 1 --2- 172.21.15.38:0/4138486242 >> [v2:172.21.15.38:6800/1434366512,v1:172.21.15.38:6801/1434366512] conn(0x7ff970038f70 0x7ff97003b430 unknown :-1 s=NONE pgs=0 cs=0 l=1 rev1=0 crypto rx=0 tx=0 comp rx=0 tx=0).connect
2024-03-17T23:46:40.772 INFO:teuthology.orchestra.run.smithi038.stdout:/usr/bin/ceph: stderr
2024-03-17T23:46:39.790+0000 7ff982a00700 1 -- 172.21.15.38:0/4138486242 <== mon.0 v2:172.21.15.38:3300/0 5 ==== osd_map(2..2 src has 1..2) ==== 940+0+0 (secure 0 0 0) 0x7ff97c04cf80 con 0x7ff98c106680
2024-03-17T23:46:40.772 INFO:teuthology.orchestra.run.smithi038.stdout:/usr/bin/ceph: stderr
2024-03-17T23:46:39.790+0000 7ff989400700 1 --2- 172.21.15.38:0/4138486242 >> [v2:172.21.15.38:6800/1434366512,v1:172.21.15.38:6801/1434366512] conn(0x7ff970038f70 0x7ff97003b430 unknown :-1 s=BANNER_CONNECTING pgs=0 cs=0 l=1 rev1=0 crypto rx=0 tx=0 comp rx=0 tx=0)._handle_peer_banner_payload supported=3 required=0
2024-03-17T23:46:40.772 INFO:teuthology.orchestra.run.smithi038.stdout:/usr/bin/ceph: stderr
2024-03-17T23:46:39.791+0000 7ff989400700 1 --2- 172.21.15.38:0/4138486242 >> [v2:172.21.15.38:6800/1434366512,v1:172.21.15.38:6801/1434366512] conn(0x7ff970038f70 0x7ff97003b430 secure :-1 s=READY pgs=10 cs=0 l=1 rev1=1 crypto rx=0x7ff978006fd0 tx=0x7ff978006e40 comp rx=0 tx=0).ready entity=mgr.14120 client_cookie=0 server_cookie=0 in_seq=0 out_seq=0
2024-03-17T23:46:40.772 INFO:teuthology.orchestra.run.smithi038.stdout:/usr/bin/ceph: stderr
2024-03-17T23:46:39.796+0000 7ff982a00700 1 -- 172.21.15.38:0/4138486242 <== mon.0 v2:172.21.15.38:3300/0 6 ==== mon_command_ack([{"prefix": "get_command_descriptions"}]=0 v0) ==== 72+0+186149 (secure 0 0 0) 0x7ff97c04c8d0 con 0x7ff98c106680
2024-03-17T23:46:40.772 INFO:teuthology.orchestra.run.smithi038.stdout:/usr/bin/ceph: stderr
2024-03-17T23:46:40.024+0000 7ff990a00700 1 -- 172.21.15.38:0/4138486242 --> [v2:172.21.15.38:6800/1434366512,v1:172.21.15.38:6801/1434366512] -- mgr_command(tid 0: {"prefix": "cephadm get-pub-key", "target": ["mon-mgr", ""]}) -- 0x7ff98c10ae60 con 0x7ff970038f70
2024-03-17T23:46:40.772 INFO:teuthology.orchestra.run.smithi038.stdout:/usr/bin/ceph: stderr
2024-03-17T23:46:40.026+0000 7ff982a00700 1 -- 172.21.15.38:0/4138486242 <== mgr.14120 v2:172.21.15.38:6800/1434366512 1 ==== mgr_command_reply(tid 0: 0 ) ==== 8+0+595 (secure 0 0 0) 0x7ff98c10ae60 con 0x7ff970038f70
2024-03-17T23:46:40.772 INFO:teuthology.orchestra.run.smithi038.stdout:/usr/bin/ceph: stderr
2024-03-17T23:46:40.029+0000 7ff990a00700 1 -- 172.21.15.38:0/4138486242 >> [v2:172.21.15.38:6800/1434366512,v1:172.21.15.38:6801/1434366512] conn(0x7ff970038f70 msgr2=0x7ff97003b430 secure :-1 s=STATE_CONNECTION_ESTABLISHED l=1).mark_down
2024-03-17T23:46:40.772 INFO:teuthology.orchestra.run.smithi038.stdout:/usr/bin/ceph: stderr
2024-03-17T23:46:40.029+0000 7ff990a00700 1 --2- 172.21.15.38:0/4138486242 >> [v2:172.21.15.38:6800/1434366512,v1:172.21.15.38:6801/1434366512] conn(0x7ff970038f70 0x7ff97003b430 secure :-1 s=READY pgs=10 cs=0 l=1 rev1=1 crypto rx=0x7ff978006fd0 tx=0x7ff978006e40 comp rx=0 tx=0).stop
2024-03-17T23:46:40.772 INFO:teuthology.orchestra.run.smithi038.stdout:/usr/bin/ceph: stderr
2024-03-17T23:46:40.030+0000 7ff990a00700 1 -- 172.21.15.38:0/4138486242 >> [v2:172.21.15.38:3300/0,v1:172.21.15.38:6789/0] conn(0x7ff98c106680 msgr2=0x7ff98c1a2480 secure :-1 s=STATE_CONNECTION_ESTABLISHED l=1).mark_down
2024-03-17T23:46:40.772 INFO:teuthology.orchestra.run.smithi038.stdout:/usr/bin/ceph: stderr
2024-03-17T23:46:40.030+0000 7ff990a00700 1 --2- 172.21.15.38:0/4138486242 >> [v2:172.21.15.38:3300/0,v1:172.21.15.38:6789/0] conn(0x7ff98c106680 0x7ff98c1a2480 secure :-1 s=READY pgs=44 cs=0 l=1 rev1=1 crypto rx=0x7ff97c0038d0 tx=0x7ff97c0039b0 comp rx=0 tx=0).stop
2024-03-17T23:46:40.773 INFO:teuthology.orchestra.run.smithi038.stdout:/usr/bin/ceph: stderr
2024-03-17T23:46:40.030+0000 7ff990a00700 1 -- 172.21.15.38:0/4138486242 shutdown_connections
2024-03-17T23:46:40.773 INFO:teuthology.orchestra.run.smithi038.stdout:/usr/bin/ceph: stderr
2024-03-17T23:46:40.030+0000 7ff990a00700 1 --2- 172.21.15.38:0/4138486242 >> [v2:172.21.15.38:6800/1434366512,v1:172.21.15.38:6801/1434366512] conn(0x7ff970038f70 0x7ff97003b430 unknown :-1 s=CLOSED pgs=10 cs=0 l=1 rev1=1 crypto rx=0 tx=0 comp rx=0 tx=0).stop
2024-03-17T23:46:40.773 INFO:teuthology.orchestra.run.smithi038.stdout:/usr/bin/ceph: stderr
2024-03-17T23:46:40.030+0000 7ff990a00700 1 --2- 172.21.15.38:0/4138486242 >> [v2:172.21.15.38:3300/0,v1:172.21.15.38:6789/0] conn(0x7ff98c106680 0x7ff98c1a2480 unknown :-1 s=CLOSED pgs=44 cs=0 l=1 rev1=1 crypto rx=0 tx=0 comp rx=0 tx=0).stop
2024-03-17T23:46:40.773 INFO:teuthology.orchestra.run.smithi038.stdout:/usr/bin/ceph: stderr
2024-03-17T23:46:40.030+0000 7ff990a00700 1 -- 172.21.15.38:0/4138486242 >> 172.21.15.38:0/4138486242 conn(0x7ff98c1022c0 msgr2=0x7ff98c104700 unknown :-1 s=STATE_NONE l=0).mark_down
2024-03-17T23:46:40.773 INFO:teuthology.orchestra.run.smithi038.stdout:/usr/bin/ceph: stderr
2024-03-17T23:46:40.030+0000 7ff990a00700 1 -- 172.21.15.38:0/4138486242 shutdown_connections
2024-03-17T23:46:40.773 INFO:teuthology.orchestra.run.smithi038.stdout:/usr/bin/ceph: stderr
2024-03-17T23:46:40.030+0000 7ff990a00700 1 -- 172.21.15.38:0/4138486242 wait complete.
2024-03-17T23:46:40.773 INFO:teuthology.orchestra.run.smithi038.stdout:Wrote public SSH key to /home/ubuntu/cephtest/ceph.pub
2024-03-17T23:46:40.773 INFO:teuthology.orchestra.run.smithi038.stdout:Adding key to root@localhost authorized_keys...
2024-03-17T23:46:40.773 INFO:teuthology.orchestra.run.smithi038.stdout:Adding host smithi038...
2024-03-17T23:46:42.219 INFO:journalctl@ceph.mon.a.smithi038.stdout:Mar 17 23:46:42 smithi038 ceph-mon[31428]: from='client.14140 -' entity='client.admin' cmd=[{"prefix": "orch host add", "hostname": "smithi038", "addr": "172.21.15.38", "target": ["mon-mgr", ""]}]: dispatch
2024-03-17T23:46:44.469 INFO:journalctl@ceph.mon.a.smithi038.stdout:Mar 17 23:46:44 smithi038 ceph-mon[31428]: Deploying cephadm binary to smithi038
2024-03-17T23:46:49.036 INFO:teuthology.orchestra.run.smithi038.stdout:/usr/bin/ceph: stdout Added host 'smithi038' with addr '172.21.15.38'
2024-03-17T23:46:49.037 INFO:teuthology.orchestra.run.smithi038.stdout:/usr/bin/ceph: stderr
2024-03-17T23:46:41.331+0000 7ffb92000700 1 Processor -- start
2024-03-17T23:46:49.037 INFO:teuthology.orchestra.run.smithi038.stdout:/usr/bin/ceph: stderr
2024-03-17T23:46:41.331+0000 7ffb92000700 1 -- start start
2024-03-17T23:46:49.037 INFO:teuthology.orchestra.run.smithi038.stdout:/usr/bin/ceph: stderr
2024-03-17T23:46:41.332+0000 7ffb92000700 1 --2- >> [v2:172.21.15.38:3300/0,v1:172.21.15.38:6789/0] conn(0x7ffb8c10ec90 0x7ffb8c111080 unknown :-1 s=NONE pgs=0 cs=0 l=0 rev1=0 crypto rx=0 tx=0 comp rx=0 tx=0).connect
2024-03-17T23:46:49.037 INFO:teuthology.orchestra.run.smithi038.stdout:/usr/bin/ceph: stderr
2024-03-17T23:46:41.332+0000 7ffb92000700 1 -- --> [v2:172.21.15.38:3300/0,v1:172.21.15.38:6789/0] -- mon_getmap magic: 0 -- 0x7ffb8c082460 con 0x7ffb8c10ec90
2024-03-17T23:46:49.037 INFO:teuthology.orchestra.run.smithi038.stdout:/usr/bin/ceph: stderr
2024-03-17T23:46:41.332+0000 7ffb90c00700 1 --2- >> [v2:172.21.15.38:3300/0,v1:172.21.15.38:6789/0] conn(0x7ffb8c10ec90 0x7ffb8c111080 unknown :-1 s=BANNER_CONNECTING pgs=0 cs=0 l=0 rev1=0 crypto rx=0 tx=0 comp rx=0 tx=0)._handle_peer_banner_payload supported=3 required=0
2024-03-17T23:46:49.037 INFO:teuthology.orchestra.run.smithi038.stdout:/usr/bin/ceph: stderr
2024-03-17T23:46:41.332+0000 7ffb90c00700 1 --2- >> [v2:172.21.15.38:3300/0,v1:172.21.15.38:6789/0] conn(0x7ffb8c10ec90 0x7ffb8c111080 unknown :-1 s=HELLO_CONNECTING pgs=0 cs=0 l=0 rev1=1 crypto rx=0 tx=0 comp rx=0 tx=0).handle_hello peer v2:172.21.15.38:3300/0 says I am v2:172.21.15.38:58130/0 (socket says 172.21.15.38:58130)
2024-03-17T23:46:49.037 INFO:teuthology.orchestra.run.smithi038.stdout:/usr/bin/ceph: stderr
2024-03-17T23:46:41.332+0000 7ffb90c00700 1 -- 172.21.15.38:0/2320911414 learned_addr learned my addr 172.21.15.38:0/2320911414 (peer_addr_for_me v2:172.21.15.38:0/0)
2024-03-17T23:46:49.037 INFO:teuthology.orchestra.run.smithi038.stdout:/usr/bin/ceph: stderr
2024-03-17T23:46:41.332+0000 7ffb90c00700 1 -- 172.21.15.38:0/2320911414 --> [v2:172.21.15.38:3300/0,v1:172.21.15.38:6789/0] -- mon_subscribe({config=0+,monmap=0+}) -- 0x7ffb8c1115c0 con 0x7ffb8c10ec90
2024-03-17T23:46:49.037 INFO:teuthology.orchestra.run.smithi038.stdout:/usr/bin/ceph: stderr
2024-03-17T23:46:41.333+0000 7ffb90c00700 1 --2- 172.21.15.38:0/2320911414 >> [v2:172.21.15.38:3300/0,v1:172.21.15.38:6789/0] conn(0x7ffb8c10ec90 0x7ffb8c111080 secure :-1 s=READY pgs=45 cs=0 l=1 rev1=1 crypto rx=0x7ffb800098a0 tx=0x7ffb80009bb0 comp rx=0 tx=0).ready entity=mon.0 client_cookie=678f02d49dcb4165 server_cookie=0 in_seq=0 out_seq=0
2024-03-17T23:46:49.037 INFO:teuthology.orchestra.run.smithi038.stdout:/usr/bin/ceph: stderr
2024-03-17T23:46:41.333+0000 7ffb8b400700 1 -- 172.21.15.38:0/2320911414 <== mon.0 v2:172.21.15.38:3300/0 1 ==== mon_map magic: 0 ==== 205+0+0 (secure 0 0 0) 0x7ffb80004160 con 0x7ffb8c10ec90
2024-03-17T23:46:49.037 INFO:teuthology.orchestra.run.smithi038.stdout:/usr/bin/ceph: stderr
2024-03-17T23:46:41.333+0000 7ffb8b400700 1 -- 172.21.15.38:0/2320911414 <== mon.0 v2:172.21.15.38:3300/0 2 ==== config(29 keys) ==== 1178+0+0 (secure 0 0 0) 0x7ffb80004300 con 0x7ffb8c10ec90
2024-03-17T23:46:49.037 INFO:teuthology.orchestra.run.smithi038.stdout:/usr/bin/ceph: stderr
2024-03-17T23:46:41.333+0000 7ffb8b400700 1 -- 172.21.15.38:0/2320911414 <== mon.0 v2:172.21.15.38:3300/0 3 ==== mon_map magic: 0 ==== 205+0+0 (secure 0 0 0) 0x7ffb80011cc0 con 0x7ffb8c10ec90
2024-03-17T23:46:49.037 INFO:teuthology.orchestra.run.smithi038.stdout:/usr/bin/ceph: stderr
2024-03-17T23:46:41.334+0000 7ffb92000700 1 -- 172.21.15.38:0/2320911414 >> [v2:172.21.15.38:3300/0,v1:172.21.15.38:6789/0] conn(0x7ffb8c10ec90 msgr2=0x7ffb8c111080 secure :-1 s=STATE_CONNECTION_ESTABLISHED l=1).mark_down
2024-03-17T23:46:49.038 INFO:teuthology.orchestra.run.smithi038.stdout:/usr/bin/ceph: stderr
2024-03-17T23:46:41.334+0000 7ffb92000700 1 --2- 172.21.15.38:0/2320911414 >> [v2:172.21.15.38:3300/0,v1:172.21.15.38:6789/0] conn(0x7ffb8c10ec90 0x7ffb8c111080 secure :-1 s=READY pgs=45 cs=0 l=1 rev1=1 crypto rx=0x7ffb800098a0 tx=0x7ffb80009bb0 comp rx=0 tx=0).stop
2024-03-17T23:46:49.038 INFO:teuthology.orchestra.run.smithi038.stdout:/usr/bin/ceph: stderr
2024-03-17T23:46:41.334+0000 7ffb92000700 1 -- 172.21.15.38:0/2320911414 shutdown_connections
2024-03-17T23:46:49.038 INFO:teuthology.orchestra.run.smithi038.stdout:/usr/bin/ceph: stderr
2024-03-17T23:46:41.334+0000 7ffb92000700 1 --2- 172.21.15.38:0/2320911414 >> [v2:172.21.15.38:3300/0,v1:172.21.15.38:6789/0] conn(0x7ffb8c10ec90 0x7ffb8c111080 unknown :-1 s=CLOSED pgs=45 cs=0 l=1 rev1=1 crypto rx=0 tx=0 comp rx=0 tx=0).stop
2024-03-17T23:46:49.038 INFO:teuthology.orchestra.run.smithi038.stdout:/usr/bin/ceph: stderr
2024-03-17T23:46:41.334+0000 7ffb92000700 1 -- 172.21.15.38:0/2320911414 >> 172.21.15.38:0/2320911414 conn(0x7ffb8c07d2c0 msgr2=0x7ffb8c07f6e0 unknown :-1 s=STATE_NONE l=0).mark_down
2024-03-17T23:46:49.038 INFO:teuthology.orchestra.run.smithi038.stdout:/usr/bin/ceph: stderr
2024-03-17T23:46:41.334+0000 7ffb92000700 1 -- 172.21.15.38:0/2320911414 shutdown_connections
2024-03-17T23:46:49.038 INFO:teuthology.orchestra.run.smithi038.stdout:/usr/bin/ceph: stderr
2024-03-17T23:46:41.334+0000 7ffb92000700 1 -- 172.21.15.38:0/2320911414 wait complete.
2024-03-17T23:46:49.038 INFO:teuthology.orchestra.run.smithi038.stdout:/usr/bin/ceph: stderr
2024-03-17T23:46:41.335+0000 7ffb92000700 1 Processor -- start
2024-03-17T23:46:49.038 INFO:teuthology.orchestra.run.smithi038.stdout:/usr/bin/ceph: stderr
2024-03-17T23:46:41.335+0000 7ffb92000700 1 -- start start
2024-03-17T23:46:49.038 INFO:teuthology.orchestra.run.smithi038.stdout:/usr/bin/ceph: stderr
2024-03-17T23:46:41.336+0000 7ffb92000700 1 --2- >> [v2:172.21.15.38:3300/0,v1:172.21.15.38:6789/0] conn(0x7ffb8c10ec90 0x7ffb8c1a2260 unknown :-1 s=NONE pgs=0 cs=0 l=1 rev1=0 crypto rx=0 tx=0 comp rx=0 tx=0).connect
2024-03-17T23:46:49.038 INFO:teuthology.orchestra.run.smithi038.stdout:/usr/bin/ceph: stderr
2024-03-17T23:46:41.336+0000 7ffb92000700 1 -- --> [v2:172.21.15.38:3300/0,v1:172.21.15.38:6789/0] -- mon_getmap magic: 0 -- 0x7ffb8c112630 con 0x7ffb8c10ec90
2024-03-17T23:46:49.038 INFO:teuthology.orchestra.run.smithi038.stdout:/usr/bin/ceph: stderr
2024-03-17T23:46:41.336+0000 7ffb90c00700 1 --2- >> [v2:172.21.15.38:3300/0,v1:172.21.15.38:6789/0] conn(0x7ffb8c10ec90 0x7ffb8c1a2260 unknown :-1 s=BANNER_CONNECTING pgs=0 cs=0 l=1 rev1=0 crypto rx=0 tx=0 comp rx=0 tx=0)._handle_peer_banner_payload supported=3 required=0
2024-03-17T23:46:49.038 INFO:teuthology.orchestra.run.smithi038.stdout:/usr/bin/ceph: stderr
2024-03-17T23:46:41.336+0000 7ffb90c00700 1 --2- >> [v2:172.21.15.38:3300/0,v1:172.21.15.38:6789/0] conn(0x7ffb8c10ec90 0x7ffb8c1a2260 unknown :-1 s=HELLO_CONNECTING pgs=0 cs=0 l=1 rev1=1 crypto rx=0 tx=0 comp rx=0 tx=0).handle_hello peer v2:172.21.15.38:3300/0 says I am v2:172.21.15.38:58138/0 (socket says 172.21.15.38:58138)
2024-03-17T23:46:49.038 INFO:teuthology.orchestra.run.smithi038.stdout:/usr/bin/ceph: stderr
2024-03-17T23:46:41.336+0000 7ffb90c00700 1 -- 172.21.15.38:0/3161875253 learned_addr learned my addr 172.21.15.38:0/3161875253 (peer_addr_for_me v2:172.21.15.38:0/0)
2024-03-17T23:46:49.039 INFO:teuthology.orchestra.run.smithi038.stdout:/usr/bin/ceph: stderr
2024-03-17T23:46:41.336+0000 7ffb90c00700 1 -- 172.21.15.38:0/3161875253 --> [v2:172.21.15.38:3300/0,v1:172.21.15.38:6789/0] -- mon_subscribe({config=0+,monmap=0+}) -- 0x7ffb8c1a27a0 con 0x7ffb8c10ec90
2024-03-17T23:46:49.039 INFO:teuthology.orchestra.run.smithi038.stdout:/usr/bin/ceph: stderr
2024-03-17T23:46:41.337+0000 7ffb90c00700 1 --2- 172.21.15.38:0/3161875253 >> [v2:172.21.15.38:3300/0,v1:172.21.15.38:6789/0] conn(0x7ffb8c10ec90 0x7ffb8c1a2260 secure :-1 s=READY pgs=46 cs=0 l=1 rev1=1 crypto rx=0x7ffb800038d0 tx=0x7ffb800039b0 comp rx=0 tx=0).ready entity=mon.0 client_cookie=0 server_cookie=0 in_seq=0 out_seq=0
2024-03-17T23:46:49.039 INFO:teuthology.orchestra.run.smithi038.stdout:/usr/bin/ceph: stderr
2024-03-17T23:46:41.337+0000 7ffb89600700 1 -- 172.21.15.38:0/3161875253 <== mon.0 v2:172.21.15.38:3300/0 1 ==== mon_map magic: 0 ==== 205+0+0 (secure 0 0 0) 0x7ffb80003dd0 con 0x7ffb8c10ec90
2024-03-17T23:46:49.039 INFO:teuthology.orchestra.run.smithi038.stdout:/usr/bin/ceph: stderr
2024-03-17T23:46:41.337+0000 7ffb89600700 1 -- 172.21.15.38:0/3161875253 <== mon.0 v2:172.21.15.38:3300/0 2 ==== config(29 keys) ==== 1178+0+0 (secure 0 0 0) 0x7ffb80003f70 con 0x7ffb8c10ec90
2024-03-17T23:46:49.039 INFO:teuthology.orchestra.run.smithi038.stdout:/usr/bin/ceph: stderr
2024-03-17T23:46:41.337+0000 7ffb92000700 1 -- 172.21.15.38:0/3161875253 --> [v2:172.21.15.38:3300/0,v1:172.21.15.38:6789/0] -- mon_subscribe({mgrmap=0+}) -- 0x7ffb8c1a2a30 con 0x7ffb8c10ec90
2024-03-17T23:46:49.039 INFO:teuthology.orchestra.run.smithi038.stdout:/usr/bin/ceph: stderr
2024-03-17T23:46:41.337+0000 7ffb89600700 1 -- 172.21.15.38:0/3161875253 <== mon.0 v2:172.21.15.38:3300/0 3 ==== mon_map magic: 0 ==== 205+0+0 (secure 0 0 0) 0x7ffb80024610 con 0x7ffb8c10ec90
2024-03-17T23:46:49.039 INFO:teuthology.orchestra.run.smithi038.stdout:/usr/bin/ceph: stderr
2024-03-17T23:46:41.337+0000 7ffb92000700 1 -- 172.21.15.38:0/3161875253 --> [v2:172.21.15.38:3300/0,v1:172.21.15.38:6789/0] -- mon_subscribe({osdmap=0}) -- 0x7ffb8c1a5720 con 0x7ffb8c10ec90
2024-03-17T23:46:49.039 INFO:teuthology.orchestra.run.smithi038.stdout:/usr/bin/ceph: stderr
2024-03-17T23:46:41.338+0000 7ffb89600700 1 -- 172.21.15.38:0/3161875253 <== mon.0 v2:172.21.15.38:3300/0 4 ==== mgrmap(e 8) ==== 46106+0+0 (secure 0 0 0) 0x7ffb8001aa50 con 0x7ffb8c10ec90
2024-03-17T23:46:49.039 INFO:teuthology.orchestra.run.smithi038.stdout:/usr/bin/ceph: stderr
2024-03-17T23:46:41.338+0000 7ffb92000700 1 -- 172.21.15.38:0/3161875253 --> [v2:172.21.15.38:3300/0,v1:172.21.15.38:6789/0] -- mon_command({"prefix": "get_command_descriptions"} v 0) -- 0x7ffb8c063900 con 0x7ffb8c10ec90
2024-03-17T23:46:49.039 INFO:teuthology.orchestra.run.smithi038.stdout:/usr/bin/ceph: stderr
2024-03-17T23:46:41.339+0000 7ffb89600700 1 --2- 172.21.15.38:0/3161875253 >> [v2:172.21.15.38:6800/1434366512,v1:172.21.15.38:6801/1434366512] conn(0x7ffb74038f70 0x7ffb7403b430 unknown :-1 s=NONE pgs=0 cs=0 l=1 rev1=0 crypto rx=0 tx=0 comp rx=0 tx=0).connect
2024-03-17T23:46:49.039 INFO:teuthology.orchestra.run.smithi038.stdout:/usr/bin/ceph: stderr
2024-03-17T23:46:41.339+0000 7ffb89600700 1 -- 172.21.15.38:0/3161875253 <== mon.0 v2:172.21.15.38:3300/0 5 ==== osd_map(2..2 src has 1..2) ==== 940+0+0 (secure 0 0 0) 0x7ffb8004cf10 con 0x7ffb8c10ec90
2024-03-17T23:46:49.039 INFO:teuthology.orchestra.run.smithi038.stdout:/usr/bin/ceph: stderr
2024-03-17T23:46:41.340+0000 7ffb8be00700 1 --2- 172.21.15.38:0/3161875253 >> [v2:172.21.15.38:6800/1434366512,v1:172.21.15.38:6801/1434366512] conn(0x7ffb74038f70 0x7ffb7403b430 unknown :-1 s=BANNER_CONNECTING pgs=0 cs=0 l=1 rev1=0 crypto rx=0 tx=0 comp rx=0 tx=0)._handle_peer_banner_payload supported=3 required=0
2024-03-17T23:46:49.039 INFO:teuthology.orchestra.run.smithi038.stdout:/usr/bin/ceph: stderr
2024-03-17T23:46:41.340+0000 7ffb8be00700 1 --2- 172.21.15.38:0/3161875253 >> [v2:172.21.15.38:6800/1434366512,v1:172.21.15.38:6801/1434366512] conn(0x7ffb74038f70 0x7ffb7403b430 secure :-1 s=READY pgs=11 cs=0 l=1 rev1=1 crypto rx=0x7ffb78006fd0 tx=0x7ffb78006e40 comp rx=0 tx=0).ready entity=mgr.14120 client_cookie=0 server_cookie=0 in_seq=0 out_seq=0
2024-03-17T23:46:49.039 INFO:teuthology.orchestra.run.smithi038.stdout:/usr/bin/ceph: stderr
2024-03-17T23:46:41.344+0000 7ffb89600700 1 -- 172.21.15.38:0/3161875253 <== mon.0 v2:172.21.15.38:3300/0 6 ==== mon_command_ack([{"prefix": "get_command_descriptions"}]=0 v0) ==== 72+0+186149 (secure 0 0 0) 0x7ffb8002d3f0 con 0x7ffb8c10ec90
2024-03-17T23:46:49.040 INFO:teuthology.orchestra.run.smithi038.stdout:/usr/bin/ceph: stderr
2024-03-17T23:46:41.576+0000 7ffb92000700 1 -- 172.21.15.38:0/3161875253 --> [v2:172.21.15.38:6800/1434366512,v1:172.21.15.38:6801/1434366512] -- mgr_command(tid 0: {"prefix": "orch host add", "hostname": "smithi038", "addr": "172.21.15.38", "target": ["mon-mgr", ""]}) -- 0x7ffb8c07e580 con 0x7ffb74038f70
2024-03-17T23:46:49.040 INFO:teuthology.orchestra.run.smithi038.stdout:/usr/bin/ceph: stderr
2024-03-17T23:46:48.310+0000 7ffb89600700 1 -- 172.21.15.38:0/3161875253 <== mgr.14120 v2:172.21.15.38:6800/1434366512 1 ==== mgr_command_reply(tid 0: 0 ) ==== 8+0+48 (secure 0 0 0) 0x7ffb8c07e580 con 0x7ffb74038f70
2024-03-17T23:46:49.040 INFO:teuthology.orchestra.run.smithi038.stdout:/usr/bin/ceph: stderr
2024-03-17T23:46:48.314+0000 7ffb92000700 1 -- 172.21.15.38:0/3161875253 >> [v2:172.21.15.38:6800/1434366512,v1:172.21.15.38:6801/1434366512] conn(0x7ffb74038f70 msgr2=0x7ffb7403b430 secure :-1 s=STATE_CONNECTION_ESTABLISHED l=1).mark_down
2024-03-17T23:46:49.040 INFO:teuthology.orchestra.run.smithi038.stdout:/usr/bin/ceph: stderr
2024-03-17T23:46:48.314+0000 7ffb92000700 1 --2- 172.21.15.38:0/3161875253 >> [v2:172.21.15.38:6800/1434366512,v1:172.21.15.38:6801/1434366512] conn(0x7ffb74038f70 0x7ffb7403b430 secure :-1 s=READY pgs=11 cs=0 l=1 rev1=1 crypto rx=0x7ffb78006fd0 tx=0x7ffb78006e40 comp rx=0 tx=0).stop
2024-03-17T23:46:49.040 INFO:teuthology.orchestra.run.smithi038.stdout:/usr/bin/ceph: stderr
2024-03-17T23:46:48.314+0000 7ffb92000700 1 -- 172.21.15.38:0/3161875253 >> [v2:172.21.15.38:3300/0,v1:172.21.15.38:6789/0] conn(0x7ffb8c10ec90 msgr2=0x7ffb8c1a2260 secure :-1 s=STATE_CONNECTION_ESTABLISHED l=1).mark_down
2024-03-17T23:46:49.040 INFO:teuthology.orchestra.run.smithi038.stdout:/usr/bin/ceph: stderr
2024-03-17T23:46:48.314+0000 7ffb92000700 1 --2- 172.21.15.38:0/3161875253 >> [v2:172.21.15.38:3300/0,v1:172.21.15.38:6789/0] conn(0x7ffb8c10ec90 0x7ffb8c1a2260 secure :-1 s=READY pgs=46 cs=0 l=1 rev1=1 crypto rx=0x7ffb800038d0 tx=0x7ffb800039b0 comp rx=0 tx=0).stop
2024-03-17T23:46:49.040 INFO:teuthology.orchestra.run.smithi038.stdout:/usr/bin/ceph: stderr
2024-03-17T23:46:48.315+0000 7ffb92000700 1 -- 172.21.15.38:0/3161875253 shutdown_connections
2024-03-17T23:46:49.040 INFO:teuthology.orchestra.run.smithi038.stdout:/usr/bin/ceph: stderr
2024-03-17T23:46:48.315+0000 7ffb92000700 1 --2- 172.21.15.38:0/3161875253 >> [v2:172.21.15.38:6800/1434366512,v1:172.21.15.38:6801/1434366512] conn(0x7ffb74038f70 0x7ffb7403b430 unknown :-1 s=CLOSED pgs=11 cs=0 l=1 rev1=1 crypto rx=0 tx=0 comp rx=0 tx=0).stop
2024-03-17T23:46:49.040 INFO:teuthology.orchestra.run.smithi038.stdout:/usr/bin/ceph: stderr
2024-03-17T23:46:48.315+0000 7ffb92000700 1 --2- 172.21.15.38:0/3161875253 >> [v2:172.21.15.38:3300/0,v1:172.21.15.38:6789/0] conn(0x7ffb8c10ec90 0x7ffb8c1a2260 unknown :-1 s=CLOSED pgs=46 cs=0 l=1 rev1=1 crypto rx=0 tx=0 comp rx=0 tx=0).stop
2024-03-17T23:46:49.040 INFO:teuthology.orchestra.run.smithi038.stdout:/usr/bin/ceph: stderr
2024-03-17T23:46:48.315+0000 7ffb92000700 1 -- 172.21.15.38:0/3161875253 >> 172.21.15.38:0/3161875253 conn(0x7ffb8c07d2c0 msgr2=0x7ffb8c07de70 unknown :-1 s=STATE_NONE l=0).mark_down
2024-03-17T23:46:49.040 INFO:teuthology.orchestra.run.smithi038.stdout:/usr/bin/ceph: stderr
2024-03-17T23:46:48.315+0000 7ffb92000700 1 -- 172.21.15.38:0/3161875253 shutdown_connections
2024-03-17T23:46:49.040 INFO:teuthology.orchestra.run.smithi038.stdout:/usr/bin/ceph: stderr
2024-03-17T23:46:48.315+0000 7ffb92000700 1 -- 172.21.15.38:0/3161875253 wait complete.
2024-03-17T23:46:49.040 INFO:teuthology.orchestra.run.smithi038.stdout:Deploying unmanaged mon service...
2024-03-17T23:46:49.544 INFO:journalctl@ceph.mon.a.smithi038.stdout:Mar 17 23:46:49 smithi038 ceph-mon[31428]: from='mgr.14120 172.21.15.38:0/1234811959' entity='mgr.x'
2024-03-17T23:46:49.544 INFO:journalctl@ceph.mon.a.smithi038.stdout:Mar 17 23:46:49 smithi038 ceph-mon[31428]: Added host smithi038
2024-03-17T23:46:49.544 INFO:journalctl@ceph.mon.a.smithi038.stdout:Mar 17 23:46:49 smithi038 ceph-mon[31428]: from='mgr.14120 172.21.15.38:0/1234811959' entity='mgr.x' cmd=[{"prefix": "config dump", "format": "json"}]: dispatch
2024-03-17T23:46:50.553 INFO:teuthology.orchestra.run.smithi038.stdout:/usr/bin/ceph: stdout Scheduled mon update...
2024-03-17T23:46:50.553 INFO:teuthology.orchestra.run.smithi038.stdout:/usr/bin/ceph: stderr
2024-03-17T23:46:49.620+0000 7f8dc4600700 1 Processor -- start
2024-03-17T23:46:50.553 INFO:teuthology.orchestra.run.smithi038.stdout:/usr/bin/ceph: stderr
2024-03-17T23:46:49.621+0000 7f8dc4600700 1 -- start start
2024-03-17T23:46:50.553 INFO:teuthology.orchestra.run.smithi038.stdout:/usr/bin/ceph: stderr
2024-03-17T23:46:49.621+0000 7f8dc4600700 1 --2- >> [v2:172.21.15.38:3300/0,v1:172.21.15.38:6789/0] conn(0x7f8dbc106ca0 0x7f8dbc1070c0 unknown :-1 s=NONE pgs=0 cs=0 l=0 rev1=0 crypto rx=0 tx=0 comp rx=0 tx=0).connect
2024-03-17T23:46:50.553 INFO:teuthology.orchestra.run.smithi038.stdout:/usr/bin/ceph: stderr
2024-03-17T23:46:49.621+0000 7f8dc4600700 1 -- --> [v2:172.21.15.38:3300/0,v1:172.21.15.38:6789/0] -- mon_getmap magic: 0 -- 0x7f8dbc107690 con 0x7f8dbc106ca0
2024-03-17T23:46:50.556 INFO:teuthology.orchestra.run.smithi038.stdout:/usr/bin/ceph: stderr
2024-03-17T23:46:49.622+0000 7f8dc1c00700 1 --2- >> [v2:172.21.15.38:3300/0,v1:172.21.15.38:6789/0] conn(0x7f8dbc106ca0 0x7f8dbc1070c0 unknown :-1 s=BANNER_CONNECTING pgs=0 cs=0 l=0 rev1=0 crypto rx=0 tx=0 comp rx=0 tx=0)._handle_peer_banner_payload supported=3 required=0
2024-03-17T23:46:50.556 INFO:teuthology.orchestra.run.smithi038.stdout:/usr/bin/ceph: stderr
2024-03-17T23:46:49.622+0000 7f8dc1c00700 1 --2- >> [v2:172.21.15.38:3300/0,v1:172.21.15.38:6789/0] conn(0x7f8dbc106ca0 0x7f8dbc1070c0 unknown :-1 s=HELLO_CONNECTING pgs=0 cs=0 l=0 rev1=1 crypto rx=0 tx=0 comp rx=0 tx=0).handle_hello peer v2:172.21.15.38:3300/0 says I am v2:172.21.15.38:39336/0 (socket says 172.21.15.38:39336)
2024-03-17T23:46:50.556 INFO:teuthology.orchestra.run.smithi038.stdout:/usr/bin/ceph: stderr
2024-03-17T23:46:49.622+0000 7f8dc1c00700 1 -- 172.21.15.38:0/3575731626 learned_addr learned my addr 172.21.15.38:0/3575731626 (peer_addr_for_me v2:172.21.15.38:0/0)
2024-03-17T23:46:50.556 INFO:teuthology.orchestra.run.smithi038.stdout:/usr/bin/ceph: stderr
2024-03-17T23:46:49.622+0000 7f8dc1c00700 1 -- 172.21.15.38:0/3575731626 --> [v2:172.21.15.38:3300/0,v1:172.21.15.38:6789/0] -- mon_subscribe({config=0+,monmap=0+}) -- 0x7f8dbc107ea0 con 0x7f8dbc106ca0
2024-03-17T23:46:50.556 INFO:teuthology.orchestra.run.smithi038.stdout:/usr/bin/ceph: stderr
2024-03-17T23:46:49.623+0000 7f8dc1c00700 1 --2- 172.21.15.38:0/3575731626 >> [v2:172.21.15.38:3300/0,v1:172.21.15.38:6789/0] conn(0x7f8dbc106ca0 0x7f8dbc1070c0 secure :-1 s=READY pgs=47 cs=0 l=1 rev1=1 crypto rx=0x7f8db00098a0 tx=0x7f8db0009bb0 comp rx=0 tx=0).ready entity=mon.0 client_cookie=55a558ebde4dd6ab server_cookie=0 in_seq=0 out_seq=0
2024-03-17T23:46:50.556 INFO:teuthology.orchestra.run.smithi038.stdout:/usr/bin/ceph: stderr
2024-03-17T23:46:49.623+0000 7f8dbbe00700 1 -- 172.21.15.38:0/3575731626 <== mon.0 v2:172.21.15.38:3300/0 1 ==== mon_map magic: 0 ==== 205+0+0 (secure 0 0 0) 0x7f8db0004160 con 0x7f8dbc106ca0
2024-03-17T23:46:50.556 INFO:teuthology.orchestra.run.smithi038.stdout:/usr/bin/ceph: stderr
2024-03-17T23:46:49.623+0000 7f8dbbe00700 1 -- 172.21.15.38:0/3575731626 <== mon.0 v2:172.21.15.38:3300/0 2 ==== config(29 keys) ==== 1178+0+0 (secure 0 0 0) 0x7f8db0004300 con 0x7f8dbc106ca0
2024-03-17T23:46:50.556 INFO:teuthology.orchestra.run.smithi038.stdout:/usr/bin/ceph: stderr
2024-03-17T23:46:49.623+0000 7f8dbbe00700 1 -- 172.21.15.38:0/3575731626 <== mon.0 v2:172.21.15.38:3300/0 3 ==== mon_map magic: 0 ==== 205+0+0 (secure 0 0 0) 0x7f8db0011cc0 con 0x7f8dbc106ca0
2024-03-17T23:46:50.557 INFO:teuthology.orchestra.run.smithi038.stdout:/usr/bin/ceph: stderr
2024-03-17T23:46:49.624+0000 7f8dc4600700 1 -- 172.21.15.38:0/3575731626 >> [v2:172.21.15.38:3300/0,v1:172.21.15.38:6789/0] conn(0x7f8dbc106ca0 msgr2=0x7f8dbc1070c0 secure :-1 s=STATE_CONNECTION_ESTABLISHED l=1).mark_down
2024-03-17T23:46:50.557 INFO:teuthology.orchestra.run.smithi038.stdout:/usr/bin/ceph: stderr
2024-03-17T23:46:49.624+0000 7f8dc4600700 1 --2- 172.21.15.38:0/3575731626 >> [v2:172.21.15.38:3300/0,v1:172.21.15.38:6789/0] conn(0x7f8dbc106ca0 0x7f8dbc1070c0 secure :-1 s=READY pgs=47 cs=0 l=1 rev1=1 crypto rx=0x7f8db00098a0 tx=0x7f8db0009bb0 comp rx=0 tx=0).stop
2024-03-17T23:46:50.557 INFO:teuthology.orchestra.run.smithi038.stdout:/usr/bin/ceph: stderr
2024-03-17T23:46:49.624+0000 7f8dc4600700 1 -- 172.21.15.38:0/3575731626 shutdown_connections
2024-03-17T23:46:50.557 INFO:teuthology.orchestra.run.smithi038.stdout:/usr/bin/ceph: stderr
2024-03-17T23:46:49.624+0000 7f8dc4600700 1 --2- 172.21.15.38:0/3575731626 >> [v2:172.21.15.38:3300/0,v1:172.21.15.38:6789/0] conn(0x7f8dbc106ca0 0x7f8dbc1070c0 unknown :-1 s=CLOSED pgs=47 cs=0 l=1 rev1=1 crypto rx=0 tx=0 comp rx=0 tx=0).stop
2024-03-17T23:46:50.557 INFO:teuthology.orchestra.run.smithi038.stdout:/usr/bin/ceph: stderr
2024-03-17T23:46:49.624+0000 7f8dc4600700 1 -- 172.21.15.38:0/3575731626 >> 172.21.15.38:0/3575731626 conn(0x7f8dbc102240 msgr2=0x7f8dbc104680 unknown :-1 s=STATE_NONE l=0).mark_down
2024-03-17T23:46:50.557 INFO:teuthology.orchestra.run.smithi038.stdout:/usr/bin/ceph: stderr
2024-03-17T23:46:49.624+0000 7f8dc4600700 1 -- 172.21.15.38:0/3575731626 shutdown_connections
2024-03-17T23:46:50.557 INFO:teuthology.orchestra.run.smithi038.stdout:/usr/bin/ceph: stderr
2024-03-17T23:46:49.624+0000 7f8dc4600700 1 -- 172.21.15.38:0/3575731626 wait complete.
2024-03-17T23:46:50.557 INFO:teuthology.orchestra.run.smithi038.stdout:/usr/bin/ceph: stderr
2024-03-17T23:46:49.625+0000 7f8dc4600700 1 Processor -- start
2024-03-17T23:46:50.557 INFO:teuthology.orchestra.run.smithi038.stdout:/usr/bin/ceph: stderr
2024-03-17T23:46:49.625+0000 7f8dc4600700 1 -- start start
