2024-03-17T23:43:28.999+0000 7f4a6992c700 1 --2- >> [v2:172.21.15.73:3300/0,v1:172.21.15.73:6789/0] conn(0x7f4a64107b50 0x7f4a6419baa0 unknown :-1 s=HELLO_CONNECTING pgs=0 cs=0 l=1 rev1=1 crypto rx=0 tx=0 comp rx=0 tx=0).handle_hello peer v2:172.21.15.73:3300/0 says I am v2:172.21.15.73:43208/0 (socket says 172.21.15.73:43208)
2024-03-17T23:43:29.925 INFO:teuthology.orchestra.run.smithi073.stdout:/usr/bin/ceph: stderr
2024-03-17T23:43:28.999+0000 7f4a6992c700 1 -- 172.21.15.73:0/777119820 learned_addr learned my addr 172.21.15.73:0/777119820 (peer_addr_for_me v2:172.21.15.73:0/0)
2024-03-17T23:43:29.925 INFO:teuthology.orchestra.run.smithi073.stdout:/usr/bin/ceph: stderr
2024-03-17T23:43:28.999+0000 7f4a6992c700 1 -- 172.21.15.73:0/777119820 --> [v2:172.21.15.73:3300/0,v1:172.21.15.73:6789/0] -- mon_subscribe({config=0+,monmap=0+}) -- 0x7f4a6419bfe0 con 0x7f4a64107b50
2024-03-17T23:43:29.925 INFO:teuthology.orchestra.run.smithi073.stdout:/usr/bin/ceph: stderr
2024-03-17T23:43:28.999+0000 7f4a6992c700 1 --2- 172.21.15.73:0/777119820 >> [v2:172.21.15.73:3300/0,v1:172.21.15.73:6789/0] conn(0x7f4a64107b50 0x7f4a6419baa0 secure :-1 s=READY pgs=54 cs=0 l=1 rev1=1 crypto rx=0x7f4a60011a20 tx=0x7f4a60011b00 comp rx=0 tx=0).ready entity=mon.0 client_cookie=0 server_cookie=0 in_seq=0 out_seq=0
2024-03-17T23:43:29.925 INFO:teuthology.orchestra.run.smithi073.stdout:/usr/bin/ceph: stderr
2024-03-17T23:43:28.999+0000 7f4a5affd700 1 -- 172.21.15.73:0/777119820 <== mon.0 v2:172.21.15.73:3300/0 1 ==== mon_map magic: 0 ==== 205+0+0 (secure 0 0 0) 0x7f4a60003af0 con 0x7f4a64107b50
2024-03-17T23:43:29.925 INFO:teuthology.orchestra.run.smithi073.stdout:/usr/bin/ceph: stderr
2024-03-17T23:43:28.999+0000 7f4a5affd700 1 -- 172.21.15.73:0/777119820 <== mon.0 v2:172.21.15.73:3300/0 2 ==== config(26 keys) ==== 1102+0+0 (secure 0 0 0) 0x7f4a6001a8e0 con 0x7f4a64107b50
2024-03-17T23:43:29.925 INFO:teuthology.orchestra.run.smithi073.stdout:/usr/bin/ceph: stderr
2024-03-17T23:43:28.999+0000 7f4a6bb90700 1 -- 172.21.15.73:0/777119820 --> [v2:172.21.15.73:3300/0,v1:172.21.15.73:6789/0] -- mon_subscribe({mgrmap=0+}) -- 0x7f4a6419c270 con 0x7f4a64107b50
2024-03-17T23:43:29.925 INFO:teuthology.orchestra.run.smithi073.stdout:/usr/bin/ceph: stderr
2024-03-17T23:43:28.999+0000 7f4a5affd700 1 -- 172.21.15.73:0/777119820 <== mon.0 v2:172.21.15.73:3300/0 3 ==== mon_map magic: 0 ==== 205+0+0 (secure 0 0 0) 0x7f4a60024860 con 0x7f4a64107b50
2024-03-17T23:43:29.925 INFO:teuthology.orchestra.run.smithi073.stdout:/usr/bin/ceph: stderr
2024-03-17T23:43:28.999+0000 7f4a6bb90700 1 -- 172.21.15.73:0/777119820 --> [v2:172.21.15.73:3300/0,v1:172.21.15.73:6789/0] -- mon_subscribe({osdmap=0}) -- 0x7f4a6419ef60 con 0x7f4a64107b50
2024-03-17T23:43:29.925 INFO:teuthology.orchestra.run.smithi073.stdout:/usr/bin/ceph: stderr
2024-03-17T23:43:29.000+0000 7f4a6bb90700 1 -- 172.21.15.73:0/777119820 --> [v2:172.21.15.73:3300/0,v1:172.21.15.73:6789/0] -- mon_command({"prefix": "get_command_descriptions"} v 0) -- 0x7f4a64063900 con 0x7f4a64107b50
2024-03-17T23:43:29.926 INFO:teuthology.orchestra.run.smithi073.stdout:/usr/bin/ceph: stderr
2024-03-17T23:43:29.000+0000 7f4a5affd700 1 -- 172.21.15.73:0/777119820 <== mon.0 v2:172.21.15.73:3300/0 4 ==== mgrmap(e 8) ==== 46106+0+0 (secure 0 0 0) 0x7f4a60022020 con 0x7f4a64107b50
2024-03-17T23:43:29.926 INFO:teuthology.orchestra.run.smithi073.stdout:/usr/bin/ceph: stderr
2024-03-17T23:43:29.001+0000 7f4a5affd700 1 --2- 172.21.15.73:0/777119820 >> [v2:172.21.15.73:6800/1863781377,v1:172.21.15.73:6801/1863781377] conn(0x7f4a50038f20 0x7f4a5003b3e0 unknown :-1 s=NONE pgs=0 cs=0 l=1 rev1=0 crypto rx=0 tx=0 comp rx=0 tx=0).connect
2024-03-17T23:43:29.926 INFO:teuthology.orchestra.run.smithi073.stdout:/usr/bin/ceph: stderr
2024-03-17T23:43:29.001+0000 7f4a5affd700 1 -- 172.21.15.73:0/777119820 <== mon.0 v2:172.21.15.73:3300/0 5 ==== osd_map(2..2 src has 1..2) ==== 940+0+0 (secure 0 0 0) 0x7f4a6004d3b0 con 0x7f4a64107b50
2024-03-17T23:43:29.926 INFO:teuthology.orchestra.run.smithi073.stdout:/usr/bin/ceph: stderr
2024-03-17T23:43:29.001+0000 7f4a6912b700 1 --2- 172.21.15.73:0/777119820 >> [v2:172.21.15.73:6800/1863781377,v1:172.21.15.73:6801/1863781377] conn(0x7f4a50038f20 0x7f4a5003b3e0 unknown :-1 s=BANNER_CONNECTING pgs=0 cs=0 l=1 rev1=0 crypto rx=0 tx=0 comp rx=0 tx=0)._handle_peer_banner_payload supported=3 required=0
2024-03-17T23:43:29.926 INFO:teuthology.orchestra.run.smithi073.stdout:/usr/bin/ceph: stderr
2024-03-17T23:43:29.001+0000 7f4a6912b700 1 --2- 172.21.15.73:0/777119820 >> [v2:172.21.15.73:6800/1863781377,v1:172.21.15.73:6801/1863781377] conn(0x7f4a50038f20 0x7f4a5003b3e0 secure :-1 s=READY pgs=15 cs=0 l=1 rev1=1 crypto rx=0x7f4a54006fd0 tx=0x7f4a54006e40 comp rx=0 tx=0).ready entity=mgr.14120 client_cookie=0 server_cookie=0 in_seq=0 out_seq=0
2024-03-17T23:43:29.926 INFO:teuthology.orchestra.run.smithi073.stdout:/usr/bin/ceph: stderr
2024-03-17T23:43:29.006+0000 7f4a5affd700 1 -- 172.21.15.73:0/777119820 <== mon.0 v2:172.21.15.73:3300/0 6 ==== mon_command_ack([{"prefix": "get_command_descriptions"}]=0 v0) ==== 72+0+186149 (secure 0 0 0) 0x7f4a6000b3e0 con 0x7f4a64107b50
2024-03-17T23:43:29.926 INFO:teuthology.orchestra.run.smithi073.stdout:/usr/bin/ceph: stderr
2024-03-17T23:43:29.207+0000 7f4a6bb90700 1 -- 172.21.15.73:0/777119820 --> [v2:172.21.15.73:3300/0,v1:172.21.15.73:6789/0] -- mon_command([{prefix=config set, name=mgr/dashboard/ssl_server_port}] v 0) -- 0x7f4a6419f5a0 con 0x7f4a64107b50
2024-03-17T23:43:29.926 INFO:teuthology.orchestra.run.smithi073.stdout:/usr/bin/ceph: stderr
2024-03-17T23:43:29.211+0000 7f4a5affd700 1 -- 172.21.15.73:0/777119820 <== mon.0 v2:172.21.15.73:3300/0 7 ==== mon_command_ack([{prefix=config set, name=mgr/dashboard/ssl_server_port}]=0 v8)=0 v8) ==== 130+0+0 (secure 0 0 0) 0x7f4a6001ac20 con 0x7f4a64107b50
2024-03-17T23:43:29.926 INFO:teuthology.orchestra.run.smithi073.stdout:/usr/bin/ceph: stderr
2024-03-17T23:43:29.214+0000 7f4a6bb90700 1 -- 172.21.15.73:0/777119820 >> [v2:172.21.15.73:6800/1863781377,v1:172.21.15.73:6801/1863781377] conn(0x7f4a50038f20 msgr2=0x7f4a5003b3e0 secure :-1 s=STATE_CONNECTION_ESTABLISHED l=1).mark_down
2024-03-17T23:43:29.926 INFO:teuthology.orchestra.run.smithi073.stdout:/usr/bin/ceph: stderr
2024-03-17T23:43:29.214+0000 7f4a6bb90700 1 --2- 172.21.15.73:0/777119820 >> [v2:172.21.15.73:6800/1863781377,v1:172.21.15.73:6801/1863781377] conn(0x7f4a50038f20 0x7f4a5003b3e0 secure :-1 s=READY pgs=15 cs=0 l=1 rev1=1 crypto rx=0x7f4a54006fd0 tx=0x7f4a54006e40 comp rx=0 tx=0).stop
2024-03-17T23:43:29.926 INFO:teuthology.orchestra.run.smithi073.stdout:/usr/bin/ceph: stderr
2024-03-17T23:43:29.214+0000 7f4a6bb90700 1 -- 172.21.15.73:0/777119820 >> [v2:172.21.15.73:3300/0,v1:172.21.15.73:6789/0] conn(0x7f4a64107b50 msgr2=0x7f4a6419baa0 secure :-1 s=STATE_CONNECTION_ESTABLISHED l=1).mark_down
2024-03-17T23:43:29.926 INFO:teuthology.orchestra.run.smithi073.stdout:/usr/bin/ceph: stderr
2024-03-17T23:43:29.214+0000 7f4a6bb90700 1 --2- 172.21.15.73:0/777119820 >> [v2:172.21.15.73:3300/0,v1:172.21.15.73:6789/0] conn(0x7f4a64107b50 0x7f4a6419baa0 secure :-1 s=READY pgs=54 cs=0 l=1 rev1=1 crypto rx=0x7f4a60011a20 tx=0x7f4a60011b00 comp rx=0 tx=0).stop
2024-03-17T23:43:29.926 INFO:teuthology.orchestra.run.smithi073.stdout:/usr/bin/ceph: stderr
2024-03-17T23:43:29.214+0000 7f4a6bb90700 1 -- 172.21.15.73:0/777119820 shutdown_connections
2024-03-17T23:43:29.926 INFO:teuthology.orchestra.run.smithi073.stdout:/usr/bin/ceph: stderr
2024-03-17T23:43:29.214+0000 7f4a6bb90700 1 --2- 172.21.15.73:0/777119820 >> [v2:172.21.15.73:6800/1863781377,v1:172.21.15.73:6801/1863781377] conn(0x7f4a50038f20 0x7f4a5003b3e0 unknown :-1 s=CLOSED pgs=15 cs=0 l=1 rev1=1 crypto rx=0 tx=0 comp rx=0 tx=0).stop
2024-03-17T23:43:29.927 INFO:teuthology.orchestra.run.smithi073.stdout:/usr/bin/ceph: stderr
2024-03-17T23:43:29.214+0000 7f4a6bb90700 1 --2- 172.21.15.73:0/777119820 >> [v2:172.21.15.73:3300/0,v1:172.21.15.73:6789/0] conn(0x7f4a64107b50 0x7f4a6419baa0 unknown :-1 s=CLOSED pgs=54 cs=0 l=1 rev1=1 crypto rx=0 tx=0 comp rx=0 tx=0).stop
2024-03-17T23:43:29.927 INFO:teuthology.orchestra.run.smithi073.stdout:/usr/bin/ceph: stderr
2024-03-17T23:43:29.214+0000 7f4a6bb90700 1 -- 172.21.15.73:0/777119820 >> 172.21.15.73:0/777119820 conn(0x7f4a64103150 msgr2=0x7f4a64103ce0 unknown :-1 s=STATE_NONE l=0).mark_down
2024-03-17T23:43:29.927 INFO:teuthology.orchestra.run.smithi073.stdout:/usr/bin/ceph: stderr
2024-03-17T23:43:29.214+0000 7f4a6bb90700 1 -- 172.21.15.73:0/777119820 shutdown_connections
2024-03-17T23:43:29.927 INFO:teuthology.orchestra.run.smithi073.stdout:/usr/bin/ceph: stderr
2024-03-17T23:43:29.214+0000 7f4a6bb90700 1 -- 172.21.15.73:0/777119820 wait complete.
2024-03-17T23:43:29.927 INFO:teuthology.orchestra.run.smithi073.stdout:Enabling the dashboard module...
2024-03-17T23:43:30.462 INFO:journalctl@ceph.mon.a.smithi073.stdout:Mar 17 23:43:30 smithi073 ceph-mon[32203]: from='mgr.14120 172.21.15.73:0/2624372759' entity='mgr.x'
2024-03-17T23:43:30.462 INFO:journalctl@ceph.mon.a.smithi073.stdout:Mar 17 23:43:30 smithi073 ceph-mon[32203]: from='client.? 172.21.15.73:0/777119820' entity='client.admin'
2024-03-17T23:43:31.608 INFO:journalctl@ceph.mon.a.smithi073.stdout:Mar 17 23:43:31 smithi073 ceph-mon[32203]: from='client.? 172.21.15.73:0/1511425803' entity='client.admin' cmd=[{"prefix": "mgr module enable", "module": "dashboard"}]: dispatch
2024-03-17T23:43:31.609 INFO:journalctl@ceph.mon.a.smithi073.stdout:Mar 17 23:43:31 smithi073 ceph-mon[32203]: pgmap v3: 0 pgs: ; 0 B data, 0 B used, 0 B / 0 B avail
2024-03-17T23:43:31.609 INFO:journalctl@ceph.mgr.x.smithi073.stdout:Mar 17 23:43:31 smithi073 ceph-df071766-e4b7-11ee-95c9-87774f69a715-mgr-x[32432]: ignoring --setuser ceph since I am not root
2024-03-17T23:43:31.609 INFO:journalctl@ceph.mgr.x.smithi073.stdout:Mar 17 23:43:31 smithi073 ceph-df071766-e4b7-11ee-95c9-87774f69a715-mgr-x[32432]: ignoring --setgroup ceph since I am not root
2024-03-17T23:43:31.980 INFO:journalctl@ceph.mgr.x.smithi073.stdout:Mar 17 23:43:31 smithi073 ceph-df071766-e4b7-11ee-95c9-87774f69a715-mgr-x[32432]:
2024-03-17T23:43:31.779+0000 7fbd15dbc200 -1 mgr[py] Module osd_perf_query has missing NOTIFY_TYPES member
2024-03-17T23:43:31.980 INFO:journalctl@ceph.mgr.x.smithi073.stdout:Mar 17 23:43:31 smithi073 ceph-df071766-e4b7-11ee-95c9-87774f69a715-mgr-x[32432]:
2024-03-17T23:43:31.874+0000 7fbd15dbc200 -1 mgr[py] Module snap_schedule has missing NOTIFY_TYPES member
2024-03-17T23:43:31.987 INFO:teuthology.orchestra.run.smithi073.stdout:/usr/bin/ceph: stderr
2024-03-17T23:43:30.285+0000 7ff184c99700 1 Processor -- start
2024-03-17T23:43:31.988 INFO:teuthology.orchestra.run.smithi073.stdout:/usr/bin/ceph: stderr
2024-03-17T23:43:30.285+0000 7ff184c99700 1 -- start start
2024-03-17T23:43:31.988 INFO:teuthology.orchestra.run.smithi073.stdout:/usr/bin/ceph: stderr
2024-03-17T23:43:30.285+0000 7ff184c99700 1 --2- >> [v2:172.21.15.73:3300/0,v1:172.21.15.73:6789/0] conn(0x7ff18007de70 0x7ff18007c2d0 unknown :-1 s=NONE pgs=0 cs=0 l=0 rev1=0 crypto rx=0 tx=0 comp rx=0 tx=0).connect
2024-03-17T23:43:31.988 INFO:teuthology.orchestra.run.smithi073.stdout:/usr/bin/ceph: stderr
2024-03-17T23:43:30.285+0000 7ff184c99700 1 -- --> [v2:172.21.15.73:3300/0,v1:172.21.15.73:6789/0] -- mon_getmap magic: 0 -- 0x7ff18007c8a0 con 0x7ff18007de70
2024-03-17T23:43:31.988 INFO:teuthology.orchestra.run.smithi073.stdout:/usr/bin/ceph: stderr
2024-03-17T23:43:30.285+0000 7ff17e59c700 1 --2- >> [v2:172.21.15.73:3300/0,v1:172.21.15.73:6789/0] conn(0x7ff18007de70 0x7ff18007c2d0 unknown :-1 s=BANNER_CONNECTING pgs=0 cs=0 l=0 rev1=0 crypto rx=0 tx=0 comp rx=0 tx=0)._handle_peer_banner_payload supported=3 required=0
2024-03-17T23:43:31.988 INFO:teuthology.orchestra.run.smithi073.stdout:/usr/bin/ceph: stderr
2024-03-17T23:43:30.285+0000 7ff17e59c700 1 --2- >> [v2:172.21.15.73:3300/0,v1:172.21.15.73:6789/0] conn(0x7ff18007de70 0x7ff18007c2d0 unknown :-1 s=HELLO_CONNECTING pgs=0 cs=0 l=0 rev1=1 crypto rx=0 tx=0 comp rx=0 tx=0).handle_hello peer v2:172.21.15.73:3300/0 says I am v2:172.21.15.73:43224/0 (socket says 172.21.15.73:43224)
2024-03-17T23:43:31.988 INFO:teuthology.orchestra.run.smithi073.stdout:/usr/bin/ceph: stderr
2024-03-17T23:43:30.285+0000 7ff17e59c700 1 -- 172.21.15.73:0/2452456662 learned_addr learned my addr 172.21.15.73:0/2452456662 (peer_addr_for_me v2:172.21.15.73:0/0)
2024-03-17T23:43:31.988 INFO:teuthology.orchestra.run.smithi073.stdout:/usr/bin/ceph: stderr
2024-03-17T23:43:30.286+0000 7ff17e59c700 1 -- 172.21.15.73:0/2452456662 --> [v2:172.21.15.73:3300/0,v1:172.21.15.73:6789/0] -- mon_subscribe({config=0+,monmap=0+}) -- 0x7ff18007ca20 con 0x7ff18007de70
2024-03-17T23:43:31.988 INFO:teuthology.orchestra.run.smithi073.stdout:/usr/bin/ceph: stderr
2024-03-17T23:43:30.286+0000 7ff17e59c700 1 --2- 172.21.15.73:0/2452456662 >> [v2:172.21.15.73:3300/0,v1:172.21.15.73:6789/0] conn(0x7ff18007de70 0x7ff18007c2d0 secure :-1 s=READY pgs=55 cs=0 l=1 rev1=1 crypto rx=0x7ff1700098a0 tx=0x7ff170009bb0 comp rx=0 tx=0).ready entity=mon.0 client_cookie=95603332e8044a82 server_cookie=0 in_seq=0 out_seq=0
2024-03-17T23:43:31.988 INFO:teuthology.orchestra.run.smithi073.stdout:/usr/bin/ceph: stderr
2024-03-17T23:43:30.286+0000 7ff17dd9b700 1 -- 172.21.15.73:0/2452456662 <== mon.0 v2:172.21.15.73:3300/0 1 ==== mon_map magic: 0 ==== 205+0+0 (secure 0 0 0) 0x7ff170004160 con 0x7ff18007de70
2024-03-17T23:43:31.988 INFO:teuthology.orchestra.run.smithi073.stdout:/usr/bin/ceph: stderr
2024-03-17T23:43:30.286+0000 7ff17dd9b700 1 -- 172.21.15.73:0/2452456662 <== mon.0 v2:172.21.15.73:3300/0 2 ==== config(26 keys) ==== 1102+0+0 (secure 0 0 0) 0x7ff170004300 con 0x7ff18007de70
2024-03-17T23:43:31.988 INFO:teuthology.orchestra.run.smithi073.stdout:/usr/bin/ceph: stderr
2024-03-17T23:43:30.286+0000 7ff17dd9b700 1 -- 172.21.15.73:0/2452456662 <== mon.0 v2:172.21.15.73:3300/0 3 ==== mon_map magic: 0 ==== 205+0+0 (secure 0 0 0) 0x7ff170011a50 con 0x7ff18007de70
2024-03-17T23:43:31.988 INFO:teuthology.orchestra.run.smithi073.stdout:/usr/bin/ceph: stderr
2024-03-17T23:43:30.286+0000 7ff184c99700 1 -- 172.21.15.73:0/2452456662 >> [v2:172.21.15.73:3300/0,v1:172.21.15.73:6789/0] conn(0x7ff18007de70 msgr2=0x7ff18007c2d0 secure :-1 s=STATE_CONNECTION_ESTABLISHED l=1).mark_down
2024-03-17T23:43:31.988 INFO:teuthology.orchestra.run.smithi073.stdout:/usr/bin/ceph: stderr
2024-03-17T23:43:30.286+0000 7ff184c99700 1 --2- 172.21.15.73:0/2452456662 >> [v2:172.21.15.73:3300/0,v1:172.21.15.73:6789/0] conn(0x7ff18007de70 0x7ff18007c2d0 secure :-1 s=READY pgs=55 cs=0 l=1 rev1=1 crypto rx=0x7ff1700098a0 tx=0x7ff170009bb0 comp rx=0 tx=0).stop
2024-03-17T23:43:31.988 INFO:teuthology.orchestra.run.smithi073.stdout:/usr/bin/ceph: stderr
2024-03-17T23:43:30.286+0000 7ff184c99700 1 -- 172.21.15.73:0/2452456662 shutdown_connections
2024-03-17T23:43:31.988 INFO:teuthology.orchestra.run.smithi073.stdout:/usr/bin/ceph: stderr
2024-03-17T23:43:30.286+0000 7ff184c99700 1 --2- 172.21.15.73:0/2452456662 >> [v2:172.21.15.73:3300/0,v1:172.21.15.73:6789/0] conn(0x7ff18007de70 0x7ff18007c2d0 unknown :-1 s=CLOSED pgs=55 cs=0 l=1 rev1=1 crypto rx=0 tx=0 comp rx=0 tx=0).stop
2024-03-17T23:43:31.989 INFO:teuthology.orchestra.run.smithi073.stdout:/usr/bin/ceph: stderr
2024-03-17T23:43:30.286+0000 7ff184c99700 1 -- 172.21.15.73:0/2452456662 >> 172.21.15.73:0/2452456662 conn(0x7ff180103160 msgr2=0x7ff180105580 unknown :-1 s=STATE_NONE l=0).mark_down
2024-03-17T23:43:31.989 INFO:teuthology.orchestra.run.smithi073.stdout:/usr/bin/ceph: stderr
2024-03-17T23:43:30.286+0000 7ff184c99700 1 -- 172.21.15.73:0/2452456662 shutdown_connections
2024-03-17T23:43:31.989 INFO:teuthology.orchestra.run.smithi073.stdout:/usr/bin/ceph: stderr
2024-03-17T23:43:30.286+0000 7ff184c99700 1 -- 172.21.15.73:0/2452456662 wait complete.
2024-03-17T23:43:31.989 INFO:teuthology.orchestra.run.smithi073.stdout:/usr/bin/ceph: stderr
2024-03-17T23:43:30.287+0000 7ff184c99700 1 Processor -- start
2024-03-17T23:43:31.989 INFO:teuthology.orchestra.run.smithi073.stdout:/usr/bin/ceph: stderr
2024-03-17T23:43:30.287+0000 7ff184c99700 1 -- start start
2024-03-17T23:43:31.989 INFO:teuthology.orchestra.run.smithi073.stdout:/usr/bin/ceph: stderr
2024-03-17T23:43:30.287+0000 7ff184c99700 1 --2- >> [v2:172.21.15.73:3300/0,v1:172.21.15.73:6789/0] conn(0x7ff18007de70 0x7ff18019dcf0 unknown :-1 s=NONE pgs=0 cs=0 l=1 rev1=0 crypto rx=0 tx=0 comp rx=0 tx=0).connect
2024-03-17T23:43:31.989 INFO:teuthology.orchestra.run.smithi073.stdout:/usr/bin/ceph: stderr
2024-03-17T23:43:30.287+0000 7ff184c99700 1 -- --> [v2:172.21.15.73:3300/0,v1:172.21.15.73:6789/0] -- mon_getmap magic: 0 -- 0x7ff18010e1a0 con 0x7ff18007de70
2024-03-17T23:43:31.989 INFO:teuthology.orchestra.run.smithi073.stdout:/usr/bin/ceph: stderr
2024-03-17T23:43:30.288+0000 7ff17e59c700 1 --2- >> [v2:172.21.15.73:3300/0,v1:172.21.15.73:6789/0] conn(0x7ff18007de70 0x7ff18019dcf0 unknown :-1 s=BANNER_CONNECTING pgs=0 cs=0 l=1 rev1=0 crypto rx=0 tx=0 comp rx=0 tx=0)._handle_peer_banner_payload supported=3 required=0
2024-03-17T23:43:31.989 INFO:teuthology.orchestra.run.smithi073.stdout:/usr/bin/ceph: stderr
2024-03-17T23:43:30.288+0000 7ff17e59c700 1 --2- >> [v2:172.21.15.73:3300/0,v1:172.21.15.73:6789/0] conn(0x7ff18007de70 0x7ff18019dcf0 unknown :-1 s=HELLO_CONNECTING pgs=0 cs=0 l=1 rev1=1 crypto rx=0 tx=0 comp rx=0 tx=0).handle_hello peer v2:172.21.15.73:3300/0 says I am v2:172.21.15.73:43228/0 (socket says 172.21.15.73:43228)
2024-03-17T23:43:31.989 INFO:teuthology.orchestra.run.smithi073.stdout:/usr/bin/ceph: stderr
2024-03-17T23:43:30.288+0000 7ff17e59c700 1 -- 172.21.15.73:0/1511425803 learned_addr learned my addr 172.21.15.73:0/1511425803 (peer_addr_for_me v2:172.21.15.73:0/0)
2024-03-17T23:43:31.989 INFO:teuthology.orchestra.run.smithi073.stdout:/usr/bin/ceph: stderr
2024-03-17T23:43:30.288+0000 7ff17e59c700 1 -- 172.21.15.73:0/1511425803 --> [v2:172.21.15.73:3300/0,v1:172.21.15.73:6789/0] -- mon_subscribe({config=0+,monmap=0+}) -- 0x7ff18019e230 con 0x7ff18007de70
2024-03-17T23:43:31.989 INFO:teuthology.orchestra.run.smithi073.stdout:/usr/bin/ceph: stderr
2024-03-17T23:43:30.288+0000 7ff17e59c700 1 --2- 172.21.15.73:0/1511425803 >> [v2:172.21.15.73:3300/0,v1:172.21.15.73:6789/0] conn(0x7ff18007de70 0x7ff18019dcf0 secure :-1 s=READY pgs=56 cs=0 l=1 rev1=1 crypto rx=0x7ff170011710 tx=0x7ff170011ad0 comp rx=0 tx=0).ready entity=mon.0 client_cookie=0 server_cookie=0 in_seq=0 out_seq=0
2024-03-17T23:43:31.989 INFO:teuthology.orchestra.run.smithi073.stdout:/usr/bin/ceph: stderr
2024-03-17T23:43:30.288+0000 7ff177fff700 1 -- 172.21.15.73:0/1511425803 <== mon.0 v2:172.21.15.73:3300/0 1 ==== mon_map magic: 0 ==== 205+0+0 (secure 0 0 0) 0x7ff1700039c0 con 0x7ff18007de70
2024-03-17T23:43:31.989 INFO:teuthology.orchestra.run.smithi073.stdout:/usr/bin/ceph: stderr
2024-03-17T23:43:30.288+0000 7ff177fff700 1 -- 172.21.15.73:0/1511425803 <== mon.0 v2:172.21.15.73:3300/0 2 ==== config(26 keys) ==== 1102+0+0 (secure 0 0 0) 0x7ff170003b60 con 0x7ff18007de70
2024-03-17T23:43:31.989 INFO:teuthology.orchestra.run.smithi073.stdout:/usr/bin/ceph: stderr
2024-03-17T23:43:30.288+0000 7ff177fff700 1 -- 172.21.15.73:0/1511425803 <== mon.0 v2:172.21.15.73:3300/0 3 ==== mon_map magic: 0 ==== 205+0+0 (secure 0 0 0) 0x7ff17001a690 con 0x7ff18007de70
2024-03-17T23:43:31.989 INFO:teuthology.orchestra.run.smithi073.stdout:/usr/bin/ceph: stderr
2024-03-17T23:43:30.288+0000 7ff184c99700 1 -- 172.21.15.73:0/1511425803 --> [v2:172.21.15.73:3300/0,v1:172.21.15.73:6789/0] -- mon_subscribe({mgrmap=0+}) -- 0x7ff18019e4c0 con 0x7ff18007de70
2024-03-17T23:43:31.990 INFO:teuthology.orchestra.run.smithi073.stdout:/usr/bin/ceph: stderr
2024-03-17T23:43:30.288+0000 7ff184c99700 1 -- 172.21.15.73:0/1511425803 --> [v2:172.21.15.73:3300/0,v1:172.21.15.73:6789/0] -- mon_subscribe({osdmap=0}) -- 0x7ff1801a11a0 con 0x7ff18007de70
2024-03-17T23:43:31.990 INFO:teuthology.orchestra.run.smithi073.stdout:/usr/bin/ceph: stderr
2024-03-17T23:43:30.289+0000 7ff177fff700 1 -- 172.21.15.73:0/1511425803 <== mon.0 v2:172.21.15.73:3300/0 4 ==== mgrmap(e 8) ==== 46106+0+0 (secure 0 0 0) 0x7ff17001a940 con 0x7ff18007de70
2024-03-17T23:43:31.990 INFO:teuthology.orchestra.run.smithi073.stdout:/usr/bin/ceph: stderr
2024-03-17T23:43:30.289+0000 7ff184c99700 1 -- 172.21.15.73:0/1511425803 --> [v2:172.21.15.73:3300/0,v1:172.21.15.73:6789/0] -- mon_command({"prefix": "get_command_descriptions"} v 0) -- 0x7ff180063900 con 0x7ff18007de70
2024-03-17T23:43:31.990 INFO:teuthology.orchestra.run.smithi073.stdout:/usr/bin/ceph: stderr
2024-03-17T23:43:30.289+0000 7ff177fff700 1 --2- 172.21.15.73:0/1511425803 >> [v2:172.21.15.73:6800/1863781377,v1:172.21.15.73:6801/1863781377] conn(0x7ff16c038f20 0x7ff16c03b3e0 unknown :-1 s=NONE pgs=0 cs=0 l=1 rev1=0 crypto rx=0 tx=0 comp rx=0 tx=0).connect
2024-03-17T23:43:31.990 INFO:teuthology.orchestra.run.smithi073.stdout:/usr/bin/ceph: stderr
2024-03-17T23:43:30.289+0000 7ff177fff700 1 -- 172.21.15.73:0/1511425803 <== mon.0 v2:172.21.15.73:3300/0 5 ==== osd_map(2..2 src has 1..2) ==== 940+0+0 (secure 0 0 0) 0x7ff17004d5a0 con 0x7ff18007de70
2024-03-17T23:43:31.990 INFO:teuthology.orchestra.run.smithi073.stdout:/usr/bin/ceph: stderr
2024-03-17T23:43:30.289+0000 7ff175d9b700 1 --2- 172.21.15.73:0/1511425803 >> [v2:172.21.15.73:6800/1863781377,v1:172.21.15.73:6801/1863781377] conn(0x7ff16c038f20 0x7ff16c03b3e0 unknown :-1 s=BANNER_CONNECTING pgs=0 cs=0 l=1 rev1=0 crypto rx=0 tx=0 comp rx=0 tx=0)._handle_peer_banner_payload supported=3 required=0
2024-03-17T23:43:31.990 INFO:teuthology.orchestra.run.smithi073.stdout:/usr/bin/ceph: stderr
2024-03-17T23:43:30.290+0000 7ff175d9b700 1 --2- 172.21.15.73:0/1511425803 >> [v2:172.21.15.73:6800/1863781377,v1:172.21.15.73:6801/1863781377] conn(0x7ff16c038f20 0x7ff16c03b3e0 secure :-1 s=READY pgs=16 cs=0 l=1 rev1=1 crypto rx=0x7ff168006fd0 tx=0x7ff168006e40 comp rx=0 tx=0).ready entity=mgr.14120 client_cookie=0 server_cookie=0 in_seq=0 out_seq=0
2024-03-17T23:43:31.990 INFO:teuthology.orchestra.run.smithi073.stdout:/usr/bin/ceph: stderr
2024-03-17T23:43:30.294+0000 7ff177fff700 1 -- 172.21.15.73:0/1511425803 <== mon.0 v2:172.21.15.73:3300/0 6 ==== mon_command_ack([{"prefix": "get_command_descriptions"}]=0 v0) ==== 72+0+186149 (secure 0 0 0) 0x7ff170019c70 con 0x7ff18007de70
2024-03-17T23:43:31.990 INFO:teuthology.orchestra.run.smithi073.stdout:/usr/bin/ceph: stderr
2024-03-17T23:43:30.572+0000 7ff184c99700 1 -- 172.21.15.73:0/1511425803 --> [v2:172.21.15.73:3300/0,v1:172.21.15.73:6789/0] -- mon_command({"prefix": "mgr module enable", "module": "dashboard"} v 0) -- 0x7ff1801a1410 con 0x7ff18007de70
2024-03-17T23:43:31.990 INFO:teuthology.orchestra.run.smithi073.stdout:/usr/bin/ceph: stderr
2024-03-17T23:43:31.209+0000 7ff177fff700 1 -- 172.21.15.73:0/1511425803 <== mon.0 v2:172.21.15.73:3300/0 7 ==== mon_command_ack([{"prefix": "mgr module enable", "module": "dashboard"}]=0 v9) ==== 88+0+0 (secure 0 0 0) 0x7ff17000b9f0 con 0x7ff18007de70
2024-03-17T23:43:31.990 INFO:teuthology.orchestra.run.smithi073.stdout:/usr/bin/ceph: stderr
2024-03-17T23:43:31.210+0000 7ff177fff700 1 -- 172.21.15.73:0/1511425803 <== mon.0 v2:172.21.15.73:3300/0 8 ==== mgrmap(e 9) ==== 46119+0+0 (secure 0 0 0) 0x7ff17002d8c0 con 0x7ff18007de70
2024-03-17T23:43:31.990 INFO:teuthology.orchestra.run.smithi073.stdout:/usr/bin/ceph: stderr
2024-03-17T23:43:31.212+0000 7ff184c99700 1 -- 172.21.15.73:0/1511425803 >> [v2:172.21.15.73:6800/1863781377,v1:172.21.15.73:6801/1863781377] conn(0x7ff16c038f20 msgr2=0x7ff16c03b3e0 secure :-1 s=STATE_CONNECTION_ESTABLISHED l=1).mark_down
2024-03-17T23:43:31.990 INFO:teuthology.orchestra.run.smithi073.stdout:/usr/bin/ceph: stderr
2024-03-17T23:43:31.212+0000 7ff184c99700 1 --2- 172.21.15.73:0/1511425803 >> [v2:172.21.15.73:6800/1863781377,v1:172.21.15.73:6801/1863781377] conn(0x7ff16c038f20 0x7ff16c03b3e0 secure :-1 s=READY pgs=16 cs=0 l=1 rev1=1 crypto rx=0x7ff168006fd0 tx=0x7ff168006e40 comp rx=0 tx=0).stop
2024-03-17T23:43:31.990 INFO:teuthology.orchestra.run.smithi073.stdout:/usr/bin/ceph: stderr
2024-03-17T23:43:31.212+0000 7ff184c99700 1 -- 172.21.15.73:0/1511425803 >> [v2:172.21.15.73:3300/0,v1:172.21.15.73:6789/0] conn(0x7ff18007de70 msgr2=0x7ff18019dcf0 secure :-1 s=STATE_CONNECTION_ESTABLISHED l=1).mark_down
2024-03-17T23:43:31.990 INFO:teuthology.orchestra.run.smithi073.stdout:/usr/bin/ceph: stderr
2024-03-17T23:43:31.212+0000 7ff184c99700 1 --2- 172.21.15.73:0/1511425803 >> [v2:172.21.15.73:3300/0,v1:172.21.15.73:6789/0] conn(0x7ff18007de70 0x7ff18019dcf0 secure :-1 s=READY pgs=56 cs=0 l=1 rev1=1 crypto rx=0x7ff170011710 tx=0x7ff170011ad0 comp rx=0 tx=0).stop
2024-03-17T23:43:31.990 INFO:teuthology.orchestra.run.smithi073.stdout:/usr/bin/ceph: stderr
2024-03-17T23:43:31.212+0000 7ff184c99700 1 -- 172.21.15.73:0/1511425803 shutdown_connections
2024-03-17T23:43:31.991 INFO:teuthology.orchestra.run.smithi073.stdout:/usr/bin/ceph: stderr
2024-03-17T23:43:31.212+0000 7ff184c99700 1 --2- 172.21.15.73:0/1511425803 >> [v2:172.21.15.73:6800/1863781377,v1:172.21.15.73:6801/1863781377] conn(0x7ff16c038f20 0x7ff16c03b3e0 unknown :-1 s=CLOSED pgs=16 cs=0 l=1 rev1=1 crypto rx=0 tx=0 comp rx=0 tx=0).stop
2024-03-17T23:43:31.991 INFO:teuthology.orchestra.run.smithi073.stdout:/usr/bin/ceph: stderr
2024-03-17T23:43:31.212+0000 7ff184c99700 1 --2- 172.21.15.73:0/1511425803 >> [v2:172.21.15.73:3300/0,v1:172.21.15.73:6789/0] conn(0x7ff18007de70 0x7ff18019dcf0 unknown :-1 s=CLOSED pgs=56 cs=0 l=1 rev1=1 crypto rx=0 tx=0 comp rx=0 tx=0).stop
2024-03-17T23:43:31.991 INFO:teuthology.orchestra.run.smithi073.stdout:/usr/bin/ceph: stderr
2024-03-17T23:43:31.212+0000 7ff184c99700 1 -- 172.21.15.73:0/1511425803 >> 172.21.15.73:0/1511425803 conn(0x7ff180103160 msgr2=0x7ff180103d10 unknown :-1 s=STATE_NONE l=0).mark_down
2024-03-17T23:43:31.991 INFO:teuthology.orchestra.run.smithi073.stdout:/usr/bin/ceph: stderr
2024-03-17T23:43:31.212+0000 7ff184c99700 1 -- 172.21.15.73:0/1511425803 shutdown_connections
2024-03-17T23:43:31.991 INFO:teuthology.orchestra.run.smithi073.stdout:/usr/bin/ceph: stderr
2024-03-17T23:43:31.212+0000 7ff184c99700 1 -- 172.21.15.73:0/1511425803 wait complete.
2024-03-17T23:43:32.308 INFO:journalctl@ceph.mon.a.smithi073.stdout:Mar 17 23:43:32 smithi073 ceph-mon[32203]: from='client.? 172.21.15.73:0/1511425803' entity='client.admin' cmd='[{"prefix": "mgr module enable", "module": "dashboard"}]': finished
2024-03-17T23:43:32.308 INFO:journalctl@ceph.mon.a.smithi073.stdout:Mar 17 23:43:32 smithi073 ceph-mon[32203]: mgrmap e9: x(active, since 20s)
2024-03-17T23:43:32.608 INFO:journalctl@ceph.mgr.x.smithi073.stdout:Mar 17 23:43:32 smithi073 ceph-df071766-e4b7-11ee-95c9-87774f69a715-mgr-x[32432]:
2024-03-17T23:43:32.534+0000 7fbd15dbc200 -1 mgr[py] Module zabbix has missing NOTIFY_TYPES member
2024-03-17T23:43:32.872 INFO:journalctl@ceph.mgr.x.smithi073.stdout:Mar 17 23:43:32 smithi073 ceph-df071766-e4b7-11ee-95c9-87774f69a715-mgr-x[32432]:
2024-03-17T23:43:32.629+0000 7fbd15dbc200 -1 mgr[py] Module balancer has missing NOTIFY_TYPES member
2024-03-17T23:43:32.872 INFO:journalctl@ceph.mgr.x.smithi073.stdout:Mar 17 23:43:32 smithi073 ceph-df071766-e4b7-11ee-95c9-87774f69a715-mgr-x[32432]:
2024-03-17T23:43:32.776+0000 7fbd15dbc200 -1 mgr[py] Module influx has missing NOTIFY_TYPES member
2024-03-17T23:43:32.873 INFO:journalctl@ceph.mgr.x.smithi073.stdout:Mar 17 23:43:32 smithi073 ceph-df071766-e4b7-11ee-95c9-87774f69a715-mgr-x[32432]:
2024-03-17T23:43:32.871+0000 7fbd15dbc200 -1 mgr[py] Module alerts has missing NOTIFY_TYPES member
2024-03-17T23:43:33.210 INFO:journalctl@ceph.mgr.x.smithi073.stdout:Mar 17 23:43:32 smithi073 ceph-df071766-e4b7-11ee-95c9-87774f69a715-mgr-x[32432]:
2024-03-17T23:43:32.956+0000 7fbd15dbc200 -1 mgr[py] Module iostat has missing NOTIFY_TYPES member
2024-03-17T23:43:33.287 INFO:teuthology.orchestra.run.smithi073.stdout:/usr/bin/ceph: stdout {
2024-03-17T23:43:33.287 INFO:teuthology.orchestra.run.smithi073.stdout:/usr/bin/ceph: stdout "epoch": 9,
2024-03-17T23:43:33.287 INFO:teuthology.orchestra.run.smithi073.stdout:/usr/bin/ceph: stdout "available": true,
2024-03-17T23:43:33.287 INFO:teuthology.orchestra.run.smithi073.stdout:/usr/bin/ceph: stdout "active_name": "x",
2024-03-17T23:43:33.288 INFO:teuthology.orchestra.run.smithi073.stdout:/usr/bin/ceph: stdout "num_standby": 0
2024-03-17T23:43:33.288 INFO:teuthology.orchestra.run.smithi073.stdout:/usr/bin/ceph: stdout }
2024-03-17T23:43:33.288 INFO:teuthology.orchestra.run.smithi073.stdout:/usr/bin/ceph: stderr
2024-03-17T23:43:32.408+0000 7fe98925b700 1 Processor -- start
2024-03-17T23:43:33.288 INFO:teuthology.orchestra.run.smithi073.stdout:/usr/bin/ceph: stderr
2024-03-17T23:43:32.408+0000 7fe98925b700 1 -- start start
2024-03-17T23:43:33.288 INFO:teuthology.orchestra.run.smithi073.stdout:/usr/bin/ceph: stderr
2024-03-17T23:43:32.408+0000 7fe98925b700 1 --2- >> [v2:172.21.15.73:3300/0,v1:172.21.15.73:6789/0] conn(0x7fe984108600 0x7fe98410a9f0 unknown :-1 s=NONE pgs=0 cs=0 l=0 rev1=0 crypto rx=0 tx=0 comp rx=0 tx=0).connect
2024-03-17T23:43:33.288 INFO:teuthology.orchestra.run.smithi073.stdout:/usr/bin/ceph: stderr
2024-03-17T23:43:32.408+0000 7fe98925b700 1 -- --> [v2:172.21.15.73:3300/0,v1:172.21.15.73:6789/0] -- mon_getmap magic: 0 -- 0x7fe98407be60 con 0x7fe984108600
2024-03-17T23:43:33.288 INFO:teuthology.orchestra.run.smithi073.stdout:/usr/bin/ceph: stderr
2024-03-17T23:43:32.409+0000 7fe982d9d700 1 --2- >> [v2:172.21.15.73:3300/0,v1:172.21.15.73:6789/0] conn(0x7fe984108600 0x7fe98410a9f0 unknown :-1 s=BANNER_CONNECTING pgs=0 cs=0 l=0 rev1=0 crypto rx=0 tx=0 comp rx=0 tx=0)._handle_peer_banner_payload supported=3 required=0
2024-03-17T23:43:33.288 INFO:teuthology.orchestra.run.smithi073.stdout:/usr/bin/ceph: stderr
2024-03-17T23:43:32.409+0000 7fe982d9d700 1 --2- >> [v2:172.21.15.73:3300/0,v1:172.21.15.73:6789/0] conn(0x7fe984108600 0x7fe98410a9f0 unknown :-1 s=HELLO_CONNECTING pgs=0 cs=0 l=0 rev1=1 crypto rx=0 tx=0 comp rx=0 tx=0).handle_hello peer v2:172.21.15.73:3300/0 says I am v2:172.21.15.73:43264/0 (socket says 172.21.15.73:43264)
2024-03-17T23:43:33.288 INFO:teuthology.orchestra.run.smithi073.stdout:/usr/bin/ceph: stderr
2024-03-17T23:43:32.409+0000 7fe982d9d700 1 -- 172.21.15.73:0/974189368 learned_addr learned my addr 172.21.15.73:0/974189368 (peer_addr_for_me v2:172.21.15.73:0/0)
2024-03-17T23:43:33.288 INFO:teuthology.orchestra.run.smithi073.stdout:/usr/bin/ceph: stderr
2024-03-17T23:43:32.409+0000 7fe982d9d700 1 -- 172.21.15.73:0/974189368 --> [v2:172.21.15.73:3300/0,v1:172.21.15.73:6789/0] -- mon_subscribe({config=0+,monmap=0+}) -- 0x7fe98410af30 con 0x7fe984108600
2024-03-17T23:43:33.288 INFO:teuthology.orchestra.run.smithi073.stdout:/usr/bin/ceph: stderr
2024-03-17T23:43:32.409+0000 7fe982d9d700 1 --2- 172.21.15.73:0/974189368 >> [v2:172.21.15.73:3300/0,v1:172.21.15.73:6789/0] conn(0x7fe984108600 0x7fe98410a9f0 secure :-1 s=READY pgs=59 cs=0 l=1 rev1=1 crypto rx=0x7fe9740098a0 tx=0x7fe974009bb0 comp rx=0 tx=0).ready entity=mon.0 client_cookie=cda724adfa1907bc server_cookie=0 in_seq=0 out_seq=0
2024-03-17T23:43:33.288 INFO:teuthology.orchestra.run.smithi073.stdout:/usr/bin/ceph: stderr
2024-03-17T23:43:32.409+0000 7fe981d9b700 1 -- 172.21.15.73:0/974189368 <== mon.0 v2:172.21.15.73:3300/0 1 ==== mon_map magic: 0 ==== 205+0+0 (secure 0 0 0) 0x7fe974004160 con 0x7fe984108600
2024-03-17T23:43:33.288 INFO:teuthology.orchestra.run.smithi073.stdout:/usr/bin/ceph: stderr
2024-03-17T23:43:32.409+0000 7fe981d9b700 1 -- 172.21.15.73:0/974189368 <== mon.0 v2:172.21.15.73:3300/0 2 ==== config(26 keys) ==== 1102+0+0 (secure 0 0 0) 0x7fe974004300 con 0x7fe984108600
2024-03-17T23:43:33.288 INFO:teuthology.orchestra.run.smithi073.stdout:/usr/bin/ceph: stderr
2024-03-17T23:43:32.409+0000 7fe981d9b700 1 -- 172.21.15.73:0/974189368 <== mon.0 v2:172.21.15.73:3300/0 3 ==== mon_map magic: 0 ==== 205+0+0 (secure 0 0 0) 0x7fe974011a50 con 0x7fe984108600
2024-03-17T23:43:33.289 INFO:teuthology.orchestra.run.smithi073.stdout:/usr/bin/ceph: stderr
2024-03-17T23:43:32.410+0000 7fe98925b700 1 -- 172.21.15.73:0/974189368 >> [v2:172.21.15.73:3300/0,v1:172.21.15.73:6789/0] conn(0x7fe984108600 msgr2=0x7fe98410a9f0 secure :-1 s=STATE_CONNECTION_ESTABLISHED l=1).mark_down
2024-03-17T23:43:33.289 INFO:teuthology.orchestra.run.smithi073.stdout:/usr/bin/ceph: stderr
2024-03-17T23:43:32.410+0000 7fe98925b700 1 --2- 172.21.15.73:0/974189368 >> [v2:172.21.15.73:3300/0,v1:172.21.15.73:6789/0] conn(0x7fe984108600 0x7fe98410a9f0 secure :-1 s=READY pgs=59 cs=0 l=1 rev1=1 crypto rx=0x7fe9740098a0 tx=0x7fe974009bb0 comp rx=0 tx=0).stop
2024-03-17T23:43:33.289 INFO:teuthology.orchestra.run.smithi073.stdout:/usr/bin/ceph: stderr
2024-03-17T23:43:32.410+0000 7fe98925b700 1 -- 172.21.15.73:0/974189368 shutdown_connections
2024-03-17T23:43:33.289 INFO:teuthology.orchestra.run.smithi073.stdout:/usr/bin/ceph: stderr
2024-03-17T23:43:32.410+0000 7fe98925b700 1 --2- 172.21.15.73:0/974189368 >> [v2:172.21.15.73:3300/0,v1:172.21.15.73:6789/0] conn(0x7fe984108600 0x7fe98410a9f0 unknown :-1 s=CLOSED pgs=59 cs=0 l=1 rev1=1 crypto rx=0 tx=0 comp rx=0 tx=0).stop
2024-03-17T23:43:33.289 INFO:teuthology.orchestra.run.smithi073.stdout:/usr/bin/ceph: stderr
2024-03-17T23:43:32.410+0000 7fe98925b700 1 -- 172.21.15.73:0/974189368 >> 172.21.15.73:0/974189368 conn(0x7fe984102030 msgr2=0x7fe984104450 unknown :-1 s=STATE_NONE l=0).mark_down
2024-03-17T23:43:33.289 INFO:teuthology.orchestra.run.smithi073.stdout:/usr/bin/ceph: stderr
2024-03-17T23:43:32.410+0000 7fe98925b700 1 -- 172.21.15.73:0/974189368 shutdown_connections
2024-03-17T23:43:33.289 INFO:teuthology.orchestra.run.smithi073.stdout:/usr/bin/ceph: stderr
2024-03-17T23:43:32.410+0000 7fe98925b700 1 -- 172.21.15.73:0/974189368 wait complete.
2024-03-17T23:43:33.289 INFO:teuthology.orchestra.run.smithi073.stdout:/usr/bin/ceph: stderr
2024-03-17T23:43:32.411+0000 7fe98925b700 1 Processor -- start
2024-03-17T23:43:33.289 INFO:teuthology.orchestra.run.smithi073.stdout:/usr/bin/ceph: stderr
2024-03-17T23:43:32.411+0000 7fe98925b700 1 -- start start
2024-03-17T23:43:33.289 INFO:teuthology.orchestra.run.smithi073.stdout:/usr/bin/ceph: stderr
2024-03-17T23:43:32.411+0000 7fe98925b700 1 --2- >> [v2:172.21.15.73:3300/0,v1:172.21.15.73:6789/0] conn(0x7fe984108600 0x7fe98419ba60 unknown :-1 s=NONE pgs=0 cs=0 l=1 rev1=0 crypto rx=0 tx=0 comp rx=0 tx=0).connect
2024-03-17T23:43:33.289 INFO:teuthology.orchestra.run.smithi073.stdout:/usr/bin/ceph: stderr
2024-03-17T23:43:32.411+0000 7fe98925b700 1 -- --> [v2:172.21.15.73:3300/0,v1:172.21.15.73:6789/0] -- mon_getmap magic: 0 -- 0x7fe98410bf30 con 0x7fe984108600
2024-03-17T23:43:33.289 INFO:teuthology.orchestra.run.smithi073.stdout:/usr/bin/ceph: stderr
2024-03-17T23:43:32.411+0000 7fe982d9d700 1 --2- >> [v2:172.21.15.73:3300/0,v1:172.21.15.73:6789/0] conn(0x7fe984108600 0x7fe98419ba60 unknown :-1 s=BANNER_CONNECTING pgs=0 cs=0 l=1 rev1=0 crypto rx=0 tx=0 comp rx=0 tx=0)._handle_peer_banner_payload supported=3 required=0
2024-03-17T23:43:33.289 INFO:teuthology.orchestra.run.smithi073.stdout:/usr/bin/ceph: stderr
2024-03-17T23:43:32.411+0000 7fe982d9d700 1 --2- >> [v2:172.21.15.73:3300/0,v1:172.21.15.73:6789/0] conn(0x7fe984108600 0x7fe98419ba60 unknown :-1 s=HELLO_CONNECTING pgs=0 cs=0 l=1 rev1=1 crypto rx=0 tx=0 comp rx=0 tx=0).handle_hello peer v2:172.21.15.73:3300/0 says I am v2:172.21.15.73:43274/0 (socket says 172.21.15.73:43274)
2024-03-17T23:43:33.289 INFO:teuthology.orchestra.run.smithi073.stdout:/usr/bin/ceph: stderr
2024-03-17T23:43:32.411+0000 7fe982d9d700 1 -- 172.21.15.73:0/1665169890 learned_addr learned my addr 172.21.15.73:0/1665169890 (peer_addr_for_me v2:172.21.15.73:0/0)
2024-03-17T23:43:33.289 INFO:teuthology.orchestra.run.smithi073.stdout:/usr/bin/ceph: stderr
2024-03-17T23:43:32.412+0000 7fe982d9d700 1 -- 172.21.15.73:0/1665169890 --> [v2:172.21.15.73:3300/0,v1:172.21.15.73:6789/0] -- mon_subscribe({config=0+,monmap=0+}) -- 0x7fe98419bfa0 con 0x7fe984108600
2024-03-17T23:43:33.290 INFO:teuthology.orchestra.run.smithi073.stdout:/usr/bin/ceph: stderr
2024-03-17T23:43:32.412+0000 7fe982d9d700 1 --2- 172.21.15.73:0/1665169890 >> [v2:172.21.15.73:3300/0,v1:172.21.15.73:6789/0] conn(0x7fe984108600 0x7fe98419ba60 secure :-1 s=READY pgs=60 cs=0 l=1 rev1=1 crypto rx=0x7fe974011a00 tx=0x7fe974011ae0 comp rx=0 tx=0).ready entity=mon.0 client_cookie=0 server_cookie=0 in_seq=0 out_seq=0
2024-03-17T23:43:33.290 INFO:teuthology.orchestra.run.smithi073.stdout:/usr/bin/ceph: stderr
2024-03-17T23:43:32.412+0000 7fe96bfff700 1 -- 172.21.15.73:0/1665169890 <== mon.0 v2:172.21.15.73:3300/0 1 ==== mon_map magic: 0 ==== 205+0+0 (secure 0 0 0) 0x7fe974003af0 con 0x7fe984108600
2024-03-17T23:43:33.290 INFO:teuthology.orchestra.run.smithi073.stdout:/usr/bin/ceph: stderr
2024-03-17T23:43:32.412+0000 7fe98925b700 1 -- 172.21.15.73:0/1665169890 --> [v2:172.21.15.73:3300/0,v1:172.21.15.73:6789/0] -- mon_subscribe({mgrmap=0+}) -- 0x7fe98419c290 con 0x7fe984108600
2024-03-17T23:43:33.290 INFO:teuthology.orchestra.run.smithi073.stdout:/usr/bin/ceph: stderr
2024-03-17T23:43:32.412+0000 7fe96bfff700 1 -- 172.21.15.73:0/1665169890 <== mon.0 v2:172.21.15.73:3300/0 2 ==== config(26 keys) ==== 1102+0+0 (secure 0 0 0) 0x7fe97401a8e0 con 0x7fe984108600
2024-03-17T23:43:33.290 INFO:teuthology.orchestra.run.smithi073.stdout:/usr/bin/ceph: stderr
2024-03-17T23:43:32.412+0000 7fe96bfff700 1 -- 172.21.15.73:0/1665169890 <== mon.0 v2:172.21.15.73:3300/0 3 ==== mon_map magic: 0 ==== 205+0+0 (secure 0 0 0) 0x7fe974024840 con 0x7fe984108600
2024-03-17T23:43:33.290 INFO:teuthology.orchestra.run.smithi073.stdout:/usr/bin/ceph: stderr
2024-03-17T23:43:32.412+0000 7fe98925b700 1 -- 172.21.15.73:0/1665169890 --> [v2:172.21.15.73:3300/0,v1:172.21.15.73:6789/0] -- mon_subscribe({osdmap=0}) -- 0x7fe98419ef20 con 0x7fe984108600
2024-03-17T23:43:33.290 INFO:teuthology.orchestra.run.smithi073.stdout:/usr/bin/ceph: stderr
2024-03-17T23:43:32.413+0000 7fe96bfff700 1 -- 172.21.15.73:0/1665169890 <== mon.0 v2:172.21.15.73:3300/0 4 ==== mgrmap(e 9) ==== 46119+0+0 (secure 0 0 0) 0x7fe974022020 con 0x7fe984108600
2024-03-17T23:43:33.290 INFO:teuthology.orchestra.run.smithi073.stdout:/usr/bin/ceph: stderr
2024-03-17T23:43:32.413+0000 7fe96bfff700 1 --2- 172.21.15.73:0/1665169890 >> [v2:172.21.15.73:6800/1863781377,v1:172.21.15.73:6801/1863781377] conn(0x7fe96c038f70 0x7fe96c03b430 unknown :-1 s=NONE pgs=0 cs=0 l=1 rev1=0 crypto rx=0 tx=0 comp rx=0 tx=0).connect
2024-03-17T23:43:33.290 INFO:teuthology.orchestra.run.smithi073.stdout:/usr/bin/ceph: stderr
2024-03-17T23:43:32.413+0000 7fe96bfff700 1 -- 172.21.15.73:0/1665169890 <== mon.0 v2:172.21.15.73:3300/0 5 ==== osd_map(2..2 src has 1..2) ==== 940+0+0 (secure 0 0 0) 0x7fe97404e030 con 0x7fe984108600
2024-03-17T23:43:33.290 INFO:teuthology.orchestra.run.smithi073.stdout:/usr/bin/ceph: stderr
2024-03-17T23:43:32.413+0000 7fe98259c700 1 -- 172.21.15.73:0/1665169890 >> [v2:172.21.15.73:6800/1863781377,v1:172.21.15.73:6801/1863781377] conn(0x7fe96c038f70 msgr2=0x7fe96c03b430 unknown :-1 s=STATE_CONNECTING_RE l=1).process reconnect failed to v2:172.21.15.73:6800/1863781377
2024-03-17T23:43:33.290 INFO:teuthology.orchestra.run.smithi073.stdout:/usr/bin/ceph: stderr
2024-03-17T23:43:32.413+0000 7fe98259c700 1 --2- 172.21.15.73:0/1665169890 >> [v2:172.21.15.73:6800/1863781377,v1:172.21.15.73:6801/1863781377] conn(0x7fe96c038f70 0x7fe96c03b430 unknown :-1 s=START_CONNECT pgs=0 cs=0 l=1 rev1=0 crypto rx=0 tx=0 comp rx=0 tx=0)._fault waiting 0.200000
2024-03-17T23:43:33.290 INFO:teuthology.orchestra.run.smithi073.stdout:/usr/bin/ceph: stderr
2024-03-17T23:43:32.413+0000 7fe98925b700 1 -- 172.21.15.73:0/1665169890 --> [v2:172.21.15.73:3300/0,v1:172.21.15.73:6789/0] -- mon_command({"prefix": "get_command_descriptions"} v 0) -- 0x7fe984063900 con 0x7fe984108600
2024-03-17T23:43:33.290 INFO:teuthology.orchestra.run.smithi073.stdout:/usr/bin/ceph: stderr
2024-03-17T23:43:32.418+0000 7fe96bfff700 1 -- 172.21.15.73:0/1665169890 <== mon.0 v2:172.21.15.73:3300/0 6 ==== mon_command_ack([{"prefix": "get_command_descriptions"}]=0 v0) ==== 72+0+186149 (secure 0 0 0) 0x7fe97401adb0 con 0x7fe984108600
2024-03-17T23:43:33.290 INFO:teuthology.orchestra.run.smithi073.stdout:/usr/bin/ceph: stderr
2024-03-17T23:43:32.614+0000 7fe98259c700 1 -- 172.21.15.73:0/1665169890 >> [v2:172.21.15.73:6800/1863781377,v1:172.21.15.73:6801/1863781377] conn(0x7fe96c038f70 msgr2=0x7fe96c03b430 unknown :-1 s=STATE_CONNECTING_RE l=1).process reconnect failed to v2:172.21.15.73:6800/1863781377
2024-03-17T23:43:33.291 INFO:teuthology.orchestra.run.smithi073.stdout:/usr/bin/ceph: stderr
2024-03-17T23:43:32.614+0000 7fe98259c700 1 --2- 172.21.15.73:0/1665169890 >> [v2:172.21.15.73:6800/1863781377,v1:172.21.15.73:6801/1863781377] conn(0x7fe96c038f70 0x7fe96c03b430 unknown :-1 s=START_CONNECT pgs=0 cs=0 l=1 rev1=0 crypto rx=0 tx=0 comp rx=0 tx=0)._fault waiting 0.400000
2024-03-17T23:43:33.291 INFO:teuthology.orchestra.run.smithi073.stdout:/usr/bin/ceph: stderr
2024-03-17T23:43:32.678+0000 7fe98925b700 1 -- 172.21.15.73:0/1665169890 --> [v2:172.21.15.73:3300/0,v1:172.21.15.73:6789/0] -- mon_command({"prefix": "mgr stat"} v 0) -- 0x7fe98419f430 con 0x7fe984108600
2024-03-17T23:43:33.291 INFO:teuthology.orchestra.run.smithi073.stdout:/usr/bin/ceph: stderr
2024-03-17T23:43:32.678+0000 7fe96bfff700 1 -- 172.21.15.73:0/1665169890 <== mon.0 v2:172.21.15.73:3300/0 7 ==== mon_command_ack([{"prefix": "mgr stat"}]=0 v9) ==== 56+0+88 (secure 0 0 0) 0x7fe97400ba30 con 0x7fe984108600
2024-03-17T23:43:33.291 INFO:teuthology.orchestra.run.smithi073.stdout:/usr/bin/ceph: stderr
2024-03-17T23:43:32.680+0000 7fe98925b700 1 -- 172.21.15.73:0/1665169890 >> [v2:172.21.15.73:6800/1863781377,v1:172.21.15.73:6801/1863781377] conn(0x7fe96c038f70 msgr2=0x7fe96c03b430 unknown :-1 s=STATE_CONNECTING l=1).mark_down
2024-03-17T23:43:33.291 INFO:teuthology.orchestra.run.smithi073.stdout:/usr/bin/ceph: stderr
2024-03-17T23:43:32.680+0000 7fe98925b700 1 --2- 172.21.15.73:0/1665169890 >> [v2:172.21.15.73:6800/1863781377,v1:172.21.15.73:6801/1863781377] conn(0x7fe96c038f70 0x7fe96c03b430 unknown :-1 s=START_CONNECT pgs=0 cs=0 l=1 rev1=0 crypto rx=0 tx=0 comp rx=0 tx=0).stop
2024-03-17T23:43:33.291 INFO:teuthology.orchestra.run.smithi073.stdout:/usr/bin/ceph: stderr
2024-03-17T23:43:32.681+0000 7fe98925b700 1 -- 172.21.15.73:0/1665169890 >> [v2:172.21.15.73:3300/0,v1:172.21.15.73:6789/0] conn(0x7fe984108600 msgr2=0x7fe98419ba60 secure :-1 s=STATE_CONNECTION_ESTABLISHED l=1).mark_down
2024-03-17T23:43:33.291 INFO:teuthology.orchestra.run.smithi073.stdout:/usr/bin/ceph: stderr
2024-03-17T23:43:32.681+0000 7fe98925b700 1 --2- 172.21.15.73:0/1665169890 >> [v2:172.21.15.73:3300/0,v1:172.21.15.73:6789/0] conn(0x7fe984108600 0x7fe98419ba60 secure :-1 s=READY pgs=60 cs=0 l=1 rev1=1 crypto rx=0x7fe974011a00 tx=0x7fe974011ae0 comp rx=0 tx=0).stop
2024-03-17T23:43:33.291 INFO:teuthology.orchestra.run.smithi073.stdout:/usr/bin/ceph: stderr
2024-03-17T23:43:32.681+0000 7fe98925b700 1 -- 172.21.15.73:0/1665169890 shutdown_connections
2024-03-17T23:43:33.291 INFO:teuthology.orchestra.run.smithi073.stdout:/usr/bin/ceph: stderr
2024-03-17T23:43:32.681+0000 7fe98925b700 1 --2- 172.21.15.73:0/1665169890 >> [v2:172.21.15.73:6800/1863781377,v1:172.21.15.73:6801/1863781377] conn(0x7fe96c038f70 0x7fe96c03b430 unknown :-1 s=CLOSED pgs=0 cs=0 l=1 rev1=0 crypto rx=0 tx=0 comp rx=0 tx=0).stop
2024-03-17T23:43:33.291 INFO:teuthology.orchestra.run.smithi073.stdout:/usr/bin/ceph: stderr
2024-03-17T23:43:32.681+0000 7fe98925b700 1 --2- 172.21.15.73:0/1665169890 >> [v2:172.21.15.73:3300/0,v1:172.21.15.73:6789/0] conn(0x7fe984108600 0x7fe98419ba60 unknown :-1 s=CLOSED pgs=60 cs=0 l=1 rev1=1 crypto rx=0 tx=0 comp rx=0 tx=0).stop
2024-03-17T23:43:33.291 INFO:teuthology.orchestra.run.smithi073.stdout:/usr/bin/ceph: stderr
2024-03-17T23:43:32.681+0000 7fe98925b700 1 -- 172.21.15.73:0/1665169890 >> 172.21.15.73:0/1665169890 conn(0x7fe984102030 msgr2=0x7fe984102b30 unknown :-1 s=STATE_NONE l=0).mark_down
2024-03-17T23:43:33.291 INFO:teuthology.orchestra.run.smithi073.stdout:/usr/bin/ceph: stderr
2024-03-17T23:43:32.681+0000 7fe98925b700 1 -- 172.21.15.73:0/1665169890 shutdown_connections
2024-03-17T23:43:33.291 INFO:teuthology.orchestra.run.smithi073.stdout:/usr/bin/ceph: stderr
2024-03-17T23:43:32.681+0000 7fe98925b700 1 -- 172.21.15.73:0/1665169890 wait complete.
2024-03-17T23:43:33.291 INFO:teuthology.orchestra.run.smithi073.stdout:Waiting for the mgr to restart...
2024-03-17T23:43:33.291 INFO:teuthology.orchestra.run.smithi073.stdout:Waiting for mgr epoch 9...
2024-03-17T23:43:33.521 INFO:journalctl@ceph.mon.a.smithi073.stdout:Mar 17 23:43:33 smithi073 ceph-mon[32203]: from='client.? 172.21.15.73:0/1665169890' entity='client.admin' cmd=[{"prefix": "mgr stat"}]: dispatch
2024-03-17T23:43:33.522 INFO:journalctl@ceph.mgr.x.smithi073.stdout:Mar 17 23:43:33 smithi073 ceph-df071766-e4b7-11ee-95c9-87774f69a715-mgr-x[32432]:
2024-03-17T23:43:33.223+0000 7fbd15dbc200 -1 mgr[py] Module rgw has missing NOTIFY_TYPES member
2024-03-17T23:43:33.522 INFO:journalctl@ceph.mgr.x.smithi073.stdout:Mar 17 23:43:33 smithi073 ceph-df071766-e4b7-11ee-95c9-87774f69a715-mgr-x[32432]:
2024-03-17T23:43:33.337+0000 7fbd15dbc200 -1 mgr[py] Module rbd_support has missing NOTIFY_TYPES member
2024-03-17T23:43:33.522 INFO:journalctl@ceph.mgr.x.smithi073.stdout:Mar 17 23:43:33 smithi073 ceph-df071766-e4b7-11ee-95c9-87774f69a715-mgr-x[32432]:
2024-03-17T23:43:33.424+0000 7fbd15dbc200 -1 mgr[py] Module progress has missing NOTIFY_TYPES member
2024-03-17T23:43:33.522 INFO:journalctl@ceph.mgr.x.smithi073.stdout:Mar 17 23:43:33 smithi073 ceph-df071766-e4b7-11ee-95c9-87774f69a715-mgr-x[32432]:
2024-03-17T23:43:33.520+0000 7fbd15dbc200 -1 mgr[py] Module pg_autoscaler has missing NOTIFY_TYPES member
2024-03-17T23:43:33.858 INFO:journalctl@ceph.mgr.x.smithi073.stdout:Mar 17 23:43:33 smithi073 ceph-df071766-e4b7-11ee-95c9-87774f69a715-mgr-x[32432]:
2024-03-17T23:43:33.710+0000 7fbd15dbc200 -1 mgr[py] Module devicehealth has missing NOTIFY_TYPES member
2024-03-17T23:43:35.108 INFO:journalctl@ceph.mgr.x.smithi073.stdout:Mar 17 23:43:34 smithi073 ceph-df071766-e4b7-11ee-95c9-87774f69a715-mgr-x[32432]:
2024-03-17T23:43:34.671+0000 7fbd15dbc200 -1 mgr[py] Module rook has missing NOTIFY_TYPES member
2024-03-17T23:43:35.109 INFO:journalctl@ceph.mgr.x.smithi073.stdout:Mar 17 23:43:34 smithi073 ceph-df071766-e4b7-11ee-95c9-87774f69a715-mgr-x[32432]:
2024-03-17T23:43:34.800+0000 7fbd15dbc200 -1 mgr[py] Module diskprediction_local has missing NOTIFY_TYPES member
2024-03-17T23:43:35.417 INFO:journalctl@ceph.mgr.x.smithi073.stdout:Mar 17 23:43:35 smithi073 ceph-df071766-e4b7-11ee-95c9-87774f69a715-mgr-x[32432]:
2024-03-17T23:43:35.130+0000 7fbd15dbc200 -1 mgr[py] Module selftest has missing NOTIFY_TYPES member
2024-03-17T23:43:35.417 INFO:journalctl@ceph.mgr.x.smithi073.stdout:Mar 17 23:43:35 smithi073 ceph-df071766-e4b7-11ee-95c9-87774f69a715-mgr-x[32432]:
2024-03-17T23:43:35.220+0000 7fbd15dbc200 -1 mgr[py] Module telegraf has missing NOTIFY_TYPES member
2024-03-17T23:43:35.418 INFO:journalctl@ceph.mgr.x.smithi073.stdout:Mar 17 23:43:35 smithi073 ceph-df071766-e4b7-11ee-95c9-87774f69a715-mgr-x[32432]:
2024-03-17T23:43:35.416+0000 7fbd15dbc200 -1 mgr[py] Module test_orchestrator has missing NOTIFY_TYPES member
2024-03-17T23:43:35.858 INFO:journalctl@ceph.mgr.x.smithi073.stdout:Mar 17 23:43:35 smithi073 ceph-df071766-e4b7-11ee-95c9-87774f69a715-mgr-x[32432]:
2024-03-17T23:43:35.601+0000 7fbd15dbc200 -1 mgr[py] Module crash has missing NOTIFY_TYPES member
2024-03-17T23:43:36.146 INFO:journalctl@ceph.mgr.x.smithi073.stdout:Mar 17 23:43:35 smithi073 ceph-df071766-e4b7-11ee-95c9-87774f69a715-mgr-x[32432]:
2024-03-17T23:43:35.887+0000 7fbd15dbc200 -1 mgr[py] Module orchestrator has missing NOTIFY_TYPES member
2024-03-17T23:43:36.146 INFO:journalctl@ceph.mgr.x.smithi073.stdout:Mar 17 23:43:36 smithi073 ceph-df071766-e4b7-11ee-95c9-87774f69a715-mgr-x[32432]:
2024-03-17T23:43:36.145+0000 7fbd15dbc200 -1 mgr[py] Module osd_support has missing NOTIFY_TYPES member
2024-03-17T23:43:36.608 INFO:journalctl@ceph.mgr.x.smithi073.stdout:Mar 17 23:43:36 smithi073 ceph-df071766-e4b7-11ee-95c9-87774f69a715-mgr-x[32432]:
2024-03-17T23:43:36.384+0000 7fbd15dbc200 -1 mgr[py] Module volumes has missing NOTIFY_TYPES member
2024-03-17T23:43:37.358 INFO:journalctl@ceph.mgr.x.smithi073.stdout:Mar 17 23:43:37 smithi073 ceph-df071766-e4b7-11ee-95c9-87774f69a715-mgr-x[32432]:
2024-03-17T23:43:37.194+0000 7fbd15dbc200 -1 mgr[py] Module telemetry has missing NOTIFY_TYPES member
2024-03-17T23:43:38.078 INFO:journalctl@ceph.mgr.x.smithi073.stdout:Mar 17 23:43:37 smithi073 ceph-df071766-e4b7-11ee-95c9-87774f69a715-mgr-x[32432]:
2024-03-17T23:43:37.764+0000 7fbd15dbc200 -1 mgr[py] Module prometheus has missing NOTIFY_TYPES member
2024-03-17T23:43:38.079 INFO:journalctl@ceph.mgr.x.smithi073.stdout:Mar 17 23:43:37 smithi073 ceph-df071766-e4b7-11ee-95c9-87774f69a715-mgr-x[32432]:
2024-03-17T23:43:37.862+0000 7fbd15dbc200 -1 mgr[py] Module status has missing NOTIFY_TYPES member
2024-03-17T23:43:38.079 INFO:journalctl@ceph.mgr.x.smithi073.stdout:Mar 17 23:43:38 smithi073 ceph-df071766-e4b7-11ee-95c9-87774f69a715-mgr-x[32432]:
2024-03-17T23:43:38.077+0000 7fbd15dbc200 -1 mgr[py] Module nfs has missing NOTIFY_TYPES member
2024-03-17T23:43:38.361 INFO:journalctl@ceph.mon.a.smithi073.stdout:Mar 17 23:43:38 smithi073 ceph-mon[32203]: Active manager daemon x restarted
2024-03-17T23:43:38.362 INFO:journalctl@ceph.mon.a.smithi073.stdout:Mar 17 23:43:38 smithi073 ceph-mon[32203]: Activating manager daemon x
2024-03-17T23:43:38.362 INFO:journalctl@ceph.mon.a.smithi073.stdout:Mar 17 23:43:38 smithi073 ceph-mon[32203]: osdmap e3: 0 total, 0 up, 0 in
2024-03-17T23:43:38.362 INFO:journalctl@ceph.mon.a.smithi073.stdout:Mar 17 23:43:38 smithi073 ceph-mon[32203]: mgrmap e10: x(active, starting, since 0.003473s)
