2024-03-17T23:43:07.665+0000 7ff0ddd0d700 1 -- 172.21.15.73:0/96017728 >> [v2:172.21.15.73:6800/2347735623,v1:172.21.15.73:6801/2347735623] conn(0x7ff0c4038f20 msgr2=0x7ff0c403b3e0 unknown :-1 s=STATE_CONNECTING_RE l=1).process reconnect failed to v2:172.21.15.73:6800/2347735623
2024-03-17T23:43:12.310 INFO:teuthology.orchestra.run.smithi073.stdout:/usr/bin/ceph: stderr
2024-03-17T23:43:07.665+0000 7ff0ddd0d700 1 --2- 172.21.15.73:0/96017728 >> [v2:172.21.15.73:6800/2347735623,v1:172.21.15.73:6801/2347735623] conn(0x7ff0c4038f20 0x7ff0c403b3e0 unknown :-1 s=START_CONNECT pgs=0 cs=0 l=1 rev1=0 crypto rx=0 tx=0 comp rx=0 tx=0)._fault waiting 1.600000
2024-03-17T23:43:12.310 INFO:teuthology.orchestra.run.smithi073.stdout:/usr/bin/ceph: stderr
2024-03-17T23:43:09.266+0000 7ff0ddd0d700 1 -- 172.21.15.73:0/96017728 >> [v2:172.21.15.73:6800/2347735623,v1:172.21.15.73:6801/2347735623] conn(0x7ff0c4038f20 msgr2=0x7ff0c403b3e0 unknown :-1 s=STATE_CONNECTING_RE l=1).process reconnect failed to v2:172.21.15.73:6800/2347735623
2024-03-17T23:43:12.310 INFO:teuthology.orchestra.run.smithi073.stdout:/usr/bin/ceph: stderr
2024-03-17T23:43:09.266+0000 7ff0ddd0d700 1 --2- 172.21.15.73:0/96017728 >> [v2:172.21.15.73:6800/2347735623,v1:172.21.15.73:6801/2347735623] conn(0x7ff0c4038f20 0x7ff0c403b3e0 unknown :-1 s=START_CONNECT pgs=0 cs=0 l=1 rev1=0 crypto rx=0 tx=0 comp rx=0 tx=0)._fault waiting 3.200000
2024-03-17T23:43:12.310 INFO:teuthology.orchestra.run.smithi073.stdout:/usr/bin/ceph: stderr
2024-03-17T23:43:10.705+0000 7ff0cf7fe700 1 -- 172.21.15.73:0/96017728 <== mon.0 v2:172.21.15.73:3300/0 6 ==== mgrmap(e 6) ==== 45873+0+0 (secure 0 0 0) 0x7ff0c8019bd0 con 0x7ff0d8108610
2024-03-17T23:43:12.310 INFO:teuthology.orchestra.run.smithi073.stdout:/usr/bin/ceph: stderr
2024-03-17T23:43:10.705+0000 7ff0cf7fe700 1 -- 172.21.15.73:0/96017728 >> [v2:172.21.15.73:6800/2347735623,v1:172.21.15.73:6801/2347735623] conn(0x7ff0c4038f20 msgr2=0x7ff0c403b3e0 unknown :-1 s=STATE_CONNECTING l=1).mark_down
2024-03-17T23:43:12.311 INFO:teuthology.orchestra.run.smithi073.stdout:/usr/bin/ceph: stderr
2024-03-17T23:43:10.705+0000 7ff0cf7fe700 1 --2- 172.21.15.73:0/96017728 >> [v2:172.21.15.73:6800/2347735623,v1:172.21.15.73:6801/2347735623] conn(0x7ff0c4038f20 0x7ff0c403b3e0 unknown :-1 s=START_CONNECT pgs=0 cs=0 l=1 rev1=0 crypto rx=0 tx=0 comp rx=0 tx=0).stop
2024-03-17T23:43:12.311 INFO:teuthology.orchestra.run.smithi073.stdout:/usr/bin/ceph: stderr
2024-03-17T23:43:11.706+0000 7ff0cf7fe700 1 -- 172.21.15.73:0/96017728 <== mon.0 v2:172.21.15.73:3300/0 7 ==== mgrmap(e 7) ==== 46000+0+0 (secure 0 0 0) 0x7ff0c804f340 con 0x7ff0d8108610
2024-03-17T23:43:12.311 INFO:teuthology.orchestra.run.smithi073.stdout:/usr/bin/ceph: stderr
2024-03-17T23:43:11.706+0000 7ff0cf7fe700 1 --2- 172.21.15.73:0/96017728 >> [v2:172.21.15.73:6800/1863781377,v1:172.21.15.73:6801/1863781377] conn(0x7ff0c403c810 0x7ff0c403ec00 unknown :-1 s=NONE pgs=0 cs=0 l=1 rev1=0 crypto rx=0 tx=0 comp rx=0 tx=0).connect
2024-03-17T23:43:12.311 INFO:teuthology.orchestra.run.smithi073.stdout:/usr/bin/ceph: stderr
2024-03-17T23:43:11.706+0000 7ff0cf7fe700 1 -- 172.21.15.73:0/96017728 --> [v2:172.21.15.73:6800/1863781377,v1:172.21.15.73:6801/1863781377] -- command(tid 0: {"prefix": "get_command_descriptions"}) -- 0x7ff0c802be50 con 0x7ff0c403c810
2024-03-17T23:43:12.311 INFO:teuthology.orchestra.run.smithi073.stdout:/usr/bin/ceph: stderr
2024-03-17T23:43:11.707+0000 7ff0ddd0d700 1 --2- 172.21.15.73:0/96017728 >> [v2:172.21.15.73:6800/1863781377,v1:172.21.15.73:6801/1863781377] conn(0x7ff0c403c810 0x7ff0c403ec00 unknown :-1 s=BANNER_CONNECTING pgs=0 cs=0 l=1 rev1=0 crypto rx=0 tx=0 comp rx=0 tx=0)._handle_peer_banner_payload supported=3 required=0
2024-03-17T23:43:12.311 INFO:teuthology.orchestra.run.smithi073.stdout:/usr/bin/ceph: stderr
2024-03-17T23:43:11.707+0000 7ff0ddd0d700 1 --2- 172.21.15.73:0/96017728 >> [v2:172.21.15.73:6800/1863781377,v1:172.21.15.73:6801/1863781377] conn(0x7ff0c403c810 0x7ff0c403ec00 secure :-1 s=READY pgs=3 cs=0 l=1 rev1=1 crypto rx=0x7ff0d4003a10 tx=0x7ff0d40092b0 comp rx=0 tx=0).ready entity=mgr.14120 client_cookie=0 server_cookie=0 in_seq=0 out_seq=0
2024-03-17T23:43:12.311 INFO:teuthology.orchestra.run.smithi073.stdout:/usr/bin/ceph: stderr
2024-03-17T23:43:11.708+0000 7ff0cf7fe700 1 -- 172.21.15.73:0/96017728 <== mgr.14120 v2:172.21.15.73:6800/1863781377 1 ==== command_reply(tid 0: 0 ) ==== 8+0+7774 (secure 0 0 0) 0x7ff0c802be50 con 0x7ff0c403c810
2024-03-17T23:43:12.311 INFO:teuthology.orchestra.run.smithi073.stdout:/usr/bin/ceph: stderr
2024-03-17T23:43:11.714+0000 7ff0e0772700 1 -- 172.21.15.73:0/96017728 --> [v2:172.21.15.73:6800/1863781377,v1:172.21.15.73:6801/1863781377] -- command(tid 1: {"prefix": "mgr_status"}) -- 0x7ff0d8063900 con 0x7ff0c403c810
2024-03-17T23:43:12.311 INFO:teuthology.orchestra.run.smithi073.stdout:/usr/bin/ceph: stderr
2024-03-17T23:43:11.714+0000 7ff0cf7fe700 1 -- 172.21.15.73:0/96017728 <== mgr.14120 v2:172.21.15.73:6800/1863781377 2 ==== command_reply(tid 1: 0 ) ==== 8+0+51 (secure 0 0 0) 0x7ff0d8063900 con 0x7ff0c403c810
2024-03-17T23:43:12.311 INFO:teuthology.orchestra.run.smithi073.stdout:/usr/bin/ceph: stderr
2024-03-17T23:43:11.714+0000 7ff0e0772700 1 -- 172.21.15.73:0/96017728 >> [v2:172.21.15.73:6800/1863781377,v1:172.21.15.73:6801/1863781377] conn(0x7ff0c403c810 msgr2=0x7ff0c403ec00 secure :-1 s=STATE_CONNECTION_ESTABLISHED l=1).mark_down
2024-03-17T23:43:12.311 INFO:teuthology.orchestra.run.smithi073.stdout:/usr/bin/ceph: stderr
2024-03-17T23:43:11.714+0000 7ff0e0772700 1 --2- 172.21.15.73:0/96017728 >> [v2:172.21.15.73:6800/1863781377,v1:172.21.15.73:6801/1863781377] conn(0x7ff0c403c810 0x7ff0c403ec00 secure :-1 s=READY pgs=3 cs=0 l=1 rev1=1 crypto rx=0x7ff0d4003a10 tx=0x7ff0d40092b0 comp rx=0 tx=0).stop
2024-03-17T23:43:12.311 INFO:teuthology.orchestra.run.smithi073.stdout:/usr/bin/ceph: stderr
2024-03-17T23:43:11.714+0000 7ff0e0772700 1 -- 172.21.15.73:0/96017728 >> [v2:172.21.15.73:3300/0,v1:172.21.15.73:6789/0] conn(0x7ff0d8108610 msgr2=0x7ff0d819bab0 secure :-1 s=STATE_CONNECTION_ESTABLISHED l=1).mark_down
2024-03-17T23:43:12.311 INFO:teuthology.orchestra.run.smithi073.stdout:/usr/bin/ceph: stderr
2024-03-17T23:43:11.714+0000 7ff0e0772700 1 --2- 172.21.15.73:0/96017728 >> [v2:172.21.15.73:3300/0,v1:172.21.15.73:6789/0] conn(0x7ff0d8108610 0x7ff0d819bab0 secure :-1 s=READY pgs=29 cs=0 l=1 rev1=1 crypto rx=0x7ff0c8006af0 tx=0x7ff0c8011b70 comp rx=0 tx=0).stop
2024-03-17T23:43:12.312 INFO:teuthology.orchestra.run.smithi073.stdout:/usr/bin/ceph: stderr
2024-03-17T23:43:11.715+0000 7ff0e0772700 1 -- 172.21.15.73:0/96017728 shutdown_connections
2024-03-17T23:43:12.312 INFO:teuthology.orchestra.run.smithi073.stdout:/usr/bin/ceph: stderr
2024-03-17T23:43:11.715+0000 7ff0e0772700 1 --2- 172.21.15.73:0/96017728 >> [v2:172.21.15.73:6800/1863781377,v1:172.21.15.73:6801/1863781377] conn(0x7ff0c403c810 0x7ff0c403ec00 unknown :-1 s=CLOSED pgs=3 cs=0 l=1 rev1=1 crypto rx=0 tx=0 comp rx=0 tx=0).stop
2024-03-17T23:43:12.312 INFO:teuthology.orchestra.run.smithi073.stdout:/usr/bin/ceph: stderr
2024-03-17T23:43:11.715+0000 7ff0e0772700 1 --2- 172.21.15.73:0/96017728 >> [v2:172.21.15.73:3300/0,v1:172.21.15.73:6789/0] conn(0x7ff0d8108610 0x7ff0d819bab0 unknown :-1 s=CLOSED pgs=29 cs=0 l=1 rev1=1 crypto rx=0 tx=0 comp rx=0 tx=0).stop
2024-03-17T23:43:12.312 INFO:teuthology.orchestra.run.smithi073.stdout:/usr/bin/ceph: stderr
2024-03-17T23:43:11.715+0000 7ff0e0772700 1 --2- 172.21.15.73:0/96017728 >> [v2:172.21.15.73:6800/2347735623,v1:172.21.15.73:6801/2347735623] conn(0x7ff0c4038f20 0x7ff0c403b3e0 unknown :-1 s=CLOSED pgs=0 cs=0 l=1 rev1=0 crypto rx=0 tx=0 comp rx=0 tx=0).stop
2024-03-17T23:43:12.312 INFO:teuthology.orchestra.run.smithi073.stdout:/usr/bin/ceph: stderr
2024-03-17T23:43:11.715+0000 7ff0e0772700 1 -- 172.21.15.73:0/96017728 >> 172.21.15.73:0/96017728 conn(0x7ff0d8102040 msgr2=0x7ff0d8102b50 unknown :-1 s=STATE_NONE l=0).mark_down
2024-03-17T23:43:12.312 INFO:teuthology.orchestra.run.smithi073.stdout:/usr/bin/ceph: stderr
2024-03-17T23:43:11.715+0000 7ff0e0772700 1 -- 172.21.15.73:0/96017728 shutdown_connections
2024-03-17T23:43:12.312 INFO:teuthology.orchestra.run.smithi073.stdout:/usr/bin/ceph: stderr
2024-03-17T23:43:11.715+0000 7ff0e0772700 1 -- 172.21.15.73:0/96017728 wait complete.
2024-03-17T23:43:12.312 INFO:teuthology.orchestra.run.smithi073.stdout:mgr epoch 5 is available
2024-03-17T23:43:12.312 INFO:teuthology.orchestra.run.smithi073.stdout:Setting orchestrator backend to cephadm...
2024-03-17T23:43:12.858 INFO:journalctl@ceph.mon.a.smithi073.stdout:Mar 17 23:43:12 smithi073 ceph-mon[32203]: from='client.14124 -' entity='client.admin' cmd=[{"prefix": "get_command_descriptions"}]: dispatch
2024-03-17T23:43:12.859 INFO:journalctl@ceph.mon.a.smithi073.stdout:Mar 17 23:43:12 smithi073 ceph-mon[32203]: from='client.14124 -' entity='client.admin' cmd=[{"prefix": "mgr_status"}]: dispatch
2024-03-17T23:43:12.859 INFO:journalctl@ceph.mon.a.smithi073.stdout:Mar 17 23:43:12 smithi073 ceph-mon[32203]: from='mgr.14120 172.21.15.73:0/2624372759' entity='mgr.x' cmd=[{"prefix": "config dump", "format": "json"}]: dispatch
2024-03-17T23:43:13.518 INFO:teuthology.orchestra.run.smithi073.stdout:/usr/bin/ceph: stderr
2024-03-17T23:43:12.688+0000 7f21b1a33700 1 Processor -- start
2024-03-17T23:43:13.519 INFO:teuthology.orchestra.run.smithi073.stdout:/usr/bin/ceph: stderr
2024-03-17T23:43:12.688+0000 7f21b1a33700 1 -- start start
2024-03-17T23:43:13.519 INFO:teuthology.orchestra.run.smithi073.stdout:/usr/bin/ceph: stderr
2024-03-17T23:43:12.688+0000 7f21b1a33700 1 --2- >> [v2:172.21.15.73:3300/0,v1:172.21.15.73:6789/0] conn(0x7f21ac1092a0 0x7f21ac1096c0 unknown :-1 s=NONE pgs=0 cs=0 l=0 rev1=0 crypto rx=0 tx=0 comp rx=0 tx=0).connect
2024-03-17T23:43:13.519 INFO:teuthology.orchestra.run.smithi073.stdout:/usr/bin/ceph: stderr
2024-03-17T23:43:12.688+0000 7f21b1a33700 1 -- --> [v2:172.21.15.73:3300/0,v1:172.21.15.73:6789/0] -- mon_getmap magic: 0 -- 0x7f21ac109c90 con 0x7f21ac1092a0
2024-03-17T23:43:13.519 INFO:teuthology.orchestra.run.smithi073.stdout:/usr/bin/ceph: stderr
2024-03-17T23:43:12.689+0000 7f21aaffd700 1 --2- >> [v2:172.21.15.73:3300/0,v1:172.21.15.73:6789/0] conn(0x7f21ac1092a0 0x7f21ac1096c0 unknown :-1 s=BANNER_CONNECTING pgs=0 cs=0 l=0 rev1=0 crypto rx=0 tx=0 comp rx=0 tx=0)._handle_peer_banner_payload supported=3 required=0
2024-03-17T23:43:13.519 INFO:teuthology.orchestra.run.smithi073.stdout:/usr/bin/ceph: stderr
2024-03-17T23:43:12.689+0000 7f21aaffd700 1 --2- >> [v2:172.21.15.73:3300/0,v1:172.21.15.73:6789/0] conn(0x7f21ac1092a0 0x7f21ac1096c0 unknown :-1 s=HELLO_CONNECTING pgs=0 cs=0 l=0 rev1=1 crypto rx=0 tx=0 comp rx=0 tx=0).handle_hello peer v2:172.21.15.73:3300/0 says I am v2:172.21.15.73:52222/0 (socket says 172.21.15.73:52222)
2024-03-17T23:43:13.519 INFO:teuthology.orchestra.run.smithi073.stdout:/usr/bin/ceph: stderr
2024-03-17T23:43:12.689+0000 7f21aaffd700 1 -- 172.21.15.73:0/3778952607 learned_addr learned my addr 172.21.15.73:0/3778952607 (peer_addr_for_me v2:172.21.15.73:0/0)
2024-03-17T23:43:13.519 INFO:teuthology.orchestra.run.smithi073.stdout:/usr/bin/ceph: stderr
2024-03-17T23:43:12.689+0000 7f21aaffd700 1 -- 172.21.15.73:0/3778952607 --> [v2:172.21.15.73:3300/0,v1:172.21.15.73:6789/0] -- mon_subscribe({config=0+,monmap=0+}) -- 0x7f21ac105b60 con 0x7f21ac1092a0
2024-03-17T23:43:13.519 INFO:teuthology.orchestra.run.smithi073.stdout:/usr/bin/ceph: stderr
2024-03-17T23:43:12.689+0000 7f21aaffd700 1 --2- 172.21.15.73:0/3778952607 >> [v2:172.21.15.73:3300/0,v1:172.21.15.73:6789/0] conn(0x7f21ac1092a0 0x7f21ac1096c0 secure :-1 s=READY pgs=37 cs=0 l=1 rev1=1 crypto rx=0x7f219c0098a0 tx=0x7f219c009bb0 comp rx=0 tx=0).ready entity=mon.0 client_cookie=725bed2898f004c1 server_cookie=0 in_seq=0 out_seq=0
2024-03-17T23:43:13.519 INFO:teuthology.orchestra.run.smithi073.stdout:/usr/bin/ceph: stderr
2024-03-17T23:43:12.689+0000 7f21aa7fc700 1 -- 172.21.15.73:0/3778952607 <== mon.0 v2:172.21.15.73:3300/0 1 ==== mon_map magic: 0 ==== 205+0+0 (secure 0 0 0) 0x7f219c004160 con 0x7f21ac1092a0
2024-03-17T23:43:13.519 INFO:teuthology.orchestra.run.smithi073.stdout:/usr/bin/ceph: stderr
2024-03-17T23:43:12.689+0000 7f21aa7fc700 1 -- 172.21.15.73:0/3778952607 <== mon.0 v2:172.21.15.73:3300/0 2 ==== config(26 keys) ==== 1071+0+0 (secure 0 0 0) 0x7f219c004300 con 0x7f21ac1092a0
2024-03-17T23:43:13.519 INFO:teuthology.orchestra.run.smithi073.stdout:/usr/bin/ceph: stderr
2024-03-17T23:43:12.689+0000 7f21aa7fc700 1 -- 172.21.15.73:0/3778952607 <== mon.0 v2:172.21.15.73:3300/0 3 ==== mon_map magic: 0 ==== 205+0+0 (secure 0 0 0) 0x7f219c011a80 con 0x7f21ac1092a0
2024-03-17T23:43:13.519 INFO:teuthology.orchestra.run.smithi073.stdout:/usr/bin/ceph: stderr
2024-03-17T23:43:12.690+0000 7f21b1a33700 1 -- 172.21.15.73:0/3778952607 >> [v2:172.21.15.73:3300/0,v1:172.21.15.73:6789/0] conn(0x7f21ac1092a0 msgr2=0x7f21ac1096c0 secure :-1 s=STATE_CONNECTION_ESTABLISHED l=1).mark_down
2024-03-17T23:43:13.519 INFO:teuthology.orchestra.run.smithi073.stdout:/usr/bin/ceph: stderr
2024-03-17T23:43:12.690+0000 7f21b1a33700 1 --2- 172.21.15.73:0/3778952607 >> [v2:172.21.15.73:3300/0,v1:172.21.15.73:6789/0] conn(0x7f21ac1092a0 0x7f21ac1096c0 secure :-1 s=READY pgs=37 cs=0 l=1 rev1=1 crypto rx=0x7f219c0098a0 tx=0x7f219c009bb0 comp rx=0 tx=0).stop
2024-03-17T23:43:13.520 INFO:teuthology.orchestra.run.smithi073.stdout:/usr/bin/ceph: stderr
2024-03-17T23:43:12.690+0000 7f21b1a33700 1 -- 172.21.15.73:0/3778952607 shutdown_connections
2024-03-17T23:43:13.520 INFO:teuthology.orchestra.run.smithi073.stdout:/usr/bin/ceph: stderr
2024-03-17T23:43:12.690+0000 7f21b1a33700 1 --2- 172.21.15.73:0/3778952607 >> [v2:172.21.15.73:3300/0,v1:172.21.15.73:6789/0] conn(0x7f21ac1092a0 0x7f21ac1096c0 unknown :-1 s=CLOSED pgs=37 cs=0 l=1 rev1=1 crypto rx=0 tx=0 comp rx=0 tx=0).stop
2024-03-17T23:43:13.520 INFO:teuthology.orchestra.run.smithi073.stdout:/usr/bin/ceph: stderr
2024-03-17T23:43:12.690+0000 7f21b1a33700 1 -- 172.21.15.73:0/3778952607 >> 172.21.15.73:0/3778952607 conn(0x7f21ac1017c0 msgr2=0x7f21ac103be0 unknown :-1 s=STATE_NONE l=0).mark_down
2024-03-17T23:43:13.520 INFO:teuthology.orchestra.run.smithi073.stdout:/usr/bin/ceph: stderr
2024-03-17T23:43:12.690+0000 7f21b1a33700 1 -- 172.21.15.73:0/3778952607 shutdown_connections
2024-03-17T23:43:13.520 INFO:teuthology.orchestra.run.smithi073.stdout:/usr/bin/ceph: stderr
2024-03-17T23:43:12.690+0000 7f21b1a33700 1 -- 172.21.15.73:0/3778952607 wait complete.
2024-03-17T23:43:13.520 INFO:teuthology.orchestra.run.smithi073.stdout:/usr/bin/ceph: stderr
2024-03-17T23:43:12.690+0000 7f21b1a33700 1 Processor -- start
2024-03-17T23:43:13.520 INFO:teuthology.orchestra.run.smithi073.stdout:/usr/bin/ceph: stderr
2024-03-17T23:43:12.690+0000 7f21b1a33700 1 -- start start
2024-03-17T23:43:13.520 INFO:teuthology.orchestra.run.smithi073.stdout:/usr/bin/ceph: stderr
2024-03-17T23:43:12.691+0000 7f21b1a33700 1 --2- >> [v2:172.21.15.73:3300/0,v1:172.21.15.73:6789/0] conn(0x7f21ac1092a0 0x7f21ac108700 unknown :-1 s=NONE pgs=0 cs=0 l=1 rev1=0 crypto rx=0 tx=0 comp rx=0 tx=0).connect
2024-03-17T23:43:13.520 INFO:teuthology.orchestra.run.smithi073.stdout:/usr/bin/ceph: stderr
2024-03-17T23:43:12.691+0000 7f21b1a33700 1 -- --> [v2:172.21.15.73:3300/0,v1:172.21.15.73:6789/0] -- mon_getmap magic: 0 -- 0x7f21ac10c230 con 0x7f21ac1092a0
2024-03-17T23:43:13.520 INFO:teuthology.orchestra.run.smithi073.stdout:/usr/bin/ceph: stderr
2024-03-17T23:43:12.691+0000 7f21aaffd700 1 --2- >> [v2:172.21.15.73:3300/0,v1:172.21.15.73:6789/0] conn(0x7f21ac1092a0 0x7f21ac108700 unknown :-1 s=BANNER_CONNECTING pgs=0 cs=0 l=1 rev1=0 crypto rx=0 tx=0 comp rx=0 tx=0)._handle_peer_banner_payload supported=3 required=0
2024-03-17T23:43:13.520 INFO:teuthology.orchestra.run.smithi073.stdout:/usr/bin/ceph: stderr
2024-03-17T23:43:12.691+0000 7f21aaffd700 1 --2- >> [v2:172.21.15.73:3300/0,v1:172.21.15.73:6789/0] conn(0x7f21ac1092a0 0x7f21ac108700 unknown :-1 s=HELLO_CONNECTING pgs=0 cs=0 l=1 rev1=1 crypto rx=0 tx=0 comp rx=0 tx=0).handle_hello peer v2:172.21.15.73:3300/0 says I am v2:172.21.15.73:52234/0 (socket says 172.21.15.73:52234)
2024-03-17T23:43:13.520 INFO:teuthology.orchestra.run.smithi073.stdout:/usr/bin/ceph: stderr
2024-03-17T23:43:12.691+0000 7f21aaffd700 1 -- 172.21.15.73:0/3946894439 learned_addr learned my addr 172.21.15.73:0/3946894439 (peer_addr_for_me v2:172.21.15.73:0/0)
2024-03-17T23:43:13.520 INFO:teuthology.orchestra.run.smithi073.stdout:/usr/bin/ceph: stderr
2024-03-17T23:43:12.691+0000 7f21aaffd700 1 -- 172.21.15.73:0/3946894439 --> [v2:172.21.15.73:3300/0,v1:172.21.15.73:6789/0] -- mon_subscribe({config=0+,monmap=0+}) -- 0x7f21ac108c40 con 0x7f21ac1092a0
2024-03-17T23:43:13.520 INFO:teuthology.orchestra.run.smithi073.stdout:/usr/bin/ceph: stderr
2024-03-17T23:43:12.691+0000 7f21aaffd700 1 --2- 172.21.15.73:0/3946894439 >> [v2:172.21.15.73:3300/0,v1:172.21.15.73:6789/0] conn(0x7f21ac1092a0 0x7f21ac108700 secure :-1 s=READY pgs=38 cs=0 l=1 rev1=1 crypto rx=0x7f219c011740 tx=0x7f219c011b00 comp rx=0 tx=0).ready entity=mon.0 client_cookie=0 server_cookie=0 in_seq=0 out_seq=0
2024-03-17T23:43:13.521 INFO:teuthology.orchestra.run.smithi073.stdout:/usr/bin/ceph: stderr
2024-03-17T23:43:12.691+0000 7f21b0a31700 1 -- 172.21.15.73:0/3946894439 <== mon.0 v2:172.21.15.73:3300/0 1 ==== mon_map magic: 0 ==== 205+0+0 (secure 0 0 0) 0x7f219c003b70 con 0x7f21ac1092a0
2024-03-17T23:43:13.521 INFO:teuthology.orchestra.run.smithi073.stdout:/usr/bin/ceph: stderr
2024-03-17T23:43:12.691+0000 7f21b0a31700 1 -- 172.21.15.73:0/3946894439 <== mon.0 v2:172.21.15.73:3300/0 2 ==== config(26 keys) ==== 1071+0+0 (secure 0 0 0) 0x7f219c01a8c0 con 0x7f21ac1092a0
2024-03-17T23:43:13.521 INFO:teuthology.orchestra.run.smithi073.stdout:/usr/bin/ceph: stderr
2024-03-17T23:43:12.691+0000 7f21b1a33700 1 -- 172.21.15.73:0/3946894439 --> [v2:172.21.15.73:3300/0,v1:172.21.15.73:6789/0] -- mon_subscribe({mgrmap=0+}) -- 0x7f21ac106e30 con 0x7f21ac1092a0
2024-03-17T23:43:13.521 INFO:teuthology.orchestra.run.smithi073.stdout:/usr/bin/ceph: stderr
2024-03-17T23:43:12.691+0000 7f21b0a31700 1 -- 172.21.15.73:0/3946894439 <== mon.0 v2:172.21.15.73:3300/0 3 ==== mon_map magic: 0 ==== 205+0+0 (secure 0 0 0) 0x7f219c024890 con 0x7f21ac1092a0
2024-03-17T23:43:13.521 INFO:teuthology.orchestra.run.smithi073.stdout:/usr/bin/ceph: stderr
2024-03-17T23:43:12.691+0000 7f21b1a33700 1 -- 172.21.15.73:0/3946894439 --> [v2:172.21.15.73:3300/0,v1:172.21.15.73:6789/0] -- mon_subscribe({osdmap=0}) -- 0x7f21ac107370 con 0x7f21ac1092a0
2024-03-17T23:43:13.521 INFO:teuthology.orchestra.run.smithi073.stdout:/usr/bin/ceph: stderr
2024-03-17T23:43:12.692+0000 7f21b0a31700 1 -- 172.21.15.73:0/3946894439 <== mon.0 v2:172.21.15.73:3300/0 4 ==== mgrmap(e 7) ==== 46000+0+0 (secure 0 0 0) 0x7f219c022020 con 0x7f21ac1092a0
2024-03-17T23:43:13.521 INFO:teuthology.orchestra.run.smithi073.stdout:/usr/bin/ceph: stderr
2024-03-17T23:43:12.692+0000 7f21b1a33700 1 -- 172.21.15.73:0/3946894439 --> [v2:172.21.15.73:3300/0,v1:172.21.15.73:6789/0] -- mon_command({"prefix": "get_command_descriptions"} v 0) -- 0x7f21ac063900 con 0x7f21ac1092a0
2024-03-17T23:43:13.521 INFO:teuthology.orchestra.run.smithi073.stdout:/usr/bin/ceph: stderr
2024-03-17T23:43:12.692+0000 7f21b0a31700 1 --2- 172.21.15.73:0/3946894439 >> [v2:172.21.15.73:6800/1863781377,v1:172.21.15.73:6801/1863781377] conn(0x7f2198038e10 0x7f219803b2d0 unknown :-1 s=NONE pgs=0 cs=0 l=1 rev1=0 crypto rx=0 tx=0 comp rx=0 tx=0).connect
2024-03-17T23:43:13.521 INFO:teuthology.orchestra.run.smithi073.stdout:/usr/bin/ceph: stderr
2024-03-17T23:43:12.692+0000 7f21b0a31700 1 -- 172.21.15.73:0/3946894439 <== mon.0 v2:172.21.15.73:3300/0 5 ==== osd_map(2..2 src has 1..2) ==== 940+0+0 (secure 0 0 0) 0x7f219c04cdb0 con 0x7f21ac1092a0
2024-03-17T23:43:13.521 INFO:teuthology.orchestra.run.smithi073.stdout:/usr/bin/ceph: stderr
2024-03-17T23:43:12.692+0000 7f21a27fc700 1 --2- 172.21.15.73:0/3946894439 >> [v2:172.21.15.73:6800/1863781377,v1:172.21.15.73:6801/1863781377] conn(0x7f2198038e10 0x7f219803b2d0 unknown :-1 s=BANNER_CONNECTING pgs=0 cs=0 l=1 rev1=0 crypto rx=0 tx=0 comp rx=0 tx=0)._handle_peer_banner_payload supported=3 required=0
2024-03-17T23:43:13.521 INFO:teuthology.orchestra.run.smithi073.stdout:/usr/bin/ceph: stderr
2024-03-17T23:43:12.693+0000 7f21a27fc700 1 --2- 172.21.15.73:0/3946894439 >> [v2:172.21.15.73:6800/1863781377,v1:172.21.15.73:6801/1863781377] conn(0x7f2198038e10 0x7f219803b2d0 secure :-1 s=READY pgs=7 cs=0 l=1 rev1=1 crypto rx=0x7f2194006fd0 tx=0x7f2194006e40 comp rx=0 tx=0).ready entity=mgr.14120 client_cookie=0 server_cookie=0 in_seq=0 out_seq=0
2024-03-17T23:43:13.521 INFO:teuthology.orchestra.run.smithi073.stdout:/usr/bin/ceph: stderr
2024-03-17T23:43:12.698+0000 7f21b0a31700 1 -- 172.21.15.73:0/3946894439 <== mon.0 v2:172.21.15.73:3300/0 6 ==== mon_command_ack([{"prefix": "get_command_descriptions"}]=0 v0) ==== 72+0+186149 (secure 0 0 0) 0x7f219c02d3f0 con 0x7f21ac1092a0
2024-03-17T23:43:13.521 INFO:teuthology.orchestra.run.smithi073.stdout:/usr/bin/ceph: stderr
2024-03-17T23:43:12.757+0000 7f21b0a31700 1 -- 172.21.15.73:0/3946894439 <== mon.0 v2:172.21.15.73:3300/0 7 ==== mgrmap(e 8) ==== 46106+0+0 (secure 0 0 0) 0x7f219c00f2e0 con 0x7f21ac1092a0
2024-03-17T23:43:13.521 INFO:teuthology.orchestra.run.smithi073.stdout:/usr/bin/ceph: stderr
2024-03-17T23:43:12.914+0000 7f21b1a33700 1 -- 172.21.15.73:0/3946894439 --> [v2:172.21.15.73:6800/1863781377,v1:172.21.15.73:6801/1863781377] -- mgr_command(tid 0: {"prefix": "orch set backend", "module_name": "cephadm", "target": ["mon-mgr", ""]}) -- 0x7f21ac107ac0 con 0x7f2198038e10
2024-03-17T23:43:13.522 INFO:teuthology.orchestra.run.smithi073.stdout:/usr/bin/ceph: stderr
2024-03-17T23:43:12.920+0000 7f21b0a31700 1 -- 172.21.15.73:0/3946894439 <== mgr.14120 v2:172.21.15.73:6800/1863781377 1 ==== mgr_command_reply(tid 0: 0 ) ==== 8+0+0 (secure 0 0 0) 0x7f21ac107ac0 con 0x7f2198038e10
2024-03-17T23:43:13.522 INFO:teuthology.orchestra.run.smithi073.stdout:/usr/bin/ceph: stderr
2024-03-17T23:43:12.923+0000 7f21b1a33700 1 -- 172.21.15.73:0/3946894439 >> [v2:172.21.15.73:6800/1863781377,v1:172.21.15.73:6801/1863781377] conn(0x7f2198038e10 msgr2=0x7f219803b2d0 secure :-1 s=STATE_CONNECTION_ESTABLISHED l=1).mark_down
2024-03-17T23:43:13.522 INFO:teuthology.orchestra.run.smithi073.stdout:/usr/bin/ceph: stderr
2024-03-17T23:43:12.923+0000 7f21b1a33700 1 --2- 172.21.15.73:0/3946894439 >> [v2:172.21.15.73:6800/1863781377,v1:172.21.15.73:6801/1863781377] conn(0x7f2198038e10 0x7f219803b2d0 secure :-1 s=READY pgs=7 cs=0 l=1 rev1=1 crypto rx=0x7f2194006fd0 tx=0x7f2194006e40 comp rx=0 tx=0).stop
2024-03-17T23:43:13.522 INFO:teuthology.orchestra.run.smithi073.stdout:/usr/bin/ceph: stderr
2024-03-17T23:43:12.923+0000 7f21b1a33700 1 -- 172.21.15.73:0/3946894439 >> [v2:172.21.15.73:3300/0,v1:172.21.15.73:6789/0] conn(0x7f21ac1092a0 msgr2=0x7f21ac108700 secure :-1 s=STATE_CONNECTION_ESTABLISHED l=1).mark_down
2024-03-17T23:43:13.522 INFO:teuthology.orchestra.run.smithi073.stdout:/usr/bin/ceph: stderr
2024-03-17T23:43:12.923+0000 7f21b1a33700 1 --2- 172.21.15.73:0/3946894439 >> [v2:172.21.15.73:3300/0,v1:172.21.15.73:6789/0] conn(0x7f21ac1092a0 0x7f21ac108700 secure :-1 s=READY pgs=38 cs=0 l=1 rev1=1 crypto rx=0x7f219c011740 tx=0x7f219c011b00 comp rx=0 tx=0).stop
2024-03-17T23:43:13.522 INFO:teuthology.orchestra.run.smithi073.stdout:/usr/bin/ceph: stderr
2024-03-17T23:43:12.923+0000 7f21b1a33700 1 -- 172.21.15.73:0/3946894439 shutdown_connections
2024-03-17T23:43:13.522 INFO:teuthology.orchestra.run.smithi073.stdout:/usr/bin/ceph: stderr
2024-03-17T23:43:12.923+0000 7f21b1a33700 1 --2- 172.21.15.73:0/3946894439 >> [v2:172.21.15.73:6800/1863781377,v1:172.21.15.73:6801/1863781377] conn(0x7f2198038e10 0x7f219803b2d0 unknown :-1 s=CLOSED pgs=7 cs=0 l=1 rev1=1 crypto rx=0 tx=0 comp rx=0 tx=0).stop
2024-03-17T23:43:13.522 INFO:teuthology.orchestra.run.smithi073.stdout:/usr/bin/ceph: stderr
2024-03-17T23:43:12.923+0000 7f21b1a33700 1 --2- 172.21.15.73:0/3946894439 >> [v2:172.21.15.73:3300/0,v1:172.21.15.73:6789/0] conn(0x7f21ac1092a0 0x7f21ac108700 unknown :-1 s=CLOSED pgs=38 cs=0 l=1 rev1=1 crypto rx=0 tx=0 comp rx=0 tx=0).stop
2024-03-17T23:43:13.522 INFO:teuthology.orchestra.run.smithi073.stdout:/usr/bin/ceph: stderr
2024-03-17T23:43:12.923+0000 7f21b1a33700 1 -- 172.21.15.73:0/3946894439 >> 172.21.15.73:0/3946894439 conn(0x7f21ac1017c0 msgr2=0x7f21ac102350 unknown :-1 s=STATE_NONE l=0).mark_down
2024-03-17T23:43:13.522 INFO:teuthology.orchestra.run.smithi073.stdout:/usr/bin/ceph: stderr
2024-03-17T23:43:12.923+0000 7f21b1a33700 1 -- 172.21.15.73:0/3946894439 shutdown_connections
2024-03-17T23:43:13.522 INFO:teuthology.orchestra.run.smithi073.stdout:/usr/bin/ceph: stderr
2024-03-17T23:43:12.923+0000 7f21b1a33700 1 -- 172.21.15.73:0/3946894439 wait complete.
2024-03-17T23:43:14.108 INFO:journalctl@ceph.mon.a.smithi073.stdout:Mar 17 23:43:13 smithi073 ceph-mon[32203]: [17/Mar/2024:23:43:11] ENGINE Bus STARTING
2024-03-17T23:43:14.109 INFO:journalctl@ceph.mon.a.smithi073.stdout:Mar 17 23:43:13 smithi073 ceph-mon[32203]: [17/Mar/2024:23:43:12] ENGINE Serving on https://172.21.15.73:7150
2024-03-17T23:43:14.109 INFO:journalctl@ceph.mon.a.smithi073.stdout:Mar 17 23:43:13 smithi073 ceph-mon[32203]: [17/Mar/2024:23:43:12] ENGINE Serving on http://172.21.15.73:8765
2024-03-17T23:43:14.109 INFO:journalctl@ceph.mon.a.smithi073.stdout:Mar 17 23:43:13 smithi073 ceph-mon[32203]: [17/Mar/2024:23:43:12] ENGINE Bus STARTED
2024-03-17T23:43:14.109 INFO:journalctl@ceph.mon.a.smithi073.stdout:Mar 17 23:43:13 smithi073 ceph-mon[32203]: mgrmap e8: x(active, since 2s)
2024-03-17T23:43:14.109 INFO:journalctl@ceph.mon.a.smithi073.stdout:Mar 17 23:43:13 smithi073 ceph-mon[32203]: from='client.14132 -' entity='client.admin' cmd=[{"prefix": "orch set backend", "module_name": "cephadm", "target": ["mon-mgr", ""]}]: dispatch
2024-03-17T23:43:14.109 INFO:journalctl@ceph.mon.a.smithi073.stdout:Mar 17 23:43:13 smithi073 ceph-mon[32203]: from='mgr.14120 172.21.15.73:0/2624372759' entity='mgr.x'
2024-03-17T23:43:14.109 INFO:journalctl@ceph.mon.a.smithi073.stdout:Mar 17 23:43:13 smithi073 ceph-mon[32203]: from='mgr.14120 172.21.15.73:0/2624372759' entity='mgr.x' cmd=[{"prefix": "config dump", "format": "json"}]: dispatch
2024-03-17T23:43:14.726 INFO:teuthology.orchestra.run.smithi073.stdout:/usr/bin/ceph: stdout value unchanged
2024-03-17T23:43:14.726 INFO:teuthology.orchestra.run.smithi073.stdout:/usr/bin/ceph: stderr
2024-03-17T23:43:13.921+0000 7f2fa97d1700 1 Processor -- start
2024-03-17T23:43:14.726 INFO:teuthology.orchestra.run.smithi073.stdout:/usr/bin/ceph: stderr
2024-03-17T23:43:13.921+0000 7f2fa97d1700 1 -- start start
2024-03-17T23:43:14.726 INFO:teuthology.orchestra.run.smithi073.stdout:/usr/bin/ceph: stderr
2024-03-17T23:43:13.921+0000 7f2fa97d1700 1 --2- >> [v2:172.21.15.73:3300/0,v1:172.21.15.73:6789/0] conn(0x7f2fa4108610 0x7f2fa410aa00 unknown :-1 s=NONE pgs=0 cs=0 l=0 rev1=0 crypto rx=0 tx=0 comp rx=0 tx=0).connect
2024-03-17T23:43:14.726 INFO:teuthology.orchestra.run.smithi073.stdout:/usr/bin/ceph: stderr
2024-03-17T23:43:13.921+0000 7f2fa97d1700 1 -- --> [v2:172.21.15.73:3300/0,v1:172.21.15.73:6789/0] -- mon_getmap magic: 0 -- 0x7f2fa407be40 con 0x7f2fa4108610
2024-03-17T23:43:14.726 INFO:teuthology.orchestra.run.smithi073.stdout:/usr/bin/ceph: stderr
2024-03-17T23:43:13.921+0000 7f2fa2ffd700 1 --2- >> [v2:172.21.15.73:3300/0,v1:172.21.15.73:6789/0] conn(0x7f2fa4108610 0x7f2fa410aa00 unknown :-1 s=BANNER_CONNECTING pgs=0 cs=0 l=0 rev1=0 crypto rx=0 tx=0 comp rx=0 tx=0)._handle_peer_banner_payload supported=3 required=0
2024-03-17T23:43:14.726 INFO:teuthology.orchestra.run.smithi073.stdout:/usr/bin/ceph: stderr
2024-03-17T23:43:13.921+0000 7f2fa2ffd700 1 --2- >> [v2:172.21.15.73:3300/0,v1:172.21.15.73:6789/0] conn(0x7f2fa4108610 0x7f2fa410aa00 unknown :-1 s=HELLO_CONNECTING pgs=0 cs=0 l=0 rev1=1 crypto rx=0 tx=0 comp rx=0 tx=0).handle_hello peer v2:172.21.15.73:3300/0 says I am v2:172.21.15.73:52244/0 (socket says 172.21.15.73:52244)
2024-03-17T23:43:14.726 INFO:teuthology.orchestra.run.smithi073.stdout:/usr/bin/ceph: stderr
2024-03-17T23:43:13.921+0000 7f2fa2ffd700 1 -- 172.21.15.73:0/2791282440 learned_addr learned my addr 172.21.15.73:0/2791282440 (peer_addr_for_me v2:172.21.15.73:0/0)
2024-03-17T23:43:14.726 INFO:teuthology.orchestra.run.smithi073.stdout:/usr/bin/ceph: stderr
2024-03-17T23:43:13.921+0000 7f2fa2ffd700 1 -- 172.21.15.73:0/2791282440 --> [v2:172.21.15.73:3300/0,v1:172.21.15.73:6789/0] -- mon_subscribe({config=0+,monmap=0+}) -- 0x7f2fa410af40 con 0x7f2fa4108610
2024-03-17T23:43:14.726 INFO:teuthology.orchestra.run.smithi073.stdout:/usr/bin/ceph: stderr
2024-03-17T23:43:13.922+0000 7f2fa2ffd700 1 --2- 172.21.15.73:0/2791282440 >> [v2:172.21.15.73:3300/0,v1:172.21.15.73:6789/0] conn(0x7f2fa4108610 0x7f2fa410aa00 secure :-1 s=READY pgs=39 cs=0 l=1 rev1=1 crypto rx=0x7f2f9c0098a0 tx=0x7f2f9c009bb0 comp rx=0 tx=0).ready entity=mon.0 client_cookie=9a7fd95d9532178c server_cookie=0 in_seq=0 out_seq=0
2024-03-17T23:43:14.726 INFO:teuthology.orchestra.run.smithi073.stdout:/usr/bin/ceph: stderr
2024-03-17T23:43:13.922+0000 7f2fa1ffb700 1 -- 172.21.15.73:0/2791282440 <== mon.0 v2:172.21.15.73:3300/0 1 ==== mon_map magic: 0 ==== 205+0+0 (secure 0 0 0) 0x7f2f9c004160 con 0x7f2fa4108610
2024-03-17T23:43:14.727 INFO:teuthology.orchestra.run.smithi073.stdout:/usr/bin/ceph: stderr
2024-03-17T23:43:13.922+0000 7f2fa1ffb700 1 -- 172.21.15.73:0/2791282440 <== mon.0 v2:172.21.15.73:3300/0 2 ==== config(26 keys) ==== 1071+0+0 (secure 0 0 0) 0x7f2f9c004300 con 0x7f2fa4108610
2024-03-17T23:43:14.727 INFO:teuthology.orchestra.run.smithi073.stdout:/usr/bin/ceph: stderr
2024-03-17T23:43:13.922+0000 7f2fa1ffb700 1 -- 172.21.15.73:0/2791282440 <== mon.0 v2:172.21.15.73:3300/0 3 ==== mon_map magic: 0 ==== 205+0+0 (secure 0 0 0) 0x7f2f9c011a80 con 0x7f2fa4108610
2024-03-17T23:43:14.727 INFO:teuthology.orchestra.run.smithi073.stdout:/usr/bin/ceph: stderr
2024-03-17T23:43:13.922+0000 7f2fa97d1700 1 -- 172.21.15.73:0/2791282440 >> [v2:172.21.15.73:3300/0,v1:172.21.15.73:6789/0] conn(0x7f2fa4108610 msgr2=0x7f2fa410aa00 secure :-1 s=STATE_CONNECTION_ESTABLISHED l=1).mark_down
2024-03-17T23:43:14.727 INFO:teuthology.orchestra.run.smithi073.stdout:/usr/bin/ceph: stderr
2024-03-17T23:43:13.922+0000 7f2fa97d1700 1 --2- 172.21.15.73:0/2791282440 >> [v2:172.21.15.73:3300/0,v1:172.21.15.73:6789/0] conn(0x7f2fa4108610 0x7f2fa410aa00 secure :-1 s=READY pgs=39 cs=0 l=1 rev1=1 crypto rx=0x7f2f9c0098a0 tx=0x7f2f9c009bb0 comp rx=0 tx=0).stop
2024-03-17T23:43:14.727 INFO:teuthology.orchestra.run.smithi073.stdout:/usr/bin/ceph: stderr
2024-03-17T23:43:13.922+0000 7f2fa97d1700 1 -- 172.21.15.73:0/2791282440 shutdown_connections
2024-03-17T23:43:14.727 INFO:teuthology.orchestra.run.smithi073.stdout:/usr/bin/ceph: stderr
2024-03-17T23:43:13.922+0000 7f2fa97d1700 1 --2- 172.21.15.73:0/2791282440 >> [v2:172.21.15.73:3300/0,v1:172.21.15.73:6789/0] conn(0x7f2fa4108610 0x7f2fa410aa00 unknown :-1 s=CLOSED pgs=39 cs=0 l=1 rev1=1 crypto rx=0 tx=0 comp rx=0 tx=0).stop
2024-03-17T23:43:14.727 INFO:teuthology.orchestra.run.smithi073.stdout:/usr/bin/ceph: stderr
2024-03-17T23:43:13.922+0000 7f2fa97d1700 1 -- 172.21.15.73:0/2791282440 >> 172.21.15.73:0/2791282440 conn(0x7f2fa4102020 msgr2=0x7f2fa4104440 unknown :-1 s=STATE_NONE l=0).mark_down
2024-03-17T23:43:14.727 INFO:teuthology.orchestra.run.smithi073.stdout:/usr/bin/ceph: stderr
2024-03-17T23:43:13.922+0000 7f2fa97d1700 1 -- 172.21.15.73:0/2791282440 shutdown_connections
2024-03-17T23:43:14.727 INFO:teuthology.orchestra.run.smithi073.stdout:/usr/bin/ceph: stderr
2024-03-17T23:43:13.922+0000 7f2fa97d1700 1 -- 172.21.15.73:0/2791282440 wait complete.
2024-03-17T23:43:14.727 INFO:teuthology.orchestra.run.smithi073.stdout:/usr/bin/ceph: stderr
2024-03-17T23:43:13.923+0000 7f2fa97d1700 1 Processor -- start
2024-03-17T23:43:14.727 INFO:teuthology.orchestra.run.smithi073.stdout:/usr/bin/ceph: stderr
2024-03-17T23:43:13.923+0000 7f2fa97d1700 1 -- start start
2024-03-17T23:43:14.727 INFO:teuthology.orchestra.run.smithi073.stdout:/usr/bin/ceph: stderr
2024-03-17T23:43:13.923+0000 7f2fa97d1700 1 --2- >> [v2:172.21.15.73:3300/0,v1:172.21.15.73:6789/0] conn(0x7f2fa4108610 0x7f2fa419bad0 unknown :-1 s=NONE pgs=0 cs=0 l=1 rev1=0 crypto rx=0 tx=0 comp rx=0 tx=0).connect
2024-03-17T23:43:14.727 INFO:teuthology.orchestra.run.smithi073.stdout:/usr/bin/ceph: stderr
2024-03-17T23:43:13.923+0000 7f2fa97d1700 1 -- --> [v2:172.21.15.73:3300/0,v1:172.21.15.73:6789/0] -- mon_getmap magic: 0 -- 0x7f2fa410bf00 con 0x7f2fa4108610
2024-03-17T23:43:14.727 INFO:teuthology.orchestra.run.smithi073.stdout:/usr/bin/ceph: stderr
2024-03-17T23:43:13.923+0000 7f2fa2ffd700 1 --2- >> [v2:172.21.15.73:3300/0,v1:172.21.15.73:6789/0] conn(0x7f2fa4108610 0x7f2fa419bad0 unknown :-1 s=BANNER_CONNECTING pgs=0 cs=0 l=1 rev1=0 crypto rx=0 tx=0 comp rx=0 tx=0)._handle_peer_banner_payload supported=3 required=0
2024-03-17T23:43:14.728 INFO:teuthology.orchestra.run.smithi073.stdout:/usr/bin/ceph: stderr
2024-03-17T23:43:13.923+0000 7f2fa2ffd700 1 --2- >> [v2:172.21.15.73:3300/0,v1:172.21.15.73:6789/0] conn(0x7f2fa4108610 0x7f2fa419bad0 unknown :-1 s=HELLO_CONNECTING pgs=0 cs=0 l=1 rev1=1 crypto rx=0 tx=0 comp rx=0 tx=0).handle_hello peer v2:172.21.15.73:3300/0 says I am v2:172.21.15.73:52254/0 (socket says 172.21.15.73:52254)
2024-03-17T23:43:14.728 INFO:teuthology.orchestra.run.smithi073.stdout:/usr/bin/ceph: stderr
2024-03-17T23:43:13.923+0000 7f2fa2ffd700 1 -- 172.21.15.73:0/3578842335 learned_addr learned my addr 172.21.15.73:0/3578842335 (peer_addr_for_me v2:172.21.15.73:0/0)
2024-03-17T23:43:14.728 INFO:teuthology.orchestra.run.smithi073.stdout:/usr/bin/ceph: stderr
2024-03-17T23:43:13.924+0000 7f2fa2ffd700 1 -- 172.21.15.73:0/3578842335 --> [v2:172.21.15.73:3300/0,v1:172.21.15.73:6789/0] -- mon_subscribe({config=0+,monmap=0+}) -- 0x7f2fa419c010 con 0x7f2fa4108610
2024-03-17T23:43:14.728 INFO:teuthology.orchestra.run.smithi073.stdout:/usr/bin/ceph: stderr
2024-03-17T23:43:13.924+0000 7f2fa2ffd700 1 --2- 172.21.15.73:0/3578842335 >> [v2:172.21.15.73:3300/0,v1:172.21.15.73:6789/0] conn(0x7f2fa4108610 0x7f2fa419bad0 secure :-1 s=READY pgs=40 cs=0 l=1 rev1=1 crypto rx=0x7f2f9c006af0 tx=0x7f2f9c011b70 comp rx=0 tx=0).ready entity=mon.0 client_cookie=0 server_cookie=0 in_seq=0 out_seq=0
2024-03-17T23:43:14.728 INFO:teuthology.orchestra.run.smithi073.stdout:/usr/bin/ceph: stderr
2024-03-17T23:43:13.924+0000 7f2f8bfff700 1 -- 172.21.15.73:0/3578842335 <== mon.0 v2:172.21.15.73:3300/0 1 ==== mon_map magic: 0 ==== 205+0+0 (secure 0 0 0) 0x7f2f9c003930 con 0x7f2fa4108610
2024-03-17T23:43:14.728 INFO:teuthology.orchestra.run.smithi073.stdout:/usr/bin/ceph: stderr
2024-03-17T23:43:13.924+0000 7f2fa97d1700 1 -- 172.21.15.73:0/3578842335 --> [v2:172.21.15.73:3300/0,v1:172.21.15.73:6789/0] -- mon_subscribe({mgrmap=0+}) -- 0x7f2fa419c2a0 con 0x7f2fa4108610
2024-03-17T23:43:14.728 INFO:teuthology.orchestra.run.smithi073.stdout:/usr/bin/ceph: stderr
2024-03-17T23:43:13.924+0000 7f2f8bfff700 1 -- 172.21.15.73:0/3578842335 <== mon.0 v2:172.21.15.73:3300/0 2 ==== config(26 keys) ==== 1071+0+0 (secure 0 0 0) 0x7f2f9c003ad0 con 0x7f2fa4108610
2024-03-17T23:43:14.728 INFO:teuthology.orchestra.run.smithi073.stdout:/usr/bin/ceph: stderr
2024-03-17T23:43:13.924+0000 7f2f8bfff700 1 -- 172.21.15.73:0/3578842335 <== mon.0 v2:172.21.15.73:3300/0 3 ==== mon_map magic: 0 ==== 205+0+0 (secure 0 0 0) 0x7f2f9c0195e0 con 0x7f2fa4108610
2024-03-17T23:43:14.728 INFO:teuthology.orchestra.run.smithi073.stdout:/usr/bin/ceph: stderr
2024-03-17T23:43:13.924+0000 7f2fa97d1700 1 -- 172.21.15.73:0/3578842335 --> [v2:172.21.15.73:3300/0,v1:172.21.15.73:6789/0] -- mon_subscribe({osdmap=0}) -- 0x7f2fa419ef90 con 0x7f2fa4108610
2024-03-17T23:43:14.728 INFO:teuthology.orchestra.run.smithi073.stdout:/usr/bin/ceph: stderr
2024-03-17T23:43:13.925+0000 7f2f8bfff700 1 -- 172.21.15.73:0/3578842335 <== mon.0 v2:172.21.15.73:3300/0 4 ==== mgrmap(e 8) ==== 46106+0+0 (secure 0 0 0) 0x7f2f9c0198b0 con 0x7f2fa4108610
2024-03-17T23:43:14.728 INFO:teuthology.orchestra.run.smithi073.stdout:/usr/bin/ceph: stderr
2024-03-17T23:43:13.925+0000 7f2fa97d1700 1 -- 172.21.15.73:0/3578842335 --> [v2:172.21.15.73:3300/0,v1:172.21.15.73:6789/0] -- mon_command({"prefix": "get_command_descriptions"} v 0) -- 0x7f2fa4063900 con 0x7f2fa4108610
2024-03-17T23:43:14.728 INFO:teuthology.orchestra.run.smithi073.stdout:/usr/bin/ceph: stderr
2024-03-17T23:43:13.925+0000 7f2f8bfff700 1 --2- 172.21.15.73:0/3578842335 >> [v2:172.21.15.73:6800/1863781377,v1:172.21.15.73:6801/1863781377] conn(0x7f2f8c038f20 0x7f2f8c03b3e0 unknown :-1 s=NONE pgs=0 cs=0 l=1 rev1=0 crypto rx=0 tx=0 comp rx=0 tx=0).connect
2024-03-17T23:43:14.728 INFO:teuthology.orchestra.run.smithi073.stdout:/usr/bin/ceph: stderr
2024-03-17T23:43:13.925+0000 7f2f8bfff700 1 -- 172.21.15.73:0/3578842335 <== mon.0 v2:172.21.15.73:3300/0 5 ==== osd_map(2..2 src has 1..2) ==== 940+0+0 (secure 0 0 0) 0x7f2f9c04d360 con 0x7f2fa4108610
2024-03-17T23:43:14.728 INFO:teuthology.orchestra.run.smithi073.stdout:/usr/bin/ceph: stderr
2024-03-17T23:43:13.925+0000 7f2fa27fc700 1 --2- 172.21.15.73:0/3578842335 >> [v2:172.21.15.73:6800/1863781377,v1:172.21.15.73:6801/1863781377] conn(0x7f2f8c038f20 0x7f2f8c03b3e0 unknown :-1 s=BANNER_CONNECTING pgs=0 cs=0 l=1 rev1=0 crypto rx=0 tx=0 comp rx=0 tx=0)._handle_peer_banner_payload supported=3 required=0
2024-03-17T23:43:14.729 INFO:teuthology.orchestra.run.smithi073.stdout:/usr/bin/ceph: stderr
2024-03-17T23:43:13.925+0000 7f2fa27fc700 1 --2- 172.21.15.73:0/3578842335 >> [v2:172.21.15.73:6800/1863781377,v1:172.21.15.73:6801/1863781377] conn(0x7f2f8c038f20 0x7f2f8c03b3e0 secure :-1 s=READY pgs=8 cs=0 l=1 rev1=1 crypto rx=0x7f2f98006fd0 tx=0x7f2f98006e40 comp rx=0 tx=0).ready entity=mgr.14120 client_cookie=0 server_cookie=0 in_seq=0 out_seq=0
2024-03-17T23:43:14.729 INFO:teuthology.orchestra.run.smithi073.stdout:/usr/bin/ceph: stderr
2024-03-17T23:43:13.930+0000 7f2f8bfff700 1 -- 172.21.15.73:0/3578842335 <== mon.0 v2:172.21.15.73:3300/0 6 ==== mon_command_ack([{"prefix": "get_command_descriptions"}]=0 v0) ==== 72+0+186149 (secure 0 0 0) 0x7f2f9c02d960 con 0x7f2fa4108610
2024-03-17T23:43:14.729 INFO:teuthology.orchestra.run.smithi073.stdout:/usr/bin/ceph: stderr
2024-03-17T23:43:14.128+0000 7f2fa97d1700 1 -- 172.21.15.73:0/3578842335 --> [v2:172.21.15.73:6800/1863781377,v1:172.21.15.73:6801/1863781377] -- mgr_command(tid 0: {"prefix": "cephadm set-user", "user": "root", "target": ["mon-mgr", ""]}) -- 0x7f2fa4103260 con 0x7f2f8c038f20
2024-03-17T23:43:14.729 INFO:teuthology.orchestra.run.smithi073.stdout:/usr/bin/ceph: stderr
2024-03-17T23:43:14.129+0000 7f2f8bfff700 1 -- 172.21.15.73:0/3578842335 <== mgr.14120 v2:172.21.15.73:6800/1863781377 1 ==== mgr_command_reply(tid 0: 0 ) ==== 8+0+16 (secure 0 0 0) 0x7f2fa4103260 con 0x7f2f8c038f20
2024-03-17T23:43:14.729 INFO:teuthology.orchestra.run.smithi073.stdout:/usr/bin/ceph: stderr
2024-03-17T23:43:14.131+0000 7f2fa97d1700 1 -- 172.21.15.73:0/3578842335 >> [v2:172.21.15.73:6800/1863781377,v1:172.21.15.73:6801/1863781377] conn(0x7f2f8c038f20 msgr2=0x7f2f8c03b3e0 secure :-1 s=STATE_CONNECTION_ESTABLISHED l=1).mark_down
2024-03-17T23:43:14.729 INFO:teuthology.orchestra.run.smithi073.stdout:/usr/bin/ceph: stderr
2024-03-17T23:43:14.131+0000 7f2fa97d1700 1 --2- 172.21.15.73:0/3578842335 >> [v2:172.21.15.73:6800/1863781377,v1:172.21.15.73:6801/1863781377] conn(0x7f2f8c038f20 0x7f2f8c03b3e0 secure :-1 s=READY pgs=8 cs=0 l=1 rev1=1 crypto rx=0x7f2f98006fd0 tx=0x7f2f98006e40 comp rx=0 tx=0).stop
2024-03-17T23:43:14.729 INFO:teuthology.orchestra.run.smithi073.stdout:/usr/bin/ceph: stderr
2024-03-17T23:43:14.131+0000 7f2fa97d1700 1 -- 172.21.15.73:0/3578842335 >> [v2:172.21.15.73:3300/0,v1:172.21.15.73:6789/0] conn(0x7f2fa4108610 msgr2=0x7f2fa419bad0 secure :-1 s=STATE_CONNECTION_ESTABLISHED l=1).mark_down
2024-03-17T23:43:14.729 INFO:teuthology.orchestra.run.smithi073.stdout:/usr/bin/ceph: stderr
2024-03-17T23:43:14.131+0000 7f2fa97d1700 1 --2- 172.21.15.73:0/3578842335 >> [v2:172.21.15.73:3300/0,v1:172.21.15.73:6789/0] conn(0x7f2fa4108610 0x7f2fa419bad0 secure :-1 s=READY pgs=40 cs=0 l=1 rev1=1 crypto rx=0x7f2f9c006af0 tx=0x7f2f9c011b70 comp rx=0 tx=0).stop
2024-03-17T23:43:14.729 INFO:teuthology.orchestra.run.smithi073.stdout:/usr/bin/ceph: stderr
2024-03-17T23:43:14.131+0000 7f2fa97d1700 1 -- 172.21.15.73:0/3578842335 shutdown_connections
2024-03-17T23:43:14.729 INFO:teuthology.orchestra.run.smithi073.stdout:/usr/bin/ceph: stderr
2024-03-17T23:43:14.131+0000 7f2fa97d1700 1 --2- 172.21.15.73:0/3578842335 >> [v2:172.21.15.73:6800/1863781377,v1:172.21.15.73:6801/1863781377] conn(0x7f2f8c038f20 0x7f2f8c03b3e0 unknown :-1 s=CLOSED pgs=8 cs=0 l=1 rev1=1 crypto rx=0 tx=0 comp rx=0 tx=0).stop
2024-03-17T23:43:14.729 INFO:teuthology.orchestra.run.smithi073.stdout:/usr/bin/ceph: stderr
2024-03-17T23:43:14.131+0000 7f2fa97d1700 1 --2- 172.21.15.73:0/3578842335 >> [v2:172.21.15.73:3300/0,v1:172.21.15.73:6789/0] conn(0x7f2fa4108610 0x7f2fa419bad0 unknown :-1 s=CLOSED pgs=40 cs=0 l=1 rev1=1 crypto rx=0 tx=0 comp rx=0 tx=0).stop
2024-03-17T23:43:14.729 INFO:teuthology.orchestra.run.smithi073.stdout:/usr/bin/ceph: stderr
2024-03-17T23:43:14.131+0000 7f2fa97d1700 1 -- 172.21.15.73:0/3578842335 >> 172.21.15.73:0/3578842335 conn(0x7f2fa4102020 msgr2=0x7f2fa4102b50 unknown :-1 s=STATE_NONE l=0).mark_down
2024-03-17T23:43:14.729 INFO:teuthology.orchestra.run.smithi073.stdout:/usr/bin/ceph: stderr
2024-03-17T23:43:14.131+0000 7f2fa97d1700 1 -- 172.21.15.73:0/3578842335 shutdown_connections
2024-03-17T23:43:14.729 INFO:teuthology.orchestra.run.smithi073.stdout:/usr/bin/ceph: stderr
2024-03-17T23:43:14.131+0000 7f2fa97d1700 1 -- 172.21.15.73:0/3578842335 wait complete.
2024-03-17T23:43:14.729 INFO:teuthology.orchestra.run.smithi073.stdout:Generating ssh key...
2024-03-17T23:43:15.108 INFO:journalctl@ceph.mon.a.smithi073.stdout:Mar 17 23:43:15 smithi073 ceph-mon[32203]: from='client.14134 -' entity='client.admin' cmd=[{"prefix": "cephadm set-user", "user": "root", "target": ["mon-mgr", ""]}]: dispatch
2024-03-17T23:43:16.358 INFO:journalctl@ceph.mon.a.smithi073.stdout:Mar 17 23:43:16 smithi073 ceph-mon[32203]: from='client.14136 -' entity='client.admin' cmd=[{"prefix": "cephadm generate-key", "target": ["mon-mgr", ""]}]: dispatch
2024-03-17T23:43:16.359 INFO:journalctl@ceph.mon.a.smithi073.stdout:Mar 17 23:43:16 smithi073 ceph-mon[32203]: Generating ssh key...
2024-03-17T23:43:16.359 INFO:journalctl@ceph.mgr.x.smithi073.stdout:Mar 17 23:43:16 smithi073 ceph-df071766-e4b7-11ee-95c9-87774f69a715-mgr-x[32432]: Generating public/private rsa key pair.
2024-03-17T23:43:16.359 INFO:journalctl@ceph.mgr.x.smithi073.stdout:Mar 17 23:43:16 smithi073 ceph-df071766-e4b7-11ee-95c9-87774f69a715-mgr-x[32432]: Your identification has been saved in /tmp/tmp2we7vm8i/key.
2024-03-17T23:43:16.359 INFO:journalctl@ceph.mgr.x.smithi073.stdout:Mar 17 23:43:16 smithi073 ceph-df071766-e4b7-11ee-95c9-87774f69a715-mgr-x[32432]: Your public key has been saved in /tmp/tmp2we7vm8i/key.pub.
2024-03-17T23:43:16.359 INFO:journalctl@ceph.mgr.x.smithi073.stdout:Mar 17 23:43:16 smithi073 ceph-df071766-e4b7-11ee-95c9-87774f69a715-mgr-x[32432]: The key fingerprint is:
2024-03-17T23:43:16.359 INFO:journalctl@ceph.mgr.x.smithi073.stdout:Mar 17 23:43:16 smithi073 ceph-df071766-e4b7-11ee-95c9-87774f69a715-mgr-x[32432]: SHA256:XBgozVZ/eX2gm+z+TOhRakZsePk92zI8A888zJzfjoI ceph-df071766-e4b7-11ee-95c9-87774f69a715
2024-03-17T23:43:16.359 INFO:journalctl@ceph.mgr.x.smithi073.stdout:Mar 17 23:43:16 smithi073 ceph-df071766-e4b7-11ee-95c9-87774f69a715-mgr-x[32432]: The key's randomart image is:
2024-03-17T23:43:16.359 INFO:journalctl@ceph.mgr.x.smithi073.stdout:Mar 17 23:43:16 smithi073 ceph-df071766-e4b7-11ee-95c9-87774f69a715-mgr-x[32432]: +---[RSA 3072]----+
2024-03-17T23:43:16.360 INFO:journalctl@ceph.mgr.x.smithi073.stdout:Mar 17 23:43:16 smithi073 ceph-df071766-e4b7-11ee-95c9-87774f69a715-mgr-x[32432]: | o oo . |
2024-03-17T23:43:16.360 INFO:journalctl@ceph.mgr.x.smithi073.stdout:Mar 17 23:43:16 smithi073 ceph-df071766-e4b7-11ee-95c9-87774f69a715-mgr-x[32432]: | . = + o o |
2024-03-17T23:43:16.360 INFO:journalctl@ceph.mgr.x.smithi073.stdout:Mar 17 23:43:16 smithi073 ceph-df071766-e4b7-11ee-95c9-87774f69a715-mgr-x[32432]: | o . o + . o|
2024-03-17T23:43:16.360 INFO:journalctl@ceph.mgr.x.smithi073.stdout:Mar 17 23:43:16 smithi073 ceph-df071766-e4b7-11ee-95c9-87774f69a715-mgr-x[32432]: | . . = = .|
2024-03-17T23:43:16.360 INFO:journalctl@ceph.mgr.x.smithi073.stdout:Mar 17 23:43:16 smithi073 ceph-df071766-e4b7-11ee-95c9-87774f69a715-mgr-x[32432]: | S . X . |
2024-03-17T23:43:16.360 INFO:journalctl@ceph.mgr.x.smithi073.stdout:Mar 17 23:43:16 smithi073 ceph-df071766-e4b7-11ee-95c9-87774f69a715-mgr-x[32432]: | =.= . |
2024-03-17T23:43:16.360 INFO:journalctl@ceph.mgr.x.smithi073.stdout:Mar 17 23:43:16 smithi073 ceph-df071766-e4b7-11ee-95c9-87774f69a715-mgr-x[32432]: | .BXoo.|
2024-03-17T23:43:16.360 INFO:journalctl@ceph.mgr.x.smithi073.stdout:Mar 17 23:43:16 smithi073 ceph-df071766-e4b7-11ee-95c9-87774f69a715-mgr-x[32432]: | E=.+/.=|
2024-03-17T23:43:16.360 INFO:journalctl@ceph.mgr.x.smithi073.stdout:Mar 17 23:43:16 smithi073 ceph-df071766-e4b7-11ee-95c9-87774f69a715-mgr-x[32432]: | oo+X=|
2024-03-17T23:43:16.360 INFO:journalctl@ceph.mgr.x.smithi073.stdout:Mar 17 23:43:16 smithi073 ceph-df071766-e4b7-11ee-95c9-87774f69a715-mgr-x[32432]: +----[SHA256]-----+
2024-03-17T23:43:16.732 INFO:teuthology.orchestra.run.smithi073.stdout:/usr/bin/ceph: stderr
2024-03-17T23:43:15.176+0000 7f18b2bb3700 1 Processor -- start
2024-03-17T23:43:16.732 INFO:teuthology.orchestra.run.smithi073.stdout:/usr/bin/ceph: stderr
2024-03-17T23:43:15.176+0000 7f18b2bb3700 1 -- start start
2024-03-17T23:43:16.732 INFO:teuthology.orchestra.run.smithi073.stdout:/usr/bin/ceph: stderr
2024-03-17T23:43:15.176+0000 7f18b2bb3700 1 --2- >> [v2:172.21.15.73:3300/0,v1:172.21.15.73:6789/0] conn(0x7f18ac107be0 0x7f18ac108000 unknown :-1 s=NONE pgs=0 cs=0 l=0 rev1=0 crypto rx=0 tx=0 comp rx=0 tx=0).connect
2024-03-17T23:43:16.732 INFO:teuthology.orchestra.run.smithi073.stdout:/usr/bin/ceph: stderr
2024-03-17T23:43:15.176+0000 7f18b2bb3700 1 -- --> [v2:172.21.15.73:3300/0,v1:172.21.15.73:6789/0] -- mon_getmap magic: 0 -- 0x7f18ac1085d0 con 0x7f18ac107be0
2024-03-17T23:43:16.732 INFO:teuthology.orchestra.run.smithi073.stdout:/usr/bin/ceph: stderr
2024-03-17T23:43:15.176+0000 7f18b094f700 1 --2- >> [v2:172.21.15.73:3300/0,v1:172.21.15.73:6789/0] conn(0x7f18ac107be0 0x7f18ac108000 unknown :-1 s=BANNER_CONNECTING pgs=0 cs=0 l=0 rev1=0 crypto rx=0 tx=0 comp rx=0 tx=0)._handle_peer_banner_payload supported=3 required=0
2024-03-17T23:43:16.732 INFO:teuthology.orchestra.run.smithi073.stdout:/usr/bin/ceph: stderr
2024-03-17T23:43:15.176+0000 7f18b094f700 1 --2- >> [v2:172.21.15.73:3300/0,v1:172.21.15.73:6789/0] conn(0x7f18ac107be0 0x7f18ac108000 unknown :-1 s=HELLO_CONNECTING pgs=0 cs=0 l=0 rev1=1 crypto rx=0 tx=0 comp rx=0 tx=0).handle_hello peer v2:172.21.15.73:3300/0 says I am v2:172.21.15.73:52258/0 (socket says 172.21.15.73:52258)
2024-03-17T23:43:16.732 INFO:teuthology.orchestra.run.smithi073.stdout:/usr/bin/ceph: stderr
2024-03-17T23:43:15.176+0000 7f18b094f700 1 -- 172.21.15.73:0/2939213395 learned_addr learned my addr 172.21.15.73:0/2939213395 (peer_addr_for_me v2:172.21.15.73:0/0)
2024-03-17T23:43:16.732 INFO:teuthology.orchestra.run.smithi073.stdout:/usr/bin/ceph: stderr
2024-03-17T23:43:15.176+0000 7f18b094f700 1 -- 172.21.15.73:0/2939213395 --> [v2:172.21.15.73:3300/0,v1:172.21.15.73:6789/0] -- mon_subscribe({config=0+,monmap=0+}) -- 0x7f18ac108d40 con 0x7f18ac107be0
2024-03-17T23:43:16.732 INFO:teuthology.orchestra.run.smithi073.stdout:/usr/bin/ceph: stderr
2024-03-17T23:43:15.177+0000 7f18b094f700 1 --2- 172.21.15.73:0/2939213395 >> [v2:172.21.15.73:3300/0,v1:172.21.15.73:6789/0] conn(0x7f18ac107be0 0x7f18ac108000 secure :-1 s=READY pgs=41 cs=0 l=1 rev1=1 crypto rx=0x7f18a00098a0 tx=0x7f18a0009bb0 comp rx=0 tx=0).ready entity=mon.0 client_cookie=1d3129cc989a5bdb server_cookie=0 in_seq=0 out_seq=0
2024-03-17T23:43:16.732 INFO:teuthology.orchestra.run.smithi073.stdout:/usr/bin/ceph: stderr
2024-03-17T23:43:15.177+0000 7f18ab7fe700 1 -- 172.21.15.73:0/2939213395 <== mon.0 v2:172.21.15.73:3300/0 1 ==== mon_map magic: 0 ==== 205+0+0 (secure 0 0 0) 0x7f18a0004160 con 0x7f18ac107be0
2024-03-17T23:43:16.733 INFO:teuthology.orchestra.run.smithi073.stdout:/usr/bin/ceph: stderr
2024-03-17T23:43:15.177+0000 7f18ab7fe700 1 -- 172.21.15.73:0/2939213395 <== mon.0 v2:172.21.15.73:3300/0 2 ==== config(26 keys) ==== 1071+0+0 (secure 0 0 0) 0x7f18a0004300 con 0x7f18ac107be0
2024-03-17T23:43:16.733 INFO:teuthology.orchestra.run.smithi073.stdout:/usr/bin/ceph: stderr
2024-03-17T23:43:15.177+0000 7f18ab7fe700 1 -- 172.21.15.73:0/2939213395 <== mon.0 v2:172.21.15.73:3300/0 3 ==== mon_map magic: 0 ==== 205+0+0 (secure 0 0 0) 0x7f18a0011a80 con 0x7f18ac107be0
2024-03-17T23:43:16.733 INFO:teuthology.orchestra.run.smithi073.stdout:/usr/bin/ceph: stderr
2024-03-17T23:43:15.177+0000 7f18b2bb3700 1 -- 172.21.15.73:0/2939213395 >> [v2:172.21.15.73:3300/0,v1:172.21.15.73:6789/0] conn(0x7f18ac107be0 msgr2=0x7f18ac108000 secure :-1 s=STATE_CONNECTION_ESTABLISHED l=1).mark_down
2024-03-17T23:43:16.733 INFO:teuthology.orchestra.run.smithi073.stdout:/usr/bin/ceph: stderr
2024-03-17T23:43:15.177+0000 7f18b2bb3700 1 --2- 172.21.15.73:0/2939213395 >> [v2:172.21.15.73:3300/0,v1:172.21.15.73:6789/0] conn(0x7f18ac107be0 0x7f18ac108000 secure :-1 s=READY pgs=41 cs=0 l=1 rev1=1 crypto rx=0x7f18a00098a0 tx=0x7f18a0009bb0 comp rx=0 tx=0).stop
2024-03-17T23:43:16.733 INFO:teuthology.orchestra.run.smithi073.stdout:/usr/bin/ceph: stderr
2024-03-17T23:43:15.177+0000 7f18b2bb3700 1 -- 172.21.15.73:0/2939213395 shutdown_connections
