2024-03-17T23:43:43.311 INFO:teuthology.orchestra.run.smithi073.stdout:/usr/bin/ceph: stderr
2024-03-17T23:43:41.792+0000 7f38137fe700 1 --2- >> [v2:172.21.15.73:3300/0,v1:172.21.15.73:6789/0] conn(0x7f38141085d0 0x7f3814107e50 unknown :-1 s=HELLO_CONNECTING pgs=0 cs=0 l=1 rev1=1 crypto rx=0 tx=0 comp rx=0 tx=0).handle_hello peer v2:172.21.15.73:3300/0 says I am v2:172.21.15.73:43168/0 (socket says 172.21.15.73:43168)
2024-03-17T23:43:43.311 INFO:teuthology.orchestra.run.smithi073.stdout:/usr/bin/ceph: stderr
2024-03-17T23:43:41.792+0000 7f38137fe700 1 -- 172.21.15.73:0/2829833043 learned_addr learned my addr 172.21.15.73:0/2829833043 (peer_addr_for_me v2:172.21.15.73:0/0)
2024-03-17T23:43:43.311 INFO:teuthology.orchestra.run.smithi073.stdout:/usr/bin/ceph: stderr
2024-03-17T23:43:41.792+0000 7f38137fe700 1 -- 172.21.15.73:0/2829833043 --> [v2:172.21.15.73:3300/0,v1:172.21.15.73:6789/0] -- mon_subscribe({config=0+,monmap=0+}) -- 0x7f3814108390 con 0x7f38141085d0
2024-03-17T23:43:43.311 INFO:teuthology.orchestra.run.smithi073.stdout:/usr/bin/ceph: stderr
2024-03-17T23:43:41.792+0000 7f38137fe700 1 --2- 172.21.15.73:0/2829833043 >> [v2:172.21.15.73:3300/0,v1:172.21.15.73:6789/0] conn(0x7f38141085d0 0x7f3814107e50 secure :-1 s=READY pgs=73 cs=0 l=1 rev1=1 crypto rx=0x7f380400ba10 tx=0x7f380400baf0 comp rx=0 tx=0).ready entity=mon.0 client_cookie=0 server_cookie=0 in_seq=0 out_seq=0
2024-03-17T23:43:43.311 INFO:teuthology.orchestra.run.smithi073.stdout:/usr/bin/ceph: stderr
2024-03-17T23:43:41.792+0000 7f3810ff9700 1 -- 172.21.15.73:0/2829833043 <== mon.0 v2:172.21.15.73:3300/0 1 ==== mon_map magic: 0 ==== 205+0+0 (secure 0 0 0) 0x7f38040042e0 con 0x7f38141085d0
2024-03-17T23:43:43.311 INFO:teuthology.orchestra.run.smithi073.stdout:/usr/bin/ceph: stderr
2024-03-17T23:43:41.792+0000 7f381a0ca700 1 -- 172.21.15.73:0/2829833043 --> [v2:172.21.15.73:3300/0,v1:172.21.15.73:6789/0] -- mon_subscribe({mgrmap=0+}) -- 0x7f3814106580 con 0x7f38141085d0
2024-03-17T23:43:43.311 INFO:teuthology.orchestra.run.smithi073.stdout:/usr/bin/ceph: stderr
2024-03-17T23:43:41.793+0000 7f3810ff9700 1 -- 172.21.15.73:0/2829833043 <== mon.0 v2:172.21.15.73:3300/0 2 ==== config(26 keys) ==== 1102+0+0 (secure 0 0 0) 0x7f3804004480 con 0x7f38141085d0
2024-03-17T23:43:43.311 INFO:teuthology.orchestra.run.smithi073.stdout:/usr/bin/ceph: stderr
2024-03-17T23:43:41.793+0000 7f381a0ca700 1 -- 172.21.15.73:0/2829833043 --> [v2:172.21.15.73:3300/0,v1:172.21.15.73:6789/0] -- mon_subscribe({osdmap=0}) -- 0x7f3814106ac0 con 0x7f38141085d0
2024-03-17T23:43:43.311 INFO:teuthology.orchestra.run.smithi073.stdout:/usr/bin/ceph: stderr
2024-03-17T23:43:41.793+0000 7f3810ff9700 1 -- 172.21.15.73:0/2829833043 <== mon.0 v2:172.21.15.73:3300/0 3 ==== mon_map magic: 0 ==== 205+0+0 (secure 0 0 0) 0x7f3804011640 con 0x7f38141085d0
2024-03-17T23:43:43.311 INFO:teuthology.orchestra.run.smithi073.stdout:/usr/bin/ceph: stderr
2024-03-17T23:43:41.793+0000 7f381a0ca700 1 -- 172.21.15.73:0/2829833043 --> [v2:172.21.15.73:3300/0,v1:172.21.15.73:6789/0] -- mon_command({"prefix": "get_command_descriptions"} v 0) -- 0x7f3814063900 con 0x7f38141085d0
2024-03-17T23:43:43.311 INFO:teuthology.orchestra.run.smithi073.stdout:/usr/bin/ceph: stderr
2024-03-17T23:43:41.794+0000 7f3810ff9700 1 -- 172.21.15.73:0/2829833043 <== mon.0 v2:172.21.15.73:3300/0 4 ==== mgrmap(e 12) ==== 46119+0+0 (secure 0 0 0) 0x7f38040118e0 con 0x7f38141085d0
2024-03-17T23:43:43.311 INFO:teuthology.orchestra.run.smithi073.stdout:/usr/bin/ceph: stderr
2024-03-17T23:43:41.794+0000 7f3810ff9700 1 --2- 172.21.15.73:0/2829833043 >> [v2:172.21.15.73:6800/4025299389,v1:172.21.15.73:6801/4025299389] conn(0x7f37fc038f20 0x7f37fc03b3e0 unknown :-1 s=NONE pgs=0 cs=0 l=1 rev1=0 crypto rx=0 tx=0 comp rx=0 tx=0).connect
2024-03-17T23:43:43.312 INFO:teuthology.orchestra.run.smithi073.stdout:/usr/bin/ceph: stderr
2024-03-17T23:43:41.794+0000 7f3810ff9700 1 -- 172.21.15.73:0/2829833043 <== mon.0 v2:172.21.15.73:3300/0 5 ==== osd_map(3..3 src has 1..3) ==== 1155+0+0 (secure 0 0 0) 0x7f380404d630 con 0x7f38141085d0
2024-03-17T23:43:43.312 INFO:teuthology.orchestra.run.smithi073.stdout:/usr/bin/ceph: stderr
2024-03-17T23:43:41.794+0000 7f3812ffd700 1 --2- 172.21.15.73:0/2829833043 >> [v2:172.21.15.73:6800/4025299389,v1:172.21.15.73:6801/4025299389] conn(0x7f37fc038f20 0x7f37fc03b3e0 unknown :-1 s=BANNER_CONNECTING pgs=0 cs=0 l=1 rev1=0 crypto rx=0 tx=0 comp rx=0 tx=0)._handle_peer_banner_payload supported=3 required=0
2024-03-17T23:43:43.312 INFO:teuthology.orchestra.run.smithi073.stdout:/usr/bin/ceph: stderr
2024-03-17T23:43:41.794+0000 7f3812ffd700 1 --2- 172.21.15.73:0/2829833043 >> [v2:172.21.15.73:6800/4025299389,v1:172.21.15.73:6801/4025299389] conn(0x7f37fc038f20 0x7f37fc03b3e0 secure :-1 s=READY pgs=8 cs=0 l=1 rev1=1 crypto rx=0x7f3808006fd0 tx=0x7f3808006e40 comp rx=0 tx=0).ready entity=mgr.14152 client_cookie=0 server_cookie=0 in_seq=0 out_seq=0
2024-03-17T23:43:43.312 INFO:teuthology.orchestra.run.smithi073.stdout:/usr/bin/ceph: stderr
2024-03-17T23:43:41.803+0000 7f3810ff9700 1 -- 172.21.15.73:0/2829833043 <== mon.0 v2:172.21.15.73:3300/0 6 ==== mon_command_ack([{"prefix": "get_command_descriptions"}]=0 v0) ==== 72+0+186149 (secure 0 0 0) 0x7f380401f030 con 0x7f38141085d0
2024-03-17T23:43:43.312 INFO:teuthology.orchestra.run.smithi073.stdout:/usr/bin/ceph: stderr
2024-03-17T23:43:42.025+0000 7f381a0ca700 1 -- 172.21.15.73:0/2829833043 --> [v2:172.21.15.73:6800/4025299389,v1:172.21.15.73:6801/4025299389] -- mgr_command(tid 0: {"prefix": "dashboard ac-user-create", "username": "admin", "rolename": "administrator", "force_password": true, "pwd_update_required": true, "target": ["mon-mgr", ""]}) -- 0x7f38141073c0 con 0x7f37fc038f20
2024-03-17T23:43:43.312 INFO:teuthology.orchestra.run.smithi073.stdout:/usr/bin/ceph: stderr
2024-03-17T23:43:42.250+0000 7f3810ff9700 1 -- 172.21.15.73:0/2829833043 <== mgr.14152 v2:172.21.15.73:6800/4025299389 1 ==== mgr_command_reply(tid 0: 0 ) ==== 8+0+252 (secure 0 0 0) 0x7f38141073c0 con 0x7f37fc038f20
2024-03-17T23:43:43.312 INFO:teuthology.orchestra.run.smithi073.stdout:/usr/bin/ceph: stderr
2024-03-17T23:43:42.252+0000 7f381a0ca700 1 -- 172.21.15.73:0/2829833043 >> [v2:172.21.15.73:6800/4025299389,v1:172.21.15.73:6801/4025299389] conn(0x7f37fc038f20 msgr2=0x7f37fc03b3e0 secure :-1 s=STATE_CONNECTION_ESTABLISHED l=1).mark_down
2024-03-17T23:43:43.312 INFO:teuthology.orchestra.run.smithi073.stdout:/usr/bin/ceph: stderr
2024-03-17T23:43:42.252+0000 7f381a0ca700 1 --2- 172.21.15.73:0/2829833043 >> [v2:172.21.15.73:6800/4025299389,v1:172.21.15.73:6801/4025299389] conn(0x7f37fc038f20 0x7f37fc03b3e0 secure :-1 s=READY pgs=8 cs=0 l=1 rev1=1 crypto rx=0x7f3808006fd0 tx=0x7f3808006e40 comp rx=0 tx=0).stop
2024-03-17T23:43:43.312 INFO:teuthology.orchestra.run.smithi073.stdout:/usr/bin/ceph: stderr
2024-03-17T23:43:42.252+0000 7f381a0ca700 1 -- 172.21.15.73:0/2829833043 >> [v2:172.21.15.73:3300/0,v1:172.21.15.73:6789/0] conn(0x7f38141085d0 msgr2=0x7f3814107e50 secure :-1 s=STATE_CONNECTION_ESTABLISHED l=1).mark_down
2024-03-17T23:43:43.312 INFO:teuthology.orchestra.run.smithi073.stdout:/usr/bin/ceph: stderr
2024-03-17T23:43:42.252+0000 7f381a0ca700 1 --2- 172.21.15.73:0/2829833043 >> [v2:172.21.15.73:3300/0,v1:172.21.15.73:6789/0] conn(0x7f38141085d0 0x7f3814107e50 secure :-1 s=READY pgs=73 cs=0 l=1 rev1=1 crypto rx=0x7f380400ba10 tx=0x7f380400baf0 comp rx=0 tx=0).stop
2024-03-17T23:43:43.312 INFO:teuthology.orchestra.run.smithi073.stdout:/usr/bin/ceph: stderr
2024-03-17T23:43:42.252+0000 7f381a0ca700 1 -- 172.21.15.73:0/2829833043 shutdown_connections
2024-03-17T23:43:43.312 INFO:teuthology.orchestra.run.smithi073.stdout:/usr/bin/ceph: stderr
2024-03-17T23:43:42.252+0000 7f381a0ca700 1 --2- 172.21.15.73:0/2829833043 >> [v2:172.21.15.73:6800/4025299389,v1:172.21.15.73:6801/4025299389] conn(0x7f37fc038f20 0x7f37fc03b3e0 unknown :-1 s=CLOSED pgs=8 cs=0 l=1 rev1=1 crypto rx=0 tx=0 comp rx=0 tx=0).stop
2024-03-17T23:43:43.312 INFO:teuthology.orchestra.run.smithi073.stdout:/usr/bin/ceph: stderr
2024-03-17T23:43:42.252+0000 7f381a0ca700 1 --2- 172.21.15.73:0/2829833043 >> [v2:172.21.15.73:3300/0,v1:172.21.15.73:6789/0] conn(0x7f38141085d0 0x7f3814107e50 unknown :-1 s=CLOSED pgs=73 cs=0 l=1 rev1=1 crypto rx=0 tx=0 comp rx=0 tx=0).stop
2024-03-17T23:43:43.312 INFO:teuthology.orchestra.run.smithi073.stdout:/usr/bin/ceph: stderr
2024-03-17T23:43:42.252+0000 7f381a0ca700 1 -- 172.21.15.73:0/2829833043 >> 172.21.15.73:0/2829833043 conn(0x7f3814101fc0 msgr2=0x7f3814102b90 unknown :-1 s=STATE_NONE l=0).mark_down
2024-03-17T23:43:43.312 INFO:teuthology.orchestra.run.smithi073.stdout:/usr/bin/ceph: stderr
2024-03-17T23:43:42.252+0000 7f381a0ca700 1 -- 172.21.15.73:0/2829833043 shutdown_connections
2024-03-17T23:43:43.313 INFO:teuthology.orchestra.run.smithi073.stdout:/usr/bin/ceph: stderr
2024-03-17T23:43:42.252+0000 7f381a0ca700 1 -- 172.21.15.73:0/2829833043 wait complete.
2024-03-17T23:43:43.313 INFO:teuthology.orchestra.run.smithi073.stdout:Fetching dashboard port number...
2024-03-17T23:43:44.609 INFO:journalctl@ceph.mon.a.smithi073.stdout:Mar 17 23:43:44 smithi073 ceph-mon[32203]: from='client.? 172.21.15.73:0/1360047956' entity='client.admin' cmd=[{"prefix": "config get", "who": "mgr", "key": "mgr/dashboard/ssl_server_port"}]: dispatch
2024-03-17T23:43:44.642 INFO:teuthology.orchestra.run.smithi073.stdout:/usr/bin/ceph: stdout 8443
2024-03-17T23:43:44.642 INFO:teuthology.orchestra.run.smithi073.stdout:/usr/bin/ceph: stderr
2024-03-17T23:43:43.812+0000 7ffa9532a700 1 Processor -- start
2024-03-17T23:43:44.642 INFO:teuthology.orchestra.run.smithi073.stdout:/usr/bin/ceph: stderr
2024-03-17T23:43:43.812+0000 7ffa9532a700 1 -- start start
2024-03-17T23:43:44.642 INFO:teuthology.orchestra.run.smithi073.stdout:/usr/bin/ceph: stderr
2024-03-17T23:43:43.813+0000 7ffa9532a700 1 --2- >> [v2:172.21.15.73:3300/0,v1:172.21.15.73:6789/0] conn(0x7ffa901085b0 0x7ffa9010a9a0 unknown :-1 s=NONE pgs=0 cs=0 l=0 rev1=0 crypto rx=0 tx=0 comp rx=0 tx=0).connect
2024-03-17T23:43:44.642 INFO:teuthology.orchestra.run.smithi073.stdout:/usr/bin/ceph: stderr
2024-03-17T23:43:43.813+0000 7ffa9532a700 1 -- --> [v2:172.21.15.73:3300/0,v1:172.21.15.73:6789/0] -- mon_getmap magic: 0 -- 0x7ffa900635d0 con 0x7ffa901085b0
2024-03-17T23:43:44.642 INFO:teuthology.orchestra.run.smithi073.stdout:/usr/bin/ceph: stderr
2024-03-17T23:43:43.813+0000 7ffa8effd700 1 --2- >> [v2:172.21.15.73:3300/0,v1:172.21.15.73:6789/0] conn(0x7ffa901085b0 0x7ffa9010a9a0 unknown :-1 s=BANNER_CONNECTING pgs=0 cs=0 l=0 rev1=0 crypto rx=0 tx=0 comp rx=0 tx=0)._handle_peer_banner_payload supported=3 required=0
2024-03-17T23:43:44.642 INFO:teuthology.orchestra.run.smithi073.stdout:/usr/bin/ceph: stderr
2024-03-17T23:43:43.813+0000 7ffa8effd700 1 --2- >> [v2:172.21.15.73:3300/0,v1:172.21.15.73:6789/0] conn(0x7ffa901085b0 0x7ffa9010a9a0 unknown :-1 s=HELLO_CONNECTING pgs=0 cs=0 l=0 rev1=1 crypto rx=0 tx=0 comp rx=0 tx=0).handle_hello peer v2:172.21.15.73:3300/0 says I am v2:172.21.15.73:43182/0 (socket says 172.21.15.73:43182)
2024-03-17T23:43:44.642 INFO:teuthology.orchestra.run.smithi073.stdout:/usr/bin/ceph: stderr
2024-03-17T23:43:43.813+0000 7ffa8effd700 1 -- 172.21.15.73:0/3912729669 learned_addr learned my addr 172.21.15.73:0/3912729669 (peer_addr_for_me v2:172.21.15.73:0/0)
2024-03-17T23:43:44.642 INFO:teuthology.orchestra.run.smithi073.stdout:/usr/bin/ceph: stderr
2024-03-17T23:43:43.813+0000 7ffa8effd700 1 -- 172.21.15.73:0/3912729669 --> [v2:172.21.15.73:3300/0,v1:172.21.15.73:6789/0] -- mon_subscribe({config=0+,monmap=0+}) -- 0x7ffa9010aee0 con 0x7ffa901085b0
2024-03-17T23:43:44.642 INFO:teuthology.orchestra.run.smithi073.stdout:/usr/bin/ceph: stderr
2024-03-17T23:43:43.813+0000 7ffa8effd700 1 --2- 172.21.15.73:0/3912729669 >> [v2:172.21.15.73:3300/0,v1:172.21.15.73:6789/0] conn(0x7ffa901085b0 0x7ffa9010a9a0 secure :-1 s=READY pgs=74 cs=0 l=1 rev1=1 crypto rx=0x7ffa780098a0 tx=0x7ffa78009bb0 comp rx=0 tx=0).ready entity=mon.0 client_cookie=8e28bbcc6fe24bfa server_cookie=0 in_seq=0 out_seq=0
2024-03-17T23:43:44.643 INFO:teuthology.orchestra.run.smithi073.stdout:/usr/bin/ceph: stderr
2024-03-17T23:43:43.813+0000 7ffa8dffb700 1 -- 172.21.15.73:0/3912729669 <== mon.0 v2:172.21.15.73:3300/0 1 ==== mon_map magic: 0 ==== 205+0+0 (secure 0 0 0) 0x7ffa78004160 con 0x7ffa901085b0
2024-03-17T23:43:44.643 INFO:teuthology.orchestra.run.smithi073.stdout:/usr/bin/ceph: stderr
2024-03-17T23:43:43.813+0000 7ffa8dffb700 1 -- 172.21.15.73:0/3912729669 <== mon.0 v2:172.21.15.73:3300/0 2 ==== config(26 keys) ==== 1102+0+0 (secure 0 0 0) 0x7ffa78004300 con 0x7ffa901085b0
2024-03-17T23:43:44.643 INFO:teuthology.orchestra.run.smithi073.stdout:/usr/bin/ceph: stderr
2024-03-17T23:43:43.813+0000 7ffa8dffb700 1 -- 172.21.15.73:0/3912729669 <== mon.0 v2:172.21.15.73:3300/0 3 ==== mon_map magic: 0 ==== 205+0+0 (secure 0 0 0) 0x7ffa78011a50 con 0x7ffa901085b0
2024-03-17T23:43:44.643 INFO:teuthology.orchestra.run.smithi073.stdout:/usr/bin/ceph: stderr
2024-03-17T23:43:43.814+0000 7ffa9532a700 1 -- 172.21.15.73:0/3912729669 >> [v2:172.21.15.73:3300/0,v1:172.21.15.73:6789/0] conn(0x7ffa901085b0 msgr2=0x7ffa9010a9a0 secure :-1 s=STATE_CONNECTION_ESTABLISHED l=1).mark_down
2024-03-17T23:43:44.643 INFO:teuthology.orchestra.run.smithi073.stdout:/usr/bin/ceph: stderr
2024-03-17T23:43:43.814+0000 7ffa9532a700 1 --2- 172.21.15.73:0/3912729669 >> [v2:172.21.15.73:3300/0,v1:172.21.15.73:6789/0] conn(0x7ffa901085b0 0x7ffa9010a9a0 secure :-1 s=READY pgs=74 cs=0 l=1 rev1=1 crypto rx=0x7ffa780098a0 tx=0x7ffa78009bb0 comp rx=0 tx=0).stop
2024-03-17T23:43:44.643 INFO:teuthology.orchestra.run.smithi073.stdout:/usr/bin/ceph: stderr
2024-03-17T23:43:43.814+0000 7ffa9532a700 1 -- 172.21.15.73:0/3912729669 shutdown_connections
2024-03-17T23:43:44.643 INFO:teuthology.orchestra.run.smithi073.stdout:/usr/bin/ceph: stderr
2024-03-17T23:43:43.814+0000 7ffa9532a700 1 --2- 172.21.15.73:0/3912729669 >> [v2:172.21.15.73:3300/0,v1:172.21.15.73:6789/0] conn(0x7ffa901085b0 0x7ffa9010a9a0 unknown :-1 s=CLOSED pgs=74 cs=0 l=1 rev1=1 crypto rx=0 tx=0 comp rx=0 tx=0).stop
2024-03-17T23:43:44.643 INFO:teuthology.orchestra.run.smithi073.stdout:/usr/bin/ceph: stderr
2024-03-17T23:43:43.814+0000 7ffa9532a700 1 -- 172.21.15.73:0/3912729669 >> 172.21.15.73:0/3912729669 conn(0x7ffa90102040 msgr2=0x7ffa90104460 unknown :-1 s=STATE_NONE l=0).mark_down
2024-03-17T23:43:44.643 INFO:teuthology.orchestra.run.smithi073.stdout:/usr/bin/ceph: stderr
2024-03-17T23:43:43.814+0000 7ffa9532a700 1 -- 172.21.15.73:0/3912729669 shutdown_connections
2024-03-17T23:43:44.643 INFO:teuthology.orchestra.run.smithi073.stdout:/usr/bin/ceph: stderr
2024-03-17T23:43:43.814+0000 7ffa9532a700 1 -- 172.21.15.73:0/3912729669 wait complete.
2024-03-17T23:43:44.643 INFO:teuthology.orchestra.run.smithi073.stdout:/usr/bin/ceph: stderr
2024-03-17T23:43:43.815+0000 7ffa9532a700 1 Processor -- start
2024-03-17T23:43:44.643 INFO:teuthology.orchestra.run.smithi073.stdout:/usr/bin/ceph: stderr
2024-03-17T23:43:43.815+0000 7ffa9532a700 1 -- start start
2024-03-17T23:43:44.643 INFO:teuthology.orchestra.run.smithi073.stdout:/usr/bin/ceph: stderr
2024-03-17T23:43:43.815+0000 7ffa9532a700 1 --2- >> [v2:172.21.15.73:3300/0,v1:172.21.15.73:6789/0] conn(0x7ffa901085b0 0x7ffa9019ba10 unknown :-1 s=NONE pgs=0 cs=0 l=1 rev1=0 crypto rx=0 tx=0 comp rx=0 tx=0).connect
2024-03-17T23:43:44.644 INFO:teuthology.orchestra.run.smithi073.stdout:/usr/bin/ceph: stderr
2024-03-17T23:43:43.815+0000 7ffa9532a700 1 -- --> [v2:172.21.15.73:3300/0,v1:172.21.15.73:6789/0] -- mon_getmap magic: 0 -- 0x7ffa9010bee0 con 0x7ffa901085b0
2024-03-17T23:43:44.644 INFO:teuthology.orchestra.run.smithi073.stdout:/usr/bin/ceph: stderr
2024-03-17T23:43:43.815+0000 7ffa8effd700 1 --2- >> [v2:172.21.15.73:3300/0,v1:172.21.15.73:6789/0] conn(0x7ffa901085b0 0x7ffa9019ba10 unknown :-1 s=BANNER_CONNECTING pgs=0 cs=0 l=1 rev1=0 crypto rx=0 tx=0 comp rx=0 tx=0)._handle_peer_banner_payload supported=3 required=0
2024-03-17T23:43:44.644 INFO:teuthology.orchestra.run.smithi073.stdout:/usr/bin/ceph: stderr
2024-03-17T23:43:43.815+0000 7ffa8effd700 1 --2- >> [v2:172.21.15.73:3300/0,v1:172.21.15.73:6789/0] conn(0x7ffa901085b0 0x7ffa9019ba10 unknown :-1 s=HELLO_CONNECTING pgs=0 cs=0 l=1 rev1=1 crypto rx=0 tx=0 comp rx=0 tx=0).handle_hello peer v2:172.21.15.73:3300/0 says I am v2:172.21.15.73:43184/0 (socket says 172.21.15.73:43184)
2024-03-17T23:43:44.644 INFO:teuthology.orchestra.run.smithi073.stdout:/usr/bin/ceph: stderr
2024-03-17T23:43:43.815+0000 7ffa8effd700 1 -- 172.21.15.73:0/1360047956 learned_addr learned my addr 172.21.15.73:0/1360047956 (peer_addr_for_me v2:172.21.15.73:0/0)
2024-03-17T23:43:44.644 INFO:teuthology.orchestra.run.smithi073.stdout:/usr/bin/ceph: stderr
2024-03-17T23:43:43.815+0000 7ffa8effd700 1 -- 172.21.15.73:0/1360047956 --> [v2:172.21.15.73:3300/0,v1:172.21.15.73:6789/0] -- mon_subscribe({config=0+,monmap=0+}) -- 0x7ffa9019bf50 con 0x7ffa901085b0
2024-03-17T23:43:44.644 INFO:teuthology.orchestra.run.smithi073.stdout:/usr/bin/ceph: stderr
2024-03-17T23:43:43.815+0000 7ffa8effd700 1 --2- 172.21.15.73:0/1360047956 >> [v2:172.21.15.73:3300/0,v1:172.21.15.73:6789/0] conn(0x7ffa901085b0 0x7ffa9019ba10 secure :-1 s=READY pgs=75 cs=0 l=1 rev1=1 crypto rx=0x7ffa78011a00 tx=0x7ffa78011ae0 comp rx=0 tx=0).ready entity=mon.0 client_cookie=0 server_cookie=0 in_seq=0 out_seq=0
2024-03-17T23:43:44.644 INFO:teuthology.orchestra.run.smithi073.stdout:/usr/bin/ceph: stderr
2024-03-17T23:43:43.816+0000 7ffa87fff700 1 -- 172.21.15.73:0/1360047956 <== mon.0 v2:172.21.15.73:3300/0 1 ==== mon_map magic: 0 ==== 205+0+0 (secure 0 0 0) 0x7ffa78003af0 con 0x7ffa901085b0
2024-03-17T23:43:44.644 INFO:teuthology.orchestra.run.smithi073.stdout:/usr/bin/ceph: stderr
2024-03-17T23:43:43.816+0000 7ffa9532a700 1 -- 172.21.15.73:0/1360047956 --> [v2:172.21.15.73:3300/0,v1:172.21.15.73:6789/0] -- mon_subscribe({mgrmap=0+}) -- 0x7ffa9019c240 con 0x7ffa901085b0
2024-03-17T23:43:44.644 INFO:teuthology.orchestra.run.smithi073.stdout:/usr/bin/ceph: stderr
2024-03-17T23:43:43.816+0000 7ffa87fff700 1 -- 172.21.15.73:0/1360047956 <== mon.0 v2:172.21.15.73:3300/0 2 ==== config(26 keys) ==== 1102+0+0 (secure 0 0 0) 0x7ffa7801a8e0 con 0x7ffa901085b0
2024-03-17T23:43:44.644 INFO:teuthology.orchestra.run.smithi073.stdout:/usr/bin/ceph: stderr
2024-03-17T23:43:43.816+0000 7ffa87fff700 1 -- 172.21.15.73:0/1360047956 <== mon.0 v2:172.21.15.73:3300/0 3 ==== mon_map magic: 0 ==== 205+0+0 (secure 0 0 0) 0x7ffa78024840 con 0x7ffa901085b0
2024-03-17T23:43:44.644 INFO:teuthology.orchestra.run.smithi073.stdout:/usr/bin/ceph: stderr
2024-03-17T23:43:43.816+0000 7ffa9532a700 1 -- 172.21.15.73:0/1360047956 --> [v2:172.21.15.73:3300/0,v1:172.21.15.73:6789/0] -- mon_subscribe({osdmap=0}) -- 0x7ffa9019eed0 con 0x7ffa901085b0
2024-03-17T23:43:44.644 INFO:teuthology.orchestra.run.smithi073.stdout:/usr/bin/ceph: stderr
2024-03-17T23:43:43.816+0000 7ffa87fff700 1 -- 172.21.15.73:0/1360047956 <== mon.0 v2:172.21.15.73:3300/0 4 ==== mgrmap(e 12) ==== 46119+0+0 (secure 0 0 0) 0x7ffa78022020 con 0x7ffa901085b0
2024-03-17T23:43:44.644 INFO:teuthology.orchestra.run.smithi073.stdout:/usr/bin/ceph: stderr
2024-03-17T23:43:43.817+0000 7ffa87fff700 1 --2- 172.21.15.73:0/1360047956 >> [v2:172.21.15.73:6800/4025299389,v1:172.21.15.73:6801/4025299389] conn(0x7ffa7c038f70 0x7ffa7c03b430 unknown :-1 s=NONE pgs=0 cs=0 l=1 rev1=0 crypto rx=0 tx=0 comp rx=0 tx=0).connect
2024-03-17T23:43:44.644 INFO:teuthology.orchestra.run.smithi073.stdout:/usr/bin/ceph: stderr
2024-03-17T23:43:43.817+0000 7ffa87fff700 1 -- 172.21.15.73:0/1360047956 <== mon.0 v2:172.21.15.73:3300/0 5 ==== osd_map(3..3 src has 1..3) ==== 1155+0+0 (secure 0 0 0) 0x7ffa7804d2c0 con 0x7ffa901085b0
2024-03-17T23:43:44.644 INFO:teuthology.orchestra.run.smithi073.stdout:/usr/bin/ceph: stderr
2024-03-17T23:43:43.817+0000 7ffa8e7fc700 1 --2- 172.21.15.73:0/1360047956 >> [v2:172.21.15.73:6800/4025299389,v1:172.21.15.73:6801/4025299389] conn(0x7ffa7c038f70 0x7ffa7c03b430 unknown :-1 s=BANNER_CONNECTING pgs=0 cs=0 l=1 rev1=0 crypto rx=0 tx=0 comp rx=0 tx=0)._handle_peer_banner_payload supported=3 required=0
2024-03-17T23:43:44.645 INFO:teuthology.orchestra.run.smithi073.stdout:/usr/bin/ceph: stderr
2024-03-17T23:43:43.817+0000 7ffa9532a700 1 -- 172.21.15.73:0/1360047956 --> [v2:172.21.15.73:3300/0,v1:172.21.15.73:6789/0] -- mon_command({"prefix": "get_command_descriptions"} v 0) -- 0x7ffa90063900 con 0x7ffa901085b0
2024-03-17T23:43:44.645 INFO:teuthology.orchestra.run.smithi073.stdout:/usr/bin/ceph: stderr
2024-03-17T23:43:43.817+0000 7ffa8e7fc700 1 --2- 172.21.15.73:0/1360047956 >> [v2:172.21.15.73:6800/4025299389,v1:172.21.15.73:6801/4025299389] conn(0x7ffa7c038f70 0x7ffa7c03b430 secure :-1 s=READY pgs=9 cs=0 l=1 rev1=1 crypto rx=0x7ffa80006fd0 tx=0x7ffa80006e40 comp rx=0 tx=0).ready entity=mgr.14152 client_cookie=0 server_cookie=0 in_seq=0 out_seq=0
2024-03-17T23:43:44.645 INFO:teuthology.orchestra.run.smithi073.stdout:/usr/bin/ceph: stderr
2024-03-17T23:43:43.822+0000 7ffa87fff700 1 -- 172.21.15.73:0/1360047956 <== mon.0 v2:172.21.15.73:3300/0 6 ==== mon_command_ack([{"prefix": "get_command_descriptions"}]=0 v0) ==== 72+0+186149 (secure 0 0 0) 0x7ffa78019c70 con 0x7ffa901085b0
2024-03-17T23:43:44.645 INFO:teuthology.orchestra.run.smithi073.stdout:/usr/bin/ceph: stderr
2024-03-17T23:43:44.014+0000 7ffa9532a700 1 -- 172.21.15.73:0/1360047956 --> [v2:172.21.15.73:3300/0,v1:172.21.15.73:6789/0] -- mon_command({"prefix": "config get", "who": "mgr", "key": "mgr/dashboard/ssl_server_port"} v 0) -- 0x7ffa9019f430 con 0x7ffa901085b0
2024-03-17T23:43:44.645 INFO:teuthology.orchestra.run.smithi073.stdout:/usr/bin/ceph: stderr
2024-03-17T23:43:44.015+0000 7ffa87fff700 1 -- 172.21.15.73:0/1360047956 <== mon.0 v2:172.21.15.73:3300/0 7 ==== mon_command_ack([{"prefix": "config get", "who": "mgr", "key": "mgr/dashboard/ssl_server_port"}]=0 v8) ==== 112+0+5 (secure 0 0 0) 0x7ffa7801adb0 con 0x7ffa901085b0
2024-03-17T23:43:44.645 INFO:teuthology.orchestra.run.smithi073.stdout:/usr/bin/ceph: stderr
2024-03-17T23:43:44.017+0000 7ffa9532a700 1 -- 172.21.15.73:0/1360047956 >> [v2:172.21.15.73:6800/4025299389,v1:172.21.15.73:6801/4025299389] conn(0x7ffa7c038f70 msgr2=0x7ffa7c03b430 secure :-1 s=STATE_CONNECTION_ESTABLISHED l=1).mark_down
2024-03-17T23:43:44.645 INFO:teuthology.orchestra.run.smithi073.stdout:/usr/bin/ceph: stderr
2024-03-17T23:43:44.017+0000 7ffa9532a700 1 --2- 172.21.15.73:0/1360047956 >> [v2:172.21.15.73:6800/4025299389,v1:172.21.15.73:6801/4025299389] conn(0x7ffa7c038f70 0x7ffa7c03b430 secure :-1 s=READY pgs=9 cs=0 l=1 rev1=1 crypto rx=0x7ffa80006fd0 tx=0x7ffa80006e40 comp rx=0 tx=0).stop
2024-03-17T23:43:44.645 INFO:teuthology.orchestra.run.smithi073.stdout:/usr/bin/ceph: stderr
2024-03-17T23:43:44.017+0000 7ffa9532a700 1 -- 172.21.15.73:0/1360047956 >> [v2:172.21.15.73:3300/0,v1:172.21.15.73:6789/0] conn(0x7ffa901085b0 msgr2=0x7ffa9019ba10 secure :-1 s=STATE_CONNECTION_ESTABLISHED l=1).mark_down
2024-03-17T23:43:44.645 INFO:teuthology.orchestra.run.smithi073.stdout:/usr/bin/ceph: stderr
2024-03-17T23:43:44.017+0000 7ffa9532a700 1 --2- 172.21.15.73:0/1360047956 >> [v2:172.21.15.73:3300/0,v1:172.21.15.73:6789/0] conn(0x7ffa901085b0 0x7ffa9019ba10 secure :-1 s=READY pgs=75 cs=0 l=1 rev1=1 crypto rx=0x7ffa78011a00 tx=0x7ffa78011ae0 comp rx=0 tx=0).stop
2024-03-17T23:43:44.645 INFO:teuthology.orchestra.run.smithi073.stdout:/usr/bin/ceph: stderr
2024-03-17T23:43:44.017+0000 7ffa9532a700 1 -- 172.21.15.73:0/1360047956 shutdown_connections
2024-03-17T23:43:44.645 INFO:teuthology.orchestra.run.smithi073.stdout:/usr/bin/ceph: stderr
2024-03-17T23:43:44.017+0000 7ffa9532a700 1 --2- 172.21.15.73:0/1360047956 >> [v2:172.21.15.73:6800/4025299389,v1:172.21.15.73:6801/4025299389] conn(0x7ffa7c038f70 0x7ffa7c03b430 unknown :-1 s=CLOSED pgs=9 cs=0 l=1 rev1=1 crypto rx=0 tx=0 comp rx=0 tx=0).stop
2024-03-17T23:43:44.645 INFO:teuthology.orchestra.run.smithi073.stdout:/usr/bin/ceph: stderr
2024-03-17T23:43:44.017+0000 7ffa9532a700 1 --2- 172.21.15.73:0/1360047956 >> [v2:172.21.15.73:3300/0,v1:172.21.15.73:6789/0] conn(0x7ffa901085b0 0x7ffa9019ba10 unknown :-1 s=CLOSED pgs=75 cs=0 l=1 rev1=1 crypto rx=0 tx=0 comp rx=0 tx=0).stop
2024-03-17T23:43:44.645 INFO:teuthology.orchestra.run.smithi073.stdout:/usr/bin/ceph: stderr
2024-03-17T23:43:44.017+0000 7ffa9532a700 1 -- 172.21.15.73:0/1360047956 >> 172.21.15.73:0/1360047956 conn(0x7ffa90102040 msgr2=0x7ffa90102b30 unknown :-1 s=STATE_NONE l=0).mark_down
2024-03-17T23:43:44.645 INFO:teuthology.orchestra.run.smithi073.stdout:/usr/bin/ceph: stderr
2024-03-17T23:43:44.017+0000 7ffa9532a700 1 -- 172.21.15.73:0/1360047956 shutdown_connections
2024-03-17T23:43:44.645 INFO:teuthology.orchestra.run.smithi073.stdout:/usr/bin/ceph: stderr
2024-03-17T23:43:44.017+0000 7ffa9532a700 1 -- 172.21.15.73:0/1360047956 wait complete.
2024-03-17T23:43:44.649 INFO:teuthology.orchestra.run.smithi073.stdout:Non-zero exit code 1 from systemctl is-enabled firewalld.service
2024-03-17T23:43:44.649 INFO:teuthology.orchestra.run.smithi073.stdout:systemctl: stdout disabled
2024-03-17T23:43:44.655 INFO:teuthology.orchestra.run.smithi073.stdout:Non-zero exit code 3 from systemctl is-active firewalld.service
2024-03-17T23:43:44.655 INFO:teuthology.orchestra.run.smithi073.stdout:systemctl: stdout inactive
2024-03-17T23:43:44.656 INFO:teuthology.orchestra.run.smithi073.stdout:firewalld.service is not enabled
2024-03-17T23:43:44.656 INFO:teuthology.orchestra.run.smithi073.stdout:Not possible to open ports <[8443]>. firewalld.service is not available
2024-03-17T23:43:44.657 INFO:teuthology.orchestra.run.smithi073.stdout:Ceph Dashboard is now available at:
2024-03-17T23:43:44.658 INFO:teuthology.orchestra.run.smithi073.stdout:
2024-03-17T23:43:44.658 INFO:teuthology.orchestra.run.smithi073.stdout: URL: https://smithi073.front.sepia.ceph.com:8443/
2024-03-17T23:43:44.658 INFO:teuthology.orchestra.run.smithi073.stdout: User: admin
2024-03-17T23:43:44.658 INFO:teuthology.orchestra.run.smithi073.stdout: Password: alvwodllqf
2024-03-17T23:43:44.658 INFO:teuthology.orchestra.run.smithi073.stdout:
2024-03-17T23:43:44.658 INFO:teuthology.orchestra.run.smithi073.stdout:Saving cluster configuration to /var/lib/ceph/df071766-e4b7-11ee-95c9-87774f69a715/config directory
2024-03-17T23:43:44.658 INFO:teuthology.orchestra.run.smithi073.stdout:Enabling autotune for osd_memory_target
2024-03-17T23:43:45.608 INFO:journalctl@ceph.mon.a.smithi073.stdout:Mar 17 23:43:45 smithi073 ceph-mon[32203]: mgrmap e13: x(active, since 6s)
2024-03-17T23:43:45.890 INFO:teuthology.orchestra.run.smithi073.stdout:/usr/bin/ceph: stderr
2024-03-17T23:43:45.095+0000 7f633bdcd700 1 Processor -- start
2024-03-17T23:43:45.890 INFO:teuthology.orchestra.run.smithi073.stdout:/usr/bin/ceph: stderr
2024-03-17T23:43:45.095+0000 7f633bdcd700 1 -- start start
2024-03-17T23:43:45.890 INFO:teuthology.orchestra.run.smithi073.stdout:/usr/bin/ceph: stderr
2024-03-17T23:43:45.096+0000 7f633bdcd700 1 --2- >> [v2:172.21.15.73:3300/0,v1:172.21.15.73:6789/0] conn(0x7f6334106a80 0x7f6334106ea0 unknown :-1 s=NONE pgs=0 cs=0 l=0 rev1=0 crypto rx=0 tx=0 comp rx=0 tx=0).connect
2024-03-17T23:43:45.890 INFO:teuthology.orchestra.run.smithi073.stdout:/usr/bin/ceph: stderr
2024-03-17T23:43:45.096+0000 7f633bdcd700 1 -- --> [v2:172.21.15.73:3300/0,v1:172.21.15.73:6789/0] -- mon_getmap magic: 0 -- 0x7f6334107470 con 0x7f6334106a80
2024-03-17T23:43:45.890 INFO:teuthology.orchestra.run.smithi073.stdout:/usr/bin/ceph: stderr
2024-03-17T23:43:45.096+0000 7f6339b69700 1 --2- >> [v2:172.21.15.73:3300/0,v1:172.21.15.73:6789/0] conn(0x7f6334106a80 0x7f6334106ea0 unknown :-1 s=BANNER_CONNECTING pgs=0 cs=0 l=0 rev1=0 crypto rx=0 tx=0 comp rx=0 tx=0)._handle_peer_banner_payload supported=3 required=0
2024-03-17T23:43:45.890 INFO:teuthology.orchestra.run.smithi073.stdout:/usr/bin/ceph: stderr
2024-03-17T23:43:45.096+0000 7f6339b69700 1 --2- >> [v2:172.21.15.73:3300/0,v1:172.21.15.73:6789/0] conn(0x7f6334106a80 0x7f6334106ea0 unknown :-1 s=HELLO_CONNECTING pgs=0 cs=0 l=0 rev1=1 crypto rx=0 tx=0 comp rx=0 tx=0).handle_hello peer v2:172.21.15.73:3300/0 says I am v2:172.21.15.73:43192/0 (socket says 172.21.15.73:43192)
2024-03-17T23:43:45.891 INFO:teuthology.orchestra.run.smithi073.stdout:/usr/bin/ceph: stderr
2024-03-17T23:43:45.096+0000 7f6339b69700 1 -- 172.21.15.73:0/2469210728 learned_addr learned my addr 172.21.15.73:0/2469210728 (peer_addr_for_me v2:172.21.15.73:0/0)
2024-03-17T23:43:45.891 INFO:teuthology.orchestra.run.smithi073.stdout:/usr/bin/ceph: stderr
2024-03-17T23:43:45.096+0000 7f6339b69700 1 -- 172.21.15.73:0/2469210728 --> [v2:172.21.15.73:3300/0,v1:172.21.15.73:6789/0] -- mon_subscribe({config=0+,monmap=0+}) -- 0x7f6334107c80 con 0x7f6334106a80
2024-03-17T23:43:45.891 INFO:teuthology.orchestra.run.smithi073.stdout:/usr/bin/ceph: stderr
2024-03-17T23:43:45.096+0000 7f6339b69700 1 --2- 172.21.15.73:0/2469210728 >> [v2:172.21.15.73:3300/0,v1:172.21.15.73:6789/0] conn(0x7f6334106a80 0x7f6334106ea0 secure :-1 s=READY pgs=76 cs=0 l=1 rev1=1 crypto rx=0x7f63300098a0 tx=0x7f6330009bb0 comp rx=0 tx=0).ready entity=mon.0 client_cookie=88dc53404e4e775 server_cookie=0 in_seq=0 out_seq=0
2024-03-17T23:43:45.891 INFO:teuthology.orchestra.run.smithi073.stdout:/usr/bin/ceph: stderr
2024-03-17T23:43:45.097+0000 7f6338b67700 1 -- 172.21.15.73:0/2469210728 <== mon.0 v2:172.21.15.73:3300/0 1 ==== mon_map magic: 0 ==== 205+0+0 (secure 0 0 0) 0x7f6330004160 con 0x7f6334106a80
2024-03-17T23:43:45.891 INFO:teuthology.orchestra.run.smithi073.stdout:/usr/bin/ceph: stderr
2024-03-17T23:43:45.097+0000 7f6338b67700 1 -- 172.21.15.73:0/2469210728 <== mon.0 v2:172.21.15.73:3300/0 2 ==== config(26 keys) ==== 1102+0+0 (secure 0 0 0) 0x7f6330004300 con 0x7f6334106a80
2024-03-17T23:43:45.891 INFO:teuthology.orchestra.run.smithi073.stdout:/usr/bin/ceph: stderr
2024-03-17T23:43:45.097+0000 7f6338b67700 1 -- 172.21.15.73:0/2469210728 <== mon.0 v2:172.21.15.73:3300/0 3 ==== mon_map magic: 0 ==== 205+0+0 (secure 0 0 0) 0x7f6330011a50 con 0x7f6334106a80
2024-03-17T23:43:45.891 INFO:teuthology.orchestra.run.smithi073.stdout:/usr/bin/ceph: stderr
2024-03-17T23:43:45.097+0000 7f633bdcd700 1 -- 172.21.15.73:0/2469210728 >> [v2:172.21.15.73:3300/0,v1:172.21.15.73:6789/0] conn(0x7f6334106a80 msgr2=0x7f6334106ea0 secure :-1 s=STATE_CONNECTION_ESTABLISHED l=1).mark_down
2024-03-17T23:43:45.891 INFO:teuthology.orchestra.run.smithi073.stdout:/usr/bin/ceph: stderr
2024-03-17T23:43:45.097+0000 7f633bdcd700 1 --2- 172.21.15.73:0/2469210728 >> [v2:172.21.15.73:3300/0,v1:172.21.15.73:6789/0] conn(0x7f6334106a80 0x7f6334106ea0 secure :-1 s=READY pgs=76 cs=0 l=1 rev1=1 crypto rx=0x7f63300098a0 tx=0x7f6330009bb0 comp rx=0 tx=0).stop
2024-03-17T23:43:45.891 INFO:teuthology.orchestra.run.smithi073.stdout:/usr/bin/ceph: stderr
2024-03-17T23:43:45.097+0000 7f633bdcd700 1 -- 172.21.15.73:0/2469210728 shutdown_connections
2024-03-17T23:43:45.891 INFO:teuthology.orchestra.run.smithi073.stdout:/usr/bin/ceph: stderr
2024-03-17T23:43:45.097+0000 7f633bdcd700 1 --2- 172.21.15.73:0/2469210728 >> [v2:172.21.15.73:3300/0,v1:172.21.15.73:6789/0] conn(0x7f6334106a80 0x7f6334106ea0 unknown :-1 s=CLOSED pgs=76 cs=0 l=1 rev1=1 crypto rx=0 tx=0 comp rx=0 tx=0).stop
2024-03-17T23:43:45.892 INFO:teuthology.orchestra.run.smithi073.stdout:/usr/bin/ceph: stderr
2024-03-17T23:43:45.097+0000 7f633bdcd700 1 -- 172.21.15.73:0/2469210728 >> 172.21.15.73:0/2469210728 conn(0x7f6334102020 msgr2=0x7f6334104460 unknown :-1 s=STATE_NONE l=0).mark_down
2024-03-17T23:43:45.892 INFO:teuthology.orchestra.run.smithi073.stdout:/usr/bin/ceph: stderr
2024-03-17T23:43:45.097+0000 7f633bdcd700 1 -- 172.21.15.73:0/2469210728 shutdown_connections
2024-03-17T23:43:45.892 INFO:teuthology.orchestra.run.smithi073.stdout:/usr/bin/ceph: stderr
2024-03-17T23:43:45.097+0000 7f633bdcd700 1 -- 172.21.15.73:0/2469210728 wait complete.
2024-03-17T23:43:45.892 INFO:teuthology.orchestra.run.smithi073.stdout:/usr/bin/ceph: stderr
2024-03-17T23:43:45.098+0000 7f633bdcd700 1 Processor -- start
2024-03-17T23:43:45.892 INFO:teuthology.orchestra.run.smithi073.stdout:/usr/bin/ceph: stderr
2024-03-17T23:43:45.098+0000 7f633bdcd700 1 -- start start
2024-03-17T23:43:45.892 INFO:teuthology.orchestra.run.smithi073.stdout:/usr/bin/ceph: stderr
2024-03-17T23:43:45.098+0000 7f633bdcd700 1 --2- >> [v2:172.21.15.73:3300/0,v1:172.21.15.73:6789/0] conn(0x7f6334106a80 0x7f633407ba80 unknown :-1 s=NONE pgs=0 cs=0 l=1 rev1=0 crypto rx=0 tx=0 comp rx=0 tx=0).connect
2024-03-17T23:43:45.892 INFO:teuthology.orchestra.run.smithi073.stdout:/usr/bin/ceph: stderr
2024-03-17T23:43:45.098+0000 7f633bdcd700 1 -- --> [v2:172.21.15.73:3300/0,v1:172.21.15.73:6789/0] -- mon_getmap magic: 0 -- 0x7f633410b030 con 0x7f6334106a80
2024-03-17T23:43:45.892 INFO:teuthology.orchestra.run.smithi073.stdout:/usr/bin/ceph: stderr
2024-03-17T23:43:45.098+0000 7f6339b69700 1 --2- >> [v2:172.21.15.73:3300/0,v1:172.21.15.73:6789/0] conn(0x7f6334106a80 0x7f633407ba80 unknown :-1 s=BANNER_CONNECTING pgs=0 cs=0 l=1 rev1=0 crypto rx=0 tx=0 comp rx=0 tx=0)._handle_peer_banner_payload supported=3 required=0
2024-03-17T23:43:45.892 INFO:teuthology.orchestra.run.smithi073.stdout:/usr/bin/ceph: stderr
2024-03-17T23:43:45.098+0000 7f6339b69700 1 --2- >> [v2:172.21.15.73:3300/0,v1:172.21.15.73:6789/0] conn(0x7f6334106a80 0x7f633407ba80 unknown :-1 s=HELLO_CONNECTING pgs=0 cs=0 l=1 rev1=1 crypto rx=0 tx=0 comp rx=0 tx=0).handle_hello peer v2:172.21.15.73:3300/0 says I am v2:172.21.15.73:43210/0 (socket says 172.21.15.73:43210)
2024-03-17T23:43:45.892 INFO:teuthology.orchestra.run.smithi073.stdout:/usr/bin/ceph: stderr
2024-03-17T23:43:45.098+0000 7f6339b69700 1 -- 172.21.15.73:0/256405349 learned_addr learned my addr 172.21.15.73:0/256405349 (peer_addr_for_me v2:172.21.15.73:0/0)
2024-03-17T23:43:45.892 INFO:teuthology.orchestra.run.smithi073.stdout:/usr/bin/ceph: stderr
2024-03-17T23:43:45.098+0000 7f6339b69700 1 -- 172.21.15.73:0/256405349 --> [v2:172.21.15.73:3300/0,v1:172.21.15.73:6789/0] -- mon_subscribe({config=0+,monmap=0+}) -- 0x7f633419e7f0 con 0x7f6334106a80
2024-03-17T23:43:45.892 INFO:teuthology.orchestra.run.smithi073.stdout:/usr/bin/ceph: stderr
2024-03-17T23:43:45.099+0000 7f6339b69700 1 --2- 172.21.15.73:0/256405349 >> [v2:172.21.15.73:3300/0,v1:172.21.15.73:6789/0] conn(0x7f6334106a80 0x7f633407ba80 secure :-1 s=READY pgs=77 cs=0 l=1 rev1=1 crypto rx=0x7f6330011710 tx=0x7f6330011ad0 comp rx=0 tx=0).ready entity=mon.0 client_cookie=0 server_cookie=0 in_seq=0 out_seq=0
2024-03-17T23:43:45.892 INFO:teuthology.orchestra.run.smithi073.stdout:/usr/bin/ceph: stderr
2024-03-17T23:43:45.099+0000 7f632affd700 1 -- 172.21.15.73:0/256405349 <== mon.0 v2:172.21.15.73:3300/0 1 ==== mon_map magic: 0 ==== 205+0+0 (secure 0 0 0) 0x7f63300039c0 con 0x7f6334106a80
2024-03-17T23:43:45.892 INFO:teuthology.orchestra.run.smithi073.stdout:/usr/bin/ceph: stderr
2024-03-17T23:43:45.099+0000 7f632affd700 1 -- 172.21.15.73:0/256405349 <== mon.0 v2:172.21.15.73:3300/0 2 ==== config(26 keys) ==== 1102+0+0 (secure 0 0 0) 0x7f6330003b60 con 0x7f6334106a80
2024-03-17T23:43:45.893 INFO:teuthology.orchestra.run.smithi073.stdout:/usr/bin/ceph: stderr
2024-03-17T23:43:45.099+0000 7f633bdcd700 1 -- 172.21.15.73:0/256405349 --> [v2:172.21.15.73:3300/0,v1:172.21.15.73:6789/0] -- mon_subscribe({mgrmap=0+}) -- 0x7f633419e9c0 con 0x7f6334106a80
2024-03-17T23:43:45.893 INFO:teuthology.orchestra.run.smithi073.stdout:/usr/bin/ceph: stderr
2024-03-17T23:43:45.099+0000 7f632affd700 1 -- 172.21.15.73:0/256405349 <== mon.0 v2:172.21.15.73:3300/0 3 ==== mon_map magic: 0 ==== 205+0+0 (secure 0 0 0) 0x7f633001a690 con 0x7f6334106a80
2024-03-17T23:43:45.893 INFO:teuthology.orchestra.run.smithi073.stdout:/usr/bin/ceph: stderr
2024-03-17T23:43:45.099+0000 7f633bdcd700 1 -- 172.21.15.73:0/256405349 --> [v2:172.21.15.73:3300/0,v1:172.21.15.73:6789/0] -- mon_subscribe({osdmap=0}) -- 0x7f633419ede0 con 0x7f6334106a80
2024-03-17T23:43:45.893 INFO:teuthology.orchestra.run.smithi073.stdout:/usr/bin/ceph: stderr
2024-03-17T23:43:45.099+0000 7f632affd700 1 -- 172.21.15.73:0/256405349 <== mon.0 v2:172.21.15.73:3300/0 4 ==== mgrmap(e 13) ==== 46162+0+0 (secure 0 0 0) 0x7f633001a940 con 0x7f6334106a80
2024-03-17T23:43:45.893 INFO:teuthology.orchestra.run.smithi073.stdout:/usr/bin/ceph: stderr
2024-03-17T23:43:45.100+0000 7f632affd700 1 --2- 172.21.15.73:0/256405349 >> [v2:172.21.15.73:6800/4025299389,v1:172.21.15.73:6801/4025299389] conn(0x7f6320039020 0x7f632003b4e0 unknown :-1 s=NONE pgs=0 cs=0 l=1 rev1=0 crypto rx=0 tx=0 comp rx=0 tx=0).connect
2024-03-17T23:43:45.893 INFO:teuthology.orchestra.run.smithi073.stdout:/usr/bin/ceph: stderr
2024-03-17T23:43:45.100+0000 7f632affd700 1 -- 172.21.15.73:0/256405349 <== mon.0 v2:172.21.15.73:3300/0 5 ==== osd_map(3..3 src has 1..3) ==== 1155+0+0 (secure 0 0 0) 0x7f633004d660 con 0x7f6334106a80
2024-03-17T23:43:45.893 INFO:teuthology.orchestra.run.smithi073.stdout:/usr/bin/ceph: stderr
2024-03-17T23:43:45.100+0000 7f6339368700 1 --2- 172.21.15.73:0/256405349 >> [v2:172.21.15.73:6800/4025299389,v1:172.21.15.73:6801/4025299389] conn(0x7f6320039020 0x7f632003b4e0 unknown :-1 s=BANNER_CONNECTING pgs=0 cs=0 l=1 rev1=0 crypto rx=0 tx=0 comp rx=0 tx=0)._handle_peer_banner_payload supported=3 required=0
2024-03-17T23:43:45.894 INFO:teuthology.orchestra.run.smithi073.stdout:/usr/bin/ceph: stderr
2024-03-17T23:43:45.100+0000 7f633bdcd700 1 -- 172.21.15.73:0/256405349 --> [v2:172.21.15.73:3300/0,v1:172.21.15.73:6789/0] -- mon_command({"prefix": "get_command_descriptions"} v 0) -- 0x7f6334063900 con 0x7f6334106a80
2024-03-17T23:43:45.894 INFO:teuthology.orchestra.run.smithi073.stdout:/usr/bin/ceph: stderr
2024-03-17T23:43:45.100+0000 7f6339368700 1 --2- 172.21.15.73:0/256405349 >> [v2:172.21.15.73:6800/4025299389,v1:172.21.15.73:6801/4025299389] conn(0x7f6320039020 0x7f632003b4e0 secure :-1 s=READY pgs=10 cs=0 l=1 rev1=1 crypto rx=0x7f6324006fd0 tx=0x7f6324006e40 comp rx=0 tx=0).ready entity=mgr.14152 client_cookie=0 server_cookie=0 in_seq=0 out_seq=0
2024-03-17T23:43:45.894 INFO:teuthology.orchestra.run.smithi073.stdout:/usr/bin/ceph: stderr
2024-03-17T23:43:45.105+0000 7f632affd700 1 -- 172.21.15.73:0/256405349 <== mon.0 v2:172.21.15.73:3300/0 6 ==== mon_command_ack([{"prefix": "get_command_descriptions"}]=0 v0) ==== 72+0+186149 (secure 0 0 0) 0x7f633002c350 con 0x7f6334106a80
2024-03-17T23:43:45.894 INFO:teuthology.orchestra.run.smithi073.stdout:/usr/bin/ceph: stderr
2024-03-17T23:43:45.300+0000 7f633bdcd700 1 -- 172.21.15.73:0/256405349 --> [v2:172.21.15.73:3300/0,v1:172.21.15.73:6789/0] -- mon_command([{prefix=config set, name=osd_memory_target_autotune}] v 0) -- 0x7f633419f070 con 0x7f6334106a80
2024-03-17T23:43:45.894 INFO:teuthology.orchestra.run.smithi073.stdout:/usr/bin/ceph: stderr
2024-03-17T23:43:45.300+0000 7f632affd700 1 -- 172.21.15.73:0/256405349 <== mon.0 v2:172.21.15.73:3300/0 7 ==== mon_command_ack([{prefix=config set, name=osd_memory_target_autotune}]=0 v8)=0 v8) ==== 127+0+0 (secure 0 0 0) 0x7f6330032030 con 0x7f6334106a80
2024-03-17T23:43:45.894 INFO:teuthology.orchestra.run.smithi073.stdout:/usr/bin/ceph: stderr
2024-03-17T23:43:45.302+0000 7f633bdcd700 1 -- 172.21.15.73:0/256405349 >> [v2:172.21.15.73:6800/4025299389,v1:172.21.15.73:6801/4025299389] conn(0x7f6320039020 msgr2=0x7f632003b4e0 secure :-1 s=STATE_CONNECTION_ESTABLISHED l=1).mark_down
2024-03-17T23:43:45.894 INFO:teuthology.orchestra.run.smithi073.stdout:/usr/bin/ceph: stderr
2024-03-17T23:43:45.302+0000 7f633bdcd700 1 --2- 172.21.15.73:0/256405349 >> [v2:172.21.15.73:6800/4025299389,v1:172.21.15.73:6801/4025299389] conn(0x7f6320039020 0x7f632003b4e0 secure :-1 s=READY pgs=10 cs=0 l=1 rev1=1 crypto rx=0x7f6324006fd0 tx=0x7f6324006e40 comp rx=0 tx=0).stop
2024-03-17T23:43:45.894 INFO:teuthology.orchestra.run.smithi073.stdout:/usr/bin/ceph: stderr
2024-03-17T23:43:45.302+0000 7f633bdcd700 1 -- 172.21.15.73:0/256405349 >> [v2:172.21.15.73:3300/0,v1:172.21.15.73:6789/0] conn(0x7f6334106a80 msgr2=0x7f633407ba80 secure :-1 s=STATE_CONNECTION_ESTABLISHED l=1).mark_down
2024-03-17T23:43:45.894 INFO:teuthology.orchestra.run.smithi073.stdout:/usr/bin/ceph: stderr
2024-03-17T23:43:45.302+0000 7f633bdcd700 1 --2- 172.21.15.73:0/256405349 >> [v2:172.21.15.73:3300/0,v1:172.21.15.73:6789/0] conn(0x7f6334106a80 0x7f633407ba80 secure :-1 s=READY pgs=77 cs=0 l=1 rev1=1 crypto rx=0x7f6330011710 tx=0x7f6330011ad0 comp rx=0 tx=0).stop
2024-03-17T23:43:45.894 INFO:teuthology.orchestra.run.smithi073.stdout:/usr/bin/ceph: stderr
2024-03-17T23:43:45.303+0000 7f633bdcd700 1 -- 172.21.15.73:0/256405349 shutdown_connections
2024-03-17T23:43:45.894 INFO:teuthology.orchestra.run.smithi073.stdout:/usr/bin/ceph: stderr
2024-03-17T23:43:45.303+0000 7f633bdcd700 1 --2- 172.21.15.73:0/256405349 >> [v2:172.21.15.73:6800/4025299389,v1:172.21.15.73:6801/4025299389] conn(0x7f6320039020 0x7f632003b4e0 unknown :-1 s=CLOSED pgs=10 cs=0 l=1 rev1=1 crypto rx=0 tx=0 comp rx=0 tx=0).stop
2024-03-17T23:43:45.895 INFO:teuthology.orchestra.run.smithi073.stdout:/usr/bin/ceph: stderr
2024-03-17T23:43:45.303+0000 7f633bdcd700 1 --2- 172.21.15.73:0/256405349 >> [v2:172.21.15.73:3300/0,v1:172.21.15.73:6789/0] conn(0x7f6334106a80 0x7f633407ba80 unknown :-1 s=CLOSED pgs=77 cs=0 l=1 rev1=1 crypto rx=0 tx=0 comp rx=0 tx=0).stop
2024-03-17T23:43:45.895 INFO:teuthology.orchestra.run.smithi073.stdout:/usr/bin/ceph: stderr
2024-03-17T23:43:45.303+0000 7f633bdcd700 1 -- 172.21.15.73:0/256405349 >> 172.21.15.73:0/256405349 conn(0x7f6334102020 msgr2=0x7f6334102b80 unknown :-1 s=STATE_NONE l=0).mark_down
2024-03-17T23:43:45.895 INFO:teuthology.orchestra.run.smithi073.stdout:/usr/bin/ceph: stderr
2024-03-17T23:43:45.303+0000 7f633bdcd700 1 -- 172.21.15.73:0/256405349 shutdown_connections
2024-03-17T23:43:45.895 INFO:teuthology.orchestra.run.smithi073.stdout:/usr/bin/ceph: stderr
2024-03-17T23:43:45.303+0000 7f633bdcd700 1 -- 172.21.15.73:0/256405349 wait complete.
2024-03-17T23:43:47.298 INFO:teuthology.orchestra.run.smithi073.stdout:/usr/bin/ceph: stderr
2024-03-17T23:43:46.330+0000 7fa0629ad700 1 Processor -- start
2024-03-17T23:43:47.299 INFO:teuthology.orchestra.run.smithi073.stdout:/usr/bin/ceph: stderr
2024-03-17T23:43:46.330+0000 7fa0629ad700 1 -- start start
2024-03-17T23:43:47.299 INFO:teuthology.orchestra.run.smithi073.stdout:/usr/bin/ceph: stderr
2024-03-17T23:43:46.330+0000 7fa0629ad700 1 --2- >> [v2:172.21.15.73:3300/0,v1:172.21.15.73:6789/0] conn(0x7fa05c106a90 0x7fa05c106eb0 unknown :-1 s=NONE pgs=0 cs=0 l=0 rev1=0 crypto rx=0 tx=0 comp rx=0 tx=0).connect
2024-03-17T23:43:47.299 INFO:teuthology.orchestra.run.smithi073.stdout:/usr/bin/ceph: stderr
2024-03-17T23:43:46.330+0000 7fa0629ad700 1 -- --> [v2:172.21.15.73:3300/0,v1:172.21.15.73:6789/0] -- mon_getmap magic: 0 -- 0x7fa05c107480 con 0x7fa05c106a90
2024-03-17T23:43:47.299 INFO:teuthology.orchestra.run.smithi073.stdout:/usr/bin/ceph: stderr
2024-03-17T23:43:46.330+0000 7fa05bfff700 1 --2- >> [v2:172.21.15.73:3300/0,v1:172.21.15.73:6789/0] conn(0x7fa05c106a90 0x7fa05c106eb0 unknown :-1 s=BANNER_CONNECTING pgs=0 cs=0 l=0 rev1=0 crypto rx=0 tx=0 comp rx=0 tx=0)._handle_peer_banner_payload supported=3 required=0
2024-03-17T23:43:47.299 INFO:teuthology.orchestra.run.smithi073.stdout:/usr/bin/ceph: stderr
2024-03-17T23:43:46.330+0000 7fa05bfff700 1 --2- >> [v2:172.21.15.73:3300/0,v1:172.21.15.73:6789/0] conn(0x7fa05c106a90 0x7fa05c106eb0 unknown :-1 s=HELLO_CONNECTING pgs=0 cs=0 l=0 rev1=1 crypto rx=0 tx=0 comp rx=0 tx=0).handle_hello peer v2:172.21.15.73:3300/0 says I am v2:172.21.15.73:43212/0 (socket says 172.21.15.73:43212)
2024-03-17T23:43:47.299 INFO:teuthology.orchestra.run.smithi073.stdout:/usr/bin/ceph: stderr
2024-03-17T23:43:46.330+0000 7fa05bfff700 1 -- 172.21.15.73:0/263478223 learned_addr learned my addr 172.21.15.73:0/263478223 (peer_addr_for_me v2:172.21.15.73:0/0)
2024-03-17T23:43:47.299 INFO:teuthology.orchestra.run.smithi073.stdout:/usr/bin/ceph: stderr
2024-03-17T23:43:46.331+0000 7fa05bfff700 1 -- 172.21.15.73:0/263478223 --> [v2:172.21.15.73:3300/0,v1:172.21.15.73:6789/0] -- mon_subscribe({config=0+,monmap=0+}) -- 0x7fa05c107c90 con 0x7fa05c106a90
2024-03-17T23:43:47.299 INFO:teuthology.orchestra.run.smithi073.stdout:/usr/bin/ceph: stderr
2024-03-17T23:43:46.331+0000 7fa05bfff700 1 --2- 172.21.15.73:0/263478223 >> [v2:172.21.15.73:3300/0,v1:172.21.15.73:6789/0] conn(0x7fa05c106a90 0x7fa05c106eb0 secure :-1 s=READY pgs=78 cs=0 l=1 rev1=1 crypto rx=0x7fa04c0098a0 tx=0x7fa04c009bb0 comp rx=0 tx=0).ready entity=mon.0 client_cookie=7196b69775020b0d server_cookie=0 in_seq=0 out_seq=0
2024-03-17T23:43:47.299 INFO:teuthology.orchestra.run.smithi073.stdout:/usr/bin/ceph: stderr
2024-03-17T23:43:46.331+0000 7fa05affd700 1 -- 172.21.15.73:0/263478223 <== mon.0 v2:172.21.15.73:3300/0 1 ==== mon_map magic: 0 ==== 205+0+0 (secure 0 0 0) 0x7fa04c004160 con 0x7fa05c106a90
2024-03-17T23:43:47.299 INFO:teuthology.orchestra.run.smithi073.stdout:/usr/bin/ceph: stderr
2024-03-17T23:43:46.331+0000 7fa05affd700 1 -- 172.21.15.73:0/263478223 <== mon.0 v2:172.21.15.73:3300/0 2 ==== config(26 keys) ==== 1102+0+0 (secure 0 0 0) 0x7fa04c004300 con 0x7fa05c106a90
2024-03-17T23:43:47.299 INFO:teuthology.orchestra.run.smithi073.stdout:/usr/bin/ceph: stderr
2024-03-17T23:43:46.331+0000 7fa05affd700 1 -- 172.21.15.73:0/263478223 <== mon.0 v2:172.21.15.73:3300/0 3 ==== mon_map magic: 0 ==== 205+0+0 (secure 0 0 0) 0x7fa04c011a50 con 0x7fa05c106a90
2024-03-17T23:43:47.299 INFO:teuthology.orchestra.run.smithi073.stdout:/usr/bin/ceph: stderr
2024-03-17T23:43:46.331+0000 7fa0629ad700 1 -- 172.21.15.73:0/263478223 >> [v2:172.21.15.73:3300/0,v1:172.21.15.73:6789/0] conn(0x7fa05c106a90 msgr2=0x7fa05c106eb0 secure :-1 s=STATE_CONNECTION_ESTABLISHED l=1).mark_down
2024-03-17T23:43:47.299 INFO:teuthology.orchestra.run.smithi073.stdout:/usr/bin/ceph: stderr
2024-03-17T23:43:46.331+0000 7fa0629ad700 1 --2- 172.21.15.73:0/263478223 >> [v2:172.21.15.73:3300/0,v1:172.21.15.73:6789/0] conn(0x7fa05c106a90 0x7fa05c106eb0 secure :-1 s=READY pgs=78 cs=0 l=1 rev1=1 crypto rx=0x7fa04c0098a0 tx=0x7fa04c009bb0 comp rx=0 tx=0).stop
2024-03-17T23:43:47.300 INFO:teuthology.orchestra.run.smithi073.stdout:/usr/bin/ceph: stderr
2024-03-17T23:43:46.332+0000 7fa0629ad700 1 -- 172.21.15.73:0/263478223 shutdown_connections
2024-03-17T23:43:47.300 INFO:teuthology.orchestra.run.smithi073.stdout:/usr/bin/ceph: stderr
2024-03-17T23:43:46.332+0000 7fa0629ad700 1 --2- 172.21.15.73:0/263478223 >> [v2:172.21.15.73:3300/0,v1:172.21.15.73:6789/0] conn(0x7fa05c106a90 0x7fa05c106eb0 unknown :-1 s=CLOSED pgs=78 cs=0 l=1 rev1=1 crypto rx=0 tx=0 comp rx=0 tx=0).stop
2024-03-17T23:43:47.300 INFO:teuthology.orchestra.run.smithi073.stdout:/usr/bin/ceph: stderr
2024-03-17T23:43:46.332+0000 7fa0629ad700 1 -- 172.21.15.73:0/263478223 >> 172.21.15.73:0/263478223 conn(0x7fa05c102070 msgr2=0x7fa05c104490 unknown :-1 s=STATE_NONE l=0).mark_down
2024-03-17T23:43:47.300 INFO:teuthology.orchestra.run.smithi073.stdout:/usr/bin/ceph: stderr
2024-03-17T23:43:46.332+0000 7fa0629ad700 1 -- 172.21.15.73:0/263478223 shutdown_connections
2024-03-17T23:43:47.300 INFO:teuthology.orchestra.run.smithi073.stdout:/usr/bin/ceph: stderr
2024-03-17T23:43:46.332+0000 7fa0629ad700 1 -- 172.21.15.73:0/263478223 wait complete.
2024-03-17T23:43:47.300 INFO:teuthology.orchestra.run.smithi073.stdout:/usr/bin/ceph: stderr
2024-03-17T23:43:46.332+0000 7fa0629ad700 1 Processor -- start
2024-03-17T23:43:47.300 INFO:teuthology.orchestra.run.smithi073.stdout:/usr/bin/ceph: stderr
2024-03-17T23:43:46.332+0000 7fa0629ad700 1 -- start start
2024-03-17T23:43:47.300 INFO:teuthology.orchestra.run.smithi073.stdout:/usr/bin/ceph: stderr
2024-03-17T23:43:46.332+0000 7fa0629ad700 1 --2- >> [v2:172.21.15.73:3300/0,v1:172.21.15.73:6789/0] conn(0x7fa05c106a90 0x7fa05c19bbc0 unknown :-1 s=NONE pgs=0 cs=0 l=1 rev1=0 crypto rx=0 tx=0 comp rx=0 tx=0).connect
2024-03-17T23:43:47.300 INFO:teuthology.orchestra.run.smithi073.stdout:/usr/bin/ceph: stderr
2024-03-17T23:43:46.332+0000 7fa0629ad700 1 -- --> [v2:172.21.15.73:3300/0,v1:172.21.15.73:6789/0] -- mon_getmap magic: 0 -- 0x7fa05c10b040 con 0x7fa05c106a90
2024-03-17T23:43:47.300 INFO:teuthology.orchestra.run.smithi073.stdout:/usr/bin/ceph: stderr
2024-03-17T23:43:46.333+0000 7fa05bfff700 1 --2- >> [v2:172.21.15.73:3300/0,v1:172.21.15.73:6789/0] conn(0x7fa05c106a90 0x7fa05c19bbc0 unknown :-1 s=BANNER_CONNECTING pgs=0 cs=0 l=1 rev1=0 crypto rx=0 tx=0 comp rx=0 tx=0)._handle_peer_banner_payload supported=3 required=0
2024-03-17T23:43:47.300 INFO:teuthology.orchestra.run.smithi073.stdout:/usr/bin/ceph: stderr
2024-03-17T23:43:46.333+0000 7fa05bfff700 1 --2- >> [v2:172.21.15.73:3300/0,v1:172.21.15.73:6789/0] conn(0x7fa05c106a90 0x7fa05c19bbc0 unknown :-1 s=HELLO_CONNECTING pgs=0 cs=0 l=1 rev1=1 crypto rx=0 tx=0 comp rx=0 tx=0).handle_hello peer v2:172.21.15.73:3300/0 says I am v2:172.21.15.73:43230/0 (socket says 172.21.15.73:43230)
2024-03-17T23:43:47.300 INFO:teuthology.orchestra.run.smithi073.stdout:/usr/bin/ceph: stderr
2024-03-17T23:43:46.333+0000 7fa05bfff700 1 -- 172.21.15.73:0/3920627598 learned_addr learned my addr 172.21.15.73:0/3920627598 (peer_addr_for_me v2:172.21.15.73:0/0)
2024-03-17T23:43:47.300 INFO:teuthology.orchestra.run.smithi073.stdout:/usr/bin/ceph: stderr
2024-03-17T23:43:46.333+0000 7fa05bfff700 1 -- 172.21.15.73:0/3920627598 --> [v2:172.21.15.73:3300/0,v1:172.21.15.73:6789/0] -- mon_subscribe({config=0+,monmap=0+}) -- 0x7fa05c19c100 con 0x7fa05c106a90
2024-03-17T23:43:47.300 INFO:teuthology.orchestra.run.smithi073.stdout:/usr/bin/ceph: stderr
2024-03-17T23:43:46.333+0000 7fa05bfff700 1 --2- 172.21.15.73:0/3920627598 >> [v2:172.21.15.73:3300/0,v1:172.21.15.73:6789/0] conn(0x7fa05c106a90 0x7fa05c19bbc0 secure :-1 s=READY pgs=79 cs=0 l=1 rev1=1 crypto rx=0x7fa04c011710 tx=0x7fa04c011ad0 comp rx=0 tx=0).ready entity=mon.0 client_cookie=0 server_cookie=0 in_seq=0 out_seq=0
