2024-03-17T23:43:25.140 INFO:teuthology.orchestra.run.smithi073.stdout:/usr/bin/ceph: stderr
2024-03-17T23:43:23.797+0000 7f7d5121c700 1 -- 172.21.15.73:0/2512352840 wait complete.
2024-03-17T23:43:25.140 INFO:teuthology.orchestra.run.smithi073.stdout:/usr/bin/ceph: stderr
2024-03-17T23:43:23.798+0000 7f7d5121c700 1 Processor -- start
2024-03-17T23:43:25.140 INFO:teuthology.orchestra.run.smithi073.stdout:/usr/bin/ceph: stderr
2024-03-17T23:43:23.798+0000 7f7d5121c700 1 -- start start
2024-03-17T23:43:25.141 INFO:teuthology.orchestra.run.smithi073.stdout:/usr/bin/ceph: stderr
2024-03-17T23:43:23.798+0000 7f7d5121c700 1 --2- >> [v2:172.21.15.73:3300/0,v1:172.21.15.73:6789/0] conn(0x7f7d4c07ddb0 0x7f7d4c19dcd0 unknown :-1 s=NONE pgs=0 cs=0 l=1 rev1=0 crypto rx=0 tx=0 comp rx=0 tx=0).connect
2024-03-17T23:43:25.141 INFO:teuthology.orchestra.run.smithi073.stdout:/usr/bin/ceph: stderr
2024-03-17T23:43:23.798+0000 7f7d5121c700 1 -- --> [v2:172.21.15.73:3300/0,v1:172.21.15.73:6789/0] -- mon_getmap magic: 0 -- 0x7f7d4c10e0f0 con 0x7f7d4c07ddb0
2024-03-17T23:43:25.141 INFO:teuthology.orchestra.run.smithi073.stdout:/usr/bin/ceph: stderr
2024-03-17T23:43:23.798+0000 7f7d4ad9d700 1 --2- >> [v2:172.21.15.73:3300/0,v1:172.21.15.73:6789/0] conn(0x7f7d4c07ddb0 0x7f7d4c19dcd0 unknown :-1 s=BANNER_CONNECTING pgs=0 cs=0 l=1 rev1=0 crypto rx=0 tx=0 comp rx=0 tx=0)._handle_peer_banner_payload supported=3 required=0
2024-03-17T23:43:25.141 INFO:teuthology.orchestra.run.smithi073.stdout:/usr/bin/ceph: stderr
2024-03-17T23:43:23.798+0000 7f7d4ad9d700 1 --2- >> [v2:172.21.15.73:3300/0,v1:172.21.15.73:6789/0] conn(0x7f7d4c07ddb0 0x7f7d4c19dcd0 unknown :-1 s=HELLO_CONNECTING pgs=0 cs=0 l=1 rev1=1 crypto rx=0 tx=0 comp rx=0 tx=0).handle_hello peer v2:172.21.15.73:3300/0 says I am v2:172.21.15.73:52094/0 (socket says 172.21.15.73:52094)
2024-03-17T23:43:25.141 INFO:teuthology.orchestra.run.smithi073.stdout:/usr/bin/ceph: stderr
2024-03-17T23:43:23.799+0000 7f7d4ad9d700 1 -- 172.21.15.73:0/3440644259 learned_addr learned my addr 172.21.15.73:0/3440644259 (peer_addr_for_me v2:172.21.15.73:0/0)
2024-03-17T23:43:25.141 INFO:teuthology.orchestra.run.smithi073.stdout:/usr/bin/ceph: stderr
2024-03-17T23:43:23.799+0000 7f7d4ad9d700 1 -- 172.21.15.73:0/3440644259 --> [v2:172.21.15.73:3300/0,v1:172.21.15.73:6789/0] -- mon_subscribe({config=0+,monmap=0+}) -- 0x7f7d4c19e210 con 0x7f7d4c07ddb0
2024-03-17T23:43:25.141 INFO:teuthology.orchestra.run.smithi073.stdout:/usr/bin/ceph: stderr
2024-03-17T23:43:23.799+0000 7f7d4ad9d700 1 --2- 172.21.15.73:0/3440644259 >> [v2:172.21.15.73:3300/0,v1:172.21.15.73:6789/0] conn(0x7f7d4c07ddb0 0x7f7d4c19dcd0 secure :-1 s=READY pgs=48 cs=0 l=1 rev1=1 crypto rx=0x7f7d3c011a50 tx=0x7f7d3c004290 comp rx=0 tx=0).ready entity=mon.0 client_cookie=0 server_cookie=0 in_seq=0 out_seq=0
2024-03-17T23:43:25.141 INFO:teuthology.orchestra.run.smithi073.stdout:/usr/bin/ceph: stderr
2024-03-17T23:43:23.799+0000 7f7d33fff700 1 -- 172.21.15.73:0/3440644259 <== mon.0 v2:172.21.15.73:3300/0 1 ==== mon_map magic: 0 ==== 205+0+0 (secure 0 0 0) 0x7f7d3c0039f0 con 0x7f7d4c07ddb0
2024-03-17T23:43:25.141 INFO:teuthology.orchestra.run.smithi073.stdout:/usr/bin/ceph: stderr
2024-03-17T23:43:23.799+0000 7f7d33fff700 1 -- 172.21.15.73:0/3440644259 <== mon.0 v2:172.21.15.73:3300/0 2 ==== config(26 keys) ==== 1071+0+0 (secure 0 0 0) 0x7f7d3c003b90 con 0x7f7d4c07ddb0
2024-03-17T23:43:25.141 INFO:teuthology.orchestra.run.smithi073.stdout:/usr/bin/ceph: stderr
2024-03-17T23:43:23.799+0000 7f7d5121c700 1 -- 172.21.15.73:0/3440644259 --> [v2:172.21.15.73:3300/0,v1:172.21.15.73:6789/0] -- mon_subscribe({mgrmap=0+}) -- 0x7f7d4c19e4a0 con 0x7f7d4c07ddb0
2024-03-17T23:43:25.141 INFO:teuthology.orchestra.run.smithi073.stdout:/usr/bin/ceph: stderr
2024-03-17T23:43:23.799+0000 7f7d33fff700 1 -- 172.21.15.73:0/3440644259 <== mon.0 v2:172.21.15.73:3300/0 3 ==== mon_map magic: 0 ==== 205+0+0 (secure 0 0 0) 0x7f7d3c01a600 con 0x7f7d4c07ddb0
2024-03-17T23:43:25.141 INFO:teuthology.orchestra.run.smithi073.stdout:/usr/bin/ceph: stderr
2024-03-17T23:43:23.799+0000 7f7d5121c700 1 -- 172.21.15.73:0/3440644259 --> [v2:172.21.15.73:3300/0,v1:172.21.15.73:6789/0] -- mon_subscribe({osdmap=0}) -- 0x7f7d4c1a1180 con 0x7f7d4c07ddb0
2024-03-17T23:43:25.141 INFO:teuthology.orchestra.run.smithi073.stdout:/usr/bin/ceph: stderr
2024-03-17T23:43:23.800+0000 7f7d33fff700 1 -- 172.21.15.73:0/3440644259 <== mon.0 v2:172.21.15.73:3300/0 4 ==== mgrmap(e 8) ==== 46106+0+0 (secure 0 0 0) 0x7f7d3c01a900 con 0x7f7d4c07ddb0
2024-03-17T23:43:25.141 INFO:teuthology.orchestra.run.smithi073.stdout:/usr/bin/ceph: stderr
2024-03-17T23:43:23.800+0000 7f7d33fff700 1 --2- 172.21.15.73:0/3440644259 >> [v2:172.21.15.73:6800/1863781377,v1:172.21.15.73:6801/1863781377] conn(0x7f7d34038f20 0x7f7d3403b3e0 unknown :-1 s=NONE pgs=0 cs=0 l=1 rev1=0 crypto rx=0 tx=0 comp rx=0 tx=0).connect
2024-03-17T23:43:25.142 INFO:teuthology.orchestra.run.smithi073.stdout:/usr/bin/ceph: stderr
2024-03-17T23:43:23.800+0000 7f7d5121c700 1 -- 172.21.15.73:0/3440644259 --> [v2:172.21.15.73:3300/0,v1:172.21.15.73:6789/0] -- mon_command({"prefix": "get_command_descriptions"} v 0) -- 0x7f7d4c063900 con 0x7f7d4c07ddb0
2024-03-17T23:43:25.142 INFO:teuthology.orchestra.run.smithi073.stdout:/usr/bin/ceph: stderr
2024-03-17T23:43:23.800+0000 7f7d33fff700 1 -- 172.21.15.73:0/3440644259 <== mon.0 v2:172.21.15.73:3300/0 5 ==== osd_map(2..2 src has 1..2) ==== 940+0+0 (secure 0 0 0) 0x7f7d3c04d2f0 con 0x7f7d4c07ddb0
2024-03-17T23:43:25.142 INFO:teuthology.orchestra.run.smithi073.stdout:/usr/bin/ceph: stderr
2024-03-17T23:43:23.800+0000 7f7d4a59c700 1 --2- 172.21.15.73:0/3440644259 >> [v2:172.21.15.73:6800/1863781377,v1:172.21.15.73:6801/1863781377] conn(0x7f7d34038f20 0x7f7d3403b3e0 unknown :-1 s=BANNER_CONNECTING pgs=0 cs=0 l=1 rev1=0 crypto rx=0 tx=0 comp rx=0 tx=0)._handle_peer_banner_payload supported=3 required=0
2024-03-17T23:43:25.142 INFO:teuthology.orchestra.run.smithi073.stdout:/usr/bin/ceph: stderr
2024-03-17T23:43:23.800+0000 7f7d4a59c700 1 --2- 172.21.15.73:0/3440644259 >> [v2:172.21.15.73:6800/1863781377,v1:172.21.15.73:6801/1863781377] conn(0x7f7d34038f20 0x7f7d3403b3e0 secure :-1 s=READY pgs=12 cs=0 l=1 rev1=1 crypto rx=0x7f7d40006fd0 tx=0x7f7d40006e40 comp rx=0 tx=0).ready entity=mgr.14120 client_cookie=0 server_cookie=0 in_seq=0 out_seq=0
2024-03-17T23:43:25.142 INFO:teuthology.orchestra.run.smithi073.stdout:/usr/bin/ceph: stderr
2024-03-17T23:43:23.805+0000 7f7d33fff700 1 -- 172.21.15.73:0/3440644259 <== mon.0 v2:172.21.15.73:3300/0 6 ==== mon_command_ack([{"prefix": "get_command_descriptions"}]=0 v0) ==== 72+0+186149 (secure 0 0 0) 0x7f7d3c02a2a0 con 0x7f7d4c07ddb0
2024-03-17T23:43:25.142 INFO:teuthology.orchestra.run.smithi073.stdout:/usr/bin/ceph: stderr
2024-03-17T23:43:24.023+0000 7f7d5121c700 1 -- 172.21.15.73:0/3440644259 --> [v2:172.21.15.73:6800/1863781377,v1:172.21.15.73:6801/1863781377] -- mgr_command(tid 0: {"prefix": "orch apply", "service_type": "mon", "unmanaged": true, "target": ["mon-mgr", ""]}) -- 0x7f7d4c104490 con 0x7f7d34038f20
2024-03-17T23:43:25.142 INFO:teuthology.orchestra.run.smithi073.stdout:/usr/bin/ceph: stderr
2024-03-17T23:43:24.030+0000 7f7d33fff700 1 -- 172.21.15.73:0/3440644259 <== mgr.14120 v2:172.21.15.73:6800/1863781377 1 ==== mgr_command_reply(tid 0: 0 ) ==== 8+0+24 (secure 0 0 0) 0x7f7d4c104490 con 0x7f7d34038f20
2024-03-17T23:43:25.142 INFO:teuthology.orchestra.run.smithi073.stdout:/usr/bin/ceph: stderr
2024-03-17T23:43:24.033+0000 7f7d5121c700 1 -- 172.21.15.73:0/3440644259 >> [v2:172.21.15.73:6800/1863781377,v1:172.21.15.73:6801/1863781377] conn(0x7f7d34038f20 msgr2=0x7f7d3403b3e0 secure :-1 s=STATE_CONNECTION_ESTABLISHED l=1).mark_down
2024-03-17T23:43:25.142 INFO:teuthology.orchestra.run.smithi073.stdout:/usr/bin/ceph: stderr
2024-03-17T23:43:24.033+0000 7f7d5121c700 1 --2- 172.21.15.73:0/3440644259 >> [v2:172.21.15.73:6800/1863781377,v1:172.21.15.73:6801/1863781377] conn(0x7f7d34038f20 0x7f7d3403b3e0 secure :-1 s=READY pgs=12 cs=0 l=1 rev1=1 crypto rx=0x7f7d40006fd0 tx=0x7f7d40006e40 comp rx=0 tx=0).stop
2024-03-17T23:43:25.142 INFO:teuthology.orchestra.run.smithi073.stdout:/usr/bin/ceph: stderr
2024-03-17T23:43:24.033+0000 7f7d5121c700 1 -- 172.21.15.73:0/3440644259 >> [v2:172.21.15.73:3300/0,v1:172.21.15.73:6789/0] conn(0x7f7d4c07ddb0 msgr2=0x7f7d4c19dcd0 secure :-1 s=STATE_CONNECTION_ESTABLISHED l=1).mark_down
2024-03-17T23:43:25.143 INFO:teuthology.orchestra.run.smithi073.stdout:/usr/bin/ceph: stderr
2024-03-17T23:43:24.033+0000 7f7d5121c700 1 --2- 172.21.15.73:0/3440644259 >> [v2:172.21.15.73:3300/0,v1:172.21.15.73:6789/0] conn(0x7f7d4c07ddb0 0x7f7d4c19dcd0 secure :-1 s=READY pgs=48 cs=0 l=1 rev1=1 crypto rx=0x7f7d3c011a50 tx=0x7f7d3c004290 comp rx=0 tx=0).stop
2024-03-17T23:43:25.143 INFO:teuthology.orchestra.run.smithi073.stdout:/usr/bin/ceph: stderr
2024-03-17T23:43:24.033+0000 7f7d5121c700 1 -- 172.21.15.73:0/3440644259 shutdown_connections
2024-03-17T23:43:25.143 INFO:teuthology.orchestra.run.smithi073.stdout:/usr/bin/ceph: stderr
2024-03-17T23:43:24.033+0000 7f7d5121c700 1 --2- 172.21.15.73:0/3440644259 >> [v2:172.21.15.73:6800/1863781377,v1:172.21.15.73:6801/1863781377] conn(0x7f7d34038f20 0x7f7d3403b3e0 unknown :-1 s=CLOSED pgs=12 cs=0 l=1 rev1=1 crypto rx=0 tx=0 comp rx=0 tx=0).stop
2024-03-17T23:43:25.143 INFO:teuthology.orchestra.run.smithi073.stdout:/usr/bin/ceph: stderr
2024-03-17T23:43:24.033+0000 7f7d5121c700 1 --2- 172.21.15.73:0/3440644259 >> [v2:172.21.15.73:3300/0,v1:172.21.15.73:6789/0] conn(0x7f7d4c07ddb0 0x7f7d4c19dcd0 unknown :-1 s=CLOSED pgs=48 cs=0 l=1 rev1=1 crypto rx=0 tx=0 comp rx=0 tx=0).stop
2024-03-17T23:43:25.143 INFO:teuthology.orchestra.run.smithi073.stdout:/usr/bin/ceph: stderr
2024-03-17T23:43:24.033+0000 7f7d5121c700 1 -- 172.21.15.73:0/3440644259 >> 172.21.15.73:0/3440644259 conn(0x7f7d4c1031e0 msgr2=0x7f7d4c103d80 unknown :-1 s=STATE_NONE l=0).mark_down
2024-03-17T23:43:25.143 INFO:teuthology.orchestra.run.smithi073.stdout:/usr/bin/ceph: stderr
2024-03-17T23:43:24.033+0000 7f7d5121c700 1 -- 172.21.15.73:0/3440644259 shutdown_connections
2024-03-17T23:43:25.143 INFO:teuthology.orchestra.run.smithi073.stdout:/usr/bin/ceph: stderr
2024-03-17T23:43:24.033+0000 7f7d5121c700 1 -- 172.21.15.73:0/3440644259 wait complete.
2024-03-17T23:43:25.143 INFO:teuthology.orchestra.run.smithi073.stdout:Deploying unmanaged mgr service...
2024-03-17T23:43:25.359 INFO:journalctl@ceph.mon.a.smithi073.stdout:Mar 17 23:43:25 smithi073 ceph-mon[32203]: from='client.14142 -' entity='client.admin' cmd=[{"prefix": "orch apply", "service_type": "mon", "unmanaged": true, "target": ["mon-mgr", ""]}]: dispatch
2024-03-17T23:43:25.359 INFO:journalctl@ceph.mon.a.smithi073.stdout:Mar 17 23:43:25 smithi073 ceph-mon[32203]: Saving service mon spec with placement count:5
2024-03-17T23:43:25.359 INFO:journalctl@ceph.mon.a.smithi073.stdout:Mar 17 23:43:25 smithi073 ceph-mon[32203]: from='mgr.14120 172.21.15.73:0/2624372759' entity='mgr.x'
2024-03-17T23:43:26.839 INFO:teuthology.orchestra.run.smithi073.stdout:/usr/bin/ceph: stdout Scheduled mgr update...
2024-03-17T23:43:26.839 INFO:teuthology.orchestra.run.smithi073.stdout:/usr/bin/ceph: stderr
2024-03-17T23:43:26.021+0000 7f6fb0d92700 1 Processor -- start
2024-03-17T23:43:26.839 INFO:teuthology.orchestra.run.smithi073.stdout:/usr/bin/ceph: stderr
2024-03-17T23:43:26.021+0000 7f6fb0d92700 1 -- start start
2024-03-17T23:43:26.839 INFO:teuthology.orchestra.run.smithi073.stdout:/usr/bin/ceph: stderr
2024-03-17T23:43:26.021+0000 7f6fb0d92700 1 --2- >> [v2:172.21.15.73:3300/0,v1:172.21.15.73:6789/0] conn(0x7f6fac1063e0 0x7f6fac106800 unknown :-1 s=NONE pgs=0 cs=0 l=0 rev1=0 crypto rx=0 tx=0 comp rx=0 tx=0).connect
2024-03-17T23:43:26.839 INFO:teuthology.orchestra.run.smithi073.stdout:/usr/bin/ceph: stderr
2024-03-17T23:43:26.021+0000 7f6fb0d92700 1 -- --> [v2:172.21.15.73:3300/0,v1:172.21.15.73:6789/0] -- mon_getmap magic: 0 -- 0x7f6fac063590 con 0x7f6fac1063e0
2024-03-17T23:43:26.839 INFO:teuthology.orchestra.run.smithi073.stdout:/usr/bin/ceph: stderr
2024-03-17T23:43:26.022+0000 7f6faa59c700 1 --2- >> [v2:172.21.15.73:3300/0,v1:172.21.15.73:6789/0] conn(0x7f6fac1063e0 0x7f6fac106800 unknown :-1 s=BANNER_CONNECTING pgs=0 cs=0 l=0 rev1=0 crypto rx=0 tx=0 comp rx=0 tx=0)._handle_peer_banner_payload supported=3 required=0
2024-03-17T23:43:26.840 INFO:teuthology.orchestra.run.smithi073.stdout:/usr/bin/ceph: stderr
2024-03-17T23:43:26.022+0000 7f6faa59c700 1 --2- >> [v2:172.21.15.73:3300/0,v1:172.21.15.73:6789/0] conn(0x7f6fac1063e0 0x7f6fac106800 unknown :-1 s=HELLO_CONNECTING pgs=0 cs=0 l=0 rev1=1 crypto rx=0 tx=0 comp rx=0 tx=0).handle_hello peer v2:172.21.15.73:3300/0 says I am v2:172.21.15.73:52110/0 (socket says 172.21.15.73:52110)
2024-03-17T23:43:26.840 INFO:teuthology.orchestra.run.smithi073.stdout:/usr/bin/ceph: stderr
2024-03-17T23:43:26.022+0000 7f6faa59c700 1 -- 172.21.15.73:0/1669964303 learned_addr learned my addr 172.21.15.73:0/1669964303 (peer_addr_for_me v2:172.21.15.73:0/0)
2024-03-17T23:43:26.840 INFO:teuthology.orchestra.run.smithi073.stdout:/usr/bin/ceph: stderr
2024-03-17T23:43:26.022+0000 7f6faa59c700 1 -- 172.21.15.73:0/1669964303 --> [v2:172.21.15.73:3300/0,v1:172.21.15.73:6789/0] -- mon_subscribe({config=0+,monmap=0+}) -- 0x7f6fac106d40 con 0x7f6fac1063e0
2024-03-17T23:43:26.840 INFO:teuthology.orchestra.run.smithi073.stdout:/usr/bin/ceph: stderr
2024-03-17T23:43:26.022+0000 7f6faa59c700 1 --2- 172.21.15.73:0/1669964303 >> [v2:172.21.15.73:3300/0,v1:172.21.15.73:6789/0] conn(0x7f6fac1063e0 0x7f6fac106800 secure :-1 s=READY pgs=49 cs=0 l=1 rev1=1 crypto rx=0x7f6f9c0098a0 tx=0x7f6f9c009bb0 comp rx=0 tx=0).ready entity=mon.0 client_cookie=bcaf1277a1118d6c server_cookie=0 in_seq=0 out_seq=0
2024-03-17T23:43:26.840 INFO:teuthology.orchestra.run.smithi073.stdout:/usr/bin/ceph: stderr
2024-03-17T23:43:26.022+0000 7f6fa959a700 1 -- 172.21.15.73:0/1669964303 <== mon.0 v2:172.21.15.73:3300/0 1 ==== mon_map magic: 0 ==== 205+0+0 (secure 0 0 0) 0x7f6f9c004160 con 0x7f6fac1063e0
2024-03-17T23:43:26.840 INFO:teuthology.orchestra.run.smithi073.stdout:/usr/bin/ceph: stderr
2024-03-17T23:43:26.022+0000 7f6fa959a700 1 -- 172.21.15.73:0/1669964303 <== mon.0 v2:172.21.15.73:3300/0 2 ==== config(26 keys) ==== 1102+0+0 (secure 0 0 0) 0x7f6f9c004300 con 0x7f6fac1063e0
2024-03-17T23:43:26.840 INFO:teuthology.orchestra.run.smithi073.stdout:/usr/bin/ceph: stderr
2024-03-17T23:43:26.022+0000 7f6fa959a700 1 -- 172.21.15.73:0/1669964303 <== mon.0 v2:172.21.15.73:3300/0 3 ==== mon_map magic: 0 ==== 205+0+0 (secure 0 0 0) 0x7f6f9c011a50 con 0x7f6fac1063e0
2024-03-17T23:43:26.840 INFO:teuthology.orchestra.run.smithi073.stdout:/usr/bin/ceph: stderr
2024-03-17T23:43:26.023+0000 7f6fb0d92700 1 -- 172.21.15.73:0/1669964303 >> [v2:172.21.15.73:3300/0,v1:172.21.15.73:6789/0] conn(0x7f6fac1063e0 msgr2=0x7f6fac106800 secure :-1 s=STATE_CONNECTION_ESTABLISHED l=1).mark_down
2024-03-17T23:43:26.840 INFO:teuthology.orchestra.run.smithi073.stdout:/usr/bin/ceph: stderr
2024-03-17T23:43:26.023+0000 7f6fb0d92700 1 --2- 172.21.15.73:0/1669964303 >> [v2:172.21.15.73:3300/0,v1:172.21.15.73:6789/0] conn(0x7f6fac1063e0 0x7f6fac106800 secure :-1 s=READY pgs=49 cs=0 l=1 rev1=1 crypto rx=0x7f6f9c0098a0 tx=0x7f6f9c009bb0 comp rx=0 tx=0).stop
2024-03-17T23:43:26.840 INFO:teuthology.orchestra.run.smithi073.stdout:/usr/bin/ceph: stderr
2024-03-17T23:43:26.023+0000 7f6fb0d92700 1 -- 172.21.15.73:0/1669964303 shutdown_connections
2024-03-17T23:43:26.840 INFO:teuthology.orchestra.run.smithi073.stdout:/usr/bin/ceph: stderr
2024-03-17T23:43:26.023+0000 7f6fb0d92700 1 --2- 172.21.15.73:0/1669964303 >> [v2:172.21.15.73:3300/0,v1:172.21.15.73:6789/0] conn(0x7f6fac1063e0 0x7f6fac106800 unknown :-1 s=CLOSED pgs=49 cs=0 l=1 rev1=1 crypto rx=0 tx=0 comp rx=0 tx=0).stop
2024-03-17T23:43:26.840 INFO:teuthology.orchestra.run.smithi073.stdout:/usr/bin/ceph: stderr
2024-03-17T23:43:26.023+0000 7f6fb0d92700 1 -- 172.21.15.73:0/1669964303 >> 172.21.15.73:0/1669964303 conn(0x7f6fac102040 msgr2=0x7f6fac104460 unknown :-1 s=STATE_NONE l=0).mark_down
2024-03-17T23:43:26.841 INFO:teuthology.orchestra.run.smithi073.stdout:/usr/bin/ceph: stderr
2024-03-17T23:43:26.023+0000 7f6fb0d92700 1 -- 172.21.15.73:0/1669964303 shutdown_connections
2024-03-17T23:43:26.841 INFO:teuthology.orchestra.run.smithi073.stdout:/usr/bin/ceph: stderr
2024-03-17T23:43:26.023+0000 7f6fb0d92700 1 -- 172.21.15.73:0/1669964303 wait complete.
2024-03-17T23:43:26.841 INFO:teuthology.orchestra.run.smithi073.stdout:/usr/bin/ceph: stderr
2024-03-17T23:43:26.024+0000 7f6fb0d92700 1 Processor -- start
2024-03-17T23:43:26.841 INFO:teuthology.orchestra.run.smithi073.stdout:/usr/bin/ceph: stderr
2024-03-17T23:43:26.024+0000 7f6fb0d92700 1 -- start start
2024-03-17T23:43:26.841 INFO:teuthology.orchestra.run.smithi073.stdout:/usr/bin/ceph: stderr
2024-03-17T23:43:26.024+0000 7f6fb0d92700 1 --2- >> [v2:172.21.15.73:3300/0,v1:172.21.15.73:6789/0] conn(0x7f6fac1063e0 0x7f6fac19dc80 unknown :-1 s=NONE pgs=0 cs=0 l=1 rev1=0 crypto rx=0 tx=0 comp rx=0 tx=0).connect
2024-03-17T23:43:26.841 INFO:teuthology.orchestra.run.smithi073.stdout:/usr/bin/ceph: stderr
2024-03-17T23:43:26.024+0000 7f6fb0d92700 1 -- --> [v2:172.21.15.73:3300/0,v1:172.21.15.73:6789/0] -- mon_getmap magic: 0 -- 0x7f6fac107db0 con 0x7f6fac1063e0
2024-03-17T23:43:26.841 INFO:teuthology.orchestra.run.smithi073.stdout:/usr/bin/ceph: stderr
2024-03-17T23:43:26.024+0000 7f6faa59c700 1 --2- >> [v2:172.21.15.73:3300/0,v1:172.21.15.73:6789/0] conn(0x7f6fac1063e0 0x7f6fac19dc80 unknown :-1 s=BANNER_CONNECTING pgs=0 cs=0 l=1 rev1=0 crypto rx=0 tx=0 comp rx=0 tx=0)._handle_peer_banner_payload supported=3 required=0
2024-03-17T23:43:26.841 INFO:teuthology.orchestra.run.smithi073.stdout:/usr/bin/ceph: stderr
2024-03-17T23:43:26.024+0000 7f6faa59c700 1 --2- >> [v2:172.21.15.73:3300/0,v1:172.21.15.73:6789/0] conn(0x7f6fac1063e0 0x7f6fac19dc80 unknown :-1 s=HELLO_CONNECTING pgs=0 cs=0 l=1 rev1=1 crypto rx=0 tx=0 comp rx=0 tx=0).handle_hello peer v2:172.21.15.73:3300/0 says I am v2:172.21.15.73:52126/0 (socket says 172.21.15.73:52126)
2024-03-17T23:43:26.841 INFO:teuthology.orchestra.run.smithi073.stdout:/usr/bin/ceph: stderr
2024-03-17T23:43:26.024+0000 7f6faa59c700 1 -- 172.21.15.73:0/2621463835 learned_addr learned my addr 172.21.15.73:0/2621463835 (peer_addr_for_me v2:172.21.15.73:0/0)
2024-03-17T23:43:26.841 INFO:teuthology.orchestra.run.smithi073.stdout:/usr/bin/ceph: stderr
2024-03-17T23:43:26.024+0000 7f6faa59c700 1 -- 172.21.15.73:0/2621463835 --> [v2:172.21.15.73:3300/0,v1:172.21.15.73:6789/0] -- mon_subscribe({config=0+,monmap=0+}) -- 0x7f6fac19e1c0 con 0x7f6fac1063e0
2024-03-17T23:43:26.841 INFO:teuthology.orchestra.run.smithi073.stdout:/usr/bin/ceph: stderr
2024-03-17T23:43:26.024+0000 7f6faa59c700 1 --2- 172.21.15.73:0/2621463835 >> [v2:172.21.15.73:3300/0,v1:172.21.15.73:6789/0] conn(0x7f6fac1063e0 0x7f6fac19dc80 secure :-1 s=READY pgs=50 cs=0 l=1 rev1=1 crypto rx=0x7f6f9c011a20 tx=0x7f6f9c011b00 comp rx=0 tx=0).ready entity=mon.0 client_cookie=0 server_cookie=0 in_seq=0 out_seq=0
2024-03-17T23:43:26.841 INFO:teuthology.orchestra.run.smithi073.stdout:/usr/bin/ceph: stderr
2024-03-17T23:43:26.024+0000 7f6fa37fe700 1 -- 172.21.15.73:0/2621463835 <== mon.0 v2:172.21.15.73:3300/0 1 ==== mon_map magic: 0 ==== 205+0+0 (secure 0 0 0) 0x7f6f9c0039c0 con 0x7f6fac1063e0
2024-03-17T23:43:26.842 INFO:teuthology.orchestra.run.smithi073.stdout:/usr/bin/ceph: stderr
2024-03-17T23:43:26.025+0000 7f6fb0d92700 1 -- 172.21.15.73:0/2621463835 --> [v2:172.21.15.73:3300/0,v1:172.21.15.73:6789/0] -- mon_subscribe({mgrmap=0+}) -- 0x7f6fac19e450 con 0x7f6fac1063e0
2024-03-17T23:43:26.842 INFO:teuthology.orchestra.run.smithi073.stdout:/usr/bin/ceph: stderr
2024-03-17T23:43:26.025+0000 7f6fa37fe700 1 -- 172.21.15.73:0/2621463835 <== mon.0 v2:172.21.15.73:3300/0 2 ==== config(26 keys) ==== 1102+0+0 (secure 0 0 0) 0x7f6f9c003b60 con 0x7f6fac1063e0
2024-03-17T23:43:26.842 INFO:teuthology.orchestra.run.smithi073.stdout:/usr/bin/ceph: stderr
2024-03-17T23:43:26.025+0000 7f6fa37fe700 1 -- 172.21.15.73:0/2621463835 <== mon.0 v2:172.21.15.73:3300/0 3 ==== mon_map magic: 0 ==== 205+0+0 (secure 0 0 0) 0x7f6f9c01a6b0 con 0x7f6fac1063e0
2024-03-17T23:43:26.842 INFO:teuthology.orchestra.run.smithi073.stdout:/usr/bin/ceph: stderr
2024-03-17T23:43:26.025+0000 7f6fb0d92700 1 -- 172.21.15.73:0/2621463835 --> [v2:172.21.15.73:3300/0,v1:172.21.15.73:6789/0] -- mon_subscribe({osdmap=0}) -- 0x7f6fac1a1140 con 0x7f6fac1063e0
2024-03-17T23:43:26.842 INFO:teuthology.orchestra.run.smithi073.stdout:/usr/bin/ceph: stderr
2024-03-17T23:43:26.026+0000 7f6fa37fe700 1 -- 172.21.15.73:0/2621463835 <== mon.0 v2:172.21.15.73:3300/0 4 ==== mgrmap(e 8) ==== 46106+0+0 (secure 0 0 0) 0x7f6f9c01a9b0 con 0x7f6fac1063e0
2024-03-17T23:43:26.842 INFO:teuthology.orchestra.run.smithi073.stdout:/usr/bin/ceph: stderr
2024-03-17T23:43:26.026+0000 7f6fa37fe700 1 --2- 172.21.15.73:0/2621463835 >> [v2:172.21.15.73:6800/1863781377,v1:172.21.15.73:6801/1863781377] conn(0x7f6f98038ed0 0x7f6f9803b390 unknown :-1 s=NONE pgs=0 cs=0 l=1 rev1=0 crypto rx=0 tx=0 comp rx=0 tx=0).connect
2024-03-17T23:43:26.842 INFO:teuthology.orchestra.run.smithi073.stdout:/usr/bin/ceph: stderr
2024-03-17T23:43:26.026+0000 7f6fb0d92700 1 -- 172.21.15.73:0/2621463835 --> [v2:172.21.15.73:3300/0,v1:172.21.15.73:6789/0] -- mon_command({"prefix": "get_command_descriptions"} v 0) -- 0x7f6fac063900 con 0x7f6fac1063e0
2024-03-17T23:43:26.842 INFO:teuthology.orchestra.run.smithi073.stdout:/usr/bin/ceph: stderr
2024-03-17T23:43:26.026+0000 7f6fa37fe700 1 -- 172.21.15.73:0/2621463835 <== mon.0 v2:172.21.15.73:3300/0 5 ==== osd_map(2..2 src has 1..2) ==== 940+0+0 (secure 0 0 0) 0x7f6f9c04d490 con 0x7f6fac1063e0
2024-03-17T23:43:26.842 INFO:teuthology.orchestra.run.smithi073.stdout:/usr/bin/ceph: stderr
2024-03-17T23:43:26.026+0000 7f6fa9d9b700 1 --2- 172.21.15.73:0/2621463835 >> [v2:172.21.15.73:6800/1863781377,v1:172.21.15.73:6801/1863781377] conn(0x7f6f98038ed0 0x7f6f9803b390 unknown :-1 s=BANNER_CONNECTING pgs=0 cs=0 l=1 rev1=0 crypto rx=0 tx=0 comp rx=0 tx=0)._handle_peer_banner_payload supported=3 required=0
2024-03-17T23:43:26.842 INFO:teuthology.orchestra.run.smithi073.stdout:/usr/bin/ceph: stderr
2024-03-17T23:43:26.026+0000 7f6fa9d9b700 1 --2- 172.21.15.73:0/2621463835 >> [v2:172.21.15.73:6800/1863781377,v1:172.21.15.73:6801/1863781377] conn(0x7f6f98038ed0 0x7f6f9803b390 secure :-1 s=READY pgs=13 cs=0 l=1 rev1=1 crypto rx=0x7f6f94006fd0 tx=0x7f6f94006e40 comp rx=0 tx=0).ready entity=mgr.14120 client_cookie=0 server_cookie=0 in_seq=0 out_seq=0
2024-03-17T23:43:26.842 INFO:teuthology.orchestra.run.smithi073.stdout:/usr/bin/ceph: stderr
2024-03-17T23:43:26.031+0000 7f6fa37fe700 1 -- 172.21.15.73:0/2621463835 <== mon.0 v2:172.21.15.73:3300/0 6 ==== mon_command_ack([{"prefix": "get_command_descriptions"}]=0 v0) ==== 72+0+186149 (secure 0 0 0) 0x7f6f9c00ba30 con 0x7f6fac1063e0
2024-03-17T23:43:26.842 INFO:teuthology.orchestra.run.smithi073.stdout:/usr/bin/ceph: stderr
2024-03-17T23:43:26.249+0000 7f6fb0d92700 1 -- 172.21.15.73:0/2621463835 --> [v2:172.21.15.73:6800/1863781377,v1:172.21.15.73:6801/1863781377] -- mgr_command(tid 0: {"prefix": "orch apply", "service_type": "mgr", "unmanaged": true, "target": ["mon-mgr", ""]}) -- 0x7f6fac02de00 con 0x7f6f98038ed0
2024-03-17T23:43:26.842 INFO:teuthology.orchestra.run.smithi073.stdout:/usr/bin/ceph: stderr
2024-03-17T23:43:26.257+0000 7f6fa37fe700 1 -- 172.21.15.73:0/2621463835 <== mgr.14120 v2:172.21.15.73:6800/1863781377 1 ==== mgr_command_reply(tid 0: 0 ) ==== 8+0+24 (secure 0 0 0) 0x7f6fac02de00 con 0x7f6f98038ed0
2024-03-17T23:43:26.843 INFO:teuthology.orchestra.run.smithi073.stdout:/usr/bin/ceph: stderr
2024-03-17T23:43:26.259+0000 7f6fb0d92700 1 -- 172.21.15.73:0/2621463835 >> [v2:172.21.15.73:6800/1863781377,v1:172.21.15.73:6801/1863781377] conn(0x7f6f98038ed0 msgr2=0x7f6f9803b390 secure :-1 s=STATE_CONNECTION_ESTABLISHED l=1).mark_down
2024-03-17T23:43:26.843 INFO:teuthology.orchestra.run.smithi073.stdout:/usr/bin/ceph: stderr
2024-03-17T23:43:26.259+0000 7f6fb0d92700 1 --2- 172.21.15.73:0/2621463835 >> [v2:172.21.15.73:6800/1863781377,v1:172.21.15.73:6801/1863781377] conn(0x7f6f98038ed0 0x7f6f9803b390 secure :-1 s=READY pgs=13 cs=0 l=1 rev1=1 crypto rx=0x7f6f94006fd0 tx=0x7f6f94006e40 comp rx=0 tx=0).stop
2024-03-17T23:43:26.843 INFO:teuthology.orchestra.run.smithi073.stdout:/usr/bin/ceph: stderr
2024-03-17T23:43:26.259+0000 7f6fb0d92700 1 -- 172.21.15.73:0/2621463835 >> [v2:172.21.15.73:3300/0,v1:172.21.15.73:6789/0] conn(0x7f6fac1063e0 msgr2=0x7f6fac19dc80 secure :-1 s=STATE_CONNECTION_ESTABLISHED l=1).mark_down
2024-03-17T23:43:26.843 INFO:teuthology.orchestra.run.smithi073.stdout:/usr/bin/ceph: stderr
2024-03-17T23:43:26.259+0000 7f6fb0d92700 1 --2- 172.21.15.73:0/2621463835 >> [v2:172.21.15.73:3300/0,v1:172.21.15.73:6789/0] conn(0x7f6fac1063e0 0x7f6fac19dc80 secure :-1 s=READY pgs=50 cs=0 l=1 rev1=1 crypto rx=0x7f6f9c011a20 tx=0x7f6f9c011b00 comp rx=0 tx=0).stop
2024-03-17T23:43:26.843 INFO:teuthology.orchestra.run.smithi073.stdout:/usr/bin/ceph: stderr
2024-03-17T23:43:26.259+0000 7f6fb0d92700 1 -- 172.21.15.73:0/2621463835 shutdown_connections
2024-03-17T23:43:26.843 INFO:teuthology.orchestra.run.smithi073.stdout:/usr/bin/ceph: stderr
2024-03-17T23:43:26.259+0000 7f6fb0d92700 1 --2- 172.21.15.73:0/2621463835 >> [v2:172.21.15.73:6800/1863781377,v1:172.21.15.73:6801/1863781377] conn(0x7f6f98038ed0 0x7f6f9803b390 unknown :-1 s=CLOSED pgs=13 cs=0 l=1 rev1=1 crypto rx=0 tx=0 comp rx=0 tx=0).stop
2024-03-17T23:43:26.843 INFO:teuthology.orchestra.run.smithi073.stdout:/usr/bin/ceph: stderr
2024-03-17T23:43:26.259+0000 7f6fb0d92700 1 --2- 172.21.15.73:0/2621463835 >> [v2:172.21.15.73:3300/0,v1:172.21.15.73:6789/0] conn(0x7f6fac1063e0 0x7f6fac19dc80 unknown :-1 s=CLOSED pgs=50 cs=0 l=1 rev1=1 crypto rx=0 tx=0 comp rx=0 tx=0).stop
2024-03-17T23:43:26.843 INFO:teuthology.orchestra.run.smithi073.stdout:/usr/bin/ceph: stderr
2024-03-17T23:43:26.259+0000 7f6fb0d92700 1 -- 172.21.15.73:0/2621463835 >> 172.21.15.73:0/2621463835 conn(0x7f6fac102040 msgr2=0x7f6fac1948a0 unknown :-1 s=STATE_NONE l=0).mark_down
2024-03-17T23:43:26.843 INFO:teuthology.orchestra.run.smithi073.stdout:/usr/bin/ceph: stderr
2024-03-17T23:43:26.259+0000 7f6fb0d92700 1 -- 172.21.15.73:0/2621463835 shutdown_connections
2024-03-17T23:43:26.843 INFO:teuthology.orchestra.run.smithi073.stdout:/usr/bin/ceph: stderr
2024-03-17T23:43:26.259+0000 7f6fb0d92700 1 -- 172.21.15.73:0/2621463835 wait complete.
2024-03-17T23:43:27.108 INFO:journalctl@ceph.mon.a.smithi073.stdout:Mar 17 23:43:26 smithi073 ceph-mon[32203]: from='mgr.14120 172.21.15.73:0/2624372759' entity='mgr.x'
2024-03-17T23:43:27.109 INFO:journalctl@ceph.mon.a.smithi073.stdout:Mar 17 23:43:26 smithi073 ceph-mon[32203]: from='mgr.14120 172.21.15.73:0/2624372759' entity='mgr.x'
2024-03-17T23:43:27.109 INFO:journalctl@ceph.mon.a.smithi073.stdout:Mar 17 23:43:26 smithi073 ceph-mon[32203]: from='mgr.14120 172.21.15.73:0/2624372759' entity='mgr.x'
2024-03-17T23:43:28.090 INFO:journalctl@ceph.mon.a.smithi073.stdout:Mar 17 23:43:27 smithi073 ceph-mon[32203]: from='client.14144 -' entity='client.admin' cmd=[{"prefix": "orch apply", "service_type": "mgr", "unmanaged": true, "target": ["mon-mgr", ""]}]: dispatch
2024-03-17T23:43:28.090 INFO:journalctl@ceph.mon.a.smithi073.stdout:Mar 17 23:43:27 smithi073 ceph-mon[32203]: Saving service mgr spec with placement count:2
2024-03-17T23:43:28.091 INFO:journalctl@ceph.mon.a.smithi073.stdout:Mar 17 23:43:27 smithi073 ceph-mon[32203]: from='client.? 172.21.15.73:0/3753653945' entity='client.admin'
2024-03-17T23:43:28.549 INFO:teuthology.orchestra.run.smithi073.stdout:/usr/bin/ceph: stderr
2024-03-17T23:43:27.214+0000 7fe7253df700 1 Processor -- start
2024-03-17T23:43:28.550 INFO:teuthology.orchestra.run.smithi073.stdout:/usr/bin/ceph: stderr
2024-03-17T23:43:27.214+0000 7fe7253df700 1 -- start start
2024-03-17T23:43:28.550 INFO:teuthology.orchestra.run.smithi073.stdout:/usr/bin/ceph: stderr
2024-03-17T23:43:27.214+0000 7fe7253df700 1 --2- >> [v2:172.21.15.73:3300/0,v1:172.21.15.73:6789/0] conn(0x7fe720107880 0x7fe720107ca0 unknown :-1 s=NONE pgs=0 cs=0 l=0 rev1=0 crypto rx=0 tx=0 comp rx=0 tx=0).connect
2024-03-17T23:43:28.550 INFO:teuthology.orchestra.run.smithi073.stdout:/usr/bin/ceph: stderr
2024-03-17T23:43:27.214+0000 7fe7253df700 1 -- --> [v2:172.21.15.73:3300/0,v1:172.21.15.73:6789/0] -- mon_getmap magic: 0 -- 0x7fe720105dc0 con 0x7fe720107880
2024-03-17T23:43:28.550 INFO:teuthology.orchestra.run.smithi073.stdout:/usr/bin/ceph: stderr
2024-03-17T23:43:27.215+0000 7fe71effd700 1 --2- >> [v2:172.21.15.73:3300/0,v1:172.21.15.73:6789/0] conn(0x7fe720107880 0x7fe720107ca0 unknown :-1 s=BANNER_CONNECTING pgs=0 cs=0 l=0 rev1=0 crypto rx=0 tx=0 comp rx=0 tx=0)._handle_peer_banner_payload supported=3 required=0
2024-03-17T23:43:28.550 INFO:teuthology.orchestra.run.smithi073.stdout:/usr/bin/ceph: stderr
2024-03-17T23:43:27.215+0000 7fe71effd700 1 --2- >> [v2:172.21.15.73:3300/0,v1:172.21.15.73:6789/0] conn(0x7fe720107880 0x7fe720107ca0 unknown :-1 s=HELLO_CONNECTING pgs=0 cs=0 l=0 rev1=1 crypto rx=0 tx=0 comp rx=0 tx=0).handle_hello peer v2:172.21.15.73:3300/0 says I am v2:172.21.15.73:52128/0 (socket says 172.21.15.73:52128)
2024-03-17T23:43:28.550 INFO:teuthology.orchestra.run.smithi073.stdout:/usr/bin/ceph: stderr
2024-03-17T23:43:27.215+0000 7fe71effd700 1 -- 172.21.15.73:0/4036875086 learned_addr learned my addr 172.21.15.73:0/4036875086 (peer_addr_for_me v2:172.21.15.73:0/0)
2024-03-17T23:43:28.550 INFO:teuthology.orchestra.run.smithi073.stdout:/usr/bin/ceph: stderr
2024-03-17T23:43:27.215+0000 7fe71effd700 1 -- 172.21.15.73:0/4036875086 --> [v2:172.21.15.73:3300/0,v1:172.21.15.73:6789/0] -- mon_subscribe({config=0+,monmap=0+}) -- 0x7fe720105f40 con 0x7fe720107880
2024-03-17T23:43:28.550 INFO:teuthology.orchestra.run.smithi073.stdout:/usr/bin/ceph: stderr
2024-03-17T23:43:27.215+0000 7fe71effd700 1 --2- 172.21.15.73:0/4036875086 >> [v2:172.21.15.73:3300/0,v1:172.21.15.73:6789/0] conn(0x7fe720107880 0x7fe720107ca0 secure :-1 s=READY pgs=51 cs=0 l=1 rev1=1 crypto rx=0x7fe71000bb40 tx=0x7fe71000be50 comp rx=0 tx=0).ready entity=mon.0 client_cookie=d1a41aaf931aecc2 server_cookie=0 in_seq=0 out_seq=0
2024-03-17T23:43:28.550 INFO:teuthology.orchestra.run.smithi073.stdout:/usr/bin/ceph: stderr
2024-03-17T23:43:27.215+0000 7fe71dffb700 1 -- 172.21.15.73:0/4036875086 <== mon.0 v2:172.21.15.73:3300/0 1 ==== mon_map magic: 0 ==== 205+0+0 (secure 0 0 0) 0x7fe71000dad0 con 0x7fe720107880
2024-03-17T23:43:28.550 INFO:teuthology.orchestra.run.smithi073.stdout:/usr/bin/ceph: stderr
2024-03-17T23:43:27.215+0000 7fe71dffb700 1 -- 172.21.15.73:0/4036875086 <== mon.0 v2:172.21.15.73:3300/0 2 ==== config(26 keys) ==== 1102+0+0 (secure 0 0 0) 0x7fe7100044e0 con 0x7fe720107880
2024-03-17T23:43:28.551 INFO:teuthology.orchestra.run.smithi073.stdout:/usr/bin/ceph: stderr
2024-03-17T23:43:27.216+0000 7fe71dffb700 1 -- 172.21.15.73:0/4036875086 <== mon.0 v2:172.21.15.73:3300/0 3 ==== mon_map magic: 0 ==== 205+0+0 (secure 0 0 0) 0x7fe710003da0 con 0x7fe720107880
2024-03-17T23:43:28.551 INFO:teuthology.orchestra.run.smithi073.stdout:/usr/bin/ceph: stderr
2024-03-17T23:43:27.216+0000 7fe7253df700 1 -- 172.21.15.73:0/4036875086 >> [v2:172.21.15.73:3300/0,v1:172.21.15.73:6789/0] conn(0x7fe720107880 msgr2=0x7fe720107ca0 secure :-1 s=STATE_CONNECTION_ESTABLISHED l=1).mark_down
2024-03-17T23:43:28.551 INFO:teuthology.orchestra.run.smithi073.stdout:/usr/bin/ceph: stderr
2024-03-17T23:43:27.216+0000 7fe7253df700 1 --2- 172.21.15.73:0/4036875086 >> [v2:172.21.15.73:3300/0,v1:172.21.15.73:6789/0] conn(0x7fe720107880 0x7fe720107ca0 secure :-1 s=READY pgs=51 cs=0 l=1 rev1=1 crypto rx=0x7fe71000bb40 tx=0x7fe71000be50 comp rx=0 tx=0).stop
2024-03-17T23:43:28.551 INFO:teuthology.orchestra.run.smithi073.stdout:/usr/bin/ceph: stderr
2024-03-17T23:43:27.216+0000 7fe7253df700 1 -- 172.21.15.73:0/4036875086 shutdown_connections
2024-03-17T23:43:28.551 INFO:teuthology.orchestra.run.smithi073.stdout:/usr/bin/ceph: stderr
2024-03-17T23:43:27.216+0000 7fe7253df700 1 --2- 172.21.15.73:0/4036875086 >> [v2:172.21.15.73:3300/0,v1:172.21.15.73:6789/0] conn(0x7fe720107880 0x7fe720107ca0 unknown :-1 s=CLOSED pgs=51 cs=0 l=1 rev1=1 crypto rx=0 tx=0 comp rx=0 tx=0).stop
2024-03-17T23:43:28.551 INFO:teuthology.orchestra.run.smithi073.stdout:/usr/bin/ceph: stderr
2024-03-17T23:43:27.216+0000 7fe7253df700 1 -- 172.21.15.73:0/4036875086 >> 172.21.15.73:0/4036875086 conn(0x7fe7201017c0 msgr2=0x7fe720103be0 unknown :-1 s=STATE_NONE l=0).mark_down
2024-03-17T23:43:28.551 INFO:teuthology.orchestra.run.smithi073.stdout:/usr/bin/ceph: stderr
2024-03-17T23:43:27.216+0000 7fe7253df700 1 -- 172.21.15.73:0/4036875086 shutdown_connections
2024-03-17T23:43:28.551 INFO:teuthology.orchestra.run.smithi073.stdout:/usr/bin/ceph: stderr
2024-03-17T23:43:27.216+0000 7fe7253df700 1 -- 172.21.15.73:0/4036875086 wait complete.
2024-03-17T23:43:28.551 INFO:teuthology.orchestra.run.smithi073.stdout:/usr/bin/ceph: stderr
2024-03-17T23:43:27.217+0000 7fe7253df700 1 Processor -- start
2024-03-17T23:43:28.551 INFO:teuthology.orchestra.run.smithi073.stdout:/usr/bin/ceph: stderr
2024-03-17T23:43:27.217+0000 7fe7253df700 1 -- start start
2024-03-17T23:43:28.551 INFO:teuthology.orchestra.run.smithi073.stdout:/usr/bin/ceph: stderr
2024-03-17T23:43:27.217+0000 7fe7253df700 1 --2- >> [v2:172.21.15.73:3300/0,v1:172.21.15.73:6789/0] conn(0x7fe720107880 0x7fe720199990 unknown :-1 s=NONE pgs=0 cs=0 l=1 rev1=0 crypto rx=0 tx=0 comp rx=0 tx=0).connect
2024-03-17T23:43:28.551 INFO:teuthology.orchestra.run.smithi073.stdout:/usr/bin/ceph: stderr
2024-03-17T23:43:27.217+0000 7fe7253df700 1 -- --> [v2:172.21.15.73:3300/0,v1:172.21.15.73:6789/0] -- mon_getmap magic: 0 -- 0x7fe720106650 con 0x7fe720107880
2024-03-17T23:43:28.551 INFO:teuthology.orchestra.run.smithi073.stdout:/usr/bin/ceph: stderr
2024-03-17T23:43:27.217+0000 7fe71effd700 1 --2- >> [v2:172.21.15.73:3300/0,v1:172.21.15.73:6789/0] conn(0x7fe720107880 0x7fe720199990 unknown :-1 s=BANNER_CONNECTING pgs=0 cs=0 l=1 rev1=0 crypto rx=0 tx=0 comp rx=0 tx=0)._handle_peer_banner_payload supported=3 required=0
2024-03-17T23:43:28.552 INFO:teuthology.orchestra.run.smithi073.stdout:/usr/bin/ceph: stderr
2024-03-17T23:43:27.217+0000 7fe71effd700 1 --2- >> [v2:172.21.15.73:3300/0,v1:172.21.15.73:6789/0] conn(0x7fe720107880 0x7fe720199990 unknown :-1 s=HELLO_CONNECTING pgs=0 cs=0 l=1 rev1=1 crypto rx=0 tx=0 comp rx=0 tx=0).handle_hello peer v2:172.21.15.73:3300/0 says I am v2:172.21.15.73:52144/0 (socket says 172.21.15.73:52144)
2024-03-17T23:43:28.552 INFO:teuthology.orchestra.run.smithi073.stdout:/usr/bin/ceph: stderr
2024-03-17T23:43:27.217+0000 7fe71effd700 1 -- 172.21.15.73:0/3753653945 learned_addr learned my addr 172.21.15.73:0/3753653945 (peer_addr_for_me v2:172.21.15.73:0/0)
2024-03-17T23:43:28.552 INFO:teuthology.orchestra.run.smithi073.stdout:/usr/bin/ceph: stderr
2024-03-17T23:43:27.218+0000 7fe71effd700 1 -- 172.21.15.73:0/3753653945 --> [v2:172.21.15.73:3300/0,v1:172.21.15.73:6789/0] -- mon_subscribe({config=0+,monmap=0+}) -- 0x7fe720199ed0 con 0x7fe720107880
2024-03-17T23:43:28.552 INFO:teuthology.orchestra.run.smithi073.stdout:/usr/bin/ceph: stderr
2024-03-17T23:43:27.218+0000 7fe71effd700 1 --2- 172.21.15.73:0/3753653945 >> [v2:172.21.15.73:3300/0,v1:172.21.15.73:6789/0] conn(0x7fe720107880 0x7fe720199990 secure :-1 s=READY pgs=52 cs=0 l=1 rev1=1 crypto rx=0x7fe7100039a0 tx=0x7fe710003ef0 comp rx=0 tx=0).ready entity=mon.0 client_cookie=0 server_cookie=0 in_seq=0 out_seq=0
2024-03-17T23:43:28.552 INFO:teuthology.orchestra.run.smithi073.stdout:/usr/bin/ceph: stderr
2024-03-17T23:43:27.218+0000 7fe707fff700 1 -- 172.21.15.73:0/3753653945 <== mon.0 v2:172.21.15.73:3300/0 1 ==== mon_map magic: 0 ==== 205+0+0 (secure 0 0 0) 0x7fe7100174b0 con 0x7fe720107880
2024-03-17T23:43:28.552 INFO:teuthology.orchestra.run.smithi073.stdout:/usr/bin/ceph: stderr
2024-03-17T23:43:27.218+0000 7fe707fff700 1 -- 172.21.15.73:0/3753653945 <== mon.0 v2:172.21.15.73:3300/0 2 ==== config(26 keys) ==== 1102+0+0 (secure 0 0 0) 0x7fe710017b00 con 0x7fe720107880
2024-03-17T23:43:28.552 INFO:teuthology.orchestra.run.smithi073.stdout:/usr/bin/ceph: stderr
2024-03-17T23:43:27.218+0000 7fe7253df700 1 -- 172.21.15.73:0/3753653945 --> [v2:172.21.15.73:3300/0,v1:172.21.15.73:6789/0] -- mon_subscribe({mgrmap=0+}) -- 0x7fe72019a160 con 0x7fe720107880
2024-03-17T23:43:28.552 INFO:teuthology.orchestra.run.smithi073.stdout:/usr/bin/ceph: stderr
2024-03-17T23:43:27.218+0000 7fe7253df700 1 -- 172.21.15.73:0/3753653945 --> [v2:172.21.15.73:3300/0,v1:172.21.15.73:6789/0] -- mon_subscribe({osdmap=0}) -- 0x7fe72019ce50 con 0x7fe720107880
2024-03-17T23:43:28.552 INFO:teuthology.orchestra.run.smithi073.stdout:/usr/bin/ceph: stderr
2024-03-17T23:43:27.218+0000 7fe707fff700 1 -- 172.21.15.73:0/3753653945 <== mon.0 v2:172.21.15.73:3300/0 3 ==== mon_map magic: 0 ==== 205+0+0 (secure 0 0 0) 0x7fe710021a30 con 0x7fe720107880
2024-03-17T23:43:28.552 INFO:teuthology.orchestra.run.smithi073.stdout:/usr/bin/ceph: stderr
2024-03-17T23:43:27.219+0000 7fe707fff700 1 -- 172.21.15.73:0/3753653945 <== mon.0 v2:172.21.15.73:3300/0 4 ==== mgrmap(e 8) ==== 46106+0+0 (secure 0 0 0) 0x7fe710021ca0 con 0x7fe720107880
2024-03-17T23:43:28.552 INFO:teuthology.orchestra.run.smithi073.stdout:/usr/bin/ceph: stderr
2024-03-17T23:43:27.220+0000 7fe707fff700 1 --2- 172.21.15.73:0/3753653945 >> [v2:172.21.15.73:6800/1863781377,v1:172.21.15.73:6801/1863781377] conn(0x7fe708038f70 0x7fe70803b430 unknown :-1 s=NONE pgs=0 cs=0 l=1 rev1=0 crypto rx=0 tx=0 comp rx=0 tx=0).connect
2024-03-17T23:43:28.552 INFO:teuthology.orchestra.run.smithi073.stdout:/usr/bin/ceph: stderr
2024-03-17T23:43:27.220+0000 7fe7253df700 1 -- 172.21.15.73:0/3753653945 --> [v2:172.21.15.73:3300/0,v1:172.21.15.73:6789/0] -- mon_command({"prefix": "get_command_descriptions"} v 0) -- 0x7fe720063900 con 0x7fe720107880
2024-03-17T23:43:28.553 INFO:teuthology.orchestra.run.smithi073.stdout:/usr/bin/ceph: stderr
2024-03-17T23:43:27.220+0000 7fe707fff700 1 -- 172.21.15.73:0/3753653945 <== mon.0 v2:172.21.15.73:3300/0 5 ==== osd_map(2..2 src has 1..2) ==== 940+0+0 (secure 0 0 0) 0x7fe71004faf0 con 0x7fe720107880
2024-03-17T23:43:28.553 INFO:teuthology.orchestra.run.smithi073.stdout:/usr/bin/ceph: stderr
2024-03-17T23:43:27.220+0000 7fe71e7fc700 1 --2- 172.21.15.73:0/3753653945 >> [v2:172.21.15.73:6800/1863781377,v1:172.21.15.73:6801/1863781377] conn(0x7fe708038f70 0x7fe70803b430 unknown :-1 s=BANNER_CONNECTING pgs=0 cs=0 l=1 rev1=0 crypto rx=0 tx=0 comp rx=0 tx=0)._handle_peer_banner_payload supported=3 required=0
2024-03-17T23:43:28.553 INFO:teuthology.orchestra.run.smithi073.stdout:/usr/bin/ceph: stderr
2024-03-17T23:43:27.220+0000 7fe71e7fc700 1 --2- 172.21.15.73:0/3753653945 >> [v2:172.21.15.73:6800/1863781377,v1:172.21.15.73:6801/1863781377] conn(0x7fe708038f70 0x7fe70803b430 secure :-1 s=READY pgs=14 cs=0 l=1 rev1=1 crypto rx=0x7fe714006fd0 tx=0x7fe714006e40 comp rx=0 tx=0).ready entity=mgr.14120 client_cookie=0 server_cookie=0 in_seq=0 out_seq=0
2024-03-17T23:43:28.553 INFO:teuthology.orchestra.run.smithi073.stdout:/usr/bin/ceph: stderr
2024-03-17T23:43:27.225+0000 7fe707fff700 1 -- 172.21.15.73:0/3753653945 <== mon.0 v2:172.21.15.73:3300/0 6 ==== mon_command_ack([{"prefix": "get_command_descriptions"}]=0 v0) ==== 72+0+186149 (secure 0 0 0) 0x7fe710012070 con 0x7fe720107880
2024-03-17T23:43:28.553 INFO:teuthology.orchestra.run.smithi073.stdout:/usr/bin/ceph: stderr
2024-03-17T23:43:27.442+0000 7fe7253df700 1 -- 172.21.15.73:0/3753653945 --> [v2:172.21.15.73:3300/0,v1:172.21.15.73:6789/0] -- mon_command([{prefix=config set, name=mgr/cephadm/container_init}] v 0) -- 0x7fe72002dd30 con 0x7fe720107880
2024-03-17T23:43:28.553 INFO:teuthology.orchestra.run.smithi073.stdout:/usr/bin/ceph: stderr
2024-03-17T23:43:27.445+0000 7fe707fff700 1 -- 172.21.15.73:0/3753653945 <== mon.0 v2:172.21.15.73:3300/0 7 ==== mon_command_ack([{prefix=config set, name=mgr/cephadm/container_init}]=0 v7)=0 v7) ==== 142+0+0 (secure 0 0 0) 0x7fe710021400 con 0x7fe720107880
2024-03-17T23:43:28.553 INFO:teuthology.orchestra.run.smithi073.stdout:/usr/bin/ceph: stderr
2024-03-17T23:43:27.447+0000 7fe7253df700 1 -- 172.21.15.73:0/3753653945 >> [v2:172.21.15.73:6800/1863781377,v1:172.21.15.73:6801/1863781377] conn(0x7fe708038f70 msgr2=0x7fe70803b430 secure :-1 s=STATE_CONNECTION_ESTABLISHED l=1).mark_down
2024-03-17T23:43:28.553 INFO:teuthology.orchestra.run.smithi073.stdout:/usr/bin/ceph: stderr
2024-03-17T23:43:27.447+0000 7fe7253df700 1 --2- 172.21.15.73:0/3753653945 >> [v2:172.21.15.73:6800/1863781377,v1:172.21.15.73:6801/1863781377] conn(0x7fe708038f70 0x7fe70803b430 secure :-1 s=READY pgs=14 cs=0 l=1 rev1=1 crypto rx=0x7fe714006fd0 tx=0x7fe714006e40 comp rx=0 tx=0).stop
2024-03-17T23:43:28.553 INFO:teuthology.orchestra.run.smithi073.stdout:/usr/bin/ceph: stderr
2024-03-17T23:43:27.447+0000 7fe7253df700 1 -- 172.21.15.73:0/3753653945 >> [v2:172.21.15.73:3300/0,v1:172.21.15.73:6789/0] conn(0x7fe720107880 msgr2=0x7fe720199990 secure :-1 s=STATE_CONNECTION_ESTABLISHED l=1).mark_down
2024-03-17T23:43:28.553 INFO:teuthology.orchestra.run.smithi073.stdout:/usr/bin/ceph: stderr
2024-03-17T23:43:27.447+0000 7fe7253df700 1 --2- 172.21.15.73:0/3753653945 >> [v2:172.21.15.73:3300/0,v1:172.21.15.73:6789/0] conn(0x7fe720107880 0x7fe720199990 secure :-1 s=READY pgs=52 cs=0 l=1 rev1=1 crypto rx=0x7fe7100039a0 tx=0x7fe710003ef0 comp rx=0 tx=0).stop
2024-03-17T23:43:28.553 INFO:teuthology.orchestra.run.smithi073.stdout:/usr/bin/ceph: stderr
2024-03-17T23:43:27.447+0000 7fe7253df700 1 -- 172.21.15.73:0/3753653945 shutdown_connections
2024-03-17T23:43:28.553 INFO:teuthology.orchestra.run.smithi073.stdout:/usr/bin/ceph: stderr
2024-03-17T23:43:27.447+0000 7fe7253df700 1 --2- 172.21.15.73:0/3753653945 >> [v2:172.21.15.73:6800/1863781377,v1:172.21.15.73:6801/1863781377] conn(0x7fe708038f70 0x7fe70803b430 unknown :-1 s=CLOSED pgs=14 cs=0 l=1 rev1=1 crypto rx=0 tx=0 comp rx=0 tx=0).stop
2024-03-17T23:43:28.553 INFO:teuthology.orchestra.run.smithi073.stdout:/usr/bin/ceph: stderr
2024-03-17T23:43:27.447+0000 7fe7253df700 1 --2- 172.21.15.73:0/3753653945 >> [v2:172.21.15.73:3300/0,v1:172.21.15.73:6789/0] conn(0x7fe720107880 0x7fe720199990 unknown :-1 s=CLOSED pgs=52 cs=0 l=1 rev1=1 crypto rx=0 tx=0 comp rx=0 tx=0).stop
2024-03-17T23:43:28.553 INFO:teuthology.orchestra.run.smithi073.stdout:/usr/bin/ceph: stderr
2024-03-17T23:43:27.447+0000 7fe7253df700 1 -- 172.21.15.73:0/3753653945 >> 172.21.15.73:0/3753653945 conn(0x7fe7201017c0 msgr2=0x7fe7201905f0 unknown :-1 s=STATE_NONE l=0).mark_down
2024-03-17T23:43:28.554 INFO:teuthology.orchestra.run.smithi073.stdout:/usr/bin/ceph: stderr
2024-03-17T23:43:27.447+0000 7fe7253df700 1 -- 172.21.15.73:0/3753653945 shutdown_connections
2024-03-17T23:43:28.554 INFO:teuthology.orchestra.run.smithi073.stdout:/usr/bin/ceph: stderr
2024-03-17T23:43:27.448+0000 7fe7253df700 1 -- 172.21.15.73:0/3753653945 wait complete.
2024-03-17T23:43:29.208 INFO:journalctl@ceph.mon.a.smithi073.stdout:Mar 17 23:43:29 smithi073 ceph-mon[32203]: from='mgr.14120 172.21.15.73:0/2624372759' entity='mgr.x'
2024-03-17T23:43:29.923 INFO:teuthology.orchestra.run.smithi073.stdout:/usr/bin/ceph: stderr
2024-03-17T23:43:28.996+0000 7f4a6bb90700 1 Processor -- start
2024-03-17T23:43:29.923 INFO:teuthology.orchestra.run.smithi073.stdout:/usr/bin/ceph: stderr
2024-03-17T23:43:28.996+0000 7f4a6bb90700 1 -- start start
2024-03-17T23:43:29.923 INFO:teuthology.orchestra.run.smithi073.stdout:/usr/bin/ceph: stderr
2024-03-17T23:43:28.996+0000 7f4a6bb90700 1 --2- >> [v2:172.21.15.73:3300/0,v1:172.21.15.73:6789/0] conn(0x7f4a64107b50 0x7f4a64107f70 unknown :-1 s=NONE pgs=0 cs=0 l=0 rev1=0 crypto rx=0 tx=0 comp rx=0 tx=0).connect
2024-03-17T23:43:29.923 INFO:teuthology.orchestra.run.smithi073.stdout:/usr/bin/ceph: stderr
2024-03-17T23:43:28.996+0000 7f4a6bb90700 1 -- --> [v2:172.21.15.73:3300/0,v1:172.21.15.73:6789/0] -- mon_getmap magic: 0 -- 0x7f4a64108540 con 0x7f4a64107b50
2024-03-17T23:43:29.923 INFO:teuthology.orchestra.run.smithi073.stdout:/usr/bin/ceph: stderr
2024-03-17T23:43:28.996+0000 7f4a6992c700 1 --2- >> [v2:172.21.15.73:3300/0,v1:172.21.15.73:6789/0] conn(0x7f4a64107b50 0x7f4a64107f70 unknown :-1 s=BANNER_CONNECTING pgs=0 cs=0 l=0 rev1=0 crypto rx=0 tx=0 comp rx=0 tx=0)._handle_peer_banner_payload supported=3 required=0
2024-03-17T23:43:29.923 INFO:teuthology.orchestra.run.smithi073.stdout:/usr/bin/ceph: stderr
2024-03-17T23:43:28.996+0000 7f4a6992c700 1 --2- >> [v2:172.21.15.73:3300/0,v1:172.21.15.73:6789/0] conn(0x7f4a64107b50 0x7f4a64107f70 unknown :-1 s=HELLO_CONNECTING pgs=0 cs=0 l=0 rev1=1 crypto rx=0 tx=0 comp rx=0 tx=0).handle_hello peer v2:172.21.15.73:3300/0 says I am v2:172.21.15.73:43202/0 (socket says 172.21.15.73:43202)
2024-03-17T23:43:29.924 INFO:teuthology.orchestra.run.smithi073.stdout:/usr/bin/ceph: stderr
2024-03-17T23:43:28.996+0000 7f4a6992c700 1 -- 172.21.15.73:0/3598211071 learned_addr learned my addr 172.21.15.73:0/3598211071 (peer_addr_for_me v2:172.21.15.73:0/0)
2024-03-17T23:43:29.924 INFO:teuthology.orchestra.run.smithi073.stdout:/usr/bin/ceph: stderr
2024-03-17T23:43:28.997+0000 7f4a6992c700 1 -- 172.21.15.73:0/3598211071 --> [v2:172.21.15.73:3300/0,v1:172.21.15.73:6789/0] -- mon_subscribe({config=0+,monmap=0+}) -- 0x7f4a64108d50 con 0x7f4a64107b50
2024-03-17T23:43:29.924 INFO:teuthology.orchestra.run.smithi073.stdout:/usr/bin/ceph: stderr
2024-03-17T23:43:28.997+0000 7f4a6992c700 1 --2- 172.21.15.73:0/3598211071 >> [v2:172.21.15.73:3300/0,v1:172.21.15.73:6789/0] conn(0x7f4a64107b50 0x7f4a64107f70 secure :-1 s=READY pgs=53 cs=0 l=1 rev1=1 crypto rx=0x7f4a600098a0 tx=0x7f4a60009bb0 comp rx=0 tx=0).ready entity=mon.0 client_cookie=baa1feb0d82afecb server_cookie=0 in_seq=0 out_seq=0
2024-03-17T23:43:29.924 INFO:teuthology.orchestra.run.smithi073.stdout:/usr/bin/ceph: stderr
2024-03-17T23:43:28.997+0000 7f4a6892a700 1 -- 172.21.15.73:0/3598211071 <== mon.0 v2:172.21.15.73:3300/0 1 ==== mon_map magic: 0 ==== 205+0+0 (secure 0 0 0) 0x7f4a60004160 con 0x7f4a64107b50
2024-03-17T23:43:29.924 INFO:teuthology.orchestra.run.smithi073.stdout:/usr/bin/ceph: stderr
2024-03-17T23:43:28.997+0000 7f4a6892a700 1 -- 172.21.15.73:0/3598211071 <== mon.0 v2:172.21.15.73:3300/0 2 ==== config(26 keys) ==== 1102+0+0 (secure 0 0 0) 0x7f4a60004300 con 0x7f4a64107b50
2024-03-17T23:43:29.924 INFO:teuthology.orchestra.run.smithi073.stdout:/usr/bin/ceph: stderr
2024-03-17T23:43:28.997+0000 7f4a6892a700 1 -- 172.21.15.73:0/3598211071 <== mon.0 v2:172.21.15.73:3300/0 3 ==== mon_map magic: 0 ==== 205+0+0 (secure 0 0 0) 0x7f4a60011a50 con 0x7f4a64107b50
2024-03-17T23:43:29.924 INFO:teuthology.orchestra.run.smithi073.stdout:/usr/bin/ceph: stderr
2024-03-17T23:43:28.998+0000 7f4a6bb90700 1 -- 172.21.15.73:0/3598211071 >> [v2:172.21.15.73:3300/0,v1:172.21.15.73:6789/0] conn(0x7f4a64107b50 msgr2=0x7f4a64107f70 secure :-1 s=STATE_CONNECTION_ESTABLISHED l=1).mark_down
2024-03-17T23:43:29.924 INFO:teuthology.orchestra.run.smithi073.stdout:/usr/bin/ceph: stderr
2024-03-17T23:43:28.998+0000 7f4a6bb90700 1 --2- 172.21.15.73:0/3598211071 >> [v2:172.21.15.73:3300/0,v1:172.21.15.73:6789/0] conn(0x7f4a64107b50 0x7f4a64107f70 secure :-1 s=READY pgs=53 cs=0 l=1 rev1=1 crypto rx=0x7f4a600098a0 tx=0x7f4a60009bb0 comp rx=0 tx=0).stop
2024-03-17T23:43:29.924 INFO:teuthology.orchestra.run.smithi073.stdout:/usr/bin/ceph: stderr
2024-03-17T23:43:28.998+0000 7f4a6bb90700 1 -- 172.21.15.73:0/3598211071 shutdown_connections
2024-03-17T23:43:29.924 INFO:teuthology.orchestra.run.smithi073.stdout:/usr/bin/ceph: stderr
2024-03-17T23:43:28.998+0000 7f4a6bb90700 1 --2- 172.21.15.73:0/3598211071 >> [v2:172.21.15.73:3300/0,v1:172.21.15.73:6789/0] conn(0x7f4a64107b50 0x7f4a64107f70 unknown :-1 s=CLOSED pgs=53 cs=0 l=1 rev1=1 crypto rx=0 tx=0 comp rx=0 tx=0).stop
2024-03-17T23:43:29.924 INFO:teuthology.orchestra.run.smithi073.stdout:/usr/bin/ceph: stderr
2024-03-17T23:43:28.998+0000 7f4a6bb90700 1 -- 172.21.15.73:0/3598211071 >> 172.21.15.73:0/3598211071 conn(0x7f4a64103150 msgr2=0x7f4a64105570 unknown :-1 s=STATE_NONE l=0).mark_down
2024-03-17T23:43:29.924 INFO:teuthology.orchestra.run.smithi073.stdout:/usr/bin/ceph: stderr
2024-03-17T23:43:28.998+0000 7f4a6bb90700 1 -- 172.21.15.73:0/3598211071 shutdown_connections
2024-03-17T23:43:29.924 INFO:teuthology.orchestra.run.smithi073.stdout:/usr/bin/ceph: stderr
2024-03-17T23:43:28.998+0000 7f4a6bb90700 1 -- 172.21.15.73:0/3598211071 wait complete.
2024-03-17T23:43:29.924 INFO:teuthology.orchestra.run.smithi073.stdout:/usr/bin/ceph: stderr
2024-03-17T23:43:28.998+0000 7f4a6bb90700 1 Processor -- start
2024-03-17T23:43:29.925 INFO:teuthology.orchestra.run.smithi073.stdout:/usr/bin/ceph: stderr
2024-03-17T23:43:28.998+0000 7f4a6bb90700 1 -- start start
2024-03-17T23:43:29.925 INFO:teuthology.orchestra.run.smithi073.stdout:/usr/bin/ceph: stderr
2024-03-17T23:43:28.999+0000 7f4a6bb90700 1 --2- >> [v2:172.21.15.73:3300/0,v1:172.21.15.73:6789/0] conn(0x7f4a64107b50 0x7f4a6419baa0 unknown :-1 s=NONE pgs=0 cs=0 l=1 rev1=0 crypto rx=0 tx=0 comp rx=0 tx=0).connect
2024-03-17T23:43:29.925 INFO:teuthology.orchestra.run.smithi073.stdout:/usr/bin/ceph: stderr
2024-03-17T23:43:28.999+0000 7f4a6bb90700 1 -- --> [v2:172.21.15.73:3300/0,v1:172.21.15.73:6789/0] -- mon_getmap magic: 0 -- 0x7f4a6410c100 con 0x7f4a64107b50
2024-03-17T23:43:29.925 INFO:teuthology.orchestra.run.smithi073.stdout:/usr/bin/ceph: stderr
2024-03-17T23:43:28.999+0000 7f4a6992c700 1 --2- >> [v2:172.21.15.73:3300/0,v1:172.21.15.73:6789/0] conn(0x7f4a64107b50 0x7f4a6419baa0 unknown :-1 s=BANNER_CONNECTING pgs=0 cs=0 l=1 rev1=0 crypto rx=0 tx=0 comp rx=0 tx=0)._handle_peer_banner_payload supported=3 required=0
2024-03-17T23:43:29.925 INFO:teuthology.orchestra.run.smithi073.stdout:/usr/bin/ceph: stderr
