2024-03-17T23:53:45.602+0000 7f6180f4b700 1 -- 172.21.15.23:0/2417337110 >> 172.21.15.23:0/2417337110 conn(0x7f617c100040 msgr2=0x7f617c1024a0 unknown :-1 s=STATE_NONE l=0).mark_down
2024-03-17T23:53:46.474 INFO:teuthology.orchestra.run.smithi023.stdout:/usr/bin/ceph: stderr
2024-03-17T23:53:45.602+0000 7f6180f4b700 1 -- 172.21.15.23:0/2417337110 shutdown_connections
2024-03-17T23:53:46.474 INFO:teuthology.orchestra.run.smithi023.stdout:/usr/bin/ceph: stderr
2024-03-17T23:53:45.602+0000 7f6180f4b700 1 -- 172.21.15.23:0/2417337110 wait complete.
2024-03-17T23:53:46.474 INFO:teuthology.orchestra.run.smithi023.stdout:/usr/bin/ceph: stderr
2024-03-17T23:53:45.603+0000 7f6180f4b700 1 Processor -- start
2024-03-17T23:53:46.474 INFO:teuthology.orchestra.run.smithi023.stdout:/usr/bin/ceph: stderr
2024-03-17T23:53:45.603+0000 7f6180f4b700 1 -- start start
2024-03-17T23:53:46.474 INFO:teuthology.orchestra.run.smithi023.stdout:/usr/bin/ceph: stderr
2024-03-17T23:53:45.603+0000 7f6180f4b700 1 --2- >> [v2:172.21.15.23:3300/0,v1:172.21.15.23:6789/0] conn(0x7f617c104730 0x7f617c107020 unknown :-1 s=NONE pgs=0 cs=0 l=1 rev1=0 crypto rx=0 tx=0 comp rx=0 tx=0).connect
2024-03-17T23:53:46.474 INFO:teuthology.orchestra.run.smithi023.stdout:/usr/bin/ceph: stderr
2024-03-17T23:53:45.603+0000 7f6180f4b700 1 -- --> [v2:172.21.15.23:3300/0,v1:172.21.15.23:6789/0] -- mon_getmap magic: 0 v1 -- 0x7f617c107560 con 0x7f617c104730
2024-03-17T23:53:46.474 INFO:teuthology.orchestra.run.smithi023.stdout:/usr/bin/ceph: stderr
2024-03-17T23:53:45.603+0000 7f617a59c700 1 --2- >> [v2:172.21.15.23:3300/0,v1:172.21.15.23:6789/0] conn(0x7f617c104730 0x7f617c107020 unknown :-1 s=BANNER_CONNECTING pgs=0 cs=0 l=1 rev1=0 crypto rx=0 tx=0 comp rx=0 tx=0)._handle_peer_banner_payload supported=3 required=0
2024-03-17T23:53:46.474 INFO:teuthology.orchestra.run.smithi023.stdout:/usr/bin/ceph: stderr
2024-03-17T23:53:45.603+0000 7f617a59c700 1 --2- >> [v2:172.21.15.23:3300/0,v1:172.21.15.23:6789/0] conn(0x7f617c104730 0x7f617c107020 unknown :-1 s=HELLO_CONNECTING pgs=0 cs=0 l=1 rev1=1 crypto rx=0 tx=0 comp rx=0 tx=0).handle_hello peer v2:172.21.15.23:3300/0 says I am v2:172.21.15.23:36894/0 (socket says 172.21.15.23:36894)
2024-03-17T23:53:46.474 INFO:teuthology.orchestra.run.smithi023.stdout:/usr/bin/ceph: stderr
2024-03-17T23:53:45.603+0000 7f617a59c700 1 -- 172.21.15.23:0/3315504163 learned_addr learned my addr 172.21.15.23:0/3315504163 (peer_addr_for_me v2:172.21.15.23:0/0)
2024-03-17T23:53:46.474 INFO:teuthology.orchestra.run.smithi023.stdout:/usr/bin/ceph: stderr
2024-03-17T23:53:45.603+0000 7f617a59c700 1 -- 172.21.15.23:0/3315504163 --> [v2:172.21.15.23:3300/0,v1:172.21.15.23:6789/0] -- mon_subscribe({config=0+,monmap=0+}) v3 -- 0x7f616c009b30 con 0x7f617c104730
2024-03-17T23:53:46.474 INFO:teuthology.orchestra.run.smithi023.stdout:/usr/bin/ceph: stderr
2024-03-17T23:53:45.604+0000 7f617a59c700 1 --2- 172.21.15.23:0/3315504163 >> [v2:172.21.15.23:3300/0,v1:172.21.15.23:6789/0] conn(0x7f617c104730 0x7f617c107020 secure :-1 s=READY pgs=17 cs=0 l=1 rev1=1 crypto rx=0x7f616c00d010 tx=0x7f616c004430 comp rx=0 tx=0).ready entity=mon.0 client_cookie=0 server_cookie=0 in_seq=0 out_seq=0
2024-03-17T23:53:46.474 INFO:teuthology.orchestra.run.smithi023.stdout:/usr/bin/ceph: stderr
2024-03-17T23:53:45.604+0000 7f61737fe700 1 -- 172.21.15.23:0/3315504163 <== mon.0 v2:172.21.15.23:3300/0 1 ==== mon_map magic: 0 v1 ==== 229+0+0 (secure 0 0 0) 0x7f616c00e040 con 0x7f617c104730
2024-03-17T23:53:46.474 INFO:teuthology.orchestra.run.smithi023.stdout:/usr/bin/ceph: stderr
2024-03-17T23:53:45.604+0000 7f6180f4b700 1 -- 172.21.15.23:0/3315504163 --> [v2:172.21.15.23:3300/0,v1:172.21.15.23:6789/0] -- mon_subscribe({mgrmap=0+}) v3 -- 0x7f617c105670 con 0x7f617c104730
2024-03-17T23:53:46.474 INFO:teuthology.orchestra.run.smithi023.stdout:/usr/bin/ceph: stderr
2024-03-17T23:53:45.604+0000 7f61737fe700 1 -- 172.21.15.23:0/3315504163 <== mon.0 v2:172.21.15.23:3300/0 2 ==== config(27 keys) v1 ==== 1037+0+0 (secure 0 0 0) 0x7f616c003c30 con 0x7f617c104730
2024-03-17T23:53:46.475 INFO:teuthology.orchestra.run.smithi023.stdout:/usr/bin/ceph: stderr
2024-03-17T23:53:45.604+0000 7f61737fe700 1 -- 172.21.15.23:0/3315504163 <== mon.0 v2:172.21.15.23:3300/0 3 ==== mon_map magic: 0 v1 ==== 229+0+0 (secure 0 0 0) 0x7f616c01b790 con 0x7f617c104730
2024-03-17T23:53:46.475 INFO:teuthology.orchestra.run.smithi023.stdout:/usr/bin/ceph: stderr
2024-03-17T23:53:45.604+0000 7f6180f4b700 1 -- 172.21.15.23:0/3315504163 --> [v2:172.21.15.23:3300/0,v1:172.21.15.23:6789/0] -- mon_subscribe({osdmap=0}) v3 -- 0x7f617c105b70 con 0x7f617c104730
2024-03-17T23:53:46.475 INFO:teuthology.orchestra.run.smithi023.stdout:/usr/bin/ceph: stderr
2024-03-17T23:53:45.605+0000 7f61737fe700 1 -- 172.21.15.23:0/3315504163 <== mon.0 v2:172.21.15.23:3300/0 4 ==== mgrmap(e 3) v1 ==== 45166+0+0 (secure 0 0 0) 0x7f616c019040 con 0x7f617c104730
2024-03-17T23:53:46.475 INFO:teuthology.orchestra.run.smithi023.stdout:/usr/bin/ceph: stderr
2024-03-17T23:53:45.605+0000 7f6180f4b700 1 -- 172.21.15.23:0/3315504163 --> [v2:172.21.15.23:3300/0,v1:172.21.15.23:6789/0] -- mon_command({"prefix": "get_command_descriptions"} v 0) v1 -- 0x7f617c0623c0 con 0x7f617c104730
2024-03-17T23:53:46.475 INFO:teuthology.orchestra.run.smithi023.stdout:/usr/bin/ceph: stderr
2024-03-17T23:53:45.605+0000 7f61737fe700 1 --2- 172.21.15.23:0/3315504163 >> [v2:172.21.15.23:6800/1750759137,v1:172.21.15.23:6801/1750759137] conn(0x7f6168038170 0x7f616803a630 unknown :-1 s=NONE pgs=0 cs=0 l=1 rev1=0 crypto rx=0 tx=0 comp rx=0 tx=0).connect
2024-03-17T23:53:46.475 INFO:teuthology.orchestra.run.smithi023.stdout:/usr/bin/ceph: stderr
2024-03-17T23:53:45.605+0000 7f61737fe700 1 -- 172.21.15.23:0/3315504163 <== mon.0 v2:172.21.15.23:3300/0 5 ==== osd_map(1..1 src has 1..1) v4 ==== 725+0+0 (secure 0 0 0) 0x7f616c04bb70 con 0x7f617c104730
2024-03-17T23:53:46.475 INFO:teuthology.orchestra.run.smithi023.stdout:/usr/bin/ceph: stderr
2024-03-17T23:53:45.605+0000 7f6179d9b700 1 --2- 172.21.15.23:0/3315504163 >> [v2:172.21.15.23:6800/1750759137,v1:172.21.15.23:6801/1750759137] conn(0x7f6168038170 0x7f616803a630 unknown :-1 s=BANNER_CONNECTING pgs=0 cs=0 l=1 rev1=0 crypto rx=0 tx=0 comp rx=0 tx=0)._handle_peer_banner_payload supported=3 required=0
2024-03-17T23:53:46.475 INFO:teuthology.orchestra.run.smithi023.stdout:/usr/bin/ceph: stderr
2024-03-17T23:53:45.605+0000 7f6179d9b700 1 --2- 172.21.15.23:0/3315504163 >> [v2:172.21.15.23:6800/1750759137,v1:172.21.15.23:6801/1750759137] conn(0x7f6168038170 0x7f616803a630 secure :-1 s=READY pgs=6 cs=0 l=1 rev1=1 crypto rx=0x7f6164006fd0 tx=0x7f6164006e40 comp rx=0 tx=0).ready entity=mgr.14100 client_cookie=0 server_cookie=0 in_seq=0 out_seq=0
2024-03-17T23:53:46.475 INFO:teuthology.orchestra.run.smithi023.stdout:/usr/bin/ceph: stderr
2024-03-17T23:53:45.610+0000 7f61737fe700 1 -- 172.21.15.23:0/3315504163 <== mon.0 v2:172.21.15.23:3300/0 6 ==== mon_command_ack([{"prefix": "get_command_descriptions"}]=0 v0) v1 ==== 72+0+180422 (secure 0 0 0) 0x7f616c012430 con 0x7f617c104730
2024-03-17T23:53:46.475 INFO:teuthology.orchestra.run.smithi023.stdout:/usr/bin/ceph: stderr
2024-03-17T23:53:45.886+0000 7f6180f4b700 1 -- 172.21.15.23:0/3315504163 --> [v2:172.21.15.23:3300/0,v1:172.21.15.23:6789/0] -- mon_command({"prefix": "status", "format": "json-pretty"} v 0) v1 -- 0x7f617c10a940 con 0x7f617c104730
2024-03-17T23:53:46.475 INFO:teuthology.orchestra.run.smithi023.stdout:/usr/bin/ceph: stderr
2024-03-17T23:53:45.887+0000 7f61737fe700 1 -- 172.21.15.23:0/3315504163 <== mon.0 v2:172.21.15.23:3300/0 7 ==== mon_command_ack([{"prefix": "status", "format": "json-pretty"}]=0 v0) v1 ==== 79+0+1246 (secure 0 0 0) 0x7f616c01f090 con 0x7f617c104730
2024-03-17T23:53:46.475 INFO:teuthology.orchestra.run.smithi023.stdout:/usr/bin/ceph: stderr
2024-03-17T23:53:45.889+0000 7f6180f4b700 1 -- 172.21.15.23:0/3315504163 >> [v2:172.21.15.23:6800/1750759137,v1:172.21.15.23:6801/1750759137] conn(0x7f6168038170 msgr2=0x7f616803a630 secure :-1 s=STATE_CONNECTION_ESTABLISHED l=1).mark_down
2024-03-17T23:53:46.475 INFO:teuthology.orchestra.run.smithi023.stdout:/usr/bin/ceph: stderr
2024-03-17T23:53:45.889+0000 7f6180f4b700 1 --2- 172.21.15.23:0/3315504163 >> [v2:172.21.15.23:6800/1750759137,v1:172.21.15.23:6801/1750759137] conn(0x7f6168038170 0x7f616803a630 secure :-1 s=READY pgs=6 cs=0 l=1 rev1=1 crypto rx=0x7f6164006fd0 tx=0x7f6164006e40 comp rx=0 tx=0).stop
2024-03-17T23:53:46.475 INFO:teuthology.orchestra.run.smithi023.stdout:/usr/bin/ceph: stderr
2024-03-17T23:53:45.889+0000 7f6180f4b700 1 -- 172.21.15.23:0/3315504163 >> [v2:172.21.15.23:3300/0,v1:172.21.15.23:6789/0] conn(0x7f617c104730 msgr2=0x7f617c107020 secure :-1 s=STATE_CONNECTION_ESTABLISHED l=1).mark_down
2024-03-17T23:53:46.476 INFO:teuthology.orchestra.run.smithi023.stdout:/usr/bin/ceph: stderr
2024-03-17T23:53:45.889+0000 7f6180f4b700 1 --2- 172.21.15.23:0/3315504163 >> [v2:172.21.15.23:3300/0,v1:172.21.15.23:6789/0] conn(0x7f617c104730 0x7f617c107020 secure :-1 s=READY pgs=17 cs=0 l=1 rev1=1 crypto rx=0x7f616c00d010 tx=0x7f616c004430 comp rx=0 tx=0).stop
2024-03-17T23:53:46.476 INFO:teuthology.orchestra.run.smithi023.stdout:/usr/bin/ceph: stderr
2024-03-17T23:53:45.889+0000 7f6180f4b700 1 -- 172.21.15.23:0/3315504163 shutdown_connections
2024-03-17T23:53:46.476 INFO:teuthology.orchestra.run.smithi023.stdout:/usr/bin/ceph: stderr
2024-03-17T23:53:45.890+0000 7f6180f4b700 1 --2- 172.21.15.23:0/3315504163 >> [v2:172.21.15.23:6800/1750759137,v1:172.21.15.23:6801/1750759137] conn(0x7f6168038170 0x7f616803a630 unknown :-1 s=CLOSED pgs=6 cs=0 l=1 rev1=1 crypto rx=0 tx=0 comp rx=0 tx=0).stop
2024-03-17T23:53:46.476 INFO:teuthology.orchestra.run.smithi023.stdout:/usr/bin/ceph: stderr
2024-03-17T23:53:45.890+0000 7f6180f4b700 1 --2- 172.21.15.23:0/3315504163 >> [v2:172.21.15.23:3300/0,v1:172.21.15.23:6789/0] conn(0x7f617c104730 0x7f617c107020 unknown :-1 s=CLOSED pgs=17 cs=0 l=1 rev1=1 crypto rx=0 tx=0 comp rx=0 tx=0).stop
2024-03-17T23:53:46.476 INFO:teuthology.orchestra.run.smithi023.stdout:/usr/bin/ceph: stderr
2024-03-17T23:53:45.890+0000 7f6180f4b700 1 -- 172.21.15.23:0/3315504163 >> 172.21.15.23:0/3315504163 conn(0x7f617c100040 msgr2=0x7f617c101740 unknown :-1 s=STATE_NONE l=0).mark_down
2024-03-17T23:53:46.476 INFO:teuthology.orchestra.run.smithi023.stdout:/usr/bin/ceph: stderr
2024-03-17T23:53:45.890+0000 7f6180f4b700 1 -- 172.21.15.23:0/3315504163 shutdown_connections
2024-03-17T23:53:46.476 INFO:teuthology.orchestra.run.smithi023.stdout:/usr/bin/ceph: stderr
2024-03-17T23:53:45.890+0000 7f6180f4b700 1 -- 172.21.15.23:0/3315504163 wait complete.
2024-03-17T23:53:46.476 INFO:teuthology.orchestra.run.smithi023.stdout:mgr is available
2024-03-17T23:53:47.419 INFO:journalctl@ceph.mon.smithi023.smithi023.stdout:Mar 17 23:53:47 smithi023 ceph-mon[28899]: mgrmap e4: smithi023.bijqcv(active, since 2s)
2024-03-17T23:53:47.419 INFO:journalctl@ceph.mon.smithi023.smithi023.stdout:Mar 17 23:53:47 smithi023 ceph-mon[28899]: from='client.? 172.21.15.23:0/1515512645' entity='client.admin' cmd=[{"prefix": "config assimilate-conf"}]: dispatch
2024-03-17T23:53:47.679 INFO:teuthology.orchestra.run.smithi023.stdout:/usr/bin/ceph: stdout
2024-03-17T23:53:47.679 INFO:teuthology.orchestra.run.smithi023.stdout:/usr/bin/ceph: stdout [global]
2024-03-17T23:53:47.679 INFO:teuthology.orchestra.run.smithi023.stdout:/usr/bin/ceph: stdout fsid = 79737e6a-e4b9-11ee-95c9-87774f69a715
2024-03-17T23:53:47.679 INFO:teuthology.orchestra.run.smithi023.stdout:/usr/bin/ceph: stdout mon_osd_allow_pg_remap = true
2024-03-17T23:53:47.679 INFO:teuthology.orchestra.run.smithi023.stdout:/usr/bin/ceph: stdout mon_osd_allow_primary_affinity = true
2024-03-17T23:53:47.679 INFO:teuthology.orchestra.run.smithi023.stdout:/usr/bin/ceph: stdout mon_warn_on_no_sortbitwise = false
2024-03-17T23:53:47.679 INFO:teuthology.orchestra.run.smithi023.stdout:/usr/bin/ceph: stdout osd_crush_chooseleaf_type = 0
2024-03-17T23:53:47.679 INFO:teuthology.orchestra.run.smithi023.stdout:/usr/bin/ceph: stdout
2024-03-17T23:53:47.680 INFO:teuthology.orchestra.run.smithi023.stdout:/usr/bin/ceph: stdout [mgr]
2024-03-17T23:53:47.680 INFO:teuthology.orchestra.run.smithi023.stdout:/usr/bin/ceph: stdout mgr/telemetry/nag = false
2024-03-17T23:53:47.680 INFO:teuthology.orchestra.run.smithi023.stdout:/usr/bin/ceph: stdout
2024-03-17T23:53:47.680 INFO:teuthology.orchestra.run.smithi023.stdout:/usr/bin/ceph: stdout [osd]
2024-03-17T23:53:47.680 INFO:teuthology.orchestra.run.smithi023.stdout:/usr/bin/ceph: stdout mon_osd_backfillfull_ratio = 0.85
2024-03-17T23:53:47.680 INFO:teuthology.orchestra.run.smithi023.stdout:/usr/bin/ceph: stdout mon_osd_full_ratio = 0.9
2024-03-17T23:53:47.680 INFO:teuthology.orchestra.run.smithi023.stdout:/usr/bin/ceph: stdout mon_osd_nearfull_ratio = 0.8
2024-03-17T23:53:47.680 INFO:teuthology.orchestra.run.smithi023.stdout:/usr/bin/ceph: stdout osd_map_max_advance = 10
2024-03-17T23:53:47.680 INFO:teuthology.orchestra.run.smithi023.stdout:/usr/bin/ceph: stdout osd_sloppy_crc = true
2024-03-17T23:53:47.680 INFO:teuthology.orchestra.run.smithi023.stdout:/usr/bin/ceph: stderr
2024-03-17T23:53:46.858+0000 7fc8a8deb700 1 Processor -- start
2024-03-17T23:53:47.680 INFO:teuthology.orchestra.run.smithi023.stdout:/usr/bin/ceph: stderr
2024-03-17T23:53:46.858+0000 7fc8a8deb700 1 -- start start
2024-03-17T23:53:47.680 INFO:teuthology.orchestra.run.smithi023.stdout:/usr/bin/ceph: stderr
2024-03-17T23:53:46.858+0000 7fc8a8deb700 1 --2- >> [v2:172.21.15.23:3300/0,v1:172.21.15.23:6789/0] conn(0x7fc8a4105330 0x7fc8a4105750 unknown :-1 s=NONE pgs=0 cs=0 l=0 rev1=0 crypto rx=0 tx=0 comp rx=0 tx=0).connect
2024-03-17T23:53:47.680 INFO:teuthology.orchestra.run.smithi023.stdout:/usr/bin/ceph: stderr
2024-03-17T23:53:46.858+0000 7fc8a8deb700 1 -- --> [v2:172.21.15.23:3300/0,v1:172.21.15.23:6789/0] -- mon_getmap magic: 0 v1 -- 0x7fc8a4105d20 con 0x7fc8a4105330
2024-03-17T23:53:47.680 INFO:teuthology.orchestra.run.smithi023.stdout:/usr/bin/ceph: stderr
2024-03-17T23:53:46.859+0000 7fc8a259c700 1 --2- >> [v2:172.21.15.23:3300/0,v1:172.21.15.23:6789/0] conn(0x7fc8a4105330 0x7fc8a4105750 unknown :-1 s=BANNER_CONNECTING pgs=0 cs=0 l=0 rev1=0 crypto rx=0 tx=0 comp rx=0 tx=0)._handle_peer_banner_payload supported=3 required=0
2024-03-17T23:53:47.680 INFO:teuthology.orchestra.run.smithi023.stdout:/usr/bin/ceph: stderr
2024-03-17T23:53:46.859+0000 7fc8a259c700 1 --2- >> [v2:172.21.15.23:3300/0,v1:172.21.15.23:6789/0] conn(0x7fc8a4105330 0x7fc8a4105750 unknown :-1 s=HELLO_CONNECTING pgs=0 cs=0 l=0 rev1=1 crypto rx=0 tx=0 comp rx=0 tx=0).handle_hello peer v2:172.21.15.23:3300/0 says I am v2:172.21.15.23:36908/0 (socket says 172.21.15.23:36908)
2024-03-17T23:53:47.681 INFO:teuthology.orchestra.run.smithi023.stdout:/usr/bin/ceph: stderr
2024-03-17T23:53:46.859+0000 7fc8a259c700 1 -- 172.21.15.23:0/1464788121 learned_addr learned my addr 172.21.15.23:0/1464788121 (peer_addr_for_me v2:172.21.15.23:0/0)
2024-03-17T23:53:47.681 INFO:teuthology.orchestra.run.smithi023.stdout:/usr/bin/ceph: stderr
2024-03-17T23:53:46.859+0000 7fc8a259c700 1 -- 172.21.15.23:0/1464788121 --> [v2:172.21.15.23:3300/0,v1:172.21.15.23:6789/0] -- mon_subscribe({config=0+,monmap=0+}) v3 -- 0x7fc8a4106530 con 0x7fc8a4105330
2024-03-17T23:53:47.681 INFO:teuthology.orchestra.run.smithi023.stdout:/usr/bin/ceph: stderr
2024-03-17T23:53:46.859+0000 7fc8a259c700 1 --2- 172.21.15.23:0/1464788121 >> [v2:172.21.15.23:3300/0,v1:172.21.15.23:6789/0] conn(0x7fc8a4105330 0x7fc8a4105750 secure :-1 s=READY pgs=18 cs=0 l=1 rev1=1 crypto rx=0x7fc89400d180 tx=0x7fc89400d490 comp rx=0 tx=0).ready entity=mon.0 client_cookie=7bab39955df7ecd0 server_cookie=0 in_seq=0 out_seq=0
2024-03-17T23:53:47.681 INFO:teuthology.orchestra.run.smithi023.stdout:/usr/bin/ceph: stderr
2024-03-17T23:53:46.859+0000 7fc8a159a700 1 -- 172.21.15.23:0/1464788121 <== mon.0 v2:172.21.15.23:3300/0 1 ==== mon_map magic: 0 v1 ==== 229+0+0 (secure 0 0 0) 0x7fc894010070 con 0x7fc8a4105330
2024-03-17T23:53:47.681 INFO:teuthology.orchestra.run.smithi023.stdout:/usr/bin/ceph: stderr
2024-03-17T23:53:46.859+0000 7fc8a159a700 1 -- 172.21.15.23:0/1464788121 <== mon.0 v2:172.21.15.23:3300/0 2 ==== config(27 keys) v1 ==== 1037+0+0 (secure 0 0 0) 0x7fc89400dcf0 con 0x7fc8a4105330
2024-03-17T23:53:47.681 INFO:teuthology.orchestra.run.smithi023.stdout:/usr/bin/ceph: stderr
2024-03-17T23:53:46.859+0000 7fc8a159a700 1 -- 172.21.15.23:0/1464788121 <== mon.0 v2:172.21.15.23:3300/0 3 ==== mon_map magic: 0 v1 ==== 229+0+0 (secure 0 0 0) 0x7fc894009950 con 0x7fc8a4105330
2024-03-17T23:53:47.681 INFO:teuthology.orchestra.run.smithi023.stdout:/usr/bin/ceph: stderr
2024-03-17T23:53:46.860+0000 7fc8a8deb700 1 -- 172.21.15.23:0/1464788121 >> [v2:172.21.15.23:3300/0,v1:172.21.15.23:6789/0] conn(0x7fc8a4105330 msgr2=0x7fc8a4105750 secure :-1 s=STATE_CONNECTION_ESTABLISHED l=1).mark_down
2024-03-17T23:53:47.681 INFO:teuthology.orchestra.run.smithi023.stdout:/usr/bin/ceph: stderr
2024-03-17T23:53:46.860+0000 7fc8a8deb700 1 --2- 172.21.15.23:0/1464788121 >> [v2:172.21.15.23:3300/0,v1:172.21.15.23:6789/0] conn(0x7fc8a4105330 0x7fc8a4105750 secure :-1 s=READY pgs=18 cs=0 l=1 rev1=1 crypto rx=0x7fc89400d180 tx=0x7fc89400d490 comp rx=0 tx=0).stop
2024-03-17T23:53:47.681 INFO:teuthology.orchestra.run.smithi023.stdout:/usr/bin/ceph: stderr
2024-03-17T23:53:46.860+0000 7fc8a8deb700 1 -- 172.21.15.23:0/1464788121 shutdown_connections
2024-03-17T23:53:47.681 INFO:teuthology.orchestra.run.smithi023.stdout:/usr/bin/ceph: stderr
2024-03-17T23:53:46.860+0000 7fc8a8deb700 1 --2- 172.21.15.23:0/1464788121 >> [v2:172.21.15.23:3300/0,v1:172.21.15.23:6789/0] conn(0x7fc8a4105330 0x7fc8a4105750 unknown :-1 s=CLOSED pgs=18 cs=0 l=1 rev1=1 crypto rx=0 tx=0 comp rx=0 tx=0).stop
2024-03-17T23:53:47.681 INFO:teuthology.orchestra.run.smithi023.stdout:/usr/bin/ceph: stderr
2024-03-17T23:53:46.860+0000 7fc8a8deb700 1 -- 172.21.15.23:0/1464788121 >> 172.21.15.23:0/1464788121 conn(0x7fc8a41008b0 msgr2=0x7fc8a4102d10 unknown :-1 s=STATE_NONE l=0).mark_down
2024-03-17T23:53:47.681 INFO:teuthology.orchestra.run.smithi023.stdout:/usr/bin/ceph: stderr
2024-03-17T23:53:46.860+0000 7fc8a8deb700 1 -- 172.21.15.23:0/1464788121 shutdown_connections
2024-03-17T23:53:47.681 INFO:teuthology.orchestra.run.smithi023.stdout:/usr/bin/ceph: stderr
2024-03-17T23:53:46.860+0000 7fc8a8deb700 1 -- 172.21.15.23:0/1464788121 wait complete.
2024-03-17T23:53:47.682 INFO:teuthology.orchestra.run.smithi023.stdout:/usr/bin/ceph: stderr
2024-03-17T23:53:46.861+0000 7fc8a8deb700 1 Processor -- start
2024-03-17T23:53:47.682 INFO:teuthology.orchestra.run.smithi023.stdout:/usr/bin/ceph: stderr
2024-03-17T23:53:46.861+0000 7fc8a8deb700 1 -- start start
2024-03-17T23:53:47.682 INFO:teuthology.orchestra.run.smithi023.stdout:/usr/bin/ceph: stderr
2024-03-17T23:53:46.861+0000 7fc8a8deb700 1 --2- >> [v2:172.21.15.23:3300/0,v1:172.21.15.23:6789/0] conn(0x7fc8a4105330 0x7fc8a4197eb0 unknown :-1 s=NONE pgs=0 cs=0 l=1 rev1=0 crypto rx=0 tx=0 comp rx=0 tx=0).connect
2024-03-17T23:53:47.682 INFO:teuthology.orchestra.run.smithi023.stdout:/usr/bin/ceph: stderr
2024-03-17T23:53:46.861+0000 7fc8a8deb700 1 -- --> [v2:172.21.15.23:3300/0,v1:172.21.15.23:6789/0] -- mon_getmap magic: 0 v1 -- 0x7fc8a41983f0 con 0x7fc8a4105330
2024-03-17T23:53:47.682 INFO:teuthology.orchestra.run.smithi023.stdout:/usr/bin/ceph: stderr
2024-03-17T23:53:46.861+0000 7fc8a259c700 1 --2- >> [v2:172.21.15.23:3300/0,v1:172.21.15.23:6789/0] conn(0x7fc8a4105330 0x7fc8a4197eb0 unknown :-1 s=BANNER_CONNECTING pgs=0 cs=0 l=1 rev1=0 crypto rx=0 tx=0 comp rx=0 tx=0)._handle_peer_banner_payload supported=3 required=0
2024-03-17T23:53:47.682 INFO:teuthology.orchestra.run.smithi023.stdout:/usr/bin/ceph: stderr
2024-03-17T23:53:46.861+0000 7fc8a259c700 1 --2- >> [v2:172.21.15.23:3300/0,v1:172.21.15.23:6789/0] conn(0x7fc8a4105330 0x7fc8a4197eb0 unknown :-1 s=HELLO_CONNECTING pgs=0 cs=0 l=1 rev1=1 crypto rx=0 tx=0 comp rx=0 tx=0).handle_hello peer v2:172.21.15.23:3300/0 says I am v2:172.21.15.23:36924/0 (socket says 172.21.15.23:36924)
2024-03-17T23:53:47.682 INFO:teuthology.orchestra.run.smithi023.stdout:/usr/bin/ceph: stderr
2024-03-17T23:53:46.861+0000 7fc8a259c700 1 -- 172.21.15.23:0/1515512645 learned_addr learned my addr 172.21.15.23:0/1515512645 (peer_addr_for_me v2:172.21.15.23:0/0)
2024-03-17T23:53:47.682 INFO:teuthology.orchestra.run.smithi023.stdout:/usr/bin/ceph: stderr
2024-03-17T23:53:46.861+0000 7fc8a259c700 1 -- 172.21.15.23:0/1515512645 --> [v2:172.21.15.23:3300/0,v1:172.21.15.23:6789/0] -- mon_subscribe({config=0+,monmap=0+}) v3 -- 0x7fc89400bd40 con 0x7fc8a4105330
2024-03-17T23:53:47.682 INFO:teuthology.orchestra.run.smithi023.stdout:/usr/bin/ceph: stderr
2024-03-17T23:53:46.862+0000 7fc8a259c700 1 --2- 172.21.15.23:0/1515512645 >> [v2:172.21.15.23:3300/0,v1:172.21.15.23:6789/0] conn(0x7fc8a4105330 0x7fc8a4197eb0 secure :-1 s=READY pgs=19 cs=0 l=1 rev1=1 crypto rx=0x7fc894000f80 tx=0x7fc89400b390 comp rx=0 tx=0).ready entity=mon.0 client_cookie=0 server_cookie=0 in_seq=0 out_seq=0
2024-03-17T23:53:47.682 INFO:teuthology.orchestra.run.smithi023.stdout:/usr/bin/ceph: stderr
2024-03-17T23:53:46.862+0000 7fc89b7fe700 1 -- 172.21.15.23:0/1515512645 <== mon.0 v2:172.21.15.23:3300/0 1 ==== mon_map magic: 0 v1 ==== 229+0+0 (secure 0 0 0) 0x7fc894010050 con 0x7fc8a4105330
2024-03-17T23:53:47.682 INFO:teuthology.orchestra.run.smithi023.stdout:/usr/bin/ceph: stderr
2024-03-17T23:53:46.862+0000 7fc89b7fe700 1 -- 172.21.15.23:0/1515512645 <== mon.0 v2:172.21.15.23:3300/0 2 ==== config(27 keys) v1 ==== 1037+0+0 (secure 0 0 0) 0x7fc894004680 con 0x7fc8a4105330
2024-03-17T23:53:47.682 INFO:teuthology.orchestra.run.smithi023.stdout:/usr/bin/ceph: stderr
2024-03-17T23:53:46.862+0000 7fc8a8deb700 1 -- 172.21.15.23:0/1515512645 --> [v2:172.21.15.23:3300/0,v1:172.21.15.23:6789/0] -- mon_subscribe({mgrmap=0+}) v3 -- 0x7fc8a41985f0 con 0x7fc8a4105330
2024-03-17T23:53:47.682 INFO:teuthology.orchestra.run.smithi023.stdout:/usr/bin/ceph: stderr
2024-03-17T23:53:46.862+0000 7fc89b7fe700 1 -- 172.21.15.23:0/1515512645 <== mon.0 v2:172.21.15.23:3300/0 3 ==== mon_map magic: 0 v1 ==== 229+0+0 (secure 0 0 0) 0x7fc89401fbd0 con 0x7fc8a4105330
2024-03-17T23:53:47.682 INFO:teuthology.orchestra.run.smithi023.stdout:/usr/bin/ceph: stderr
2024-03-17T23:53:46.862+0000 7fc8a8deb700 1 -- 172.21.15.23:0/1515512645 --> [v2:172.21.15.23:3300/0,v1:172.21.15.23:6789/0] -- mon_subscribe({osdmap=0}) v3 -- 0x7fc8a4198a90 con 0x7fc8a4105330
2024-03-17T23:53:47.683 INFO:teuthology.orchestra.run.smithi023.stdout:/usr/bin/ceph: stderr
2024-03-17T23:53:46.863+0000 7fc89b7fe700 1 -- 172.21.15.23:0/1515512645 <== mon.0 v2:172.21.15.23:3300/0 4 ==== mgrmap(e 4) v1 ==== 45272+0+0 (secure 0 0 0) 0x7fc89401b070 con 0x7fc8a4105330
2024-03-17T23:53:47.683 INFO:teuthology.orchestra.run.smithi023.stdout:/usr/bin/ceph: stderr
2024-03-17T23:53:46.863+0000 7fc89b7fe700 1 --2- 172.21.15.23:0/1515512645 >> [v2:172.21.15.23:6800/1750759137,v1:172.21.15.23:6801/1750759137] conn(0x7fc890038320 0x7fc89003a7e0 unknown :-1 s=NONE pgs=0 cs=0 l=1 rev1=0 crypto rx=0 tx=0 comp rx=0 tx=0).connect
2024-03-17T23:53:47.683 INFO:teuthology.orchestra.run.smithi023.stdout:/usr/bin/ceph: stderr
2024-03-17T23:53:46.863+0000 7fc8a8deb700 1 -- 172.21.15.23:0/1515512645 --> [v2:172.21.15.23:3300/0,v1:172.21.15.23:6789/0] -- mon_command({"prefix": "get_command_descriptions"} v 0) v1 -- 0x7fc8a4191bc0 con 0x7fc8a4105330
2024-03-17T23:53:47.683 INFO:teuthology.orchestra.run.smithi023.stdout:/usr/bin/ceph: stderr
2024-03-17T23:53:46.863+0000 7fc89b7fe700 1 -- 172.21.15.23:0/1515512645 <== mon.0 v2:172.21.15.23:3300/0 5 ==== osd_map(1..1 src has 1..1) v4 ==== 725+0+0 (secure 0 0 0) 0x7fc89404e240 con 0x7fc8a4105330
2024-03-17T23:53:47.683 INFO:teuthology.orchestra.run.smithi023.stdout:/usr/bin/ceph: stderr
2024-03-17T23:53:46.863+0000 7fc8a1d9b700 1 --2- 172.21.15.23:0/1515512645 >> [v2:172.21.15.23:6800/1750759137,v1:172.21.15.23:6801/1750759137] conn(0x7fc890038320 0x7fc89003a7e0 unknown :-1 s=BANNER_CONNECTING pgs=0 cs=0 l=1 rev1=0 crypto rx=0 tx=0 comp rx=0 tx=0)._handle_peer_banner_payload supported=3 required=0
2024-03-17T23:53:47.683 INFO:teuthology.orchestra.run.smithi023.stdout:/usr/bin/ceph: stderr
2024-03-17T23:53:46.863+0000 7fc8a1d9b700 1 --2- 172.21.15.23:0/1515512645 >> [v2:172.21.15.23:6800/1750759137,v1:172.21.15.23:6801/1750759137] conn(0x7fc890038320 0x7fc89003a7e0 secure :-1 s=READY pgs=7 cs=0 l=1 rev1=1 crypto rx=0x7fc88c006fd0 tx=0x7fc88c006e40 comp rx=0 tx=0).ready entity=mgr.14100 client_cookie=0 server_cookie=0 in_seq=0 out_seq=0
2024-03-17T23:53:47.683 INFO:teuthology.orchestra.run.smithi023.stdout:/usr/bin/ceph: stderr
2024-03-17T23:53:46.868+0000 7fc89b7fe700 1 -- 172.21.15.23:0/1515512645 <== mon.0 v2:172.21.15.23:3300/0 6 ==== mon_command_ack([{"prefix": "get_command_descriptions"}]=0 v0) v1 ==== 72+0+180422 (secure 0 0 0) 0x7fc89401c380 con 0x7fc8a4105330
2024-03-17T23:53:47.683 INFO:teuthology.orchestra.run.smithi023.stdout:/usr/bin/ceph: stderr
2024-03-17T23:53:47.067+0000 7fc8a8deb700 1 -- 172.21.15.23:0/1515512645 --> [v2:172.21.15.23:3300/0,v1:172.21.15.23:6789/0] -- mon_command({"prefix": "config assimilate-conf"} v 0) v1 -- 0x7fc8a402d090 con 0x7fc8a4105330
2024-03-17T23:53:47.683 INFO:teuthology.orchestra.run.smithi023.stdout:/usr/bin/ceph: stderr
2024-03-17T23:53:47.068+0000 7fc89b7fe700 1 -- 172.21.15.23:0/1515512645 <== mon.0 v2:172.21.15.23:3300/0 7 ==== mon_command_ack([{"prefix": "config assimilate-conf"}]=0 v3) v1 ==== 70+0+373 (secure 0 0 0) 0x7fc89401a280 con 0x7fc8a4105330
2024-03-17T23:53:47.683 INFO:teuthology.orchestra.run.smithi023.stdout:/usr/bin/ceph: stderr
2024-03-17T23:53:47.070+0000 7fc8a8deb700 1 -- 172.21.15.23:0/1515512645 >> [v2:172.21.15.23:6800/1750759137,v1:172.21.15.23:6801/1750759137] conn(0x7fc890038320 msgr2=0x7fc89003a7e0 secure :-1 s=STATE_CONNECTION_ESTABLISHED l=1).mark_down
2024-03-17T23:53:47.683 INFO:teuthology.orchestra.run.smithi023.stdout:/usr/bin/ceph: stderr
2024-03-17T23:53:47.070+0000 7fc8a8deb700 1 --2- 172.21.15.23:0/1515512645 >> [v2:172.21.15.23:6800/1750759137,v1:172.21.15.23:6801/1750759137] conn(0x7fc890038320 0x7fc89003a7e0 secure :-1 s=READY pgs=7 cs=0 l=1 rev1=1 crypto rx=0x7fc88c006fd0 tx=0x7fc88c006e40 comp rx=0 tx=0).stop
2024-03-17T23:53:47.683 INFO:teuthology.orchestra.run.smithi023.stdout:/usr/bin/ceph: stderr
2024-03-17T23:53:47.070+0000 7fc8a8deb700 1 -- 172.21.15.23:0/1515512645 >> [v2:172.21.15.23:3300/0,v1:172.21.15.23:6789/0] conn(0x7fc8a4105330 msgr2=0x7fc8a4197eb0 secure :-1 s=STATE_CONNECTION_ESTABLISHED l=1).mark_down
2024-03-17T23:53:47.683 INFO:teuthology.orchestra.run.smithi023.stdout:/usr/bin/ceph: stderr
2024-03-17T23:53:47.070+0000 7fc8a8deb700 1 --2- 172.21.15.23:0/1515512645 >> [v2:172.21.15.23:3300/0,v1:172.21.15.23:6789/0] conn(0x7fc8a4105330 0x7fc8a4197eb0 secure :-1 s=READY pgs=19 cs=0 l=1 rev1=1 crypto rx=0x7fc894000f80 tx=0x7fc89400b390 comp rx=0 tx=0).stop
2024-03-17T23:53:47.684 INFO:teuthology.orchestra.run.smithi023.stdout:/usr/bin/ceph: stderr
2024-03-17T23:53:47.070+0000 7fc8a8deb700 1 -- 172.21.15.23:0/1515512645 shutdown_connections
2024-03-17T23:53:47.684 INFO:teuthology.orchestra.run.smithi023.stdout:/usr/bin/ceph: stderr
2024-03-17T23:53:47.070+0000 7fc8a8deb700 1 --2- 172.21.15.23:0/1515512645 >> [v2:172.21.15.23:6800/1750759137,v1:172.21.15.23:6801/1750759137] conn(0x7fc890038320 0x7fc89003a7e0 unknown :-1 s=CLOSED pgs=7 cs=0 l=1 rev1=1 crypto rx=0 tx=0 comp rx=0 tx=0).stop
2024-03-17T23:53:47.684 INFO:teuthology.orchestra.run.smithi023.stdout:/usr/bin/ceph: stderr
2024-03-17T23:53:47.070+0000 7fc8a8deb700 1 --2- 172.21.15.23:0/1515512645 >> [v2:172.21.15.23:3300/0,v1:172.21.15.23:6789/0] conn(0x7fc8a4105330 0x7fc8a4197eb0 unknown :-1 s=CLOSED pgs=19 cs=0 l=1 rev1=1 crypto rx=0 tx=0 comp rx=0 tx=0).stop
2024-03-17T23:53:47.684 INFO:teuthology.orchestra.run.smithi023.stdout:/usr/bin/ceph: stderr
2024-03-17T23:53:47.070+0000 7fc8a8deb700 1 -- 172.21.15.23:0/1515512645 >> 172.21.15.23:0/1515512645 conn(0x7fc8a41008b0 msgr2=0x7fc8a418ed00 unknown :-1 s=STATE_NONE l=0).mark_down
2024-03-17T23:53:47.684 INFO:teuthology.orchestra.run.smithi023.stdout:/usr/bin/ceph: stderr
2024-03-17T23:53:47.071+0000 7fc8a8deb700 1 -- 172.21.15.23:0/1515512645 shutdown_connections
2024-03-17T23:53:47.684 INFO:teuthology.orchestra.run.smithi023.stdout:/usr/bin/ceph: stderr
2024-03-17T23:53:47.071+0000 7fc8a8deb700 1 -- 172.21.15.23:0/1515512645 wait complete.
2024-03-17T23:53:47.684 INFO:teuthology.orchestra.run.smithi023.stdout:Enabling cephadm module...
2024-03-17T23:53:48.797 INFO:journalctl@ceph.mon.smithi023.smithi023.stdout:Mar 17 23:53:48 smithi023 ceph-mon[28899]: from='client.? 172.21.15.23:0/3112144000' entity='client.admin' cmd=[{"prefix": "mgr module enable", "module": "cephadm"}]: dispatch
2024-03-17T23:53:49.001 INFO:teuthology.orchestra.run.smithi023.stdout:/usr/bin/ceph: stderr
2024-03-17T23:53:48.072+0000 7fc947aac700 1 Processor -- start
2024-03-17T23:53:49.002 INFO:teuthology.orchestra.run.smithi023.stdout:/usr/bin/ceph: stderr
2024-03-17T23:53:48.072+0000 7fc947aac700 1 -- start start
2024-03-17T23:53:49.002 INFO:teuthology.orchestra.run.smithi023.stdout:/usr/bin/ceph: stderr
2024-03-17T23:53:48.072+0000 7fc947aac700 1 --2- >> [v2:172.21.15.23:3300/0,v1:172.21.15.23:6789/0] conn(0x7fc94007bef0 0x7fc94007a350 unknown :-1 s=NONE pgs=0 cs=0 l=0 rev1=0 crypto rx=0 tx=0 comp rx=0 tx=0).connect
2024-03-17T23:53:49.002 INFO:teuthology.orchestra.run.smithi023.stdout:/usr/bin/ceph: stderr
2024-03-17T23:53:48.072+0000 7fc947aac700 1 -- --> [v2:172.21.15.23:3300/0,v1:172.21.15.23:6789/0] -- mon_getmap magic: 0 v1 -- 0x7fc94007a920 con 0x7fc94007bef0
2024-03-17T23:53:49.002 INFO:teuthology.orchestra.run.smithi023.stdout:/usr/bin/ceph: stderr
2024-03-17T23:53:48.072+0000 7fc945848700 1 --2- >> [v2:172.21.15.23:3300/0,v1:172.21.15.23:6789/0] conn(0x7fc94007bef0 0x7fc94007a350 unknown :-1 s=BANNER_CONNECTING pgs=0 cs=0 l=0 rev1=0 crypto rx=0 tx=0 comp rx=0 tx=0)._handle_peer_banner_payload supported=3 required=0
2024-03-17T23:53:49.002 INFO:teuthology.orchestra.run.smithi023.stdout:/usr/bin/ceph: stderr
2024-03-17T23:53:48.072+0000 7fc945848700 1 --2- >> [v2:172.21.15.23:3300/0,v1:172.21.15.23:6789/0] conn(0x7fc94007bef0 0x7fc94007a350 unknown :-1 s=HELLO_CONNECTING pgs=0 cs=0 l=0 rev1=1 crypto rx=0 tx=0 comp rx=0 tx=0).handle_hello peer v2:172.21.15.23:3300/0 says I am v2:172.21.15.23:51758/0 (socket says 172.21.15.23:51758)
2024-03-17T23:53:49.002 INFO:teuthology.orchestra.run.smithi023.stdout:/usr/bin/ceph: stderr
2024-03-17T23:53:48.072+0000 7fc945848700 1 -- 172.21.15.23:0/1101237148 learned_addr learned my addr 172.21.15.23:0/1101237148 (peer_addr_for_me v2:172.21.15.23:0/0)
2024-03-17T23:53:49.002 INFO:teuthology.orchestra.run.smithi023.stdout:/usr/bin/ceph: stderr
2024-03-17T23:53:48.072+0000 7fc945848700 1 -- 172.21.15.23:0/1101237148 --> [v2:172.21.15.23:3300/0,v1:172.21.15.23:6789/0] -- mon_subscribe({config=0+,monmap=0+}) v3 -- 0x7fc94007aa60 con 0x7fc94007bef0
2024-03-17T23:53:49.002 INFO:teuthology.orchestra.run.smithi023.stdout:/usr/bin/ceph: stderr
2024-03-17T23:53:48.073+0000 7fc945848700 1 --2- 172.21.15.23:0/1101237148 >> [v2:172.21.15.23:3300/0,v1:172.21.15.23:6789/0] conn(0x7fc94007bef0 0x7fc94007a350 secure :-1 s=READY pgs=20 cs=0 l=1 rev1=1 crypto rx=0x7fc93c0098a0 tx=0x7fc93c009bb0 comp rx=0 tx=0).ready entity=mon.0 client_cookie=6bce6387c698d27e server_cookie=0 in_seq=0 out_seq=0
2024-03-17T23:53:49.002 INFO:teuthology.orchestra.run.smithi023.stdout:/usr/bin/ceph: stderr
2024-03-17T23:53:48.073+0000 7fc944846700 1 -- 172.21.15.23:0/1101237148 <== mon.0 v2:172.21.15.23:3300/0 1 ==== mon_map magic: 0 v1 ==== 229+0+0 (secure 0 0 0) 0x7fc93c004180 con 0x7fc94007bef0
2024-03-17T23:53:49.002 INFO:teuthology.orchestra.run.smithi023.stdout:/usr/bin/ceph: stderr
2024-03-17T23:53:48.073+0000 7fc944846700 1 -- 172.21.15.23:0/1101237148 <== mon.0 v2:172.21.15.23:3300/0 2 ==== config(27 keys) v1 ==== 1037+0+0 (secure 0 0 0) 0x7fc93c0042e0 con 0x7fc94007bef0
2024-03-17T23:53:49.002 INFO:teuthology.orchestra.run.smithi023.stdout:/usr/bin/ceph: stderr
2024-03-17T23:53:48.073+0000 7fc944846700 1 -- 172.21.15.23:0/1101237148 <== mon.0 v2:172.21.15.23:3300/0 3 ==== mon_map magic: 0 v1 ==== 229+0+0 (secure 0 0 0) 0x7fc93c011a50 con 0x7fc94007bef0
2024-03-17T23:53:49.002 INFO:teuthology.orchestra.run.smithi023.stdout:/usr/bin/ceph: stderr
2024-03-17T23:53:48.073+0000 7fc947aac700 1 -- 172.21.15.23:0/1101237148 >> [v2:172.21.15.23:3300/0,v1:172.21.15.23:6789/0] conn(0x7fc94007bef0 msgr2=0x7fc94007a350 secure :-1 s=STATE_CONNECTION_ESTABLISHED l=1).mark_down
2024-03-17T23:53:49.003 INFO:teuthology.orchestra.run.smithi023.stdout:/usr/bin/ceph: stderr
2024-03-17T23:53:48.073+0000 7fc947aac700 1 --2- 172.21.15.23:0/1101237148 >> [v2:172.21.15.23:3300/0,v1:172.21.15.23:6789/0] conn(0x7fc94007bef0 0x7fc94007a350 secure :-1 s=READY pgs=20 cs=0 l=1 rev1=1 crypto rx=0x7fc93c0098a0 tx=0x7fc93c009bb0 comp rx=0 tx=0).stop
2024-03-17T23:53:49.003 INFO:teuthology.orchestra.run.smithi023.stdout:/usr/bin/ceph: stderr
2024-03-17T23:53:48.073+0000 7fc947aac700 1 -- 172.21.15.23:0/1101237148 shutdown_connections
2024-03-17T23:53:49.003 INFO:teuthology.orchestra.run.smithi023.stdout:/usr/bin/ceph: stderr
2024-03-17T23:53:48.073+0000 7fc947aac700 1 --2- 172.21.15.23:0/1101237148 >> [v2:172.21.15.23:3300/0,v1:172.21.15.23:6789/0] conn(0x7fc94007bef0 0x7fc94007a350 unknown :-1 s=CLOSED pgs=20 cs=0 l=1 rev1=1 crypto rx=0 tx=0 comp rx=0 tx=0).stop
2024-03-17T23:53:49.003 INFO:teuthology.orchestra.run.smithi023.stdout:/usr/bin/ceph: stderr
2024-03-17T23:53:48.073+0000 7fc947aac700 1 -- 172.21.15.23:0/1101237148 >> 172.21.15.23:0/1101237148 conn(0x7fc940101a00 msgr2=0x7fc940103e20 unknown :-1 s=STATE_NONE l=0).mark_down
2024-03-17T23:53:49.003 INFO:teuthology.orchestra.run.smithi023.stdout:/usr/bin/ceph: stderr
2024-03-17T23:53:48.073+0000 7fc947aac700 1 -- 172.21.15.23:0/1101237148 shutdown_connections
2024-03-17T23:53:49.003 INFO:teuthology.orchestra.run.smithi023.stdout:/usr/bin/ceph: stderr
2024-03-17T23:53:48.073+0000 7fc947aac700 1 -- 172.21.15.23:0/1101237148 wait complete.
2024-03-17T23:53:49.003 INFO:teuthology.orchestra.run.smithi023.stdout:/usr/bin/ceph: stderr
2024-03-17T23:53:48.074+0000 7fc947aac700 1 Processor -- start
2024-03-17T23:53:49.003 INFO:teuthology.orchestra.run.smithi023.stdout:/usr/bin/ceph: stderr
2024-03-17T23:53:48.074+0000 7fc947aac700 1 -- start start
2024-03-17T23:53:49.003 INFO:teuthology.orchestra.run.smithi023.stdout:/usr/bin/ceph: stderr
2024-03-17T23:53:48.074+0000 7fc947aac700 1 --2- >> [v2:172.21.15.23:3300/0,v1:172.21.15.23:6789/0] conn(0x7fc94007bef0 0x7fc94019c300 unknown :-1 s=NONE pgs=0 cs=0 l=1 rev1=0 crypto rx=0 tx=0 comp rx=0 tx=0).connect
2024-03-17T23:53:49.003 INFO:teuthology.orchestra.run.smithi023.stdout:/usr/bin/ceph: stderr
2024-03-17T23:53:48.074+0000 7fc947aac700 1 -- --> [v2:172.21.15.23:3300/0,v1:172.21.15.23:6789/0] -- mon_getmap magic: 0 v1 -- 0x7fc94019c840 con 0x7fc94007bef0
2024-03-17T23:53:49.003 INFO:teuthology.orchestra.run.smithi023.stdout:/usr/bin/ceph: stderr
2024-03-17T23:53:48.074+0000 7fc945848700 1 --2- >> [v2:172.21.15.23:3300/0,v1:172.21.15.23:6789/0] conn(0x7fc94007bef0 0x7fc94019c300 unknown :-1 s=BANNER_CONNECTING pgs=0 cs=0 l=1 rev1=0 crypto rx=0 tx=0 comp rx=0 tx=0)._handle_peer_banner_payload supported=3 required=0
2024-03-17T23:53:49.003 INFO:teuthology.orchestra.run.smithi023.stdout:/usr/bin/ceph: stderr
2024-03-17T23:53:48.074+0000 7fc945848700 1 --2- >> [v2:172.21.15.23:3300/0,v1:172.21.15.23:6789/0] conn(0x7fc94007bef0 0x7fc94019c300 unknown :-1 s=HELLO_CONNECTING pgs=0 cs=0 l=1 rev1=1 crypto rx=0 tx=0 comp rx=0 tx=0).handle_hello peer v2:172.21.15.23:3300/0 says I am v2:172.21.15.23:51762/0 (socket says 172.21.15.23:51762)
2024-03-17T23:53:49.003 INFO:teuthology.orchestra.run.smithi023.stdout:/usr/bin/ceph: stderr
2024-03-17T23:53:48.074+0000 7fc945848700 1 -- 172.21.15.23:0/3112144000 learned_addr learned my addr 172.21.15.23:0/3112144000 (peer_addr_for_me v2:172.21.15.23:0/0)
2024-03-17T23:53:49.004 INFO:teuthology.orchestra.run.smithi023.stdout:/usr/bin/ceph: stderr
2024-03-17T23:53:48.074+0000 7fc945848700 1 -- 172.21.15.23:0/3112144000 --> [v2:172.21.15.23:3300/0,v1:172.21.15.23:6789/0] -- mon_subscribe({config=0+,monmap=0+}) v3 -- 0x7fc93c009550 con 0x7fc94007bef0
2024-03-17T23:53:49.004 INFO:teuthology.orchestra.run.smithi023.stdout:/usr/bin/ceph: stderr
2024-03-17T23:53:48.075+0000 7fc945848700 1 --2- 172.21.15.23:0/3112144000 >> [v2:172.21.15.23:3300/0,v1:172.21.15.23:6789/0] conn(0x7fc94007bef0 0x7fc94019c300 secure :-1 s=READY pgs=21 cs=0 l=1 rev1=1 crypto rx=0x7fc93c000c00 tx=0x7fc93c011ab0 comp rx=0 tx=0).ready entity=mon.0 client_cookie=0 server_cookie=0 in_seq=0 out_seq=0
2024-03-17T23:53:49.004 INFO:teuthology.orchestra.run.smithi023.stdout:/usr/bin/ceph: stderr
2024-03-17T23:53:48.075+0000 7fc936ffd700 1 -- 172.21.15.23:0/3112144000 <== mon.0 v2:172.21.15.23:3300/0 1 ==== mon_map magic: 0 v1 ==== 229+0+0 (secure 0 0 0) 0x7fc93c003b90 con 0x7fc94007bef0
2024-03-17T23:53:49.004 INFO:teuthology.orchestra.run.smithi023.stdout:/usr/bin/ceph: stderr
2024-03-17T23:53:48.075+0000 7fc936ffd700 1 -- 172.21.15.23:0/3112144000 <== mon.0 v2:172.21.15.23:3300/0 2 ==== config(27 keys) v1 ==== 1037+0+0 (secure 0 0 0) 0x7fc93c0248b0 con 0x7fc94007bef0
2024-03-17T23:53:49.004 INFO:teuthology.orchestra.run.smithi023.stdout:/usr/bin/ceph: stderr
2024-03-17T23:53:48.075+0000 7fc947aac700 1 -- 172.21.15.23:0/3112144000 --> [v2:172.21.15.23:3300/0,v1:172.21.15.23:6789/0] -- mon_subscribe({mgrmap=0+}) v3 -- 0x7fc94019ca40 con 0x7fc94007bef0
2024-03-17T23:53:49.004 INFO:teuthology.orchestra.run.smithi023.stdout:/usr/bin/ceph: stderr
2024-03-17T23:53:48.075+0000 7fc936ffd700 1 -- 172.21.15.23:0/3112144000 <== mon.0 v2:172.21.15.23:3300/0 3 ==== mon_map magic: 0 v1 ==== 229+0+0 (secure 0 0 0) 0x7fc93c01a8e0 con 0x7fc94007bef0
2024-03-17T23:53:49.004 INFO:teuthology.orchestra.run.smithi023.stdout:/usr/bin/ceph: stderr
2024-03-17T23:53:48.075+0000 7fc947aac700 1 -- 172.21.15.23:0/3112144000 --> [v2:172.21.15.23:3300/0,v1:172.21.15.23:6789/0] -- mon_subscribe({osdmap=0}) v3 -- 0x7fc94019cee0 con 0x7fc94007bef0
2024-03-17T23:53:49.004 INFO:teuthology.orchestra.run.smithi023.stdout:/usr/bin/ceph: stderr
2024-03-17T23:53:48.076+0000 7fc936ffd700 1 -- 172.21.15.23:0/3112144000 <== mon.0 v2:172.21.15.23:3300/0 4 ==== mgrmap(e 4) v1 ==== 45272+0+0 (secure 0 0 0) 0x7fc93c01aba0 con 0x7fc94007bef0
2024-03-17T23:53:49.004 INFO:teuthology.orchestra.run.smithi023.stdout:/usr/bin/ceph: stderr
2024-03-17T23:53:48.076+0000 7fc947aac700 1 -- 172.21.15.23:0/3112144000 --> [v2:172.21.15.23:3300/0,v1:172.21.15.23:6789/0] -- mon_command({"prefix": "get_command_descriptions"} v 0) v1 -- 0x7fc94010c740 con 0x7fc94007bef0
2024-03-17T23:53:49.004 INFO:teuthology.orchestra.run.smithi023.stdout:/usr/bin/ceph: stderr
2024-03-17T23:53:48.076+0000 7fc936ffd700 1 --2- 172.21.15.23:0/3112144000 >> [v2:172.21.15.23:6800/1750759137,v1:172.21.15.23:6801/1750759137] conn(0x7fc92c0382d0 0x7fc92c03a790 unknown :-1 s=NONE pgs=0 cs=0 l=1 rev1=0 crypto rx=0 tx=0 comp rx=0 tx=0).connect
2024-03-17T23:53:49.004 INFO:teuthology.orchestra.run.smithi023.stdout:/usr/bin/ceph: stderr
2024-03-17T23:53:48.076+0000 7fc936ffd700 1 -- 172.21.15.23:0/3112144000 <== mon.0 v2:172.21.15.23:3300/0 5 ==== osd_map(1..1 src has 1..1) v4 ==== 725+0+0 (secure 0 0 0) 0x7fc93c04c100 con 0x7fc94007bef0
2024-03-17T23:53:49.004 INFO:teuthology.orchestra.run.smithi023.stdout:/usr/bin/ceph: stderr
2024-03-17T23:53:48.076+0000 7fc945047700 1 --2- 172.21.15.23:0/3112144000 >> [v2:172.21.15.23:6800/1750759137,v1:172.21.15.23:6801/1750759137] conn(0x7fc92c0382d0 0x7fc92c03a790 unknown :-1 s=BANNER_CONNECTING pgs=0 cs=0 l=1 rev1=0 crypto rx=0 tx=0 comp rx=0 tx=0)._handle_peer_banner_payload supported=3 required=0
2024-03-17T23:53:49.004 INFO:teuthology.orchestra.run.smithi023.stdout:/usr/bin/ceph: stderr
2024-03-17T23:53:48.076+0000 7fc945047700 1 --2- 172.21.15.23:0/3112144000 >> [v2:172.21.15.23:6800/1750759137,v1:172.21.15.23:6801/1750759137] conn(0x7fc92c0382d0 0x7fc92c03a790 secure :-1 s=READY pgs=8 cs=0 l=1 rev1=1 crypto rx=0x7fc930006fd0 tx=0x7fc930006e40 comp rx=0 tx=0).ready entity=mgr.14100 client_cookie=0 server_cookie=0 in_seq=0 out_seq=0
2024-03-17T23:53:49.004 INFO:teuthology.orchestra.run.smithi023.stdout:/usr/bin/ceph: stderr
2024-03-17T23:53:48.081+0000 7fc936ffd700 1 -- 172.21.15.23:0/3112144000 <== mon.0 v2:172.21.15.23:3300/0 6 ==== mon_command_ack([{"prefix": "get_command_descriptions"}]=0 v0) v1 ==== 72+0+180422 (secure 0 0 0) 0x7fc93c07f0e0 con 0x7fc94007bef0
2024-03-17T23:53:49.005 INFO:teuthology.orchestra.run.smithi023.stdout:/usr/bin/ceph: stderr
2024-03-17T23:53:48.336+0000 7fc947aac700 1 -- 172.21.15.23:0/3112144000 --> [v2:172.21.15.23:3300/0,v1:172.21.15.23:6789/0] -- mon_command({"prefix": "mgr module enable", "module": "cephadm"} v 0) v1 -- 0x7fc94019fcc0 con 0x7fc94007bef0
2024-03-17T23:53:49.005 INFO:teuthology.orchestra.run.smithi023.stdout:/usr/bin/ceph: stderr
2024-03-17T23:53:48.389+0000 7fc936ffd700 1 -- 172.21.15.23:0/3112144000 <== mon.0 v2:172.21.15.23:3300/0 7 ==== mgrmap(e 5) v1 ==== 45283+0+0 (secure 0 0 0) 0x7fc93c02d910 con 0x7fc94007bef0
2024-03-17T23:53:49.005 INFO:teuthology.orchestra.run.smithi023.stdout:/usr/bin/ceph: stderr
2024-03-17T23:53:48.390+0000 7fc936ffd700 1 -- 172.21.15.23:0/3112144000 <== mon.0 v2:172.21.15.23:3300/0 8 ==== mon_command_ack([{"prefix": "mgr module enable", "module": "cephadm"}]=0 v5) v1 ==== 86+0+0 (secure 0 0 0) 0x7fc93c04be60 con 0x7fc94007bef0
2024-03-17T23:53:49.005 INFO:teuthology.orchestra.run.smithi023.stdout:/usr/bin/ceph: stderr
2024-03-17T23:53:48.393+0000 7fc947aac700 1 -- 172.21.15.23:0/3112144000 >> [v2:172.21.15.23:6800/1750759137,v1:172.21.15.23:6801/1750759137] conn(0x7fc92c0382d0 msgr2=0x7fc92c03a790 secure :-1 s=STATE_CONNECTION_ESTABLISHED l=1).mark_down
2024-03-17T23:53:49.005 INFO:teuthology.orchestra.run.smithi023.stdout:/usr/bin/ceph: stderr
2024-03-17T23:53:48.393+0000 7fc947aac700 1 --2- 172.21.15.23:0/3112144000 >> [v2:172.21.15.23:6800/1750759137,v1:172.21.15.23:6801/1750759137] conn(0x7fc92c0382d0 0x7fc92c03a790 secure :-1 s=READY pgs=8 cs=0 l=1 rev1=1 crypto rx=0x7fc930006fd0 tx=0x7fc930006e40 comp rx=0 tx=0).stop
2024-03-17T23:53:49.005 INFO:teuthology.orchestra.run.smithi023.stdout:/usr/bin/ceph: stderr
2024-03-17T23:53:48.393+0000 7fc947aac700 1 -- 172.21.15.23:0/3112144000 >> [v2:172.21.15.23:3300/0,v1:172.21.15.23:6789/0] conn(0x7fc94007bef0 msgr2=0x7fc94019c300 secure :-1 s=STATE_CONNECTION_ESTABLISHED l=1).mark_down
2024-03-17T23:53:49.005 INFO:teuthology.orchestra.run.smithi023.stdout:/usr/bin/ceph: stderr
2024-03-17T23:53:48.393+0000 7fc947aac700 1 --2- 172.21.15.23:0/3112144000 >> [v2:172.21.15.23:3300/0,v1:172.21.15.23:6789/0] conn(0x7fc94007bef0 0x7fc94019c300 secure :-1 s=READY pgs=21 cs=0 l=1 rev1=1 crypto rx=0x7fc93c000c00 tx=0x7fc93c011ab0 comp rx=0 tx=0).stop
2024-03-17T23:53:49.005 INFO:teuthology.orchestra.run.smithi023.stdout:/usr/bin/ceph: stderr
2024-03-17T23:53:48.393+0000 7fc947aac700 1 -- 172.21.15.23:0/3112144000 shutdown_connections
2024-03-17T23:53:49.005 INFO:teuthology.orchestra.run.smithi023.stdout:/usr/bin/ceph: stderr
2024-03-17T23:53:48.393+0000 7fc947aac700 1 --2- 172.21.15.23:0/3112144000 >> [v2:172.21.15.23:6800/1750759137,v1:172.21.15.23:6801/1750759137] conn(0x7fc92c0382d0 0x7fc92c03a790 unknown :-1 s=CLOSED pgs=8 cs=0 l=1 rev1=1 crypto rx=0 tx=0 comp rx=0 tx=0).stop
2024-03-17T23:53:49.005 INFO:teuthology.orchestra.run.smithi023.stdout:/usr/bin/ceph: stderr
2024-03-17T23:53:48.393+0000 7fc947aac700 1 --2- 172.21.15.23:0/3112144000 >> [v2:172.21.15.23:3300/0,v1:172.21.15.23:6789/0] conn(0x7fc94007bef0 0x7fc94019c300 unknown :-1 s=CLOSED pgs=21 cs=0 l=1 rev1=1 crypto rx=0 tx=0 comp rx=0 tx=0).stop
2024-03-17T23:53:49.005 INFO:teuthology.orchestra.run.smithi023.stdout:/usr/bin/ceph: stderr
2024-03-17T23:53:48.393+0000 7fc947aac700 1 -- 172.21.15.23:0/3112144000 >> 172.21.15.23:0/3112144000 conn(0x7fc940101a00 msgr2=0x7fc9401030f0 unknown :-1 s=STATE_NONE l=0).mark_down
2024-03-17T23:53:49.005 INFO:teuthology.orchestra.run.smithi023.stdout:/usr/bin/ceph: stderr
2024-03-17T23:53:48.393+0000 7fc947aac700 1 -- 172.21.15.23:0/3112144000 shutdown_connections
2024-03-17T23:53:49.005 INFO:teuthology.orchestra.run.smithi023.stdout:/usr/bin/ceph: stderr
2024-03-17T23:53:48.393+0000 7fc947aac700 1 -- 172.21.15.23:0/3112144000 wait complete.
2024-03-17T23:53:49.711 INFO:journalctl@ceph.mon.smithi023.smithi023.stdout:Mar 17 23:53:49 smithi023 ceph-mon[28899]: from='client.? 172.21.15.23:0/3112144000' entity='client.admin' cmd='[{"prefix": "mgr module enable", "module": "cephadm"}]': finished
2024-03-17T23:53:49.711 INFO:journalctl@ceph.mon.smithi023.smithi023.stdout:Mar 17 23:53:49 smithi023 ceph-mon[28899]: mgrmap e5: smithi023.bijqcv(active, since 4s)
2024-03-17T23:53:50.698 INFO:journalctl@ceph.mon.smithi023.smithi023.stdout:Mar 17 23:53:50 smithi023 ceph-mon[28899]: from='client.? 172.21.15.23:0/26878007' entity='client.admin' cmd=[{"prefix": "mgr stat"}]: dispatch
2024-03-17T23:53:55.452 INFO:teuthology.orchestra.run.smithi023.stdout:/usr/bin/ceph: stdout {
2024-03-17T23:53:55.452 INFO:teuthology.orchestra.run.smithi023.stdout:/usr/bin/ceph: stdout "epoch": 5,
2024-03-17T23:53:55.452 INFO:teuthology.orchestra.run.smithi023.stdout:/usr/bin/ceph: stdout "available": true,
2024-03-17T23:53:55.452 INFO:teuthology.orchestra.run.smithi023.stdout:/usr/bin/ceph: stdout "active_name": "smithi023.bijqcv",
2024-03-17T23:53:55.452 INFO:teuthology.orchestra.run.smithi023.stdout:/usr/bin/ceph: stdout "num_standby": 0
2024-03-17T23:53:55.453 INFO:teuthology.orchestra.run.smithi023.stdout:/usr/bin/ceph: stdout }
2024-03-17T23:53:55.453 INFO:teuthology.orchestra.run.smithi023.stdout:/usr/bin/ceph: stderr
2024-03-17T23:53:49.426+0000 7fce07b7e700 1 Processor -- start
2024-03-17T23:53:55.453 INFO:teuthology.orchestra.run.smithi023.stdout:/usr/bin/ceph: stderr
2024-03-17T23:53:49.427+0000 7fce07b7e700 1 -- start start
2024-03-17T23:53:55.453 INFO:teuthology.orchestra.run.smithi023.stdout:/usr/bin/ceph: stderr
2024-03-17T23:53:49.427+0000 7fce07b7e700 1 --2- >> [v2:172.21.15.23:3300/0,v1:172.21.15.23:6789/0] conn(0x7fce00104d30 0x7fce00105150 unknown :-1 s=NONE pgs=0 cs=0 l=0 rev1=0 crypto rx=0 tx=0 comp rx=0 tx=0).connect
2024-03-17T23:53:55.453 INFO:teuthology.orchestra.run.smithi023.stdout:/usr/bin/ceph: stderr
2024-03-17T23:53:49.427+0000 7fce07b7e700 1 -- --> [v2:172.21.15.23:3300/0,v1:172.21.15.23:6789/0] -- mon_getmap magic: 0 v1 -- 0x7fce00079e40 con 0x7fce00104d30
2024-03-17T23:53:55.453 INFO:teuthology.orchestra.run.smithi023.stdout:/usr/bin/ceph: stderr
2024-03-17T23:53:49.427+0000 7fce0591a700 1 --2- >> [v2:172.21.15.23:3300/0,v1:172.21.15.23:6789/0] conn(0x7fce00104d30 0x7fce00105150 unknown :-1 s=BANNER_CONNECTING pgs=0 cs=0 l=0 rev1=0 crypto rx=0 tx=0 comp rx=0 tx=0)._handle_peer_banner_payload supported=3 required=0
2024-03-17T23:53:55.453 INFO:teuthology.orchestra.run.smithi023.stdout:/usr/bin/ceph: stderr
2024-03-17T23:53:49.427+0000 7fce0591a700 1 --2- >> [v2:172.21.15.23:3300/0,v1:172.21.15.23:6789/0] conn(0x7fce00104d30 0x7fce00105150 unknown :-1 s=HELLO_CONNECTING pgs=0 cs=0 l=0 rev1=1 crypto rx=0 tx=0 comp rx=0 tx=0).handle_hello peer v2:172.21.15.23:3300/0 says I am v2:172.21.15.23:51784/0 (socket says 172.21.15.23:51784)
2024-03-17T23:53:55.453 INFO:teuthology.orchestra.run.smithi023.stdout:/usr/bin/ceph: stderr
2024-03-17T23:53:49.427+0000 7fce0591a700 1 -- 172.21.15.23:0/657138820 learned_addr learned my addr 172.21.15.23:0/657138820 (peer_addr_for_me v2:172.21.15.23:0/0)
2024-03-17T23:53:55.453 INFO:teuthology.orchestra.run.smithi023.stdout:/usr/bin/ceph: stderr
2024-03-17T23:53:49.427+0000 7fce0591a700 1 -- 172.21.15.23:0/657138820 --> [v2:172.21.15.23:3300/0,v1:172.21.15.23:6789/0] -- mon_subscribe({config=0+,monmap=0+}) v3 -- 0x7fce00105690 con 0x7fce00104d30
2024-03-17T23:53:55.453 INFO:teuthology.orchestra.run.smithi023.stdout:/usr/bin/ceph: stderr
2024-03-17T23:53:49.427+0000 7fce0591a700 1 --2- 172.21.15.23:0/657138820 >> [v2:172.21.15.23:3300/0,v1:172.21.15.23:6789/0] conn(0x7fce00104d30 0x7fce00105150 secure :-1 s=READY pgs=24 cs=0 l=1 rev1=1 crypto rx=0x7fcdfc0098a0 tx=0x7fcdfc009bb0 comp rx=0 tx=0).ready entity=mon.0 client_cookie=9a6a112c6975264c server_cookie=0 in_seq=0 out_seq=0
2024-03-17T23:53:55.453 INFO:teuthology.orchestra.run.smithi023.stdout:/usr/bin/ceph: stderr
2024-03-17T23:53:49.428+0000 7fce04918700 1 -- 172.21.15.23:0/657138820 <== mon.0 v2:172.21.15.23:3300/0 1 ==== mon_map magic: 0 v1 ==== 229+0+0 (secure 0 0 0) 0x7fcdfc004180 con 0x7fce00104d30
2024-03-17T23:53:55.453 INFO:teuthology.orchestra.run.smithi023.stdout:/usr/bin/ceph: stderr
2024-03-17T23:53:49.428+0000 7fce04918700 1 -- 172.21.15.23:0/657138820 <== mon.0 v2:172.21.15.23:3300/0 2 ==== config(27 keys) v1 ==== 1037+0+0 (secure 0 0 0) 0x7fcdfc0042e0 con 0x7fce00104d30
2024-03-17T23:53:55.453 INFO:teuthology.orchestra.run.smithi023.stdout:/usr/bin/ceph: stderr
2024-03-17T23:53:49.428+0000 7fce04918700 1 -- 172.21.15.23:0/657138820 <== mon.0 v2:172.21.15.23:3300/0 3 ==== mon_map magic: 0 v1 ==== 229+0+0 (secure 0 0 0) 0x7fcdfc011a50 con 0x7fce00104d30
2024-03-17T23:53:55.454 INFO:teuthology.orchestra.run.smithi023.stdout:/usr/bin/ceph: stderr
2024-03-17T23:53:49.428+0000 7fce07b7e700 1 -- 172.21.15.23:0/657138820 >> [v2:172.21.15.23:3300/0,v1:172.21.15.23:6789/0] conn(0x7fce00104d30 msgr2=0x7fce00105150 secure :-1 s=STATE_CONNECTION_ESTABLISHED l=1).mark_down
2024-03-17T23:53:55.454 INFO:teuthology.orchestra.run.smithi023.stdout:/usr/bin/ceph: stderr
