2024-03-17T23:54:12.710 INFO:journalctl@ceph.mon.smithi023.smithi023.stdout:Mar 17 23:54:12 smithi023 ceph-mon[28899]: from='mgr.14118 172.21.15.23:0/1174580825' entity='mgr.smithi023.bijqcv'
2024-03-17T23:54:12.710 INFO:journalctl@ceph.mon.smithi023.smithi023.stdout:Mar 17 23:54:12 smithi023 ceph-mon[28899]: from='mgr.14118 172.21.15.23:0/1174580825' entity='mgr.smithi023.bijqcv'
2024-03-17T23:54:12.717 INFO:teuthology.orchestra.run.smithi023.stdout:/usr/bin/ceph: stdout Scheduled crash update...
2024-03-17T23:54:12.717 INFO:teuthology.orchestra.run.smithi023.stdout:/usr/bin/ceph: stderr
2024-03-17T23:54:11.452+0000 7f0e055e7700 1 Processor -- start
2024-03-17T23:54:12.717 INFO:teuthology.orchestra.run.smithi023.stdout:/usr/bin/ceph: stderr
2024-03-17T23:54:11.452+0000 7f0e055e7700 1 -- start start
2024-03-17T23:54:12.717 INFO:teuthology.orchestra.run.smithi023.stdout:/usr/bin/ceph: stderr
2024-03-17T23:54:11.452+0000 7f0e055e7700 1 --2- >> [v2:172.21.15.23:3300/0,v1:172.21.15.23:6789/0] conn(0x7f0e00106f00 0x7f0e001092f0 unknown :-1 s=NONE pgs=0 cs=0 l=0 rev1=0 crypto rx=0 tx=0 comp rx=0 tx=0).connect
2024-03-17T23:54:12.717 INFO:teuthology.orchestra.run.smithi023.stdout:/usr/bin/ceph: stderr
2024-03-17T23:54:11.452+0000 7f0e055e7700 1 -- --> [v2:172.21.15.23:3300/0,v1:172.21.15.23:6789/0] -- mon_getmap magic: 0 v1 -- 0x7f0e00079e80 con 0x7f0e00106f00
2024-03-17T23:54:12.717 INFO:teuthology.orchestra.run.smithi023.stdout:/usr/bin/ceph: stderr
2024-03-17T23:54:11.452+0000 7f0dfeffd700 1 --2- >> [v2:172.21.15.23:3300/0,v1:172.21.15.23:6789/0] conn(0x7f0e00106f00 0x7f0e001092f0 unknown :-1 s=BANNER_CONNECTING pgs=0 cs=0 l=0 rev1=0 crypto rx=0 tx=0 comp rx=0 tx=0)._handle_peer_banner_payload supported=3 required=0
2024-03-17T23:54:12.718 INFO:teuthology.orchestra.run.smithi023.stdout:/usr/bin/ceph: stderr
2024-03-17T23:54:11.452+0000 7f0dfeffd700 1 --2- >> [v2:172.21.15.23:3300/0,v1:172.21.15.23:6789/0] conn(0x7f0e00106f00 0x7f0e001092f0 unknown :-1 s=HELLO_CONNECTING pgs=0 cs=0 l=0 rev1=1 crypto rx=0 tx=0 comp rx=0 tx=0).handle_hello peer v2:172.21.15.23:3300/0 says I am v2:172.21.15.23:55896/0 (socket says 172.21.15.23:55896)
2024-03-17T23:54:12.718 INFO:teuthology.orchestra.run.smithi023.stdout:/usr/bin/ceph: stderr
2024-03-17T23:54:11.452+0000 7f0dfeffd700 1 -- 172.21.15.23:0/552407902 learned_addr learned my addr 172.21.15.23:0/552407902 (peer_addr_for_me v2:172.21.15.23:0/0)
2024-03-17T23:54:12.718 INFO:teuthology.orchestra.run.smithi023.stdout:/usr/bin/ceph: stderr
2024-03-17T23:54:11.453+0000 7f0dfeffd700 1 -- 172.21.15.23:0/552407902 --> [v2:172.21.15.23:3300/0,v1:172.21.15.23:6789/0] -- mon_subscribe({config=0+,monmap=0+}) v3 -- 0x7f0e00109830 con 0x7f0e00106f00
2024-03-17T23:54:12.718 INFO:teuthology.orchestra.run.smithi023.stdout:/usr/bin/ceph: stderr
2024-03-17T23:54:11.453+0000 7f0dfeffd700 1 --2- 172.21.15.23:0/552407902 >> [v2:172.21.15.23:3300/0,v1:172.21.15.23:6789/0] conn(0x7f0e00106f00 0x7f0e001092f0 secure :-1 s=READY pgs=49 cs=0 l=1 rev1=1 crypto rx=0x7f0df00098a0 tx=0x7f0df0009bb0 comp rx=0 tx=0).ready entity=mon.0 client_cookie=4c420f2dd8de421e server_cookie=0 in_seq=0 out_seq=0
2024-03-17T23:54:12.718 INFO:teuthology.orchestra.run.smithi023.stdout:/usr/bin/ceph: stderr
2024-03-17T23:54:11.453+0000 7f0dfdffb700 1 -- 172.21.15.23:0/552407902 <== mon.0 v2:172.21.15.23:3300/0 1 ==== mon_map magic: 0 v1 ==== 229+0+0 (secure 0 0 0) 0x7f0df0004180 con 0x7f0e00106f00
2024-03-17T23:54:12.718 INFO:teuthology.orchestra.run.smithi023.stdout:/usr/bin/ceph: stderr
2024-03-17T23:54:11.453+0000 7f0dfdffb700 1 -- 172.21.15.23:0/552407902 <== mon.0 v2:172.21.15.23:3300/0 2 ==== config(27 keys) v1 ==== 1101+0+0 (secure 0 0 0) 0x7f0df00042e0 con 0x7f0e00106f00
2024-03-17T23:54:12.718 INFO:teuthology.orchestra.run.smithi023.stdout:/usr/bin/ceph: stderr
2024-03-17T23:54:11.453+0000 7f0dfdffb700 1 -- 172.21.15.23:0/552407902 <== mon.0 v2:172.21.15.23:3300/0 3 ==== mon_map magic: 0 v1 ==== 229+0+0 (secure 0 0 0) 0x7f0df0011af0 con 0x7f0e00106f00
2024-03-17T23:54:12.718 INFO:teuthology.orchestra.run.smithi023.stdout:/usr/bin/ceph: stderr
2024-03-17T23:54:11.454+0000 7f0e055e7700 1 -- 172.21.15.23:0/552407902 >> [v2:172.21.15.23:3300/0,v1:172.21.15.23:6789/0] conn(0x7f0e00106f00 msgr2=0x7f0e001092f0 secure :-1 s=STATE_CONNECTION_ESTABLISHED l=1).mark_down
2024-03-17T23:54:12.718 INFO:teuthology.orchestra.run.smithi023.stdout:/usr/bin/ceph: stderr
2024-03-17T23:54:11.454+0000 7f0e055e7700 1 --2- 172.21.15.23:0/552407902 >> [v2:172.21.15.23:3300/0,v1:172.21.15.23:6789/0] conn(0x7f0e00106f00 0x7f0e001092f0 secure :-1 s=READY pgs=49 cs=0 l=1 rev1=1 crypto rx=0x7f0df00098a0 tx=0x7f0df0009bb0 comp rx=0 tx=0).stop
2024-03-17T23:54:12.718 INFO:teuthology.orchestra.run.smithi023.stdout:/usr/bin/ceph: stderr
2024-03-17T23:54:11.454+0000 7f0e055e7700 1 -- 172.21.15.23:0/552407902 shutdown_connections
2024-03-17T23:54:12.718 INFO:teuthology.orchestra.run.smithi023.stdout:/usr/bin/ceph: stderr
2024-03-17T23:54:11.454+0000 7f0e055e7700 1 --2- 172.21.15.23:0/552407902 >> [v2:172.21.15.23:3300/0,v1:172.21.15.23:6789/0] conn(0x7f0e00106f00 0x7f0e001092f0 unknown :-1 s=CLOSED pgs=49 cs=0 l=1 rev1=1 crypto rx=0 tx=0 comp rx=0 tx=0).stop
2024-03-17T23:54:12.718 INFO:teuthology.orchestra.run.smithi023.stdout:/usr/bin/ceph: stderr
2024-03-17T23:54:11.454+0000 7f0e055e7700 1 -- 172.21.15.23:0/552407902 >> 172.21.15.23:0/552407902 conn(0x7f0e001008d0 msgr2=0x7f0e00102d30 unknown :-1 s=STATE_NONE l=0).mark_down
2024-03-17T23:54:12.718 INFO:teuthology.orchestra.run.smithi023.stdout:/usr/bin/ceph: stderr
2024-03-17T23:54:11.454+0000 7f0e055e7700 1 -- 172.21.15.23:0/552407902 shutdown_connections
2024-03-17T23:54:12.718 INFO:teuthology.orchestra.run.smithi023.stdout:/usr/bin/ceph: stderr
2024-03-17T23:54:11.454+0000 7f0e055e7700 1 -- 172.21.15.23:0/552407902 wait complete.
2024-03-17T23:54:12.718 INFO:teuthology.orchestra.run.smithi023.stdout:/usr/bin/ceph: stderr
2024-03-17T23:54:11.454+0000 7f0e055e7700 1 Processor -- start
2024-03-17T23:54:12.719 INFO:teuthology.orchestra.run.smithi023.stdout:/usr/bin/ceph: stderr
2024-03-17T23:54:11.454+0000 7f0e055e7700 1 -- start start
2024-03-17T23:54:12.719 INFO:teuthology.orchestra.run.smithi023.stdout:/usr/bin/ceph: stderr
2024-03-17T23:54:11.455+0000 7f0e055e7700 1 --2- >> [v2:172.21.15.23:3300/0,v1:172.21.15.23:6789/0] conn(0x7f0e00106f00 0x7f0e0019a110 unknown :-1 s=NONE pgs=0 cs=0 l=1 rev1=0 crypto rx=0 tx=0 comp rx=0 tx=0).connect
2024-03-17T23:54:12.719 INFO:teuthology.orchestra.run.smithi023.stdout:/usr/bin/ceph: stderr
2024-03-17T23:54:11.455+0000 7f0e055e7700 1 -- --> [v2:172.21.15.23:3300/0,v1:172.21.15.23:6789/0] -- mon_getmap magic: 0 v1 -- 0x7f0e0019a650 con 0x7f0e00106f00
2024-03-17T23:54:12.719 INFO:teuthology.orchestra.run.smithi023.stdout:/usr/bin/ceph: stderr
2024-03-17T23:54:11.455+0000 7f0dfeffd700 1 --2- >> [v2:172.21.15.23:3300/0,v1:172.21.15.23:6789/0] conn(0x7f0e00106f00 0x7f0e0019a110 unknown :-1 s=BANNER_CONNECTING pgs=0 cs=0 l=1 rev1=0 crypto rx=0 tx=0 comp rx=0 tx=0)._handle_peer_banner_payload supported=3 required=0
2024-03-17T23:54:12.719 INFO:teuthology.orchestra.run.smithi023.stdout:/usr/bin/ceph: stderr
2024-03-17T23:54:11.455+0000 7f0dfeffd700 1 --2- >> [v2:172.21.15.23:3300/0,v1:172.21.15.23:6789/0] conn(0x7f0e00106f00 0x7f0e0019a110 unknown :-1 s=HELLO_CONNECTING pgs=0 cs=0 l=1 rev1=1 crypto rx=0 tx=0 comp rx=0 tx=0).handle_hello peer v2:172.21.15.23:3300/0 says I am v2:172.21.15.23:55904/0 (socket says 172.21.15.23:55904)
2024-03-17T23:54:12.719 INFO:teuthology.orchestra.run.smithi023.stdout:/usr/bin/ceph: stderr
2024-03-17T23:54:11.455+0000 7f0dfeffd700 1 -- 172.21.15.23:0/39056328 learned_addr learned my addr 172.21.15.23:0/39056328 (peer_addr_for_me v2:172.21.15.23:0/0)
2024-03-17T23:54:12.719 INFO:teuthology.orchestra.run.smithi023.stdout:/usr/bin/ceph: stderr
2024-03-17T23:54:11.455+0000 7f0dfeffd700 1 -- 172.21.15.23:0/39056328 --> [v2:172.21.15.23:3300/0,v1:172.21.15.23:6789/0] -- mon_subscribe({config=0+,monmap=0+}) v3 -- 0x7f0df0009550 con 0x7f0e00106f00
2024-03-17T23:54:12.719 INFO:teuthology.orchestra.run.smithi023.stdout:/usr/bin/ceph: stderr
2024-03-17T23:54:11.455+0000 7f0dfeffd700 1 --2- 172.21.15.23:0/39056328 >> [v2:172.21.15.23:3300/0,v1:172.21.15.23:6789/0] conn(0x7f0e00106f00 0x7f0e0019a110 secure :-1 s=READY pgs=50 cs=0 l=1 rev1=1 crypto rx=0x7f0df0011670 tx=0x7f0df0011b50 comp rx=0 tx=0).ready entity=mon.0 client_cookie=0 server_cookie=0 in_seq=0 out_seq=0
2024-03-17T23:54:12.719 INFO:teuthology.orchestra.run.smithi023.stdout:/usr/bin/ceph: stderr
2024-03-17T23:54:11.455+0000 7f0de7fff700 1 -- 172.21.15.23:0/39056328 <== mon.0 v2:172.21.15.23:3300/0 1 ==== mon_map magic: 0 v1 ==== 229+0+0 (secure 0 0 0) 0x7f0df0003a40 con 0x7f0e00106f00
2024-03-17T23:54:12.719 INFO:teuthology.orchestra.run.smithi023.stdout:/usr/bin/ceph: stderr
2024-03-17T23:54:11.455+0000 7f0de7fff700 1 -- 172.21.15.23:0/39056328 <== mon.0 v2:172.21.15.23:3300/0 2 ==== config(27 keys) v1 ==== 1101+0+0 (secure 0 0 0) 0x7f0df0003ba0 con 0x7f0e00106f00
2024-03-17T23:54:12.719 INFO:teuthology.orchestra.run.smithi023.stdout:/usr/bin/ceph: stderr
2024-03-17T23:54:11.455+0000 7f0e055e7700 1 -- 172.21.15.23:0/39056328 --> [v2:172.21.15.23:3300/0,v1:172.21.15.23:6789/0] -- mon_subscribe({mgrmap=0+}) v3 -- 0x7f0e0019a850 con 0x7f0e00106f00
2024-03-17T23:54:12.719 INFO:teuthology.orchestra.run.smithi023.stdout:/usr/bin/ceph: stderr
2024-03-17T23:54:11.455+0000 7f0de7fff700 1 -- 172.21.15.23:0/39056328 <== mon.0 v2:172.21.15.23:3300/0 3 ==== mon_map magic: 0 v1 ==== 229+0+0 (secure 0 0 0) 0x7f0df0024790 con 0x7f0e00106f00
2024-03-17T23:54:12.719 INFO:teuthology.orchestra.run.smithi023.stdout:/usr/bin/ceph: stderr
2024-03-17T23:54:11.455+0000 7f0e055e7700 1 -- 172.21.15.23:0/39056328 --> [v2:172.21.15.23:3300/0,v1:172.21.15.23:6789/0] -- mon_subscribe({osdmap=0}) v3 -- 0x7f0e0019acf0 con 0x7f0e00106f00
2024-03-17T23:54:12.719 INFO:teuthology.orchestra.run.smithi023.stdout:/usr/bin/ceph: stderr
2024-03-17T23:54:11.456+0000 7f0de7fff700 1 -- 172.21.15.23:0/39056328 <== mon.0 v2:172.21.15.23:3300/0 4 ==== mgrmap(e 8) v1 ==== 45283+0+0 (secure 0 0 0) 0x7f0df002d3f0 con 0x7f0e00106f00
2024-03-17T23:54:12.719 INFO:teuthology.orchestra.run.smithi023.stdout:/usr/bin/ceph: stderr
2024-03-17T23:54:11.456+0000 7f0e055e7700 1 -- 172.21.15.23:0/39056328 --> [v2:172.21.15.23:3300/0,v1:172.21.15.23:6789/0] -- mon_command({"prefix": "get_command_descriptions"} v 0) v1 -- 0x7f0e0010a5c0 con 0x7f0e00106f00
2024-03-17T23:54:12.720 INFO:teuthology.orchestra.run.smithi023.stdout:/usr/bin/ceph: stderr
2024-03-17T23:54:11.456+0000 7f0de7fff700 1 --2- 172.21.15.23:0/39056328 >> [v2:172.21.15.23:6800/1311762511,v1:172.21.15.23:6801/1311762511] conn(0x7f0de8038320 0x7f0de803a7e0 unknown :-1 s=NONE pgs=0 cs=0 l=1 rev1=0 crypto rx=0 tx=0 comp rx=0 tx=0).connect
2024-03-17T23:54:12.720 INFO:teuthology.orchestra.run.smithi023.stdout:/usr/bin/ceph: stderr
2024-03-17T23:54:11.456+0000 7f0de7fff700 1 -- 172.21.15.23:0/39056328 <== mon.0 v2:172.21.15.23:3300/0 5 ==== osd_map(2..2 src has 1..2) v4 ==== 940+0+0 (secure 0 0 0) 0x7f0df004c7f0 con 0x7f0e00106f00
2024-03-17T23:54:12.720 INFO:teuthology.orchestra.run.smithi023.stdout:/usr/bin/ceph: stderr
2024-03-17T23:54:11.456+0000 7f0dfe7fc700 1 --2- 172.21.15.23:0/39056328 >> [v2:172.21.15.23:6800/1311762511,v1:172.21.15.23:6801/1311762511] conn(0x7f0de8038320 0x7f0de803a7e0 unknown :-1 s=BANNER_CONNECTING pgs=0 cs=0 l=1 rev1=0 crypto rx=0 tx=0 comp rx=0 tx=0)._handle_peer_banner_payload supported=3 required=0
2024-03-17T23:54:12.720 INFO:teuthology.orchestra.run.smithi023.stdout:/usr/bin/ceph: stderr
2024-03-17T23:54:11.457+0000 7f0dfe7fc700 1 --2- 172.21.15.23:0/39056328 >> [v2:172.21.15.23:6800/1311762511,v1:172.21.15.23:6801/1311762511] conn(0x7f0de8038320 0x7f0de803a7e0 secure :-1 s=READY pgs=14 cs=0 l=1 rev1=1 crypto rx=0x7f0df4006fd0 tx=0x7f0df4006e40 comp rx=0 tx=0).ready entity=mgr.14118 client_cookie=0 server_cookie=0 in_seq=0 out_seq=0
2024-03-17T23:54:12.720 INFO:teuthology.orchestra.run.smithi023.stdout:/usr/bin/ceph: stderr
2024-03-17T23:54:11.461+0000 7f0de7fff700 1 -- 172.21.15.23:0/39056328 <== mon.0 v2:172.21.15.23:3300/0 6 ==== mon_command_ack([{"prefix": "get_command_descriptions"}]=0 v0) v1 ==== 72+0+180422 (secure 0 0 0) 0x7f0df0010970 con 0x7f0e00106f00
2024-03-17T23:54:12.720 INFO:teuthology.orchestra.run.smithi023.stdout:/usr/bin/ceph: stderr
2024-03-17T23:54:11.688+0000 7f0e055e7700 1 -- 172.21.15.23:0/39056328 --> [v2:172.21.15.23:6800/1311762511,v1:172.21.15.23:6801/1311762511] -- mgr_command(tid 0: {"prefix": "orch apply", "service_type": "crash", "target": ["mon-mgr", ""]}) v1 -- 0x7f0e00101da0 con 0x7f0de8038320
2024-03-17T23:54:12.720 INFO:teuthology.orchestra.run.smithi023.stdout:/usr/bin/ceph: stderr
2024-03-17T23:54:11.692+0000 7f0de7fff700 1 -- 172.21.15.23:0/39056328 <== mgr.14118 v2:172.21.15.23:6800/1311762511 1 ==== mgr_command_reply(tid 0: 0 ) v1 ==== 8+0+26 (secure 0 0 0) 0x7f0e00101da0 con 0x7f0de8038320
2024-03-17T23:54:12.720 INFO:teuthology.orchestra.run.smithi023.stdout:/usr/bin/ceph: stderr
2024-03-17T23:54:11.694+0000 7f0e055e7700 1 -- 172.21.15.23:0/39056328 >> [v2:172.21.15.23:6800/1311762511,v1:172.21.15.23:6801/1311762511] conn(0x7f0de8038320 msgr2=0x7f0de803a7e0 secure :-1 s=STATE_CONNECTION_ESTABLISHED l=1).mark_down
2024-03-17T23:54:12.720 INFO:teuthology.orchestra.run.smithi023.stdout:/usr/bin/ceph: stderr
2024-03-17T23:54:11.694+0000 7f0e055e7700 1 --2- 172.21.15.23:0/39056328 >> [v2:172.21.15.23:6800/1311762511,v1:172.21.15.23:6801/1311762511] conn(0x7f0de8038320 0x7f0de803a7e0 secure :-1 s=READY pgs=14 cs=0 l=1 rev1=1 crypto rx=0x7f0df4006fd0 tx=0x7f0df4006e40 comp rx=0 tx=0).stop
2024-03-17T23:54:12.720 INFO:teuthology.orchestra.run.smithi023.stdout:/usr/bin/ceph: stderr
2024-03-17T23:54:11.694+0000 7f0e055e7700 1 -- 172.21.15.23:0/39056328 >> [v2:172.21.15.23:3300/0,v1:172.21.15.23:6789/0] conn(0x7f0e00106f00 msgr2=0x7f0e0019a110 secure :-1 s=STATE_CONNECTION_ESTABLISHED l=1).mark_down
2024-03-17T23:54:12.720 INFO:teuthology.orchestra.run.smithi023.stdout:/usr/bin/ceph: stderr
2024-03-17T23:54:11.694+0000 7f0e055e7700 1 --2- 172.21.15.23:0/39056328 >> [v2:172.21.15.23:3300/0,v1:172.21.15.23:6789/0] conn(0x7f0e00106f00 0x7f0e0019a110 secure :-1 s=READY pgs=50 cs=0 l=1 rev1=1 crypto rx=0x7f0df0011670 tx=0x7f0df0011b50 comp rx=0 tx=0).stop
2024-03-17T23:54:12.720 INFO:teuthology.orchestra.run.smithi023.stdout:/usr/bin/ceph: stderr
2024-03-17T23:54:11.694+0000 7f0e055e7700 1 -- 172.21.15.23:0/39056328 shutdown_connections
2024-03-17T23:54:12.720 INFO:teuthology.orchestra.run.smithi023.stdout:/usr/bin/ceph: stderr
2024-03-17T23:54:11.694+0000 7f0e055e7700 1 --2- 172.21.15.23:0/39056328 >> [v2:172.21.15.23:6800/1311762511,v1:172.21.15.23:6801/1311762511] conn(0x7f0de8038320 0x7f0de803a7e0 unknown :-1 s=CLOSED pgs=14 cs=0 l=1 rev1=1 crypto rx=0 tx=0 comp rx=0 tx=0).stop
2024-03-17T23:54:12.720 INFO:teuthology.orchestra.run.smithi023.stdout:/usr/bin/ceph: stderr
2024-03-17T23:54:11.694+0000 7f0e055e7700 1 --2- 172.21.15.23:0/39056328 >> [v2:172.21.15.23:3300/0,v1:172.21.15.23:6789/0] conn(0x7f0e00106f00 0x7f0e0019a110 unknown :-1 s=CLOSED pgs=50 cs=0 l=1 rev1=1 crypto rx=0 tx=0 comp rx=0 tx=0).stop
2024-03-17T23:54:12.720 INFO:teuthology.orchestra.run.smithi023.stdout:/usr/bin/ceph: stderr
2024-03-17T23:54:11.694+0000 7f0e055e7700 1 -- 172.21.15.23:0/39056328 >> 172.21.15.23:0/39056328 conn(0x7f0e001008d0 msgr2=0x7f0e00101690 unknown :-1 s=STATE_NONE l=0).mark_down
2024-03-17T23:54:12.721 INFO:teuthology.orchestra.run.smithi023.stdout:/usr/bin/ceph: stderr
2024-03-17T23:54:11.695+0000 7f0e055e7700 1 -- 172.21.15.23:0/39056328 shutdown_connections
2024-03-17T23:54:12.721 INFO:teuthology.orchestra.run.smithi023.stdout:/usr/bin/ceph: stderr
2024-03-17T23:54:11.695+0000 7f0e055e7700 1 -- 172.21.15.23:0/39056328 wait complete.
2024-03-17T23:54:12.721 INFO:teuthology.orchestra.run.smithi023.stdout:Deploying ceph-exporter service with default placement...
2024-03-17T23:54:13.966 INFO:teuthology.orchestra.run.smithi023.stdout:/usr/bin/ceph: stdout Scheduled ceph-exporter update...
2024-03-17T23:54:13.966 INFO:teuthology.orchestra.run.smithi023.stdout:/usr/bin/ceph: stderr
2024-03-17T23:54:13.157+0000 7f626937c700 1 Processor -- start
2024-03-17T23:54:13.966 INFO:teuthology.orchestra.run.smithi023.stdout:/usr/bin/ceph: stderr
2024-03-17T23:54:13.157+0000 7f626937c700 1 -- start start
2024-03-17T23:54:13.966 INFO:teuthology.orchestra.run.smithi023.stdout:/usr/bin/ceph: stderr
2024-03-17T23:54:13.157+0000 7f626937c700 1 --2- >> [v2:172.21.15.23:3300/0,v1:172.21.15.23:6789/0] conn(0x7f6264106430 0x7f6264106850 unknown :-1 s=NONE pgs=0 cs=0 l=0 rev1=0 crypto rx=0 tx=0 comp rx=0 tx=0).connect
2024-03-17T23:54:13.966 INFO:teuthology.orchestra.run.smithi023.stdout:/usr/bin/ceph: stderr
2024-03-17T23:54:13.157+0000 7f626937c700 1 -- --> [v2:172.21.15.23:3300/0,v1:172.21.15.23:6789/0] -- mon_getmap magic: 0 v1 -- 0x7f6264106e20 con 0x7f6264106430
2024-03-17T23:54:13.966 INFO:teuthology.orchestra.run.smithi023.stdout:/usr/bin/ceph: stderr
2024-03-17T23:54:13.158+0000 7f6262ffd700 1 --2- >> [v2:172.21.15.23:3300/0,v1:172.21.15.23:6789/0] conn(0x7f6264106430 0x7f6264106850 unknown :-1 s=BANNER_CONNECTING pgs=0 cs=0 l=0 rev1=0 crypto rx=0 tx=0 comp rx=0 tx=0)._handle_peer_banner_payload supported=3 required=0
2024-03-17T23:54:13.966 INFO:teuthology.orchestra.run.smithi023.stdout:/usr/bin/ceph: stderr
2024-03-17T23:54:13.158+0000 7f6262ffd700 1 --2- >> [v2:172.21.15.23:3300/0,v1:172.21.15.23:6789/0] conn(0x7f6264106430 0x7f6264106850 unknown :-1 s=HELLO_CONNECTING pgs=0 cs=0 l=0 rev1=1 crypto rx=0 tx=0 comp rx=0 tx=0).handle_hello peer v2:172.21.15.23:3300/0 says I am v2:172.21.15.23:55908/0 (socket says 172.21.15.23:55908)
2024-03-17T23:54:13.966 INFO:teuthology.orchestra.run.smithi023.stdout:/usr/bin/ceph: stderr
2024-03-17T23:54:13.158+0000 7f6262ffd700 1 -- 172.21.15.23:0/2704533575 learned_addr learned my addr 172.21.15.23:0/2704533575 (peer_addr_for_me v2:172.21.15.23:0/0)
2024-03-17T23:54:13.966 INFO:teuthology.orchestra.run.smithi023.stdout:/usr/bin/ceph: stderr
2024-03-17T23:54:13.158+0000 7f6262ffd700 1 -- 172.21.15.23:0/2704533575 --> [v2:172.21.15.23:3300/0,v1:172.21.15.23:6789/0] -- mon_subscribe({config=0+,monmap=0+}) v3 -- 0x7f6264107630 con 0x7f6264106430
2024-03-17T23:54:13.966 INFO:teuthology.orchestra.run.smithi023.stdout:/usr/bin/ceph: stderr
2024-03-17T23:54:13.158+0000 7f6262ffd700 1 --2- 172.21.15.23:0/2704533575 >> [v2:172.21.15.23:3300/0,v1:172.21.15.23:6789/0] conn(0x7f6264106430 0x7f6264106850 secure :-1 s=READY pgs=51 cs=0 l=1 rev1=1 crypto rx=0x7f62580098a0 tx=0x7f6258009bb0 comp rx=0 tx=0).ready entity=mon.0 client_cookie=8a55bbd95beaf2d0 server_cookie=0 in_seq=0 out_seq=0
2024-03-17T23:54:13.967 INFO:teuthology.orchestra.run.smithi023.stdout:/usr/bin/ceph: stderr
2024-03-17T23:54:13.158+0000 7f6261ffb700 1 -- 172.21.15.23:0/2704533575 <== mon.0 v2:172.21.15.23:3300/0 1 ==== mon_map magic: 0 v1 ==== 229+0+0 (secure 0 0 0) 0x7f6258004180 con 0x7f6264106430
2024-03-17T23:54:13.967 INFO:teuthology.orchestra.run.smithi023.stdout:/usr/bin/ceph: stderr
2024-03-17T23:54:13.158+0000 7f6261ffb700 1 -- 172.21.15.23:0/2704533575 <== mon.0 v2:172.21.15.23:3300/0 2 ==== config(27 keys) v1 ==== 1101+0+0 (secure 0 0 0) 0x7f62580042e0 con 0x7f6264106430
2024-03-17T23:54:13.967 INFO:teuthology.orchestra.run.smithi023.stdout:/usr/bin/ceph: stderr
2024-03-17T23:54:13.158+0000 7f6261ffb700 1 -- 172.21.15.23:0/2704533575 <== mon.0 v2:172.21.15.23:3300/0 3 ==== mon_map magic: 0 v1 ==== 229+0+0 (secure 0 0 0) 0x7f6258011af0 con 0x7f6264106430
2024-03-17T23:54:13.967 INFO:teuthology.orchestra.run.smithi023.stdout:/usr/bin/ceph: stderr
2024-03-17T23:54:13.159+0000 7f626937c700 1 -- 172.21.15.23:0/2704533575 >> [v2:172.21.15.23:3300/0,v1:172.21.15.23:6789/0] conn(0x7f6264106430 msgr2=0x7f6264106850 secure :-1 s=STATE_CONNECTION_ESTABLISHED l=1).mark_down
2024-03-17T23:54:13.967 INFO:teuthology.orchestra.run.smithi023.stdout:/usr/bin/ceph: stderr
2024-03-17T23:54:13.159+0000 7f626937c700 1 --2- 172.21.15.23:0/2704533575 >> [v2:172.21.15.23:3300/0,v1:172.21.15.23:6789/0] conn(0x7f6264106430 0x7f6264106850 secure :-1 s=READY pgs=51 cs=0 l=1 rev1=1 crypto rx=0x7f62580098a0 tx=0x7f6258009bb0 comp rx=0 tx=0).stop
2024-03-17T23:54:13.967 INFO:teuthology.orchestra.run.smithi023.stdout:/usr/bin/ceph: stderr
2024-03-17T23:54:13.159+0000 7f626937c700 1 -- 172.21.15.23:0/2704533575 shutdown_connections
2024-03-17T23:54:13.967 INFO:teuthology.orchestra.run.smithi023.stdout:/usr/bin/ceph: stderr
2024-03-17T23:54:13.159+0000 7f626937c700 1 --2- 172.21.15.23:0/2704533575 >> [v2:172.21.15.23:3300/0,v1:172.21.15.23:6789/0] conn(0x7f6264106430 0x7f6264106850 unknown :-1 s=CLOSED pgs=51 cs=0 l=1 rev1=1 crypto rx=0 tx=0 comp rx=0 tx=0).stop
2024-03-17T23:54:13.967 INFO:teuthology.orchestra.run.smithi023.stdout:/usr/bin/ceph: stderr
2024-03-17T23:54:13.159+0000 7f626937c700 1 -- 172.21.15.23:0/2704533575 >> 172.21.15.23:0/2704533575 conn(0x7f62641019d0 msgr2=0x7f6264103e10 unknown :-1 s=STATE_NONE l=0).mark_down
2024-03-17T23:54:13.967 INFO:teuthology.orchestra.run.smithi023.stdout:/usr/bin/ceph: stderr
2024-03-17T23:54:13.159+0000 7f626937c700 1 -- 172.21.15.23:0/2704533575 shutdown_connections
2024-03-17T23:54:13.967 INFO:teuthology.orchestra.run.smithi023.stdout:/usr/bin/ceph: stderr
2024-03-17T23:54:13.159+0000 7f626937c700 1 -- 172.21.15.23:0/2704533575 wait complete.
2024-03-17T23:54:13.967 INFO:teuthology.orchestra.run.smithi023.stdout:/usr/bin/ceph: stderr
2024-03-17T23:54:13.160+0000 7f626937c700 1 Processor -- start
2024-03-17T23:54:13.967 INFO:teuthology.orchestra.run.smithi023.stdout:/usr/bin/ceph: stderr
2024-03-17T23:54:13.160+0000 7f626937c700 1 -- start start
2024-03-17T23:54:13.967 INFO:teuthology.orchestra.run.smithi023.stdout:/usr/bin/ceph: stderr
2024-03-17T23:54:13.160+0000 7f626937c700 1 --2- >> [v2:172.21.15.23:3300/0,v1:172.21.15.23:6789/0] conn(0x7f6264106430 0x7f626419a110 unknown :-1 s=NONE pgs=0 cs=0 l=1 rev1=0 crypto rx=0 tx=0 comp rx=0 tx=0).connect
2024-03-17T23:54:13.967 INFO:teuthology.orchestra.run.smithi023.stdout:/usr/bin/ceph: stderr
2024-03-17T23:54:13.160+0000 7f626937c700 1 -- --> [v2:172.21.15.23:3300/0,v1:172.21.15.23:6789/0] -- mon_getmap magic: 0 v1 -- 0x7f626419a650 con 0x7f6264106430
2024-03-17T23:54:13.967 INFO:teuthology.orchestra.run.smithi023.stdout:/usr/bin/ceph: stderr
2024-03-17T23:54:13.160+0000 7f6262ffd700 1 --2- >> [v2:172.21.15.23:3300/0,v1:172.21.15.23:6789/0] conn(0x7f6264106430 0x7f626419a110 unknown :-1 s=BANNER_CONNECTING pgs=0 cs=0 l=1 rev1=0 crypto rx=0 tx=0 comp rx=0 tx=0)._handle_peer_banner_payload supported=3 required=0
2024-03-17T23:54:13.968 INFO:teuthology.orchestra.run.smithi023.stdout:/usr/bin/ceph: stderr
2024-03-17T23:54:13.160+0000 7f6262ffd700 1 --2- >> [v2:172.21.15.23:3300/0,v1:172.21.15.23:6789/0] conn(0x7f6264106430 0x7f626419a110 unknown :-1 s=HELLO_CONNECTING pgs=0 cs=0 l=1 rev1=1 crypto rx=0 tx=0 comp rx=0 tx=0).handle_hello peer v2:172.21.15.23:3300/0 says I am v2:172.21.15.23:55912/0 (socket says 172.21.15.23:55912)
2024-03-17T23:54:13.968 INFO:teuthology.orchestra.run.smithi023.stdout:/usr/bin/ceph: stderr
2024-03-17T23:54:13.160+0000 7f6262ffd700 1 -- 172.21.15.23:0/1747943069 learned_addr learned my addr 172.21.15.23:0/1747943069 (peer_addr_for_me v2:172.21.15.23:0/0)
2024-03-17T23:54:13.968 INFO:teuthology.orchestra.run.smithi023.stdout:/usr/bin/ceph: stderr
2024-03-17T23:54:13.160+0000 7f6262ffd700 1 -- 172.21.15.23:0/1747943069 --> [v2:172.21.15.23:3300/0,v1:172.21.15.23:6789/0] -- mon_subscribe({config=0+,monmap=0+}) v3 -- 0x7f6258009550 con 0x7f6264106430
2024-03-17T23:54:13.968 INFO:teuthology.orchestra.run.smithi023.stdout:/usr/bin/ceph: stderr
2024-03-17T23:54:13.160+0000 7f6262ffd700 1 --2- 172.21.15.23:0/1747943069 >> [v2:172.21.15.23:3300/0,v1:172.21.15.23:6789/0] conn(0x7f6264106430 0x7f626419a110 secure :-1 s=READY pgs=52 cs=0 l=1 rev1=1 crypto rx=0x7f6258006ba0 tx=0x7f6258011b50 comp rx=0 tx=0).ready entity=mon.0 client_cookie=0 server_cookie=0 in_seq=0 out_seq=0
2024-03-17T23:54:13.968 INFO:teuthology.orchestra.run.smithi023.stdout:/usr/bin/ceph: stderr
2024-03-17T23:54:13.161+0000 7f624bfff700 1 -- 172.21.15.23:0/1747943069 <== mon.0 v2:172.21.15.23:3300/0 1 ==== mon_map magic: 0 v1 ==== 229+0+0 (secure 0 0 0) 0x7f6258003b00 con 0x7f6264106430
2024-03-17T23:54:13.968 INFO:teuthology.orchestra.run.smithi023.stdout:/usr/bin/ceph: stderr
2024-03-17T23:54:13.161+0000 7f624bfff700 1 -- 172.21.15.23:0/1747943069 <== mon.0 v2:172.21.15.23:3300/0 2 ==== config(27 keys) v1 ==== 1101+0+0 (secure 0 0 0) 0x7f625801a8e0 con 0x7f6264106430
2024-03-17T23:54:13.968 INFO:teuthology.orchestra.run.smithi023.stdout:/usr/bin/ceph: stderr
2024-03-17T23:54:13.161+0000 7f626937c700 1 -- 172.21.15.23:0/1747943069 --> [v2:172.21.15.23:3300/0,v1:172.21.15.23:6789/0] -- mon_subscribe({mgrmap=0+}) v3 -- 0x7f626419a850 con 0x7f6264106430
2024-03-17T23:54:13.968 INFO:teuthology.orchestra.run.smithi023.stdout:/usr/bin/ceph: stderr
2024-03-17T23:54:13.161+0000 7f624bfff700 1 -- 172.21.15.23:0/1747943069 <== mon.0 v2:172.21.15.23:3300/0 3 ==== mon_map magic: 0 v1 ==== 229+0+0 (secure 0 0 0) 0x7f6258019990 con 0x7f6264106430
2024-03-17T23:54:13.968 INFO:teuthology.orchestra.run.smithi023.stdout:/usr/bin/ceph: stderr
2024-03-17T23:54:13.161+0000 7f626937c700 1 -- 172.21.15.23:0/1747943069 --> [v2:172.21.15.23:3300/0,v1:172.21.15.23:6789/0] -- mon_subscribe({osdmap=0}) v3 -- 0x7f626419acf0 con 0x7f6264106430
2024-03-17T23:54:13.968 INFO:teuthology.orchestra.run.smithi023.stdout:/usr/bin/ceph: stderr
2024-03-17T23:54:13.161+0000 7f624bfff700 1 -- 172.21.15.23:0/1747943069 <== mon.0 v2:172.21.15.23:3300/0 4 ==== mgrmap(e 8) v1 ==== 45283+0+0 (secure 0 0 0) 0x7f6258019c00 con 0x7f6264106430
2024-03-17T23:54:13.968 INFO:teuthology.orchestra.run.smithi023.stdout:/usr/bin/ceph: stderr
2024-03-17T23:54:13.162+0000 7f624bfff700 1 --2- 172.21.15.23:0/1747943069 >> [v2:172.21.15.23:6800/1311762511,v1:172.21.15.23:6801/1311762511] conn(0x7f624c038320 0x7f624c03a7e0 unknown :-1 s=NONE pgs=0 cs=0 l=1 rev1=0 crypto rx=0 tx=0 comp rx=0 tx=0).connect
2024-03-17T23:54:13.968 INFO:teuthology.orchestra.run.smithi023.stdout:/usr/bin/ceph: stderr
2024-03-17T23:54:13.162+0000 7f624bfff700 1 -- 172.21.15.23:0/1747943069 <== mon.0 v2:172.21.15.23:3300/0 5 ==== osd_map(2..2 src has 1..2) v4 ==== 940+0+0 (secure 0 0 0) 0x7f625804c660 con 0x7f6264106430
2024-03-17T23:54:13.968 INFO:teuthology.orchestra.run.smithi023.stdout:/usr/bin/ceph: stderr
2024-03-17T23:54:13.162+0000 7f62627fc700 1 --2- 172.21.15.23:0/1747943069 >> [v2:172.21.15.23:6800/1311762511,v1:172.21.15.23:6801/1311762511] conn(0x7f624c038320 0x7f624c03a7e0 unknown :-1 s=BANNER_CONNECTING pgs=0 cs=0 l=1 rev1=0 crypto rx=0 tx=0 comp rx=0 tx=0)._handle_peer_banner_payload supported=3 required=0
2024-03-17T23:54:13.968 INFO:teuthology.orchestra.run.smithi023.stdout:/usr/bin/ceph: stderr
2024-03-17T23:54:13.162+0000 7f626937c700 1 -- 172.21.15.23:0/1747943069 --> [v2:172.21.15.23:3300/0,v1:172.21.15.23:6789/0] -- mon_command({"prefix": "get_command_descriptions"} v 0) v1 -- 0x7f62640623c0 con 0x7f6264106430
2024-03-17T23:54:13.968 INFO:teuthology.orchestra.run.smithi023.stdout:/usr/bin/ceph: stderr
2024-03-17T23:54:13.162+0000 7f62627fc700 1 --2- 172.21.15.23:0/1747943069 >> [v2:172.21.15.23:6800/1311762511,v1:172.21.15.23:6801/1311762511] conn(0x7f624c038320 0x7f624c03a7e0 secure :-1 s=READY pgs=15 cs=0 l=1 rev1=1 crypto rx=0x7f6254006fd0 tx=0x7f6254006e40 comp rx=0 tx=0).ready entity=mgr.14118 client_cookie=0 server_cookie=0 in_seq=0 out_seq=0
2024-03-17T23:54:13.968 INFO:teuthology.orchestra.run.smithi023.stdout:/usr/bin/ceph: stderr
2024-03-17T23:54:13.167+0000 7f624bfff700 1 -- 172.21.15.23:0/1747943069 <== mon.0 v2:172.21.15.23:3300/0 6 ==== mon_command_ack([{"prefix": "get_command_descriptions"}]=0 v0) v1 ==== 72+0+180422 (secure 0 0 0) 0x7f625802d440 con 0x7f6264106430
2024-03-17T23:54:13.969 INFO:teuthology.orchestra.run.smithi023.stdout:/usr/bin/ceph: stderr
2024-03-17T23:54:13.382+0000 7f626937c700 1 -- 172.21.15.23:0/1747943069 --> [v2:172.21.15.23:6800/1311762511,v1:172.21.15.23:6801/1311762511] -- mgr_command(tid 0: {"prefix": "orch apply", "service_type": "ceph-exporter", "target": ["mon-mgr", ""]}) v1 -- 0x7f6264102ea0 con 0x7f624c038320
2024-03-17T23:54:13.969 INFO:teuthology.orchestra.run.smithi023.stdout:/usr/bin/ceph: stderr
2024-03-17T23:54:13.387+0000 7f624bfff700 1 -- 172.21.15.23:0/1747943069 <== mgr.14118 v2:172.21.15.23:6800/1311762511 1 ==== mgr_command_reply(tid 0: 0 ) v1 ==== 8+0+34 (secure 0 0 0) 0x7f6264102ea0 con 0x7f624c038320
2024-03-17T23:54:13.969 INFO:teuthology.orchestra.run.smithi023.stdout:/usr/bin/ceph: stderr
2024-03-17T23:54:13.389+0000 7f626937c700 1 -- 172.21.15.23:0/1747943069 >> [v2:172.21.15.23:6800/1311762511,v1:172.21.15.23:6801/1311762511] conn(0x7f624c038320 msgr2=0x7f624c03a7e0 secure :-1 s=STATE_CONNECTION_ESTABLISHED l=1).mark_down
2024-03-17T23:54:13.969 INFO:teuthology.orchestra.run.smithi023.stdout:/usr/bin/ceph: stderr
2024-03-17T23:54:13.389+0000 7f626937c700 1 --2- 172.21.15.23:0/1747943069 >> [v2:172.21.15.23:6800/1311762511,v1:172.21.15.23:6801/1311762511] conn(0x7f624c038320 0x7f624c03a7e0 secure :-1 s=READY pgs=15 cs=0 l=1 rev1=1 crypto rx=0x7f6254006fd0 tx=0x7f6254006e40 comp rx=0 tx=0).stop
2024-03-17T23:54:13.969 INFO:teuthology.orchestra.run.smithi023.stdout:/usr/bin/ceph: stderr
2024-03-17T23:54:13.389+0000 7f626937c700 1 -- 172.21.15.23:0/1747943069 >> [v2:172.21.15.23:3300/0,v1:172.21.15.23:6789/0] conn(0x7f6264106430 msgr2=0x7f626419a110 secure :-1 s=STATE_CONNECTION_ESTABLISHED l=1).mark_down
2024-03-17T23:54:13.969 INFO:teuthology.orchestra.run.smithi023.stdout:/usr/bin/ceph: stderr
2024-03-17T23:54:13.389+0000 7f626937c700 1 --2- 172.21.15.23:0/1747943069 >> [v2:172.21.15.23:3300/0,v1:172.21.15.23:6789/0] conn(0x7f6264106430 0x7f626419a110 secure :-1 s=READY pgs=52 cs=0 l=1 rev1=1 crypto rx=0x7f6258006ba0 tx=0x7f6258011b50 comp rx=0 tx=0).stop
2024-03-17T23:54:13.969 INFO:teuthology.orchestra.run.smithi023.stdout:/usr/bin/ceph: stderr
2024-03-17T23:54:13.390+0000 7f626937c700 1 -- 172.21.15.23:0/1747943069 shutdown_connections
2024-03-17T23:54:13.969 INFO:teuthology.orchestra.run.smithi023.stdout:/usr/bin/ceph: stderr
2024-03-17T23:54:13.390+0000 7f626937c700 1 --2- 172.21.15.23:0/1747943069 >> [v2:172.21.15.23:6800/1311762511,v1:172.21.15.23:6801/1311762511] conn(0x7f624c038320 0x7f624c03a7e0 unknown :-1 s=CLOSED pgs=15 cs=0 l=1 rev1=1 crypto rx=0 tx=0 comp rx=0 tx=0).stop
2024-03-17T23:54:13.969 INFO:teuthology.orchestra.run.smithi023.stdout:/usr/bin/ceph: stderr
2024-03-17T23:54:13.390+0000 7f626937c700 1 --2- 172.21.15.23:0/1747943069 >> [v2:172.21.15.23:3300/0,v1:172.21.15.23:6789/0] conn(0x7f6264106430 0x7f626419a110 unknown :-1 s=CLOSED pgs=52 cs=0 l=1 rev1=1 crypto rx=0 tx=0 comp rx=0 tx=0).stop
2024-03-17T23:54:13.969 INFO:teuthology.orchestra.run.smithi023.stdout:/usr/bin/ceph: stderr
2024-03-17T23:54:13.390+0000 7f626937c700 1 -- 172.21.15.23:0/1747943069 >> 172.21.15.23:0/1747943069 conn(0x7f62641019d0 msgr2=0x7f6264102790 unknown :-1 s=STATE_NONE l=0).mark_down
2024-03-17T23:54:13.969 INFO:teuthology.orchestra.run.smithi023.stdout:/usr/bin/ceph: stderr
2024-03-17T23:54:13.390+0000 7f626937c700 1 -- 172.21.15.23:0/1747943069 shutdown_connections
2024-03-17T23:54:13.969 INFO:teuthology.orchestra.run.smithi023.stdout:/usr/bin/ceph: stderr
2024-03-17T23:54:13.390+0000 7f626937c700 1 -- 172.21.15.23:0/1747943069 wait complete.
2024-03-17T23:54:13.969 INFO:teuthology.orchestra.run.smithi023.stdout:Deploying prometheus service with default placement...
2024-03-17T23:54:14.534 INFO:journalctl@ceph.mon.smithi023.smithi023.stdout:Mar 17 23:54:14 smithi023 ceph-mon[28899]: from='mgr.14118 172.21.15.23:0/1174580825' entity='mgr.smithi023.bijqcv'
2024-03-17T23:54:14.534 INFO:journalctl@ceph.mon.smithi023.smithi023.stdout:Mar 17 23:54:14 smithi023 ceph-mon[28899]: from='client.14146 -' entity='client.admin' cmd=[{"prefix": "orch apply", "service_type": "ceph-exporter", "target": ["mon-mgr", ""]}]: dispatch
2024-03-17T23:54:14.534 INFO:journalctl@ceph.mon.smithi023.smithi023.stdout:Mar 17 23:54:14 smithi023 ceph-mon[28899]: Saving service ceph-exporter spec with placement *
2024-03-17T23:54:14.534 INFO:journalctl@ceph.mon.smithi023.smithi023.stdout:Mar 17 23:54:14 smithi023 ceph-mon[28899]: from='mgr.14118 172.21.15.23:0/1174580825' entity='mgr.smithi023.bijqcv'
2024-03-17T23:54:15.282 INFO:teuthology.orchestra.run.smithi023.stdout:/usr/bin/ceph: stdout Scheduled prometheus update...
2024-03-17T23:54:15.282 INFO:teuthology.orchestra.run.smithi023.stdout:/usr/bin/ceph: stderr
2024-03-17T23:54:14.403+0000 7fe5e7a7a700 1 Processor -- start
2024-03-17T23:54:15.282 INFO:teuthology.orchestra.run.smithi023.stdout:/usr/bin/ceph: stderr
2024-03-17T23:54:14.403+0000 7fe5e7a7a700 1 -- start start
2024-03-17T23:54:15.282 INFO:teuthology.orchestra.run.smithi023.stdout:/usr/bin/ceph: stderr
2024-03-17T23:54:14.403+0000 7fe5e7a7a700 1 --2- >> [v2:172.21.15.23:3300/0,v1:172.21.15.23:6789/0] conn(0x7fe5e007beb0 0x7fe5e007a310 unknown :-1 s=NONE pgs=0 cs=0 l=0 rev1=0 crypto rx=0 tx=0 comp rx=0 tx=0).connect
2024-03-17T23:54:15.282 INFO:teuthology.orchestra.run.smithi023.stdout:/usr/bin/ceph: stderr
2024-03-17T23:54:14.403+0000 7fe5e7a7a700 1 -- --> [v2:172.21.15.23:3300/0,v1:172.21.15.23:6789/0] -- mon_getmap magic: 0 v1 -- 0x7fe5e007a8e0 con 0x7fe5e007beb0
2024-03-17T23:54:15.282 INFO:teuthology.orchestra.run.smithi023.stdout:/usr/bin/ceph: stderr
2024-03-17T23:54:14.404+0000 7fe5e5816700 1 --2- >> [v2:172.21.15.23:3300/0,v1:172.21.15.23:6789/0] conn(0x7fe5e007beb0 0x7fe5e007a310 unknown :-1 s=BANNER_CONNECTING pgs=0 cs=0 l=0 rev1=0 crypto rx=0 tx=0 comp rx=0 tx=0)._handle_peer_banner_payload supported=3 required=0
2024-03-17T23:54:15.283 INFO:teuthology.orchestra.run.smithi023.stdout:/usr/bin/ceph: stderr
2024-03-17T23:54:14.404+0000 7fe5e5816700 1 --2- >> [v2:172.21.15.23:3300/0,v1:172.21.15.23:6789/0] conn(0x7fe5e007beb0 0x7fe5e007a310 unknown :-1 s=HELLO_CONNECTING pgs=0 cs=0 l=0 rev1=1 crypto rx=0 tx=0 comp rx=0 tx=0).handle_hello peer v2:172.21.15.23:3300/0 says I am v2:172.21.15.23:55916/0 (socket says 172.21.15.23:55916)
2024-03-17T23:54:15.283 INFO:teuthology.orchestra.run.smithi023.stdout:/usr/bin/ceph: stderr
2024-03-17T23:54:14.404+0000 7fe5e5816700 1 -- 172.21.15.23:0/1061825275 learned_addr learned my addr 172.21.15.23:0/1061825275 (peer_addr_for_me v2:172.21.15.23:0/0)
2024-03-17T23:54:15.283 INFO:teuthology.orchestra.run.smithi023.stdout:/usr/bin/ceph: stderr
2024-03-17T23:54:14.404+0000 7fe5e5816700 1 -- 172.21.15.23:0/1061825275 --> [v2:172.21.15.23:3300/0,v1:172.21.15.23:6789/0] -- mon_subscribe({config=0+,monmap=0+}) v3 -- 0x7fe5e007aa20 con 0x7fe5e007beb0
2024-03-17T23:54:15.283 INFO:teuthology.orchestra.run.smithi023.stdout:/usr/bin/ceph: stderr
2024-03-17T23:54:14.404+0000 7fe5e5816700 1 --2- 172.21.15.23:0/1061825275 >> [v2:172.21.15.23:3300/0,v1:172.21.15.23:6789/0] conn(0x7fe5e007beb0 0x7fe5e007a310 secure :-1 s=READY pgs=53 cs=0 l=1 rev1=1 crypto rx=0x7fe5d00098a0 tx=0x7fe5d0009bb0 comp rx=0 tx=0).ready entity=mon.0 client_cookie=c1196c0fd3aa4d2 server_cookie=0 in_seq=0 out_seq=0
2024-03-17T23:54:15.283 INFO:teuthology.orchestra.run.smithi023.stdout:/usr/bin/ceph: stderr
2024-03-17T23:54:14.404+0000 7fe5e4814700 1 -- 172.21.15.23:0/1061825275 <== mon.0 v2:172.21.15.23:3300/0 1 ==== mon_map magic: 0 v1 ==== 229+0+0 (secure 0 0 0) 0x7fe5d0004180 con 0x7fe5e007beb0
2024-03-17T23:54:15.283 INFO:teuthology.orchestra.run.smithi023.stdout:/usr/bin/ceph: stderr
2024-03-17T23:54:14.404+0000 7fe5e4814700 1 -- 172.21.15.23:0/1061825275 <== mon.0 v2:172.21.15.23:3300/0 2 ==== config(27 keys) v1 ==== 1101+0+0 (secure 0 0 0) 0x7fe5d00042e0 con 0x7fe5e007beb0
2024-03-17T23:54:15.283 INFO:teuthology.orchestra.run.smithi023.stdout:/usr/bin/ceph: stderr
2024-03-17T23:54:14.404+0000 7fe5e4814700 1 -- 172.21.15.23:0/1061825275 <== mon.0 v2:172.21.15.23:3300/0 3 ==== mon_map magic: 0 v1 ==== 229+0+0 (secure 0 0 0) 0x7fe5d0011af0 con 0x7fe5e007beb0
2024-03-17T23:54:15.283 INFO:teuthology.orchestra.run.smithi023.stdout:/usr/bin/ceph: stderr
2024-03-17T23:54:14.405+0000 7fe5e7a7a700 1 -- 172.21.15.23:0/1061825275 >> [v2:172.21.15.23:3300/0,v1:172.21.15.23:6789/0] conn(0x7fe5e007beb0 msgr2=0x7fe5e007a310 secure :-1 s=STATE_CONNECTION_ESTABLISHED l=1).mark_down
2024-03-17T23:54:15.283 INFO:teuthology.orchestra.run.smithi023.stdout:/usr/bin/ceph: stderr
2024-03-17T23:54:14.405+0000 7fe5e7a7a700 1 --2- 172.21.15.23:0/1061825275 >> [v2:172.21.15.23:3300/0,v1:172.21.15.23:6789/0] conn(0x7fe5e007beb0 0x7fe5e007a310 secure :-1 s=READY pgs=53 cs=0 l=1 rev1=1 crypto rx=0x7fe5d00098a0 tx=0x7fe5d0009bb0 comp rx=0 tx=0).stop
2024-03-17T23:54:15.283 INFO:teuthology.orchestra.run.smithi023.stdout:/usr/bin/ceph: stderr
2024-03-17T23:54:14.405+0000 7fe5e7a7a700 1 -- 172.21.15.23:0/1061825275 shutdown_connections
2024-03-17T23:54:15.283 INFO:teuthology.orchestra.run.smithi023.stdout:/usr/bin/ceph: stderr
2024-03-17T23:54:14.405+0000 7fe5e7a7a700 1 --2- 172.21.15.23:0/1061825275 >> [v2:172.21.15.23:3300/0,v1:172.21.15.23:6789/0] conn(0x7fe5e007beb0 0x7fe5e007a310 unknown :-1 s=CLOSED pgs=53 cs=0 l=1 rev1=1 crypto rx=0 tx=0 comp rx=0 tx=0).stop
2024-03-17T23:54:15.283 INFO:teuthology.orchestra.run.smithi023.stdout:/usr/bin/ceph: stderr
2024-03-17T23:54:14.405+0000 7fe5e7a7a700 1 -- 172.21.15.23:0/1061825275 >> 172.21.15.23:0/1061825275 conn(0x7fe5e01019d0 msgr2=0x7fe5e0103e10 unknown :-1 s=STATE_NONE l=0).mark_down
2024-03-17T23:54:15.283 INFO:teuthology.orchestra.run.smithi023.stdout:/usr/bin/ceph: stderr
2024-03-17T23:54:14.405+0000 7fe5e7a7a700 1 -- 172.21.15.23:0/1061825275 shutdown_connections
2024-03-17T23:54:15.283 INFO:teuthology.orchestra.run.smithi023.stdout:/usr/bin/ceph: stderr
2024-03-17T23:54:14.405+0000 7fe5e7a7a700 1 -- 172.21.15.23:0/1061825275 wait complete.
2024-03-17T23:54:15.283 INFO:teuthology.orchestra.run.smithi023.stdout:/usr/bin/ceph: stderr
2024-03-17T23:54:14.406+0000 7fe5e7a7a700 1 Processor -- start
2024-03-17T23:54:15.283 INFO:teuthology.orchestra.run.smithi023.stdout:/usr/bin/ceph: stderr
2024-03-17T23:54:14.406+0000 7fe5e7a7a700 1 -- start start
2024-03-17T23:54:15.284 INFO:teuthology.orchestra.run.smithi023.stdout:/usr/bin/ceph: stderr
2024-03-17T23:54:14.406+0000 7fe5e7a7a700 1 --2- >> [v2:172.21.15.23:3300/0,v1:172.21.15.23:6789/0] conn(0x7fe5e007beb0 0x7fe5e019c340 unknown :-1 s=NONE pgs=0 cs=0 l=1 rev1=0 crypto rx=0 tx=0 comp rx=0 tx=0).connect
2024-03-17T23:54:15.284 INFO:teuthology.orchestra.run.smithi023.stdout:/usr/bin/ceph: stderr
2024-03-17T23:54:14.406+0000 7fe5e7a7a700 1 -- --> [v2:172.21.15.23:3300/0,v1:172.21.15.23:6789/0] -- mon_getmap magic: 0 v1 -- 0x7fe5e019c880 con 0x7fe5e007beb0
2024-03-17T23:54:15.284 INFO:teuthology.orchestra.run.smithi023.stdout:/usr/bin/ceph: stderr
2024-03-17T23:54:14.406+0000 7fe5e5816700 1 --2- >> [v2:172.21.15.23:3300/0,v1:172.21.15.23:6789/0] conn(0x7fe5e007beb0 0x7fe5e019c340 unknown :-1 s=BANNER_CONNECTING pgs=0 cs=0 l=1 rev1=0 crypto rx=0 tx=0 comp rx=0 tx=0)._handle_peer_banner_payload supported=3 required=0
2024-03-17T23:54:15.284 INFO:teuthology.orchestra.run.smithi023.stdout:/usr/bin/ceph: stderr
2024-03-17T23:54:14.406+0000 7fe5e5816700 1 --2- >> [v2:172.21.15.23:3300/0,v1:172.21.15.23:6789/0] conn(0x7fe5e007beb0 0x7fe5e019c340 unknown :-1 s=HELLO_CONNECTING pgs=0 cs=0 l=1 rev1=1 crypto rx=0 tx=0 comp rx=0 tx=0).handle_hello peer v2:172.21.15.23:3300/0 says I am v2:172.21.15.23:55930/0 (socket says 172.21.15.23:55930)
2024-03-17T23:54:15.284 INFO:teuthology.orchestra.run.smithi023.stdout:/usr/bin/ceph: stderr
2024-03-17T23:54:14.406+0000 7fe5e5816700 1 -- 172.21.15.23:0/3644548043 learned_addr learned my addr 172.21.15.23:0/3644548043 (peer_addr_for_me v2:172.21.15.23:0/0)
2024-03-17T23:54:15.284 INFO:teuthology.orchestra.run.smithi023.stdout:/usr/bin/ceph: stderr
2024-03-17T23:54:14.406+0000 7fe5e5816700 1 -- 172.21.15.23:0/3644548043 --> [v2:172.21.15.23:3300/0,v1:172.21.15.23:6789/0] -- mon_subscribe({config=0+,monmap=0+}) v3 -- 0x7fe5d0009550 con 0x7fe5e007beb0
2024-03-17T23:54:15.284 INFO:teuthology.orchestra.run.smithi023.stdout:/usr/bin/ceph: stderr
2024-03-17T23:54:14.406+0000 7fe5e5816700 1 --2- 172.21.15.23:0/3644548043 >> [v2:172.21.15.23:3300/0,v1:172.21.15.23:6789/0] conn(0x7fe5e007beb0 0x7fe5e019c340 secure :-1 s=READY pgs=54 cs=0 l=1 rev1=1 crypto rx=0x7fe5d0006ba0 tx=0x7fe5d0011b50 comp rx=0 tx=0).ready entity=mon.0 client_cookie=0 server_cookie=0 in_seq=0 out_seq=0
2024-03-17T23:54:15.284 INFO:teuthology.orchestra.run.smithi023.stdout:/usr/bin/ceph: stderr
2024-03-17T23:54:14.406+0000 7fe5d6ffd700 1 -- 172.21.15.23:0/3644548043 <== mon.0 v2:172.21.15.23:3300/0 1 ==== mon_map magic: 0 v1 ==== 229+0+0 (secure 0 0 0) 0x7fe5d0003b00 con 0x7fe5e007beb0
2024-03-17T23:54:15.284 INFO:teuthology.orchestra.run.smithi023.stdout:/usr/bin/ceph: stderr
2024-03-17T23:54:14.407+0000 7fe5d6ffd700 1 -- 172.21.15.23:0/3644548043 <== mon.0 v2:172.21.15.23:3300/0 2 ==== config(27 keys) v1 ==== 1101+0+0 (secure 0 0 0) 0x7fe5d001a8e0 con 0x7fe5e007beb0
2024-03-17T23:54:15.284 INFO:teuthology.orchestra.run.smithi023.stdout:/usr/bin/ceph: stderr
2024-03-17T23:54:14.407+0000 7fe5e7a7a700 1 -- 172.21.15.23:0/3644548043 --> [v2:172.21.15.23:3300/0,v1:172.21.15.23:6789/0] -- mon_subscribe({mgrmap=0+}) v3 -- 0x7fe5e019ca80 con 0x7fe5e007beb0
2024-03-17T23:54:15.284 INFO:teuthology.orchestra.run.smithi023.stdout:/usr/bin/ceph: stderr
2024-03-17T23:54:14.407+0000 7fe5e7a7a700 1 -- 172.21.15.23:0/3644548043 --> [v2:172.21.15.23:3300/0,v1:172.21.15.23:6789/0] -- mon_subscribe({osdmap=0}) v3 -- 0x7fe5e019cf20 con 0x7fe5e007beb0
2024-03-17T23:54:15.284 INFO:teuthology.orchestra.run.smithi023.stdout:/usr/bin/ceph: stderr
2024-03-17T23:54:14.407+0000 7fe5d6ffd700 1 -- 172.21.15.23:0/3644548043 <== mon.0 v2:172.21.15.23:3300/0 3 ==== mon_map magic: 0 v1 ==== 229+0+0 (secure 0 0 0) 0x7fe5d0019990 con 0x7fe5e007beb0
2024-03-17T23:54:15.284 INFO:teuthology.orchestra.run.smithi023.stdout:/usr/bin/ceph: stderr
2024-03-17T23:54:14.407+0000 7fe5d6ffd700 1 -- 172.21.15.23:0/3644548043 <== mon.0 v2:172.21.15.23:3300/0 4 ==== mgrmap(e 8) v1 ==== 45283+0+0 (secure 0 0 0) 0x7fe5d0019c50 con 0x7fe5e007beb0
2024-03-17T23:54:15.284 INFO:teuthology.orchestra.run.smithi023.stdout:/usr/bin/ceph: stderr
2024-03-17T23:54:14.408+0000 7fe5e7a7a700 1 -- 172.21.15.23:0/3644548043 --> [v2:172.21.15.23:3300/0,v1:172.21.15.23:6789/0] -- mon_command({"prefix": "get_command_descriptions"} v 0) v1 -- 0x7fe5e010c7f0 con 0x7fe5e007beb0
2024-03-17T23:54:15.285 INFO:teuthology.orchestra.run.smithi023.stdout:/usr/bin/ceph: stderr
2024-03-17T23:54:14.408+0000 7fe5d6ffd700 1 --2- 172.21.15.23:0/3644548043 >> [v2:172.21.15.23:6800/1311762511,v1:172.21.15.23:6801/1311762511] conn(0x7fe5cc0382d0 0x7fe5cc03a790 unknown :-1 s=NONE pgs=0 cs=0 l=1 rev1=0 crypto rx=0 tx=0 comp rx=0 tx=0).connect
2024-03-17T23:54:15.285 INFO:teuthology.orchestra.run.smithi023.stdout:/usr/bin/ceph: stderr
2024-03-17T23:54:14.408+0000 7fe5d6ffd700 1 -- 172.21.15.23:0/3644548043 <== mon.0 v2:172.21.15.23:3300/0 5 ==== osd_map(2..2 src has 1..2) v4 ==== 940+0+0 (secure 0 0 0) 0x7fe5d004c5c0 con 0x7fe5e007beb0
2024-03-17T23:54:15.285 INFO:teuthology.orchestra.run.smithi023.stdout:/usr/bin/ceph: stderr
2024-03-17T23:54:14.408+0000 7fe5e5015700 1 --2- 172.21.15.23:0/3644548043 >> [v2:172.21.15.23:6800/1311762511,v1:172.21.15.23:6801/1311762511] conn(0x7fe5cc0382d0 0x7fe5cc03a790 unknown :-1 s=BANNER_CONNECTING pgs=0 cs=0 l=1 rev1=0 crypto rx=0 tx=0 comp rx=0 tx=0)._handle_peer_banner_payload supported=3 required=0
2024-03-17T23:54:15.285 INFO:teuthology.orchestra.run.smithi023.stdout:/usr/bin/ceph: stderr
2024-03-17T23:54:14.408+0000 7fe5e5015700 1 --2- 172.21.15.23:0/3644548043 >> [v2:172.21.15.23:6800/1311762511,v1:172.21.15.23:6801/1311762511] conn(0x7fe5cc0382d0 0x7fe5cc03a790 secure :-1 s=READY pgs=16 cs=0 l=1 rev1=1 crypto rx=0x7fe5dc006fd0 tx=0x7fe5dc006e40 comp rx=0 tx=0).ready entity=mgr.14118 client_cookie=0 server_cookie=0 in_seq=0 out_seq=0
2024-03-17T23:54:15.285 INFO:teuthology.orchestra.run.smithi023.stdout:/usr/bin/ceph: stderr
2024-03-17T23:54:14.413+0000 7fe5d6ffd700 1 -- 172.21.15.23:0/3644548043 <== mon.0 v2:172.21.15.23:3300/0 6 ==== mon_command_ack([{"prefix": "get_command_descriptions"}]=0 v0) v1 ==== 72+0+180422 (secure 0 0 0) 0x7fe5d002b700 con 0x7fe5e007beb0
2024-03-17T23:54:15.285 INFO:teuthology.orchestra.run.smithi023.stdout:/usr/bin/ceph: stderr
2024-03-17T23:54:14.634+0000 7fe5e7a7a700 1 -- 172.21.15.23:0/3644548043 --> [v2:172.21.15.23:6800/1311762511,v1:172.21.15.23:6801/1311762511] -- mgr_command(tid 0: {"prefix": "orch apply", "service_type": "prometheus", "target": ["mon-mgr", ""]}) v1 -- 0x7fe5e0103cb0 con 0x7fe5cc0382d0
2024-03-17T23:54:15.285 INFO:teuthology.orchestra.run.smithi023.stdout:/usr/bin/ceph: stderr
2024-03-17T23:54:14.638+0000 7fe5d6ffd700 1 -- 172.21.15.23:0/3644548043 <== mgr.14118 v2:172.21.15.23:6800/1311762511 1 ==== mgr_command_reply(tid 0: 0 ) v1 ==== 8+0+31 (secure 0 0 0) 0x7fe5e0103cb0 con 0x7fe5cc0382d0
2024-03-17T23:54:15.285 INFO:teuthology.orchestra.run.smithi023.stdout:/usr/bin/ceph: stderr
2024-03-17T23:54:14.640+0000 7fe5e7a7a700 1 -- 172.21.15.23:0/3644548043 >> [v2:172.21.15.23:6800/1311762511,v1:172.21.15.23:6801/1311762511] conn(0x7fe5cc0382d0 msgr2=0x7fe5cc03a790 secure :-1 s=STATE_CONNECTION_ESTABLISHED l=1).mark_down
2024-03-17T23:54:15.285 INFO:teuthology.orchestra.run.smithi023.stdout:/usr/bin/ceph: stderr
2024-03-17T23:54:14.640+0000 7fe5e7a7a700 1 --2- 172.21.15.23:0/3644548043 >> [v2:172.21.15.23:6800/1311762511,v1:172.21.15.23:6801/1311762511] conn(0x7fe5cc0382d0 0x7fe5cc03a790 secure :-1 s=READY pgs=16 cs=0 l=1 rev1=1 crypto rx=0x7fe5dc006fd0 tx=0x7fe5dc006e40 comp rx=0 tx=0).stop
2024-03-17T23:54:15.285 INFO:teuthology.orchestra.run.smithi023.stdout:/usr/bin/ceph: stderr
2024-03-17T23:54:14.640+0000 7fe5e7a7a700 1 -- 172.21.15.23:0/3644548043 >> [v2:172.21.15.23:3300/0,v1:172.21.15.23:6789/0] conn(0x7fe5e007beb0 msgr2=0x7fe5e019c340 secure :-1 s=STATE_CONNECTION_ESTABLISHED l=1).mark_down
2024-03-17T23:54:15.285 INFO:teuthology.orchestra.run.smithi023.stdout:/usr/bin/ceph: stderr
2024-03-17T23:54:14.640+0000 7fe5e7a7a700 1 --2- 172.21.15.23:0/3644548043 >> [v2:172.21.15.23:3300/0,v1:172.21.15.23:6789/0] conn(0x7fe5e007beb0 0x7fe5e019c340 secure :-1 s=READY pgs=54 cs=0 l=1 rev1=1 crypto rx=0x7fe5d0006ba0 tx=0x7fe5d0011b50 comp rx=0 tx=0).stop
2024-03-17T23:54:15.285 INFO:teuthology.orchestra.run.smithi023.stdout:/usr/bin/ceph: stderr
2024-03-17T23:54:14.640+0000 7fe5e7a7a700 1 -- 172.21.15.23:0/3644548043 shutdown_connections
2024-03-17T23:54:15.285 INFO:teuthology.orchestra.run.smithi023.stdout:/usr/bin/ceph: stderr
2024-03-17T23:54:14.640+0000 7fe5e7a7a700 1 --2- 172.21.15.23:0/3644548043 >> [v2:172.21.15.23:6800/1311762511,v1:172.21.15.23:6801/1311762511] conn(0x7fe5cc0382d0 0x7fe5cc03a790 unknown :-1 s=CLOSED pgs=16 cs=0 l=1 rev1=1 crypto rx=0 tx=0 comp rx=0 tx=0).stop
2024-03-17T23:54:15.285 INFO:teuthology.orchestra.run.smithi023.stdout:/usr/bin/ceph: stderr
2024-03-17T23:54:14.640+0000 7fe5e7a7a700 1 --2- 172.21.15.23:0/3644548043 >> [v2:172.21.15.23:3300/0,v1:172.21.15.23:6789/0] conn(0x7fe5e007beb0 0x7fe5e019c340 unknown :-1 s=CLOSED pgs=54 cs=0 l=1 rev1=1 crypto rx=0 tx=0 comp rx=0 tx=0).stop
2024-03-17T23:54:15.286 INFO:teuthology.orchestra.run.smithi023.stdout:/usr/bin/ceph: stderr
2024-03-17T23:54:14.640+0000 7fe5e7a7a700 1 -- 172.21.15.23:0/3644548043 >> 172.21.15.23:0/3644548043 conn(0x7fe5e01019d0 msgr2=0x7fe5e0103090 unknown :-1 s=STATE_NONE l=0).mark_down
2024-03-17T23:54:15.286 INFO:teuthology.orchestra.run.smithi023.stdout:/usr/bin/ceph: stderr
2024-03-17T23:54:14.640+0000 7fe5e7a7a700 1 -- 172.21.15.23:0/3644548043 shutdown_connections
2024-03-17T23:54:15.286 INFO:teuthology.orchestra.run.smithi023.stdout:/usr/bin/ceph: stderr
2024-03-17T23:54:14.640+0000 7fe5e7a7a700 1 -- 172.21.15.23:0/3644548043 wait complete.
2024-03-17T23:54:15.286 INFO:teuthology.orchestra.run.smithi023.stdout:Deploying grafana service with default placement...
2024-03-17T23:54:15.933 INFO:journalctl@ceph.mon.smithi023.smithi023.stdout:Mar 17 23:54:15 smithi023 ceph-mon[28899]: from='client.14148 -' entity='client.admin' cmd=[{"prefix": "orch apply", "service_type": "prometheus", "target": ["mon-mgr", ""]}]: dispatch
2024-03-17T23:54:15.933 INFO:journalctl@ceph.mon.smithi023.smithi023.stdout:Mar 17 23:54:15 smithi023 ceph-mon[28899]: Saving service prometheus spec with placement count:1
2024-03-17T23:54:15.933 INFO:journalctl@ceph.mon.smithi023.smithi023.stdout:Mar 17 23:54:15 smithi023 ceph-mon[28899]: from='mgr.14118 172.21.15.23:0/1174580825' entity='mgr.smithi023.bijqcv'
2024-03-17T23:54:15.933 INFO:journalctl@ceph.mon.smithi023.smithi023.stdout:Mar 17 23:54:15 smithi023 ceph-mon[28899]: pgmap v3: 0 pgs: ; 0 B data, 0 B used, 0 B / 0 B avail
2024-03-17T23:54:17.202 INFO:teuthology.orchestra.run.smithi023.stdout:/usr/bin/ceph: stdout Scheduled grafana update...
2024-03-17T23:54:17.202 INFO:teuthology.orchestra.run.smithi023.stdout:/usr/bin/ceph: stderr
2024-03-17T23:54:16.357+0000 7f412d1ab700 1 Processor -- start
2024-03-17T23:54:17.202 INFO:teuthology.orchestra.run.smithi023.stdout:/usr/bin/ceph: stderr
2024-03-17T23:54:16.357+0000 7f412d1ab700 1 -- start start
2024-03-17T23:54:17.203 INFO:teuthology.orchestra.run.smithi023.stdout:/usr/bin/ceph: stderr
2024-03-17T23:54:16.357+0000 7f412d1ab700 1 --2- >> [v2:172.21.15.23:3300/0,v1:172.21.15.23:6789/0] conn(0x7f4128106ee0 0x7f41281092d0 unknown :-1 s=NONE pgs=0 cs=0 l=0 rev1=0 crypto rx=0 tx=0 comp rx=0 tx=0).connect
2024-03-17T23:54:17.203 INFO:teuthology.orchestra.run.smithi023.stdout:/usr/bin/ceph: stderr
